02-09 04:48:37.833 I/commit_sys_config_file( 1240): [settings-1-0,5]
02-09 04:48:42.417 I/commit_sys_config_file( 1240): [settings-1-0,5]
02-09 04:48:43.399 I/am_uid_idle( 1240): 10044
02-09 04:48:53.795 I/input_focus( 1240): [Focus request 526ce42 com.android.launcher3/com.android.launcher3.uioverrides.QuickstepLauncher,reason=UpdateInputWindows]
02-09 04:48:53.809 I/input_focus( 1240): [Focus leaving 1abb98b com.android.launcher3/com.android.launcher3.uioverrides.QuickstepLauncher (server),reason=Waiting for window because NOT_VISIBLE]
02-09 04:48:53.825 I/input_focus( 1240): [Focus entering 526ce42 com.android.launcher3/com.android.launcher3.uioverrides.QuickstepLauncher (server),reason=Window became focusable. Previous reason: NOT_VISIBLE]
02-09 04:48:59.419 I/am_uid_idle( 1240): 10092
02-09 04:49:03.803 I/input_interaction( 1240): Interaction with: 526ce42 com.android.launcher3/com.android.launcher3.uioverrides.QuickstepLauncher (server), swipe-up (server), edge-swipe (server), PointerEventDispatcher0 (server),
02-09 04:49:03.961 I/input_focus( 1240): [Focus request 1abb98b com.android.launcher3/com.android.launcher3.uioverrides.QuickstepLauncher,reason=UpdateInputWindows]
02-09 04:49:03.982 I/input_focus( 1240): [Focus entering 1abb98b com.android.launcher3/com.android.launcher3.uioverrides.QuickstepLauncher (server),reason=setFocusedWindow]
02-09 04:49:06.366 I/input_interaction( 1240): Interaction with: 1abb98b com.android.launcher3/com.android.launcher3.uioverrides.QuickstepLauncher (server), f1cc593 com.android.systemui.ImageWallpaper (server), swipe-up (server), edge-swipe (server), PointerEventDispatcher0 (server),
02-09 04:49:08.004 I/wm_task_created( 1240): [85,-1]
02-09 04:49:08.007 I/wm_task_moved( 1240): [85,1,7]
02-09 04:49:08.007 I/wm_task_to_front( 1240): [0,85]
02-09 04:49:08.007 I/wm_create_task( 1240): [0,85]
02-09 04:49:08.007 I/wm_create_activity( 1240): [0,194572668,85,com.tencent.qqmusicpad/.activity.AppStarterActivity,NULL,NULL,NULL,268468224]
02-09 04:49:08.007 I/wm_task_moved( 1240): [85,1,7]
02-09 04:49:08.010 I/wm_on_top_resumed_lost_called( 6009): [208887896,com.android.launcher3.uioverrides.QuickstepLauncher,topStateChangedWhenResumed]
02-09 04:49:08.011 I/am_uid_running( 1240): 10095
02-09 04:49:08.014 I/am_proc_start( 1240): [0,6602,10095,com.tencent.qqmusicpad,top-activity,{com.tencent.qqmusicpad/com.tencent.qqmusicpad.activity.AppStarterActivity}]
02-09 04:49:08.023 I/am_proc_bound( 1240): [0,6602,com.tencent.qqmusicpad]
02-09 04:49:08.025 I/wm_restart_activity( 1240): [0,194572668,85,com.tencent.qqmusicpad/.activity.AppStarterActivity]
02-09 04:49:08.026 I/wm_set_resumed_activity( 1240): [0,com.tencent.qqmusicpad/.activity.AppStarterActivity,minimalResumeActivityLocked]
02-09 04:49:08.026 I/am_uid_active( 1240): 10095
02-09 04:49:08.084 I/wm_on_create_called( 6602): [194572668,com.tencent.qqmusicpad.activity.AppStarterActivity,performCreate]
02-09 04:49:08.085 I/wm_on_start_called( 6602): [194572668,com.tencent.qqmusicpad.activity.AppStarterActivity,handleStartActivity]
02-09 04:49:08.085 I/wm_on_resume_called( 6602): [194572668,com.tencent.qqmusicpad.activity.AppStarterActivity,RESUME_ACTIVITY]
02-09 04:49:08.089 I/wm_on_top_resumed_gained_called( 6602): [194572668,com.tencent.qqmusicpad.activity.AppStarterActivity,topStateChangedWhenResumed]
02-09 04:49:08.163 I/input_focus( 1240): [Focus request 73b3e75 com.tencent.qqmusicpad/com.tencent.qqmusicpad.activity.AppStarterActivity,reason=UpdateInputWindows]
02-09 04:49:08.192 I/input_focus( 1240): [Focus leaving 1abb98b com.android.launcher3/com.android.launcher3.uioverrides.QuickstepLauncher (server),reason=Waiting for window because NOT_VISIBLE]
02-09 04:49:08.216 I/sysui_multi_action( 1240): [319,218,322,218,325,1643,757,761,758,7,759,2,806,com.tencent.qqmusicpad,871,com.tencent.qqmusicpad.activity.AppStarterActivity,904,com.android.launcher3,905,0,945,28,1320,4,1321,4]
02-09 04:49:08.216 I/wm_activity_launch_time( 1240): [0,194572668,com.tencent.qqmusicpad/.activity.AppStarterActivity,218]
02-09 04:49:08.225 I/input_focus( 1240): [Focus entering 73b3e75 com.tencent.qqmusicpad/com.tencent.qqmusicpad.activity.AppStarterActivity (server),reason=Window became focusable. Previous reason: NOT_VISIBLE]
02-09 04:49:08.234 I/am_pss ( 1240): [6502,10092,com.android.permissioncontroller,13011968,10846208,0,103325696,0,19,5]
02-09 04:49:10.473 I/input_interaction( 1240): Interaction with: 73b3e75 com.tencent.qqmusicpad/com.tencent.qqmusicpad.activity.AppStarterActivity (server), swipe-up (server), edge-swipe (server), PointerEventDispatcher0 (server),
02-09 04:49:10.621 I/wm_finish_activity( 1240): [0,194572668,85,com.tencent.qqmusicpad/.activity.AppStarterActivity,finish-activity]
02-09 04:49:10.622 I/wm_task_moved( 1240): [60,1,7]
02-09 04:49:10.624 I/wm_set_resumed_activity( 1240): [0,com.android.launcher3/.uioverrides.QuickstepLauncher,positionChildAt]
02-09 04:49:10.624 I/wm_task_moved( 1240): [61,1,2147483647]
02-09 04:49:10.624 I/wm_task_to_front( 1240): [0,61]
02-09 04:49:10.624 I/wm_focused_root_task( 1240): [0,0,60,-1,finish-top adjustFocusToNextFocusableTask]
02-09 04:49:10.624 I/wm_set_resumed_activity( 1240): [0,com.android.launcher3/.uioverrides.QuickstepLauncher,finish-top]
02-09 04:49:10.630 I/wm_pause_activity( 1240): [0,194572668,com.tencent.qqmusicpad/.activity.AppStarterActivity,userLeaving=false,finish]
02-09 04:49:10.635 I/input_focus( 1240): [Focus request 1abb98b com.android.launcher3/com.android.launcher3.uioverrides.QuickstepLauncher,reason=UpdateInputWindows]
02-09 04:49:10.636 I/wm_on_top_resumed_lost_called( 6602): [194572668,com.tencent.qqmusicpad.activity.AppStarterActivity,topStateChangedWhenResumed]
02-09 04:49:10.641 I/sysui_multi_action( 1240): [757,803,799,window_time_0,802,55]
02-09 04:49:10.641 I/wm_on_paused_called( 6602): [194572668,com.tencent.qqmusicpad.activity.AppStarterActivity,performPause]
02-09 04:49:10.642 I/wm_on_top_resumed_gained_called( 6009): [208887896,com.android.launcher3.uioverrides.QuickstepLauncher,topStateChangedWhenResumed]
02-09 04:49:10.643 I/wm_destroy_activity( 1240): [0,194572668,85,com.tencent.qqmusicpad/.activity.AppStarterActivity,finish-imm:completePausedLocked]
02-09 04:49:10.650 I/input_focus( 1240): [Focus leaving 73b3e75 com.tencent.qqmusicpad/com.tencent.qqmusicpad.activity.AppStarterActivity (server),reason=NO_WINDOW]
02-09 04:49:10.650 I/input_focus( 1240): [Focus entering 1abb98b com.android.launcher3/com.android.launcher3.uioverrides.QuickstepLauncher (server),reason=setFocusedWindow]
02-09 04:49:10.656 I/sysui_multi_action( 1240): [757,803,799,window_time_0,802,0]
02-09 04:49:10.657 I/wm_on_stop_called( 6602): [194572668,com.tencent.qqmusicpad.activity.AppStarterActivity,LIFECYCLER_STOP_ACTIVITY]
02-09 04:49:10.676 I/wm_on_destroy_called( 6602): [194572668,com.tencent.qqmusicpad.activity.AppStarterActivity,performDestroy]
02-09 04:49:10.947 I/wm_task_removed( 1240): [85,removeChild:removeChild last r=ActivityRecord{b98f17c u0 com.tencent.qqmusicpad/.activity.AppStarterActivity t-1 f}} in t=Task{6285249 #85 type=standard A=10095:com.tencent.qqmusicpad U=0 visible=false mode=freeform translucent=true sz=0}]
02-09 04:49:10.947 I/wm_task_removed( 1240): [85,removeChild]
02-09 04:49:11.354 I/input_interaction( 1240): Interaction with: 1abb98b com.android.launcher3/com.android.launcher3.uioverrides.QuickstepLauncher (server), f1cc593 com.android.systemui.ImageWallpaper (server), swipe-up (server), edge-swipe (server), PointerEventDispatcher0 (server),
02-09 04:49:11.459 I/view_enqueue_input_event( 6009): [Motion - Cancel,com.android.launcher3/com.android.launcher3.uioverrides.QuickstepLauncher]
02-09 04:49:11.462 I/input_interaction( 1240): Interaction with: swipe-up (server), edge-swipe (server), PointerEventDispatcher0 (server),
02-09 04:49:11.463 I/service_manager_stats( 1240): [100,60,38113]
02-09 04:49:11.639 I/commit_sys_config_file( 1240): [settings-1-0,4]
02-09 04:49:12.029 I/commit_sys_config_file( 1240): [settings-1-0,5]
02-09 04:49:15.558 I/input_interaction( 1240): Interaction with: 1abb98b com.android.launcher3/com.android.launcher3.uioverrides.QuickstepLauncher (server), f1cc593 com.android.systemui.ImageWallpaper (server), swipe-up (server), edge-swipe (server), PointerEventDispatcher0 (server),
02-09 04:49:15.712 I/wm_task_moved( 1240): [60,1,7]
02-09 04:49:15.712 I/wm_set_resumed_activity( 1240): [0,com.android.launcher3/.uioverrides.QuickstepLauncher,positionChildAt]
02-09 04:49:15.716 I/wm_task_moved( 1240): [85,1,7]
02-09 04:49:15.716 I/wm_task_to_front( 1240): [0,85]
02-09 04:49:15.716 I/wm_focused_root_task( 1240): [0,0,85,60,reuseOrNewTask]
02-09 04:49:15.716 I/wm_create_activity( 1240): [0,47617857,85,com.tencent.qqmusicpad/.activity.AppStarterActivity,NULL,NULL,NULL,269516800]
02-09 04:49:15.717 I/wm_pause_activity( 1240): [0,208887896,com.android.launcher3/.uioverrides.QuickstepLauncher,userLeaving=true,pauseBackTasks]
02-09 04:49:15.719 I/wm_on_top_resumed_lost_called( 6009): [208887896,com.android.launcher3.uioverrides.QuickstepLauncher,topStateChangedWhenResumed]
02-09 04:49:15.719 I/wm_on_paused_called( 6009): [208887896,com.android.launcher3.uioverrides.QuickstepLauncher,performPause]
02-09 04:49:15.721 I/wm_add_to_stopping( 1240): [0,208887896,com.android.launcher3/.uioverrides.QuickstepLauncher,makeInvisible]
02-09 04:49:15.721 I/wm_restart_activity( 1240): [0,47617857,85,com.tencent.qqmusicpad/.activity.AppStarterActivity]
02-09 04:49:15.722 I/wm_set_resumed_activity( 1240): [0,com.tencent.qqmusicpad/.activity.AppStarterActivity,minimalResumeActivityLocked]
02-09 04:49:15.727 I/sysui_multi_action( 1240): [757,803,799,window_time_0,802,5]
02-09 04:49:15.733 I/wm_on_create_called( 6602): [47617857,com.tencent.qqmusicpad.activity.AppStarterActivity,performCreate]
02-09 04:49:15.734 I/wm_on_start_called( 6602): [47617857,com.tencent.qqmusicpad.activity.AppStarterActivity,handleStartActivity]
02-09 04:49:15.734 I/wm_on_resume_called( 6602): [47617857,com.tencent.qqmusicpad.activity.AppStarterActivity,RESUME_ACTIVITY]
02-09 04:49:15.737 I/wm_on_top_resumed_gained_called( 6602): [47617857,com.tencent.qqmusicpad.activity.AppStarterActivity,topStateChangedWhenResumed]
02-09 04:49:15.744 I/input_focus( 1240): [Focus leaving 1abb98b com.android.launcher3/com.android.launcher3.uioverrides.QuickstepLauncher (server),reason=NO_WINDOW]
02-09 04:49:15.769 I/input_focus( 1240): [Focus request b5d6a40 com.tencent.qqmusicpad/com.tencent.qqmusicpad.activity.AppStarterActivity,reason=UpdateInputWindows]
02-09 04:49:15.780 I/sysui_multi_action( 1240): [319,27,321,26,322,65,325,1651,757,761,758,8,759,1,806,com.tencent.qqmusicpad,871,com.tencent.qqmusicpad.activity.AppStarterActivity,904,com.android.launcher3,905,0,1320,4,1321,4]
02-09 04:49:15.780 I/wm_activity_launch_time( 1240): [0,47617857,com.tencent.qqmusicpad/.activity.AppStarterActivity,65]
02-09 04:49:15.794 I/input_focus( 1240): [Focus entering b5d6a40 com.tencent.qqmusicpad/com.tencent.qqmusicpad.activity.AppStarterActivity (server),reason=setFocusedWindow]
02-09 04:49:16.099 I/wm_stop_activity( 1240): [0,208887896,com.android.launcher3/.uioverrides.QuickstepLauncher]
02-09 04:49:16.133 I/wm_on_stop_called( 6009): [208887896,com.android.launcher3.uioverrides.QuickstepLauncher,STOP_ACTIVITY_ITEM]
02-09 04:49:16.985 I/input_interaction( 1240): Interaction with: b5d6a40 com.tencent.qqmusicpad/com.tencent.qqmusicpad.activity.AppStarterActivity (server), swipe-up (server), edge-swipe (server), PointerEventDispatcher0 (server),
02-09 04:49:17.331 I/auditd ( 6602): type=1400 audit(0.0:903): avc: granted { nlmsg_readpriv } for comm="cent.qqmusicpad" scontext=u:r:untrusted_app_27:s0:c95,c256,c512,c768 tcontext=u:r:untrusted_app_27:s0:c95,c256,c512,c768 tclass=netlink_route_socket app=com.tencent.qqmusicpad
02-09 04:49:17.335 I/auditd ( 6602): type=1400 audit(0.0:904): avc: granted { nlmsg_readpriv } for comm="cent.qqmusicpad" scontext=u:r:untrusted_app_27:s0:c95,c256,c512,c768 tcontext=u:r:untrusted_app_27:s0:c95,c256,c512,c768 tclass=netlink_route_socket app=com.tencent.qqmusicpad
02-09 04:49:17.343 I/auditd ( 6602): type=1400 audit(0.0:905): avc: denied { search } for comm="cent.qqmusicpad" name="net" dev="sysfs" ino=46928 scontext=u:r:untrusted_app_27:s0:c95,c256,c512,c768 tcontext=u:object_r:sysfs_net:s0 tclass=dir permissive=0 app=com.tencent.qqmusicpad
02-09 04:49:17.343 I/auditd ( 6602): type=1400 audit(0.0:906): avc: denied { search } for comm="cent.qqmusicpad" name="net" dev="sysfs" ino=46929 scontext=u:r:untrusted_app_27:s0:c95,c256,c512,c768 tcontext=u:object_r:sysfs_net:s0 tclass=dir permissive=0 app=com.tencent.qqmusicpad
02-09 04:49:17.343 I/auditd ( 6602): type=1400 audit(0.0:907): avc: granted { nlmsg_readpriv } for comm="cent.qqmusicpad" scontext=u:r:untrusted_app_27:s0:c95,c256,c512,c768 tcontext=u:r:untrusted_app_27:s0:c95,c256,c512,c768 tclass=netlink_route_socket app=com.tencent.qqmusicpad
02-09 04:49:17.343 I/auditd ( 6602): type=1400 audit(0.0:908): avc: granted { nlmsg_readpriv } for comm="cent.qqmusicpad" scontext=u:r:untrusted_app_27:s0:c95,c256,c512,c768 tcontext=u:r:untrusted_app_27:s0:c95,c256,c512,c768 tclass=netlink_route_socket app=com.tencent.qqmusicpad
02-09 04:49:17.437 I/sysui_multi_action( 1240): [757,856,758,1,806,com.tencent.qqmusicpad,857,push_notification,858,4]
02-09 04:49:17.486 I/commit_sys_config_file( 1240): [settings-3-0,2]
02-09 04:49:17.546 I/am_proc_start( 1240): [0,6730,10095,com.tencent.qqmusicpad:QQPlayerService,service,{com.tencent.qqmusicpad/com.tencent.qqmusicplayerprocess.service.QQPlayerServiceNew}]
02-09 04:49:17.564 I/am_proc_bound( 1240): [0,6730,com.tencent.qqmusicpad:QQPlayerService]
02-09 04:49:17.584 I/sysui_multi_action( 1240): [757,856,758,1,806,com.tencent.qqmusicpad,857,NetworkService_1,858,2]
02-09 04:49:17.591 I/notification_enqueue( 1240): [10095,6602,com.tencent.qqmusicpad,1,NULL,0,Notification(channel=NetworkService_1 shortcut=null contentView=null vibrate=null sound=null defaults=0x0 flags=0x40 color=0x00000000 vis=PRIVATE),0]
02-09 04:49:17.592 I/sysui_multi_action( 1240): [757,128,758,5,759,8,793,2,794,0,795,2,796,1,806,com.tencent.qqmusicpad,857,NetworkService_1,858,2,947,0,1500,2,1688,1]
02-09 04:49:17.592 I/notification_canceled( 1240): [0|com.tencent.qqmusicpad|1|null|10095,8,2,2,0,-1,-1,NULL]
02-09 04:49:17.596 I/wm_task_moved( 1240): [85,1,7]
02-09 04:49:17.596 I/wm_set_resumed_activity( 1240): [0,com.tencent.qqmusicpad/.activity.AppStarterActivity,positionChildAt]
02-09 04:49:17.596 I/wm_create_activity( 1240): [0,237972955,85,com.android.permissioncontroller/.permission.ui.GrantPermissionsActivity,android.content.pm.action.REQUEST_PERMISSIONS,NULL,NULL,8388608]
02-09 04:49:17.598 I/wm_pause_activity( 1240): [0,47617857,com.tencent.qqmusicpad/.activity.AppStarterActivity,userLeaving=true,resumeTopActivityInnerLocked]
02-09 04:49:17.602 I/wm_on_top_resumed_lost_called( 6602): [47617857,com.tencent.qqmusicpad.activity.AppStarterActivity,topStateChangedWhenResumed]
02-09 04:49:17.602 I/wm_on_paused_called( 6602): [47617857,com.tencent.qqmusicpad.activity.AppStarterActivity,performPause]
02-09 04:49:17.603 I/wm_restart_activity( 1240): [0,237972955,85,com.android.permissioncontroller/.permission.ui.GrantPermissionsActivity]
02-09 04:49:17.604 I/wm_set_resumed_activity( 1240): [0,com.android.permissioncontroller/.permission.ui.GrantPermissionsActivity,minimalResumeActivityLocked]
02-09 04:49:17.604 I/am_uid_active( 1240): 10092
02-09 04:49:17.606 I/sysui_multi_action( 1240): [757,803,799,window_time_0,802,1]
02-09 04:49:17.634 I/wm_on_create_called( 6502): [237972955,com.android.permissioncontroller.permission.ui.GrantPermissionsActivity,performCreate]
02-09 04:49:17.635 I/wm_on_start_called( 6502): [237972955,com.android.permissioncontroller.permission.ui.GrantPermissionsActivity,handleStartActivity]
02-09 04:49:17.635 I/wm_on_resume_called( 6502): [237972955,com.android.permissioncontroller.permission.ui.GrantPermissionsActivity,RESUME_ACTIVITY]
02-09 04:49:17.639 I/wm_on_top_resumed_gained_called( 6502): [237972955,com.android.permissioncontroller.permission.ui.GrantPermissionsActivity,topStateChangedWhenResumed]
02-09 04:49:17.649 I/input_focus( 1240): [Focus request 3e46b89 com.android.permissioncontroller/com.android.permissioncontroller.permission.ui.GrantPermissionsActivity,reason=UpdateInputWindows]
02-09 04:49:17.655 I/sysui_multi_action( 1240): [319,62,322,60,325,1652,757,761,758,8,759,2,806,com.android.permissioncontroller,871,com.android.permissioncontroller.permission.ui.GrantPermissionsActivity,904,com.tencent.qqmusicpad,905,0,1320,4,1321,2]
02-09 04:49:17.656 I/wm_activity_launch_time( 1240): [0,237972955,com.android.permissioncontroller/.permission.ui.GrantPermissionsActivity,60]
02-09 04:49:17.665 I/input_focus( 1240): [Focus leaving b5d6a40 com.tencent.qqmusicpad/com.tencent.qqmusicpad.activity.AppStarterActivity (server),reason=setFocusedWindow]
02-09 04:49:17.666 I/input_focus( 1240): [Focus entering 3e46b89 com.android.permissioncontroller/com.android.permissioncontroller.permission.ui.GrantPermissionsActivity (server),reason=setFocusedWindow]
02-09 04:49:17.693 I/commit_sys_config_file( 1240): [notification-policy,1642062]
02-09 04:49:17.821 I/notification_enqueue( 1240): [10095,6602,com.tencent.qqmusicpad,1,NULL,0,Notification(channel=NetworkService_1 shortcut=null contentView=null vibrate=null sound=null defaults=0x0 flags=0x40 color=0x00000000 vis=PRIVATE),0]
02-09 04:49:17.822 I/sysui_multi_action( 1240): [757,128,758,5,759,8,793,2,794,0,795,2,796,1,806,com.tencent.qqmusicpad,857,NetworkService_1,858,2,947,0,1500,2]
02-09 04:49:17.822 I/notification_canceled( 1240): [0|com.tencent.qqmusicpad|1|null|10095,8,2,2,0,-1,-1,NULL]
02-09 04:49:17.838 I/sysui_multi_action( 1240): [757,856,758,1,806,com.tencent.qqmusicpad,857,10000,858,2]
02-09 04:49:17.995 I/auditd ( 6602): type=1400 audit(0.0:909): avc: granted { execute } for comm="business-defaul" path="/data/user/0/com.tencent.qqmusicpad/backuplib/libexpress_verify.so" dev="dm-10" ino=5709 scontext=u:r:untrusted_app_27:s0:c95,c256,c512,c768 tcontext=u:object_r:app_data_file:s0:c95,c256,c512,c768 tclass=file app=com.tencent.qqmusicpad
02-09 04:49:18.010 I/notification_cancel_all( 1240): [10095,6602,com.tencent.qqmusicpad,0,0,64,9,NULL]
02-09 04:49:18.064 I/commit_sys_config_file( 1240): [package-user-0,4]
02-09 04:49:18.096 I/commit_sys_config_file( 1240): [notification-policy,1642465]
02-09 04:49:18.566 I/input_interaction( 1240): Interaction with: 3e46b89 com.android.permissioncontroller/com.android.permissioncontroller.permission.ui.GrantPermissionsActivity (server), swipe-up (server), edge-swipe (server), PointerEventDispatcher0 (server),
02-09 04:49:18.789 I/sysui_multi_action( 1240): [757,1243,758,4,806,com.tencent.qqmusicpad,1241,android.permission.WRITE_EXTERNAL_STORAGE]
02-09 04:49:18.792 I/sysui_multi_action( 1240): [757,1243,758,4,806,com.tencent.qqmusicpad,1241,android.permission.READ_EXTERNAL_STORAGE]
02-09 04:49:18.793 I/sysui_multi_action( 1240): [757,1243,758,4,806,com.tencent.qqmusicpad,1241,android.permission.ACCESS_MEDIA_LOCATION]
02-09 04:49:18.794 I/snet_event_log( 6502): [individual_permissions_requested,10095,com.tencent.qqmusicpad:com.tencent.qqmusicpad:;android.permission.READ_EXTERNAL_STORAGE|false|2816;android.permission.WRITE_EXTERNAL_STORAGE|false|2816;android.permission.ACCESS_MEDIA_LOCATION|false|896]
02-09 04:49:18.795 I/wm_finish_activity( 1240): [0,237972955,85,com.android.permissioncontroller/.permission.ui.GrantPermissionsActivity,app-request]
02-09 04:49:18.802 I/wm_pause_activity( 1240): [0,237972955,com.android.permissioncontroller/.permission.ui.GrantPermissionsActivity,userLeaving=false,finish]
02-09 04:49:18.818 I/input_focus( 1240): [Focus leaving 3e46b89 com.android.permissioncontroller/com.android.permissioncontroller.permission.ui.GrantPermissionsActivity (server),reason=NO_WINDOW]
02-09 04:49:18.841 I/wm_on_top_resumed_lost_called( 6502): [237972955,com.android.permissioncontroller.permission.ui.GrantPermissionsActivity,topStateChangedWhenResumed]
02-09 04:49:18.841 I/wm_on_paused_called( 6502): [237972955,com.android.permissioncontroller.permission.ui.GrantPermissionsActivity,performPause]
02-09 04:49:18.843 I/wm_set_resumed_activity( 1240): [0,com.tencent.qqmusicpad/.activity.AppStarterActivity,resumeTopActivityInnerLocked]
02-09 04:49:18.849 I/wm_resume_activity( 1240): [0,47617857,85,com.tencent.qqmusicpad/.activity.AppStarterActivity]
02-09 04:49:18.849 I/wm_on_activity_result_called( 6602): [47617857,com.tencent.qqmusicpad.activity.AppStarterActivity,ACTIVITY_RESULT]
02-09 04:49:18.850 I/wm_on_resume_called( 6602): [47617857,com.tencent.qqmusicpad.activity.AppStarterActivity,RESUME_ACTIVITY]
02-09 04:49:18.850 I/wm_on_top_resumed_gained_called( 6602): [47617857,com.tencent.qqmusicpad.activity.AppStarterActivity,topWhenResuming]
02-09 04:49:18.859 I/input_focus( 1240): [Focus request b5d6a40 com.tencent.qqmusicpad/com.tencent.qqmusicpad.activity.AppStarterActivity,reason=UpdateInputWindows]
02-09 04:49:18.859 I/sysui_multi_action( 1240): [757,803,799,window_time_0,802,2]
02-09 04:49:18.874 I/wm_destroy_activity( 1240): [0,237972955,85,com.android.permissioncontroller/.permission.ui.GrantPermissionsActivity,finish-idle]
02-09 04:49:18.884 I/input_focus( 1240): [Focus entering b5d6a40 com.tencent.qqmusicpad/com.tencent.qqmusicpad.activity.AppStarterActivity (server),reason=setFocusedWindow]
02-09 04:49:19.035 I/wm_on_stop_called( 6502): [237972955,com.android.permissioncontroller.permission.ui.GrantPermissionsActivity,LIFECYCLER_STOP_ACTIVITY]
02-09 04:49:19.036 I/wm_on_destroy_called( 6502): [237972955,com.android.permissioncontroller.permission.ui.GrantPermissionsActivity,performDestroy]
02-09 04:49:19.365 I/wm_task_moved( 1240): [85,1,7]
02-09 04:49:19.365 I/wm_set_resumed_activity( 1240): [0,com.tencent.qqmusicpad/.activity.AppStarterActivity,positionChildAt]
02-09 04:49:19.365 I/wm_create_activity( 1240): [0,8921377,85,com.tencent.qqmusicpad/.activity.MainActivity,NULL,NULL,NULL,0]
02-09 04:49:19.366 I/wm_pause_activity( 1240): [0,47617857,com.tencent.qqmusicpad/.activity.AppStarterActivity,userLeaving=true,resumeTopActivityInnerLocked]
02-09 04:49:19.369 I/wm_finish_activity( 1240): [0,47617857,85,com.tencent.qqmusicpad/.activity.AppStarterActivity,app-request]
02-09 04:49:19.369 I/wm_on_top_resumed_lost_called( 6602): [47617857,com.tencent.qqmusicpad.activity.AppStarterActivity,topStateChangedWhenResumed]
02-09 04:49:19.370 I/wm_on_paused_called( 6602): [47617857,com.tencent.qqmusicpad.activity.AppStarterActivity,performPause]
02-09 04:49:19.370 I/wm_add_to_stopping( 1240): [0,47617857,com.tencent.qqmusicpad/.activity.AppStarterActivity,completeFinishing]
02-09 04:49:19.371 I/wm_restart_activity( 1240): [0,8921377,85,com.tencent.qqmusicpad/.activity.MainActivity]
02-09 04:49:19.372 I/wm_set_resumed_activity( 1240): [0,com.tencent.qqmusicpad/.activity.MainActivity,minimalResumeActivityLocked]
02-09 04:49:19.373 I/sysui_multi_action( 1240): [757,803,799,window_time_0,802,0]
02-09 04:49:19.401 I/input_focus( 1240): [Focus leaving b5d6a40 com.tencent.qqmusicpad/com.tencent.qqmusicpad.activity.AppStarterActivity (server),reason=NO_WINDOW]
02-09 04:49:19.409 I/wm_on_create_called( 6602): [8921377,com.tencent.qqmusicpad.activity.MainActivity,performCreate]
02-09 04:49:19.418 I/wm_on_start_called( 6602): [8921377,com.tencent.qqmusicpad.activity.MainActivity,handleStartActivity]
02-09 04:49:19.420 I/wm_on_resume_called( 6602): [8921377,com.tencent.qqmusicpad.activity.MainActivity,RESUME_ACTIVITY]
02-09 04:49:19.422 I/wm_on_top_resumed_gained_called( 6602): [8921377,com.tencent.qqmusicpad.activity.MainActivity,topStateChangedWhenResumed]
02-09 04:49:19.467 I/input_focus( 1240): [Focus request 9ae5eb8 com.tencent.qqmusicpad/com.tencent.qqmusicpad.activity.MainActivity,reason=UpdateInputWindows]
02-09 04:49:19.519 I/wm_activity_launch_time( 1240): [0,8921377,com.tencent.qqmusicpad/.activity.MainActivity,159]
02-09 04:49:19.536 I/input_focus( 1240): [Focus entering 9ae5eb8 com.tencent.qqmusicpad/com.tencent.qqmusicpad.activity.MainActivity (server),reason=Window became focusable. Previous reason: NOT_VISIBLE]
02-09 04:49:19.927 I/wm_destroy_activity( 1240): [0,47617857,85,com.tencent.qqmusicpad/.activity.AppStarterActivity,finish-imm:idle]
02-09 04:49:19.934 I/wm_on_stop_called( 6602): [47617857,com.tencent.qqmusicpad.activity.AppStarterActivity,LIFECYCLER_STOP_ACTIVITY]
02-09 04:49:19.938 I/wm_on_destroy_called( 6602): [47617857,com.tencent.qqmusicpad.activity.AppStarterActivity,performDestroy]
02-09 04:49:21.841 I/input_interaction( 1240): Interaction with: 9ae5eb8 com.tencent.qqmusicpad/com.tencent.qqmusicpad.activity.MainActivity (server), swipe-up (server), edge-swipe (server), PointerEventDispatcher0 (server),
02-09 04:49:22.729 I/wm_task_moved( 1240): [60,0,0]
02-09 04:49:22.730 I/wm_task_moved( 1240): [60,0,6]
02-09 04:49:22.746 I/wm_on_restart_called( 6009): [208887896,com.android.launcher3.uioverrides.QuickstepLauncher,performRestartActivity]
02-09 04:49:22.775 I/wm_on_start_called( 6009): [208887896,com.android.launcher3.uioverrides.QuickstepLauncher,handleStartActivity]
02-09 04:49:22.789 I/view_enqueue_input_event( 6602): [Motion - Cancel,com.tencent.qqmusicpad/com.tencent.qqmusicpad.activity.MainActivity]
02-09 04:49:22.792 I/sysui_latency( 6009): [1,80]
02-09 04:49:22.796 I/input_focus( 1240): [Focus request recents_animation_input_consumer,reason=UpdateInputWindows]
02-09 04:49:22.800 I/input_interaction( 1240): Interaction with: swipe-up (server), edge-swipe (server), PointerEventDispatcher0 (server),
02-09 04:49:22.809 I/sysui_multi_action( 1240): [319,10,322,71,325,1658,757,761,758,9,759,5,806,com.android.launcher3,871,com.android.launcher3.uioverrides.QuickstepLauncher,904,com.android.launcher3,905,0,1320,4,1321,1]
02-09 04:49:22.811 I/input_focus( 1240): [Focus leaving 9ae5eb8 com.tencent.qqmusicpad/com.tencent.qqmusicpad.activity.MainActivity (server),reason=NOT_FOCUSABLE]
02-09 04:49:22.811 I/input_focus( 1240): [Focus entering recents_animation_input_consumer (server),reason=setFocusedWindow]
02-09 04:49:22.981 I/commit_sys_config_file( 1240): [settings-1-0,8]
02-09 04:49:23.103 I/sysui_latency( 1240): [8,90]
02-09 04:49:23.651 I/wm_task_moved( 1240): [60,1,7]
02-09 04:49:23.653 I/wm_focused_root_task( 1240): [0,0,60,85,RecentsAnimation.onAnimationFinished()]
02-09 04:49:23.653 I/wm_on_top_resumed_lost_called( 6602): [8921377,com.tencent.qqmusicpad.activity.MainActivity,topStateChangedWhenResumed]
02-09 04:49:23.655 I/wm_pause_activity( 1240): [0,8921377,com.tencent.qqmusicpad/.activity.MainActivity,userLeaving=false,pauseBackTasks]
02-09 04:49:23.657 I/wm_set_resumed_activity( 1240): [0,com.android.launcher3/.uioverrides.QuickstepLauncher,resumeTopActivityInnerLocked]
02-09 04:49:23.659 I/wm_resume_activity( 1240): [0,208887896,61,com.android.launcher3/.uioverrides.QuickstepLauncher]
02-09 04:49:23.660 I/wm_add_to_stopping( 1240): [0,8921377,com.tencent.qqmusicpad/.activity.MainActivity,makeInvisible]
02-09 04:49:23.660 I/wm_on_resume_called( 6009): [208887896,com.android.launcher3.uioverrides.QuickstepLauncher,RESUME_ACTIVITY]
02-09 04:49:23.667 I/input_focus( 1240): [Focus request 1abb98b com.android.launcher3/com.android.launcher3.uioverrides.QuickstepLauncher,reason=UpdateInputWindows]
02-09 04:49:23.668 I/sysui_multi_action( 1240): [757,803,799,window_time_0,802,5]
02-09 04:49:23.672 I/wm_stop_activity( 1240): [0,8921377,com.tencent.qqmusicpad/.activity.MainActivity]
02-09 04:49:23.673 I/wm_on_paused_called( 6602): [8921377,com.tencent.qqmusicpad.activity.MainActivity,performPause]
02-09 04:49:23.674 I/sysui_multi_action( 1240): [757,803,799,window_time_0,802,0]
02-09 04:49:23.676 I/wm_on_stop_called( 6602): [8921377,com.tencent.qqmusicpad.activity.MainActivity,STOP_ACTIVITY_ITEM]
02-09 04:49:23.679 I/input_focus( 1240): [Focus leaving recents_animation_input_consumer (server),reason=NOT_VISIBLE]
02-09 04:49:23.679 I/input_focus( 1240): [Focus entering 1abb98b com.android.launcher3/com.android.launcher3.uioverrides.QuickstepLauncher (server),reason=setFocusedWindow]
02-09 04:49:23.706 I/wm_on_top_resumed_gained_called( 6009): [208887896,com.android.launcher3.uioverrides.QuickstepLauncher,topStateChangedWhenResumed]
02-09 04:49:23.895 I/commit_sys_config_file( 1240): [settings-1-0,5]
02-09 04:49:24.582 I/input_interaction( 1240): Interaction with: 1abb98b com.android.launcher3/com.android.launcher3.uioverrides.QuickstepLauncher (server), f1cc593 com.android.systemui.ImageWallpaper (server), swipe-up (server), edge-swipe (server), PointerEventDispatcher0 (server),
02-09 04:49:25.450 I/wm_finish_activity( 1240): [0,8921377,85,com.tencent.qqmusicpad/.activity.MainActivity,remove-task]
02-09 04:49:25.452 I/wm_destroy_activity( 1240): [0,8921377,85,com.tencent.qqmusicpad/.activity.MainActivity,finish-imm:finishIfPossible]
02-09 04:49:25.461 I/notification_cancel_all( 1240): [1000,1240,com.tencent.qqmusicpad,0,0,0,20,NULL]
02-09 04:49:25.461 I/sysui_multi_action( 1240): [757,803,799,window_time_0,802,1]
02-09 04:49:25.461 I/notification_cancel_all( 1240): [10095,6602,com.tencent.qqmusicpad,0,0,64,9,NULL]
02-09 04:49:25.467 I/wm_on_destroy_called( 6602): [8921377,com.tencent.qqmusicpad.activity.MainActivity,performDestroy]
02-09 04:49:25.473 I/wm_task_removed( 1240): [85,removeChild:removeChild last r=ActivityRecord{882121 u0 com.tencent.qqmusicpad/.activity.MainActivity t-1 f}} in t=Task{6285249 #85 type=standard A=10095:com.tencent.qqmusicpad U=0 visible=false mode=fullscreen translucent=true sz=0}]
02-09 04:49:25.473 I/wm_task_removed( 1240): [85,removeChild]
02-09 04:49:25.479 I/notification_cancel_all( 1240): [1000,1240,com.tencent.qqmusicpad,0,0,0,20,NULL]
02-09 04:49:25.479 I/notification_cancel_all( 1240): [10095,6602,com.tencent.qqmusicpad,0,0,64,9,NULL]
02-09 04:49:26.016 I/am_proc_died( 1240): [0,6730,com.tencent.qqmusicpad:QQPlayerService,905,19]
02-09 04:49:28.896 I/commit_sys_config_file( 1240): [package-user-0,2]
02-09 04:49:28.897 I/commit_sys_config_file( 1240): [package,55]
02-09 04:49:32.444 I/am_wtf ( 1240): [0,1240,system_server,-1,ActivityManager,Background started FGS: Disallowed [callingPackage: com.tencent.qqmusicpad; callingUid: 10095; uidState: SVC ; intent: Intent { cmp=com.tencent.qqmusicpad/com.tencent.qqmusicplayerprocess.service.QQPlayerServiceNew }; code:DENIED; tempAllowListReason:; targetSdkVersion:28; callerTargetSdkVersion:28; startForegroundCount:0; bindFromPackage:null]]
02-09 04:49:32.467 I/am_proc_start( 1240): [0,6908,10095,com.tencent.qqmusicpad:QQPlayerService,service,{com.tencent.qqmusicpad/com.tencent.qqmusicplayerprocess.service.QQPlayerServiceNew}]
02-09 04:49:32.509 I/am_proc_bound( 1240): [0,6908,com.tencent.qqmusicpad:QQPlayerService]
02-09 04:49:32.823 I/notification_enqueue( 1240): [10095,6602,com.tencent.qqmusicpad,1,NULL,0,Notification(channel=NetworkService_1 shortcut=null contentView=null vibrate=null sound=null defaults=0x0 flags=0x40 color=0x00000000 vis=PRIVATE),0]
02-09 04:49:32.824 I/sysui_multi_action( 1240): [757,128,758,5,759,8,793,2,794,0,795,2,796,1,806,com.tencent.qqmusicpad,857,NetworkService_1,858,2,947,0,1500,2]
02-09 04:49:32.824 I/notification_canceled( 1240): [0|com.tencent.qqmusicpad|1|null|10095,8,2,2,0,-1,-1,NULL]
02-09 04:49:32.841 I/notification_enqueue( 1240): [10095,6908,com.tencent.qqmusicpad,1,NULL,0,Notification(channel=10000 shortcut=null contentView=null vibrate=null sound=null defaults=0x0 flags=0x40 color=0x00000000 vis=PRIVATE),0]
02-09 04:49:32.950 I/notification_enqueue( 1240): [10095,6908,com.tencent.qqmusicpad,1,NULL,0,Notification(channel=10000 shortcut=null contentView=null vibrate=null sound=null defaults=0x0 flags=0x40 color=0x00000000 vis=PRIVATE),0]
02-09 04:49:33.025 I/sysui_multi_action( 1240): [757,1501,758,1,793,184,794,0,795,184,796,1,806,com.tencent.qqmusicpad,857,10000,858,2,947,0,1500,0,1688,1]
02-09 04:49:33.025 I/sysui_multi_action( 1240): [757,804,799,note_interruptive,801,0,802,1]
02-09 04:50:20.306 I/sysui_multi_action( 1240): [757,1696,758,6,759,2]
02-09 04:50:20.319 I/am_wtf ( 1240): [0,1240,system_server,-1,DisplayDeviceConfig,requesting nits when no mapping exists.]
02-09 04:50:20.323 I/am_wtf ( 1240): [0,1240,system_server,-1,DisplayDeviceConfig,requesting nits when no mapping exists.]
02-09 04:50:20.335 I/am_wtf ( 1240): [0,1240,system_server,-1,DisplayDeviceConfig,requesting nits when no mapping exists.]
02-09 04:50:20.337 I/am_wtf ( 1240): [0,1240,system_server,-1,DisplayDeviceConfig,requesting nits when no mapping exists.]
02-09 04:50:20.348 I/am_wtf ( 1240): [0,1240,system_server,-1,DisplayDeviceConfig,requesting nits when no mapping exists.]
02-09 04:50:20.350 I/am_wtf ( 1240): [0,1240,system_server,-1,DisplayDeviceConfig,requesting nits when no mapping exists.]
02-09 04:50:20.365 I/am_wtf ( 1240): [0,1240,system_server,-1,DisplayDeviceConfig,requesting nits when no mapping exists.]
02-09 04:50:20.367 I/am_wtf ( 1240): [0,1240,system_server,-1,DisplayDeviceConfig,requesting nits when no mapping exists.]
02-09 04:50:20.382 I/am_wtf ( 1240): [0,1240,system_server,-1,DisplayDeviceConfig,requesting nits when no mapping exists.]
02-09 04:50:20.383 I/am_wtf ( 1240): [0,1240,system_server,-1,DisplayDeviceConfig,requesting nits when no mapping exists.]
02-09 04:50:20.398 I/am_wtf ( 1240): [0,1240,system_server,-1,DisplayDeviceConfig,requesting nits when no mapping exists.]
02-09 04:50:20.399 I/am_wtf ( 1240): [0,1240,system_server,-1,DisplayDeviceConfig,requesting nits when no mapping exists.]
02-09 04:50:20.415 I/am_wtf ( 1240): [0,1240,system_server,-1,DisplayDeviceConfig,requesting nits when no mapping exists.]
02-09 04:50:20.416 I/am_wtf ( 1240): [0,1240,system_server,-1,DisplayDeviceConfig,requesting nits when no mapping exists.]
02-09 04:50:20.432 I/am_wtf ( 1240): [0,1240,system_server,-1,DisplayDeviceConfig,requesting nits when no mapping exists.]
02-09 04:50:20.433 I/am_wtf ( 1240): [0,1240,system_server,-1,DisplayDeviceConfig,requesting nits when no mapping exists.]
02-09 04:50:20.449 I/am_wtf ( 1240): [0,1240,system_server,-1,DisplayDeviceConfig,requesting nits when no mapping exists.]
02-09 04:50:20.449 I/am_wtf ( 1240): [0,1240,system_server,-1,DisplayDeviceConfig,requesting nits when no mapping exists.]
02-09 04:50:20.465 I/am_wtf ( 1240): [0,1240,system_server,-1,DisplayDeviceConfig,requesting nits when no mapping exists.]
02-09 04:50:20.466 I/am_wtf ( 1240): [0,1240,system_server,-1,DisplayDeviceConfig,requesting nits when no mapping exists.]
02-09 04:50:20.482 I/am_wtf ( 1240): [0,1240,system_server,-1,DisplayDeviceConfig,requesting nits when no mapping exists.]
02-09 04:50:20.483 I/am_wtf ( 1240): [0,1240,system_server,-1,DisplayDeviceConfig,requesting nits when no mapping exists.]
02-09 04:50:20.499 I/am_wtf ( 1240): [0,1240,system_server,-1,DisplayDeviceConfig,requesting nits when no mapping exists.]
02-09 04:50:20.500 I/am_wtf ( 1240): [0,1240,system_server,-1,DisplayDeviceConfig,requesting nits when no mapping exists.]
02-09 04:50:20.516 I/am_wtf ( 1240): [0,1240,system_server,-1,DisplayDeviceConfig,requesting nits when no mapping exists.]
02-09 04:50:20.517 I/am_wtf ( 1240): [0,1240,system_server,-1,DisplayDeviceConfig,requesting nits when no mapping exists.]
02-09 04:50:20.532 I/am_wtf ( 1240): [0,1240,system_server,-1,DisplayDeviceConfig,requesting nits when no mapping exists.]
02-09 04:50:20.534 I/am_wtf ( 1240): [0,1240,system_server,-1,DisplayDeviceConfig,requesting nits when no mapping exists.]
02-09 04:50:20.549 I/am_wtf ( 1240): [0,1240,system_server,-1,DisplayDeviceConfig,requesting nits when no mapping exists.]
02-09 04:50:20.550 I/am_wtf ( 1240): [0,1240,system_server,-1,DisplayDeviceConfig,requesting nits when no mapping exists.]
02-09 04:50:20.566 I/am_wtf ( 1240): [0,1240,system_server,-1,DisplayDeviceConfig,requesting nits when no mapping exists.]
02-09 04:50:20.566 I/am_wtf ( 1240): [0,1240,system_server,-1,DisplayDeviceConfig,requesting nits when no mapping exists.]
02-09 04:50:20.582 I/am_wtf ( 1240): [0,1240,system_server,-1,DisplayDeviceConfig,requesting nits when no mapping exists.]
02-09 04:50:20.583 I/am_wtf ( 1240): [0,1240,system_server,-1,DisplayDeviceConfig,requesting nits when no mapping exists.]
02-09 04:50:20.599 I/am_wtf ( 1240): [0,1240,system_server,-1,DisplayDeviceConfig,requesting nits when no mapping exists.]
02-09 04:50:20.600 I/am_wtf ( 1240): [0,1240,system_server,-1,DisplayDeviceConfig,requesting nits when no mapping exists.]
02-09 04:50:20.616 I/am_wtf ( 1240): [0,1240,system_server,-1,DisplayDeviceConfig,requesting nits when no mapping exists.]
02-09 04:50:20.617 I/am_wtf ( 1240): [0,1240,system_server,-1,DisplayDeviceConfig,requesting nits when no mapping exists.]
02-09 04:50:20.633 I/am_wtf ( 1240): [0,1240,system_server,-1,DisplayDeviceConfig,requesting nits when no mapping exists.]
02-09 04:50:20.634 I/am_wtf ( 1240): [0,1240,system_server,-1,DisplayDeviceConfig,requesting nits when no mapping exists.]
02-09 04:50:20.634 I/service_manager_stats( 1240): [100,51,69171]
02-09 04:50:20.650 I/am_wtf ( 1240): [0,1240,system_server,-1,DisplayDeviceConfig,requesting nits when no mapping exists.]
02-09 04:50:20.650 I/am_wtf ( 1240): [0,1240,system_server,-1,DisplayDeviceConfig,requesting nits when no mapping exists.]
02-09 04:50:20.666 I/am_wtf ( 1240): [0,1240,system_server,-1,DisplayDeviceConfig,requesting nits when no mapping exists.]
02-09 04:50:20.667 I/am_wtf ( 1240): [0,1240,system_server,-1,DisplayDeviceConfig,requesting nits when no mapping exists.]
02-09 04:50:20.682 I/am_wtf ( 1240): [0,1240,system_server,-1,DisplayDeviceConfig,requesting nits when no mapping exists.]
02-09 04:50:20.683 I/am_wtf ( 1240): [0,1240,system_server,-1,DisplayDeviceConfig,requesting nits when no mapping exists.]
02-09 04:50:20.700 I/am_wtf ( 1240): [0,1240,system_server,-1,DisplayDeviceConfig,requesting nits when no mapping exists.]
02-09 04:50:20.701 I/am_wtf ( 1240): [0,1240,system_server,-1,DisplayDeviceConfig,requesting nits when no mapping exists.]
02-09 04:50:20.716 I/am_wtf ( 1240): [0,1240,system_server,-1,DisplayDeviceConfig,requesting nits when no mapping exists.]
02-09 04:50:20.717 I/am_wtf ( 1240): [0,1240,system_server,-1,DisplayDeviceConfig,requesting nits when no mapping exists.]
02-09 04:50:20.733 I/am_wtf ( 1240): [0,1240,system_server,-1,DisplayDeviceConfig,requesting nits when no mapping exists.]
02-09 04:50:20.734 I/am_wtf ( 1240): [0,1240,system_server,-1,DisplayDeviceConfig,requesting nits when no mapping exists.]
02-09 04:50:20.750 I/am_wtf ( 1240): [0,1240,system_server,-1,DisplayDeviceConfig,requesting nits when no mapping exists.]
02-09 04:50:20.751 I/am_wtf ( 1240): [0,1240,system_server,-1,DisplayDeviceConfig,requesting nits when no mapping exists.]
02-09 04:50:20.766 I/am_wtf ( 1240): [0,1240,system_server,-1,DisplayDeviceConfig,requesting nits when no mapping exists.]
02-09 04:50:20.767 I/am_wtf ( 1240): [0,1240,system_server,-1,DisplayDeviceConfig,requesting nits when no mapping exists.]
02-09 04:50:20.783 I/am_wtf ( 1240): [0,1240,system_server,-1,DisplayDeviceConfig,requesting nits when no mapping exists.]
02-09 04:50:20.784 I/am_wtf ( 1240): [0,1240,system_server,-1,DisplayDeviceConfig,requesting nits when no mapping exists.]
02-09 04:50:20.800 I/am_wtf ( 1240): [0,1240,system_server,-1,DisplayDeviceConfig,requesting nits when no mapping exists.]
02-09 04:50:20.801 I/am_wtf ( 1240): [0,1240,system_server,-1,DisplayDeviceConfig,requesting nits when no mapping exists.]
02-09 04:50:20.816 I/am_wtf ( 1240): [0,1240,system_server,-1,DisplayDeviceConfig,requesting nits when no mapping exists.]
02-09 04:50:20.817 I/am_wtf ( 1240): [0,1240,system_server,-1,DisplayDeviceConfig,requesting nits when no mapping exists.]
02-09 04:50:20.833 I/am_wtf ( 1240): [0,1240,system_server,-1,DisplayDeviceConfig,requesting nits when no mapping exists.]
02-09 04:50:20.834 I/am_wtf ( 1240): [0,1240,system_server,-1,DisplayDeviceConfig,requesting nits when no mapping exists.]
02-09 04:50:20.850 I/am_wtf ( 1240): [0,1240,system_server,-1,DisplayDeviceConfig,requesting nits when no mapping exists.]
02-09 04:50:20.850 I/am_wtf ( 1240): [0,1240,system_server,-1,DisplayDeviceConfig,requesting nits when no mapping exists.]
02-09 04:50:20.866 I/am_wtf ( 1240): [0,1240,system_server,-1,DisplayDeviceConfig,requesting nits when no mapping exists.]
02-09 04:50:20.867 I/am_wtf ( 1240): [0,1240,system_server,-1,DisplayDeviceConfig,requesting nits when no mapping exists.]
02-09 04:50:20.883 I/am_wtf ( 1240): [0,1240,system_server,-1,DisplayDeviceConfig,requesting nits when no mapping exists.]
02-09 04:50:20.884 I/am_wtf ( 1240): [0,1240,system_server,-1,DisplayDeviceConfig,requesting nits when no mapping exists.]
02-09 04:50:20.900 I/am_wtf ( 1240): [0,1240,system_server,-1,DisplayDeviceConfig,requesting nits when no mapping exists.]
02-09 04:50:20.901 I/am_wtf ( 1240): [0,1240,system_server,-1,DisplayDeviceConfig,requesting nits when no mapping exists.]
02-09 04:50:20.917 I/am_wtf ( 1240): [0,1240,system_server,-1,DisplayDeviceConfig,requesting nits when no mapping exists.]
02-09 04:50:20.918 I/am_wtf ( 1240): [0,1240,system_server,-1,DisplayDeviceConfig,requesting nits when no mapping exists.]
02-09 04:50:20.933 I/am_wtf ( 1240): [0,1240,system_server,-1,DisplayDeviceConfig,requesting nits when no mapping exists.]
02-09 04:50:20.934 I/am_wtf ( 1240): [0,1240,system_server,-1,DisplayDeviceConfig,requesting nits when no mapping exists.]
02-09 04:50:20.950 I/am_wtf ( 1240): [0,1240,system_server,-1,DisplayDeviceConfig,requesting nits when no mapping exists.]
02-09 04:50:20.951 I/am_wtf ( 1240): [0,1240,system_server,-1,DisplayDeviceConfig,requesting nits when no mapping exists.]
02-09 04:50:20.967 I/am_wtf ( 1240): [0,1240,system_server,-1,DisplayDeviceConfig,requesting nits when no mapping exists.]
02-09 04:50:20.968 I/am_wtf ( 1240): [0,1240,system_server,-1,DisplayDeviceConfig,requesting nits when no mapping exists.]
02-09 04:50:20.983 I/am_wtf ( 1240): [0,1240,system_server,-1,DisplayDeviceConfig,requesting nits when no mapping exists.]
02-09 04:50:20.984 I/am_wtf ( 1240): [0,1240,system_server,-1,DisplayDeviceConfig,requesting nits when no mapping exists.]
02-09 04:50:21.001 I/am_wtf ( 1240): [0,1240,system_server,-1,DisplayDeviceConfig,requesting nits when no mapping exists.]
02-09 04:50:21.001 I/am_wtf ( 1240): [0,1240,system_server,-1,DisplayDeviceConfig,requesting nits when no mapping exists.]
02-09 04:50:21.017 I/am_wtf ( 1240): [0,1240,system_server,-1,DisplayDeviceConfig,requesting nits when no mapping exists.]
02-09 04:50:21.018 I/am_wtf ( 1240): [0,1240,system_server,-1,DisplayDeviceConfig,requesting nits when no mapping exists.]
02-09 04:50:21.033 I/am_wtf ( 1240): [0,1240,system_server,-1,DisplayDeviceConfig,requesting nits when no mapping exists.]
02-09 04:50:21.034 I/am_wtf ( 1240): [0,1240,system_server,-1,DisplayDeviceConfig,requesting nits when no mapping exists.]
02-09 04:50:21.050 I/am_wtf ( 1240): [0,1240,system_server,-1,DisplayDeviceConfig,requesting nits when no mapping exists.]
02-09 04:50:21.051 I/am_wtf ( 1240): [0,1240,system_server,-1,DisplayDeviceConfig,requesting nits when no mapping exists.]
02-09 04:50:21.067 I/am_wtf ( 1240): [0,1240,system_server,-1,DisplayDeviceConfig,requesting nits when no mapping exists.]
02-09 04:50:21.067 I/am_wtf ( 1240): [0,1240,system_server,-1,DisplayDeviceConfig,requesting nits when no mapping exists.]
02-09 04:50:21.083 I/am_wtf ( 1240): [0,1240,system_server,-1,DisplayDeviceConfig,requesting nits when no mapping exists.]
02-09 04:50:21.084 I/am_wtf ( 1240): [0,1240,system_server,-1,DisplayDeviceConfig,requesting nits when no mapping exists.]
02-09 04:50:21.100 I/am_wtf ( 1240): [0,1240,system_server,-1,DisplayDeviceConfig,requesting nits when no mapping exists.]
02-09 04:50:21.101 I/am_wtf ( 1240): [0,1240,system_server,-1,DisplayDeviceConfig,requesting nits when no mapping exists.]
02-09 04:50:21.117 I/am_wtf ( 1240): [0,1240,system_server,-1,DisplayDeviceConfig,requesting nits when no mapping exists.]
02-09 04:50:21.118 I/am_wtf ( 1240): [0,1240,system_server,-1,DisplayDeviceConfig,requesting nits when no mapping exists.]
02-09 04:50:21.134 I/am_wtf ( 1240): [0,1240,system_server,-1,DisplayDeviceConfig,requesting nits when no mapping exists.]
02-09 04:50:21.135 I/am_wtf ( 1240): [0,1240,system_server,-1,DisplayDeviceConfig,requesting nits when no mapping exists.]
02-09 04:50:21.151 I/am_wtf ( 1240): [0,1240,system_server,-1,DisplayDeviceConfig,requesting nits when no mapping exists.]
02-09 04:50:21.152 I/am_wtf ( 1240): [0,1240,system_server,-1,DisplayDeviceConfig,requesting nits when no mapping exists.]
02-09 04:50:21.167 I/am_wtf ( 1240): [0,1240,system_server,-1,DisplayDeviceConfig,requesting nits when no mapping exists.]
02-09 04:50:21.168 I/am_wtf ( 1240): [0,1240,system_server,-1,DisplayDeviceConfig,requesting nits when no mapping exists.]
02-09 04:50:21.184 I/am_wtf ( 1240): [0,1240,system_server,-1,DisplayDeviceConfig,requesting nits when no mapping exists.]
02-09 04:50:21.185 I/am_wtf ( 1240): [0,1240,system_server,-1,DisplayDeviceConfig,requesting nits when no mapping exists.]
02-09 04:50:21.200 I/am_wtf ( 1240): [0,1240,system_server,-1,DisplayDeviceConfig,requesting nits when no mapping exists.]
02-09 04:50:21.201 I/am_wtf ( 1240): [0,1240,system_server,-1,DisplayDeviceConfig,requesting nits when no mapping exists.]
02-09 04:50:21.217 I/am_wtf ( 1240): [0,1240,system_server,-1,DisplayDeviceConfig,requesting nits when no mapping exists.]
02-09 04:50:21.218 I/am_wtf ( 1240): [0,1240,system_server,-1,DisplayDeviceConfig,requesting nits when no mapping exists.]
02-09 04:50:21.234 I/am_wtf ( 1240): [0,1240,system_server,-1,DisplayDeviceConfig,requesting nits when no mapping exists.]
02-09 04:50:21.235 I/am_wtf ( 1240): [0,1240,system_server,-1,DisplayDeviceConfig,requesting nits when no mapping exists.]
02-09 04:50:21.251 I/am_wtf ( 1240): [0,1240,system_server,-1,DisplayDeviceConfig,requesting nits when no mapping exists.]
02-09 04:50:21.252 I/am_wtf ( 1240): [0,1240,system_server,-1,DisplayDeviceConfig,requesting nits when no mapping exists.]
02-09 04:50:21.267 I/am_wtf ( 1240): [0,1240,system_server,-1,DisplayDeviceConfig,requesting nits when no mapping exists.]
02-09 04:50:21.268 I/am_wtf ( 1240): [0,1240,system_server,-1,DisplayDeviceConfig,requesting nits when no mapping exists.]
02-09 04:50:25.832 I/sysui_multi_action( 1240): [757,1696,758,6,759,3]
02-09 04:50:25.849 I/am_wtf ( 1240): [0,1240,system_server,-1,DisplayDeviceConfig,requesting nits when no mapping exists.]
02-09 04:50:25.849 I/am_wtf ( 1240): [0,1240,system_server,-1,DisplayDeviceConfig,requesting nits when no mapping exists.]
02-09 04:50:25.865 I/am_wtf ( 1240): [0,1240,system_server,-1,DisplayDeviceConfig,requesting nits when no mapping exists.]
02-09 04:50:25.865 I/am_wtf ( 1240): [0,1240,system_server,-1,DisplayDeviceConfig,requesting nits when no mapping exists.]
02-09 04:50:25.878 I/am_wtf ( 1240): [0,1240,system_server,-1,DisplayDeviceConfig,requesting nits when no mapping exists.]
02-09 04:50:25.879 I/am_wtf ( 1240): [0,1240,system_server,-1,DisplayDeviceConfig,requesting nits when no mapping exists.]
02-09 04:50:25.895 I/am_wtf ( 1240): [0,1240,system_server,-1,DisplayDeviceConfig,requesting nits when no mapping exists.]
02-09 04:50:25.896 I/am_wtf ( 1240): [0,1240,system_server,-1,DisplayDeviceConfig,requesting nits when no mapping exists.]
02-09 04:50:25.911 I/am_wtf ( 1240): [0,1240,system_server,-1,DisplayDeviceConfig,requesting nits when no mapping exists.]
02-09 04:50:25.912 I/am_wtf ( 1240): [0,1240,system_server,-1,DisplayDeviceConfig,requesting nits when no mapping exists.]
02-09 04:50:25.928 I/am_wtf ( 1240): [0,1240,system_server,-1,DisplayDeviceConfig,requesting nits when no mapping exists.]
02-09 04:50:25.929 I/am_wtf ( 1240): [0,1240,system_server,-1,DisplayDeviceConfig,requesting nits when no mapping exists.]
02-09 04:50:25.945 I/am_wtf ( 1240): [0,1240,system_server,-1,DisplayDeviceConfig,requesting nits when no mapping exists.]
02-09 04:50:25.945 I/am_wtf ( 1240): [0,1240,system_server,-1,DisplayDeviceConfig,requesting nits when no mapping exists.]
02-09 04:50:25.963 I/am_wtf ( 1240): [0,1240,system_server,-1,DisplayDeviceConfig,requesting nits when no mapping exists.]
02-09 04:50:25.964 I/am_wtf ( 1240): [0,1240,system_server,-1,DisplayDeviceConfig,requesting nits when no mapping exists.]
02-09 04:50:25.979 I/am_wtf ( 1240): [0,1240,system_server,-1,DisplayDeviceConfig,requesting nits when no mapping exists.]
02-09 04:50:25.980 I/am_wtf ( 1240): [0,1240,system_server,-1,DisplayDeviceConfig,requesting nits when no mapping exists.]
02-09 04:50:25.995 I/am_wtf ( 1240): [0,1240,system_server,-1,DisplayDeviceConfig,requesting nits when no mapping exists.]
02-09 04:50:25.996 I/am_wtf ( 1240): [0,1240,system_server,-1,DisplayDeviceConfig,requesting nits when no mapping exists.]
02-09 04:50:26.012 I/am_wtf ( 1240): [0,1240,system_server,-1,DisplayDeviceConfig,requesting nits when no mapping exists.]
02-09 04:50:26.013 I/am_wtf ( 1240): [0,1240,system_server,-1,DisplayDeviceConfig,requesting nits when no mapping exists.]
02-09 04:50:26.014 I/service_manager_stats( 1240): [100,52,5380]
02-09 04:50:26.029 I/am_wtf ( 1240): [0,1240,system_server,-1,DisplayDeviceConfig,requesting nits when no mapping exists.]
02-09 04:50:26.030 I/am_wtf ( 1240): [0,1240,system_server,-1,DisplayDeviceConfig,requesting nits when no mapping exists.]
02-09 04:50:26.046 I/am_wtf ( 1240): [0,1240,system_server,-1,DisplayDeviceConfig,requesting nits when no mapping exists.]
02-09 04:50:26.047 I/am_wtf ( 1240): [0,1240,system_server,-1,DisplayDeviceConfig,requesting nits when no mapping exists.]
