02-09 04:47:30.692 I/am_wtf ( 1240): [0,1240,system_server,-1,DisplayDeviceConfig,requesting nits when no mapping exists.]
02-09 04:47:30.708 I/am_wtf ( 1240): [0,1240,system_server,-1,DisplayDeviceConfig,requesting nits when no mapping exists.]
02-09 04:47:30.709 I/am_wtf ( 1240): [0,1240,system_server,-1,DisplayDeviceConfig,requesting nits when no mapping exists.]
02-09 04:47:30.725 I/am_wtf ( 1240): [0,1240,system_server,-1,DisplayDeviceConfig,requesting nits when no mapping exists.]
02-09 04:47:30.726 I/am_wtf ( 1240): [0,1240,system_server,-1,DisplayDeviceConfig,requesting nits when no mapping exists.]
02-09 04:47:30.741 I/am_wtf ( 1240): [0,1240,system_server,-1,DisplayDeviceConfig,requesting nits when no mapping exists.]
02-09 04:47:30.742 I/am_wtf ( 1240): [0,1240,system_server,-1,DisplayDeviceConfig,requesting nits when no mapping exists.]
02-09 04:47:30.758 I/am_wtf ( 1240): [0,1240,system_server,-1,DisplayDeviceConfig,requesting nits when no mapping exists.]
02-09 04:47:30.758 I/am_wtf ( 1240): [0,1240,system_server,-1,DisplayDeviceConfig,requesting nits when no mapping exists.]
02-09 04:47:30.775 I/am_wtf ( 1240): [0,1240,system_server,-1,DisplayDeviceConfig,requesting nits when no mapping exists.]
02-09 04:47:30.776 I/am_wtf ( 1240): [0,1240,system_server,-1,DisplayDeviceConfig,requesting nits when no mapping exists.]
02-09 04:47:30.791 I/am_wtf ( 1240): [0,1240,system_server,-1,DisplayDeviceConfig,requesting nits when no mapping exists.]
02-09 04:47:30.792 I/am_wtf ( 1240): [0,1240,system_server,-1,DisplayDeviceConfig,requesting nits when no mapping exists.]
02-09 04:47:30.808 I/am_wtf ( 1240): [0,1240,system_server,-1,DisplayDeviceConfig,requesting nits when no mapping exists.]
02-09 04:47:30.809 I/am_wtf ( 1240): [0,1240,system_server,-1,DisplayDeviceConfig,requesting nits when no mapping exists.]
02-09 04:47:30.824 I/am_wtf ( 1240): [0,1240,system_server,-1,DisplayDeviceConfig,requesting nits when no mapping exists.]
02-09 04:47:30.825 I/am_wtf ( 1240): [0,1240,system_server,-1,DisplayDeviceConfig,requesting nits when no mapping exists.]
02-09 04:47:30.841 I/am_wtf ( 1240): [0,1240,system_server,-1,DisplayDeviceConfig,requesting nits when no mapping exists.]
02-09 04:47:30.842 I/am_wtf ( 1240): [0,1240,system_server,-1,DisplayDeviceConfig,requesting nits when no mapping exists.]
02-09 04:47:30.858 I/am_wtf ( 1240): [0,1240,system_server,-1,DisplayDeviceConfig,requesting nits when no mapping exists.]
02-09 04:47:30.859 I/am_wtf ( 1240): [0,1240,system_server,-1,DisplayDeviceConfig,requesting nits when no mapping exists.]
02-09 04:47:30.874 I/am_wtf ( 1240): [0,1240,system_server,-1,DisplayDeviceConfig,requesting nits when no mapping exists.]
02-09 04:47:30.876 I/am_wtf ( 1240): [0,1240,system_server,-1,DisplayDeviceConfig,requesting nits when no mapping exists.]
02-09 04:47:30.891 I/am_wtf ( 1240): [0,1240,system_server,-1,DisplayDeviceConfig,requesting nits when no mapping exists.]
02-09 04:47:30.892 I/am_wtf ( 1240): [0,1240,system_server,-1,DisplayDeviceConfig,requesting nits when no mapping exists.]
02-09 04:47:30.908 I/am_wtf ( 1240): [0,1240,system_server,-1,DisplayDeviceConfig,requesting nits when no mapping exists.]
02-09 04:47:30.909 I/am_wtf ( 1240): [0,1240,system_server,-1,DisplayDeviceConfig,requesting nits when no mapping exists.]
02-09 04:47:30.925 I/am_wtf ( 1240): [0,1240,system_server,-1,DisplayDeviceConfig,requesting nits when no mapping exists.]
02-09 04:47:30.926 I/am_wtf ( 1240): [0,1240,system_server,-1,DisplayDeviceConfig,requesting nits when no mapping exists.]
02-09 04:47:30.941 I/am_wtf ( 1240): [0,1240,system_server,-1,DisplayDeviceConfig,requesting nits when no mapping exists.]
02-09 04:47:30.942 I/am_wtf ( 1240): [0,1240,system_server,-1,DisplayDeviceConfig,requesting nits when no mapping exists.]
02-09 04:47:30.958 I/am_wtf ( 1240): [0,1240,system_server,-1,DisplayDeviceConfig,requesting nits when no mapping exists.]
02-09 04:47:30.959 I/am_wtf ( 1240): [0,1240,system_server,-1,DisplayDeviceConfig,requesting nits when no mapping exists.]
02-09 04:47:30.975 I/am_wtf ( 1240): [0,1240,system_server,-1,DisplayDeviceConfig,requesting nits when no mapping exists.]
02-09 04:47:30.975 I/am_wtf ( 1240): [0,1240,system_server,-1,DisplayDeviceConfig,requesting nits when no mapping exists.]
02-09 04:47:30.991 I/am_wtf ( 1240): [0,1240,system_server,-1,DisplayDeviceConfig,requesting nits when no mapping exists.]
02-09 04:47:30.992 I/am_wtf ( 1240): [0,1240,system_server,-1,DisplayDeviceConfig,requesting nits when no mapping exists.]
02-09 04:47:31.008 I/am_wtf ( 1240): [0,1240,system_server,-1,DisplayDeviceConfig,requesting nits when no mapping exists.]
02-09 04:47:31.009 I/am_wtf ( 1240): [0,1240,system_server,-1,DisplayDeviceConfig,requesting nits when no mapping exists.]
02-09 04:47:31.025 I/am_wtf ( 1240): [0,1240,system_server,-1,DisplayDeviceConfig,requesting nits when no mapping exists.]
02-09 04:47:31.025 I/am_wtf ( 1240): [0,1240,system_server,-1,DisplayDeviceConfig,requesting nits when no mapping exists.]
02-09 04:47:31.041 I/am_wtf ( 1240): [0,1240,system_server,-1,DisplayDeviceConfig,requesting nits when no mapping exists.]
02-09 04:47:31.042 I/am_wtf ( 1240): [0,1240,system_server,-1,DisplayDeviceConfig,requesting nits when no mapping exists.]
02-09 04:47:31.058 I/am_wtf ( 1240): [0,1240,system_server,-1,DisplayDeviceConfig,requesting nits when no mapping exists.]
02-09 04:47:31.059 I/am_wtf ( 1240): [0,1240,system_server,-1,DisplayDeviceConfig,requesting nits when no mapping exists.]
02-09 04:47:31.075 I/am_wtf ( 1240): [0,1240,system_server,-1,DisplayDeviceConfig,requesting nits when no mapping exists.]
02-09 04:47:31.076 I/am_wtf ( 1240): [0,1240,system_server,-1,DisplayDeviceConfig,requesting nits when no mapping exists.]
02-09 04:47:31.092 I/am_wtf ( 1240): [0,1240,system_server,-1,DisplayDeviceConfig,requesting nits when no mapping exists.]
02-09 04:47:31.093 I/am_wtf ( 1240): [0,1240,system_server,-1,DisplayDeviceConfig,requesting nits when no mapping exists.]
02-09 04:47:31.109 I/am_wtf ( 1240): [0,1240,system_server,-1,DisplayDeviceConfig,requesting nits when no mapping exists.]
02-09 04:47:31.109 I/am_wtf ( 1240): [0,1240,system_server,-1,DisplayDeviceConfig,requesting nits when no mapping exists.]
02-09 04:47:31.125 I/am_wtf ( 1240): [0,1240,system_server,-1,DisplayDeviceConfig,requesting nits when no mapping exists.]
02-09 04:47:31.126 I/am_wtf ( 1240): [0,1240,system_server,-1,DisplayDeviceConfig,requesting nits when no mapping exists.]
02-09 04:47:31.142 I/am_wtf ( 1240): [0,1240,system_server,-1,DisplayDeviceConfig,requesting nits when no mapping exists.]
02-09 04:47:31.143 I/am_wtf ( 1240): [0,1240,system_server,-1,DisplayDeviceConfig,requesting nits when no mapping exists.]
02-09 04:47:31.159 I/am_wtf ( 1240): [0,1240,system_server,-1,DisplayDeviceConfig,requesting nits when no mapping exists.]
02-09 04:47:31.159 I/am_wtf ( 1240): [0,1240,system_server,-1,DisplayDeviceConfig,requesting nits when no mapping exists.]
02-09 04:47:31.175 I/am_wtf ( 1240): [0,1240,system_server,-1,DisplayDeviceConfig,requesting nits when no mapping exists.]
02-09 04:47:31.176 I/am_wtf ( 1240): [0,1240,system_server,-1,DisplayDeviceConfig,requesting nits when no mapping exists.]
02-09 04:47:31.192 I/am_wtf ( 1240): [0,1240,system_server,-1,DisplayDeviceConfig,requesting nits when no mapping exists.]
02-09 04:47:31.193 I/am_wtf ( 1240): [0,1240,system_server,-1,DisplayDeviceConfig,requesting nits when no mapping exists.]
02-09 04:47:31.208 I/am_wtf ( 1240): [0,1240,system_server,-1,DisplayDeviceConfig,requesting nits when no mapping exists.]
02-09 04:47:31.209 I/am_wtf ( 1240): [0,1240,system_server,-1,DisplayDeviceConfig,requesting nits when no mapping exists.]
02-09 04:47:31.225 I/am_wtf ( 1240): [0,1240,system_server,-1,DisplayDeviceConfig,requesting nits when no mapping exists.]
02-09 04:47:31.226 I/am_wtf ( 1240): [0,1240,system_server,-1,DisplayDeviceConfig,requesting nits when no mapping exists.]
02-09 04:47:31.242 I/am_wtf ( 1240): [0,1240,system_server,-1,DisplayDeviceConfig,requesting nits when no mapping exists.]
02-09 04:47:31.243 I/am_wtf ( 1240): [0,1240,system_server,-1,DisplayDeviceConfig,requesting nits when no mapping exists.]
02-09 04:47:31.259 I/am_wtf ( 1240): [0,1240,system_server,-1,DisplayDeviceConfig,requesting nits when no mapping exists.]
02-09 04:47:31.259 I/am_wtf ( 1240): [0,1240,system_server,-1,DisplayDeviceConfig,requesting nits when no mapping exists.]
02-09 04:47:31.276 I/am_wtf ( 1240): [0,1240,system_server,-1,DisplayDeviceConfig,requesting nits when no mapping exists.]
02-09 04:47:31.277 I/am_wtf ( 1240): [0,1240,system_server,-1,DisplayDeviceConfig,requesting nits when no mapping exists.]
02-09 04:47:31.292 I/am_wtf ( 1240): [0,1240,system_server,-1,DisplayDeviceConfig,requesting nits when no mapping exists.]
02-09 04:47:31.293 I/am_wtf ( 1240): [0,1240,system_server,-1,DisplayDeviceConfig,requesting nits when no mapping exists.]
02-09 04:47:31.309 I/am_wtf ( 1240): [0,1240,system_server,-1,DisplayDeviceConfig,requesting nits when no mapping exists.]
02-09 04:47:31.310 I/am_wtf ( 1240): [0,1240,system_server,-1,DisplayDeviceConfig,requesting nits when no mapping exists.]
02-09 04:47:31.311 I/service_manager_stats( 1240): [100,48,55181]
02-09 04:47:31.325 I/am_wtf ( 1240): [0,1240,system_server,-1,DisplayDeviceConfig,requesting nits when no mapping exists.]
02-09 04:47:31.326 I/am_wtf ( 1240): [0,1240,system_server,-1,DisplayDeviceConfig,requesting nits when no mapping exists.]
02-09 04:47:31.342 I/am_wtf ( 1240): [0,1240,system_server,-1,DisplayDeviceConfig,requesting nits when no mapping exists.]
02-09 04:47:31.343 I/am_wtf ( 1240): [0,1240,system_server,-1,DisplayDeviceConfig,requesting nits when no mapping exists.]
02-09 04:47:31.359 I/am_wtf ( 1240): [0,1240,system_server,-1,DisplayDeviceConfig,requesting nits when no mapping exists.]
02-09 04:47:31.360 I/am_wtf ( 1240): [0,1240,system_server,-1,DisplayDeviceConfig,requesting nits when no mapping exists.]
02-09 04:47:31.375 I/am_wtf ( 1240): [0,1240,system_server,-1,DisplayDeviceConfig,requesting nits when no mapping exists.]
02-09 04:47:31.376 I/am_wtf ( 1240): [0,1240,system_server,-1,DisplayDeviceConfig,requesting nits when no mapping exists.]
02-09 04:47:31.392 I/am_wtf ( 1240): [0,1240,system_server,-1,DisplayDeviceConfig,requesting nits when no mapping exists.]
02-09 04:47:31.393 I/am_wtf ( 1240): [0,1240,system_server,-1,DisplayDeviceConfig,requesting nits when no mapping exists.]
02-09 04:47:31.409 I/am_wtf ( 1240): [0,1240,system_server,-1,DisplayDeviceConfig,requesting nits when no mapping exists.]
02-09 04:47:31.410 I/am_wtf ( 1240): [0,1240,system_server,-1,DisplayDeviceConfig,requesting nits when no mapping exists.]
02-09 04:47:31.426 I/am_wtf ( 1240): [0,1240,system_server,-1,DisplayDeviceConfig,requesting nits when no mapping exists.]
02-09 04:47:31.426 I/am_wtf ( 1240): [0,1240,system_server,-1,DisplayDeviceConfig,requesting nits when no mapping exists.]
02-09 04:47:31.442 I/am_wtf ( 1240): [0,1240,system_server,-1,DisplayDeviceConfig,requesting nits when no mapping exists.]
02-09 04:47:31.443 I/am_wtf ( 1240): [0,1240,system_server,-1,DisplayDeviceConfig,requesting nits when no mapping exists.]
02-09 04:47:31.459 I/am_wtf ( 1240): [0,1240,system_server,-1,DisplayDeviceConfig,requesting nits when no mapping exists.]
02-09 04:47:31.460 I/am_wtf ( 1240): [0,1240,system_server,-1,DisplayDeviceConfig,requesting nits when no mapping exists.]
02-09 04:47:31.476 I/am_wtf ( 1240): [0,1240,system_server,-1,DisplayDeviceConfig,requesting nits when no mapping exists.]
02-09 04:47:31.477 I/am_wtf ( 1240): [0,1240,system_server,-1,DisplayDeviceConfig,requesting nits when no mapping exists.]
02-09 04:47:31.493 I/am_wtf ( 1240): [0,1240,system_server,-1,DisplayDeviceConfig,requesting nits when no mapping exists.]
02-09 04:47:31.493 I/am_wtf ( 1240): [0,1240,system_server,-1,DisplayDeviceConfig,requesting nits when no mapping exists.]
02-09 04:47:31.509 I/am_wtf ( 1240): [0,1240,system_server,-1,DisplayDeviceConfig,requesting nits when no mapping exists.]
02-09 04:47:31.511 I/am_wtf ( 1240): [0,1240,system_server,-1,DisplayDeviceConfig,requesting nits when no mapping exists.]
02-09 04:47:31.526 I/am_wtf ( 1240): [0,1240,system_server,-1,DisplayDeviceConfig,requesting nits when no mapping exists.]
02-09 04:47:31.527 I/am_wtf ( 1240): [0,1240,system_server,-1,DisplayDeviceConfig,requesting nits when no mapping exists.]
02-09 04:47:31.543 I/am_wtf ( 1240): [0,1240,system_server,-1,DisplayDeviceConfig,requesting nits when no mapping exists.]
02-09 04:47:31.544 I/am_wtf ( 1240): [0,1240,system_server,-1,DisplayDeviceConfig,requesting nits when no mapping exists.]
02-09 04:47:32.111 I/am_uid_idle( 1240): 10075
02-09 04:47:32.112 I/am_uid_idle( 1240): 10060
02-09 04:47:32.112 I/am_uid_idle( 1240): 10032
02-09 04:47:37.573 I/sysui_multi_action( 1240): [757,222,758,1]
02-09 04:47:37.575 I/am_uid_active( 1240): 10044
02-09 04:47:37.597 I/wm_task_created( 1240): [84,-1]
02-09 04:47:37.602 I/wm_task_moved( 1240): [84,1,7]
02-09 04:47:37.602 I/wm_task_to_front( 1240): [0,84]
02-09 04:47:37.602 I/wm_create_task( 1240): [0,84]
02-09 04:47:37.602 I/wm_create_activity( 1240): [0,211076070,84,com.thundercomm.screensaver/android.service.dreams.DreamActivity,NULL,NULL,NULL,276824064]
02-09 04:47:37.602 I/wm_task_moved( 1240): [84,1,7]
02-09 04:47:37.602 I/wm_on_top_resumed_lost_called( 6009): [208887896,com.android.launcher3.uioverrides.QuickstepLauncher,topStateChangedWhenResumed]
02-09 04:47:37.603 I/wm_pause_activity( 1240): [0,208887896,com.android.launcher3/.uioverrides.QuickstepLauncher,userLeaving=true,pauseBackTasks]
02-09 04:47:37.605 I/wm_on_paused_called( 6009): [208887896,com.android.launcher3.uioverrides.QuickstepLauncher,performPause]
02-09 04:47:37.608 I/wm_add_to_stopping( 1240): [0,208887896,com.android.launcher3/.uioverrides.QuickstepLauncher,makeInvisible]
02-09 04:47:37.608 I/wm_restart_activity( 1240): [0,211076070,84,com.thundercomm.screensaver/android.service.dreams.DreamActivity]
02-09 04:47:37.608 I/wm_set_resumed_activity( 1240): [0,com.thundercomm.screensaver/android.service.dreams.DreamActivity,minimalResumeActivityLocked]
02-09 04:47:37.612 I/sysui_multi_action( 1240): [757,803,799,window_time_0,802,60]
02-09 04:47:37.612 I/wm_on_create_called( 5183): [211076070,android.service.dreams.DreamActivity,performCreate]
02-09 04:47:37.612 I/wm_on_start_called( 5183): [211076070,android.service.dreams.DreamActivity,handleStartActivity]
02-09 04:47:37.613 I/wm_on_resume_called( 5183): [211076070,android.service.dreams.DreamActivity,RESUME_ACTIVITY]
02-09 04:47:37.615 I/wm_on_top_resumed_gained_called( 5183): [211076070,android.service.dreams.DreamActivity,topStateChangedWhenResumed]
02-09 04:47:37.619 I/am_pss ( 1240): [2005,10080,com.android.systemui,1061742592,1040400384,0,1242025984,0,0,41]
02-09 04:47:37.628 I/am_pss ( 1240): [1985,1002,com.android.bluetooth,39294976,32743424,0,155189248,0,0,7]
02-09 04:47:37.633 I/input_focus( 1240): [Focus request 35d917d com.thundercomm.screensaver/android.service.dreams.DreamActivity,reason=UpdateInputWindows]
02-09 04:47:37.636 I/am_pss ( 1240): [6079,10024,com.android.documentsui,47139840,39571456,0,176726016,0,18,7]
02-09 04:47:37.640 I/sysui_multi_action( 1240): [319,49,322,48,325,1552,757,761,758,8,759,2,806,com.thundercomm.screensaver,871,android.service.dreams.DreamActivity,904,com.thundercomm.screensaver,905,0,1320,4,1321,2]
02-09 04:47:37.640 I/wm_activity_launch_time( 1240): [0,211076070,com.thundercomm.screensaver/android.service.dreams.DreamActivity,48]
02-09 04:47:37.640 I/sysui_multi_action( 1240): [757,1696,758,6,759,3]
02-09 04:47:37.642 I/input_focus( 1240): [Focus leaving 1abb98b com.android.launcher3/com.android.launcher3.uioverrides.QuickstepLauncher (server),reason=NO_WINDOW]
02-09 04:47:37.644 I/am_pss ( 1240): [6327,10060,com.android.settings.intelligence,40807424,23920640,0,182083584,0,19,7]
02-09 04:47:37.648 I/am_pss ( 1240): [6395,10065,com.android.calendar,6179840,4108288,0,91312128,0,19,4]
02-09 04:47:37.652 I/am_pss ( 1240): [6357,10075,com.android.emergency,8719360,5844992,0,95203328,0,19,4]
02-09 04:47:37.656 I/am_wtf ( 1240): [0,1240,system_server,-1,DisplayDeviceConfig,requesting nits when no mapping exists.]
02-09 04:47:37.656 I/am_pss ( 1240): [6394,10088,com.android.music,6747136,4780032,0,90660864,0,19,4]
02-09 04:47:37.657 I/am_wtf ( 1240): [0,1240,system_server,-1,DisplayDeviceConfig,requesting nits when no mapping exists.]
02-09 04:47:37.657 I/input_focus( 1240): [Focus entering 35d917d com.thundercomm.screensaver/android.service.dreams.DreamActivity (server),reason=Window became focusable. Previous reason: NOT_VISIBLE]
02-09 04:47:37.662 I/am_pss ( 1240): [6115,10018,com.android.externalstorage,5803008,4005888,0,93184000,0,19,5]
02-09 04:47:37.667 I/am_pss ( 1240): [6143,10022,android.process.media,9915392,7876608,0,101154816,0,19,4]
02-09 04:47:37.672 I/am_pss ( 1240): [2433,10094,android.ext.services,17342464,7643136,0,136654848,0,5,4]
02-09 04:47:37.673 I/am_wtf ( 1240): [0,1240,system_server,-1,DisplayDeviceConfig,requesting nits when no mapping exists.]
02-09 04:47:37.673 I/am_wtf ( 1240): [0,1240,system_server,-1,DisplayDeviceConfig,requesting nits when no mapping exists.]
02-09 04:47:37.678 I/am_pss ( 1240): [3204,1000,com.qti.diagservices,6004736,3923968,0,94961664,0,10,4]
02-09 04:47:37.682 I/am_pss ( 1240): [2396,1000,com.qualcomm.qti.qdma,9355264,6639616,0,105787392,0,0,4]
02-09 04:47:37.687 I/am_pss ( 1240): [2367,1000,com.thundercomm.tcservice,10327040,8355840,0,99962880,0,0,5]
02-09 04:47:37.690 I/am_wtf ( 1240): [0,1240,system_server,-1,DisplayDeviceConfig,requesting nits when no mapping exists.]
02-09 04:47:37.690 I/am_wtf ( 1240): [0,1240,system_server,-1,DisplayDeviceConfig,requesting nits when no mapping exists.]
02-09 04:47:37.693 I/am_pss ( 1240): [2357,1000,com.thundercomm.remotecontrolservice,12821504,10551296,0,104366080,0,0,4]
02-09 04:47:37.697 I/am_pss ( 1240): [2340,1068,com.android.se,5861376,4149248,0,91717632,0,0,4]
02-09 04:47:37.701 I/am_pss ( 1240): [2305,10081,com.qti.qualcomm.mstatssystemservice,5507072,3846144,0,89923584,0,0,4]
02-09 04:47:37.706 I/am_pss ( 1240): [2301,1000,vendor.qti.qesdk.sysservice,5601280,3878912,0,91299840,0,0,4]
02-09 04:47:37.706 I/am_wtf ( 1240): [0,1240,system_server,-1,DisplayDeviceConfig,requesting nits when no mapping exists.]
02-09 04:47:37.707 I/am_wtf ( 1240): [0,1240,system_server,-1,DisplayDeviceConfig,requesting nits when no mapping exists.]
02-09 04:47:37.711 I/am_pss ( 1240): [2288,1000,com.thundercomm.tcsetupwizard,6825984,5165056,0,91271168,0,0,4]
02-09 04:47:37.716 I/am_pss ( 1240): [2202,1000,com.tc.logclient,7631872,5599232,0,98676736,0,0,4]
02-09 04:47:37.721 I/am_pss ( 1240): [2211,1073,com.android.networkstack.process,12363776,9887744,0,108249088,0,0,6]
02-09 04:47:37.723 I/am_wtf ( 1240): [0,1240,system_server,-1,DisplayDeviceConfig,requesting nits when no mapping exists.]
02-09 04:47:37.724 I/am_wtf ( 1240): [0,1240,system_server,-1,DisplayDeviceConfig,requesting nits when no mapping exists.]
02-09 04:47:37.727 I/am_pss ( 1240): [2184,1000,com.thundercomm.tchttpserver,11763712,10072064,0,97144832,0,0,4]
02-09 04:47:37.731 I/am_pss ( 1240): [2175,10056,.qtidataservices,5950464,4251648,0,91533312,0,0,4]
02-09 04:47:37.736 I/am_pss ( 1240): [2134,1001,.dataservices,8047616,6238208,0,94527488,0,0,4]
02-09 04:47:37.740 I/am_wtf ( 1240): [0,1240,system_server,-1,DisplayDeviceConfig,requesting nits when no mapping exists.]
02-09 04:47:37.740 I/am_wtf ( 1240): [0,1240,system_server,-1,DisplayDeviceConfig,requesting nits when no mapping exists.]
02-09 04:47:37.741 I/am_pss ( 1240): [2131,1000,com.thundercomm.microsettings,28456960,18903040,0,129236992,0,0,5]
02-09 04:47:37.747 I/am_pss ( 1240): [2122,1000,com.thundercomm.microservice,9047040,7278592,0,95985664,0,0,4]
02-09 04:47:37.753 I/am_pss ( 1240): [2082,1000,com.thundercomm.gamemode,45669376,40013824,0,155148288,0,0,5]
02-09 04:47:37.757 I/am_wtf ( 1240): [0,1240,system_server,-1,DisplayDeviceConfig,requesting nits when no mapping exists.]
02-09 04:47:37.757 I/am_wtf ( 1240): [0,1240,system_server,-1,DisplayDeviceConfig,requesting nits when no mapping exists.]
02-09 04:47:37.768 I/am_pss ( 1240): [1240,1000,system,234971136,142368768,0,576004096,0,0,16]
02-09 04:47:37.774 I/am_wtf ( 1240): [0,1240,system_server,-1,DisplayDeviceConfig,requesting nits when no mapping exists.]
02-09 04:47:37.774 I/am_wtf ( 1240): [0,1240,system_server,-1,DisplayDeviceConfig,requesting nits when no mapping exists.]
02-09 04:47:37.778 I/am_pss ( 1240): [6009,10073,com.android.launcher3,134429696,126853120,0,262799360,0,2,9]
02-09 04:47:37.790 I/am_wtf ( 1240): [0,1240,system_server,-1,DisplayDeviceConfig,requesting nits when no mapping exists.]
02-09 04:47:37.791 I/am_wtf ( 1240): [0,1240,system_server,-1,DisplayDeviceConfig,requesting nits when no mapping exists.]
02-09 04:47:37.807 I/am_wtf ( 1240): [0,1240,system_server,-1,DisplayDeviceConfig,requesting nits when no mapping exists.]
02-09 04:47:37.807 I/am_wtf ( 1240): [0,1240,system_server,-1,DisplayDeviceConfig,requesting nits when no mapping exists.]
02-09 04:47:37.824 I/am_wtf ( 1240): [0,1240,system_server,-1,DisplayDeviceConfig,requesting nits when no mapping exists.]
02-09 04:47:37.824 I/am_wtf ( 1240): [0,1240,system_server,-1,DisplayDeviceConfig,requesting nits when no mapping exists.]
02-09 04:47:37.840 I/am_wtf ( 1240): [0,1240,system_server,-1,DisplayDeviceConfig,requesting nits when no mapping exists.]
02-09 04:47:37.840 I/am_wtf ( 1240): [0,1240,system_server,-1,DisplayDeviceConfig,requesting nits when no mapping exists.]
02-09 04:47:37.857 I/am_wtf ( 1240): [0,1240,system_server,-1,DisplayDeviceConfig,requesting nits when no mapping exists.]
02-09 04:47:37.857 I/am_wtf ( 1240): [0,1240,system_server,-1,DisplayDeviceConfig,requesting nits when no mapping exists.]
02-09 04:47:37.874 I/am_wtf ( 1240): [0,1240,system_server,-1,DisplayDeviceConfig,requesting nits when no mapping exists.]
02-09 04:47:37.874 I/am_wtf ( 1240): [0,1240,system_server,-1,DisplayDeviceConfig,requesting nits when no mapping exists.]
02-09 04:47:37.891 I/am_wtf ( 1240): [0,1240,system_server,-1,DisplayDeviceConfig,requesting nits when no mapping exists.]
02-09 04:47:37.891 I/am_wtf ( 1240): [0,1240,system_server,-1,DisplayDeviceConfig,requesting nits when no mapping exists.]
02-09 04:47:37.907 I/am_wtf ( 1240): [0,1240,system_server,-1,DisplayDeviceConfig,requesting nits when no mapping exists.]
02-09 04:47:37.907 I/am_wtf ( 1240): [0,1240,system_server,-1,DisplayDeviceConfig,requesting nits when no mapping exists.]
02-09 04:47:37.925 I/am_wtf ( 1240): [0,1240,system_server,-1,DisplayDeviceConfig,requesting nits when no mapping exists.]
02-09 04:47:37.925 I/wm_stop_activity( 1240): [0,208887896,com.android.launcher3/.uioverrides.QuickstepLauncher]
02-09 04:47:37.926 I/am_wtf ( 1240): [0,1240,system_server,-1,DisplayDeviceConfig,requesting nits when no mapping exists.]
02-09 04:47:37.941 I/am_wtf ( 1240): [0,1240,system_server,-1,DisplayDeviceConfig,requesting nits when no mapping exists.]
02-09 04:47:37.941 I/am_wtf ( 1240): [0,1240,system_server,-1,DisplayDeviceConfig,requesting nits when no mapping exists.]
02-09 04:47:37.946 I/wm_on_stop_called( 6009): [208887896,com.android.launcher3.uioverrides.QuickstepLauncher,STOP_ACTIVITY_ITEM]
02-09 04:47:37.958 I/am_wtf ( 1240): [0,1240,system_server,-1,DisplayDeviceConfig,requesting nits when no mapping exists.]
02-09 04:47:37.958 I/am_wtf ( 1240): [0,1240,system_server,-1,DisplayDeviceConfig,requesting nits when no mapping exists.]
02-09 04:47:37.975 I/am_wtf ( 1240): [0,1240,system_server,-1,DisplayDeviceConfig,requesting nits when no mapping exists.]
02-09 04:47:37.975 I/am_wtf ( 1240): [0,1240,system_server,-1,DisplayDeviceConfig,requesting nits when no mapping exists.]
02-09 04:47:37.991 I/am_wtf ( 1240): [0,1240,system_server,-1,DisplayDeviceConfig,requesting nits when no mapping exists.]
02-09 04:47:37.991 I/am_wtf ( 1240): [0,1240,system_server,-1,DisplayDeviceConfig,requesting nits when no mapping exists.]
02-09 04:47:38.007 I/am_wtf ( 1240): [0,1240,system_server,-1,DisplayDeviceConfig,requesting nits when no mapping exists.]
02-09 04:47:38.008 I/am_wtf ( 1240): [0,1240,system_server,-1,DisplayDeviceConfig,requesting nits when no mapping exists.]
02-09 04:47:38.025 I/am_wtf ( 1240): [0,1240,system_server,-1,DisplayDeviceConfig,requesting nits when no mapping exists.]
02-09 04:47:38.025 I/am_wtf ( 1240): [0,1240,system_server,-1,DisplayDeviceConfig,requesting nits when no mapping exists.]
02-09 04:47:38.041 I/am_wtf ( 1240): [0,1240,system_server,-1,DisplayDeviceConfig,requesting nits when no mapping exists.]
02-09 04:47:38.041 I/am_wtf ( 1240): [0,1240,system_server,-1,DisplayDeviceConfig,requesting nits when no mapping exists.]
02-09 04:47:38.058 I/am_wtf ( 1240): [0,1240,system_server,-1,DisplayDeviceConfig,requesting nits when no mapping exists.]
02-09 04:47:38.058 I/am_wtf ( 1240): [0,1240,system_server,-1,DisplayDeviceConfig,requesting nits when no mapping exists.]
02-09 04:47:38.074 I/am_wtf ( 1240): [0,1240,system_server,-1,DisplayDeviceConfig,requesting nits when no mapping exists.]
02-09 04:47:38.075 I/am_wtf ( 1240): [0,1240,system_server,-1,DisplayDeviceConfig,requesting nits when no mapping exists.]
02-09 04:47:38.091 I/am_wtf ( 1240): [0,1240,system_server,-1,DisplayDeviceConfig,requesting nits when no mapping exists.]
02-09 04:47:38.092 I/am_wtf ( 1240): [0,1240,system_server,-1,DisplayDeviceConfig,requesting nits when no mapping exists.]
02-09 04:47:38.108 I/am_wtf ( 1240): [0,1240,system_server,-1,DisplayDeviceConfig,requesting nits when no mapping exists.]
02-09 04:47:38.108 I/am_wtf ( 1240): [0,1240,system_server,-1,DisplayDeviceConfig,requesting nits when no mapping exists.]
02-09 04:47:38.125 I/am_wtf ( 1240): [0,1240,system_server,-1,DisplayDeviceConfig,requesting nits when no mapping exists.]
02-09 04:47:38.125 I/am_wtf ( 1240): [0,1240,system_server,-1,DisplayDeviceConfig,requesting nits when no mapping exists.]
02-09 04:47:38.141 I/am_wtf ( 1240): [0,1240,system_server,-1,DisplayDeviceConfig,requesting nits when no mapping exists.]
02-09 04:47:38.141 I/am_wtf ( 1240): [0,1240,system_server,-1,DisplayDeviceConfig,requesting nits when no mapping exists.]
02-09 04:47:38.158 I/am_wtf ( 1240): [0,1240,system_server,-1,DisplayDeviceConfig,requesting nits when no mapping exists.]
02-09 04:47:38.158 I/am_wtf ( 1240): [0,1240,system_server,-1,DisplayDeviceConfig,requesting nits when no mapping exists.]
02-09 04:47:38.175 I/am_wtf ( 1240): [0,1240,system_server,-1,DisplayDeviceConfig,requesting nits when no mapping exists.]
02-09 04:47:38.175 I/am_wtf ( 1240): [0,1240,system_server,-1,DisplayDeviceConfig,requesting nits when no mapping exists.]
02-09 04:47:38.191 I/am_wtf ( 1240): [0,1240,system_server,-1,DisplayDeviceConfig,requesting nits when no mapping exists.]
02-09 04:47:38.191 I/am_wtf ( 1240): [0,1240,system_server,-1,DisplayDeviceConfig,requesting nits when no mapping exists.]
02-09 04:47:38.191 I/service_manager_stats( 1240): [100,29,6881]
02-09 04:47:38.208 I/am_wtf ( 1240): [0,1240,system_server,-1,DisplayDeviceConfig,requesting nits when no mapping exists.]
02-09 04:47:38.208 I/am_wtf ( 1240): [0,1240,system_server,-1,DisplayDeviceConfig,requesting nits when no mapping exists.]
02-09 04:47:38.225 I/am_wtf ( 1240): [0,1240,system_server,-1,DisplayDeviceConfig,requesting nits when no mapping exists.]
02-09 04:47:38.225 I/am_wtf ( 1240): [0,1240,system_server,-1,DisplayDeviceConfig,requesting nits when no mapping exists.]
02-09 04:47:38.242 I/am_wtf ( 1240): [0,1240,system_server,-1,DisplayDeviceConfig,requesting nits when no mapping exists.]
02-09 04:47:38.242 I/am_wtf ( 1240): [0,1240,system_server,-1,DisplayDeviceConfig,requesting nits when no mapping exists.]
02-09 04:47:38.258 I/am_wtf ( 1240): [0,1240,system_server,-1,DisplayDeviceConfig,requesting nits when no mapping exists.]
02-09 04:47:38.258 I/am_wtf ( 1240): [0,1240,system_server,-1,DisplayDeviceConfig,requesting nits when no mapping exists.]
02-09 04:47:38.275 I/am_wtf ( 1240): [0,1240,system_server,-1,DisplayDeviceConfig,requesting nits when no mapping exists.]
02-09 04:47:38.275 I/am_wtf ( 1240): [0,1240,system_server,-1,DisplayDeviceConfig,requesting nits when no mapping exists.]
02-09 04:47:38.291 I/am_wtf ( 1240): [0,1240,system_server,-1,DisplayDeviceConfig,requesting nits when no mapping exists.]
02-09 04:47:38.291 I/am_wtf ( 1240): [0,1240,system_server,-1,DisplayDeviceConfig,requesting nits when no mapping exists.]
02-09 04:47:38.308 I/am_wtf ( 1240): [0,1240,system_server,-1,DisplayDeviceConfig,requesting nits when no mapping exists.]
02-09 04:47:38.309 I/am_wtf ( 1240): [0,1240,system_server,-1,DisplayDeviceConfig,requesting nits when no mapping exists.]
02-09 04:47:38.325 I/am_wtf ( 1240): [0,1240,system_server,-1,DisplayDeviceConfig,requesting nits when no mapping exists.]
02-09 04:47:38.325 I/am_wtf ( 1240): [0,1240,system_server,-1,DisplayDeviceConfig,requesting nits when no mapping exists.]
02-09 04:47:38.341 I/am_wtf ( 1240): [0,1240,system_server,-1,DisplayDeviceConfig,requesting nits when no mapping exists.]
02-09 04:47:38.342 I/am_wtf ( 1240): [0,1240,system_server,-1,DisplayDeviceConfig,requesting nits when no mapping exists.]
02-09 04:47:38.358 I/am_wtf ( 1240): [0,1240,system_server,-1,DisplayDeviceConfig,requesting nits when no mapping exists.]
02-09 04:47:38.359 I/am_wtf ( 1240): [0,1240,system_server,-1,DisplayDeviceConfig,requesting nits when no mapping exists.]
02-09 04:47:38.375 I/am_wtf ( 1240): [0,1240,system_server,-1,DisplayDeviceConfig,requesting nits when no mapping exists.]
02-09 04:47:38.376 I/am_wtf ( 1240): [0,1240,system_server,-1,DisplayDeviceConfig,requesting nits when no mapping exists.]
02-09 04:47:38.392 I/am_wtf ( 1240): [0,1240,system_server,-1,DisplayDeviceConfig,requesting nits when no mapping exists.]
02-09 04:47:38.392 I/am_wtf ( 1240): [0,1240,system_server,-1,DisplayDeviceConfig,requesting nits when no mapping exists.]
02-09 04:47:38.408 I/am_wtf ( 1240): [0,1240,system_server,-1,DisplayDeviceConfig,requesting nits when no mapping exists.]
02-09 04:47:38.408 I/am_wtf ( 1240): [0,1240,system_server,-1,DisplayDeviceConfig,requesting nits when no mapping exists.]
02-09 04:47:38.425 I/am_wtf ( 1240): [0,1240,system_server,-1,DisplayDeviceConfig,requesting nits when no mapping exists.]
02-09 04:47:38.425 I/am_wtf ( 1240): [0,1240,system_server,-1,DisplayDeviceConfig,requesting nits when no mapping exists.]
02-09 04:47:38.442 I/am_wtf ( 1240): [0,1240,system_server,-1,DisplayDeviceConfig,requesting nits when no mapping exists.]
02-09 04:47:38.442 I/am_wtf ( 1240): [0,1240,system_server,-1,DisplayDeviceConfig,requesting nits when no mapping exists.]
02-09 04:47:38.458 I/am_wtf ( 1240): [0,1240,system_server,-1,DisplayDeviceConfig,requesting nits when no mapping exists.]
02-09 04:47:38.459 I/am_wtf ( 1240): [0,1240,system_server,-1,DisplayDeviceConfig,requesting nits when no mapping exists.]
02-09 04:47:38.475 I/am_wtf ( 1240): [0,1240,system_server,-1,DisplayDeviceConfig,requesting nits when no mapping exists.]
02-09 04:47:38.475 I/am_wtf ( 1240): [0,1240,system_server,-1,DisplayDeviceConfig,requesting nits when no mapping exists.]
02-09 04:47:38.492 I/am_wtf ( 1240): [0,1240,system_server,-1,DisplayDeviceConfig,requesting nits when no mapping exists.]
02-09 04:47:38.492 I/am_wtf ( 1240): [0,1240,system_server,-1,DisplayDeviceConfig,requesting nits when no mapping exists.]
02-09 04:47:38.508 I/am_wtf ( 1240): [0,1240,system_server,-1,DisplayDeviceConfig,requesting nits when no mapping exists.]
02-09 04:47:38.509 I/am_wtf ( 1240): [0,1240,system_server,-1,DisplayDeviceConfig,requesting nits when no mapping exists.]
02-09 04:47:38.525 I/am_wtf ( 1240): [0,1240,system_server,-1,DisplayDeviceConfig,requesting nits when no mapping exists.]
02-09 04:47:38.525 I/am_wtf ( 1240): [0,1240,system_server,-1,DisplayDeviceConfig,requesting nits when no mapping exists.]
02-09 04:47:38.542 I/am_wtf ( 1240): [0,1240,system_server,-1,DisplayDeviceConfig,requesting nits when no mapping exists.]
02-09 04:47:38.542 I/am_wtf ( 1240): [0,1240,system_server,-1,DisplayDeviceConfig,requesting nits when no mapping exists.]
02-09 04:47:38.558 I/am_wtf ( 1240): [0,1240,system_server,-1,DisplayDeviceConfig,requesting nits when no mapping exists.]
02-09 04:47:38.559 I/am_wtf ( 1240): [0,1240,system_server,-1,DisplayDeviceConfig,requesting nits when no mapping exists.]
02-09 04:47:38.575 I/am_wtf ( 1240): [0,1240,system_server,-1,DisplayDeviceConfig,requesting nits when no mapping exists.]
02-09 04:47:38.575 I/am_wtf ( 1240): [0,1240,system_server,-1,DisplayDeviceConfig,requesting nits when no mapping exists.]
02-09 04:47:38.592 I/am_wtf ( 1240): [0,1240,system_server,-1,DisplayDeviceConfig,requesting nits when no mapping exists.]
02-09 04:47:38.592 I/am_wtf ( 1240): [0,1240,system_server,-1,DisplayDeviceConfig,requesting nits when no mapping exists.]
02-09 04:47:42.323 I/auditd ( 1240): type=1400 audit(0.0:896): avc: denied { getopt } for comm="Binder:1240_D" scontext=u:r:system_server:s0 tcontext=u:r:shell:s0 tclass=unix_stream_socket permissive=0
02-09 04:47:42.323 I/auditd ( 1240): type=1400 audit(0.0:897): avc: denied { getopt } for comm="Binder:1240_D" scontext=u:r:system_server:s0 tcontext=u:r:shell:s0 tclass=unix_stream_socket permissive=0
02-09 04:47:42.323 I/auditd ( 1240): type=1400 audit(0.0:898): avc: denied { getopt } for comm="Binder:1240_D" scontext=u:r:system_server:s0 tcontext=u:r:shell:s0 tclass=unix_stream_socket permissive=0
02-09 04:47:42.353 I/commit_sys_config_file( 1240): [package-session,1546708]
02-09 04:47:42.355 I/commit_sys_config_file( 1240): [package-session,1546710]
02-09 04:47:43.051 I/auditd ( 1240): type=1400 audit(0.0:899): avc: denied { getopt } for comm="Binder:1240_D" scontext=u:r:system_server:s0 tcontext=u:r:shell:s0 tclass=unix_stream_socket permissive=0
02-09 04:47:43.064 I/commit_sys_config_file( 1240): [package-session,1547419]
02-09 04:47:43.070 I/input_interaction( 1240): Interaction with: 35d917d com.thundercomm.screensaver/android.service.dreams.DreamActivity (server), swipe-up (server), edge-swipe (server), PointerEventDispatcher0 (server),
02-09 04:47:43.072 I/wm_finish_activity( 1240): [0,211076070,84,com.thundercomm.screensaver/android.service.dreams.DreamActivity,finish-activity]
02-09 04:47:43.073 I/wm_task_moved( 1240): [60,1,6]
02-09 04:47:43.073 I/wm_task_moved( 1240): [61,1,2147483647]
02-09 04:47:43.073 I/wm_task_to_front( 1240): [0,61]
02-09 04:47:43.073 I/wm_focused_root_task( 1240): [0,0,60,84,finish-top adjustFocusToNextFocusableTask]
02-09 04:47:43.074 I/wm_set_resumed_activity( 1240): [0,com.android.launcher3/.uioverrides.QuickstepLauncher,finish-top adjustFocusToNextFocusableTask]
02-09 04:47:43.075 I/wm_pause_activity( 1240): [0,211076070,com.thundercomm.screensaver/android.service.dreams.DreamActivity,userLeaving=false,finish]
02-09 04:47:43.080 I/wm_on_top_resumed_lost_called( 5183): [211076070,android.service.dreams.DreamActivity,topStateChangedWhenResumed]
02-09 04:47:43.080 I/wm_on_paused_called( 5183): [211076070,android.service.dreams.DreamActivity,performPause]
02-09 04:47:43.081 I/wm_add_to_stopping( 1240): [0,211076070,com.thundercomm.screensaver/android.service.dreams.DreamActivity,completeFinishing]
02-09 04:47:43.084 I/wm_set_resumed_activity( 1240): [0,com.android.launcher3/.uioverrides.QuickstepLauncher,resumeTopActivityInnerLocked]
02-09 04:47:43.086 I/wm_resume_activity( 1240): [0,208887896,61,com.android.launcher3/.uioverrides.QuickstepLauncher]
02-09 04:47:43.090 I/wm_on_restart_called( 6009): [208887896,com.android.launcher3.uioverrides.QuickstepLauncher,performRestartActivity]
02-09 04:47:43.091 I/wm_on_start_called( 6009): [208887896,com.android.launcher3.uioverrides.QuickstepLauncher,handleStartActivity]
02-09 04:47:43.091 I/wm_on_resume_called( 6009): [208887896,com.android.launcher3.uioverrides.QuickstepLauncher,RESUME_ACTIVITY]
02-09 04:47:43.091 I/wm_on_top_resumed_gained_called( 6009): [208887896,com.android.launcher3.uioverrides.QuickstepLauncher,topWhenResuming]
02-09 04:47:43.096 I/sysui_multi_action( 1240): [757,803,799,window_time_0,802,6]
02-09 04:47:43.098 I/sysui_multi_action( 1240): [757,803,799,window_time_0,802,0]
02-09 04:47:43.107 I/input_focus( 1240): [Focus request 1abb98b com.android.launcher3/com.android.launcher3.uioverrides.QuickstepLauncher,reason=UpdateInputWindows]
02-09 04:47:43.116 I/input_focus( 1240): [Focus leaving 35d917d com.thundercomm.screensaver/android.service.dreams.DreamActivity (server),reason=NO_WINDOW]
02-09 04:47:43.116 I/view_enqueue_input_event( 5183): [Motion - Cancel,com.thundercomm.screensaver/android.service.dreams.DreamActivity]
02-09 04:47:43.122 I/input_interaction( 1240): Interaction with: swipe-up (server), edge-swipe (server), PointerEventDispatcher0 (server),
02-09 04:47:43.137 I/input_focus( 1240): [Focus entering 1abb98b com.android.launcher3/com.android.launcher3.uioverrides.QuickstepLauncher (server),reason=Window became focusable. Previous reason: NOT_VISIBLE]
02-09 04:47:43.308 I/commit_sys_config_file( 1240): [package-user-0,1]
02-09 04:47:43.308 I/commit_sys_config_file( 1240): [package,17]
02-09 04:47:43.373 I/wm_destroy_activity( 1240): [0,211076070,84,com.thundercomm.screensaver/android.service.dreams.DreamActivity,finish-imm:idle]
02-09 04:47:43.392 I/wm_on_stop_called( 5183): [211076070,android.service.dreams.DreamActivity,LIFECYCLER_STOP_ACTIVITY]
02-09 04:47:43.393 I/wm_on_destroy_called( 5183): [211076070,android.service.dreams.DreamActivity,performDestroy]
02-09 04:47:43.395 I/sysui_multi_action( 1240): [757,222,758,2]
02-09 04:47:43.395 I/sysui_multi_action( 1240): [757,804,799,dreaming_minutes,801,0,802,1]
02-09 04:47:43.400 I/wm_task_removed( 1240): [84,removeChild:removeChild last r=ActivityRecord{c94c3e6 u0 com.thundercomm.screensaver/android.service.dreams.DreamActivity t-1 f}} in t=Task{8ca222 #84 type=dream A=10044:android:com.thundercomm.screensaver/dream U=0 visible=false mode=fullscreen translucent=true sz=0}]
02-09 04:47:43.400 I/wm_task_removed( 1240): [84,removeChild]
02-09 04:47:44.238 I/unknown_sources_enabled( 1240): 1
02-09 04:47:44.235 I/auditd ( 1240): type=1400 audit(0.0:900): avc: denied { getopt } for comm="Binder:1240_D" scontext=u:r:system_server:s0 tcontext=u:r:shell:s0 tclass=unix_stream_socket permissive=0
02-09 04:47:44.235 I/auditd ( 1240): type=1400 audit(0.0:901): avc: denied { getopt } for comm="Binder:1240_D" scontext=u:r:system_server:s0 tcontext=u:r:shell:s0 tclass=unix_stream_socket permissive=0
02-09 04:47:44.235 I/auditd ( 1240): type=1400 audit(0.0:902): avc: denied { getopt } for comm="Binder:1240_D" scontext=u:r:system_server:s0 tcontext=u:r:shell:s0 tclass=unix_stream_socket permissive=0
02-09 04:47:44.239 I/am_uid_running( 1240): 10092
02-09 04:47:44.251 I/commit_sys_config_file( 1240): [package-session,1548606]
02-09 04:47:44.251 I/commit_sys_config_file( 1240): [overlays,1549334]
02-09 04:47:44.266 I/notification_cancel_all( 1240): [1000,1240,com.tencent.qqmusicpad,0,0,0,5,NULL]
02-09 04:47:44.268 I/am_proc_start( 1240): [0,6502,10092,com.android.permissioncontroller,service,{com.android.permissioncontroller/com.android.permissioncontroller.permission.service.PermissionControllerServiceImpl}]
02-09 04:47:44.293 I/am_proc_bound( 1240): [0,6502,com.android.permissioncontroller]
02-09 04:47:44.296 I/am_uid_active( 1240): 10092
02-09 04:47:57.020 I/storage_state( 1240): [41217664-9172-527a-b3d5-edabb50a7d69,0,0,114657087488,118610538496]
02-09 04:48:14.076 I/input_interaction( 1240): Interaction with: 1abb98b com.android.launcher3/com.android.launcher3.uioverrides.QuickstepLauncher (server), f1cc593 com.android.systemui.ImageWallpaper (server), swipe-up (server), edge-swipe (server), PointerEventDispatcher0 (server),
02-09 04:48:14.210 I/wm_task_moved( 1240): [80,1,6]
02-09 04:48:14.210 I/wm_task_to_front( 1240): [0,80]
02-09 04:48:14.211 I/wm_focused_root_task( 1240): [0,0,80,60,bringingFoundTaskToFront]
02-09 04:48:14.211 I/wm_set_resumed_activity( 1240): [0,com.android.settings/.Settings,bringingFoundTaskToFront]
02-09 04:48:14.211 I/wm_new_intent( 1240): [0,166350893,80,com.android.settings/.Settings,android.intent.action.MAIN,NULL,NULL,270532608]
02-09 04:48:14.214 I/wm_pause_activity( 1240): [0,208887896,com.android.launcher3/.uioverrides.QuickstepLauncher,userLeaving=true,pauseBackTasks]
02-09 04:48:14.219 I/wm_on_top_resumed_lost_called( 6009): [208887896,com.android.launcher3.uioverrides.QuickstepLauncher,topStateChangedWhenResumed]
02-09 04:48:14.220 I/wm_on_paused_called( 6009): [208887896,com.android.launcher3.uioverrides.QuickstepLauncher,performPause]
02-09 04:48:14.222 I/wm_set_resumed_activity( 1240): [0,com.android.settings/.Settings,resumeTopActivityInnerLocked]
02-09 04:48:14.223 I/wm_add_to_stopping( 1240): [0,208887896,com.android.launcher3/.uioverrides.QuickstepLauncher,makeInvisible]
02-09 04:48:14.225 I/wm_resume_activity( 1240): [0,166350893,80,com.android.settings/.Settings]
02-09 04:48:14.232 I/sysui_multi_action( 1240): [757,803,799,window_time_0,802,31]
02-09 04:48:14.240 I/wm_on_restart_called( 5623): [166350893,com.android.settings.Settings,performRestartActivity]
02-09 04:48:14.243 I/wm_on_start_called( 5623): [166350893,com.android.settings.Settings,handleStartActivity]
02-09 04:48:14.243 I/snet_event_log( 5623): [120484087,-1,]
02-09 04:48:14.244 I/wm_on_resume_called( 5623): [166350893,com.android.settings.Settings,RESUME_ACTIVITY]
02-09 04:48:14.245 I/sysui_multi_action( 5623): [757,35,758,1,833,0,1089,0]
02-09 04:48:14.246 I/sysui_multi_action( 5623): [757,46,758,1,833,0,1089,0]
02-09 04:48:14.250 I/wm_on_top_resumed_gained_called( 5623): [166350893,com.android.settings.Settings,topWhenResuming]
02-09 04:48:14.251 I/input_focus( 1240): [Focus leaving 1abb98b com.android.launcher3/com.android.launcher3.uioverrides.QuickstepLauncher (server),reason=NO_WINDOW]
02-09 04:48:14.260 I/input_focus( 1240): [Focus request a3aea84 com.android.settings/com.android.settings.Settings,reason=UpdateInputWindows]
02-09 04:48:14.267 I/am_pss ( 1240): [2873,10093,com.android.providers.media.module,150571008,146366464,0,260382720,0,0,12]
02-09 04:48:14.275 I/am_pss ( 1240): [2995,10074,com.qualcomm.location.XT,6514688,4767744,0,93634560,0,6,7]
02-09 04:48:14.283 I/am_pss ( 1240): [2849,10079,com.qualcomm.location,10224640,7667712,0,104824832,0,0,6]
02-09 04:48:14.284 I/input_focus( 1240): [Focus entering a3aea84 com.android.settings/com.android.settings.Settings (server),reason=setFocusedWindow]
02-09 04:48:14.285 I/sysui_multi_action( 1240): [319,28,321,26,322,68,325,1589,757,761,758,9,759,4,806,com.android.settings,871,com.android.settings.Settings,904,com.android.launcher3,905,0,1320,4,1321,1]
02-09 04:48:14.291 I/am_pss ( 1240): [6079,10024,com.android.documentsui,47864832,40898560,0,176963584,0,18,7]
02-09 04:48:14.296 I/am_pss ( 1240): [3589,10025,com.android.packageinstaller,7212032,5582848,0,91480064,0,19,4]
02-09 04:48:14.305 I/am_pss ( 1240): [6327,10060,com.android.settings.intelligence,39218176,23920640,0,182083584,0,19,7]
02-09 04:48:14.310 I/am_pss ( 1240): [6395,10065,com.android.calendar,6148096,4108288,0,91312128,0,19,4]
02-09 04:48:14.317 I/am_pss ( 1240): [6357,10075,com.android.emergency,8686592,5844992,0,95203328,0,19,6]
02-09 04:48:14.323 I/am_pss ( 1240): [6394,10088,com.android.music,6632448,4780032,0,90660864,0,19,5]
02-09 04:48:14.328 I/am_pss ( 1240): [6115,10018,com.android.externalstorage,5768192,4005888,0,93184000,0,19,5]
02-09 04:48:14.335 I/am_pss ( 1240): [5406,10067,com.android.deskclock,8657920,6262784,0,96604160,0,19,6]
02-09 04:48:14.341 I/am_pss ( 1240): [6143,10022,android.process.media,9878528,7876608,0,101154816,0,19,5]
02-09 04:48:14.347 I/am_pss ( 1240): [3531,10029,com.android.managedprovisioning,8854528,7180288,0,94048256,0,19,5]
02-09 04:48:14.771 I/wm_stop_activity( 1240): [0,208887896,com.android.launcher3/.uioverrides.QuickstepLauncher]
02-09 04:48:14.798 I/wm_on_stop_called( 6009): [208887896,com.android.launcher3.uioverrides.QuickstepLauncher,STOP_ACTIVITY_ITEM]
02-09 04:48:15.413 I/input_interaction( 1240): Interaction with: a3aea84 com.android.settings/com.android.settings.Settings (server), swipe-up (server), edge-swipe (server), PointerEventDispatcher0 (server),
02-09 04:48:15.452 I/view_enqueue_input_event( 5623): [Motion - Cancel,com.android.settings/com.android.settings.Settings]
02-09 04:48:15.465 I/input_interaction( 1240): Interaction with: swipe-up (server), edge-swipe (server), PointerEventDispatcher0 (server),
02-09 04:48:15.992 I/sysui_multi_action( 1240): [757,803,799,key_back_press,802,1]
02-09 04:48:15.996 I/input_interaction( 1240): Interaction with: a3aea84 com.android.settings/com.android.settings.Settings (server), PointerEventDispatcher0 (server),
02-09 04:48:15.998 I/wm_task_moved( 1240): [80,0,0]
02-09 04:48:16.000 I/wm_focused_root_task( 1240): [0,0,60,80,moveTaskToBackLocked]
02-09 04:48:16.001 I/wm_add_to_stopping( 1240): [0,166350893,com.android.settings/.Settings,makeInvisible]
02-09 04:48:16.002 I/wm_pause_activity( 1240): [0,166350893,com.android.settings/.Settings,userLeaving=false,pauseBackTasks]
02-09 04:48:16.005 I/wm_set_resumed_activity( 1240): [0,com.android.launcher3/.uioverrides.QuickstepLauncher,resumeTopActivityInnerLocked]
02-09 04:48:16.007 I/wm_resume_activity( 1240): [0,208887896,61,com.android.launcher3/.uioverrides.QuickstepLauncher]
02-09 04:48:16.012 I/wm_on_top_resumed_lost_called( 5623): [166350893,com.android.settings.Settings,topStateChangedWhenResumed]
02-09 04:48:16.017 I/sysui_multi_action( 1240): [757,803,799,window_time_0,802,2]
02-09 04:48:16.018 I/input_focus( 1240): [Focus leaving a3aea84 com.android.settings/com.android.settings.Settings (server),reason=NO_WINDOW]
02-09 04:48:16.020 I/sysui_multi_action( 5623): [757,35,758,2,1089,1775]
02-09 04:48:16.021 I/sysui_multi_action( 5623): [757,46,758,2,1089,1775]
02-09 04:48:16.022 I/wm_on_restart_called( 6009): [208887896,com.android.launcher3.uioverrides.QuickstepLauncher,performRestartActivity]
02-09 04:48:16.022 I/wm_on_start_called( 6009): [208887896,com.android.launcher3.uioverrides.QuickstepLauncher,handleStartActivity]
02-09 04:48:16.023 I/wm_on_resume_called( 6009): [208887896,com.android.launcher3.uioverrides.QuickstepLauncher,RESUME_ACTIVITY]
02-09 04:48:16.023 I/wm_on_top_resumed_gained_called( 6009): [208887896,com.android.launcher3.uioverrides.QuickstepLauncher,topStateChangedWhenResumed]
02-09 04:48:16.026 I/wm_on_paused_called( 5623): [166350893,com.android.settings.Settings,performPause]
02-09 04:48:16.037 I/input_focus( 1240): [Focus request 1abb98b com.android.launcher3/com.android.launcher3.uioverrides.QuickstepLauncher,reason=UpdateInputWindows]
02-09 04:48:16.087 I/input_focus( 1240): [Focus entering 1abb98b com.android.launcher3/com.android.launcher3.uioverrides.QuickstepLauncher (server),reason=Window became focusable. Previous reason: NOT_VISIBLE]
02-09 04:48:16.425 I/wm_stop_activity( 1240): [0,166350893,com.android.settings/.Settings]
02-09 04:48:16.462 I/wm_on_stop_called( 5623): [166350893,com.android.settings.Settings,STOP_ACTIVITY_ITEM]
02-09 04:48:16.646 I/input_interaction( 1240): Interaction with: 1abb98b com.android.launcher3/com.android.launcher3.uioverrides.QuickstepLauncher (server), f1cc593 com.android.systemui.ImageWallpaper (server), swipe-up (server), edge-swipe (server), PointerEventDispatcher0 (server),
02-09 04:48:16.708 I/view_enqueue_input_event( 6009): [Motion - Cancel,com.android.launcher3/com.android.launcher3.uioverrides.QuickstepLauncher]
02-09 04:48:16.712 I/input_interaction( 1240): Interaction with: swipe-up (server), edge-swipe (server), PointerEventDispatcher0 (server),
02-09 04:48:16.891 I/commit_sys_config_file( 1240): [settings-1-0,5]
02-09 04:48:17.250 I/commit_sys_config_file( 1240): [settings-1-0,4]
02-09 04:48:20.214 I/input_interaction( 1240): Interaction with: 1abb98b com.android.launcher3/com.android.launcher3.uioverrides.QuickstepLauncher (server), f1cc593 com.android.systemui.ImageWallpaper (server), swipe-up (server), edge-swipe (server), PointerEventDispatcher0 (server),
02-09 04:48:20.616 I/commit_sys_config_file( 1240): [settings-1-0,7]
02-09 04:48:30.330 I/commit_sys_config_file( 1240): [settings-1-0,8]
02-09 04:48:33.194 I/view_enqueue_input_event( 6009): [Motion - Cancel,com.android.launcher3/com.android.launcher3.uioverrides.QuickstepLauncher]
02-09 04:48:33.199 I/input_interaction( 1240): Interaction with: swipe-up (server), edge-swipe (server), PointerEventDispatcher0 (server),
02-09 04:48:33.351 I/service_manager_stats( 1240): [100,43,55159]
02-09 04:48:33.381 I/commit_sys_config_file( 1240): [settings-1-0,4]
02-09 04:48:33.793 I/commit_sys_config_file( 1240): [settings-1-0,4]
02-09 04:48:35.086 I/input_interaction( 1240): Interaction with: 1abb98b com.android.launcher3/com.android.launcher3.uioverrides.QuickstepLauncher (server), f1cc593 com.android.systemui.ImageWallpaper (server), swipe-up (server), edge-swipe (server), PointerEventDispatcher0 (server),
02-09 04:48:36.218 I/view_enqueue_input_event( 6009): [Motion - Cancel,com.android.launcher3/com.android.launcher3.uioverrides.QuickstepLauncher]
02-09 04:48:36.225 I/input_interaction( 1240): Interaction with: swipe-up (server), edge-swipe (server), PointerEventDispatcher0 (server),
02-09 04:48:36.405 I/commit_sys_config_file( 1240): [settings-1-0,4]
02-09 04:48:36.757 I/commit_sys_config_file( 1240): [settings-1-0,12]
02-09 04:48:37.453 I/input_interaction( 1240): Interaction with: 1abb98b com.android.launcher3/com.android.launcher3.uioverrides.QuickstepLauncher (server), f1cc593 com.android.systemui.ImageWallpaper (server), swipe-up (server), edge-swipe (server), PointerEventDispatcher0 (server),
