02-09 05:03:24.717 I/service_manager_stats( 1240): [100,26,7082]
02-09 05:03:24.734 I/am_wtf ( 1240): [0,1240,system_server,-1,DisplayDeviceConfig,requesting nits when no mapping exists.]
02-09 05:03:24.734 I/am_wtf ( 1240): [0,1240,system_server,-1,DisplayDeviceConfig,requesting nits when no mapping exists.]
02-09 05:03:24.750 I/am_wtf ( 1240): [0,1240,system_server,-1,DisplayDeviceConfig,requesting nits when no mapping exists.]
02-09 05:03:24.750 I/am_wtf ( 1240): [0,1240,system_server,-1,DisplayDeviceConfig,requesting nits when no mapping exists.]
02-09 05:03:24.767 I/am_wtf ( 1240): [0,1240,system_server,-1,DisplayDeviceConfig,requesting nits when no mapping exists.]
02-09 05:03:24.767 I/am_wtf ( 1240): [0,1240,system_server,-1,DisplayDeviceConfig,requesting nits when no mapping exists.]
02-09 05:03:24.784 I/am_wtf ( 1240): [0,1240,system_server,-1,DisplayDeviceConfig,requesting nits when no mapping exists.]
02-09 05:03:24.784 I/am_wtf ( 1240): [0,1240,system_server,-1,DisplayDeviceConfig,requesting nits when no mapping exists.]
02-09 05:03:24.800 I/am_wtf ( 1240): [0,1240,system_server,-1,DisplayDeviceConfig,requesting nits when no mapping exists.]
02-09 05:03:24.801 I/am_wtf ( 1240): [0,1240,system_server,-1,DisplayDeviceConfig,requesting nits when no mapping exists.]
02-09 05:03:24.817 I/am_wtf ( 1240): [0,1240,system_server,-1,DisplayDeviceConfig,requesting nits when no mapping exists.]
02-09 05:03:24.817 I/am_wtf ( 1240): [0,1240,system_server,-1,DisplayDeviceConfig,requesting nits when no mapping exists.]
02-09 05:03:24.833 I/am_wtf ( 1240): [0,1240,system_server,-1,DisplayDeviceConfig,requesting nits when no mapping exists.]
02-09 05:03:24.833 I/am_wtf ( 1240): [0,1240,system_server,-1,DisplayDeviceConfig,requesting nits when no mapping exists.]
02-09 05:03:24.850 I/am_wtf ( 1240): [0,1240,system_server,-1,DisplayDeviceConfig,requesting nits when no mapping exists.]
02-09 05:03:24.850 I/am_wtf ( 1240): [0,1240,system_server,-1,DisplayDeviceConfig,requesting nits when no mapping exists.]
02-09 05:03:24.867 I/am_wtf ( 1240): [0,1240,system_server,-1,DisplayDeviceConfig,requesting nits when no mapping exists.]
02-09 05:03:24.867 I/am_wtf ( 1240): [0,1240,system_server,-1,DisplayDeviceConfig,requesting nits when no mapping exists.]
02-09 05:03:24.883 I/am_wtf ( 1240): [0,1240,system_server,-1,DisplayDeviceConfig,requesting nits when no mapping exists.]
02-09 05:03:24.883 I/am_wtf ( 1240): [0,1240,system_server,-1,DisplayDeviceConfig,requesting nits when no mapping exists.]
02-09 05:03:24.900 I/am_wtf ( 1240): [0,1240,system_server,-1,DisplayDeviceConfig,requesting nits when no mapping exists.]
02-09 05:03:24.900 I/am_wtf ( 1240): [0,1240,system_server,-1,DisplayDeviceConfig,requesting nits when no mapping exists.]
02-09 05:03:24.917 I/am_wtf ( 1240): [0,1240,system_server,-1,DisplayDeviceConfig,requesting nits when no mapping exists.]
02-09 05:03:24.917 I/am_wtf ( 1240): [0,1240,system_server,-1,DisplayDeviceConfig,requesting nits when no mapping exists.]
02-09 05:03:24.933 I/am_wtf ( 1240): [0,1240,system_server,-1,DisplayDeviceConfig,requesting nits when no mapping exists.]
02-09 05:03:24.934 I/am_wtf ( 1240): [0,1240,system_server,-1,DisplayDeviceConfig,requesting nits when no mapping exists.]
02-09 05:03:24.950 I/am_wtf ( 1240): [0,1240,system_server,-1,DisplayDeviceConfig,requesting nits when no mapping exists.]
02-09 05:03:24.950 I/am_wtf ( 1240): [0,1240,system_server,-1,DisplayDeviceConfig,requesting nits when no mapping exists.]
02-09 05:03:24.967 I/am_wtf ( 1240): [0,1240,system_server,-1,DisplayDeviceConfig,requesting nits when no mapping exists.]
02-09 05:03:24.967 I/am_wtf ( 1240): [0,1240,system_server,-1,DisplayDeviceConfig,requesting nits when no mapping exists.]
02-09 05:03:24.984 I/am_wtf ( 1240): [0,1240,system_server,-1,DisplayDeviceConfig,requesting nits when no mapping exists.]
02-09 05:03:24.984 I/am_wtf ( 1240): [0,1240,system_server,-1,DisplayDeviceConfig,requesting nits when no mapping exists.]
02-09 05:03:25.000 I/am_wtf ( 1240): [0,1240,system_server,-1,DisplayDeviceConfig,requesting nits when no mapping exists.]
02-09 05:03:25.000 I/am_wtf ( 1240): [0,1240,system_server,-1,DisplayDeviceConfig,requesting nits when no mapping exists.]
02-09 05:03:27.059 I/liblog ( 1375): 58
02-09 05:04:20.645 I/am_freeze( 1240): [5464,com.qualcomm.qti.qccauthmgr]
02-09 05:04:20.647 I/am_kill ( 1240): [0,5464,com.qualcomm.qti.qccauthmgr,945,Unable to freeze binder interface]
02-09 05:04:20.681 I/am_proc_died( 1240): [0,5464,com.qualcomm.qti.qccauthmgr,945,19]
02-09 05:04:20.682 I/am_uid_stopped( 1240): 10083
02-09 05:04:20.693 I/am_pss ( 1240): [8578,10044,com.thundercomm.screensaver,60491776,54075392,0,175702016,0,2,7]
02-09 05:04:20.698 I/am_pss ( 1240): [8693,1000,com.qti.diagservices,6099968,3837952,0,93626368,0,10,5]
02-09 05:04:20.703 I/am_pss ( 1240): [7183,10020,com.android.musicfx,5865472,3973120,0,90349568,0,19,4]
02-09 05:04:30.408 I/am_uid_idle( 1240): 10063
02-09 05:04:34.228 I/am_freeze( 1240): [7525,com.android.providers.calendar]
02-09 05:04:34.230 I/am_kill ( 1240): [0,7525,com.android.providers.calendar,985,Unable to freeze binder interface]
02-09 05:04:34.268 I/am_proc_died( 1240): [0,7525,com.android.providers.calendar,985,19]
02-09 05:04:34.269 I/am_uid_stopped( 1240): 10030
02-09 05:04:34.286 I/am_pss ( 1240): [8578,10044,com.thundercomm.screensaver,60540928,54075392,0,175702016,0,2,12]
02-09 05:05:41.816 I/input_interaction( 1240): Interaction with: 19069ce com.thundercomm.screensaver/android.service.dreams.DreamActivity (server), swipe-up (server), edge-swipe (server), PointerEventDispatcher0 (server),
02-09 05:05:41.820 I/wm_finish_activity( 1240): [0,196106114,100,com.thundercomm.screensaver/android.service.dreams.DreamActivity,finish-activity]
02-09 05:05:41.820 I/wm_task_moved( 1240): [60,1,5]
02-09 05:05:41.820 I/wm_task_moved( 1240): [61,1,2147483647]
02-09 05:05:41.820 I/wm_task_to_front( 1240): [0,61]
02-09 05:05:41.821 I/wm_focused_root_task( 1240): [0,0,60,100,finish-top adjustFocusToNextFocusableTask]
02-09 05:05:41.821 I/wm_set_resumed_activity( 1240): [0,com.android.launcher3/.uioverrides.QuickstepLauncher,finish-top adjustFocusToNextFocusableTask]
02-09 05:05:41.822 I/wm_pause_activity( 1240): [0,196106114,com.thundercomm.screensaver/android.service.dreams.DreamActivity,userLeaving=false,finish]
02-09 05:05:41.828 I/sysui_multi_action( 1240): [757,803,799,window_time_0,802,138]
02-09 05:05:41.829 I/wm_on_top_resumed_lost_called( 8578): [196106114,android.service.dreams.DreamActivity,topStateChangedWhenResumed]
02-09 05:05:41.829 I/wm_on_paused_called( 8578): [196106114,android.service.dreams.DreamActivity,performPause]
02-09 05:05:41.830 I/wm_add_to_stopping( 1240): [0,196106114,com.thundercomm.screensaver/android.service.dreams.DreamActivity,completeFinishing]
02-09 05:05:41.832 I/wm_set_resumed_activity( 1240): [0,com.android.launcher3/.uioverrides.QuickstepLauncher,resumeTopActivityInnerLocked]
02-09 05:05:41.832 I/wm_resume_activity( 1240): [0,208887896,61,com.android.launcher3/.uioverrides.QuickstepLauncher]
02-09 05:05:41.838 I/input_focus( 1240): [Focus leaving 19069ce com.thundercomm.screensaver/android.service.dreams.DreamActivity (server),reason=NO_WINDOW]
02-09 05:05:41.839 I/sysui_multi_action( 1240): [757,803,799,window_time_0,802,0]
02-09 05:05:41.839 I/input_interaction( 1240): Interaction with: swipe-up (server), edge-swipe (server), PointerEventDispatcher0 (server),
02-09 05:05:41.844 I/view_enqueue_input_event( 8578): [Motion - Cancel,com.thundercomm.screensaver/android.service.dreams.DreamActivity]
02-09 05:05:41.845 I/wm_on_restart_called( 6009): [208887896,com.android.launcher3.uioverrides.QuickstepLauncher,performRestartActivity]
02-09 05:05:41.845 I/wm_on_start_called( 6009): [208887896,com.android.launcher3.uioverrides.QuickstepLauncher,handleStartActivity]
02-09 05:05:41.845 I/wm_on_resume_called( 6009): [208887896,com.android.launcher3.uioverrides.QuickstepLauncher,RESUME_ACTIVITY]
02-09 05:05:41.845 I/wm_on_top_resumed_gained_called( 6009): [208887896,com.android.launcher3.uioverrides.QuickstepLauncher,topWhenResuming]
02-09 05:05:41.851 I/am_uid_active( 1240): 10063
02-09 05:05:41.862 I/input_focus( 1240): [Focus request 1abb98b com.android.launcher3/com.android.launcher3.uioverrides.QuickstepLauncher,reason=UpdateInputWindows]
02-09 05:05:41.883 I/input_focus( 1240): [Focus entering 1abb98b com.android.launcher3/com.android.launcher3.uioverrides.QuickstepLauncher (server),reason=setFocusedWindow]
02-09 05:05:42.116 I/wm_destroy_activity( 1240): [0,196106114,100,com.thundercomm.screensaver/android.service.dreams.DreamActivity,finish-imm:idle]
02-09 05:05:42.138 I/wm_on_stop_called( 8578): [196106114,android.service.dreams.DreamActivity,LIFECYCLER_STOP_ACTIVITY]
02-09 05:05:42.139 I/wm_on_destroy_called( 8578): [196106114,android.service.dreams.DreamActivity,performDestroy]
02-09 05:05:42.142 I/sysui_multi_action( 1240): [757,222,758,2]
02-09 05:05:42.142 I/sysui_multi_action( 1240): [757,804,799,dreaming_minutes,801,2,802,1]
02-09 05:05:42.149 I/wm_task_removed( 1240): [100,removeChild:removeChild last r=ActivityRecord{bb05782 u0 com.thundercomm.screensaver/android.service.dreams.DreamActivity t-1 f}} in t=Task{6703df #100 type=dream A=10044:android:com.thundercomm.screensaver/dream U=0 visible=false mode=fullscreen translucent=true sz=0}]
02-09 05:05:42.149 I/wm_task_removed( 1240): [100,removeChild]
02-09 05:06:10.207 I/am_freeze( 1240): [7183,com.android.musicfx]
02-09 05:06:10.209 I/am_kill ( 1240): [0,7183,com.android.musicfx,965,Unable to freeze binder interface]
02-09 05:06:10.237 I/am_proc_died( 1240): [0,7183,com.android.musicfx,965,19]
02-09 05:06:10.237 I/am_uid_stopped( 1240): 10020
02-09 05:06:10.248 I/am_pss ( 1240): [8578,10044,com.thundercomm.screensaver,28891136,22384640,0,144007168,0,19,8] --------- beginning of main
02-09 05:06:11.176 D/RemoteControlService( 2357): startVlanDispatchThread
02-09 05:06:11.781 I/mpu_uart( 645): [MSG-P:RECV]:No message received in 1000 ms
02-09 05:06:12.035 W/hpplay-java( 2754): [main]:IPManager:getActiveNets invalid networkInfo:null
02-09 05:06:12.035 I/hpplay-java( 2754): [main]:IPManager:getActiveNets eth0:false wifi:false mobile:false ap:false
02-09 05:06:12.035 I/hpplay-java( 2754): [main]:ServerTaskManager:get local ip:null
02-09 05:06:12.781 I/mpu_uart( 645): [MSG-P:RECV]:No message received in 1000 ms
02-09 05:06:13.037 W/hpplay-java( 2754): [main]:IPManager:getActiveNets invalid networkInfo:null
02-09 05:06:13.038 I/hpplay-java( 2754): [main]:IPManager:getActiveNets eth0:false wifi:false mobile:false ap:false
02-09 05:06:13.038 I/hpplay-java( 2754): [main]:ServerTaskManager:get local ip:null --------- beginning of kernel
01-04 09:34:48.481 E/DTC_ETH,link_delay_work_func( 0): 3003, SQI=0, link=0
02-09 05:06:13.440 I/mpu_uart( 645): [MSG-P:R]:recv sync frame timeout
02-09 05:06:13.782 I/mpu_uart( 645): [MSG-P:RECV]:No message received in 1000 ms
02-09 05:06:14.030 E/tlogd ( 1349): [TzLogger](isPathReadable) file /sys/kernel/debug/tzdbg/qsee_log isn't exist or no permission, err: No such file or directory
02-09 05:06:14.030 E/tlogd ( 1349): [TzLogger](saveTzlogAsync) /sys/kernel/debug/tzdbg/qsee_log can not read.
02-09 05:06:14.030 E/tlogd ( 1349): [TzLogger](isPathReadable) file /sys/kernel/debug/tzdbg/log isn't exist or no permission, err: No such file or directory
02-09 05:06:14.030 E/tlogd ( 1349): [TzLogger](saveTzlogAsync) /sys/kernel/debug/tzdbg/log can not read.
02-09 05:06:14.039 W/hpplay-java( 2754): [main]:IPManager:getActiveNets invalid networkInfo:null
02-09 05:06:14.039 I/hpplay-java( 2754): [main]:IPManager:getActiveNets eth0:false wifi:false mobile:false ap:false
02-09 05:06:14.039 I/hpplay-java( 2754): [main]:ServerTaskManager:get local ip:null
02-09 05:06:14.782 I/mpu_uart( 645): [MSG-P:RECV]:No message received in 1000 ms
02-09 05:06:15.041 W/hpplay-java( 2754): [main]:IPManager:getActiveNets invalid networkInfo:null
02-09 05:06:15.041 I/hpplay-java( 2754): [main]:IPManager:getActiveNets eth0:false wifi:false mobile:false ap:false
02-09 05:06:15.042 I/hpplay-java( 2754): [main]:ServerTaskManager:get local ip:null
02-09 05:06:15.782 I/mpu_uart( 645): [MSG-P:RECV]:No message received in 1000 ms
02-09 05:06:16.044 W/hpplay-java( 2754): [main]:IPManager:getActiveNets invalid networkInfo:null
02-09 05:06:16.044 I/hpplay-java( 2754): [main]:IPManager:getActiveNets eth0:false wifi:false mobile:false ap:false
02-09 05:06:16.044 I/hpplay-java( 2754): [main]:ServerTaskManager:get local ip:null
02-09 05:06:16.190 D/RemoteControlService( 2357): startVlanDispatchThread
02-09 05:06:16.443 I/mpu_uart( 645): [MSG-P:R]:recv sync frame timeout
02-09 05:06:16.782 I/mpu_uart( 645): [MSG-P:RECV]:No message received in 1000 ms
02-09 05:06:17.046 W/hpplay-java( 2754): [main]:IPManager:getActiveNets invalid networkInfo:null
02-09 05:06:17.046 I/hpplay-java( 2754): [main]:IPManager:getActiveNets eth0:false wifi:false mobile:false ap:false
02-09 05:06:17.046 I/hpplay-java( 2754): [main]:ServerTaskManager:get local ip:null
02-09 05:06:17.513 I/WnsLogger( 6602): [Q:main][WnsSessionMonitor.cpp:132][monitorSession]:monitorSession
02-09 05:06:17.782 I/mpu_uart( 645): [MSG-P:RECV]:No message received in 1000 ms
02-09 05:06:18.048 W/hpplay-java( 2754): [main]:IPManager:getActiveNets invalid networkInfo:null
02-09 05:06:18.048 I/hpplay-java( 2754): [main]:IPManager:getActiveNets eth0:false wifi:false mobile:false ap:false
02-09 05:06:18.048 I/hpplay-java( 2754): [main]:ServerTaskManager:get local ip:null
01-04 09:34:53.601 E/DTC_ETH,link_delay_work_func( 0): 3003, SQI=0, link=0
02-09 05:06:18.783 I/mpu_uart( 645): [MSG-P:RECV]:No message received in 1000 ms
02-09 05:06:19.030 E/tlogd ( 1349): [TzLogger](isPathReadable) file /sys/kernel/debug/tzdbg/qsee_log isn't exist or no permission, err: No such file or directory
02-09 05:06:19.030 E/tlogd ( 1349): [TzLogger](saveTzlogAsync) /sys/kernel/debug/tzdbg/qsee_log can not read.
02-09 05:06:19.030 E/tlogd ( 1349): [TzLogger](isPathReadable) file /sys/kernel/debug/tzdbg/log isn't exist or no permission, err: No such file or directory
02-09 05:06:19.031 E/tlogd ( 1349): [TzLogger](saveTzlogAsync) /sys/kernel/debug/tzdbg/log can not read.
02-09 05:06:19.050 W/hpplay-java( 2754): [main]:IPManager:getActiveNets invalid networkInfo:null
02-09 05:06:19.050 I/hpplay-java( 2754): [main]:IPManager:getActiveNets eth0:false wifi:false mobile:false ap:false
02-09 05:06:19.050 I/hpplay-java( 2754): [main]:ServerTaskManager:get local ip:null
02-09 05:06:19.446 I/mpu_uart( 645): [MSG-P:R]:recv sync frame timeout
02-09 05:06:19.783 I/mpu_uart( 645): [MSG-P:RECV]:No message received in 1000 ms
02-09 05:06:20.052 W/hpplay-java( 2754): [main]:IPManager:getActiveNets invalid networkInfo:null
02-09 05:06:20.052 I/hpplay-java( 2754): [main]:IPManager:getActiveNets eth0:false wifi:false mobile:false ap:false
02-09 05:06:20.052 I/hpplay-java( 2754): [main]:ServerTaskManager:get local ip:null
02-09 05:06:20.783 I/mpu_uart( 645): [MSG-P:RECV]:No message received in 1000 ms
02-09 05:06:21.054 W/hpplay-java( 2754): [main]:IPManager:getActiveNets invalid networkInfo:null
02-09 05:06:21.054 I/hpplay-java( 2754): [main]:IPManager:getActiveNets eth0:false wifi:false mobile:false ap:false
02-09 05:06:21.054 I/hpplay-java( 2754): [main]:ServerTaskManager:get local ip:null
02-09 05:06:21.198 D/RemoteControlService( 2357): startVlanDispatchThread
02-09 05:06:21.783 I/mpu_uart( 645): [MSG-P:RECV]:No message received in 1000 ms
02-09 05:06:22.056 W/hpplay-java( 2754): [main]:IPManager:getActiveNets invalid networkInfo:null
02-09 05:06:22.056 I/hpplay-java( 2754): [main]:IPManager:getActiveNets eth0:false wifi:false mobile:false ap:false
02-09 05:06:22.056 I/hpplay-java( 2754): [main]:ServerTaskManager:get local ip:null
02-09 05:06:22.448 I/mpu_uart( 645): [MSG-P:R]:recv sync frame timeout
02-09 05:06:22.783 I/mpu_uart( 645): [MSG-P:RECV]:No message received in 1000 ms
02-09 05:06:23.058 W/hpplay-java( 2754): [main]:IPManager:getActiveNets invalid networkInfo:null
02-09 05:06:23.058 I/hpplay-java( 2754): [main]:IPManager:getActiveNets eth0:false wifi:false mobile:false ap:false
02-09 05:06:23.058 I/hpplay-java( 2754): [main]:ServerTaskManager:get local ip:null
01-04 09:34:58.721 E/DTC_ETH,link_delay_work_func( 0): 3003, SQI=0, link=0
01-04 09:34:58.727 I/logd ( 0): logdr: UID=2000 GID=2000 PID=8756 b tail=0 logMask=bf pid=0 start=0ns deadline=0ns
02-09 05:06:23.784 I/mpu_uart( 645): [MSG-P:RECV]:No message received in 1000 ms
02-09 05:06:24.031 E/tlogd ( 1349): [TzLogger](isPathReadable) file /sys/kernel/debug/tzdbg/qsee_log isn't exist or no permission, err: No such file or directory
02-09 05:06:24.031 E/tlogd ( 1349): [TzLogger](saveTzlogAsync) /sys/kernel/debug/tzdbg/qsee_log can not read.
02-09 05:06:24.031 E/tlogd ( 1349): [TzLogger](isPathReadable) file /sys/kernel/debug/tzdbg/log isn't exist or no permission, err: No such file or directory
02-09 05:06:24.031 E/tlogd ( 1349): [TzLogger](saveTzlogAsync) /sys/kernel/debug/tzdbg/log can not read.
02-09 05:06:24.061 W/hpplay-java( 2754): [main]:IPManager:getActiveNets invalid networkInfo:null
02-09 05:06:24.061 I/hpplay-java( 2754): [main]:IPManager:getActiveNets eth0:false wifi:false mobile:false ap:false
02-09 05:06:24.061 I/hpplay-java( 2754): [main]:ServerTaskManager:get local ip:null
02-09 05:06:24.784 I/mpu_uart( 645): [MSG-P:RECV]:No message received in 1000 ms
02-09 05:06:25.062 W/hpplay-java( 2754): [main]:IPManager:getActiveNets invalid networkInfo:null
02-09 05:06:25.062 I/hpplay-java( 2754): [main]:IPManager:getActiveNets eth0:false wifi:false mobile:false ap:false
02-09 05:06:25.062 I/hpplay-java( 2754): [main]:ServerTaskManager:get local ip:null
02-09 05:06:25.066 I/selfinstaller( 1289): create socket failed: Network is unreachable 101
02-09 05:06:25.451 I/mpu_uart( 645): [MSG-P:R]:recv sync frame timeout
02-09 05:06:25.784 I/mpu_uart( 645): [MSG-P:RECV]:No message received in 1000 ms
02-09 05:06:26.064 W/hpplay-java( 2754): [main]:IPManager:getActiveNets invalid networkInfo:null
02-09 05:06:26.064 I/hpplay-java( 2754): [main]:IPManager:getActiveNets eth0:false wifi:false mobile:false ap:false
02-09 05:06:26.064 I/hpplay-java( 2754): [main]:ServerTaskManager:get local ip:null
02-09 05:06:26.207 D/RemoteControlService( 2357): startVlanDispatchThread
02-09 05:06:26.719 I/input_interaction( 1240): Interaction with: ba46e9b StatusBar (server), swipe-up (server), edge-swipe (server), PointerEventDispatcher0 (server),
02-09 05:06:26.723 I/sysui_multi_action( 2005): [757,803,799,panel_open,802,1]
02-09 05:06:26.725 I/sysui_multi_action( 2005): [757,1328,758,4,1326,47,1327,1,1329,0]
02-09 05:06:26.784 I/mpu_uart( 645): [MSG-P:RECV]:No message received in 1000 ms
02-09 05:06:26.812 D/StatusBar( 2005): disable disable2
02-09 05:06:26.812 I/sysui_multi_action( 1240): [757,127,758,1]
02-09 05:06:26.812 I/sysui_multi_action( 1240): [757,804,799,note_load,801,3,802,1]
02-09 05:06:26.812 I/notification_panel_revealed( 1240): 3
02-09 05:06:26.824 I/input_focus( 1240): [Focus request 8e4c0d9 NotificationShade,reason=UpdateInputWindows]
02-09 05:06:26.834 I/sysui_multi_action( 1240): [757,128,758,1,793,2669755,794,0,795,2669755,796,26,798,0,806,android,857,DEVELOPER_IMPORTANT,858,4,947,0,1395,3,1500,2669362,1688,1]
02-09 05:06:26.834 I/sysui_multi_action( 1240): [757,804,799,note_freshness,801,2669755,802,1]
02-09 05:06:26.834 I/notification_visibility( 1240): [-1|android|26|null|1000,1,2669755,2669755,0,0]
02-09 05:06:26.835 I/sysui_multi_action( 1240): [757,128,758,1,793,2664866,794,0,795,2664866,796,17303299,797,com.android.wifi,798,1,806,android,857,NETWORK_AVAILABLE,858,2,947,0,1395,3,1500,2664666,1688,1]
02-09 05:06:26.835 I/sysui_multi_action( 1240): [757,804,799,note_freshness,801,2664866,802,1]
02-09 05:06:26.835 I/notification_visibility( 1240): [0|android|17303299|com.android.wifi|1000,1,2664866,2664866,0,1]
02-09 05:06:26.835 I/sysui_multi_action( 1240): [757,128,758,1,793,2670543,794,0,795,2670543,796,32,798,2,806,android,857,USB,858,1,947,0,1395,3,1500,2670492,1688,1]
02-09 05:06:26.835 I/sysui_multi_action( 1240): [757,804,799,note_freshness,801,2670543,802,1]
02-09 05:06:26.835 I/notification_visibility( 1240): [-1|android|32|null|1000,1,2670543,2670543,0,2]
02-09 05:06:26.835 W/View ( 2005): requestLayout() improperly called by android.widget.FrameLayout{1607d4e I.E...... ......ID 0,0-780,198 #2bc} during second layout pass: posting in next frame
02-09 05:06:26.835 W/View ( 2005): requestLayout() improperly called by com.android.systemui.statusbar.AlphaOptimizedImageView{bedb049 VFED..C.. ......ID 0,0-140,198} during second layout pass: posting in next frame
02-09 05:06:26.835 W/View ( 2005): requestLayout() improperly called by android.widget.FrameLayout{904d2d6 I.E...... ......ID 0,0-780,330 #2bc} during second layout pass: posting in next frame
02-09 05:06:26.835 W/View ( 2005): requestLayout() improperly called by com.android.systemui.statusbar.AlphaOptimizedImageView{a46de98 VFED..C.. ......ID 0,0-140,132} during second layout pass: posting in next frame
02-09 05:06:26.836 W/View ( 2005): requestLayout() improperly called by com.android.systemui.statusbar.AlphaOptimizedImageView{98f46f1 VFED..C.. ......ID 0,0-140,132} during second layout pass: posting in next frame
02-09 05:06:26.836 W/View ( 2005): requestLayout() improperly called by android.widget.FrameLayout{bc0edc1 I.E...... ......ID 0,0-780,198 #2bc} during second layout pass: posting in next frame
02-09 05:06:26.836 W/View ( 2005): requestLayout() improperly called by com.android.systemui.statusbar.AlphaOptimizedImageView{84e9ea8 VFED..C.. ......ID 0,0-140,84} during second layout pass: posting in next frame
02-09 05:06:26.838 W/View ( 2005): requestLayout() improperly called by android.widget.FrameLayout{1607d4e I.E...... ......ID 0,0-780,198 #2bc} during layout: running second layout pass
02-09 05:06:26.838 W/View ( 2005): requestLayout() improperly called by com.android.systemui.statusbar.AlphaOptimizedImageView{bedb049 VFED..C.. ......ID 0,0-140,198} during layout: running second layout pass
02-09 05:06:26.838 W/View ( 2005): requestLayout() improperly called by android.widget.FrameLayout{904d2d6 I.E...... ......ID 0,0-780,330 #2bc} during layout: running second layout pass
02-09 05:06:26.838 W/View ( 2005): requestLayout() improperly called by com.android.systemui.statusbar.AlphaOptimizedImageView{a46de98 VFED..C.. ......ID 0,0-140,132} during layout: running second layout pass
02-09 05:06:26.838 W/View ( 2005): requestLayout() improperly called by com.android.systemui.statusbar.AlphaOptimizedImageView{98f46f1 VFED..C.. ......ID 0,0-140,132} during layout: running second layout pass
02-09 05:06:26.838 W/View ( 2005): requestLayout() improperly called by android.widget.FrameLayout{bc0edc1 I.E...... ......ID 0,0-780,198 #2bc} during layout: running second layout pass
02-09 05:06:26.838 W/View ( 2005): requestLayout() improperly called by com.android.systemui.statusbar.AlphaOptimizedImageView{84e9ea8 VFED..C.. ......ID 0,0-140,84} during layout: running second layout pass
02-09 05:06:26.849 I/OpenGLRenderer( 2005): Davey! duration=9223369354678ms; Flags=1, FrameTimelineVsyncId=82954, IntendedVsync=2682176244664, Vsync=2682176244664, InputEventId=0, HandleInputStart=2682176448558, AnimationStart=2682190989131, PerformTraversalsStart=2682191568715, DrawStart=2682201603350, FrameDeadline=2682209577996, FrameInterval=2682176446162, FrameStartTime=16666666, SyncQueued=2682203027621, SyncStart=2682203167204, IssueDrawCommandsStart=2682203627152, SwapBuffers=2682204731944, FrameCompleted=9223372036854775807, DequeueBufferDuration=27864, QueueBufferDuration=824635, GpuCompleted=9223372036854775807, SwapBuffersCompleted=2682205969131, DisplayPresentTime=0,
02-09 05:06:26.849 W/View ( 2005): requestLayout() improperly called by android.widget.FrameLayout{1607d4e I.E...... ......ID 0,0-780,198 #2bc} during second layout pass: posting in next frame
02-09 05:06:26.849 W/View ( 2005): requestLayout() improperly called by com.android.systemui.statusbar.AlphaOptimizedImageView{bedb049 VFED..C.. ......ID 0,0-140,198} during second layout pass: posting in next frame
02-09 05:06:26.849 W/View ( 2005): requestLayout() improperly called by android.widget.FrameLayout{904d2d6 I.E...... ......ID 0,0-780,330 #2bc} during second layout pass: posting in next frame
02-09 05:06:26.849 W/View ( 2005): requestLayout() improperly called by com.android.systemui.statusbar.AlphaOptimizedImageView{a46de98 VFED..C.. ......ID 0,0-140,132} during second layout pass: posting in next frame
02-09 05:06:26.849 W/View ( 2005): requestLayout() improperly called by com.android.systemui.statusbar.AlphaOptimizedImageView{98f46f1 VFED..C.. ......ID 0,0-140,132} during second layout pass: posting in next frame
02-09 05:06:26.849 W/View ( 2005): requestLayout() improperly called by android.widget.FrameLayout{bc0edc1 I.E...... ......ID 0,0-780,198 #2bc} during second layout pass: posting in next frame
02-09 05:06:26.849 W/View ( 2005): requestLayout() improperly called by com.android.systemui.statusbar.AlphaOptimizedImageView{84e9ea8 VFED..C.. ......ID 0,0-140,84} during second layout pass: posting in next frame
02-09 05:06:26.849 I/OpenGLRenderer( 2005): Davey! duration=9223369354678ms; Flags=1, FrameTimelineVsyncId=82954, IntendedVsync=2682176244664, Vsync=2682176244664, InputEventId=1062782592, HandleInputStart=2682176448558, AnimationStart=2682190989131, PerformTraversalsStart=2682191568715, DrawStart=2682206081579, FrameDeadline=2682192911330, FrameInterval=2682176446162, FrameStartTime=16666666, SyncQueued=2682206093402, SyncStart=2682206162673, IssueDrawCommandsStart=2682206277881, SwapBuffers=2682207537725, FrameCompleted=9223372036854775807, DequeueBufferDuration=23646, QueueBufferDuration=632708, GpuCompleted=9223372036854775807, SwapBuffersCompleted=2682208576475, DisplayPresentTime=1389547799057186293,
02-09 05:06:26.856 I/input_focus( 1240): [Focus leaving 1abb98b com.android.launcher3/com.android.launcher3.uioverrides.QuickstepLauncher (server),reason=setFocusedWindow]
02-09 05:06:26.856 I/input_focus( 1240): [Focus entering 8e4c0d9 NotificationShade (server),reason=setFocusedWindow]
02-09 05:06:26.858 W/View ( 2005): requestLayout() improperly called by android.widget.FrameLayout{1607d4e I.E...... ......ID 0,0-780,198 #2bc} during layout: running second layout pass
02-09 05:06:26.859 W/View ( 2005): requestLayout() improperly called by com.android.systemui.statusbar.AlphaOptimizedImageView{bedb049 VFED..C.. ......ID 0,0-140,198} during layout: running second layout pass
02-09 05:06:26.859 W/View ( 2005): requestLayout() improperly called by android.widget.FrameLayout{904d2d6 I.E...... ......ID 0,0-780,330 #2bc} during layout: running second layout pass
02-09 05:06:26.859 W/View ( 2005): requestLayout() improperly called by com.android.systemui.statusbar.AlphaOptimizedImageView{a46de98 VFED..C.. ......ID 0,0-140,132} during layout: running second layout pass
02-09 05:06:26.859 W/View ( 2005): requestLayout() improperly called by com.android.systemui.statusbar.AlphaOptimizedImageView{98f46f1 VFED..C.. ......ID 0,0-140,132} during layout: running second layout pass
02-09 05:06:26.859 W/View ( 2005): requestLayout() improperly called by android.widget.FrameLayout{bc0edc1 I.E...... ......ID 0,0-780,198 #2bc} during layout: running second layout pass
02-09 05:06:26.859 W/View ( 2005): requestLayout() improperly called by com.android.systemui.statusbar.AlphaOptimizedImageView{84e9ea8 VFED..C.. ......ID 0,0-140,84} during layout: running second layout pass
02-09 05:06:26.880 W/View ( 2005): requestLayout() improperly called by android.widget.FrameLayout{1607d4e I.E...... ......ID 0,0-780,198 #2bc} during second layout pass: posting in next frame
02-09 05:06:26.880 W/View ( 2005): requestLayout() improperly called by com.android.systemui.statusbar.AlphaOptimizedImageView{bedb049 VFED..C.. ......ID 0,0-140,198} during second layout pass: posting in next frame
02-09 05:06:26.880 W/View ( 2005): requestLayout() improperly called by android.widget.FrameLayout{904d2d6 I.E...... ......ID 0,0-780,330 #2bc} during second layout pass: posting in next frame
02-09 05:06:26.880 W/View ( 2005): requestLayout() improperly called by com.android.systemui.statusbar.AlphaOptimizedImageView{a46de98 VFED..C.. ......ID 0,0-140,132} during second layout pass: posting in next frame
02-09 05:06:26.880 W/View ( 2005): requestLayout() improperly called by com.android.systemui.statusbar.AlphaOptimizedImageView{98f46f1 VFED..C.. ......ID 0,0-140,132} during second layout pass: posting in next frame
02-09 05:06:26.880 W/View ( 2005): requestLayout() improperly called by android.widget.FrameLayout{bc0edc1 I.E...... ......ID 0,0-780,198 #2bc} during second layout pass: posting in next frame
02-09 05:06:26.880 W/View ( 2005): requestLayout() improperly called by com.android.systemui.statusbar.AlphaOptimizedImageView{84e9ea8 VFED..C.. ......ID 0,0-140,84} during second layout pass: posting in next frame
02-09 05:06:26.891 W/View ( 2005): requestLayout() improperly called by android.widget.FrameLayout{1607d4e I.E...... ......ID 0,0-780,198 #2bc} during layout: running second layout pass
02-09 05:06:26.891 W/View ( 2005): requestLayout() improperly called by com.android.systemui.statusbar.AlphaOptimizedImageView{bedb049 VFED..C.. ......ID 0,0-140,198} during layout: running second layout pass
02-09 05:06:26.891 W/View ( 2005): requestLayout() improperly called by android.widget.FrameLayout{904d2d6 I.E...... ......ID 0,0-780,330 #2bc} during layout: running second layout pass
02-09 05:06:26.891 W/View ( 2005): requestLayout() improperly called by com.android.systemui.statusbar.AlphaOptimizedImageView{a46de98 VFED..C.. ......ID 0,0-140,132} during layout: running second layout pass
02-09 05:06:26.891 W/View ( 2005): requestLayout() improperly called by com.android.systemui.statusbar.AlphaOptimizedImageView{98f46f1 VFED..C.. ......ID 0,0-140,132} during layout: running second layout pass
02-09 05:06:26.891 W/View ( 2005): requestLayout() improperly called by android.widget.FrameLayout{bc0edc1 I.E...... ......ID 0,0-780,198 #2bc} during layout: running second layout pass
02-09 05:06:26.891 W/View ( 2005): requestLayout() improperly called by com.android.systemui.statusbar.AlphaOptimizedImageView{84e9ea8 VFED..C.. ......ID 0,0-140,84} during layout: running second layout pass
02-09 05:06:26.915 W/View ( 2005): requestLayout() improperly called by android.widget.FrameLayout{1607d4e I.E...... ......ID 0,0-780,198 #2bc} during second layout pass: posting in next frame
02-09 05:06:26.915 W/View ( 2005): requestLayout() improperly called by com.android.systemui.statusbar.AlphaOptimizedImageView{bedb049 VFED..C.. ......ID 0,0-140,198} during second layout pass: posting in next frame
02-09 05:06:26.915 W/View ( 2005): requestLayout() improperly called by android.widget.FrameLayout{904d2d6 I.E...... ......ID 0,0-780,330 #2bc} during second layout pass: posting in next frame
02-09 05:06:26.915 W/View ( 2005): requestLayout() improperly called by com.android.systemui.statusbar.AlphaOptimizedImageView{a46de98 VFED..C.. ......ID 0,0-140,132} during second layout pass: posting in next frame
02-09 05:06:26.915 W/View ( 2005): requestLayout() improperly called by com.android.systemui.statusbar.AlphaOptimizedImageView{98f46f1 VFED..C.. ......ID 0,0-140,132} during second layout pass: posting in next frame
02-09 05:06:26.915 W/View ( 2005): requestLayout() improperly called by android.widget.FrameLayout{bc0edc1 I.E...... ......ID 0,0-780,198 #2bc} during second layout pass: posting in next frame
02-09 05:06:26.915 W/View ( 2005): requestLayout() improperly called by com.android.systemui.statusbar.AlphaOptimizedImageView{84e9ea8 VFED..C.. ......ID 0,0-140,84} during second layout pass: posting in next frame
02-09 05:06:26.923 I/sysui_multi_action( 2005): [757,111,758,1]
02-09 05:06:26.924 I/sysui_multi_action( 2005): [757,126,758,1,759,126,927,0,928,1,1593,0]
02-09 05:06:26.924 I/sysui_multi_action( 2005): [757,113,758,1,759,113,927,1,928,1,1593,0]
02-09 05:06:26.924 I/sysui_multi_action( 2005): [757,0,758,1,759,0,927,2,928,0,1593,0]
02-09 05:06:26.924 I/sysui_multi_action( 2005): [757,0,758,1,759,0,927,3,928,0,1593,0]
02-09 05:06:26.924 I/sysui_multi_action( 2005): [757,491,758,1,759,491,927,4,928,0,1311,-1,1593,0]
02-09 05:06:26.924 I/sysui_multi_action( 2005): [757,0,758,1,759,0,927,5,928,0,1593,0]
02-09 05:06:26.925 I/sysui_multi_action( 2005): [757,111,758,1]
02-09 05:06:26.925 I/sysui_multi_action( 2005): [757,126,758,1,759,126,927,0,928,1,1593,0]
02-09 05:06:26.925 I/sysui_multi_action( 2005): [757,113,758,1,759,113,927,1,928,1,1593,0]
02-09 05:06:26.925 I/sysui_multi_action( 2005): [757,0,758,1,759,0,927,2,928,0,1593,0]
02-09 05:06:26.925 I/sysui_multi_action( 2005): [757,0,758,1,759,0,927,3,928,0,1593,0]
02-09 05:06:26.930 W/View ( 2005): requestLayout() improperly called by android.widget.FrameLayout{1607d4e I.E...... ......ID 0,0-780,198 #2bc} during layout: running second layout pass
02-09 05:06:26.930 W/View ( 2005): requestLayout() improperly called by com.android.systemui.statusbar.AlphaOptimizedImageView{bedb049 VFED..C.. ......ID 0,0-140,198} during layout: running second layout pass
02-09 05:06:26.930 W/View ( 2005): requestLayout() improperly called by android.widget.FrameLayout{904d2d6 I.E...... ......ID 0,0-780,330 #2bc} during layout: running second layout pass
02-09 05:06:26.930 W/View ( 2005): requestLayout() improperly called by com.android.systemui.statusbar.AlphaOptimizedImageView{a46de98 VFED..C.. ......ID 0,0-140,132} during layout: running second layout pass
02-09 05:06:26.930 W/View ( 2005): requestLayout() improperly called by com.android.systemui.statusbar.AlphaOptimizedImageView{98f46f1 VFED..C.. ......ID 0,0-140,132} during layout: running second layout pass
02-09 05:06:26.930 W/View ( 2005): requestLayout() improperly called by android.widget.FrameLayout{bc0edc1 I.E...... ......ID 0,0-780,198 #2bc} during layout: running second layout pass
02-09 05:06:26.930 W/View ( 2005): requestLayout() improperly called by com.android.systemui.statusbar.AlphaOptimizedImageView{84e9ea8 VFED..C.. ......ID 0,0-140,84} during layout: running second layout pass
02-09 05:06:26.949 W/View ( 2005): requestLayout() improperly called by android.widget.FrameLayout{1607d4e I.E...... ......ID 0,0-780,198 #2bc} during second layout pass: posting in next frame
02-09 05:06:26.949 W/View ( 2005): requestLayout() improperly called by com.android.systemui.statusbar.AlphaOptimizedImageView{bedb049 VFED..C.. ......ID 0,0-140,198} during second layout pass: posting in next frame
02-09 05:06:26.949 W/View ( 2005): requestLayout() improperly called by android.widget.FrameLayout{904d2d6 I.E...... ......ID 0,0-780,330 #2bc} during second layout pass: posting in next frame
02-09 05:06:26.949 W/View ( 2005): requestLayout() improperly called by com.android.systemui.statusbar.AlphaOptimizedImageView{a46de98 VFED..C.. ......ID 0,0-140,132} during second layout pass: posting in next frame
02-09 05:06:26.949 W/View ( 2005): requestLayout() improperly called by com.android.systemui.statusbar.AlphaOptimizedImageView{98f46f1 VFED..C.. ......ID 0,0-140,132} during second layout pass: posting in next frame
02-09 05:06:26.949 W/View ( 2005): requestLayout() improperly called by android.widget.FrameLayout{bc0edc1 I.E...... ......ID 0,0-780,198 #2bc} during second layout pass: posting in next frame
02-09 05:06:26.949 W/View ( 2005): requestLayout() improperly called by com.android.systemui.statusbar.AlphaOptimizedImageView{84e9ea8 VFED..C.. ......ID 0,0-140,84} during second layout pass: posting in next frame
02-09 05:06:26.958 W/View ( 2005): requestLayout() improperly called by android.widget.FrameLayout{1607d4e I.E...... ......ID 0,0-780,198 #2bc} during layout: running second layout pass
02-09 05:06:26.958 W/View ( 2005): requestLayout() improperly called by com.android.systemui.statusbar.AlphaOptimizedImageView{bedb049 VFED..C.. ......ID 0,0-140,198} during layout: running second layout pass
02-09 05:06:26.958 W/View ( 2005): requestLayout() improperly called by android.widget.FrameLayout{904d2d6 I.E...... ......ID 0,0-780,330 #2bc} during layout: running second layout pass
02-09 05:06:26.958 W/View ( 2005): requestLayout() improperly called by com.android.systemui.statusbar.AlphaOptimizedImageView{a46de98 VFED..C.. ......ID 0,0-140,132} during layout: running second layout pass
02-09 05:06:26.958 W/View ( 2005): requestLayout() improperly called by com.android.systemui.statusbar.AlphaOptimizedImageView{98f46f1 VFED..C.. ......ID 0,0-140,132} during layout: running second layout pass
02-09 05:06:26.958 W/View ( 2005): requestLayout() improperly called by android.widget.FrameLayout{bc0edc1 I.E...... ......ID 0,0-780,198 #2bc} during layout: running second layout pass
02-09 05:06:26.958 W/View ( 2005): requestLayout() improperly called by com.android.systemui.statusbar.AlphaOptimizedImageView{84e9ea8 VFED..C.. ......ID 0,0-140,84} during layout: running second layout pass
02-09 05:06:26.982 W/View ( 2005): requestLayout() improperly called by android.widget.FrameLayout{1607d4e I.E...... ......ID 0,0-780,198 #2bc} during second layout pass: posting in next frame
02-09 05:06:26.982 W/View ( 2005): requestLayout() improperly called by com.android.systemui.statusbar.AlphaOptimizedImageView{bedb049 VFED..C.. ......ID 0,0-140,198} during second layout pass: posting in next frame
02-09 05:06:26.982 W/View ( 2005): requestLayout() improperly called by android.widget.FrameLayout{904d2d6 I.E...... ......ID 0,0-780,330 #2bc} during second layout pass: posting in next frame
02-09 05:06:26.982 W/View ( 2005): requestLayout() improperly called by com.android.systemui.statusbar.AlphaOptimizedImageView{a46de98 VFED..C.. ......ID 0,0-140,132} during second layout pass: posting in next frame
02-09 05:06:26.982 W/View ( 2005): requestLayout() improperly called by com.android.systemui.statusbar.AlphaOptimizedImageView{98f46f1 VFED..C.. ......ID 0,0-140,132} during second layout pass: posting in next frame
02-09 05:06:26.982 W/View ( 2005): requestLayout() improperly called by android.widget.FrameLayout{bc0edc1 I.E...... ......ID 0,0-780,198 #2bc} during second layout pass: posting in next frame
02-09 05:06:26.982 W/View ( 2005): requestLayout() improperly called by com.android.systemui.statusbar.AlphaOptimizedImageView{84e9ea8 VFED..C.. ......ID 0,0-140,84} during second layout pass: posting in next frame
02-09 05:06:26.991 W/View ( 2005): requestLayout() improperly called by android.widget.FrameLayout{1607d4e I.E...... ......ID 0,0-780,198 #2bc} during layout: running second layout pass
02-09 05:06:26.991 W/View ( 2005): requestLayout() improperly called by com.android.systemui.statusbar.AlphaOptimizedImageView{bedb049 VFED..C.. ......ID 0,0-140,198} during layout: running second layout pass
02-09 05:06:26.991 W/View ( 2005): requestLayout() improperly called by android.widget.FrameLayout{904d2d6 I.E...... ......ID 0,0-780,330 #2bc} during layout: running second layout pass
02-09 05:06:26.991 W/View ( 2005): requestLayout() improperly called by com.android.systemui.statusbar.AlphaOptimizedImageView{a46de98 VFED..C.. ......ID 0,0-140,132} during layout: running second layout pass
02-09 05:06:26.992 W/View ( 2005): requestLayout() improperly called by com.android.systemui.statusbar.AlphaOptimizedImageView{98f46f1 VFED..C.. ......ID 0,0-140,132} during layout: running second layout pass
02-09 05:06:26.992 W/View ( 2005): requestLayout() improperly called by android.widget.FrameLayout{bc0edc1 I.E...... ......ID 0,0-780,198 #2bc} during layout: running second layout pass
02-09 05:06:26.992 W/View ( 2005): requestLayout() improperly called by com.android.systemui.statusbar.AlphaOptimizedImageView{84e9ea8 VFED..C.. ......ID 0,0-140,84} during layout: running second layout pass
02-09 05:06:27.007 W/View ( 2005): requestLayout() improperly called by android.widget.FrameLayout{1607d4e I.E...... ......ID 0,0-780,198 #2bc} during second layout pass: posting in next frame
02-09 05:06:27.007 W/View ( 2005): requestLayout() improperly called by com.android.systemui.statusbar.AlphaOptimizedImageView{bedb049 VFED..C.. ......ID 0,0-140,198} during second layout pass: posting in next frame
02-09 05:06:27.007 W/View ( 2005): requestLayout() improperly called by android.widget.FrameLayout{904d2d6 I.E...... ......ID 0,0-780,330 #2bc} during second layout pass: posting in next frame
02-09 05:06:27.007 W/View ( 2005): requestLayout() improperly called by com.android.systemui.statusbar.AlphaOptimizedImageView{a46de98 VFED..C.. ......ID 0,0-140,132} during second layout pass: posting in next frame
02-09 05:06:27.007 W/View ( 2005): requestLayout() improperly called by com.android.systemui.statusbar.AlphaOptimizedImageView{98f46f1 VFED..C.. ......ID 0,0-140,132} during second layout pass: posting in next frame
02-09 05:06:27.007 W/View ( 2005): requestLayout() improperly called by android.widget.FrameLayout{bc0edc1 I.E...... ......ID 0,0-780,198 #2bc} during second layout pass: posting in next frame
02-09 05:06:27.007 W/View ( 2005): requestLayout() improperly called by com.android.systemui.statusbar.AlphaOptimizedImageView{84e9ea8 VFED..C.. ......ID 0,0-140,84} during second layout pass: posting in next frame
02-09 05:06:27.024 W/View ( 2005): requestLayout() improperly called by android.widget.FrameLayout{1607d4e I.E...... ......ID 0,0-780,198 #2bc} during layout: running second layout pass
02-09 05:06:27.025 W/View ( 2005): requestLayout() improperly called by com.android.systemui.statusbar.AlphaOptimizedImageView{bedb049 VFED..C.. ......ID 0,0-140,198} during layout: running second layout pass
02-09 05:06:27.025 W/View ( 2005): requestLayout() improperly called by android.widget.FrameLayout{904d2d6 I.E...... ......ID 0,0-780,330 #2bc} during layout: running second layout pass
02-09 05:06:27.025 W/View ( 2005): requestLayout() improperly called by com.android.systemui.statusbar.AlphaOptimizedImageView{a46de98 VFED..C.. ......ID 0,0-140,132} during layout: running second layout pass
02-09 05:06:27.025 W/View ( 2005): requestLayout() improperly called by com.android.systemui.statusbar.AlphaOptimizedImageView{98f46f1 VFED..C.. ......ID 0,0-140,132} during layout: running second layout pass
02-09 05:06:27.025 W/View ( 2005): requestLayout() improperly called by android.widget.FrameLayout{bc0edc1 I.E...... ......ID 0,0-780,198 #2bc} during layout: running second layout pass
02-09 05:06:27.025 W/View ( 2005): requestLayout() improperly called by com.android.systemui.statusbar.AlphaOptimizedImageView{84e9ea8 VFED..C.. ......ID 0,0-140,84} during layout: running second layout pass
02-09 05:06:27.040 W/View ( 2005): requestLayout() improperly called by android.widget.FrameLayout{1607d4e I.E...... ......ID 0,0-780,198 #2bc} during second layout pass: posting in next frame
02-09 05:06:27.041 W/View ( 2005): requestLayout() improperly called by com.android.systemui.statusbar.AlphaOptimizedImageView{bedb049 VFED..C.. ......ID 0,0-140,198} during second layout pass: posting in next frame
02-09 05:06:27.041 W/View ( 2005): requestLayout() improperly called by android.widget.FrameLayout{904d2d6 I.E...... ......ID 0,0-780,330 #2bc} during second layout pass: posting in next frame
02-09 05:06:27.041 W/View ( 2005): requestLayout() improperly called by com.android.systemui.statusbar.AlphaOptimizedImageView{a46de98 VFED..C.. ......ID 0,0-140,132} during second layout pass: posting in next frame
02-09 05:06:27.041 W/View ( 2005): requestLayout() improperly called by com.android.systemui.statusbar.AlphaOptimizedImageView{98f46f1 VFED..C.. ......ID 0,0-140,132} during second layout pass: posting in next frame
02-09 05:06:27.041 W/View ( 2005): requestLayout() improperly called by android.widget.FrameLayout{bc0edc1 I.E...... ......ID 0,0-780,198 #2bc} during second layout pass: posting in next frame
02-09 05:06:27.041 W/View ( 2005): requestLayout() improperly called by com.android.systemui.statusbar.AlphaOptimizedImageView{84e9ea8 VFED..C.. ......ID 0,0-140,84} during second layout pass: posting in next frame
02-09 05:06:27.058 W/View ( 2005): requestLayout() improperly called by android.widget.FrameLayout{1607d4e I.E...... ......ID 0,0-780,198 #2bc} during layout: running second layout pass
02-09 05:06:27.058 W/View ( 2005): requestLayout() improperly called by com.android.systemui.statusbar.AlphaOptimizedImageView{bedb049 VFED..C.. ......ID 0,0-140,198} during layout: running second layout pass
02-09 05:06:27.058 W/View ( 2005): requestLayout() improperly called by android.widget.FrameLayout{904d2d6 I.E...... ......ID 0,0-780,330 #2bc} during layout: running second layout pass
02-09 05:06:27.058 W/View ( 2005): requestLayout() improperly called by com.android.systemui.statusbar.AlphaOptimizedImageView{a46de98 VFED..C.. ......ID 0,0-140,132} during layout: running second layout pass
02-09 05:06:27.058 W/View ( 2005): requestLayout() improperly called by com.android.systemui.statusbar.AlphaOptimizedImageView{98f46f1 VFED..C.. ......ID 0,0-140,132} during layout: running second layout pass
02-09 05:06:27.058 W/View ( 2005): requestLayout() improperly called by android.widget.FrameLayout{bc0edc1 I.E...... ......ID 0,0-780,198 #2bc} during layout: running second layout pass
02-09 05:06:27.058 W/View ( 2005): requestLayout() improperly called by com.android.systemui.statusbar.AlphaOptimizedImageView{84e9ea8 VFED..C.. ......ID 0,0-140,84} during layout: running second layout pass
02-09 05:06:27.066 W/hpplay-java( 2754): [main]:IPManager:getActiveNets invalid networkInfo:null
02-09 05:06:27.066 I/hpplay-java( 2754): [main]:IPManager:getActiveNets eth0:false wifi:false mobile:false ap:false
02-09 05:06:27.066 I/hpplay-java( 2754): [main]:ServerTaskManager:get local ip:null
02-09 05:06:27.074 W/View ( 2005): requestLayout() improperly called by android.widget.FrameLayout{1607d4e I.E...... ......ID 0,0-780,198 #2bc} during second layout pass: posting in next frame
02-09 05:06:27.074 W/View ( 2005): requestLayout() improperly called by com.android.systemui.statusbar.AlphaOptimizedImageView{bedb049 VFED..C.. ......ID 0,0-140,198} during second layout pass: posting in next frame
02-09 05:06:27.074 W/View ( 2005): requestLayout() improperly called by android.widget.FrameLayout{904d2d6 I.E...... ......ID 0,0-780,330 #2bc} during second layout pass: posting in next frame
02-09 05:06:27.074 W/View ( 2005): requestLayout() improperly called by com.android.systemui.statusbar.AlphaOptimizedImageView{a46de98 VFED..C.. ......ID 0,0-140,132} during second layout pass: posting in next frame
02-09 05:06:27.074 W/View ( 2005): requestLayout() improperly called by com.android.systemui.statusbar.AlphaOptimizedImageView{98f46f1 VFED..C.. ......ID 0,0-140,132} during second layout pass: posting in next frame
02-09 05:06:27.074 W/View ( 2005): requestLayout() improperly called by android.widget.FrameLayout{bc0edc1 I.E...... ......ID 0,0-780,198 #2bc} during second layout pass: posting in next frame
02-09 05:06:27.074 W/View ( 2005): requestLayout() improperly called by com.android.systemui.statusbar.AlphaOptimizedImageView{84e9ea8 VFED..C.. ......ID 0,0-140,84} during second layout pass: posting in next frame
02-09 05:06:27.091 W/View ( 2005): requestLayout() improperly called by android.widget.FrameLayout{1607d4e I.E...... ......ID 0,0-780,198 #2bc} during layout: running second layout pass
02-09 05:06:27.091 W/View ( 2005): requestLayout() improperly called by com.android.systemui.statusbar.AlphaOptimizedImageView{bedb049 VFED..C.. ......ID 0,0-140,198} during layout: running second layout pass
02-09 05:06:27.091 W/View ( 2005): requestLayout() improperly called by android.widget.FrameLayout{904d2d6 I.E...... ......ID 0,0-780,330 #2bc} during layout: running second layout pass
02-09 05:06:27.091 W/View ( 2005): requestLayout() improperly called by com.android.systemui.statusbar.AlphaOptimizedImageView{a46de98 VFED..C.. ......ID 0,0-140,132} during layout: running second layout pass
02-09 05:06:27.091 W/View ( 2005): requestLayout() improperly called by com.android.systemui.statusbar.AlphaOptimizedImageView{98f46f1 VFED..C.. ......ID 0,0-140,132} during layout: running second layout pass
02-09 05:06:27.091 W/View ( 2005): requestLayout() improperly called by android.widget.FrameLayout{bc0edc1 I.E...... ......ID 0,0-780,198 #2bc} during layout: running second layout pass
02-09 05:06:27.091 W/View ( 2005): requestLayout() improperly called by com.android.systemui.statusbar.AlphaOptimizedImageView{84e9ea8 VFED..C.. ......ID 0,0-140,84} during layout: running second layout pass
02-09 05:06:27.106 W/View ( 2005): requestLayout() improperly called by android.widget.FrameLayout{1607d4e I.E...... ......ID 0,0-780,198 #2bc} during second layout pass: posting in next frame
02-09 05:06:27.106 W/View ( 2005): requestLayout() improperly called by com.android.systemui.statusbar.AlphaOptimizedImageView{bedb049 VFED..C.. ......ID 0,0-140,198} during second layout pass: posting in next frame
02-09 05:06:27.106 W/View ( 2005): requestLayout() improperly called by android.widget.FrameLayout{904d2d6 I.E...... ......ID 0,0-780,330 #2bc} during second layout pass: posting in next frame
02-09 05:06:27.106 W/View ( 2005): requestLayout() improperly called by com.android.systemui.statusbar.AlphaOptimizedImageView{a46de98 VFED..C.. ......ID 0,0-140,132} during second layout pass: posting in next frame
02-09 05:06:27.106 W/View ( 2005): requestLayout() improperly called by com.android.systemui.statusbar.AlphaOptimizedImageView{98f46f1 VFED..C.. ......ID 0,0-140,132} during second layout pass: posting in next frame
