02-09 04:55:03.446 I/wm_focused_root_task( 1240): [0,0,60,-1,finish-top adjustFocusToNextFocusableTask]
02-09 04:55:03.446 I/wm_set_resumed_activity( 1240): [0,com.android.launcher3/.uioverrides.QuickstepLauncher,finish-top]
02-09 04:55:03.465 I/wm_pause_activity( 1240): [0,132740351,com.android.music/.MusicBrowserActivity,userLeaving=false,finish]
02-09 04:55:03.471 I/input_focus( 1240): [Focus request 1abb98b com.android.launcher3/com.android.launcher3.uioverrides.QuickstepLauncher,reason=UpdateInputWindows]
02-09 04:55:03.472 I/wm_on_top_resumed_lost_called( 6394): [132740351,com.android.music.MusicBrowserActivity,topStateChangedWhenResumed]
02-09 04:55:03.474 I/wm_on_top_resumed_gained_called( 6009): [208887896,com.android.launcher3.uioverrides.QuickstepLauncher,topStateChangedWhenResumed]
02-09 04:55:03.475 I/wm_on_paused_called( 6394): [132740351,com.android.music.MusicBrowserActivity,performPause]
02-09 04:55:03.480 I/wm_destroy_activity( 1240): [0,132740351,91,com.android.music/.MusicBrowserActivity,finish-imm:completePausedLocked]
02-09 04:55:03.499 I/input_focus( 1240): [Focus leaving fe5bb00 com.android.music/com.android.music.MusicBrowserActivity (server),reason=NO_WINDOW]
02-09 04:55:03.499 I/input_focus( 1240): [Focus entering 1abb98b com.android.launcher3/com.android.launcher3.uioverrides.QuickstepLauncher (server),reason=setFocusedWindow]
02-09 04:55:03.509 I/sysui_multi_action( 1240): [757,803,799,window_time_0,802,27]
02-09 04:55:03.509 I/sysui_multi_action( 1240): [757,803,799,window_time_0,802,0]
02-09 04:55:03.512 I/wm_on_stop_called( 6394): [132740351,com.android.music.MusicBrowserActivity,LIFECYCLER_STOP_ACTIVITY]
02-09 04:55:03.521 I/wm_on_destroy_called( 6394): [132740351,com.android.music.MusicBrowserActivity,performDestroy]
02-09 04:55:03.780 I/wm_task_removed( 1240): [91,removeChild:removeChild last r=ActivityRecord{7e974ff u0 com.android.music/.MusicBrowserActivity t-1 f}} in t=Task{ec76ca0 #91 type=standard A=10088:android.task.music U=0 visible=false mode=freeform translucent=true sz=0}]
02-09 04:55:03.780 I/wm_task_removed( 1240): [91,removeChild]
02-09 04:55:04.868 I/input_interaction( 1240): Interaction with: 1abb98b com.android.launcher3/com.android.launcher3.uioverrides.QuickstepLauncher (server), f1cc593 com.android.systemui.ImageWallpaper (server), swipe-up (server), edge-swipe (server), PointerEventDispatcher0 (server),
02-09 04:55:06.155 I/wm_task_created( 1240): [92,-1]
02-09 04:55:06.158 I/wm_task_moved( 1240): [92,1,8]
02-09 04:55:06.158 I/wm_task_to_front( 1240): [0,92]
02-09 04:55:06.159 I/wm_create_task( 1240): [0,92]
02-09 04:55:06.159 I/wm_create_activity( 1240): [0,161862998,92,com.android.music/.VideoBrowserActivity,NULL,NULL,NULL,268468224]
02-09 04:55:06.159 I/wm_task_moved( 1240): [92,1,8]
02-09 04:55:06.160 I/wm_restart_activity( 1240): [0,161862998,92,com.android.music/.VideoBrowserActivity]
02-09 04:55:06.160 I/wm_set_resumed_activity( 1240): [0,com.android.music/.VideoBrowserActivity,minimalResumeActivityLocked]
02-09 04:55:06.163 I/wm_on_top_resumed_lost_called( 6009): [208887896,com.android.launcher3.uioverrides.QuickstepLauncher,topStateChangedWhenResumed]
02-09 04:55:06.179 I/wm_on_create_called( 6394): [161862998,com.android.music.VideoBrowserActivity,performCreate]
02-09 04:55:06.179 I/wm_on_start_called( 6394): [161862998,com.android.music.VideoBrowserActivity,handleStartActivity]
02-09 04:55:06.180 I/wm_on_resume_called( 6394): [161862998,com.android.music.VideoBrowserActivity,RESUME_ACTIVITY]
02-09 04:55:06.181 I/wm_on_top_resumed_gained_called( 6394): [161862998,com.android.music.VideoBrowserActivity,topStateChangedWhenResumed]
02-09 04:55:06.188 I/input_focus( 1240): [Focus request 7d3d730 com.android.music/com.android.music.VideoBrowserActivity,reason=UpdateInputWindows]
02-09 04:55:06.197 I/sysui_multi_action( 1240): [319,46,322,45,325,2001,757,761,758,8,759,2,806,com.android.music,871,com.android.music.VideoBrowserActivity,904,com.android.launcher3,905,0,1320,4,1321,1]
02-09 04:55:06.198 I/wm_activity_launch_time( 1240): [0,161862998,com.android.music/.VideoBrowserActivity,45]
02-09 04:55:06.203 I/input_focus( 1240): [Focus leaving 1abb98b com.android.launcher3/com.android.launcher3.uioverrides.QuickstepLauncher (server),reason=setFocusedWindow]
02-09 04:55:06.203 I/input_focus( 1240): [Focus entering 7d3d730 com.android.music/com.android.music.VideoBrowserActivity (server),reason=setFocusedWindow]
02-09 04:55:06.240 I/am_pss ( 1240): [7525,10030,com.android.providers.calendar,6926336,5046272,0,98017280,0,19,4]
02-09 04:55:06.247 I/am_pss ( 1240): [6602,10095,com.tencent.qqmusicpad,71953408,40357888,0,176914432,0,4,7]
02-09 04:55:06.253 I/am_pss ( 1240): [6908,10095,com.tencent.qqmusicpad:QQPlayerService,39457792,16420864,0,124608512,0,4,5]
02-09 04:55:07.090 I/input_interaction( 1240): Interaction with: ba46e9b StatusBar (server), swipe-up (server), edge-swipe (server), PointerEventDispatcher0 (server),
02-09 04:55:07.091 I/sysui_multi_action( 2005): [757,803,799,panel_open,802,1]
02-09 04:55:07.092 I/sysui_multi_action( 2005): [757,1328,758,4,1326,45,1327,4,1329,0]
02-09 04:55:07.139 I/sysui_multi_action( 1240): [757,127,758,1]
02-09 04:55:07.139 I/sysui_multi_action( 1240): [757,804,799,note_load,801,3,802,1]
02-09 04:55:07.139 I/notification_panel_revealed( 1240): 3
02-09 04:55:07.144 I/input_focus( 1240): [Focus request 8e4c0d9 NotificationShade,reason=UpdateInputWindows]
02-09 04:55:07.148 I/sysui_multi_action( 1240): [757,128,758,1,793,1990069,794,0,795,1990069,796,26,798,0,806,android,857,DEVELOPER_IMPORTANT,858,4,947,0,1395,3,1500,1989676,1688,1]
02-09 04:55:07.148 I/sysui_multi_action( 1240): [757,804,799,note_freshness,801,1990069,802,1]
02-09 04:55:07.148 I/notification_visibility( 1240): [-1|android|26|null|1000,1,1990069,1990069,0,0]
02-09 04:55:07.148 I/sysui_multi_action( 1240): [757,128,758,1,793,1985179,794,0,795,1985179,796,17303299,797,com.android.wifi,798,1,806,android,857,NETWORK_AVAILABLE,858,2,947,0,1395,3,1500,1984979,1688,1]
02-09 04:55:07.149 I/sysui_multi_action( 1240): [757,804,799,note_freshness,801,1985179,802,1]
02-09 04:55:07.149 I/notification_visibility( 1240): [0|android|17303299|com.android.wifi|1000,1,1985179,1985179,0,1]
02-09 04:55:07.149 I/sysui_multi_action( 1240): [757,128,758,1,793,1990857,794,0,795,1990857,796,32,798,2,806,android,857,USB,858,1,947,0,1395,3,1500,1990806,1688,1]
02-09 04:55:07.149 I/sysui_multi_action( 1240): [757,804,799,note_freshness,801,1990857,802,1]
02-09 04:55:07.149 I/notification_visibility( 1240): [-1|android|32|null|1000,1,1990857,1990857,0,2]
02-09 04:55:07.154 I/input_focus( 1240): [Focus leaving 7d3d730 com.android.music/com.android.music.VideoBrowserActivity (server),reason=setFocusedWindow]
02-09 04:55:07.154 I/input_focus( 1240): [Focus entering 8e4c0d9 NotificationShade (server),reason=setFocusedWindow]
02-09 04:55:07.201 I/sysui_multi_action( 2005): [757,111,758,1]
02-09 04:55:07.201 I/sysui_multi_action( 2005): [757,126,758,1,759,126,927,0,928,1,1593,0]
02-09 04:55:07.201 I/sysui_multi_action( 2005): [757,113,758,1,759,113,927,1,928,1,1593,0]
02-09 04:55:07.201 I/sysui_multi_action( 2005): [757,0,758,1,759,0,927,2,928,0,1593,0]
02-09 04:55:07.201 I/sysui_multi_action( 2005): [757,0,758,1,759,0,927,3,928,0,1593,0]
02-09 04:55:07.202 I/sysui_multi_action( 2005): [757,491,758,1,759,491,927,4,928,0,1311,-1,1593,0]
02-09 04:55:07.202 I/sysui_multi_action( 2005): [757,0,758,1,759,0,927,5,928,0,1593,0]
02-09 04:55:07.202 I/sysui_multi_action( 2005): [757,111,758,1]
02-09 04:55:07.202 I/sysui_multi_action( 2005): [757,126,758,1,759,126,927,0,928,1,1593,0]
02-09 04:55:07.202 I/sysui_multi_action( 2005): [757,113,758,1,759,113,927,1,928,1,1593,0]
02-09 04:55:07.202 I/sysui_multi_action( 2005): [757,0,758,1,759,0,927,2,928,0,1593,0]
02-09 04:55:07.202 I/sysui_multi_action( 2005): [757,0,758,1,759,0,927,3,928,0,1593,0]
02-09 04:55:08.647 I/input_interaction( 1240): Interaction with: 8e4c0d9 NotificationShade (server), swipe-up (server), edge-swipe (server), PointerEventDispatcher0 (server),
02-09 04:55:09.128 I/notification_enqueue( 1240): [10080,2005,com.android.systemui,2048,NULL,0,Notification(channel=updateNotification shortcut=null contentView=null vibrate=null sound=null defaults=0x0 flags=0x0 color=0x00000000 vis=PRIVATE),1]
02-09 04:55:09.128 I/sysui_multi_action( 2005): [757,111,758,2]
02-09 04:55:09.128 I/sysui_multi_action( 2005): [757,111,758,2]
02-09 04:55:09.337 I/input_focus( 1240): [Focus request 7d3d730 com.android.music/com.android.music.VideoBrowserActivity,reason=UpdateInputWindows]
02-09 04:55:09.347 I/input_focus( 1240): [Focus leaving 8e4c0d9 NotificationShade (server),reason=NOT_FOCUSABLE]
02-09 04:55:09.347 I/input_focus( 1240): [Focus entering 7d3d730 com.android.music/com.android.music.VideoBrowserActivity (server),reason=setFocusedWindow]
02-09 04:55:09.347 I/sysui_multi_action( 1240): [757,128,758,2,793,1992268,794,2199,795,1992268,796,26,798,0,806,android,857,DEVELOPER_IMPORTANT,858,4,947,0,1395,3,1500,1991875,1688,1]
02-09 04:55:09.347 I/notification_visibility( 1240): [-1|android|26|null|1000,0,1992268,1992268,0,0]
02-09 04:55:09.347 I/sysui_multi_action( 1240): [757,128,758,2,793,1987378,794,2199,795,1987378,796,17303299,797,com.android.wifi,798,1,806,android,857,NETWORK_AVAILABLE,858,2,947,0,1395,3,1500,1987178,1688,1]
02-09 04:55:09.348 I/notification_visibility( 1240): [0|android|17303299|com.android.wifi|1000,0,1987378,1987378,0,1]
02-09 04:55:09.348 I/sysui_multi_action( 1240): [757,128,758,2,793,1993056,794,2199,795,1993056,796,32,798,2,806,android,857,USB,858,1,947,0,1395,3,1500,1993005,1688,1]
02-09 04:55:09.348 I/notification_visibility( 1240): [-1|android|32|null|1000,0,1993056,1993056,0,2]
02-09 04:55:09.348 I/sysui_multi_action( 1240): [757,127,758,2]
02-09 04:55:09.348 I/notification_panel_hidden( 1240):
02-09 04:55:09.845 I/input_interaction( 1240): Interaction with: 7d3d730 com.android.music/com.android.music.VideoBrowserActivity (server), swipe-up (server), edge-swipe (server), PointerEventDispatcher0 (server),
02-09 04:55:10.048 I/wm_task_moved( 1240): [92,1,8]
02-09 04:55:10.048 I/wm_set_resumed_activity( 1240): [0,com.android.music/.VideoBrowserActivity,positionChildAt]
02-09 04:55:10.048 I/wm_create_activity( 1240): [0,107934787,92,com.android.gallery3d/.app.MovieActivity,android.intent.action.VIEW,video/mp4,content://media/external/video/media/370,0]
02-09 04:55:10.049 I/wm_pause_activity( 1240): [0,161862998,com.android.music/.VideoBrowserActivity,userLeaving=true,resumeTopActivityInnerLocked]
02-09 04:55:10.051 I/wm_on_top_resumed_lost_called( 6394): [161862998,com.android.music.VideoBrowserActivity,topStateChangedWhenResumed]
02-09 04:55:10.051 I/wm_on_paused_called( 6394): [161862998,com.android.music.VideoBrowserActivity,performPause]
02-09 04:55:10.053 I/wm_restart_activity( 1240): [0,107934787,92,com.android.gallery3d/.app.MovieActivity]
02-09 04:55:10.054 I/wm_set_resumed_activity( 1240): [0,com.android.gallery3d/.app.MovieActivity,minimalResumeActivityLocked]
02-09 04:55:10.054 I/am_uid_active( 1240): 10064
02-09 04:55:10.055 I/sysui_multi_action( 1240): [757,803,799,window_time_0,802,7]
02-09 04:55:10.086 I/wm_on_create_called( 7070): [107934787,com.android.gallery3d.app.MovieActivity,performCreate]
02-09 04:55:10.088 I/notification_enqueue( 1240): [10088,6394,com.android.music,1,NULL,0,Notification(channel=Channel-music shortcut=null contentView=null vibrate=null sound=null defaults=0x0 flags=0x62 color=0x00000000 category=transport actions=4 vis=PRIVATE),1]
02-09 04:55:10.100 I/notification_enqueue( 1240): [10088,6394,com.android.music,1,NULL,0,Notification(channel=Channel-music shortcut=null contentView=null vibrate=null sound=null defaults=0x0 flags=0x0 color=0x00000000 category=transport actions=4 vis=PRIVATE),1]
02-09 04:55:10.142 I/snet_event_log( 1240): [172655291,-1,]
02-09 04:55:10.144 I/wm_on_start_called( 7070): [107934787,com.android.gallery3d.app.MovieActivity,handleStartActivity]
02-09 04:55:10.144 I/wm_on_resume_called( 7070): [107934787,com.android.gallery3d.app.MovieActivity,RESUME_ACTIVITY]
02-09 04:55:10.150 I/wm_on_top_resumed_gained_called( 7070): [107934787,com.android.gallery3d.app.MovieActivity,topStateChangedWhenResumed]
02-09 04:55:10.164 I/input_focus( 1240): [Focus request 7e56d69 com.android.gallery3d/com.android.gallery3d.app.MovieActivity,reason=UpdateInputWindows]
02-09 04:55:10.195 I/input_focus( 1240): [Focus leaving 7d3d730 com.android.music/com.android.music.VideoBrowserActivity (server),reason=Waiting for window because NOT_VISIBLE]
02-09 04:55:10.199 I/sysui_multi_action( 1240): [319,162,322,161,325,2005,757,761,758,8,759,2,806,com.android.gallery3d,871,com.android.gallery3d.app.MovieActivity,904,com.android.music,905,0,1320,4,1321,1]
02-09 04:55:10.199 I/wm_activity_launch_time( 1240): [0,107934787,com.android.gallery3d/.app.MovieActivity,161]
02-09 04:55:10.213 I/input_focus( 1240): [Focus entering 7e56d69 com.android.gallery3d/com.android.gallery3d.app.MovieActivity (server),reason=Window became focusable. Previous reason: NOT_VISIBLE]
02-09 04:55:10.295 I/service_manager_stats( 1240): [100,51,37771]
02-09 04:55:11.010 I/input_interaction( 1240): Interaction with: ba46e9b StatusBar (server), swipe-up (server), edge-swipe (server), PointerEventDispatcher0 (server),
02-09 04:55:11.016 I/sysui_multi_action( 2005): [757,803,799,panel_open,802,1]
02-09 04:55:11.017 I/sysui_multi_action( 2005): [757,1328,758,4,1326,47,1327,3,1329,0]
02-09 04:55:11.065 I/sysui_multi_action( 1240): [757,127,758,1]
02-09 04:55:11.066 I/sysui_multi_action( 1240): [757,804,799,note_load,801,3,802,1]
02-09 04:55:11.066 I/notification_panel_revealed( 1240): 3
02-09 04:55:11.076 I/input_focus( 1240): [Focus request 8e4c0d9 NotificationShade,reason=UpdateInputWindows]
02-09 04:55:11.086 I/sysui_multi_action( 1240): [757,128,758,1,793,1994007,794,0,795,1994007,796,26,798,0,806,android,857,DEVELOPER_IMPORTANT,858,4,947,0,1395,3,1500,1993614,1688,1]
02-09 04:55:11.086 I/sysui_multi_action( 1240): [757,804,799,note_freshness,801,1994007,802,1]
02-09 04:55:11.086 I/notification_visibility( 1240): [-1|android|26|null|1000,1,1994007,1994007,0,0]
02-09 04:55:11.086 I/sysui_multi_action( 1240): [757,128,758,1,793,1989117,794,0,795,1989117,796,17303299,797,com.android.wifi,798,1,806,android,857,NETWORK_AVAILABLE,858,2,947,0,1395,3,1500,1988917,1688,1]
02-09 04:55:11.087 I/sysui_multi_action( 1240): [757,804,799,note_freshness,801,1989117,802,1]
02-09 04:55:11.087 I/notification_visibility( 1240): [0|android|17303299|com.android.wifi|1000,1,1989117,1989117,0,1]
02-09 04:55:11.087 I/sysui_multi_action( 1240): [757,128,758,1,793,1994795,794,0,795,1994795,796,32,798,2,806,android,857,USB,858,1,947,0,1395,3,1500,1994744,1688,1]
02-09 04:55:11.087 I/sysui_multi_action( 1240): [757,804,799,note_freshness,801,1994795,802,1]
02-09 04:55:11.087 I/notification_visibility( 1240): [-1|android|32|null|1000,1,1994795,1994795,0,2]
02-09 04:55:11.102 I/input_focus( 1240): [Focus leaving 7e56d69 com.android.gallery3d/com.android.gallery3d.app.MovieActivity (server),reason=setFocusedWindow]
02-09 04:55:11.102 I/input_focus( 1240): [Focus entering 8e4c0d9 NotificationShade (server),reason=setFocusedWindow]
02-09 04:55:11.133 I/sysui_multi_action( 2005): [757,111,758,1]
02-09 04:55:11.133 I/sysui_multi_action( 2005): [757,126,758,1,759,126,927,0,928,1,1593,0]
02-09 04:55:11.133 I/sysui_multi_action( 2005): [757,113,758,1,759,113,927,1,928,1,1593,0]
02-09 04:55:11.134 I/sysui_multi_action( 2005): [757,0,758,1,759,0,927,2,928,0,1593,0]
02-09 04:55:11.134 I/sysui_multi_action( 2005): [757,0,758,1,759,0,927,3,928,0,1593,0]
02-09 04:55:11.134 I/sysui_multi_action( 2005): [757,491,758,1,759,491,927,4,928,0,1311,-1,1593,0]
02-09 04:55:11.134 I/sysui_multi_action( 2005): [757,0,758,1,759,0,927,5,928,0,1593,0]
02-09 04:55:11.134 I/sysui_multi_action( 2005): [757,111,758,1]
02-09 04:55:11.134 I/sysui_multi_action( 2005): [757,126,758,1,759,126,927,0,928,1,1593,0]
02-09 04:55:11.135 I/sysui_multi_action( 2005): [757,113,758,1,759,113,927,1,928,1,1593,0]
02-09 04:55:11.135 I/sysui_multi_action( 2005): [757,0,758,1,759,0,927,2,928,0,1593,0]
02-09 04:55:11.135 I/sysui_multi_action( 2005): [757,0,758,1,759,0,927,3,928,0,1593,0]
02-09 04:55:13.418 I/input_interaction( 1240): Interaction with: 8e4c0d9 NotificationShade (server), swipe-up (server), edge-swipe (server), PointerEventDispatcher0 (server),
02-09 04:55:13.904 I/notification_enqueue( 1240): [10080,2005,com.android.systemui,2048,NULL,0,Notification(channel=updateNotification shortcut=null contentView=null vibrate=null sound=null defaults=0x0 flags=0x0 color=0x00000000 vis=PRIVATE),1]
02-09 04:55:13.905 I/sysui_multi_action( 2005): [757,111,758,2]
02-09 04:55:13.905 I/sysui_multi_action( 2005): [757,111,758,2]
02-09 04:55:14.123 I/input_focus( 1240): [Focus request 7e56d69 com.android.gallery3d/com.android.gallery3d.app.MovieActivity,reason=UpdateInputWindows]
02-09 04:55:14.134 I/sysui_multi_action( 1240): [757,128,758,2,793,1997055,794,3048,795,1997055,796,26,798,0,806,android,857,DEVELOPER_IMPORTANT,858,4,947,0,1395,3,1500,1996662,1688,1]
02-09 04:55:14.134 I/notification_visibility( 1240): [-1|android|26|null|1000,0,1997055,1997055,0,0]
02-09 04:55:14.135 I/sysui_multi_action( 1240): [757,128,758,2,793,1992165,794,3048,795,1992165,796,17303299,797,com.android.wifi,798,1,806,android,857,NETWORK_AVAILABLE,858,2,947,0,1395,3,1500,1991965,1688,1]
02-09 04:55:14.135 I/notification_visibility( 1240): [0|android|17303299|com.android.wifi|1000,0,1992165,1992165,0,1]
02-09 04:55:14.135 I/sysui_multi_action( 1240): [757,128,758,2,793,1997843,794,3048,795,1997843,796,32,798,2,806,android,857,USB,858,1,947,0,1395,3,1500,1997792,1688,1]
02-09 04:55:14.135 I/notification_visibility( 1240): [-1|android|32|null|1000,0,1997843,1997843,0,2]
02-09 04:55:14.136 I/sysui_multi_action( 1240): [757,127,758,2]
02-09 04:55:14.136 I/notification_panel_hidden( 1240):
02-09 04:55:14.141 I/input_focus( 1240): [Focus leaving 8e4c0d9 NotificationShade (server),reason=NOT_FOCUSABLE]
02-09 04:55:14.142 I/input_focus( 1240): [Focus entering 7e56d69 com.android.gallery3d/com.android.gallery3d.app.MovieActivity (server),reason=setFocusedWindow]
02-09 04:55:19.367 I/am_uid_idle( 1240): 10083
02-09 04:55:19.922 I/input_interaction( 1240): Interaction with: 7e56d69 com.android.gallery3d/com.android.gallery3d.app.MovieActivity (server), swipe-up (server), edge-swipe (server), PointerEventDispatcher0 (server),
02-09 04:55:22.256 I/view_enqueue_input_event( 7070): [Motion - Cancel,com.android.gallery3d/com.android.gallery3d.app.MovieActivity]
02-09 04:55:22.265 I/input_interaction( 1240): Interaction with: swipe-up (server), edge-swipe (server), PointerEventDispatcher0 (server),
02-09 04:55:22.443 I/commit_sys_config_file( 1240): [settings-1-0,3]
02-09 04:55:22.759 I/commit_sys_config_file( 1240): [settings-1-0,15]
02-09 04:55:23.141 I/input_interaction( 1240): Interaction with: 7e56d69 com.android.gallery3d/com.android.gallery3d.app.MovieActivity (server), swipe-up (server), edge-swipe (server), PointerEventDispatcher0 (server),
02-09 04:55:23.293 I/view_enqueue_input_event( 7070): [Motion - Cancel,com.android.gallery3d/com.android.gallery3d.app.MovieActivity]
02-09 04:55:23.300 I/input_interaction( 1240): Interaction with: swipe-up (server), edge-swipe (server), PointerEventDispatcher0 (server),
02-09 04:55:23.483 I/commit_sys_config_file( 1240): [settings-1-0,5]
02-09 04:55:23.883 I/commit_sys_config_file( 1240): [settings-1-0,6]
02-09 04:55:24.934 I/input_interaction( 1240): Interaction with: 7e56d69 com.android.gallery3d/com.android.gallery3d.app.MovieActivity (server), swipe-up (server), edge-swipe (server), PointerEventDispatcher0 (server),
02-09 04:55:25.114 I/view_enqueue_input_event( 7070): [Motion - Cancel,com.android.gallery3d/com.android.gallery3d.app.MovieActivity]
02-09 04:55:25.123 I/input_interaction( 1240): Interaction with: swipe-up (server), edge-swipe (server), PointerEventDispatcher0 (server),
02-09 04:55:25.305 I/commit_sys_config_file( 1240): [settings-1-0,6]
02-09 04:55:25.738 I/commit_sys_config_file( 1240): [settings-1-0,6]
02-09 04:55:26.241 I/input_interaction( 1240): Interaction with: 7e56d69 com.android.gallery3d/com.android.gallery3d.app.MovieActivity (server), swipe-up (server), edge-swipe (server), PointerEventDispatcher0 (server),
02-09 04:55:26.378 I/view_enqueue_input_event( 7070): [Motion - Cancel,com.android.gallery3d/com.android.gallery3d.app.MovieActivity]
02-09 04:55:26.387 I/input_interaction( 1240): Interaction with: swipe-up (server), edge-swipe (server), PointerEventDispatcher0 (server),
02-09 04:55:26.570 I/commit_sys_config_file( 1240): [settings-1-0,4]
02-09 04:55:27.015 I/commit_sys_config_file( 1240): [settings-1-0,2]
02-09 04:55:27.257 I/input_interaction( 1240): Interaction with: 7e56d69 com.android.gallery3d/com.android.gallery3d.app.MovieActivity (server), swipe-up (server), edge-swipe (server), PointerEventDispatcher0 (server),
02-09 04:55:27.390 I/view_enqueue_input_event( 7070): [Motion - Cancel,com.android.gallery3d/com.android.gallery3d.app.MovieActivity]
02-09 04:55:27.394 I/input_interaction( 1240): Interaction with: swipe-up (server), edge-swipe (server), PointerEventDispatcher0 (server),
02-09 04:55:27.575 I/commit_sys_config_file( 1240): [settings-1-0,5]
02-09 04:55:28.014 I/commit_sys_config_file( 1240): [settings-1-0,9]
02-09 04:55:28.354 I/input_interaction( 1240): Interaction with: 7e56d69 com.android.gallery3d/com.android.gallery3d.app.MovieActivity (server), swipe-up (server), edge-swipe (server), PointerEventDispatcher0 (server),
02-09 04:55:28.492 I/view_enqueue_input_event( 7070): [Motion - Cancel,com.android.gallery3d/com.android.gallery3d.app.MovieActivity]
02-09 04:55:28.502 I/input_interaction( 1240): Interaction with: swipe-up (server), edge-swipe (server), PointerEventDispatcher0 (server),
02-09 04:55:28.676 I/commit_sys_config_file( 1240): [settings-1-0,4]
02-09 04:55:28.940 I/commit_sys_config_file( 1240): [settings-1-0,5]
02-09 04:55:29.086 I/input_interaction( 1240): Interaction with: 7e56d69 com.android.gallery3d/com.android.gallery3d.app.MovieActivity (server), swipe-up (server), edge-swipe (server), PointerEventDispatcher0 (server),
02-09 04:55:29.566 I/am_uid_idle( 1240): 10065
02-09 04:55:29.567 I/am_uid_idle( 1240): 10030
02-09 04:55:51.972 I/menu_item_selected( 7070): [0,207_H264_HP4.0_1080p_20Mbps_60fps.mp4]
02-09 04:55:51.988 I/wm_task_moved( 1240): [92,1,8]
02-09 04:55:51.988 I/wm_set_resumed_activity( 1240): [0,com.android.gallery3d/.app.MovieActivity,positionChildAt]
02-09 04:55:51.988 I/wm_create_activity( 1240): [0,41046245,92,com.android.gallery3d/.app.GalleryActivity,NULL,NULL,NULL,0]
02-09 04:55:51.990 I/wm_pause_activity( 1240): [0,107934787,com.android.gallery3d/.app.MovieActivity,userLeaving=true,resumeTopActivityInnerLocked]
02-09 04:55:51.993 I/wm_finish_activity( 1240): [0,107934787,92,com.android.gallery3d/.app.MovieActivity,app-request]
02-09 04:55:51.994 I/wm_on_top_resumed_lost_called( 7070): [107934787,com.android.gallery3d.app.MovieActivity,topStateChangedWhenResumed]
02-09 04:55:52.014 I/wm_on_paused_called( 7070): [107934787,com.android.gallery3d.app.MovieActivity,performPause]
02-09 04:55:52.014 I/wm_add_to_stopping( 1240): [0,107934787,com.android.gallery3d/.app.MovieActivity,completeFinishing]
02-09 04:55:52.016 I/wm_restart_activity( 1240): [0,41046245,92,com.android.gallery3d/.app.GalleryActivity]
02-09 04:55:52.017 I/wm_set_resumed_activity( 1240): [0,com.android.gallery3d/.app.GalleryActivity,minimalResumeActivityLocked]
02-09 04:55:52.018 I/sysui_multi_action( 1240): [757,803,799,window_time_2,802,42]
02-09 04:55:52.024 I/am_pss ( 1240): [7070,10064,com.android.gallery3d,35220480,30638080,0,154140672,0,2,7]
02-09 04:55:52.031 I/input_focus( 1240): [Focus leaving 7e56d69 com.android.gallery3d/com.android.gallery3d.app.MovieActivity (server),reason=NO_WINDOW]
02-09 04:55:52.037 I/wm_on_create_called( 7070): [41046245,com.android.gallery3d.app.GalleryActivity,performCreate]
02-09 04:55:52.038 I/wm_on_start_called( 7070): [41046245,com.android.gallery3d.app.GalleryActivity,handleStartActivity]
02-09 04:55:52.040 I/wm_on_resume_called( 7070): [41046245,com.android.gallery3d.app.GalleryActivity,RESUME_ACTIVITY]
02-09 04:55:52.041 I/wm_on_top_resumed_gained_called( 7070): [41046245,com.android.gallery3d.app.GalleryActivity,topStateChangedWhenResumed]
02-09 04:55:52.044 I/input_focus( 1240): [Focus request dc7d7e3 com.android.gallery3d/com.android.gallery3d.app.GalleryActivity,reason=UpdateInputWindows]
02-09 04:55:52.081 I/wm_activity_launch_time( 1240): [0,41046245,com.android.gallery3d/.app.GalleryActivity,96]
02-09 04:55:52.098 I/input_focus( 1240): [Focus entering dc7d7e3 com.android.gallery3d/com.android.gallery3d.app.GalleryActivity (server),reason=Window became focusable. Previous reason: NOT_VISIBLE]
02-09 04:55:52.109 I/am_pss ( 1240): [7525,10030,com.android.providers.calendar,6923264,5046272,0,98017280,0,19,7]
02-09 04:55:52.369 I/wm_destroy_activity( 1240): [0,107934787,92,com.android.gallery3d/.app.MovieActivity,finish-imm:idle]
02-09 04:55:52.392 I/wm_on_stop_called( 7070): [107934787,com.android.gallery3d.app.MovieActivity,LIFECYCLER_STOP_ACTIVITY]
02-09 04:55:52.392 I/wm_on_destroy_called( 7070): [107934787,com.android.gallery3d.app.MovieActivity,performDestroy]
02-09 04:55:54.863 I/input_interaction( 1240): Interaction with: dc7d7e3 com.android.gallery3d/com.android.gallery3d.app.GalleryActivity (server), swipe-up (server), edge-swipe (server), PointerEventDispatcher0 (server),
02-09 04:55:57.626 I/menu_item_selected( 7070): [0,Video]
02-09 04:56:00.030 I/view_enqueue_input_event( 7070): [Motion - Cancel,com.android.gallery3d/com.android.gallery3d.app.GalleryActivity]
02-09 04:56:00.040 I/input_interaction( 1240): Interaction with: swipe-up (server), edge-swipe (server), PointerEventDispatcher0 (server),
02-09 04:56:00.193 I/sysui_multi_action( 1240): [757,803,799,key_back_press,802,1]
02-09 04:56:00.197 I/input_interaction( 1240): Interaction with: dc7d7e3 com.android.gallery3d/com.android.gallery3d.app.GalleryActivity (server), PointerEventDispatcher0 (server),
02-09 04:56:00.199 I/wm_finish_activity( 1240): [0,41046245,92,com.android.gallery3d/.app.GalleryActivity,app-request]
02-09 04:56:00.213 I/wm_pause_activity( 1240): [0,41046245,com.android.gallery3d/.app.GalleryActivity,userLeaving=false,finish]
02-09 04:56:00.221 I/wm_on_top_resumed_lost_called( 7070): [41046245,com.android.gallery3d.app.GalleryActivity,topStateChangedWhenResumed]
02-09 04:56:00.231 I/wm_on_paused_called( 7070): [41046245,com.android.gallery3d.app.GalleryActivity,performPause]
02-09 04:56:00.234 I/wm_set_resumed_activity( 1240): [0,com.android.music/.VideoBrowserActivity,resumeTopActivityInnerLocked]
02-09 04:56:00.236 I/wm_resume_activity( 1240): [0,161862998,92,com.android.music/.VideoBrowserActivity]
02-09 04:56:00.238 I/wm_on_resume_called( 6394): [161862998,com.android.music.VideoBrowserActivity,RESUME_ACTIVITY]
02-09 04:56:00.238 I/wm_on_top_resumed_gained_called( 6394): [161862998,com.android.music.VideoBrowserActivity,topWhenResuming]
02-09 04:56:00.244 I/input_focus( 1240): [Focus request 7d3d730 com.android.music/com.android.music.VideoBrowserActivity,reason=UpdateInputWindows]
02-09 04:56:00.244 I/sysui_multi_action( 1240): [757,803,799,window_time_2,802,8]
02-09 04:56:00.249 I/input_focus( 1240): [Focus leaving dc7d7e3 com.android.gallery3d/com.android.gallery3d.app.GalleryActivity (server),reason=NO_WINDOW]
02-09 04:56:00.249 I/input_focus( 1240): [Focus entering 7d3d730 com.android.music/com.android.music.VideoBrowserActivity (server),reason=setFocusedWindow]
02-09 04:56:00.266 I/wm_destroy_activity( 1240): [0,41046245,92,com.android.gallery3d/.app.GalleryActivity,finish-idle]
02-09 04:56:00.279 I/wm_on_stop_called( 7070): [41046245,com.android.gallery3d.app.GalleryActivity,LIFECYCLER_STOP_ACTIVITY]
02-09 04:56:00.283 I/wm_on_destroy_called( 7070): [41046245,com.android.gallery3d.app.GalleryActivity,performDestroy]
02-09 04:56:06.095 I/input_interaction( 1240): Interaction with: 7d3d730 com.android.music/com.android.music.VideoBrowserActivity (server), swipe-up (server), edge-swipe (server), PointerEventDispatcher0 (server),
02-09 04:56:06.936 I/wm_task_moved( 1240): [92,1,8]
02-09 04:56:06.936 I/wm_set_resumed_activity( 1240): [0,com.android.music/.VideoBrowserActivity,positionChildAt]
02-09 04:56:06.936 I/wm_create_activity( 1240): [0,72274592,92,com.android.gallery3d/.app.MovieActivity,android.intent.action.VIEW,video/mp4,content://media/external/video/media/374,0]
02-09 04:56:06.937 I/wm_pause_activity( 1240): [0,161862998,com.android.music/.VideoBrowserActivity,userLeaving=true,resumeTopActivityInnerLocked]
02-09 04:56:06.940 I/wm_on_top_resumed_lost_called( 6394): [161862998,com.android.music.VideoBrowserActivity,topStateChangedWhenResumed]
02-09 04:56:06.940 I/wm_on_paused_called( 6394): [161862998,com.android.music.VideoBrowserActivity,performPause]
02-09 04:56:06.941 I/wm_restart_activity( 1240): [0,72274592,92,com.android.gallery3d/.app.MovieActivity]
02-09 04:56:06.942 I/wm_set_resumed_activity( 1240): [0,com.android.gallery3d/.app.MovieActivity,minimalResumeActivityLocked]
02-09 04:56:06.945 I/sysui_multi_action( 1240): [757,803,799,window_time_2,802,7]
02-09 04:56:06.961 I/wm_on_create_called( 7070): [72274592,com.android.gallery3d.app.MovieActivity,performCreate]
02-09 04:56:06.963 I/wm_on_start_called( 7070): [72274592,com.android.gallery3d.app.MovieActivity,handleStartActivity]
02-09 04:56:06.963 I/wm_on_resume_called( 7070): [72274592,com.android.gallery3d.app.MovieActivity,RESUME_ACTIVITY]
02-09 04:56:06.965 I/wm_on_top_resumed_gained_called( 7070): [72274592,com.android.gallery3d.app.MovieActivity,topStateChangedWhenResumed]
02-09 04:56:06.983 I/input_focus( 1240): [Focus request 5f2bf91 com.android.gallery3d/com.android.gallery3d.app.MovieActivity,reason=UpdateInputWindows]
02-09 04:56:07.008 I/sysui_multi_action( 1240): [319,75,322,75,325,2062,757,761,758,8,759,2,806,com.android.gallery3d,871,com.android.gallery3d.app.MovieActivity,904,com.android.music,905,0,1320,4,1321,1]
02-09 04:56:07.008 I/wm_activity_launch_time( 1240): [0,72274592,com.android.gallery3d/.app.MovieActivity,75]
02-09 04:56:07.017 I/input_focus( 1240): [Focus leaving 7d3d730 com.android.music/com.android.music.VideoBrowserActivity (server),reason=setFocusedWindow]
02-09 04:56:07.017 I/input_focus( 1240): [Focus entering 5f2bf91 com.android.gallery3d/com.android.gallery3d.app.MovieActivity (server),reason=setFocusedWindow]
02-09 04:56:08.550 I/input_interaction( 1240): Interaction with: 5f2bf91 com.android.gallery3d/com.android.gallery3d.app.MovieActivity (server), swipe-up (server), edge-swipe (server), PointerEventDispatcher0 (server),
02-09 04:56:08.592 I/view_enqueue_input_event( 7070): [Motion - Cancel,com.android.gallery3d/com.android.gallery3d.app.MovieActivity]
02-09 04:56:08.600 I/input_interaction( 1240): Interaction with: swipe-up (server), edge-swipe (server), PointerEventDispatcher0 (server),
02-09 04:56:08.685 I/sysui_multi_action( 1240): [757,803,799,key_back_press,802,1]
02-09 04:56:08.690 I/input_interaction( 1240): Interaction with: 5f2bf91 com.android.gallery3d/com.android.gallery3d.app.MovieActivity (server), PointerEventDispatcher0 (server),
02-09 04:56:08.694 I/wm_finish_activity( 1240): [0,72274592,92,com.android.gallery3d/.app.MovieActivity,app-request]
02-09 04:56:08.701 I/wm_pause_activity( 1240): [0,72274592,com.android.gallery3d/.app.MovieActivity,userLeaving=false,finish]
02-09 04:56:08.703 I/wm_on_top_resumed_lost_called( 7070): [72274592,com.android.gallery3d.app.MovieActivity,topStateChangedWhenResumed]
02-09 04:56:08.720 I/input_focus( 1240): [Focus leaving 5f2bf91 com.android.gallery3d/com.android.gallery3d.app.MovieActivity (server),reason=NO_WINDOW]
02-09 04:56:08.761 I/wm_on_paused_called( 7070): [72274592,com.android.gallery3d.app.MovieActivity,performPause]
02-09 04:56:08.763 I/wm_set_resumed_activity( 1240): [0,com.android.music/.VideoBrowserActivity,resumeTopActivityInnerLocked]
02-09 04:56:08.764 I/wm_resume_activity( 1240): [0,161862998,92,com.android.music/.VideoBrowserActivity]
02-09 04:56:08.765 I/wm_on_resume_called( 6394): [161862998,com.android.music.VideoBrowserActivity,RESUME_ACTIVITY]
02-09 04:56:08.765 I/wm_on_top_resumed_gained_called( 6394): [161862998,com.android.music.VideoBrowserActivity,topWhenResuming]
02-09 04:56:08.772 I/input_focus( 1240): [Focus request 7d3d730 com.android.music/com.android.music.VideoBrowserActivity,reason=UpdateInputWindows]
02-09 04:56:08.772 I/sysui_multi_action( 1240): [757,803,799,window_time_2,802,2]
02-09 04:56:08.779 I/service_manager_stats( 1240): [100,87,58485]
02-09 04:56:08.781 I/wm_destroy_activity( 1240): [0,72274592,92,com.android.gallery3d/.app.MovieActivity,finish-idle]
02-09 04:56:08.787 I/input_focus( 1240): [Focus entering 7d3d730 com.android.music/com.android.music.VideoBrowserActivity (server),reason=setFocusedWindow]
02-09 04:56:08.787 I/wm_on_stop_called( 7070): [72274592,com.android.gallery3d.app.MovieActivity,LIFECYCLER_STOP_ACTIVITY]
02-09 04:56:08.787 I/wm_on_destroy_called( 7070): [72274592,com.android.gallery3d.app.MovieActivity,performDestroy]
02-09 04:56:09.607 I/input_interaction( 1240): Interaction with: 7d3d730 com.android.music/com.android.music.VideoBrowserActivity (server), swipe-up (server), edge-swipe (server), PointerEventDispatcher0 (server),
02-09 04:56:09.608 I/am_uid_idle( 1240): 10063
02-09 04:56:09.776 I/wm_task_moved( 1240): [92,1,8]
02-09 04:56:09.776 I/wm_set_resumed_activity( 1240): [0,com.android.music/.VideoBrowserActivity,positionChildAt]
02-09 04:56:09.776 I/wm_create_activity( 1240): [0,25385585,92,com.android.gallery3d/.app.MovieActivity,android.intent.action.VIEW,video/mp4,content://media/external/video/media/371,0]
02-09 04:56:09.778 I/wm_pause_activity( 1240): [0,161862998,com.android.music/.VideoBrowserActivity,userLeaving=true,resumeTopActivityInnerLocked]
02-09 04:56:09.780 I/wm_on_top_resumed_lost_called( 6394): [161862998,com.android.music.VideoBrowserActivity,topStateChangedWhenResumed]
02-09 04:56:09.780 I/wm_on_paused_called( 6394): [161862998,com.android.music.VideoBrowserActivity,performPause]
02-09 04:56:09.782 I/wm_restart_activity( 1240): [0,25385585,92,com.android.gallery3d/.app.MovieActivity]
02-09 04:56:09.783 I/wm_set_resumed_activity( 1240): [0,com.android.gallery3d/.app.MovieActivity,minimalResumeActivityLocked]
02-09 04:56:09.784 I/sysui_multi_action( 1240): [757,803,799,window_time_2,802,1]
02-09 04:56:09.791 I/wm_on_create_called( 7070): [25385585,com.android.gallery3d.app.MovieActivity,performCreate]
02-09 04:56:09.793 I/wm_on_start_called( 7070): [25385585,com.android.gallery3d.app.MovieActivity,handleStartActivity]
02-09 04:56:09.793 I/wm_on_resume_called( 7070): [25385585,com.android.gallery3d.app.MovieActivity,RESUME_ACTIVITY]
02-09 04:56:09.795 I/wm_on_top_resumed_gained_called( 7070): [25385585,com.android.gallery3d.app.MovieActivity,topStateChangedWhenResumed]
02-09 04:56:09.806 I/input_focus( 1240): [Focus request 6ace42e com.android.gallery3d/com.android.gallery3d.app.MovieActivity,reason=UpdateInputWindows]
02-09 04:56:09.834 I/sysui_multi_action( 1240): [319,63,322,62,325,2065,757,761,758,8,759,2,806,com.android.gallery3d,871,com.android.gallery3d.app.MovieActivity,904,com.android.music,905,0,1320,4,1321,1]
02-09 04:56:09.834 I/wm_activity_launch_time( 1240): [0,25385585,com.android.gallery3d/.app.MovieActivity,62]
02-09 04:56:09.840 I/input_focus( 1240): [Focus leaving 7d3d730 com.android.music/com.android.music.VideoBrowserActivity (server),reason=setFocusedWindow]
02-09 04:56:09.840 I/input_focus( 1240): [Focus entering 6ace42e com.android.gallery3d/com.android.gallery3d.app.MovieActivity (server),reason=setFocusedWindow]
02-09 04:56:10.090 I/sysui_multi_action( 1240): [757,128,758,5,759,8,793,222356,794,0,795,59991,796,1,806,com.android.music,857,Channel-music,858,2,947,0,1500,59991,1641,transport,1688,1,1745,1043716538]
02-09 04:56:10.090 I/notification_canceled( 1240): [0|com.android.music|1|null|10088,8,222356,59991,0,-1,-1,NULL]
02-09 04:56:10.115 I/notification_cancel_all( 1240): [1000,1240,com.android.music,0,0,0,20,NULL]
02-09 04:56:10.115 I/sysui_multi_action( 1240): [757,856,758,2,806,com.android.music,857,Channel-music,858,2]
02-09 04:56:10.139 I/notification_enqueue( 1240): [10080,2005,com.android.systemui,1,empty_media,0,Notification(channel=empty_media_style_id shortcut=null contentView=null vibrate=null sound=null defaults=0x0 flags=0x20 color=0x00000000 category=transport actions=4 vis=PRIVATE),0]
02-09 04:56:10.340 I/sysui_multi_action( 1240): [757,1501,758,1,793,202,794,0,795,202,796,1,797,empty_media,806,com.android.systemui,857,empty_media_style_id,858,4,947,0,1500,0,1641,transport,1688,1,1745,1043716538]
02-09 04:56:10.341 I/sysui_multi_action( 1240): [757,804,799,note_interruptive,801,0,802,1]
02-09 04:56:10.371 I/commit_sys_config_file( 1240): [notification-policy,2054740]
02-09 04:56:10.931 I/input_interaction( 1240): Interaction with: 6ace42e com.android.gallery3d/com.android.gallery3d.app.MovieActivity (server), swipe-up (server), edge-swipe (server), PointerEventDispatcher0 (server),
02-09 04:56:21.198 I/am_freeze( 1240): [5406,com.android.deskclock]
02-09 04:56:21.199 I/am_kill ( 1240): [0,5406,com.android.deskclock,965,Unable to freeze binder interface]
02-09 04:56:21.231 I/am_proc_died( 1240): [0,5406,com.android.deskclock,965,19]
02-09 04:56:21.239 I/am_uid_stopped( 1240): 10067
02-09 04:56:24.106 I/wm_relaunch_resume_activity( 1240): [0,25385585,92,com.android.gallery3d/.app.MovieActivity]
02-09 04:56:24.107 I/wm_add_to_stopping( 1240): [0,161862998,com.android.music/.VideoBrowserActivity,makeInvisible]
02-09 04:56:24.107 I/wm_add_to_stopping( 1240): [0,208887896,com.android.launcher3/.uioverrides.QuickstepLauncher,makeInvisible]
02-09 04:56:24.111 I/wm_relaunch_activity( 1240): [0,161862998,92,com.android.music/.VideoBrowserActivity]
02-09 04:56:24.114 I/wm_on_top_resumed_lost_called( 7070): [25385585,com.android.gallery3d.app.MovieActivity,pausing]
02-09 04:56:24.129 I/wm_on_stop_called( 6394): [161862998,com.android.music.VideoBrowserActivity,handleRelaunchActivity]
02-09 04:56:24.133 I/wm_on_destroy_called( 6394): [161862998,com.android.music.VideoBrowserActivity,performDestroy]
02-09 04:56:24.147 I/am_uid_active( 1240): 10063
02-09 04:56:24.167 I/wm_on_create_called( 6394): [161862998,com.android.music.VideoBrowserActivity,performCreate]
02-09 04:56:24.167 I/wm_on_start_called( 6394): [161862998,com.android.music.VideoBrowserActivity,handleStartActivity]
02-09 04:56:24.169 I/wm_on_resume_called( 6394): [161862998,com.android.music.VideoBrowserActivity,LIFECYCLER_RESUME_ACTIVITY]
02-09 04:56:24.169 I/wm_on_paused_called( 6394): [161862998,com.android.music.VideoBrowserActivity,performPause]
02-09 04:56:24.229 I/wm_on_paused_called( 7070): [25385585,com.android.gallery3d.app.MovieActivity,performPause]
02-09 04:56:24.230 I/wm_on_stop_called( 7070): [25385585,com.android.gallery3d.app.MovieActivity,handleRelaunchActivity]
02-09 04:56:24.232 I/wm_on_destroy_called( 7070): [25385585,com.android.gallery3d.app.MovieActivity,performDestroy]
02-09 04:56:24.257 I/wm_on_create_called( 7070): [25385585,com.android.gallery3d.app.MovieActivity,performCreate]
02-09 04:56:24.259 I/wm_on_start_called( 7070): [25385585,com.android.gallery3d.app.MovieActivity,handleStartActivity]
02-09 04:56:24.266 I/wm_on_resume_called( 7070): [25385585,com.android.gallery3d.app.MovieActivity,RESUME_ACTIVITY]
02-09 04:56:24.267 I/wm_on_top_resumed_gained_called( 7070): [25385585,com.android.gallery3d.app.MovieActivity,topWhenResuming]
02-09 04:56:24.375 I/snet_event_log( 1240): [172655291,-1,]
02-09 04:56:24.463 I/wm_stop_activity( 1240): [0,208887896,com.android.launcher3/.uioverrides.QuickstepLauncher]
02-09 04:56:24.498 I/wm_on_paused_called( 6009): [208887896,com.android.launcher3.uioverrides.QuickstepLauncher,performPause]
02-09 04:56:24.502 I/wm_on_stop_called( 6009): [208887896,com.android.launcher3.uioverrides.QuickstepLauncher,STOP_ACTIVITY_ITEM]
02-09 04:56:24.884 I/input_focus( 1240): [Focus request 2916713 ImmersiveModeConfirmation,reason=UpdateInputWindows]
02-09 04:56:24.893 I/input_focus( 1240): [Focus leaving 6ace42e com.android.gallery3d/com.android.gallery3d.app.MovieActivity (server),reason=Waiting for window because NOT_VISIBLE]
02-09 04:56:24.909 I/input_focus( 1240): [Focus entering 2916713 ImmersiveModeConfirmation (server),reason=Window became focusable. Previous reason: NOT_VISIBLE]
02-09 04:56:28.101 I/input_interaction( 1240): Interaction with: 2916713 ImmersiveModeConfirmation (server), swipe-up (server), edge-swipe (server), PointerEventDispatcher0 (server),
02-09 04:56:28.243 I/input_focus( 1240): [Focus request 6ace42e com.android.gallery3d/com.android.gallery3d.app.MovieActivity,reason=UpdateInputWindows]
02-09 04:56:28.267 I/input_focus( 1240): [Focus entering 6ace42e com.android.gallery3d/com.android.gallery3d.app.MovieActivity (server),reason=setFocusedWindow]
02-09 04:56:28.419 I/commit_sys_config_file( 1240): [settings-2-0,8]
02-09 04:56:29.859 I/input_interaction( 1240): Interaction with: 6ace42e com.android.gallery3d/com.android.gallery3d.app.MovieActivity (server), swipe-up (server), edge-swipe (server), PointerEventDispatcher0 (server),
02-09 04:56:32.518 I/am_freeze( 1240): [6327,com.android.settings.intelligence]
02-09 04:56:32.522 I/am_freeze( 1240): [6169,com.android.traceur]
02-09 04:56:32.526 I/am_freeze( 1240): [6357,com.android.emergency]
02-09 04:56:32.527 I/am_kill ( 1240): [0,6327,com.android.settings.intelligence,945,Unable to freeze binder interface]
02-09 04:56:32.530 I/am_kill ( 1240): [0,6169,com.android.traceur,945,Unable to freeze binder interface]
02-09 04:56:32.532 I/am_kill ( 1240): [0,6357,com.android.emergency,955,Unable to freeze binder interface]
02-09 04:56:32.555 I/am_proc_died( 1240): [0,6169,com.android.traceur,945,19]
02-09 04:56:32.556 I/am_uid_stopped( 1240): 10032
02-09 04:56:32.565 I/am_proc_died( 1240): [0,6357,com.android.emergency,955,19]
02-09 04:56:32.565 I/am_uid_stopped( 1240): 10075
02-09 04:56:32.575 I/am_proc_died( 1240): [0,6327,com.android.settings.intelligence,945,19]
02-09 04:56:32.576 I/am_uid_stopped( 1240): 10060
02-09 04:56:40.702 I/menu_item_selected( 7070): [0,720P_24fps_1M_H264_24bit_MP4.mp4]
02-09 04:56:40.711 I/wm_task_moved( 1240): [92,1,8]
02-09 04:56:40.711 I/wm_set_resumed_activity( 1240): [0,com.android.gallery3d/.app.MovieActivity,positionChildAt]
02-09 04:56:40.711 I/wm_create_activity( 1240): [0,35481865,92,com.android.gallery3d/.app.GalleryActivity,NULL,NULL,NULL,0]
02-09 04:56:40.711 I/wm_pause_activity( 1240): [0,25385585,com.android.gallery3d/.app.MovieActivity,userLeaving=true,resumeTopActivityInnerLocked]
02-09 04:56:40.714 I/wm_finish_activity( 1240): [0,25385585,92,com.android.gallery3d/.app.MovieActivity,app-request]
02-09 04:56:40.714 I/wm_on_top_resumed_lost_called( 7070): [25385585,com.android.gallery3d.app.MovieActivity,topStateChangedWhenResumed]
02-09 04:56:40.728 I/wm_on_paused_called( 7070): [25385585,com.android.gallery3d.app.MovieActivity,performPause]
02-09 04:56:40.728 I/wm_add_to_stopping( 1240): [0,25385585,com.android.gallery3d/.app.MovieActivity,completeFinishing]
02-09 04:56:40.729 I/wm_restart_activity( 1240): [0,35481865,92,com.android.gallery3d/.app.GalleryActivity]
02-09 04:56:40.730 I/wm_set_resumed_activity( 1240): [0,com.android.gallery3d/.app.GalleryActivity,minimalResumeActivityLocked]
02-09 04:56:40.731 I/sysui_multi_action( 1240): [757,803,799,window_time_2,802,31]
02-09 04:56:40.739 I/wm_on_create_called( 7070): [35481865,com.android.gallery3d.app.GalleryActivity,performCreate]
02-09 04:56:40.740 I/wm_on_start_called( 7070): [35481865,com.android.gallery3d.app.GalleryActivity,handleStartActivity]
02-09 04:56:40.741 I/wm_on_resume_called( 7070): [35481865,com.android.gallery3d.app.GalleryActivity,RESUME_ACTIVITY]
02-09 04:56:40.743 I/wm_on_top_resumed_gained_called( 7070): [35481865,com.android.gallery3d.app.GalleryActivity,topStateChangedWhenResumed]
02-09 04:56:40.746 I/input_focus( 1240): [Focus leaving 6ace42e com.android.gallery3d/com.android.gallery3d.app.MovieActivity (server),reason=NO_WINDOW]
02-09 04:56:40.747 I/input_focus( 1240): [Focus request 42b5b28 com.android.gallery3d/com.android.gallery3d.app.GalleryActivity,reason=UpdateInputWindows]
02-09 04:56:40.767 I/wm_activity_launch_time( 1240): [0,35481865,com.android.gallery3d/.app.GalleryActivity,60]
02-09 04:56:40.781 I/input_focus( 1240): [Focus entering 42b5b28 com.android.gallery3d/com.android.gallery3d.app.GalleryActivity (server),reason=setFocusedWindow]
02-09 04:56:41.170 I/wm_destroy_activity( 1240): [0,25385585,92,com.android.gallery3d/.app.MovieActivity,finish-imm:idle]
02-09 04:56:41.189 I/wm_on_stop_called( 7070): [25385585,com.android.gallery3d.app.MovieActivity,LIFECYCLER_STOP_ACTIVITY]
02-09 04:56:41.189 I/wm_on_destroy_called( 7070): [25385585,com.android.gallery3d.app.MovieActivity,performDestroy]
02-09 04:56:43.104 I/input_interaction( 1240): Interaction with: 42b5b28 com.android.gallery3d/com.android.gallery3d.app.GalleryActivity (server), swipe-up (server), edge-swipe (server), PointerEventDispatcher0 (server),
02-09 04:56:44.682 I/view_enqueue_input_event( 7070): [Motion - Cancel,com.android.gallery3d/com.android.gallery3d.app.GalleryActivity]
02-09 04:56:44.694 I/input_interaction( 1240): Interaction with: swipe-up (server), edge-swipe (server), PointerEventDispatcher0 (server),
02-09 04:56:44.834 I/sysui_multi_action( 1240): [757,803,799,key_back_press,802,1]
02-09 04:56:44.838 I/input_interaction( 1240): Interaction with: 42b5b28 com.android.gallery3d/com.android.gallery3d.app.GalleryActivity (server), PointerEventDispatcher0 (server),
02-09 04:56:44.841 I/wm_finish_activity( 1240): [0,35481865,92,com.android.gallery3d/.app.GalleryActivity,app-request]
02-09 04:56:44.849 I/wm_pause_activity( 1240): [0,35481865,com.android.gallery3d/.app.GalleryActivity,userLeaving=false,finish]
02-09 04:56:44.852 I/wm_on_top_resumed_lost_called( 7070): [35481865,com.android.gallery3d.app.GalleryActivity,topStateChangedWhenResumed]
02-09 04:56:44.864 I/wm_on_paused_called( 7070): [35481865,com.android.gallery3d.app.GalleryActivity,performPause]
02-09 04:56:44.865 I/wm_add_to_stopping( 1240): [0,35481865,com.android.gallery3d/.app.GalleryActivity,completeFinishing]
02-09 04:56:44.867 I/wm_set_resumed_activity( 1240): [0,com.android.music/.VideoBrowserActivity,resumeTopActivityInnerLocked]
02-09 04:56:44.869 I/wm_resume_activity( 1240): [0,161862998,92,com.android.music/.VideoBrowserActivity]
02-09 04:56:44.871 I/sysui_multi_action( 1240): [757,803,799,window_time_0,802,4]
02-09 04:56:44.873 I/input_focus( 1240): [Focus leaving 42b5b28 com.android.gallery3d/com.android.gallery3d.app.GalleryActivity (server),reason=NO_WINDOW]
02-09 04:56:44.880 I/wm_on_resume_called( 6394): [161862998,com.android.music.VideoBrowserActivity,RESUME_ACTIVITY]
02-09 04:56:44.880 I/wm_on_top_resumed_gained_called( 6394): [161862998,com.android.music.VideoBrowserActivity,topWhenResuming]
02-09 04:56:44.928 I/am_pss ( 1240): [6009,10073,com.android.launcher3,125551616,116944896,0,263749632,0,5,12]
02-09 04:56:45.280 I/wm_destroy_activity( 1240): [0,35481865,92,com.android.gallery3d/.app.GalleryActivity,finish-imm:idle]
02-09 04:56:45.304 I/wm_on_stop_called( 7070): [35481865,com.android.gallery3d.app.GalleryActivity,LIFECYCLER_STOP_ACTIVITY]
02-09 04:56:45.308 I/wm_on_destroy_called( 7070): [35481865,com.android.gallery3d.app.GalleryActivity,performDestroy]
02-09 04:56:48.681 I/input_interaction( 1240): Interaction with: swipe-up (server), edge-swipe (server), PointerEventDispatcher0 (server),
02-09 04:56:48.885 I/sysui_multi_action( 1240): [757,803,799,key_back_press,802,1]
02-09 04:56:50.055 I/sysui_multi_action( 1240): [757,803,799,key_back_press,802,1]
02-09 04:56:52.668 I/wm_task_moved( 1240): [60,0,0]
02-09 04:56:52.669 I/wm_task_moved( 1240): [60,0,7]
02-09 04:56:52.684 I/wm_on_restart_called( 6009): [208887896,com.android.launcher3.uioverrides.QuickstepLauncher,performRestartActivity]
02-09 04:56:52.698 I/wm_on_start_called( 6009): [208887896,com.android.launcher3.uioverrides.QuickstepLauncher,handleStartActivity]
02-09 04:56:52.708 I/sysui_latency( 6009): [1,57]
02-09 04:56:52.725 I/sysui_multi_action( 1240): [319,42,322,51,325,2108,757,761,758,9,759,5,806,com.android.launcher3,871,com.android.launcher3.uioverrides.QuickstepLauncher,904,com.android.launcher3,905,0,1320,4,1321,1]
02-09 04:56:52.900 I/commit_sys_config_file( 1240): [settings-1-0,4]
02-09 04:56:53.021 I/sysui_latency( 1240): [8,67]
02-09 04:56:53.467 I/wm_task_moved( 1240): [60,1,8]
02-09 04:56:53.468 I/wm_focused_root_task( 1240): [0,0,60,92,RecentsAnimation.onAnimationFinished()]
02-09 04:56:53.469 I/wm_on_top_resumed_lost_called( 6394): [161862998,com.android.music.VideoBrowserActivity,topStateChangedWhenResumed]
02-09 04:56:53.472 I/wm_pause_activity( 1240): [0,161862998,com.android.music/.VideoBrowserActivity,userLeaving=false,pauseBackTasks]
02-09 04:56:53.474 I/wm_set_resumed_activity( 1240): [0,com.android.launcher3/.uioverrides.QuickstepLauncher,resumeTopActivityInnerLocked]
02-09 04:56:53.479 I/wm_resume_activity( 1240): [0,208887896,61,com.android.launcher3/.uioverrides.QuickstepLauncher]
02-09 04:56:53.480 I/wm_add_to_stopping( 1240): [0,161862998,com.android.music/.VideoBrowserActivity,makeInvisible]
02-09 04:56:53.480 I/wm_on_resume_called( 6009): [208887896,com.android.launcher3.uioverrides.QuickstepLauncher,RESUME_ACTIVITY]
