02-09 04:23:57.530 I/wm_on_start_called( 3921): [185324082,com.android.gallery3d.app.MovieActivity,handleStartActivity]
02-09 04:23:57.530 I/wm_on_resume_called( 3921): [185324082,com.android.gallery3d.app.MovieActivity,RESUME_ACTIVITY]
02-09 04:23:57.533 I/wm_on_top_resumed_gained_called( 3921): [185324082,com.android.gallery3d.app.MovieActivity,topStateChangedWhenResumed]
02-09 04:23:57.545 I/input_focus( 1240): [Focus request 31947fb com.android.gallery3d/com.android.gallery3d.app.MovieActivity,reason=UpdateInputWindows]
02-09 04:23:57.572 I/sysui_multi_action( 1240): [319,67,322,66,325,132,757,761,758,8,759,2,806,com.android.gallery3d,871,com.android.gallery3d.app.MovieActivity,904,com.android.music,905,0,1320,4,1321,1]
02-09 04:23:57.572 I/wm_activity_launch_time( 1240): [0,185324082,com.android.gallery3d/.app.MovieActivity,66]
02-09 04:23:57.578 I/input_focus( 1240): [Focus leaving 3e65661 com.android.music/com.android.music.VideoBrowserActivity (server),reason=setFocusedWindow]
02-09 04:23:57.578 I/input_focus( 1240): [Focus entering 31947fb com.android.gallery3d/com.android.gallery3d.app.MovieActivity (server),reason=setFocusedWindow]
02-09 04:23:58.604 I/input_interaction( 1240): Interaction with: 31947fb com.android.gallery3d/com.android.gallery3d.app.MovieActivity (server), swipe-up (server), edge-swipe (server), PointerEventDispatcher0 (server),
02-09 04:23:58.607 I/service_manager_stats( 1240): [100,66,39561]
02-09 04:23:58.630 I/view_enqueue_input_event( 3921): [Motion - Cancel,com.android.gallery3d/com.android.gallery3d.app.MovieActivity]
02-09 04:23:58.643 I/input_interaction( 1240): Interaction with: swipe-up (server), edge-swipe (server), PointerEventDispatcher0 (server),
02-09 04:23:58.783 I/sysui_multi_action( 1240): [757,803,799,key_back_press,802,1]
02-09 04:23:58.788 I/input_interaction( 1240): Interaction with: 31947fb com.android.gallery3d/com.android.gallery3d.app.MovieActivity (server), PointerEventDispatcher0 (server),
02-09 04:23:58.790 I/wm_finish_activity( 1240): [0,185324082,64,com.android.gallery3d/.app.MovieActivity,app-request]
02-09 04:23:58.796 I/wm_pause_activity( 1240): [0,185324082,com.android.gallery3d/.app.MovieActivity,userLeaving=false,finish]
02-09 04:23:58.800 I/wm_on_top_resumed_lost_called( 3921): [185324082,com.android.gallery3d.app.MovieActivity,topStateChangedWhenResumed]
02-09 04:23:58.830 I/input_focus( 1240): [Focus leaving 31947fb com.android.gallery3d/com.android.gallery3d.app.MovieActivity (server),reason=NO_WINDOW]
02-09 04:23:58.913 I/wm_on_paused_called( 3921): [185324082,com.android.gallery3d.app.MovieActivity,performPause]
02-09 04:23:58.916 I/wm_set_resumed_activity( 1240): [0,com.android.music/.VideoBrowserActivity,resumeTopActivityInnerLocked]
02-09 04:23:58.918 I/wm_resume_activity( 1240): [0,127251535,64,com.android.music/.VideoBrowserActivity]
02-09 04:23:58.919 I/wm_on_resume_called( 3554): [127251535,com.android.music.VideoBrowserActivity,RESUME_ACTIVITY]
02-09 04:23:58.919 I/wm_on_top_resumed_gained_called( 3554): [127251535,com.android.music.VideoBrowserActivity,topWhenResuming]
02-09 04:23:58.924 I/input_focus( 1240): [Focus request 3e65661 com.android.music/com.android.music.VideoBrowserActivity,reason=UpdateInputWindows]
02-09 04:23:58.928 I/sysui_multi_action( 1240): [757,803,799,window_time_2,802,2]
02-09 04:23:58.930 I/input_focus( 1240): [Focus entering 3e65661 com.android.music/com.android.music.VideoBrowserActivity (server),reason=setFocusedWindow]
02-09 04:23:58.947 I/wm_destroy_activity( 1240): [0,185324082,64,com.android.gallery3d/.app.MovieActivity,finish-idle]
02-09 04:23:58.957 I/wm_on_stop_called( 3921): [185324082,com.android.gallery3d.app.MovieActivity,LIFECYCLER_STOP_ACTIVITY]
02-09 04:23:58.957 I/wm_on_destroy_called( 3921): [185324082,com.android.gallery3d.app.MovieActivity,performDestroy]
02-09 04:23:59.745 I/input_interaction( 1240): Interaction with: 3e65661 com.android.music/com.android.music.VideoBrowserActivity (server), swipe-up (server), edge-swipe (server), PointerEventDispatcher0 (server),
02-09 04:24:00.319 I/view_enqueue_input_event( 3554): [Motion - Cancel,com.android.music/com.android.music.VideoBrowserActivity]
02-09 04:24:00.331 I/input_interaction( 1240): Interaction with: swipe-up (server), edge-swipe (server), PointerEventDispatcher0 (server),
02-09 04:24:01.255 I/sysui_multi_action( 1240): [757,803,799,key_back_press,802,1]
02-09 04:24:01.259 I/input_interaction( 1240): Interaction with: 3e65661 com.android.music/com.android.music.VideoBrowserActivity (server), PointerEventDispatcher0 (server),
02-09 04:24:01.261 I/wm_finish_activity( 1240): [0,127251535,64,com.android.music/.VideoBrowserActivity,app-request]
02-09 04:24:01.262 I/wm_task_moved( 1240): [60,1,8]
02-09 04:24:01.263 I/wm_set_resumed_activity( 1240): [0,com.android.launcher3/.uioverrides.QuickstepLauncher,positionChildAt]
02-09 04:24:01.263 I/wm_task_moved( 1240): [61,1,2147483647]
02-09 04:24:01.263 I/wm_task_to_front( 1240): [0,61]
02-09 04:24:01.263 I/wm_focused_root_task( 1240): [0,0,60,-1,finish-top adjustFocusToNextFocusableTask]
02-09 04:24:01.263 I/wm_set_resumed_activity( 1240): [0,com.android.launcher3/.uioverrides.QuickstepLauncher,finish-top]
02-09 04:24:01.269 I/wm_pause_activity( 1240): [0,127251535,com.android.music/.VideoBrowserActivity,userLeaving=false,finish]
02-09 04:24:01.271 I/wm_on_top_resumed_lost_called( 3554): [127251535,com.android.music.VideoBrowserActivity,topStateChangedWhenResumed]
02-09 04:24:01.271 I/input_focus( 1240): [Focus request 9e7c415 com.android.launcher3/com.android.launcher3.uioverrides.QuickstepLauncher,reason=UpdateInputWindows]
02-09 04:24:01.273 I/wm_on_paused_called( 3554): [127251535,com.android.music.VideoBrowserActivity,performPause]
02-09 04:24:01.279 I/wm_destroy_activity( 1240): [0,127251535,64,com.android.music/.VideoBrowserActivity,finish-imm:completePausedLocked]
02-09 04:24:01.282 I/wm_on_top_resumed_gained_called( 2573): [208887896,com.android.launcher3.uioverrides.QuickstepLauncher,topStateChangedWhenResumed]
02-09 04:24:01.289 I/input_focus( 1240): [Focus leaving 3e65661 com.android.music/com.android.music.VideoBrowserActivity (server),reason=NO_WINDOW]
02-09 04:24:01.289 I/input_focus( 1240): [Focus entering 9e7c415 com.android.launcher3/com.android.launcher3.uioverrides.QuickstepLauncher (server),reason=setFocusedWindow]
02-09 04:24:01.290 I/sysui_multi_action( 1240): [757,803,799,window_time_2,802,2]
02-09 04:24:01.293 I/wm_on_stop_called( 3554): [127251535,com.android.music.VideoBrowserActivity,LIFECYCLER_STOP_ACTIVITY]
02-09 04:24:01.295 I/wm_on_destroy_called( 3554): [127251535,com.android.music.VideoBrowserActivity,performDestroy]
02-09 04:24:01.569 I/wm_task_removed( 1240): [64,removeChild:removeChild last r=ActivityRecord{795b44f u0 com.android.music/.VideoBrowserActivity t-1 f}} in t=Task{6234eae #64 type=standard A=10088:android.task.video U=0 visible=false mode=freeform translucent=true sz=0}]
02-09 04:24:01.569 I/wm_task_removed( 1240): [64,removeChild]
02-09 04:24:04.382 I/input_interaction( 1240): Interaction with: 9e7c415 com.android.launcher3/com.android.launcher3.uioverrides.QuickstepLauncher (server), f1cc593 com.android.systemui.ImageWallpaper (server), swipe-up (server), edge-swipe (server), PointerEventDispatcher0 (server),
02-09 04:24:04.749 I/commit_sys_config_file( 1240): [settings-1-0,6]
02-09 04:24:05.798 I/am_uid_idle( 1240): 10092
02-09 04:24:06.435 I/commit_sys_config_file( 1240): [settings-1-0,7]
02-09 04:24:08.481 I/wm_task_created( 1240): [65,-1]
02-09 04:24:08.484 I/wm_task_moved( 1240): [65,1,8]
02-09 04:24:08.484 I/wm_task_to_front( 1240): [0,65]
02-09 04:24:08.484 I/wm_create_task( 1240): [0,65]
02-09 04:24:08.484 I/wm_create_activity( 1240): [0,82550833,65,com.android.gallery3d/.app.GalleryActivity,android.intent.action.MAIN,NULL,NULL,270532608]
02-09 04:24:08.484 I/wm_task_moved( 1240): [65,1,8]
02-09 04:24:08.485 I/wm_pause_activity( 1240): [0,208887896,com.android.launcher3/.uioverrides.QuickstepLauncher,userLeaving=true,pauseBackTasks]
02-09 04:24:08.488 I/wm_on_top_resumed_lost_called( 2573): [208887896,com.android.launcher3.uioverrides.QuickstepLauncher,topStateChangedWhenResumed]
02-09 04:24:08.488 I/wm_on_paused_called( 2573): [208887896,com.android.launcher3.uioverrides.QuickstepLauncher,performPause]
02-09 04:24:08.489 I/wm_add_to_stopping( 1240): [0,208887896,com.android.launcher3/.uioverrides.QuickstepLauncher,makeInvisible]
02-09 04:24:08.490 I/wm_restart_activity( 1240): [0,82550833,65,com.android.gallery3d/.app.GalleryActivity]
02-09 04:24:08.490 I/wm_set_resumed_activity( 1240): [0,com.android.gallery3d/.app.GalleryActivity,minimalResumeActivityLocked]
02-09 04:24:08.497 I/sysui_multi_action( 1240): [757,803,799,window_time_0,802,7]
02-09 04:24:08.507 I/wm_on_create_called( 3921): [82550833,com.android.gallery3d.app.GalleryActivity,performCreate]
02-09 04:24:08.508 I/wm_on_start_called( 3921): [82550833,com.android.gallery3d.app.GalleryActivity,handleStartActivity]
02-09 04:24:08.510 I/wm_on_resume_called( 3921): [82550833,com.android.gallery3d.app.GalleryActivity,RESUME_ACTIVITY]
02-09 04:24:08.516 I/wm_on_top_resumed_gained_called( 3921): [82550833,com.android.gallery3d.app.GalleryActivity,topStateChangedWhenResumed]
02-09 04:24:08.521 I/input_focus( 1240): [Focus leaving 9e7c415 com.android.launcher3/com.android.launcher3.uioverrides.QuickstepLauncher (server),reason=NO_WINDOW]
02-09 04:24:08.523 I/input_focus( 1240): [Focus request e8f6c20 com.android.gallery3d/com.android.gallery3d.app.GalleryActivity,reason=UpdateInputWindows]
02-09 04:24:08.543 I/sysui_multi_action( 1240): [319,35,321,33,322,64,325,143,757,761,758,8,759,1,806,com.android.gallery3d,871,com.android.gallery3d.app.GalleryActivity,904,com.android.launcher3,905,0,1320,4,1321,1]
02-09 04:24:08.544 I/wm_activity_launch_time( 1240): [0,82550833,com.android.gallery3d/.app.GalleryActivity,64]
02-09 04:24:08.554 I/input_focus( 1240): [Focus entering e8f6c20 com.android.gallery3d/com.android.gallery3d.app.GalleryActivity (server),reason=setFocusedWindow]
02-09 04:24:08.644 I/auditd ( 505): avc: denied { find } for interface=vendor.qti.qspmhal::IQspmhal sid=u:r:mediaserver:s0 pid=1283 scontext=u:r:mediaserver:s0 tcontext=u:object_r:vendor_hal_qspmhal_hwservice:s0 tclass=hwservice_manager permissive=0
02-09 04:24:09.038 I/wm_stop_activity( 1240): [0,208887896,com.android.launcher3/.uioverrides.QuickstepLauncher]
02-09 04:24:09.040 I/wm_on_stop_called( 2573): [208887896,com.android.launcher3.uioverrides.QuickstepLauncher,STOP_ACTIVITY_ITEM]
02-09 04:24:09.561 I/input_interaction( 1240): Interaction with: e8f6c20 com.android.gallery3d/com.android.gallery3d.app.GalleryActivity (server), swipe-up (server), edge-swipe (server), PointerEventDispatcher0 (server),
02-09 04:24:09.567 I/wm_task_moved( 1240): [60,0,0]
02-09 04:24:09.567 I/wm_task_moved( 1240): [60,0,7]
02-09 04:24:09.572 I/wm_on_restart_called( 2573): [208887896,com.android.launcher3.uioverrides.QuickstepLauncher,performRestartActivity]
02-09 04:24:09.585 I/wm_on_start_called( 2573): [208887896,com.android.launcher3.uioverrides.QuickstepLauncher,handleStartActivity]
02-09 04:24:09.597 I/sysui_multi_action( 1240): [319,3,322,28,325,144,757,761,758,9,759,5,806,com.android.launcher3,871,com.android.launcher3.uioverrides.QuickstepLauncher,904,com.android.launcher3,905,0,1320,4,1321,1]
02-09 04:24:09.601 I/view_enqueue_input_event( 3921): [Motion - Cancel,com.android.gallery3d/com.android.gallery3d.app.GalleryActivity]
02-09 04:24:09.603 I/sysui_latency( 2573): [1,31]
02-09 04:24:09.604 I/input_focus( 1240): [Focus request recents_animation_input_consumer,reason=UpdateInputWindows]
02-09 04:24:09.615 I/input_interaction( 1240): Interaction with: swipe-up (server), edge-swipe (server), PointerEventDispatcher0 (server),
02-09 04:24:09.622 I/input_focus( 1240): [Focus leaving e8f6c20 com.android.gallery3d/com.android.gallery3d.app.GalleryActivity (server),reason=NOT_FOCUSABLE]
02-09 04:24:09.622 I/input_focus( 1240): [Focus entering recents_animation_input_consumer (server),reason=setFocusedWindow]
02-09 04:24:09.785 I/commit_sys_config_file( 1240): [settings-1-0,1]
02-09 04:24:09.897 I/sysui_latency( 1240): [8,32]
02-09 04:24:10.515 I/wm_task_moved( 1240): [60,1,8]
02-09 04:24:10.519 I/wm_focused_root_task( 1240): [0,0,60,65,RecentsAnimation.onAnimationFinished()]
02-09 04:24:10.519 I/wm_on_top_resumed_lost_called( 3921): [82550833,com.android.gallery3d.app.GalleryActivity,topStateChangedWhenResumed]
02-09 04:24:10.523 I/wm_pause_activity( 1240): [0,82550833,com.android.gallery3d/.app.GalleryActivity,userLeaving=false,pauseBackTasks]
02-09 04:24:10.526 I/wm_set_resumed_activity( 1240): [0,com.android.launcher3/.uioverrides.QuickstepLauncher,resumeTopActivityInnerLocked]
02-09 04:24:10.530 I/wm_resume_activity( 1240): [0,208887896,61,com.android.launcher3/.uioverrides.QuickstepLauncher]
02-09 04:24:10.530 I/wm_add_to_stopping( 1240): [0,82550833,com.android.gallery3d/.app.GalleryActivity,makeInvisible]
02-09 04:24:10.531 I/wm_on_resume_called( 2573): [208887896,com.android.launcher3.uioverrides.QuickstepLauncher,RESUME_ACTIVITY]
02-09 04:24:10.540 I/input_focus( 1240): [Focus request 9e7c415 com.android.launcher3/com.android.launcher3.uioverrides.QuickstepLauncher,reason=UpdateInputWindows]
02-09 04:24:10.543 I/input_focus( 1240): [Focus leaving recents_animation_input_consumer (server),reason=NOT_VISIBLE]
02-09 04:24:10.544 I/wm_stop_activity( 1240): [0,82550833,com.android.gallery3d/.app.GalleryActivity]
02-09 04:24:10.547 I/sysui_multi_action( 1240): [757,803,799,window_time_0,802,2]
02-09 04:24:10.550 I/wm_on_paused_called( 3921): [82550833,com.android.gallery3d.app.GalleryActivity,performPause]
02-09 04:24:10.551 I/sysui_multi_action( 1240): [757,803,799,window_time_0,802,0]
02-09 04:24:10.555 I/wm_on_stop_called( 3921): [82550833,com.android.gallery3d.app.GalleryActivity,STOP_ACTIVITY_ITEM]
02-09 04:24:10.559 I/input_focus( 1240): [Focus entering 9e7c415 com.android.launcher3/com.android.launcher3.uioverrides.QuickstepLauncher (server),reason=setFocusedWindow]
02-09 04:24:10.579 I/wm_on_top_resumed_gained_called( 2573): [208887896,com.android.launcher3.uioverrides.QuickstepLauncher,topStateChangedWhenResumed]
02-09 04:24:10.773 I/commit_sys_config_file( 1240): [settings-1-0,4]
02-09 04:24:12.337 I/input_interaction( 1240): Interaction with: 9e7c415 com.android.launcher3/com.android.launcher3.uioverrides.QuickstepLauncher (server), f1cc593 com.android.systemui.ImageWallpaper (server), swipe-up (server), edge-swipe (server), PointerEventDispatcher0 (server),
02-09 04:24:12.468 I/wm_task_moved( 1240): [60,1,8]
02-09 04:24:12.469 I/wm_set_resumed_activity( 1240): [0,com.android.launcher3/.uioverrides.QuickstepLauncher,positionChildAt]
02-09 04:24:12.470 I/wm_task_moved( 1240): [65,1,8]
02-09 04:24:12.470 I/wm_focused_root_task( 1240): [0,0,65,60,moveTaskToFront findTaskToMoveToFront]
02-09 04:24:12.471 I/wm_set_resumed_activity( 1240): [0,com.android.gallery3d/.app.GalleryActivity,moveTaskToFront findTaskToMoveToFront]
02-09 04:24:12.472 I/wm_set_resumed_activity( 1240): [0,com.android.gallery3d/.app.GalleryActivity,resumeTopActivityInnerLocked]
02-09 04:24:12.474 I/wm_resume_activity( 1240): [0,82550833,65,com.android.gallery3d/.app.GalleryActivity]
02-09 04:24:12.486 I/wm_on_top_resumed_lost_called( 2573): [208887896,com.android.launcher3.uioverrides.QuickstepLauncher,topStateChangedWhenResumed]
02-09 04:24:12.494 I/wm_on_restart_called( 3921): [82550833,com.android.gallery3d.app.GalleryActivity,performRestartActivity]
02-09 04:24:12.495 I/wm_on_start_called( 3921): [82550833,com.android.gallery3d.app.GalleryActivity,handleStartActivity]
02-09 04:24:12.498 I/wm_on_resume_called( 3921): [82550833,com.android.gallery3d.app.GalleryActivity,RESUME_ACTIVITY]
02-09 04:24:12.498 I/wm_on_top_resumed_gained_called( 3921): [82550833,com.android.gallery3d.app.GalleryActivity,topStateChangedWhenResumed]
02-09 04:24:12.506 I/input_focus( 1240): [Focus request e8f6c20 com.android.gallery3d/com.android.gallery3d.app.GalleryActivity,reason=UpdateInputWindows]
02-09 04:24:12.531 I/input_focus( 1240): [Focus leaving 9e7c415 com.android.launcher3/com.android.launcher3.uioverrides.QuickstepLauncher (server),reason=setFocusedWindow]
02-09 04:24:12.531 I/input_focus( 1240): [Focus entering e8f6c20 com.android.gallery3d/com.android.gallery3d.app.GalleryActivity (server),reason=setFocusedWindow]
02-09 04:24:12.531 I/sysui_multi_action( 1240): [319,57,322,56,325,147,757,761,758,9,759,2,806,com.android.gallery3d,871,com.android.gallery3d.app.GalleryActivity,904,com.android.launcher3,905,0,1320,4,1321,1]
02-09 04:24:13.562 I/input_interaction( 1240): Interaction with: e8f6c20 com.android.gallery3d/com.android.gallery3d.app.GalleryActivity (server), swipe-up (server), edge-swipe (server), PointerEventDispatcher0 (server),
02-09 04:24:16.192 I/snet_event_log( 3921): [117838472,-1,]
02-09 04:24:26.369 I/view_enqueue_input_event( 3921): [Motion - Cancel,com.android.gallery3d/com.android.gallery3d.app.GalleryActivity]
02-09 04:24:26.378 I/input_interaction( 1240): Interaction with: swipe-up (server), edge-swipe (server), PointerEventDispatcher0 (server),
02-09 04:24:26.556 I/commit_sys_config_file( 1240): [settings-1-0,10]
02-09 04:24:26.932 I/commit_sys_config_file( 1240): [settings-1-0,5]
02-09 04:24:27.056 I/wm_finish_activity( 1240): [0,82550833,65,com.android.gallery3d/.app.GalleryActivity,app-request]
02-09 04:24:27.057 I/wm_task_moved( 1240): [60,1,8]
02-09 04:24:27.059 I/wm_set_resumed_activity( 1240): [0,com.android.launcher3/.uioverrides.QuickstepLauncher,positionChildAt]
02-09 04:24:27.059 I/wm_task_moved( 1240): [61,1,2147483647]
02-09 04:24:27.059 I/wm_task_to_front( 1240): [0,61]
02-09 04:24:27.059 I/wm_focused_root_task( 1240): [0,0,60,-1,finish-top adjustFocusToNextFocusableTask]
02-09 04:24:27.059 I/wm_on_top_resumed_lost_called( 3921): [82550833,com.android.gallery3d.app.GalleryActivity,topStateChangedWhenResumed]
02-09 04:24:27.060 I/wm_set_resumed_activity( 1240): [0,com.android.launcher3/.uioverrides.QuickstepLauncher,finish-top]
02-09 04:24:27.065 I/wm_pause_activity( 1240): [0,82550833,com.android.gallery3d/.app.GalleryActivity,userLeaving=false,finish]
02-09 04:24:27.070 I/input_focus( 1240): [Focus request 9e7c415 com.android.launcher3/com.android.launcher3.uioverrides.QuickstepLauncher,reason=UpdateInputWindows]
02-09 04:24:27.095 I/wm_on_paused_called( 3921): [82550833,com.android.gallery3d.app.GalleryActivity,performPause]
02-09 04:24:27.098 I/wm_destroy_activity( 1240): [0,82550833,65,com.android.gallery3d/.app.GalleryActivity,finish-imm:completePausedLocked]
02-09 04:24:27.103 I/input_focus( 1240): [Focus leaving e8f6c20 com.android.gallery3d/com.android.gallery3d.app.GalleryActivity (server),reason=NO_WINDOW]
02-09 04:24:27.104 I/input_focus( 1240): [Focus entering 9e7c415 com.android.launcher3/com.android.launcher3.uioverrides.QuickstepLauncher (server),reason=setFocusedWindow]
02-09 04:24:27.109 I/wm_on_top_resumed_gained_called( 2573): [208887896,com.android.launcher3.uioverrides.QuickstepLauncher,topStateChangedWhenResumed]
02-09 04:24:27.112 I/sysui_multi_action( 1240): [757,803,799,window_time_0,802,17]
02-09 04:24:27.131 I/wm_on_stop_called( 3921): [82550833,com.android.gallery3d.app.GalleryActivity,LIFECYCLER_STOP_ACTIVITY]
02-09 04:24:27.134 I/wm_on_destroy_called( 3921): [82550833,com.android.gallery3d.app.GalleryActivity,performDestroy]
02-09 04:24:27.398 I/wm_task_removed( 1240): [65,removeChild:removeChild last r=ActivityRecord{4eba031 u0 com.android.gallery3d/.app.GalleryActivity t-1 f}} in t=Task{a8b35ab #65 type=standard A=10064:com.android.gallery3d U=0 visible=false mode=freeform translucent=true sz=0}]
02-09 04:24:27.398 I/wm_task_removed( 1240): [65,removeChild]
02-09 04:24:29.413 I/input_interaction( 1240): Interaction with: 9e7c415 com.android.launcher3/com.android.launcher3.uioverrides.QuickstepLauncher (server), f1cc593 com.android.systemui.ImageWallpaper (server), swipe-up (server), edge-swipe (server), PointerEventDispatcher0 (server),
02-09 04:24:29.619 I/wm_task_created( 1240): [66,-1]
02-09 04:24:29.621 I/wm_task_moved( 1240): [66,1,8]
02-09 04:24:29.621 I/wm_task_to_front( 1240): [0,66]
02-09 04:24:29.621 I/wm_create_task( 1240): [0,66]
02-09 04:24:29.621 I/wm_create_activity( 1240): [0,234276353,66,com.android.gallery3d/.app.GalleryActivity,android.intent.action.MAIN,NULL,NULL,270532608]
02-09 04:24:29.622 I/wm_task_moved( 1240): [66,1,8]
02-09 04:24:29.623 I/wm_restart_activity( 1240): [0,234276353,66,com.android.gallery3d/.app.GalleryActivity]
02-09 04:24:29.624 I/wm_set_resumed_activity( 1240): [0,com.android.gallery3d/.app.GalleryActivity,minimalResumeActivityLocked]
02-09 04:24:29.628 I/wm_on_top_resumed_lost_called( 2573): [208887896,com.android.launcher3.uioverrides.QuickstepLauncher,topStateChangedWhenResumed]
02-09 04:24:29.637 I/wm_on_create_called( 3921): [234276353,com.android.gallery3d.app.GalleryActivity,performCreate]
02-09 04:24:29.637 I/wm_on_start_called( 3921): [234276353,com.android.gallery3d.app.GalleryActivity,handleStartActivity]
02-09 04:24:29.639 I/wm_on_resume_called( 3921): [234276353,com.android.gallery3d.app.GalleryActivity,RESUME_ACTIVITY]
02-09 04:24:29.640 I/wm_on_top_resumed_gained_called( 3921): [234276353,com.android.gallery3d.app.GalleryActivity,topStateChangedWhenResumed]
02-09 04:24:29.655 I/input_focus( 1240): [Focus request 4c0a83 com.android.gallery3d/com.android.gallery3d.app.GalleryActivity,reason=UpdateInputWindows]
02-09 04:24:29.688 I/input_focus( 1240): [Focus leaving 9e7c415 com.android.launcher3/com.android.launcher3.uioverrides.QuickstepLauncher (server),reason=Waiting for window because NOT_VISIBLE]
02-09 04:24:29.691 I/sysui_multi_action( 1240): [319,75,322,75,325,164,757,761,758,8,759,2,806,com.android.gallery3d,871,com.android.gallery3d.app.GalleryActivity,904,android,905,0,1320,4,1321,1]
02-09 04:24:29.692 I/wm_activity_launch_time( 1240): [0,234276353,com.android.gallery3d/.app.GalleryActivity,75]
02-09 04:24:29.704 I/input_focus( 1240): [Focus entering 4c0a83 com.android.gallery3d/com.android.gallery3d.app.GalleryActivity (server),reason=Window became focusable. Previous reason: NOT_VISIBLE]
02-09 04:24:29.752 I/am_pss ( 1240): [3554,10088,com.android.music,49048576,40153088,0,180178944,0,10,6]
02-09 04:24:32.424 I/input_interaction( 1240): Interaction with: 4c0a83 com.android.gallery3d/com.android.gallery3d.app.GalleryActivity (server), swipe-up (server), edge-swipe (server), PointerEventDispatcher0 (server),
02-09 04:24:32.484 I/view_enqueue_input_event( 3921): [Motion - Cancel,com.android.gallery3d/com.android.gallery3d.app.GalleryActivity]
02-09 04:24:32.488 I/input_interaction( 1240): Interaction with: swipe-up (server), edge-swipe (server), PointerEventDispatcher0 (server),
02-09 04:24:32.668 I/commit_sys_config_file( 1240): [settings-1-0,6]
02-09 04:24:32.938 I/commit_sys_config_file( 1240): [settings-1-0,5]
02-09 04:24:33.288 I/input_interaction( 1240): Interaction with: 9e7c415 com.android.launcher3/com.android.launcher3.uioverrides.QuickstepLauncher (server), f1cc593 com.android.systemui.ImageWallpaper (server), swipe-up (server), edge-swipe (server), PointerEventDispatcher0 (server),
02-09 04:24:33.291 I/service_manager_stats( 1240): [100,57,34685]
02-09 04:24:33.395 I/view_enqueue_input_event( 2573): [Motion - Cancel,com.android.launcher3/com.android.launcher3.uioverrides.QuickstepLauncher]
02-09 04:24:33.396 I/input_interaction( 1240): Interaction with: swipe-up (server), edge-swipe (server), PointerEventDispatcher0 (server),
02-09 04:24:33.585 I/commit_sys_config_file( 1240): [settings-1-0,6]
02-09 04:24:33.788 I/commit_sys_config_file( 1240): [settings-1-0,6]
02-09 04:24:34.643 I/input_interaction( 1240): Interaction with: 9e7c415 com.android.launcher3/com.android.launcher3.uioverrides.QuickstepLauncher (server), f1cc593 com.android.systemui.ImageWallpaper (server), swipe-up (server), edge-swipe (server), PointerEventDispatcher0 (server),
02-09 04:24:34.813 I/wm_task_moved( 1240): [62,1,8]
02-09 04:24:34.813 I/wm_task_to_front( 1240): [0,62]
02-09 04:24:34.813 I/wm_focused_root_task( 1240): [0,0,62,66,bringingFoundTaskToFront]
02-09 04:24:34.814 I/wm_on_top_resumed_lost_called( 3921): [234276353,com.android.gallery3d.app.GalleryActivity,topStateChangedWhenResumed]
02-09 04:24:34.817 I/wm_set_resumed_activity( 1240): [0,com.android.settings/.Settings,bringingFoundTaskToFront]
02-09 04:24:34.817 I/wm_new_intent( 1240): [0,171931013,62,com.android.settings/.Settings,android.intent.action.MAIN,NULL,NULL,270532608]
02-09 04:24:34.820 I/wm_pause_activity( 1240): [0,208887896,com.android.launcher3/.uioverrides.QuickstepLauncher,userLeaving=true,pauseBackTasks]
02-09 04:24:34.829 I/wm_on_paused_called( 2573): [208887896,com.android.launcher3.uioverrides.QuickstepLauncher,performPause]
02-09 04:24:34.834 I/wm_set_resumed_activity( 1240): [0,com.android.settings/.Settings,resumeTopActivityInnerLocked]
02-09 04:24:34.835 I/wm_add_to_stopping( 1240): [0,208887896,com.android.launcher3/.uioverrides.QuickstepLauncher,makeInvisible]
02-09 04:24:34.837 I/wm_resume_activity( 1240): [0,171931013,62,com.android.settings/.Settings]
02-09 04:24:34.849 I/sysui_multi_action( 1240): [757,803,799,window_time_0,802,8]
02-09 04:24:34.852 I/wm_on_restart_called( 2418): [171931013,com.android.settings.Settings,performRestartActivity]
02-09 04:24:34.854 I/wm_on_start_called( 2418): [171931013,com.android.settings.Settings,handleStartActivity]
02-09 04:24:34.855 I/snet_event_log( 2418): [120484087,-1,]
02-09 04:24:34.856 I/wm_on_resume_called( 2418): [171931013,com.android.settings.Settings,RESUME_ACTIVITY]
02-09 04:24:34.856 I/sysui_multi_action( 2418): [757,340,758,1,833,0,1089,0]
02-09 04:24:34.856 I/sysui_multi_action( 2418): [757,35,758,1,833,0,1089,0]
02-09 04:24:34.858 I/wm_on_top_resumed_gained_called( 2418): [171931013,com.android.settings.Settings,topWhenResuming]
02-09 04:24:34.870 I/input_focus( 1240): [Focus request cd6a74 com.android.settings/com.android.settings.Settings,reason=UpdateInputWindows]
02-09 04:24:34.897 I/sysui_multi_action( 1240): [319,37,321,34,322,81,325,170,757,761,758,9,759,4,806,com.android.settings,871,com.android.settings.Settings,904,com.android.launcher3,905,0,1320,4,1321,1]
02-09 04:24:34.901 I/input_focus( 1240): [Focus leaving 4c0a83 com.android.gallery3d/com.android.gallery3d.app.GalleryActivity (server),reason=setFocusedWindow]
02-09 04:24:34.901 I/input_focus( 1240): [Focus entering cd6a74 com.android.settings/com.android.settings.Settings (server),reason=setFocusedWindow]
02-09 04:24:35.391 I/wm_stop_activity( 1240): [0,208887896,com.android.launcher3/.uioverrides.QuickstepLauncher]
02-09 04:24:35.414 I/wm_on_stop_called( 2573): [208887896,com.android.launcher3.uioverrides.QuickstepLauncher,STOP_ACTIVITY_ITEM]
02-09 04:24:36.274 I/input_interaction( 1240): Interaction with: 4c0a83 com.android.gallery3d/com.android.gallery3d.app.GalleryActivity (server), swipe-up (server), edge-swipe (server), PointerEventDispatcher0 (server),
02-09 04:24:36.279 I/wm_task_moved( 1240): [66,1,8]
02-09 04:24:36.279 I/wm_task_to_front( 1240): [0,66]
02-09 04:24:36.283 I/wm_on_top_resumed_lost_called( 2418): [171931013,com.android.settings.Settings,topStateChangedWhenResumed]
02-09 04:24:36.284 I/wm_set_resumed_activity( 1240): [0,com.android.gallery3d/.app.GalleryActivity,positionChildAt]
02-09 04:24:36.284 I/wm_focused_root_task( 1240): [0,0,66,62,setFocusedTask]
02-09 04:24:36.284 I/wm_set_resumed_activity( 1240): [0,com.android.gallery3d/.app.GalleryActivity,setFocusedTask]
02-09 04:24:36.285 I/input_focus( 1240): [Focus request 4c0a83 com.android.gallery3d/com.android.gallery3d.app.GalleryActivity,reason=UpdateInputWindows]
02-09 04:24:36.287 I/wm_on_top_resumed_gained_called( 3921): [234276353,com.android.gallery3d.app.GalleryActivity,topStateChangedWhenResumed]
02-09 04:24:36.295 I/wm_task_moved( 1240): [60,0,0]
02-09 04:24:36.295 I/wm_task_moved( 1240): [60,0,6]
02-09 04:24:36.309 I/input_focus( 1240): [Focus leaving cd6a74 com.android.settings/com.android.settings.Settings (server),reason=setFocusedWindow]
02-09 04:24:36.309 I/input_focus( 1240): [Focus entering 4c0a83 com.android.gallery3d/com.android.gallery3d.app.GalleryActivity (server),reason=setFocusedWindow]
02-09 04:24:36.326 I/wm_on_restart_called( 2573): [208887896,com.android.launcher3.uioverrides.QuickstepLauncher,performRestartActivity]
02-09 04:24:36.352 I/wm_on_start_called( 2573): [208887896,com.android.launcher3.uioverrides.QuickstepLauncher,handleStartActivity]
02-09 04:24:36.353 I/input_interaction( 1240): Interaction with: swipe-up (server), edge-swipe (server), PointerEventDispatcher0 (server),
02-09 04:24:36.354 I/view_enqueue_input_event( 3921): [Motion - Cancel,com.android.gallery3d/com.android.gallery3d.app.GalleryActivity]
02-09 04:24:36.362 I/sysui_latency( 2573): [1,88]
02-09 04:24:36.372 I/sysui_multi_action( 1240): [319,9,322,72,325,171,757,761,758,9,759,5,806,com.android.launcher3,871,com.android.launcher3.uioverrides.QuickstepLauncher,904,com.android.launcher3,905,0,1320,4,1321,1]
02-09 04:24:36.556 I/commit_sys_config_file( 1240): [settings-1-0,5]
02-09 04:24:36.669 I/sysui_latency( 1240): [8,89]
02-09 04:24:37.127 I/wm_task_moved( 1240): [60,1,8]
02-09 04:24:37.130 I/wm_focused_root_task( 1240): [0,0,60,66,RecentsAnimation.onAnimationFinished()]
02-09 04:24:37.130 I/wm_on_top_resumed_lost_called( 3921): [234276353,com.android.gallery3d.app.GalleryActivity,topStateChangedWhenResumed]
02-09 04:24:37.133 I/wm_pause_activity( 1240): [0,171931013,com.android.settings/.Settings,userLeaving=false,pauseBackTasks]
02-09 04:24:37.134 I/wm_set_resumed_activity( 1240): [0,com.android.launcher3/.uioverrides.QuickstepLauncher,resumeTopActivityInnerLocked]
02-09 04:24:37.135 I/sysui_multi_action( 2418): [757,340,758,2,1089,2279]
02-09 04:24:37.136 I/wm_resume_activity( 1240): [0,208887896,61,com.android.launcher3/.uioverrides.QuickstepLauncher]
02-09 04:24:37.136 I/sysui_multi_action( 2418): [757,35,758,2,1089,2280]
02-09 04:24:37.137 I/wm_on_paused_called( 2418): [171931013,com.android.settings.Settings,performPause]
02-09 04:24:37.137 I/wm_on_resume_called( 2573): [208887896,com.android.launcher3.uioverrides.QuickstepLauncher,RESUME_ACTIVITY]
02-09 04:24:37.138 I/wm_add_to_stopping( 1240): [0,171931013,com.android.settings/.Settings,makeInvisible]
02-09 04:24:37.144 I/sysui_multi_action( 1240): [757,803,799,window_time_0,802,2]
02-09 04:24:37.151 I/input_focus( 1240): [Focus request 9e7c415 com.android.launcher3/com.android.launcher3.uioverrides.QuickstepLauncher,reason=UpdateInputWindows]
02-09 04:24:37.151 I/wm_stop_activity( 1240): [0,171931013,com.android.settings/.Settings]
02-09 04:24:37.152 I/wm_finish_activity( 1240): [0,234276353,66,com.android.gallery3d/.app.GalleryActivity,app-request]
02-09 04:24:37.157 I/wm_pause_activity( 1240): [0,234276353,com.android.gallery3d/.app.GalleryActivity,userLeaving=false,finish]
02-09 04:24:37.166 I/sysui_multi_action( 1240): [757,803,799,window_time_0,802,0]
02-09 04:24:37.173 I/input_focus( 1240): [Focus leaving 4c0a83 com.android.gallery3d/com.android.gallery3d.app.GalleryActivity (server),reason=setFocusedWindow]
02-09 04:24:37.173 I/input_focus( 1240): [Focus entering 9e7c415 com.android.launcher3/com.android.launcher3.uioverrides.QuickstepLauncher (server),reason=setFocusedWindow]
02-09 04:24:37.173 I/wm_on_paused_called( 3921): [234276353,com.android.gallery3d.app.GalleryActivity,performPause]
02-09 04:24:37.175 I/wm_destroy_activity( 1240): [0,234276353,66,com.android.gallery3d/.app.GalleryActivity,finish-imm:completePausedLocked]
02-09 04:24:37.182 I/wm_on_stop_called( 2418): [171931013,com.android.settings.Settings,STOP_ACTIVITY_ITEM]
02-09 04:24:37.186 I/sysui_multi_action( 1240): [757,803,799,window_time_0,802,0]
02-09 04:24:37.187 I/wm_on_top_resumed_gained_called( 2573): [208887896,com.android.launcher3.uioverrides.QuickstepLauncher,topStateChangedWhenResumed]
02-09 04:24:37.188 I/wm_on_stop_called( 3921): [234276353,com.android.gallery3d.app.GalleryActivity,LIFECYCLER_STOP_ACTIVITY]
02-09 04:24:37.192 I/wm_on_destroy_called( 3921): [234276353,com.android.gallery3d.app.GalleryActivity,performDestroy]
02-09 04:24:37.381 I/commit_sys_config_file( 1240): [settings-1-0,7]
02-09 04:24:37.472 I/wm_task_removed( 1240): [66,removeChild:removeChild last r=ActivityRecord{df6c601 u0 com.android.gallery3d/.app.GalleryActivity t-1 f}} in t=Task{b4fafe8 #66 type=standard A=10064:com.android.gallery3d U=0 visible=false mode=freeform translucent=true sz=0}]
02-09 04:24:37.472 I/wm_task_removed( 1240): [66,removeChild]
02-09 04:24:38.240 I/input_interaction( 1240): Interaction with: 9e7c415 com.android.launcher3/com.android.launcher3.uioverrides.QuickstepLauncher (server), f1cc593 com.android.systemui.ImageWallpaper (server), swipe-up (server), edge-swipe (server), PointerEventDispatcher0 (server),
02-09 04:24:38.370 I/wm_task_created( 1240): [67,-1]
02-09 04:24:38.373 I/wm_task_moved( 1240): [67,1,8]
02-09 04:24:38.373 I/wm_task_to_front( 1240): [0,67]
02-09 04:24:38.373 I/wm_create_task( 1240): [0,67]
02-09 04:24:38.373 I/wm_create_activity( 1240): [0,162179674,67,com.android.gallery3d/.app.GalleryActivity,android.intent.action.MAIN,NULL,NULL,270532608]
02-09 04:24:38.373 I/wm_task_moved( 1240): [67,1,8]
02-09 04:24:38.375 I/wm_restart_activity( 1240): [0,162179674,67,com.android.gallery3d/.app.GalleryActivity]
02-09 04:24:38.375 I/wm_set_resumed_activity( 1240): [0,com.android.gallery3d/.app.GalleryActivity,minimalResumeActivityLocked]
02-09 04:24:38.384 I/wm_on_create_called( 3921): [162179674,com.android.gallery3d.app.GalleryActivity,performCreate]
02-09 04:24:38.384 I/wm_on_start_called( 3921): [162179674,com.android.gallery3d.app.GalleryActivity,handleStartActivity]
02-09 04:24:38.385 I/wm_on_resume_called( 3921): [162179674,com.android.gallery3d.app.GalleryActivity,RESUME_ACTIVITY]
02-09 04:24:38.388 I/wm_on_top_resumed_lost_called( 2573): [208887896,com.android.launcher3.uioverrides.QuickstepLauncher,topStateChangedWhenResumed]
02-09 04:24:38.393 I/input_focus( 1240): [Focus request c5b6414 com.android.gallery3d/com.android.gallery3d.app.GalleryActivity,reason=UpdateInputWindows]
02-09 04:24:38.401 I/wm_on_top_resumed_gained_called( 3921): [162179674,com.android.gallery3d.app.GalleryActivity,topStateChangedWhenResumed]
02-09 04:24:38.426 I/input_focus( 1240): [Focus leaving 9e7c415 com.android.launcher3/com.android.launcher3.uioverrides.QuickstepLauncher (server),reason=Waiting for window because NOT_VISIBLE]
02-09 04:24:38.428 I/sysui_multi_action( 1240): [319,60,322,60,325,173,757,761,758,8,759,2,806,com.android.gallery3d,871,com.android.gallery3d.app.GalleryActivity,904,android,905,0,1320,4,1321,1]
02-09 04:24:38.429 I/wm_activity_launch_time( 1240): [0,162179674,com.android.gallery3d/.app.GalleryActivity,60]
02-09 04:24:38.442 I/input_focus( 1240): [Focus entering c5b6414 com.android.gallery3d/com.android.gallery3d.app.GalleryActivity (server),reason=Window became focusable. Previous reason: NOT_VISIBLE]
02-09 04:24:39.510 I/wm_task_moved( 1240): [62,1,8]
02-09 04:24:39.510 I/wm_task_to_front( 1240): [0,62]
02-09 04:24:39.510 I/wm_focused_root_task( 1240): [0,0,62,67,bringingFoundTaskToFront]
02-09 04:24:39.511 I/wm_on_top_resumed_lost_called( 3921): [162179674,com.android.gallery3d.app.GalleryActivity,topStateChangedWhenResumed]
02-09 04:24:39.511 I/wm_set_resumed_activity( 1240): [0,com.android.settings/.Settings,bringingFoundTaskToFront]
02-09 04:24:39.511 I/wm_new_intent( 1240): [0,171931013,62,com.android.settings/.Settings,android.intent.action.MAIN,NULL,NULL,270532608]
02-09 04:24:39.512 I/wm_pause_activity( 1240): [0,208887896,com.android.launcher3/.uioverrides.QuickstepLauncher,userLeaving=true,pauseBackTasks]
02-09 04:24:39.515 I/wm_on_paused_called( 2573): [208887896,com.android.launcher3.uioverrides.QuickstepLauncher,performPause]
02-09 04:24:39.518 I/wm_set_resumed_activity( 1240): [0,com.android.settings/.Settings,resumeTopActivityInnerLocked]
02-09 04:24:39.518 I/wm_add_to_stopping( 1240): [0,208887896,com.android.launcher3/.uioverrides.QuickstepLauncher,makeInvisible]
02-09 04:24:39.519 I/wm_resume_activity( 1240): [0,171931013,62,com.android.settings/.Settings]
02-09 04:24:39.522 I/sysui_multi_action( 1240): [757,803,799,window_time_0,802,2]
02-09 04:24:39.527 I/wm_on_restart_called( 2418): [171931013,com.android.settings.Settings,performRestartActivity]
02-09 04:24:39.528 I/wm_on_start_called( 2418): [171931013,com.android.settings.Settings,handleStartActivity]
02-09 04:24:39.529 I/snet_event_log( 2418): [120484087,-1,]
02-09 04:24:39.529 I/wm_on_resume_called( 2418): [171931013,com.android.settings.Settings,RESUME_ACTIVITY]
02-09 04:24:39.529 I/sysui_multi_action( 2418): [757,340,758,1,833,0,1089,0]
02-09 04:24:39.530 I/sysui_multi_action( 2418): [757,35,758,1,833,0,1089,0]
02-09 04:24:39.533 I/wm_on_top_resumed_gained_called( 2418): [171931013,com.android.settings.Settings,topWhenResuming]
02-09 04:24:39.546 I/input_focus( 1240): [Focus request cd6a74 com.android.settings/com.android.settings.Settings,reason=UpdateInputWindows]
02-09 04:24:39.553 I/sysui_multi_action( 1240): [319,13,321,12,322,42,325,174,757,761,758,9,759,4,806,com.android.settings,871,com.android.settings.Settings,904,com.android.launcher3,905,0,1320,4,1321,1]
02-09 04:24:39.563 I/input_focus( 1240): [Focus leaving c5b6414 com.android.gallery3d/com.android.gallery3d.app.GalleryActivity (server),reason=setFocusedWindow]
02-09 04:24:39.563 I/input_focus( 1240): [Focus entering cd6a74 com.android.settings/com.android.settings.Settings (server),reason=setFocusedWindow]
02-09 04:24:40.063 I/wm_stop_activity( 1240): [0,208887896,com.android.launcher3/.uioverrides.QuickstepLauncher]
02-09 04:24:40.080 I/wm_on_stop_called( 2573): [208887896,com.android.launcher3.uioverrides.QuickstepLauncher,STOP_ACTIVITY_ITEM]
02-09 04:24:40.805 I/input_interaction( 1240): Interaction with: c5b6414 com.android.gallery3d/com.android.gallery3d.app.GalleryActivity (server), swipe-up (server), edge-swipe (server), PointerEventDispatcher0 (server),
02-09 04:24:40.808 I/wm_task_moved( 1240): [67,1,8]
02-09 04:24:40.808 I/wm_task_to_front( 1240): [0,67]
02-09 04:24:40.814 I/wm_set_resumed_activity( 1240): [0,com.android.gallery3d/.app.GalleryActivity,positionChildAt]
02-09 04:24:40.814 I/wm_focused_root_task( 1240): [0,0,67,62,setFocusedTask]
02-09 04:24:40.814 I/wm_set_resumed_activity( 1240): [0,com.android.gallery3d/.app.GalleryActivity,setFocusedTask]
02-09 04:24:40.814 I/wm_on_top_resumed_lost_called( 2418): [171931013,com.android.settings.Settings,topStateChangedWhenResumed]
02-09 04:24:40.815 I/input_focus( 1240): [Focus request c5b6414 com.android.gallery3d/com.android.gallery3d.app.GalleryActivity,reason=UpdateInputWindows]
02-09 04:24:40.820 I/wm_on_top_resumed_gained_called( 3921): [162179674,com.android.gallery3d.app.GalleryActivity,topStateChangedWhenResumed]
02-09 04:24:40.821 I/wm_task_moved( 1240): [60,0,0]
02-09 04:24:40.822 I/wm_task_moved( 1240): [60,0,6]
02-09 04:24:40.834 I/input_focus( 1240): [Focus leaving cd6a74 com.android.settings/com.android.settings.Settings (server),reason=setFocusedWindow]
02-09 04:24:40.834 I/input_focus( 1240): [Focus entering c5b6414 com.android.gallery3d/com.android.gallery3d.app.GalleryActivity (server),reason=setFocusedWindow]
02-09 04:24:40.841 I/wm_on_restart_called( 2573): [208887896,com.android.launcher3.uioverrides.QuickstepLauncher,performRestartActivity]
02-09 04:24:40.861 I/wm_on_start_called( 2573): [208887896,com.android.launcher3.uioverrides.QuickstepLauncher,handleStartActivity]
02-09 04:24:40.862 I/view_enqueue_input_event( 3921): [Motion - Cancel,com.android.gallery3d/com.android.gallery3d.app.GalleryActivity]
02-09 04:24:40.870 I/input_interaction( 1240): Interaction with: swipe-up (server), edge-swipe (server), PointerEventDispatcher0 (server),
02-09 04:24:40.872 I/sysui_latency( 2573): [1,67]
02-09 04:24:40.896 I/sysui_multi_action( 1240): [319,14,322,60,325,176,757,761,758,9,759,5,806,com.android.launcher3,871,com.android.launcher3.uioverrides.QuickstepLauncher,904,com.android.launcher3,905,0,1320,4,1321,1]
02-09 04:24:41.062 I/commit_sys_config_file( 1240): [settings-1-0,4]
02-09 04:24:41.187 I/sysui_latency( 1240): [8,74]
02-09 04:24:41.625 I/wm_task_moved( 1240): [60,1,8]
02-09 04:24:41.628 I/wm_focused_root_task( 1240): [0,0,60,67,RecentsAnimation.onAnimationFinished()]
02-09 04:24:41.630 I/wm_on_top_resumed_lost_called( 3921): [162179674,com.android.gallery3d.app.GalleryActivity,topStateChangedWhenResumed]
02-09 04:24:41.634 I/wm_pause_activity( 1240): [0,171931013,com.android.settings/.Settings,userLeaving=false,pauseBackTasks]
02-09 04:24:41.638 I/sysui_multi_action( 2418): [757,340,758,2,1089,2108]
02-09 04:24:41.639 I/sysui_multi_action( 2418): [757,35,758,2,1089,2109]
02-09 04:24:41.640 I/wm_set_resumed_activity( 1240): [0,com.android.launcher3/.uioverrides.QuickstepLauncher,resumeTopActivityInnerLocked]
02-09 04:24:41.640 I/wm_on_paused_called( 2418): [171931013,com.android.settings.Settings,performPause]
02-09 04:24:41.642 I/wm_resume_activity( 1240): [0,208887896,61,com.android.launcher3/.uioverrides.QuickstepLauncher]
02-09 04:24:41.642 I/wm_add_to_stopping( 1240): [0,171931013,com.android.settings/.Settings,makeInvisible]
02-09 04:24:41.643 I/wm_on_resume_called( 2573): [208887896,com.android.launcher3.uioverrides.QuickstepLauncher,RESUME_ACTIVITY]
02-09 04:24:41.650 I/input_focus( 1240): [Focus request 9e7c415 com.android.launcher3/com.android.launcher3.uioverrides.QuickstepLauncher,reason=UpdateInputWindows]
02-09 04:24:41.654 I/sysui_multi_action( 1240): [757,803,799,window_time_0,802,3]
02-09 04:24:41.656 I/wm_stop_activity( 1240): [0,171931013,com.android.settings/.Settings]
02-09 04:24:41.658 I/wm_finish_activity( 1240): [0,162179674,67,com.android.gallery3d/.app.GalleryActivity,app-request]
02-09 04:24:41.660 I/wm_on_stop_called( 2418): [171931013,com.android.settings.Settings,STOP_ACTIVITY_ITEM]
02-09 04:24:41.663 I/wm_pause_activity( 1240): [0,162179674,com.android.gallery3d/.app.GalleryActivity,userLeaving=false,finish]
02-09 04:24:41.668 I/input_focus( 1240): [Focus leaving c5b6414 com.android.gallery3d/com.android.gallery3d.app.GalleryActivity (server),reason=setFocusedWindow]
02-09 04:24:41.668 I/input_focus( 1240): [Focus entering 9e7c415 com.android.launcher3/com.android.launcher3.uioverrides.QuickstepLauncher (server),reason=setFocusedWindow]
02-09 04:24:41.670 I/wm_on_paused_called( 3921): [162179674,com.android.gallery3d.app.GalleryActivity,performPause]
02-09 04:24:41.670 I/sysui_multi_action( 1240): [757,803,799,window_time_0,802,0]
02-09 04:24:41.673 I/wm_destroy_activity( 1240): [0,162179674,67,com.android.gallery3d/.app.GalleryActivity,finish-imm:completePausedLocked]
02-09 04:24:41.685 I/sysui_multi_action( 1240): [757,803,799,window_time_0,802,0]
02-09 04:24:41.691 I/wm_on_top_resumed_gained_called( 2573): [208887896,com.android.launcher3.uioverrides.QuickstepLauncher,topStateChangedWhenResumed]
02-09 04:24:41.693 I/wm_on_stop_called( 3921): [162179674,com.android.gallery3d.app.GalleryActivity,LIFECYCLER_STOP_ACTIVITY]
02-09 04:24:41.695 I/wm_on_destroy_called( 3921): [162179674,com.android.gallery3d.app.GalleryActivity,performDestroy]
02-09 04:24:41.892 I/commit_sys_config_file( 1240): [settings-1-0,9]
02-09 04:24:41.966 I/wm_task_removed( 1240): [67,removeChild:removeChild last r=ActivityRecord{9aaaa5a u0 com.android.gallery3d/.app.GalleryActivity t-1 f}} in t=Task{958f06f #67 type=standard A=10064:com.android.gallery3d U=0 visible=false mode=freeform translucent=true sz=0}]
02-09 04:24:41.966 I/wm_task_removed( 1240): [67,removeChild]
02-09 04:24:42.836 I/input_interaction( 1240): Interaction with: 9e7c415 com.android.launcher3/com.android.launcher3.uioverrides.QuickstepLauncher (server), f1cc593 com.android.systemui.ImageWallpaper (server), swipe-up (server), edge-swipe (server), PointerEventDispatcher0 (server),
02-09 04:24:43.006 I/wm_task_created( 1240): [68,-1]
02-09 04:24:43.009 I/wm_task_moved( 1240): [68,1,8]
02-09 04:24:43.009 I/wm_task_to_front( 1240): [0,68]
02-09 04:24:43.009 I/wm_create_task( 1240): [0,68]
02-09 04:24:43.009 I/wm_create_activity( 1240): [0,80135414,68,com.android.gallery3d/.app.GalleryActivity,android.intent.action.MAIN,NULL,NULL,270532608]
02-09 04:24:43.009 I/wm_task_moved( 1240): [68,1,8]
02-09 04:24:43.010 I/wm_restart_activity( 1240): [0,80135414,68,com.android.gallery3d/.app.GalleryActivity]
02-09 04:24:43.011 I/wm_set_resumed_activity( 1240): [0,com.android.gallery3d/.app.GalleryActivity,minimalResumeActivityLocked]
02-09 04:24:43.015 I/wm_on_top_resumed_lost_called( 2573): [208887896,com.android.launcher3.uioverrides.QuickstepLauncher,topStateChangedWhenResumed]
02-09 04:24:43.022 I/wm_on_create_called( 3921): [80135414,com.android.gallery3d.app.GalleryActivity,performCreate]
02-09 04:24:43.022 I/wm_on_start_called( 3921): [80135414,com.android.gallery3d.app.GalleryActivity,handleStartActivity]
02-09 04:24:43.024 I/wm_on_resume_called( 3921): [80135414,com.android.gallery3d.app.GalleryActivity,RESUME_ACTIVITY]
02-09 04:24:43.025 I/wm_on_top_resumed_gained_called( 3921): [80135414,com.android.gallery3d.app.GalleryActivity,topStateChangedWhenResumed]
02-09 04:24:43.038 I/input_focus( 1240): [Focus request 9cc49d0 com.android.gallery3d/com.android.gallery3d.app.GalleryActivity,reason=UpdateInputWindows]
02-09 04:24:43.070 I/input_focus( 1240): [Focus leaving 9e7c415 com.android.launcher3/com.android.launcher3.uioverrides.QuickstepLauncher (server),reason=Waiting for window because NOT_VISIBLE]
02-09 04:24:43.074 I/sysui_multi_action( 1240): [319,71,322,71,325,178,757,761,758,8,759,2,806,com.android.gallery3d,871,com.android.gallery3d.app.GalleryActivity,904,android,905,0,1320,4,1321,1]
02-09 04:24:43.074 I/wm_activity_launch_time( 1240): [0,80135414,com.android.gallery3d/.app.GalleryActivity,71]
02-09 04:24:43.087 I/input_focus( 1240): [Focus entering 9cc49d0 com.android.gallery3d/com.android.gallery3d.app.GalleryActivity (server),reason=Window became focusable. Previous reason: NOT_VISIBLE]
02-09 04:24:44.418 I/wm_task_moved( 1240): [62,1,8]
02-09 04:24:44.418 I/wm_task_to_front( 1240): [0,62]
02-09 04:24:44.418 I/wm_focused_root_task( 1240): [0,0,62,68,bringingFoundTaskToFront]
02-09 04:24:44.418 I/wm_on_top_resumed_lost_called( 3921): [80135414,com.android.gallery3d.app.GalleryActivity,topStateChangedWhenResumed]
02-09 04:24:44.419 I/wm_set_resumed_activity( 1240): [0,com.android.settings/.Settings,bringingFoundTaskToFront]
02-09 04:24:44.419 I/wm_new_intent( 1240): [0,171931013,62,com.android.settings/.Settings,android.intent.action.MAIN,NULL,NULL,270532608]
02-09 04:24:44.420 I/wm_pause_activity( 1240): [0,208887896,com.android.launcher3/.uioverrides.QuickstepLauncher,userLeaving=true,pauseBackTasks]
02-09 04:24:44.423 I/wm_on_paused_called( 2573): [208887896,com.android.launcher3.uioverrides.QuickstepLauncher,performPause]
02-09 04:24:44.425 I/wm_set_resumed_activity( 1240): [0,com.android.settings/.Settings,resumeTopActivityInnerLocked]
02-09 04:24:44.425 I/wm_add_to_stopping( 1240): [0,208887896,com.android.launcher3/.uioverrides.QuickstepLauncher,makeInvisible]
02-09 04:24:44.426 I/wm_resume_activity( 1240): [0,171931013,62,com.android.settings/.Settings]
02-09 04:24:44.433 I/sysui_multi_action( 1240): [757,803,799,window_time_0,802,2]
02-09 04:24:44.440 I/wm_on_restart_called( 2418): [171931013,com.android.settings.Settings,performRestartActivity]
02-09 04:24:44.441 I/wm_on_start_called( 2418): [171931013,com.android.settings.Settings,handleStartActivity]
02-09 04:24:44.442 I/snet_event_log( 2418): [120484087,-1,]
02-09 04:24:44.442 I/wm_on_resume_called( 2418): [171931013,com.android.settings.Settings,RESUME_ACTIVITY]
02-09 04:24:44.442 I/sysui_multi_action( 2418): [757,340,758,1,833,0,1089,0]
02-09 04:24:44.443 I/sysui_multi_action( 2418): [757,35,758,1,833,0,1089,0]
02-09 04:24:44.444 I/wm_on_top_resumed_gained_called( 2418): [171931013,com.android.settings.Settings,topWhenResuming]
02-09 04:24:44.459 I/input_focus( 1240): [Focus request cd6a74 com.android.settings/com.android.settings.Settings,reason=UpdateInputWindows]
02-09 04:24:44.467 I/sysui_multi_action( 1240): [319,13,321,11,322,47,325,179,757,761,758,9,759,4,806,com.android.settings,871,com.android.settings.Settings,904,com.android.launcher3,905,0,1320,4,1321,1]
02-09 04:24:44.473 I/input_focus( 1240): [Focus leaving 9cc49d0 com.android.gallery3d/com.android.gallery3d.app.GalleryActivity (server),reason=setFocusedWindow]
02-09 04:24:44.473 I/input_focus( 1240): [Focus entering cd6a74 com.android.settings/com.android.settings.Settings (server),reason=setFocusedWindow]
02-09 04:24:44.958 I/wm_stop_activity( 1240): [0,208887896,com.android.launcher3/.uioverrides.QuickstepLauncher]
02-09 04:24:44.976 I/wm_on_stop_called( 2573): [208887896,com.android.launcher3.uioverrides.QuickstepLauncher,STOP_ACTIVITY_ITEM]
02-09 04:24:45.295 I/input_interaction( 1240): Interaction with: 9cc49d0 com.android.gallery3d/com.android.gallery3d.app.GalleryActivity (server), swipe-up (server), edge-swipe (server), PointerEventDispatcher0 (server),
02-09 04:24:45.296 I/wm_task_moved( 1240): [68,1,8]
02-09 04:24:45.296 I/wm_task_to_front( 1240): [0,68]
02-09 04:24:45.302 I/wm_on_top_resumed_lost_called( 2418): [171931013,com.android.settings.Settings,topStateChangedWhenResumed]
02-09 04:24:45.302 I/wm_set_resumed_activity( 1240): [0,com.android.gallery3d/.app.GalleryActivity,positionChildAt]
02-09 04:24:45.302 I/wm_focused_root_task( 1240): [0,0,68,62,setFocusedTask]
02-09 04:24:45.302 I/wm_set_resumed_activity( 1240): [0,com.android.gallery3d/.app.GalleryActivity,setFocusedTask]
