02-09 04:53:40.370 I/notification_panel_revealed( 1240): 3
02-09 04:53:40.382 I/input_focus( 1240): [Focus request 8e4c0d9 NotificationShade,reason=UpdateInputWindows]
02-09 04:53:40.394 I/sysui_multi_action( 1240): [757,128,758,1,793,1903315,794,0,795,1903315,796,26,798,0,806,android,857,DEVELOPER_IMPORTANT,858,4,947,0,1395,3,1500,1902922,1688,1]
02-09 04:53:40.394 I/sysui_multi_action( 1240): [757,804,799,note_freshness,801,1903315,802,1]
02-09 04:53:40.394 I/notification_visibility( 1240): [-1|android|26|null|1000,1,1903315,1903315,0,0]
02-09 04:53:40.394 I/sysui_multi_action( 1240): [757,128,758,1,793,1898425,794,0,795,1898425,796,17303299,797,com.android.wifi,798,1,806,android,857,NETWORK_AVAILABLE,858,2,947,0,1395,3,1500,1898225,1688,1]
02-09 04:53:40.395 I/sysui_multi_action( 1240): [757,804,799,note_freshness,801,1898425,802,1]
02-09 04:53:40.395 I/notification_visibility( 1240): [0|android|17303299|com.android.wifi|1000,1,1898425,1898425,0,1]
02-09 04:53:40.395 I/sysui_multi_action( 1240): [757,128,758,1,793,1904103,794,0,795,1904103,796,32,798,2,806,android,857,USB,858,1,947,0,1395,3,1500,1904052,1688,1]
02-09 04:53:40.395 I/sysui_multi_action( 1240): [757,804,799,note_freshness,801,1904103,802,1]
02-09 04:53:40.395 I/notification_visibility( 1240): [-1|android|32|null|1000,1,1904103,1904103,0,2]
02-09 04:53:40.399 I/input_focus( 1240): [Focus leaving 406ae97 com.android.music/com.android.music.MusicBrowserActivity (server),reason=setFocusedWindow]
02-09 04:53:40.400 I/input_focus( 1240): [Focus entering 8e4c0d9 NotificationShade (server),reason=setFocusedWindow]
02-09 04:53:40.443 I/sysui_multi_action( 2005): [757,111,758,1]
02-09 04:53:40.443 I/sysui_multi_action( 2005): [757,126,758,1,759,126,927,0,928,1,1593,0]
02-09 04:53:40.444 I/sysui_multi_action( 2005): [757,113,758,1,759,113,927,1,928,1,1593,0]
02-09 04:53:40.444 I/sysui_multi_action( 2005): [757,0,758,1,759,0,927,2,928,0,1593,0]
02-09 04:53:40.444 I/sysui_multi_action( 2005): [757,0,758,1,759,0,927,3,928,0,1593,0]
02-09 04:53:40.444 I/sysui_multi_action( 2005): [757,491,758,1,759,491,927,4,928,0,1311,-1,1593,0]
02-09 04:53:40.444 I/sysui_multi_action( 2005): [757,0,758,1,759,0,927,5,928,0,1593,0]
02-09 04:53:40.444 I/sysui_multi_action( 2005): [757,111,758,1]
02-09 04:53:40.445 I/sysui_multi_action( 2005): [757,126,758,1,759,126,927,0,928,1,1593,0]
02-09 04:53:40.445 I/sysui_multi_action( 2005): [757,113,758,1,759,113,927,1,928,1,1593,0]
02-09 04:53:40.445 I/sysui_multi_action( 2005): [757,0,758,1,759,0,927,2,928,0,1593,0]
02-09 04:53:40.445 I/sysui_multi_action( 2005): [757,0,758,1,759,0,927,3,928,0,1593,0]
02-09 04:53:44.847 I/input_interaction( 1240): Interaction with: 8e4c0d9 NotificationShade (server), swipe-up (server), edge-swipe (server), PointerEventDispatcher0 (server),
02-09 04:53:49.462 I/am_pss ( 1240): [7310,1000,android:ui,20665344,10838016,0,164765696,0,19,13]
02-09 04:53:52.104 I/notification_enqueue( 1240): [10088,6394,com.android.music,1,NULL,0,Notification(channel=Channel-music shortcut=null contentView=null vibrate=null sound=null defaults=0x0 flags=0x2 color=0x00000000 category=transport actions=4 vis=PRIVATE),1]
02-09 04:53:53.963 I/notification_enqueue( 1240): [10080,2005,com.android.systemui,2048,NULL,0,Notification(channel=updateNotification shortcut=null contentView=null vibrate=null sound=null defaults=0x0 flags=0x0 color=0x00000000 vis=PRIVATE),1]
02-09 04:53:53.963 I/sysui_multi_action( 2005): [757,111,758,2]
02-09 04:53:53.964 I/sysui_multi_action( 2005): [757,111,758,2]
02-09 04:53:54.174 I/input_focus( 1240): [Focus request 406ae97 com.android.music/com.android.music.MusicBrowserActivity,reason=UpdateInputWindows]
02-09 04:53:54.183 I/sysui_multi_action( 1240): [757,128,758,2,793,1917103,794,13788,795,1917103,796,26,798,0,806,android,857,DEVELOPER_IMPORTANT,858,4,947,0,1395,3,1500,1916710,1688,1]
02-09 04:53:54.183 I/notification_visibility( 1240): [-1|android|26|null|1000,0,1917103,1917103,0,0]
02-09 04:53:54.183 I/sysui_multi_action( 1240): [757,128,758,2,793,1912214,794,13789,795,1912214,796,17303299,797,com.android.wifi,798,1,806,android,857,NETWORK_AVAILABLE,858,2,947,0,1395,3,1500,1912014,1688,1]
02-09 04:53:54.183 I/input_focus( 1240): [Focus leaving 8e4c0d9 NotificationShade (server),reason=NOT_FOCUSABLE]
02-09 04:53:54.183 I/notification_visibility( 1240): [0|android|17303299|com.android.wifi|1000,0,1912214,1912214,0,1]
02-09 04:53:54.183 I/input_focus( 1240): [Focus entering 406ae97 com.android.music/com.android.music.MusicBrowserActivity (server),reason=setFocusedWindow]
02-09 04:53:54.184 I/sysui_multi_action( 1240): [757,128,758,2,793,1917892,794,13789,795,1917892,796,32,798,2,806,android,857,USB,858,1,947,0,1395,3,1500,1917841,1688,1]
02-09 04:53:54.184 I/notification_visibility( 1240): [-1|android|32|null|1000,0,1917892,1917892,0,2]
02-09 04:53:54.184 I/sysui_multi_action( 1240): [757,127,758,2]
02-09 04:53:54.184 I/notification_panel_hidden( 1240):
02-09 04:53:59.832 I/input_interaction( 1240): Interaction with: 406ae97 com.android.music/com.android.music.MusicBrowserActivity (server), swipe-up (server), edge-swipe (server), PointerEventDispatcher0 (server),
02-09 04:53:59.967 I/service_manager_stats( 1240): [100,57,46054]
02-09 04:54:00.085 I/notification_enqueue( 1240): [10088,6394,com.android.music,1,NULL,0,Notification(channel=Channel-music shortcut=null contentView=null vibrate=null sound=null defaults=0x0 flags=0x0 color=0x00000000 category=transport actions=4 vis=PRIVATE),1]
02-09 04:54:00.128 I/snet_event_log( 1240): [172655291,-1,]
02-09 04:54:01.550 I/notification_enqueue( 1240): [10088,6394,com.android.music,1,NULL,0,Notification(channel=Channel-music shortcut=null contentView=null vibrate=null sound=null defaults=0x0 flags=0x2 color=0x00000000 category=transport actions=4 vis=PRIVATE),1]
02-09 04:54:02.772 I/input_interaction( 1240): Interaction with: ba46e9b StatusBar (server), swipe-up (server), edge-swipe (server), PointerEventDispatcher0 (server),
02-09 04:54:02.777 I/sysui_multi_action( 2005): [757,803,799,panel_open,802,1]
02-09 04:54:02.779 I/sysui_multi_action( 2005): [757,1328,758,4,1326,40,1327,1,1329,0]
02-09 04:54:02.837 I/sysui_multi_action( 1240): [757,127,758,1]
02-09 04:54:02.837 I/sysui_multi_action( 1240): [757,804,799,note_load,801,3,802,1]
02-09 04:54:02.837 I/notification_panel_revealed( 1240): 3
02-09 04:54:02.846 I/input_focus( 1240): [Focus request 8e4c0d9 NotificationShade,reason=UpdateInputWindows]
02-09 04:54:02.858 I/sysui_multi_action( 1240): [757,128,758,1,793,1925779,794,0,795,1925779,796,26,798,0,806,android,857,DEVELOPER_IMPORTANT,858,4,947,0,1395,3,1500,1925386,1688,1]
02-09 04:54:02.858 I/sysui_multi_action( 1240): [757,804,799,note_freshness,801,1925779,802,1]
02-09 04:54:02.858 I/notification_visibility( 1240): [-1|android|26|null|1000,1,1925779,1925779,0,0]
02-09 04:54:02.858 I/sysui_multi_action( 1240): [757,128,758,1,793,1920889,794,0,795,1920889,796,17303299,797,com.android.wifi,798,1,806,android,857,NETWORK_AVAILABLE,858,2,947,0,1395,3,1500,1920689,1688,1]
02-09 04:54:02.858 I/sysui_multi_action( 1240): [757,804,799,note_freshness,801,1920889,802,1]
02-09 04:54:02.858 I/notification_visibility( 1240): [0|android|17303299|com.android.wifi|1000,1,1920889,1920889,0,1]
02-09 04:54:02.858 I/sysui_multi_action( 1240): [757,128,758,1,793,1926566,794,0,795,1926566,796,32,798,2,806,android,857,USB,858,1,947,0,1395,3,1500,1926515,1688,1]
02-09 04:54:02.858 I/sysui_multi_action( 1240): [757,804,799,note_freshness,801,1926566,802,1]
02-09 04:54:02.858 I/notification_visibility( 1240): [-1|android|32|null|1000,1,1926566,1926566,0,2]
02-09 04:54:02.869 I/input_focus( 1240): [Focus leaving 406ae97 com.android.music/com.android.music.MusicBrowserActivity (server),reason=setFocusedWindow]
02-09 04:54:02.870 I/input_focus( 1240): [Focus entering 8e4c0d9 NotificationShade (server),reason=setFocusedWindow]
02-09 04:54:02.940 I/sysui_multi_action( 2005): [757,111,758,1]
02-09 04:54:02.940 I/sysui_multi_action( 2005): [757,126,758,1,759,126,927,0,928,1,1593,0]
02-09 04:54:02.940 I/sysui_multi_action( 2005): [757,113,758,1,759,113,927,1,928,1,1593,0]
02-09 04:54:02.940 I/sysui_multi_action( 2005): [757,0,758,1,759,0,927,2,928,0,1593,0]
02-09 04:54:02.941 I/sysui_multi_action( 2005): [757,0,758,1,759,0,927,3,928,0,1593,0]
02-09 04:54:02.941 I/sysui_multi_action( 2005): [757,491,758,1,759,491,927,4,928,0,1311,-1,1593,0]
02-09 04:54:02.941 I/sysui_multi_action( 2005): [757,0,758,1,759,0,927,5,928,0,1593,0]
02-09 04:54:02.941 I/sysui_multi_action( 2005): [757,111,758,1]
02-09 04:54:02.942 I/sysui_multi_action( 2005): [757,126,758,1,759,126,927,0,928,1,1593,0]
02-09 04:54:02.942 I/sysui_multi_action( 2005): [757,113,758,1,759,113,927,1,928,1,1593,0]
02-09 04:54:02.942 I/sysui_multi_action( 2005): [757,0,758,1,759,0,927,2,928,0,1593,0]
02-09 04:54:02.942 I/sysui_multi_action( 2005): [757,0,758,1,759,0,927,3,928,0,1593,0]
02-09 04:54:05.812 I/netstats_mobile_sample( 1240): [0,0,0,0,0,0,0,0,0,0,0,0,1675889645812]
02-09 04:54:05.812 I/netstats_wifi_sample( 1240): [0,0,0,0,0,0,0,0,0,0,0,0,1675889645812]
02-09 04:54:05.826 I/am_pss ( 1240): [6009,10073,com.android.launcher3,146041856,136515584,0,283066368,0,2,14]
02-09 04:54:06.746 I/input_interaction( 1240): Interaction with: 8e4c0d9 NotificationShade (server), swipe-up (server), edge-swipe (server), PointerEventDispatcher0 (server),
02-09 04:54:07.528 I/volume_changed( 1240): [3,13,23,39,com.android.systemui]
02-09 04:54:08.244 I/commit_sys_config_file( 1240): [settings-1-0,5]
02-09 04:54:14.385 I/sysui_multi_action( 2005): [757,366,758,4,759,113,927,1,928,1,1592,0,1593,1]
02-09 04:54:14.395 I/wm_task_created( 1240): [88,-1]
02-09 04:54:14.398 I/wm_task_moved( 1240): [88,1,7]
02-09 04:54:14.398 I/wm_task_to_front( 1240): [0,88]
02-09 04:54:14.398 I/wm_create_task( 1240): [0,88]
02-09 04:54:14.398 I/wm_create_activity( 1240): [0,127899582,88,com.android.settings/.Settings$ConnectedDeviceDashboardActivity,android.settings.BLUETOOTH_SETTINGS,NULL,NULL,335544320]
02-09 04:54:14.398 I/wm_task_moved( 1240): [88,1,7]
02-09 04:54:14.398 I/wm_on_top_resumed_lost_called( 6394): [238958126,com.android.music.MusicBrowserActivity,topStateChangedWhenResumed]
02-09 04:54:14.400 I/wm_pause_activity( 1240): [0,208887896,com.android.launcher3/.uioverrides.QuickstepLauncher,userLeaving=true,pauseBackTasks]
02-09 04:54:14.401 I/wm_on_paused_called( 6009): [208887896,com.android.launcher3.uioverrides.QuickstepLauncher,performPause]
02-09 04:54:14.404 I/wm_add_to_stopping( 1240): [0,208887896,com.android.launcher3/.uioverrides.QuickstepLauncher,makeInvisible]
02-09 04:54:14.405 I/wm_restart_activity( 1240): [0,127899582,88,com.android.settings/.Settings$ConnectedDeviceDashboardActivity]
02-09 04:54:14.405 I/wm_set_resumed_activity( 1240): [0,com.android.settings/.Settings$ConnectedDeviceDashboardActivity,minimalResumeActivityLocked]
02-09 04:54:14.411 I/sysui_multi_action( 1240): [757,803,799,window_time_2,802,52]
02-09 04:54:14.418 I/am_pss ( 1240): [7183,10020,com.android.musicfx,5543936,3956736,0,89649152,0,19,6]
02-09 04:54:14.427 I/am_pss ( 1240): [7310,1000,android:ui,20637696,10838016,0,164765696,0,19,7]
02-09 04:54:14.532 I/am_uid_active( 1240): 10083
02-09 04:54:14.544 I/wm_task_created( 1240): [89,-1]
02-09 04:54:14.545 I/wm_task_moved( 1240): [89,1,8]
02-09 04:54:14.545 I/wm_task_to_front( 1240): [0,89]
02-09 04:54:14.545 I/wm_create_task( 1240): [0,89]
02-09 04:54:14.545 I/wm_create_activity( 1240): [0,162810547,89,com.android.settings/.homepage.SettingsHomepageActivity,android.settings.BLUETOOTH_SETTINGS,NULL,NULL,335544320]
02-09 04:54:14.545 I/wm_task_moved( 1240): [89,1,8]
02-09 04:54:14.546 I/wm_pause_activity( 1240): [0,127899582,com.android.settings/.Settings$ConnectedDeviceDashboardActivity,userLeaving=true,pauseBackTasks]
02-09 04:54:14.547 I/wm_finish_activity( 1240): [0,127899582,88,com.android.settings/.Settings$ConnectedDeviceDashboardActivity,app-request]
02-09 04:54:14.548 I/wm_on_create_called( 7018): [127899582,com.android.settings.Settings$ConnectedDeviceDashboardActivity,performCreate]
02-09 04:54:14.549 I/wm_add_to_stopping( 1240): [0,127899582,com.android.settings/.Settings$ConnectedDeviceDashboardActivity,completeFinishing]
02-09 04:54:14.550 I/wm_restart_activity( 1240): [0,162810547,89,com.android.settings/.homepage.SettingsHomepageActivity]
02-09 04:54:14.550 I/wm_set_resumed_activity( 1240): [0,com.android.settings/.homepage.SettingsHomepageActivity,minimalResumeActivityLocked]
02-09 04:54:14.555 I/sysui_multi_action( 1240): [757,803,799,window_time_0,802,0]
02-09 04:54:14.577 I/wm_on_create_called( 7018): [162810547,com.android.settings.homepage.SettingsHomepageActivity,performCreate]
02-09 04:54:14.621 I/wm_on_start_called( 7018): [162810547,com.android.settings.homepage.SettingsHomepageActivity,handleStartActivity]
02-09 04:54:14.621 I/snet_event_log( 7018): [120484087,-1,]
02-09 04:54:14.622 I/wm_on_resume_called( 7018): [162810547,com.android.settings.homepage.SettingsHomepageActivity,RESUME_ACTIVITY]
02-09 04:54:14.623 I/sysui_multi_action( 7018): [757,35,758,1,833,0,1089,42]
02-09 04:54:14.632 I/sysui_multi_action( 7018): [757,1729,758,4,854,isParalleledControllers:false,1089,52]
02-09 04:54:14.637 I/wm_on_top_resumed_gained_called( 7018): [162810547,com.android.settings.homepage.SettingsHomepageActivity,topStateChangedWhenResumed]
02-09 04:54:14.706 I/sysui_multi_action( 1240): [324,1,757,1090,758,12,806,com.android.settings,871,com.android.settings.homepage.SettingsHomepageActivity,1091,313]
02-09 04:54:14.708 I/sysui_multi_action( 1240): [319,30,321,27,322,313,325,1949,757,761,758,8,759,1,806,com.android.settings,871,com.android.settings.homepage.SettingsHomepageActivity,904,com.android.settings,905,0,1320,4,1321,1]
02-09 04:54:14.708 I/wm_activity_launch_time( 1240): [0,162810547,com.android.settings/.homepage.SettingsHomepageActivity,313]
02-09 04:54:14.865 I/sysui_multi_action( 7018): [757,747,758,1,833,0,1089,43]
02-09 04:54:14.867 I/sysui_multi_action( 7018): [757,1729,758,4,854,isParalleledControllers:false,1089,45]
02-09 04:54:14.930 I/wm_stop_activity( 1240): [0,208887896,com.android.launcher3/.uioverrides.QuickstepLauncher]
02-09 04:54:14.931 I/notification_enqueue( 1240): [10080,2005,com.android.systemui,2048,NULL,0,Notification(channel=updateNotification shortcut=null contentView=null vibrate=null sound=null defaults=0x0 flags=0x0 color=0x00000000 vis=PRIVATE),1]
02-09 04:54:14.931 I/sysui_multi_action( 2005): [757,111,758,2]
02-09 04:54:14.931 I/sysui_multi_action( 2005): [757,111,758,2]
02-09 04:54:14.937 I/input_focus( 1240): [Focus request 9ef37fc com.android.settings/com.android.settings.homepage.SettingsHomepageActivity,reason=UpdateInputWindows]
02-09 04:54:14.943 I/sysui_multi_action( 1240): [757,128,758,2,793,1937864,794,12085,795,1937864,796,26,798,0,806,android,857,DEVELOPER_IMPORTANT,858,4,947,0,1395,3,1500,1937471,1688,1]
02-09 04:54:14.943 I/notification_visibility( 1240): [-1|android|26|null|1000,0,1937864,1937864,0,0]
02-09 04:54:14.944 I/sysui_multi_action( 1240): [757,128,758,2,793,1932975,794,12086,795,1932975,796,17303299,797,com.android.wifi,798,1,806,android,857,NETWORK_AVAILABLE,858,2,947,0,1395,3,1500,1932775,1688,1]
02-09 04:54:14.944 I/notification_visibility( 1240): [0|android|17303299|com.android.wifi|1000,0,1932975,1932975,0,1]
02-09 04:54:14.944 I/sysui_multi_action( 1240): [757,128,758,2,793,1938652,794,12086,795,1938652,796,32,798,2,806,android,857,USB,858,1,947,0,1395,3,1500,1938601,1688,1]
02-09 04:54:14.944 I/notification_visibility( 1240): [-1|android|32|null|1000,0,1938652,1938652,0,2]
02-09 04:54:14.946 I/sysui_multi_action( 1240): [757,127,758,2]
02-09 04:54:14.947 I/notification_panel_hidden( 1240):
02-09 04:54:14.947 I/input_focus( 1240): [Focus leaving 8e4c0d9 NotificationShade (server),reason=NOT_FOCUSABLE]
02-09 04:54:14.947 I/input_focus( 1240): [Focus entering 9ef37fc com.android.settings/com.android.settings.homepage.SettingsHomepageActivity (server),reason=setFocusedWindow]
02-09 04:54:14.950 I/wm_on_stop_called( 6009): [208887896,com.android.launcher3.uioverrides.QuickstepLauncher,STOP_ACTIVITY_ITEM]
02-09 04:54:15.112 I/wm_destroy_activity( 1240): [0,127899582,88,com.android.settings/.Settings$ConnectedDeviceDashboardActivity,finish-imm:idle]
02-09 04:54:15.113 I/wm_on_destroy_called( 7018): [127899582,com.android.settings.Settings$ConnectedDeviceDashboardActivity,performDestroy]
02-09 04:54:15.113 I/wm_task_removed( 1240): [88,removeChild:removeChild last r=ActivityRecord{79f97be u0 com.android.settings/.Settings$ConnectedDeviceDashboardActivity t-1 f}} in t=Task{a334658 #88 type=standard A=1000:com.android.settings U=0 visible=false mode=fullscreen translucent=true sz=0}]
02-09 04:54:15.113 I/wm_task_removed( 1240): [88,removeChild]
02-09 04:54:16.599 I/input_interaction( 1240): Interaction with: 406ae97 com.android.music/com.android.music.MusicBrowserActivity (server), swipe-up (server), edge-swipe (server), PointerEventDispatcher0 (server),
02-09 04:54:16.602 I/wm_task_moved( 1240): [86,1,7]
02-09 04:54:16.602 I/wm_task_to_front( 1240): [0,86]
02-09 04:54:16.608 I/wm_set_resumed_activity( 1240): [0,com.android.music/.MusicBrowserActivity,positionChildAt]
02-09 04:54:16.608 I/wm_focused_root_task( 1240): [0,0,86,89,setFocusedTask]
02-09 04:54:16.608 I/wm_set_resumed_activity( 1240): [0,com.android.music/.MusicBrowserActivity,setFocusedTask]
02-09 04:54:16.613 I/input_focus( 1240): [Focus request 406ae97 com.android.music/com.android.music.MusicBrowserActivity,reason=UpdateInputWindows]
02-09 04:54:16.616 I/wm_on_top_resumed_lost_called( 7018): [162810547,com.android.settings.homepage.SettingsHomepageActivity,topStateChangedWhenResumed]
02-09 04:54:16.617 I/wm_on_top_resumed_gained_called( 6394): [238958126,com.android.music.MusicBrowserActivity,topStateChangedWhenResumed]
02-09 04:54:16.636 I/input_focus( 1240): [Focus leaving 9ef37fc com.android.settings/com.android.settings.homepage.SettingsHomepageActivity (server),reason=setFocusedWindow]
02-09 04:54:16.636 I/input_focus( 1240): [Focus entering 406ae97 com.android.music/com.android.music.MusicBrowserActivity (server),reason=setFocusedWindow]
02-09 04:54:16.659 I/view_enqueue_input_event( 6394): [Motion - Cancel,com.android.music/com.android.music.MusicBrowserActivity]
02-09 04:54:16.663 I/input_interaction( 1240): Interaction with: swipe-up (server), edge-swipe (server), PointerEventDispatcher0 (server),
02-09 04:54:16.789 I/sysui_multi_action( 1240): [757,803,799,key_back_press,802,1]
02-09 04:54:16.793 I/input_interaction( 1240): Interaction with: 406ae97 com.android.music/com.android.music.MusicBrowserActivity (server), PointerEventDispatcher0 (server),
02-09 04:54:18.669 I/input_interaction( 1240): Interaction with: 9ef37fc com.android.settings/com.android.settings.homepage.SettingsHomepageActivity (server), swipe-up (server), edge-swipe (server), PointerEventDispatcher0 (server),
02-09 04:54:18.672 I/wm_task_moved( 1240): [89,1,7]
02-09 04:54:18.672 I/wm_task_to_front( 1240): [0,89]
02-09 04:54:18.678 I/wm_set_resumed_activity( 1240): [0,com.android.settings/.homepage.SettingsHomepageActivity,positionChildAt]
02-09 04:54:18.678 I/wm_focused_root_task( 1240): [0,0,89,86,setFocusedTask]
02-09 04:54:18.678 I/wm_set_resumed_activity( 1240): [0,com.android.settings/.homepage.SettingsHomepageActivity,setFocusedTask]
02-09 04:54:18.680 I/wm_on_top_resumed_lost_called( 6394): [238958126,com.android.music.MusicBrowserActivity,topStateChangedWhenResumed]
02-09 04:54:18.682 I/input_focus( 1240): [Focus request 9ef37fc com.android.settings/com.android.settings.homepage.SettingsHomepageActivity,reason=UpdateInputWindows]
02-09 04:54:18.683 I/wm_on_top_resumed_gained_called( 7018): [162810547,com.android.settings.homepage.SettingsHomepageActivity,topStateChangedWhenResumed]
02-09 04:54:18.707 I/input_focus( 1240): [Focus leaving 406ae97 com.android.music/com.android.music.MusicBrowserActivity (server),reason=setFocusedWindow]
02-09 04:54:18.707 I/input_focus( 1240): [Focus entering 9ef37fc com.android.settings/com.android.settings.homepage.SettingsHomepageActivity (server),reason=setFocusedWindow]
02-09 04:54:18.712 I/view_enqueue_input_event( 7018): [Motion - Cancel,com.android.settings/com.android.settings.homepage.SettingsHomepageActivity]
02-09 04:54:18.721 I/input_interaction( 1240): Interaction with: swipe-up (server), edge-swipe (server), PointerEventDispatcher0 (server),
02-09 04:54:18.915 I/sysui_multi_action( 1240): [757,803,799,key_back_press,802,1]
02-09 04:54:18.919 I/input_interaction( 1240): Interaction with: 9ef37fc com.android.settings/com.android.settings.homepage.SettingsHomepageActivity (server), PointerEventDispatcher0 (server),
02-09 04:54:18.924 I/wm_task_moved( 1240): [89,0,0]
02-09 04:54:18.928 I/wm_focused_root_task( 1240): [0,0,86,89,moveTaskToBackLocked]
02-09 04:54:18.929 I/wm_add_to_stopping( 1240): [0,162810547,com.android.settings/.homepage.SettingsHomepageActivity,makeInvisible]
02-09 04:54:18.930 I/input_focus( 1240): [Focus request 406ae97 com.android.music/com.android.music.MusicBrowserActivity,reason=UpdateInputWindows]
02-09 04:54:18.930 I/wm_on_top_resumed_lost_called( 7018): [162810547,com.android.settings.homepage.SettingsHomepageActivity,topStateChangedWhenResumed]
02-09 04:54:18.933 I/wm_on_top_resumed_gained_called( 6394): [238958126,com.android.music.MusicBrowserActivity,topStateChangedWhenResumed]
02-09 04:54:18.936 I/wm_pause_activity( 1240): [0,162810547,com.android.settings/.homepage.SettingsHomepageActivity,userLeaving=false,pauseBackTasks]
02-09 04:54:18.939 I/sysui_multi_action( 7018): [757,35,758,2,1089,4316]
02-09 04:54:18.940 I/wm_resume_activity( 1240): [0,208887896,61,com.android.launcher3/.uioverrides.QuickstepLauncher]
02-09 04:54:18.940 I/sysui_multi_action( 7018): [757,747,758,2,1089,4075]
02-09 04:54:18.941 I/wm_on_paused_called( 7018): [162810547,com.android.settings.homepage.SettingsHomepageActivity,performPause]
02-09 04:54:18.942 I/input_focus( 1240): [Focus leaving 9ef37fc com.android.settings/com.android.settings.homepage.SettingsHomepageActivity (server),reason=NO_WINDOW]
02-09 04:54:18.942 I/input_focus( 1240): [Focus entering 406ae97 com.android.music/com.android.music.MusicBrowserActivity (server),reason=setFocusedWindow]
02-09 04:54:18.949 I/wm_on_restart_called( 6009): [208887896,com.android.launcher3.uioverrides.QuickstepLauncher,performRestartActivity]
02-09 04:54:18.949 I/wm_on_start_called( 6009): [208887896,com.android.launcher3.uioverrides.QuickstepLauncher,handleStartActivity]
02-09 04:54:18.950 I/wm_on_resume_called( 6009): [208887896,com.android.launcher3.uioverrides.QuickstepLauncher,RESUME_ACTIVITY]
02-09 04:54:18.960 I/sysui_multi_action( 1240): [757,803,799,window_time_0,802,5]
02-09 04:54:19.363 I/wm_stop_activity( 1240): [0,162810547,com.android.settings/.homepage.SettingsHomepageActivity]
02-09 04:54:19.407 I/wm_on_stop_called( 7018): [162810547,com.android.settings.homepage.SettingsHomepageActivity,STOP_ACTIVITY_ITEM]
02-09 04:54:21.179 I/input_interaction( 1240): Interaction with: 406ae97 com.android.music/com.android.music.MusicBrowserActivity (server), swipe-up (server), edge-swipe (server), PointerEventDispatcher0 (server),
02-09 04:54:21.348 I/wm_task_moved( 1240): [86,1,7]
02-09 04:54:21.348 I/wm_task_to_front( 1240): [0,86]
02-09 04:54:21.352 I/wm_set_resumed_activity( 1240): [0,com.android.music/.MusicBrowserActivity,positionChildAt]
02-09 04:54:21.352 I/wm_set_resumed_activity( 1240): [0,com.android.music/.MusicBrowserActivity,setFocusedTask]
02-09 04:54:21.352 I/view_enqueue_input_event( 6394): [Motion - Cancel,com.android.music/com.android.music.MusicBrowserActivity]
02-09 04:54:21.357 I/input_interaction( 1240): Interaction with: WindowManager (server), swipe-up (server), edge-swipe (server), PointerEventDispatcher0 (server),
02-09 04:54:23.090 I/input_interaction( 1240): Interaction with: ba46e9b StatusBar (server), swipe-up (server), edge-swipe (server), PointerEventDispatcher0 (server),
02-09 04:54:23.095 I/sysui_multi_action( 2005): [757,803,799,panel_open,802,1]
02-09 04:54:23.097 I/sysui_multi_action( 2005): [757,1328,758,4,1326,43,1327,4,1329,0]
02-09 04:54:23.131 I/sysui_multi_action( 1240): [757,127,758,1]
02-09 04:54:23.132 I/sysui_multi_action( 1240): [757,804,799,note_load,801,3,802,1]
02-09 04:54:23.132 I/notification_panel_revealed( 1240): 3
02-09 04:54:23.141 I/input_focus( 1240): [Focus request 8e4c0d9 NotificationShade,reason=UpdateInputWindows]
02-09 04:54:23.154 I/sysui_multi_action( 1240): [757,128,758,1,793,1946075,794,0,795,1946075,796,26,798,0,806,android,857,DEVELOPER_IMPORTANT,858,4,947,0,1395,3,1500,1945682,1688,1]
02-09 04:54:23.154 I/sysui_multi_action( 1240): [757,804,799,note_freshness,801,1946075,802,1]
02-09 04:54:23.155 I/notification_visibility( 1240): [-1|android|26|null|1000,1,1946075,1946075,0,0]
02-09 04:54:23.155 I/sysui_multi_action( 1240): [757,128,758,1,793,1941186,794,0,795,1941186,796,17303299,797,com.android.wifi,798,1,806,android,857,NETWORK_AVAILABLE,858,2,947,0,1395,3,1500,1940986,1688,1]
02-09 04:54:23.155 I/sysui_multi_action( 1240): [757,804,799,note_freshness,801,1941186,802,1]
02-09 04:54:23.155 I/notification_visibility( 1240): [0|android|17303299|com.android.wifi|1000,1,1941186,1941186,0,1]
02-09 04:54:23.155 I/sysui_multi_action( 1240): [757,128,758,1,793,1946863,794,0,795,1946863,796,32,798,2,806,android,857,USB,858,1,947,0,1395,3,1500,1946812,1688,1]
02-09 04:54:23.155 I/sysui_multi_action( 1240): [757,804,799,note_freshness,801,1946863,802,1]
02-09 04:54:23.155 I/notification_visibility( 1240): [-1|android|32|null|1000,1,1946863,1946863,0,2]
02-09 04:54:23.169 I/input_focus( 1240): [Focus leaving 406ae97 com.android.music/com.android.music.MusicBrowserActivity (server),reason=setFocusedWindow]
02-09 04:54:23.169 I/input_focus( 1240): [Focus entering 8e4c0d9 NotificationShade (server),reason=setFocusedWindow]
02-09 04:54:23.198 I/sysui_multi_action( 2005): [757,111,758,1]
02-09 04:54:23.198 I/sysui_multi_action( 2005): [757,126,758,1,759,126,927,0,928,1,1593,1]
02-09 04:54:23.198 I/sysui_multi_action( 2005): [757,113,758,1,759,113,927,1,928,1,1593,1]
02-09 04:54:23.198 I/sysui_multi_action( 2005): [757,0,758,1,759,0,927,2,928,0,1593,1]
02-09 04:54:23.198 I/sysui_multi_action( 2005): [757,0,758,1,759,0,927,3,928,0,1593,1]
02-09 04:54:23.199 I/sysui_multi_action( 2005): [757,491,758,1,759,491,927,4,928,0,1311,-1,1593,0]
02-09 04:54:23.199 I/sysui_multi_action( 2005): [757,0,758,1,759,0,927,5,928,0,1593,0]
02-09 04:54:23.199 I/sysui_multi_action( 2005): [757,111,758,1]
02-09 04:54:23.199 I/sysui_multi_action( 2005): [757,126,758,1,759,126,927,0,928,1,1593,1]
02-09 04:54:23.199 I/sysui_multi_action( 2005): [757,113,758,1,759,113,927,1,928,1,1593,1]
02-09 04:54:23.199 I/sysui_multi_action( 2005): [757,0,758,1,759,0,927,2,928,0,1593,1]
02-09 04:54:23.199 I/sysui_multi_action( 2005): [757,0,758,1,759,0,927,3,928,0,1593,1]
02-09 04:54:24.325 I/input_interaction( 1240): Interaction with: 8e4c0d9 NotificationShade (server), swipe-up (server), edge-swipe (server), PointerEventDispatcher0 (server),
02-09 04:54:24.886 I/notification_enqueue( 1240): [10080,2005,com.android.systemui,2048,NULL,0,Notification(channel=updateNotification shortcut=null contentView=null vibrate=null sound=null defaults=0x0 flags=0x0 color=0x00000000 vis=PRIVATE),1]
02-09 04:54:24.886 I/sysui_multi_action( 2005): [757,111,758,2]
02-09 04:54:24.887 I/sysui_multi_action( 2005): [757,111,758,2]
02-09 04:54:25.044 I/input_focus( 1240): [Focus request 406ae97 com.android.music/com.android.music.MusicBrowserActivity,reason=UpdateInputWindows]
02-09 04:54:25.050 I/sysui_multi_action( 1240): [757,128,758,2,793,1947971,794,1896,795,1947971,796,26,798,0,806,android,857,DEVELOPER_IMPORTANT,858,4,947,0,1395,3,1500,1947578,1688,1]
02-09 04:54:25.050 I/notification_visibility( 1240): [-1|android|26|null|1000,0,1947971,1947971,0,0]
02-09 04:54:25.051 I/sysui_multi_action( 1240): [757,128,758,2,793,1943082,794,1896,795,1943082,796,17303299,797,com.android.wifi,798,1,806,android,857,NETWORK_AVAILABLE,858,2,947,0,1395,3,1500,1942882,1688,1]
02-09 04:54:25.051 I/notification_visibility( 1240): [0|android|17303299|com.android.wifi|1000,0,1943082,1943082,0,1]
02-09 04:54:25.052 I/sysui_multi_action( 1240): [757,128,758,2,793,1948760,794,1897,795,1948760,796,32,798,2,806,android,857,USB,858,1,947,0,1395,3,1500,1948709,1688,1]
02-09 04:54:25.052 I/notification_visibility( 1240): [-1|android|32|null|1000,0,1948760,1948760,0,2]
02-09 04:54:25.053 I/sysui_multi_action( 1240): [757,127,758,2]
02-09 04:54:25.053 I/notification_panel_hidden( 1240):
02-09 04:54:25.057 I/input_focus( 1240): [Focus leaving 8e4c0d9 NotificationShade (server),reason=NOT_FOCUSABLE]
02-09 04:54:25.057 I/input_focus( 1240): [Focus entering 406ae97 com.android.music/com.android.music.MusicBrowserActivity (server),reason=setFocusedWindow]
02-09 04:54:26.962 I/input_interaction( 1240): Interaction with: 1abb98b com.android.launcher3/com.android.launcher3.uioverrides.QuickstepLauncher (server), f1cc593 com.android.systemui.ImageWallpaper (server), swipe-up (server), edge-swipe (server), PointerEventDispatcher0 (server),
02-09 04:54:27.378 I/commit_sys_config_file( 1240): [settings-1-0,6]
02-09 04:54:28.069 I/wm_task_created( 1240): [90,-1]
02-09 04:54:28.072 I/wm_task_moved( 1240): [90,1,8]
02-09 04:54:28.072 I/wm_task_to_front( 1240): [0,90]
02-09 04:54:28.072 I/wm_create_task( 1240): [0,90]
02-09 04:54:28.072 I/wm_create_activity( 1240): [0,134610776,90,com.android.calendar/.AllInOneActivity,android.intent.action.MAIN,NULL,NULL,270532608]
02-09 04:54:28.072 I/wm_task_moved( 1240): [90,1,8]
02-09 04:54:28.072 I/wm_on_top_resumed_lost_called( 6394): [238958126,com.android.music.MusicBrowserActivity,topStateChangedWhenResumed]
02-09 04:54:28.073 I/wm_pause_activity( 1240): [0,208887896,com.android.launcher3/.uioverrides.QuickstepLauncher,userLeaving=true,pauseBackTasks]
02-09 04:54:28.076 I/wm_on_paused_called( 6009): [208887896,com.android.launcher3.uioverrides.QuickstepLauncher,performPause]
02-09 04:54:28.079 I/wm_add_to_stopping( 1240): [0,208887896,com.android.launcher3/.uioverrides.QuickstepLauncher,makeInvisible]
02-09 04:54:28.080 I/wm_restart_activity( 1240): [0,134610776,90,com.android.calendar/.AllInOneActivity]
02-09 04:54:28.081 I/wm_set_resumed_activity( 1240): [0,com.android.calendar/.AllInOneActivity,minimalResumeActivityLocked]
02-09 04:54:28.084 I/am_uid_active( 1240): 10065
02-09 04:54:28.085 I/sysui_multi_action( 1240): [757,803,799,window_time_2,802,9]
02-09 04:54:28.091 I/am_uid_running( 1240): 10030
02-09 04:54:28.097 I/am_proc_start( 1240): [0,7525,10030,com.android.providers.calendar,content provider,{com.android.providers.calendar/com.android.providers.calendar.CalendarProvider2}]
02-09 04:54:28.105 I/wm_on_create_called( 6395): [134610776,com.android.calendar.AllInOneActivity,performCreate]
02-09 04:54:28.111 I/am_proc_bound( 1240): [0,7525,com.android.providers.calendar]
02-09 04:54:28.112 I/am_uid_active( 1240): 10030
02-09 04:54:28.121 I/wm_on_start_called( 6395): [134610776,com.android.calendar.AllInOneActivity,handleStartActivity]
02-09 04:54:28.122 I/wm_on_resume_called( 6395): [134610776,com.android.calendar.AllInOneActivity,RESUME_ACTIVITY]
02-09 04:54:28.128 I/wm_on_top_resumed_gained_called( 6395): [134610776,com.android.calendar.AllInOneActivity,topStateChangedWhenResumed]
02-09 04:54:28.133 I/input_focus( 1240): [Focus request a8b0e1e com.android.calendar/com.android.calendar.AllInOneActivity,reason=UpdateInputWindows]
02-09 04:54:28.161 I/input_focus( 1240): [Focus leaving 406ae97 com.android.music/com.android.music.MusicBrowserActivity (server),reason=Waiting for window because NOT_VISIBLE]
02-09 04:54:28.162 I/sysui_multi_action( 1240): [319,39,321,38,322,97,325,1963,757,761,758,8,759,1,806,com.android.calendar,871,com.android.calendar.AllInOneActivity,904,com.android.launcher3,905,0,1320,4,1321,1]
02-09 04:54:28.162 I/wm_activity_launch_time( 1240): [0,134610776,com.android.calendar/.AllInOneActivity,97]
02-09 04:54:28.178 I/input_focus( 1240): [Focus entering a8b0e1e com.android.calendar/com.android.calendar.AllInOneActivity (server),reason=Window became focusable. Previous reason: NOT_VISIBLE]
02-09 04:54:28.629 I/wm_stop_activity( 1240): [0,208887896,com.android.launcher3/.uioverrides.QuickstepLauncher]
02-09 04:54:28.632 I/wm_on_stop_called( 6009): [208887896,com.android.launcher3.uioverrides.QuickstepLauncher,STOP_ACTIVITY_ITEM]
02-09 04:54:28.932 I/input_interaction( 1240): Interaction with: a8b0e1e com.android.calendar/com.android.calendar.AllInOneActivity (server), swipe-up (server), edge-swipe (server), PointerEventDispatcher0 (server),
02-09 04:54:28.957 I/view_enqueue_input_event( 6395): [Motion - Cancel,com.android.calendar/com.android.calendar.AllInOneActivity]
02-09 04:54:28.970 I/input_interaction( 1240): Interaction with: swipe-up (server), edge-swipe (server), PointerEventDispatcher0 (server),
02-09 04:54:29.164 I/sysui_multi_action( 1240): [757,803,799,key_back_press,802,1]
02-09 04:54:29.165 I/input_interaction( 1240): Interaction with: a8b0e1e com.android.calendar/com.android.calendar.AllInOneActivity (server), PointerEventDispatcher0 (server),
02-09 04:54:29.167 I/wm_task_moved( 1240): [90,0,0]
02-09 04:54:29.168 I/wm_focused_root_task( 1240): [0,0,86,90,moveTaskToBackLocked]
02-09 04:54:29.168 I/wm_on_top_resumed_lost_called( 6395): [134610776,com.android.calendar.AllInOneActivity,topStateChangedWhenResumed]
02-09 04:54:29.169 I/wm_add_to_stopping( 1240): [0,134610776,com.android.calendar/.AllInOneActivity,makeInvisible]
02-09 04:54:29.169 I/input_focus( 1240): [Focus request 406ae97 com.android.music/com.android.music.MusicBrowserActivity,reason=UpdateInputWindows]
02-09 04:54:29.169 I/wm_on_top_resumed_gained_called( 6394): [238958126,com.android.music.MusicBrowserActivity,topStateChangedWhenResumed]
02-09 04:54:29.170 I/wm_pause_activity( 1240): [0,134610776,com.android.calendar/.AllInOneActivity,userLeaving=false,pauseBackTasks]
02-09 04:54:29.172 I/wm_on_paused_called( 6395): [134610776,com.android.calendar.AllInOneActivity,performPause]
02-09 04:54:29.172 I/wm_resume_activity( 1240): [0,208887896,61,com.android.launcher3/.uioverrides.QuickstepLauncher]
02-09 04:54:29.174 I/sysui_multi_action( 1240): [757,803,799,window_time_0,802,1]
02-09 04:54:29.178 I/wm_on_restart_called( 6009): [208887896,com.android.launcher3.uioverrides.QuickstepLauncher,performRestartActivity]
02-09 04:54:29.178 I/wm_on_start_called( 6009): [208887896,com.android.launcher3.uioverrides.QuickstepLauncher,handleStartActivity]
02-09 04:54:29.178 I/wm_on_resume_called( 6009): [208887896,com.android.launcher3.uioverrides.QuickstepLauncher,RESUME_ACTIVITY]
02-09 04:54:29.182 I/input_focus( 1240): [Focus leaving a8b0e1e com.android.calendar/com.android.calendar.AllInOneActivity (server),reason=NO_WINDOW]
02-09 04:54:29.182 I/input_focus( 1240): [Focus entering 406ae97 com.android.music/com.android.music.MusicBrowserActivity (server),reason=setFocusedWindow]
02-09 04:54:29.564 I/wm_stop_activity( 1240): [0,134610776,com.android.calendar/.AllInOneActivity]
02-09 04:54:29.584 I/wm_on_stop_called( 6395): [134610776,com.android.calendar.AllInOneActivity,STOP_ACTIVITY_ITEM]
02-09 04:54:32.362 I/input_interaction( 1240): Interaction with: 406ae97 com.android.music/com.android.music.MusicBrowserActivity (server), swipe-up (server), edge-swipe (server), PointerEventDispatcher0 (server),
02-09 04:54:32.508 I/wm_task_moved( 1240): [86,1,8]
02-09 04:54:32.508 I/wm_task_to_front( 1240): [0,86]
02-09 04:54:32.510 I/input_interaction( 1240): Interaction with: WindowManager (server), swipe-up (server), edge-swipe (server), PointerEventDispatcher0 (server),
02-09 04:54:32.511 I/wm_set_resumed_activity( 1240): [0,com.android.music/.MusicBrowserActivity,positionChildAt]
02-09 04:54:32.511 I/wm_set_resumed_activity( 1240): [0,com.android.music/.MusicBrowserActivity,setFocusedTask]
02-09 04:54:32.512 I/view_enqueue_input_event( 6394): [Motion - Cancel,com.android.music/com.android.music.MusicBrowserActivity]
02-09 04:54:32.524 I/service_manager_stats( 1240): [100,54,32557]
02-09 04:54:34.924 I/am_pss ( 1240): [6394,10088,com.android.music,97925120,91000832,0,229892096,0,2,19]
02-09 04:54:35.067 I/input_interaction( 1240): Interaction with: 1abb98b com.android.launcher3/com.android.launcher3.uioverrides.QuickstepLauncher (server), f1cc593 com.android.systemui.ImageWallpaper (server), swipe-up (server), edge-swipe (server), PointerEventDispatcher0 (server),
02-09 04:54:35.137 I/view_enqueue_input_event( 6009): [Motion - Cancel,com.android.launcher3/com.android.launcher3.uioverrides.QuickstepLauncher]
02-09 04:54:35.146 I/input_interaction( 1240): Interaction with: swipe-up (server), edge-swipe (server), PointerEventDispatcher0 (server),
02-09 04:54:35.319 I/commit_sys_config_file( 1240): [settings-1-0,3]
02-09 04:54:35.917 I/wm_finish_activity( 1240): [0,238958126,86,com.android.music/.MusicBrowserActivity,app-request]
02-09 04:54:35.917 I/wm_task_moved( 1240): [60,1,8]
02-09 04:54:35.921 I/wm_set_resumed_activity( 1240): [0,com.android.launcher3/.uioverrides.QuickstepLauncher,positionChildAt]
02-09 04:54:35.921 I/wm_on_top_resumed_lost_called( 6394): [238958126,com.android.music.MusicBrowserActivity,topStateChangedWhenResumed]
02-09 04:54:35.921 I/wm_task_moved( 1240): [61,1,2147483647]
02-09 04:54:35.922 I/wm_task_to_front( 1240): [0,61]
02-09 04:54:35.922 I/wm_focused_root_task( 1240): [0,0,60,-1,finish-top adjustFocusToNextFocusableTask]
02-09 04:54:35.922 I/wm_set_resumed_activity( 1240): [0,com.android.launcher3/.uioverrides.QuickstepLauncher,finish-top]
02-09 04:54:35.929 I/wm_pause_activity( 1240): [0,238958126,com.android.music/.MusicBrowserActivity,userLeaving=false,finish]
02-09 04:54:35.935 I/input_focus( 1240): [Focus request 1abb98b com.android.launcher3/com.android.launcher3.uioverrides.QuickstepLauncher,reason=UpdateInputWindows]
02-09 04:54:35.937 I/wm_on_paused_called( 6394): [238958126,com.android.music.MusicBrowserActivity,performPause]
02-09 04:54:35.940 I/wm_destroy_activity( 1240): [0,238958126,86,com.android.music/.MusicBrowserActivity,finish-imm:completePausedLocked]
02-09 04:54:35.949 I/input_focus( 1240): [Focus leaving 406ae97 com.android.music/com.android.music.MusicBrowserActivity (server),reason=NO_WINDOW]
02-09 04:54:35.949 I/input_focus( 1240): [Focus entering 1abb98b com.android.launcher3/com.android.launcher3.uioverrides.QuickstepLauncher (server),reason=setFocusedWindow]
02-09 04:54:35.968 I/sysui_multi_action( 1240): [757,803,799,window_time_2,802,7]
02-09 04:54:35.974 I/wm_on_stop_called( 6394): [238958126,com.android.music.MusicBrowserActivity,LIFECYCLER_STOP_ACTIVITY]
02-09 04:54:35.977 I/wm_on_top_resumed_gained_called( 6009): [208887896,com.android.launcher3.uioverrides.QuickstepLauncher,topStateChangedWhenResumed]
02-09 04:54:35.993 I/wm_on_destroy_called( 6394): [238958126,com.android.music.MusicBrowserActivity,performDestroy]
02-09 04:54:36.247 I/wm_task_removed( 1240): [86,removeChild:removeChild last r=ActivityRecord{e3e362e u0 com.android.music/.MusicBrowserActivity t-1 f}} in t=Task{1fd40a9 #86 type=standard A=10088:android.task.music U=0 visible=false mode=freeform translucent=true sz=0}]
02-09 04:54:36.247 I/wm_task_removed( 1240): [86,removeChild]
02-09 04:54:37.974 I/input_interaction( 1240): Interaction with: 1abb98b com.android.launcher3/com.android.launcher3.uioverrides.QuickstepLauncher (server), f1cc593 com.android.systemui.ImageWallpaper (server), swipe-up (server), edge-swipe (server), PointerEventDispatcher0 (server),
02-09 04:54:38.142 I/wm_task_created( 1240): [91,-1]
02-09 04:54:38.145 I/wm_task_moved( 1240): [91,1,8]
02-09 04:54:38.145 I/wm_task_to_front( 1240): [0,91]
02-09 04:54:38.145 I/wm_create_task( 1240): [0,91]
02-09 04:54:38.145 I/wm_create_activity( 1240): [0,132740351,91,com.android.music/.MusicBrowserActivity,NULL,NULL,NULL,268468224]
02-09 04:54:38.145 I/wm_task_moved( 1240): [91,1,8]
02-09 04:54:38.147 I/wm_restart_activity( 1240): [0,132740351,91,com.android.music/.MusicBrowserActivity]
02-09 04:54:38.147 I/wm_set_resumed_activity( 1240): [0,com.android.music/.MusicBrowserActivity,minimalResumeActivityLocked]
02-09 04:54:38.153 I/wm_on_top_resumed_lost_called( 6009): [208887896,com.android.launcher3.uioverrides.QuickstepLauncher,topStateChangedWhenResumed]
02-09 04:54:38.163 I/wm_on_create_called( 6394): [132740351,com.android.music.MusicBrowserActivity,performCreate]
02-09 04:54:38.168 I/wm_on_start_called( 6394): [132740351,com.android.music.MusicBrowserActivity,handleStartActivity]
02-09 04:54:38.168 I/wm_on_resume_called( 6394): [132740351,com.android.music.MusicBrowserActivity,RESUME_ACTIVITY]
02-09 04:54:38.171 I/wm_on_top_resumed_gained_called( 6394): [132740351,com.android.music.MusicBrowserActivity,topStateChangedWhenResumed]
02-09 04:54:38.184 I/notification_enqueue( 1240): [10088,6394,com.android.music,1,NULL,0,Notification(channel=Channel-music shortcut=null contentView=null vibrate=null sound=null defaults=0x0 flags=0x2 color=0x00000000 category=transport actions=4 vis=PRIVATE),1]
02-09 04:54:38.186 I/notification_enqueue( 1240): [10088,6394,com.android.music,1,NULL,0,Notification(channel=Channel-music shortcut=null contentView=null vibrate=null sound=null defaults=0x0 flags=0x42 color=0x00000000 category=transport actions=4 vis=PRIVATE),1]
02-09 04:54:38.190 I/input_focus( 1240): [Focus request fe5bb00 com.android.music/com.android.music.MusicBrowserActivity,reason=UpdateInputWindows]
02-09 04:54:38.200 I/sysui_multi_action( 1240): [319,61,322,61,325,1973,757,761,758,8,759,2,806,com.android.music,871,com.android.music.MusicBrowserActivity,904,android,905,0,1320,4,1321,1]
02-09 04:54:38.200 I/wm_activity_launch_time( 1240): [0,132740351,com.android.music/.MusicBrowserActivity,61]
02-09 04:54:38.202 I/input_focus( 1240): [Focus leaving 1abb98b com.android.launcher3/com.android.launcher3.uioverrides.QuickstepLauncher (server),reason=setFocusedWindow]
02-09 04:54:38.202 I/input_focus( 1240): [Focus entering fe5bb00 com.android.music/com.android.music.MusicBrowserActivity (server),reason=setFocusedWindow]
02-09 04:54:38.208 I/notification_enqueue( 1240): [10088,6394,com.android.music,1,NULL,0,Notification(channel=Channel-music shortcut=null contentView=null vibrate=null sound=null defaults=0x0 flags=0x42 color=0x00000000 category=transport actions=4 vis=PRIVATE),1]
02-09 04:54:38.209 I/notification_enqueue( 1240): [10088,6394,com.android.music,1,NULL,0,Notification(channel=Channel-music shortcut=null contentView=null vibrate=null sound=null defaults=0x0 flags=0x42 color=0x00000000 category=transport actions=4 vis=PRIVATE),1]
02-09 04:54:39.706 I/input_interaction( 1240): Interaction with: ba46e9b StatusBar (server), swipe-up (server), edge-swipe (server), PointerEventDispatcher0 (server),
02-09 04:54:39.707 I/sysui_multi_action( 2005): [757,803,799,panel_open,802,1]
02-09 04:54:39.708 I/sysui_multi_action( 2005): [757,1328,758,4,1326,39,1327,4,1329,0]
02-09 04:54:39.753 I/sysui_multi_action( 1240): [757,127,758,1]
02-09 04:54:39.753 I/sysui_multi_action( 1240): [757,804,799,note_load,801,3,802,1]
02-09 04:54:39.754 I/notification_panel_revealed( 1240): 3
02-09 04:54:39.758 I/input_focus( 1240): [Focus request 8e4c0d9 NotificationShade,reason=UpdateInputWindows]
02-09 04:54:39.763 I/sysui_multi_action( 1240): [757,128,758,1,793,1962684,794,0,795,1962684,796,26,798,0,806,android,857,DEVELOPER_IMPORTANT,858,4,947,0,1395,3,1500,1962291,1688,1]
02-09 04:54:39.763 I/sysui_multi_action( 1240): [757,804,799,note_freshness,801,1962684,802,1]
02-09 04:54:39.763 I/notification_visibility( 1240): [-1|android|26|null|1000,1,1962684,1962684,0,0]
02-09 04:54:39.763 I/sysui_multi_action( 1240): [757,128,758,1,793,1957794,794,0,795,1957794,796,17303299,797,com.android.wifi,798,1,806,android,857,NETWORK_AVAILABLE,858,2,947,0,1395,3,1500,1957594,1688,1]
02-09 04:54:39.763 I/sysui_multi_action( 1240): [757,804,799,note_freshness,801,1957794,802,1]
02-09 04:54:39.763 I/notification_visibility( 1240): [0|android|17303299|com.android.wifi|1000,1,1957794,1957794,0,1]
02-09 04:54:39.763 I/sysui_multi_action( 1240): [757,128,758,1,793,1963471,794,0,795,1963471,796,32,798,2,806,android,857,USB,858,1,947,0,1395,3,1500,1963420,1688,1]
02-09 04:54:39.763 I/sysui_multi_action( 1240): [757,804,799,note_freshness,801,1963471,802,1]
02-09 04:54:39.763 I/notification_visibility( 1240): [-1|android|32|null|1000,1,1963471,1963471,0,2]
02-09 04:54:39.774 I/input_focus( 1240): [Focus leaving fe5bb00 com.android.music/com.android.music.MusicBrowserActivity (server),reason=setFocusedWindow]
02-09 04:54:39.774 I/input_focus( 1240): [Focus entering 8e4c0d9 NotificationShade (server),reason=setFocusedWindow]
02-09 04:54:39.853 I/sysui_multi_action( 2005): [757,111,758,1]
02-09 04:54:39.853 I/sysui_multi_action( 2005): [757,126,758,1,759,126,927,0,928,1,1593,0]
02-09 04:54:39.853 I/sysui_multi_action( 2005): [757,113,758,1,759,113,927,1,928,1,1593,0]
02-09 04:54:39.853 I/sysui_multi_action( 2005): [757,0,758,1,759,0,927,2,928,0,1593,0]
02-09 04:54:39.853 I/sysui_multi_action( 2005): [757,0,758,1,759,0,927,3,928,0,1593,0]
02-09 04:54:39.853 I/sysui_multi_action( 2005): [757,491,758,1,759,491,927,4,928,0,1311,-1,1593,0]
02-09 04:54:39.853 I/sysui_multi_action( 2005): [757,0,758,1,759,0,927,5,928,0,1593,0]
02-09 04:54:39.853 I/sysui_multi_action( 2005): [757,111,758,1]
02-09 04:54:39.853 I/sysui_multi_action( 2005): [757,126,758,1,759,126,927,0,928,1,1593,0]
02-09 04:54:39.853 I/sysui_multi_action( 2005): [757,113,758,1,759,113,927,1,928,1,1593,0]
02-09 04:54:39.853 I/sysui_multi_action( 2005): [757,0,758,1,759,0,927,2,928,0,1593,0]
02-09 04:54:39.853 I/sysui_multi_action( 2005): [757,0,758,1,759,0,927,3,928,0,1593,0]
02-09 04:54:44.320 I/input_interaction( 1240): Interaction with: 8e4c0d9 NotificationShade (server), swipe-up (server), edge-swipe (server), PointerEventDispatcher0 (server),
02-09 04:54:46.306 I/notification_enqueue( 1240): [10080,2005,com.android.systemui,2048,NULL,0,Notification(channel=updateNotification shortcut=null contentView=null vibrate=null sound=null defaults=0x0 flags=0x0 color=0x00000000 vis=PRIVATE),1]
02-09 04:54:46.793 I/sysui_multi_action( 1240): [757,128,758,1,793,313844,794,0,795,313844,796,1,798,3,806,com.tencent.qqmusicpad,857,10000,858,2,947,0,1395,4,1500,313844,1688,1]
02-09 04:54:46.794 I/sysui_multi_action( 1240): [757,804,799,note_freshness,801,313844,802,1]
02-09 04:54:46.794 I/notification_visibility( 1240): [0|com.tencent.qqmusicpad|1|null|10095,1,313844,313844,0,3]
02-09 04:54:49.744 I/sysui_multi_action( 2005): [757,407,758,4,759,1]
02-09 04:54:49.817 I/sysui_multi_action( 1240): [757,128,758,3,793,316868,794,3024,795,316868,796,1,806,com.tencent.qqmusicpad,857,10000,858,2,947,0,1500,316868,1688,1]
02-09 04:54:52.198 I/sysui_multi_action( 2005): [757,407,758,4,759,0]
02-09 04:54:52.356 I/sysui_multi_action( 1240): [757,128,758,14,793,319407,794,5563,795,319407,796,1,806,com.tencent.qqmusicpad,857,10000,858,2,947,0,1500,319407,1688,1]
02-09 04:55:01.925 I/notification_enqueue( 1240): [10080,2005,com.android.systemui,2048,NULL,0,Notification(channel=updateNotification shortcut=null contentView=null vibrate=null sound=null defaults=0x0 flags=0x0 color=0x00000000 vis=PRIVATE),1]
02-09 04:55:01.926 I/sysui_multi_action( 2005): [757,111,758,2]
02-09 04:55:01.926 I/sysui_multi_action( 2005): [757,111,758,2]
02-09 04:55:02.137 I/input_focus( 1240): [Focus request fe5bb00 com.android.music/com.android.music.MusicBrowserActivity,reason=UpdateInputWindows]
02-09 04:55:02.146 I/input_focus( 1240): [Focus leaving 8e4c0d9 NotificationShade (server),reason=NOT_FOCUSABLE]
02-09 04:55:02.146 I/sysui_multi_action( 1240): [757,128,758,2,793,1985067,794,22383,795,1985067,796,26,798,0,806,android,857,DEVELOPER_IMPORTANT,858,4,947,0,1395,4,1500,1984674,1688,1]
02-09 04:55:02.146 I/input_focus( 1240): [Focus entering fe5bb00 com.android.music/com.android.music.MusicBrowserActivity (server),reason=setFocusedWindow]
02-09 04:55:02.146 I/notification_visibility( 1240): [-1|android|26|null|1000,0,1985067,1985067,0,0]
02-09 04:55:02.147 I/sysui_multi_action( 1240): [757,128,758,2,793,1980178,794,22384,795,1980178,796,17303299,797,com.android.wifi,798,1,806,android,857,NETWORK_AVAILABLE,858,2,947,0,1395,4,1500,1979978,1688,1]
02-09 04:55:02.147 I/notification_visibility( 1240): [0|android|17303299|com.android.wifi|1000,0,1980178,1980178,0,1]
02-09 04:55:02.147 I/sysui_multi_action( 1240): [757,128,758,2,793,329198,794,15354,795,329198,796,1,798,3,806,com.tencent.qqmusicpad,857,10000,858,2,947,0,1395,4,1500,329198,1688,1]
02-09 04:55:02.147 I/notification_visibility( 1240): [0|com.tencent.qqmusicpad|1|null|10095,0,329198,329198,0,3]
02-09 04:55:02.147 I/sysui_multi_action( 1240): [757,128,758,2,793,1985855,794,22384,795,1985855,796,32,798,2,806,android,857,USB,858,1,947,0,1395,4,1500,1985804,1688,1]
02-09 04:55:02.148 I/notification_visibility( 1240): [-1|android|32|null|1000,0,1985855,1985855,0,2]
02-09 04:55:02.148 I/sysui_multi_action( 1240): [757,127,758,2]
02-09 04:55:02.148 I/notification_panel_hidden( 1240):
02-09 04:55:03.290 I/input_interaction( 1240): Interaction with: fe5bb00 com.android.music/com.android.music.MusicBrowserActivity (server), swipe-up (server), edge-swipe (server), PointerEventDispatcher0 (server),
02-09 04:55:03.441 I/wm_finish_activity( 1240): [0,132740351,91,com.android.music/.MusicBrowserActivity,finish-activity]
02-09 04:55:03.442 I/wm_task_moved( 1240): [60,1,8]
02-09 04:55:03.446 I/wm_set_resumed_activity( 1240): [0,com.android.launcher3/.uioverrides.QuickstepLauncher,positionChildAt]
02-09 04:55:03.446 I/wm_task_moved( 1240): [61,1,2147483647]
02-09 04:55:03.446 I/wm_task_to_front( 1240): [0,61]
