02-09 05:06:50.893 I/OMX-VENC: venc_dev( 1301): stats: avg. fps 56.43, bitrate 3784030
02-09 05:06:51.122 W/hpplay-java( 2754): [main]:IPManager:getActiveNets invalid networkInfo:null
02-09 05:06:51.122 I/hpplay-java( 2754): [main]:IPManager:getActiveNets eth0:false wifi:false mobile:false ap:false
02-09 05:06:51.122 I/hpplay-java( 2754): [main]:ServerTaskManager:get local ip:null
02-09 05:06:51.266 D/RemoteControlService( 2357): startVlanDispatchThread
02-09 05:06:51.611 D/DecorView( 7070): onTouchEvent: action0
02-09 05:06:51.611 D/DecorView( 7070): onTouchEvent: interval1675890411611
02-09 05:06:51.635 D/DecorView( 7070): onTouchEvent: action2
02-09 05:06:51.678 D/DecorView( 7070): onTouchEvent: action2
02-09 05:06:51.681 D/audio_hw_primary( 800): copl(0xe6ad4fb0):out of compress_wait
02-09 05:06:51.683 D/audio_hw_primary( 800): No space available in compress driver, post msg to cb thread
02-09 05:06:51.683 D/audio_hw_primary( 800): copl(0xe6ad4fb0):calling compress_wait
02-09 05:06:51.719 D/DecorView( 7070): onTouchEvent: action1
02-09 05:06:51.719 D/DecorView( 7070): onTouchEvent: ACTION_UPfalse
02-09 05:06:51.792 I/mpu_uart( 645): [MSG-P:RECV]:No message received in 1000 ms
02-09 05:06:51.848 W/View ( 2005): requestLayout() improperly called by android.widget.FrameLayout{1607d4e I.E...... ......ID 0,0-780,198 #2bc} during second layout pass: posting in next frame
02-09 05:06:51.850 W/View ( 2005): requestLayout() improperly called by com.android.systemui.statusbar.AlphaOptimizedImageView{bedb049 VFED..C.. ......ID 0,0-140,132} during second layout pass: posting in next frame
02-09 05:06:51.850 W/View ( 2005): requestLayout() improperly called by android.widget.FrameLayout{904d2d6 I.E...... ......ID 0,0-780,330 #2bc} during second layout pass: posting in next frame
02-09 05:06:51.852 W/View ( 2005): requestLayout() improperly called by com.android.systemui.statusbar.AlphaOptimizedImageView{a46de98 VFED..C.. ......ID 0,0-140,132} during second layout pass: posting in next frame
02-09 05:06:51.852 W/View ( 2005): requestLayout() improperly called by com.android.systemui.statusbar.AlphaOptimizedImageView{98f46f1 VFED..C.. ......ID 0,0-140,132} during second layout pass: posting in next frame
02-09 05:06:51.852 W/View ( 2005): requestLayout() improperly called by android.widget.FrameLayout{bc0edc1 I.E...... ......ID 0,0-780,198 #2bc} during second layout pass: posting in next frame
02-09 05:06:51.852 W/View ( 2005): requestLayout() improperly called by com.android.systemui.statusbar.AlphaOptimizedImageView{84e9ea8 VFED..C.. ......ID 0,0-140,84} during second layout pass: posting in next frame
02-09 05:06:51.869 W/View ( 2005): requestLayout() improperly called by android.widget.FrameLayout{1607d4e I.E...... ......ID 0,0-780,198 #2bc} during layout: running second layout pass
02-09 05:06:51.870 W/View ( 2005): requestLayout() improperly called by com.android.systemui.statusbar.AlphaOptimizedImageView{bedb049 VFED..C.. ......ID 0,0-140,132} during layout: running second layout pass
02-09 05:06:51.870 W/View ( 2005): requestLayout() improperly called by android.widget.FrameLayout{904d2d6 I.E...... ......ID 0,0-780,330 #2bc} during layout: running second layout pass
02-09 05:06:51.870 W/View ( 2005): requestLayout() improperly called by com.android.systemui.statusbar.AlphaOptimizedImageView{a46de98 VFED..C.. ......ID 0,0-140,132} during layout: running second layout pass
02-09 05:06:51.870 W/View ( 2005): requestLayout() improperly called by com.android.systemui.statusbar.AlphaOptimizedImageView{98f46f1 VFED..C.. ......ID 0,0-140,132} during layout: running second layout pass
02-09 05:06:51.870 W/View ( 2005): requestLayout() improperly called by android.widget.FrameLayout{bc0edc1 I.E...... ......ID 0,0-780,198 #2bc} during layout: running second layout pass
02-09 05:06:51.870 W/View ( 2005): requestLayout() improperly called by com.android.systemui.statusbar.AlphaOptimizedImageView{84e9ea8 VFED..C.. ......ID 0,0-140,84} during layout: running second layout pass
02-09 05:06:51.893 I/OMX-VENC: venc_dev( 1301): stats: avg. fps 46.99, bitrate 2399922
02-09 05:06:51.970 D/DecorView( 7070): onTouchEvent mIsDoubleCLick:false
02-09 05:06:51.970 D/DecorView( 7070): onTouchEvent: onConfigurationMiniChanged
02-09 05:06:52.005 I/ActivityTaskManager( 1240): clear resize flag in freeform mode
02-09 05:06:52.005 I/ActivityTaskManager( 1240): clear resize flag in freeform mode
02-09 05:06:52.006 W/WindowManager( 1240): updateScale : 0.5214067
02-09 05:06:52.006 W/WindowManager( 1240): updateScale : 0.5214067
02-09 05:06:52.021 I/ActivityTaskManager( 1240): clear resize flag in freeform mode
02-09 05:06:52.021 I/ActivityTaskManager( 1240): clear resize flag in freeform mode
02-09 05:06:52.022 W/WindowManager( 1240): updateScale : 0.5764526
02-09 05:06:52.022 W/WindowManager( 1240): updateScale : 0.5764526
02-09 05:06:52.030 W/WindowManager( 1240): updateScale : 0.5764526
02-09 05:06:52.031 W/WindowManager( 1240): updateScale : 0.5764526
02-09 05:06:52.034 I/ActivityTaskManager( 1240): clear resize flag in freeform mode
02-09 05:06:52.035 I/ActivityTaskManager( 1240): clear resize flag in freeform mode
02-09 05:06:52.035 W/WindowManager( 1240): updateScale : 0.61926603
02-09 05:06:52.036 W/WindowManager( 1240): updateScale : 0.61926603
02-09 05:06:52.048 W/WindowManager( 1240): updateScale : 0.61926603
02-09 05:06:52.048 W/WindowManager( 1240): updateScale : 0.61926603
02-09 05:06:52.050 W/WindowManager( 1240): updateScale : 0.61926603
02-09 05:06:52.051 W/WindowManager( 1240): updateScale : 0.65749234
02-09 05:06:52.053 I/ActivityTaskManager( 1240): clear resize flag in freeform mode
02-09 05:06:52.054 I/ActivityTaskManager( 1240): clear resize flag in freeform mode
02-09 05:06:52.054 W/WindowManager( 1240): updateScale : 0.65749234
02-09 05:06:52.054 W/WindowManager( 1240): updateScale : 0.65749234
02-09 05:06:52.063 W/WindowManager( 1240): updateScale : 0.65749234
02-09 05:06:52.063 W/WindowManager( 1240): updateScale : 0.65749234
02-09 05:06:52.069 I/ActivityTaskManager( 1240): clear resize flag in freeform mode
02-09 05:06:52.069 I/ActivityTaskManager( 1240): clear resize flag in freeform mode
02-09 05:06:52.069 W/WindowManager( 1240): updateScale : 0.6880734
02-09 05:06:52.070 W/WindowManager( 1240): updateScale : 0.6880734
02-09 05:06:52.074 W/WindowManager( 1240): updateScale : 0.6880734
02-09 05:06:52.074 W/WindowManager( 1240): updateScale : 0.6880734
02-09 05:06:52.080 W/WindowManager( 1240): updateScale : 0.6880734
02-09 05:06:52.080 W/WindowManager( 1240): updateScale : 0.6880734
02-09 05:06:52.085 I/ActivityTaskManager( 1240): clear resize flag in freeform mode
02-09 05:06:52.085 I/ActivityTaskManager( 1240): clear resize flag in freeform mode
02-09 05:06:52.086 W/WindowManager( 1240): updateScale : 0.71253824
02-09 05:06:52.086 W/WindowManager( 1240): updateScale : 0.71253824
02-09 05:06:52.092 W/WindowManager( 1240): updateScale : 0.71253824
02-09 05:06:52.092 W/WindowManager( 1240): updateScale : 0.71253824
02-09 05:06:52.096 W/WindowManager( 1240): updateScale : 0.71253824
02-09 05:06:52.096 W/WindowManager( 1240): updateScale : 0.71253824
02-09 05:06:52.099 W/WindowManager( 1240): updateScale : 0.71253824
02-09 05:06:52.099 W/WindowManager( 1240): updateScale : 0.71253824
02-09 05:06:52.102 I/ActivityTaskManager( 1240): clear resize flag in freeform mode
02-09 05:06:52.102 I/ActivityTaskManager( 1240): clear resize flag in freeform mode
02-09 05:06:52.102 W/WindowManager( 1240): updateScale : 0.7324159
02-09 05:06:52.103 W/WindowManager( 1240): updateScale : 0.7324159
02-09 05:06:52.110 W/WindowManager( 1240): updateScale : 0.7324159
02-09 05:06:52.110 W/WindowManager( 1240): updateScale : 0.7324159
02-09 05:06:52.113 W/WindowManager( 1240): updateScale : 0.7324159
02-09 05:06:52.113 W/WindowManager( 1240): updateScale : 0.7324159
02-09 05:06:52.118 I/ActivityTaskManager( 1240): clear resize flag in freeform mode
02-09 05:06:52.118 I/ActivityTaskManager( 1240): clear resize flag in freeform mode
02-09 05:06:52.119 W/WindowManager( 1240): updateScale : 0.74923545
02-09 05:06:52.119 W/WindowManager( 1240): updateScale : 0.74923545
02-09 05:06:52.124 W/hpplay-java( 2754): [main]:IPManager:getActiveNets invalid networkInfo:null
02-09 05:06:52.124 I/hpplay-java( 2754): [main]:IPManager:getActiveNets eth0:false wifi:false mobile:false ap:false
02-09 05:06:52.125 I/hpplay-java( 2754): [main]:ServerTaskManager:get local ip:null
02-09 05:06:52.129 W/WindowManager( 1240): updateScale : 0.74923545
02-09 05:06:52.129 W/WindowManager( 1240): updateScale : 0.74923545
02-09 05:06:52.135 I/ActivityTaskManager( 1240): clear resize flag in freeform mode
02-09 05:06:52.135 I/ActivityTaskManager( 1240): clear resize flag in freeform mode
02-09 05:06:52.136 W/WindowManager( 1240): updateScale : 0.7614679
02-09 05:06:52.136 W/WindowManager( 1240): updateScale : 0.7614679
02-09 05:06:52.146 W/WindowManager( 1240): updateScale : 0.7614679
02-09 05:06:52.146 W/WindowManager( 1240): updateScale : 0.7614679
02-09 05:06:52.149 W/WindowManager( 1240): updateScale : 0.7614679
02-09 05:06:52.149 W/WindowManager( 1240): updateScale : 0.7614679
02-09 05:06:52.155 I/ActivityTaskManager( 1240): clear resize flag in freeform mode
02-09 05:06:52.155 I/ActivityTaskManager( 1240): clear resize flag in freeform mode
02-09 05:06:52.156 W/WindowManager( 1240): updateScale : 0.7706422
02-09 05:06:52.156 W/WindowManager( 1240): updateScale : 0.7706422
02-09 05:06:52.163 W/WindowManager( 1240): updateScale : 0.7706422
02-09 05:06:52.163 W/WindowManager( 1240): updateScale : 0.7706422
02-09 05:06:52.166 W/WindowManager( 1240): updateScale : 0.7706422
02-09 05:06:52.166 W/WindowManager( 1240): updateScale : 0.7706422
02-09 05:06:52.169 I/ActivityTaskManager( 1240): clear resize flag in freeform mode
02-09 05:06:52.169 I/ActivityTaskManager( 1240): clear resize flag in freeform mode
02-09 05:06:52.170 W/WindowManager( 1240): updateScale : 0.77675843
02-09 05:06:52.170 W/WindowManager( 1240): updateScale : 0.77675843
02-09 05:06:52.179 W/WindowManager( 1240): updateScale : 0.77675843
02-09 05:06:52.180 W/WindowManager( 1240): updateScale : 0.77675843
02-09 05:06:52.182 W/WindowManager( 1240): updateScale : 0.77675843
02-09 05:06:52.182 W/WindowManager( 1240): updateScale : 0.77675843
02-09 05:06:52.185 I/ActivityTaskManager( 1240): clear resize flag in freeform mode
02-09 05:06:52.186 I/ActivityTaskManager( 1240): clear resize flag in freeform mode
02-09 05:06:52.186 W/WindowManager( 1240): updateScale : 0.78287464
02-09 05:06:52.186 W/WindowManager( 1240): updateScale : 0.78287464
02-09 05:06:52.193 W/WindowManager( 1240): updateScale : 0.78287464
02-09 05:06:52.194 W/WindowManager( 1240): updateScale : 0.78287464
02-09 05:06:52.196 W/WindowManager( 1240): updateScale : 0.78287464
02-09 05:06:52.196 W/WindowManager( 1240): updateScale : 0.78287464
02-09 05:06:52.201 I/ActivityTaskManager( 1240): clear resize flag in freeform mode
02-09 05:06:52.201 I/ActivityTaskManager( 1240): clear resize flag in freeform mode
02-09 05:06:52.202 W/WindowManager( 1240): updateScale : 0.7859327
02-09 05:06:52.202 W/WindowManager( 1240): updateScale : 0.7859327
02-09 05:06:52.213 W/WindowManager( 1240): updateScale : 0.7859327
02-09 05:06:52.213 W/WindowManager( 1240): updateScale : 0.7859327
02-09 05:06:52.215 W/WindowManager( 1240): updateScale : 0.7859327
02-09 05:06:52.215 W/WindowManager( 1240): updateScale : 0.7859327
02-09 05:06:52.218 I/ActivityTaskManager( 1240): clear resize flag in freeform mode
02-09 05:06:52.219 I/ActivityTaskManager( 1240): clear resize flag in freeform mode
02-09 05:06:52.219 W/WindowManager( 1240): updateScale : 0.78899086
02-09 05:06:52.219 W/WindowManager( 1240): updateScale : 0.78899086
02-09 05:06:52.227 W/WindowManager( 1240): updateScale : 0.78899086
02-09 05:06:52.227 W/WindowManager( 1240): updateScale : 0.78899086
02-09 05:06:52.229 W/WindowManager( 1240): updateScale : 0.78899086
02-09 05:06:52.229 W/WindowManager( 1240): updateScale : 0.78899086
02-09 05:06:52.235 I/ActivityTaskManager( 1240): clear resize flag in freeform mode
02-09 05:06:52.235 I/ActivityTaskManager( 1240): clear resize flag in freeform mode
02-09 05:06:52.236 W/WindowManager( 1240): updateScale : 0.7905199
02-09 05:06:52.236 W/WindowManager( 1240): updateScale : 0.7905199
02-09 05:06:52.246 W/WindowManager( 1240): updateScale : 0.7905199
02-09 05:06:52.246 W/WindowManager( 1240): updateScale : 0.7905199
02-09 05:06:52.248 W/WindowManager( 1240): updateScale : 0.7905199
02-09 05:06:52.249 W/WindowManager( 1240): updateScale : 0.7905199
02-09 05:06:52.252 I/ActivityTaskManager( 1240): clear resize flag in freeform mode
02-09 05:06:52.252 I/ActivityTaskManager( 1240): clear resize flag in freeform mode
02-09 05:06:52.252 W/WindowManager( 1240): updateScale : 0.79204893
02-09 05:06:52.252 W/WindowManager( 1240): updateScale : 0.79204893
02-09 05:06:52.259 W/WindowManager( 1240): updateScale : 0.79204893
02-09 05:06:52.259 W/WindowManager( 1240): updateScale : 0.79204893
02-09 05:06:52.263 W/WindowManager( 1240): updateScale : 0.79204893
02-09 05:06:52.263 W/WindowManager( 1240): updateScale : 0.79204893
02-09 05:06:52.269 I/ActivityTaskManager( 1240): clear resize flag in freeform mode
02-09 05:06:52.269 I/ActivityTaskManager( 1240): clear resize flag in freeform mode
02-09 05:06:52.269 W/WindowManager( 1240): updateScale : 0.79204893
02-09 05:06:52.269 W/WindowManager( 1240): updateScale : 0.79204893
02-09 05:06:52.280 W/WindowManager( 1240): updateScale : 0.79204893
02-09 05:06:52.280 W/WindowManager( 1240): updateScale : 0.79204893
02-09 05:06:52.282 W/WindowManager( 1240): updateScale : 0.79204893
02-09 05:06:52.282 W/WindowManager( 1240): updateScale : 0.79204893
02-09 05:06:52.296 W/WindowManager( 1240): updateScale : 0.79204893
02-09 05:06:52.297 W/WindowManager( 1240): updateScale : 0.79204893
02-09 05:06:52.299 W/WindowManager( 1240): updateScale : 0.79204893
02-09 05:06:52.299 W/WindowManager( 1240): updateScale : 0.79204893
02-09 05:06:52.307 W/WindowManager( 1240): updateScale : 0.79204893
02-09 05:06:52.307 W/WindowManager( 1240): updateScale : 0.79204893
02-09 05:06:52.369 I/ActivityTaskManager( 1240): clear resize flag in freeform mode
02-09 05:06:52.369 I/ActivityTaskManager( 1240): clear resize flag in freeform mode
02-09 05:06:52.370 W/WindowManager( 1240): updateScale : 0.79357797
02-09 05:06:52.370 W/WindowManager( 1240): updateScale : 0.79357797
02-09 05:06:52.381 W/WindowManager( 1240): updateScale : 0.79357797
02-09 05:06:52.381 W/WindowManager( 1240): updateScale : 0.79357797
02-09 05:06:52.383 W/WindowManager( 1240): updateScale : 0.79357797
02-09 05:06:52.383 W/WindowManager( 1240): updateScale : 0.79357797
02-09 05:06:52.388 I/ActivityTaskManager( 1240): clear resize flag in freeform mode
02-09 05:06:52.389 I/ActivityTaskManager( 1240): clear resize flag in freeform mode
02-09 05:06:52.389 W/WindowManager( 1240): updateScale : 0.79357797
02-09 05:06:52.389 W/WindowManager( 1240): updateScale : 0.79357797
02-09 05:06:52.399 W/WindowManager( 1240): updateScale : 0.79357797
02-09 05:06:52.400 W/WindowManager( 1240): updateScale : 0.79357797
02-09 05:06:52.414 W/WindowManager( 1240): updateScale : 0.79357797
02-09 05:06:52.414 W/WindowManager( 1240): updateScale : 0.79357797
02-09 05:06:52.417 W/WindowManager( 1240): updateScale : 0.79357797
02-09 05:06:52.417 W/WindowManager( 1240): updateScale : 0.79357797
02-09 05:06:52.430 W/WindowManager( 1240): updateScale : 0.79357797
02-09 05:06:52.431 W/WindowManager( 1240): updateScale : 0.79357797
02-09 05:06:52.482 I/mpu_uart( 645): [MSG-P:R]:recv sync frame timeout
02-09 05:06:52.492 D/audio_hw_primary( 800): copl(0xe6ad4fb0):out of compress_wait
02-09 05:06:52.496 D/audio_hw_primary( 800): No space available in compress driver, post msg to cb thread
02-09 05:06:52.497 D/audio_hw_primary( 800): copl(0xe6ad4fb0):calling compress_wait
02-09 05:06:52.792 I/mpu_uart( 645): [MSG-P:RECV]:No message received in 1000 ms
02-09 05:06:52.853 W/View ( 2005): requestLayout() improperly called by android.widget.FrameLayout{1607d4e I.E...... ......ID 0,0-780,198 #2bc} during second layout pass: posting in next frame
02-09 05:06:52.854 W/View ( 2005): requestLayout() improperly called by com.android.systemui.statusbar.AlphaOptimizedImageView{bedb049 VFED..C.. ......ID 0,0-140,132} during second layout pass: posting in next frame
02-09 05:06:52.854 W/View ( 2005): requestLayout() improperly called by android.widget.FrameLayout{904d2d6 I.E...... ......ID 0,0-780,330 #2bc} during second layout pass: posting in next frame
02-09 05:06:52.854 W/View ( 2005): requestLayout() improperly called by com.android.systemui.statusbar.AlphaOptimizedImageView{a46de98 VFED..C.. ......ID 0,0-140,132} during second layout pass: posting in next frame
02-09 05:06:52.854 W/View ( 2005): requestLayout() improperly called by com.android.systemui.statusbar.AlphaOptimizedImageView{98f46f1 VFED..C.. ......ID 0,0-140,132} during second layout pass: posting in next frame
02-09 05:06:52.854 W/View ( 2005): requestLayout() improperly called by android.widget.FrameLayout{bc0edc1 I.E...... ......ID 0,0-780,198 #2bc} during second layout pass: posting in next frame
02-09 05:06:52.854 W/View ( 2005): requestLayout() improperly called by com.android.systemui.statusbar.AlphaOptimizedImageView{84e9ea8 VFED..C.. ......ID 0,0-140,84} during second layout pass: posting in next frame
02-09 05:06:52.870 W/View ( 2005): requestLayout() improperly called by android.widget.FrameLayout{1607d4e I.E...... ......ID 0,0-780,198 #2bc} during layout: running second layout pass
02-09 05:06:52.870 W/View ( 2005): requestLayout() improperly called by com.android.systemui.statusbar.AlphaOptimizedImageView{bedb049 VFED..C.. ......ID 0,0-140,132} during layout: running second layout pass
02-09 05:06:52.870 W/View ( 2005): requestLayout() improperly called by android.widget.FrameLayout{904d2d6 I.E...... ......ID 0,0-780,330 #2bc} during layout: running second layout pass
02-09 05:06:52.870 W/View ( 2005): requestLayout() improperly called by com.android.systemui.statusbar.AlphaOptimizedImageView{a46de98 VFED..C.. ......ID 0,0-140,132} during layout: running second layout pass
02-09 05:06:52.870 W/View ( 2005): requestLayout() improperly called by com.android.systemui.statusbar.AlphaOptimizedImageView{98f46f1 VFED..C.. ......ID 0,0-140,132} during layout: running second layout pass
02-09 05:06:52.870 W/View ( 2005): requestLayout() improperly called by android.widget.FrameLayout{bc0edc1 I.E...... ......ID 0,0-780,198 #2bc} during layout: running second layout pass
02-09 05:06:52.870 W/View ( 2005): requestLayout() improperly called by com.android.systemui.statusbar.AlphaOptimizedImageView{84e9ea8 VFED..C.. ......ID 0,0-140,84} during layout: running second layout pass
02-09 05:06:52.903 I/OMX-VENC: venc_dev( 1301): stats: avg. fps 58.39, bitrate 5378384
02-09 05:06:53.127 W/hpplay-java( 2754): [main]:IPManager:getActiveNets invalid networkInfo:null
02-09 05:06:53.127 I/hpplay-java( 2754): [main]:IPManager:getActiveNets eth0:false wifi:false mobile:false ap:false
02-09 05:06:53.127 I/hpplay-java( 2754): [main]:ServerTaskManager:get local ip:null
02-09 05:06:53.321 D/audio_hw_primary( 800): copl(0xe6ad4fb0):out of compress_wait
02-09 05:06:53.326 D/audio_hw_primary( 800): No space available in compress driver, post msg to cb thread
02-09 05:06:53.327 D/audio_hw_primary( 800): copl(0xe6ad4fb0):calling compress_wait
01-04 09:35:28.903 I/binder ( 0): 1240:1708 ioctl 400c620e 7b629015d8 returned -22
01-04 09:35:28.906 I/binder ( 0): 1240:1708 ioctl c00c620f 7b629015b8 returned -22
02-09 05:06:53.561 D/ActivityManager( 1240): freezing 7878 com.android.deskclock
02-09 05:06:53.562 E/ActivityManager( 1240): Unable to freeze binder for 7878 com.android.deskclock
02-09 05:06:53.564 D/ActivityManager( 1240): froze 7878 com.android.deskclock
02-09 05:06:53.564 I/am_freeze( 1240): [7878,com.android.deskclock]
02-09 05:06:53.564 E/ActivityManager( 1240): Unable to freeze binder for 7878 com.android.deskclock
02-09 05:06:53.565 I/ActivityManager( 1240): Killing 7878:com.android.deskclock/u0a67 (adj 945): Unable to freeze binder interface
02-09 05:06:53.565 I/am_kill ( 1240): [0,7878,com.android.deskclock,945,Unable to freeze binder interface]
02-09 05:06:53.573 I/libprocessgroup( 1240): Successfully killed process cgroup uid 10067 pid 7878 in 6ms
02-09 05:06:53.615 I/am_proc_died( 1240): [0,7878,com.android.deskclock,945,19]
02-09 05:06:53.616 I/Zygote ( 666): Process 7878 exited due to signal 9 (Killed)
02-09 05:06:53.616 I/am_uid_stopped( 1240): 10067
02-09 05:06:53.630 I/am_pss ( 1240): [8558,10088,com.android.music,32315392,27086848,0,145534976,0,2,8]
02-09 05:06:53.792 I/mpu_uart( 645): [MSG-P:RECV]:No message received in 1000 ms
02-09 05:06:53.852 W/View ( 2005): requestLayout() improperly called by android.widget.FrameLayout{1607d4e I.E...... ......ID 0,0-780,198 #2bc} during second layout pass: posting in next frame
02-09 05:06:53.853 W/View ( 2005): requestLayout() improperly called by com.android.systemui.statusbar.AlphaOptimizedImageView{bedb049 VFED..C.. ......ID 0,0-140,132} during second layout pass: posting in next frame
02-09 05:06:53.853 W/View ( 2005): requestLayout() improperly called by android.widget.FrameLayout{904d2d6 I.E...... ......ID 0,0-780,330 #2bc} during second layout pass: posting in next frame
02-09 05:06:53.853 W/View ( 2005): requestLayout() improperly called by com.android.systemui.statusbar.AlphaOptimizedImageView{a46de98 VFED..C.. ......ID 0,0-140,132} during second layout pass: posting in next frame
02-09 05:06:53.853 W/View ( 2005): requestLayout() improperly called by com.android.systemui.statusbar.AlphaOptimizedImageView{98f46f1 VFED..C.. ......ID 0,0-140,132} during second layout pass: posting in next frame
02-09 05:06:53.853 W/View ( 2005): requestLayout() improperly called by android.widget.FrameLayout{bc0edc1 I.E...... ......ID 0,0-780,198 #2bc} during second layout pass: posting in next frame
02-09 05:06:53.853 W/View ( 2005): requestLayout() improperly called by com.android.systemui.statusbar.AlphaOptimizedImageView{84e9ea8 VFED..C.. ......ID 0,0-140,84} during second layout pass: posting in next frame
02-09 05:06:53.874 W/View ( 2005): requestLayout() improperly called by android.widget.FrameLayout{1607d4e I.E...... ......ID 0,0-780,198 #2bc} during layout: running second layout pass
02-09 05:06:53.874 W/View ( 2005): requestLayout() improperly called by com.android.systemui.statusbar.AlphaOptimizedImageView{bedb049 VFED..C.. ......ID 0,0-140,132} during layout: running second layout pass
02-09 05:06:53.874 W/View ( 2005): requestLayout() improperly called by android.widget.FrameLayout{904d2d6 I.E...... ......ID 0,0-780,330 #2bc} during layout: running second layout pass
02-09 05:06:53.874 W/View ( 2005): requestLayout() improperly called by com.android.systemui.statusbar.AlphaOptimizedImageView{a46de98 VFED..C.. ......ID 0,0-140,132} during layout: running second layout pass
02-09 05:06:53.874 W/View ( 2005): requestLayout() improperly called by com.android.systemui.statusbar.AlphaOptimizedImageView{98f46f1 VFED..C.. ......ID 0,0-140,132} during layout: running second layout pass
02-09 05:06:53.874 W/View ( 2005): requestLayout() improperly called by android.widget.FrameLayout{bc0edc1 I.E...... ......ID 0,0-780,198 #2bc} during layout: running second layout pass
02-09 05:06:53.875 W/View ( 2005): requestLayout() improperly called by com.android.systemui.statusbar.AlphaOptimizedImageView{84e9ea8 VFED..C.. ......ID 0,0-140,84} during layout: running second layout pass
02-09 05:06:53.905 I/OMX-VENC: venc_dev( 1301): stats: avg. fps 49.92, bitrate 3986744
02-09 05:06:54.035 E/tlogd ( 1349): [TzLogger](isPathReadable) file /sys/kernel/debug/tzdbg/qsee_log isn't exist or no permission, err: No such file or directory
02-09 05:06:54.035 E/tlogd ( 1349): [TzLogger](saveTzlogAsync) /sys/kernel/debug/tzdbg/qsee_log can not read.
02-09 05:06:54.035 E/tlogd ( 1349): [TzLogger](isPathReadable) file /sys/kernel/debug/tzdbg/log isn't exist or no permission, err: No such file or directory
02-09 05:06:54.035 E/tlogd ( 1349): [TzLogger](saveTzlogAsync) /sys/kernel/debug/tzdbg/log can not read.
01-04 09:35:29.441 E/DTC_ETH,link_delay_work_func( 0): 3003, SQI=0, link=0
02-09 05:06:54.130 W/hpplay-java( 2754): [main]:IPManager:getActiveNets invalid networkInfo:null
02-09 05:06:54.130 I/hpplay-java( 2754): [main]:IPManager:getActiveNets eth0:false wifi:false mobile:false ap:false
02-09 05:06:54.130 I/hpplay-java( 2754): [main]:ServerTaskManager:get local ip:null
02-09 05:06:54.141 D/audio_hw_primary( 800): copl(0xe6ad4fb0):out of compress_wait
02-09 05:06:54.147 D/audio_hw_primary( 800): No space available in compress driver, post msg to cb thread
02-09 05:06:54.147 D/audio_hw_primary( 800): copl(0xe6ad4fb0):calling compress_wait
02-09 05:06:54.152 I/wm_relaunch_resume_activity( 1240): [0,208115012,102,com.android.gallery3d/.app.MovieActivity]
02-09 05:06:54.153 I/wm_add_to_stopping( 1240): [0,174202168,com.android.music/.VideoBrowserActivity,makeInvisible]
02-09 05:06:54.153 I/wm_add_to_stopping( 1240): [0,208887896,com.android.launcher3/.uioverrides.QuickstepLauncher,makeInvisible]
02-09 05:06:54.156 D/FreeFormWindowHelper( 1240): Remove freefrom task=Task{377959b #102 type=standard A=10088:android.task.video U=0 visible=true mode=fullscreen translucent=false sz=2}
02-09 05:06:54.156 I/wm_relaunch_activity( 1240): [0,174202168,102,com.android.music/.VideoBrowserActivity]
02-09 05:06:54.159 I/wm_on_top_resumed_lost_called( 7070): [208115012,com.android.gallery3d.app.MovieActivity,pausing]
02-09 05:06:54.160 D/NuPlayerDriver( 1283): reset(0xe87821d0) at state 5
02-09 05:06:54.162 D/audio_hw_primary( 800): copl(0xe6ad4fb0):pause compress driver
02-09 05:06:54.166 I/BpBinder( 997): onLastStrongRef automatically unlinking death recipients:
02-09 05:06:54.169 W/WindowManager( 1240): Attempted to set replacing window on app token with no content Token{d7ef657 ActivityRecord{c679544 u0 com.android.gallery3d/.app.MovieActivity t102}}
02-09 05:06:54.169 W/View ( 2005): requestLayout() improperly called by android.widget.FrameLayout{1607d4e I.E...... ......ID 0,0-780,198 #2bc} during second layout pass: posting in next frame
02-09 05:06:54.169 W/View ( 2005): requestLayout() improperly called by com.android.systemui.statusbar.AlphaOptimizedImageView{bedb049 VFED..C.. ......ID 0,0-140,132} during second layout pass: posting in next frame
02-09 05:06:54.169 W/View ( 2005): requestLayout() improperly called by android.widget.FrameLayout{904d2d6 I.E...... ......ID 0,0-780,330 #2bc} during second layout pass: posting in next frame
02-09 05:06:54.169 W/View ( 2005): requestLayout() improperly called by com.android.systemui.statusbar.AlphaOptimizedImageView{a46de98 VFED..C.. ......ID 0,0-140,132} during second layout pass: posting in next frame
02-09 05:06:54.169 W/View ( 2005): requestLayout() improperly called by com.android.systemui.statusbar.AlphaOptimizedImageView{98f46f1 VFED..C.. ......ID 0,0-140,132} during second layout pass: posting in next frame
02-09 05:06:54.169 W/View ( 2005): requestLayout() improperly called by android.widget.FrameLayout{bc0edc1 I.E...... ......ID 0,0-780,198 #2bc} during second layout pass: posting in next frame
02-09 05:06:54.169 W/View ( 2005): requestLayout() improperly called by com.android.systemui.statusbar.AlphaOptimizedImageView{84e9ea8 VFED..C.. ......ID 0,0-140,84} during second layout pass: posting in next frame
02-09 05:06:54.177 I/GameMode_ActivityMonitoringService( 2082): onForegroundActivitiesChanged uid 10073 pid 6009 fg false
02-09 05:06:54.181 I/GameMode_ActivityMonitoringService( 2082): Updating top task to: TaskInfoContainer [topActivity=ComponentInfo{com.android.gallery3d/com.android.gallery3d.app.MovieActivity}, taskId=102, stackId=102, userId=0, displayId=0, position=6
02-09 05:06:54.181 I/GameMode_ActivityMonitoringService( 2082): Notifying about top task: TaskInfoContainer [topActivity=ComponentInfo{com.android.gallery3d/com.android.gallery3d.app.MovieActivity}, taskId=102, stackId=102, userId=0, displayId=0, position=6
02-09 05:06:54.181 I/GameMode_ActivityMonitoringService( 2082): WindowMode: 1
02-09 05:06:54.181 E/GameMode_ActivityMonitoringService( 2082): onActivityLaunch:com.android.gallery3d
02-09 05:06:54.181 V/GameMode_GameTypeUtils( 2082): judge isGame:com.android.gallery3d
02-09 05:06:54.181 V/GameMode_GpuUtils( 2082): fps:60
02-09 05:06:54.184 D/GameMode_GameModeActionUtils( 2082): Show GameMode entry by service!
02-09 05:06:54.184 W/ContextImpl( 2082): Calling a method in the system process without a qualified user: android.app.ContextImpl.startService:1816 android.content.ContextWrapper.startService:774 com.thundercomm.gamemode.ingame.services.GameModeActionUtils.startGameModeService:111 com.thundercomm.gamemode.ingame.services.GameModeActionUtils.startGameModeEntry:22 com.thundercomm.gamemode.ingame.services.ActivityMonitoringService$1.onActivityLaunch:139
02-09 05:06:54.186 D/GameModeIF_GameModeSettings( 2082): getUriFor setting_content_uri_root = content://com.thundercomm.gamemode.api/gamemode_settings , name = gamemode_isgaming
02-09 05:06:54.189 W/View ( 2005): requestLayout() improperly called by android.widget.FrameLayout{1607d4e I.E...... ......ID 0,0-780,198 #2bc} during layout: running second layout pass
02-09 05:06:54.189 W/View ( 2005): requestLayout() improperly called by com.android.systemui.statusbar.AlphaOptimizedImageView{bedb049 VFED..C.. ......ID 0,0-140,132} during layout: running second layout pass
02-09 05:06:54.189 W/View ( 2005): requestLayout() improperly called by android.widget.FrameLayout{904d2d6 I.E...... ......ID 0,0-780,330 #2bc} during layout: running second layout pass
02-09 05:06:54.189 W/View ( 2005): requestLayout() improperly called by com.android.systemui.statusbar.AlphaOptimizedImageView{a46de98 VFED..C.. ......ID 0,0-140,132} during layout: running second layout pass
02-09 05:06:54.189 D/GameMode_GameModeService( 2082): type=hide_entry
02-09 05:06:54.189 W/View ( 2005): requestLayout() improperly called by com.android.systemui.statusbar.AlphaOptimizedImageView{98f46f1 VFED..C.. ......ID 0,0-140,132} during layout: running second layout pass
02-09 05:06:54.189 W/View ( 2005): requestLayout() improperly called by android.widget.FrameLayout{bc0edc1 I.E...... ......ID 0,0-780,198 #2bc} during layout: running second layout pass
02-09 05:06:54.189 W/View ( 2005): requestLayout() improperly called by com.android.systemui.statusbar.AlphaOptimizedImageView{84e9ea8 VFED..C.. ......ID 0,0-140,84} during layout: running second layout pass
02-09 05:06:54.191 I/wm_on_stop_called( 8558): [174202168,com.android.music.VideoBrowserActivity,handleRelaunchActivity]
02-09 05:06:54.191 I/WindowManager( 1240): finishDrawing of relaunch: Window{36aa4e u0 com.android.music/com.android.music.VideoBrowserActivity} 34ms
02-09 05:06:54.191 I/GameModeConfig( 1240): Current uri is uri = content://com.thundercomm.gamemode.api/gamemode_settings/gamemode_isgaming
02-09 05:06:54.191 D/GameModeIF_GameModeSettings( 1240): getUriFor setting_content_uri_root = content://com.thundercomm.gamemode.api/gamemode_settings , name = gamemode_isgaming
02-09 05:06:54.191 D/GameModeIF_GameModeSettings( 2082): gamemode_isgaming set to 0
02-09 05:06:54.192 D/GameMode_GameSettingsObserver( 2082): Game Data change!!!! uri = content://com.thundercomm.gamemode.api/gamemode_settings/gamemode_isgaming
02-09 05:06:54.192 D/GameModeIF_GameModeSettings( 2082): getUriFor setting_content_uri_root = content://com.thundercomm.gamemode.api/gamemode_settings , name = gamemode_isgaming
02-09 05:06:54.192 I/GameMode_ActivityMonitoringService( 2082): [Perf]-lastSession=
02-09 05:06:54.192 D/GameModeIF_GameModeSettings( 2082): getUriFor setting_content_uri_root = content://com.thundercomm.gamemode.api/gamemode_settings , name = gamemode_enable
02-09 05:06:54.193 I/GameModeConfig( 1240): isGameModeOn = false
02-09 05:06:54.193 I/GameModeConfig( 1240): isGameModeOn = false
02-09 05:06:54.193 I/GameModeConfig( 1240): isDisableVoice = true
02-09 05:06:54.193 D/GameMode_GameModeService( 2082): updateGlobalSettings = gamemode_isgaming
02-09 05:06:54.193 I/wm_on_destroy_called( 8558): [174202168,com.android.music.VideoBrowserActivity,performDestroy]
02-09 05:06:54.194 D/AF::TrackHandle( 989): OpPlayAudio: track:83 usage:1 not muted
02-09 05:06:54.194 D/AF::TrackHandle( 989): OpPlayAudio: track:83 usage:1 not muted
02-09 05:06:54.194 D/AF::TrackHandle( 989): OpPlayAudio: track:83 usage:1 not muted
02-09 05:06:54.194 D/AF::TrackHandle( 989): OpPlayAudio: track:83 usage:1 not muted
02-09 05:06:54.194 D/AF::TrackHandle( 989): OpPlayAudio: track:83 usage:1 not muted
02-09 05:06:54.195 D/AF::TrackHandle( 989): OpPlayAudio: track:83 usage:1 not muted
02-09 05:06:54.195 D/AF::TrackHandle( 989): OpPlayAudio: track:83 usage:1 not muted
02-09 05:06:54.195 D/AF::TrackHandle( 989): OpPlayAudio: track:83 usage:1 not muted
02-09 05:06:54.195 D/AF::TrackHandle( 989): OpPlayAudio: track:83 usage:1 not muted
02-09 05:06:54.195 D/AF::TrackHandle( 989): OpPlayAudio: track:83 usage:1 not muted
02-09 05:06:54.196 D/AF::TrackHandle( 989): OpPlayAudio: track:83 usage:1 not muted
02-09 05:06:54.196 D/AF::TrackHandle( 989): OpPlayAudio: track:83 usage:1 not muted
02-09 05:06:54.196 D/AF::TrackHandle( 989): OpPlayAudio: track:83 usage:1 not muted
02-09 05:06:54.196 D/AF::TrackHandle( 989): OpPlayAudio: track:83 usage:1 not muted
02-09 05:06:54.196 D/AF::TrackHandle( 989): OpPlayAudio: track:83 usage:1 not muted
02-09 05:06:54.197 D/AF::TrackHandle( 989): OpPlayAudio: track:83 usage:1 not muted
02-09 05:06:54.218 I/wm_on_create_called( 8558): [174202168,com.android.music.VideoBrowserActivity,performCreate]
02-09 05:06:54.219 I/wm_on_start_called( 8558): [174202168,com.android.music.VideoBrowserActivity,handleStartActivity]
02-09 05:06:54.221 I/wm_on_resume_called( 8558): [174202168,com.android.music.VideoBrowserActivity,LIFECYCLER_RESUME_ACTIVITY]
02-09 05:06:54.221 W/AudioFlinger( 989): moveEffectChain_l() effect chain for session 0 not on source thread 0xb4000073f19e4030
02-09 05:06:54.221 I/wm_on_paused_called( 8558): [174202168,com.android.music.VideoBrowserActivity,performPause]
02-09 05:06:54.227 I/EffectsFactory( 800): EffectCreate() create_effect
02-09 05:06:54.229 W/AudioFlinger( 989): moveEffectChain_l() effect chain for session 0 not on source thread 0xb4000074a19d9010
02-09 05:06:54.231 D/audio_hw_primary( 800): copl(0xe6ad4fb0):calling compress flush
02-09 05:06:54.233 D/audio_hw_primary( 800): copl(0xe6ad4fb0):out of compress_wait
02-09 05:06:54.233 D/audio_hw_primary( 800): copl(0xe6ad4fb0):out of compress flush
02-09 05:06:54.245 D/msm8974_platform( 800): platform_split_snd_device: snd_device(2) num devices(1) new_snd_devices(0)
02-09 05:06:54.245 D/audio_hw_primary( 800): out_set_volume: called with left_vol=0.123738, right_vol=0.123738
02-09 05:06:54.245 E/audio_hw_primary( 800): out_set_compr_volume:ctl for mixer cmd - Compress Playback 7 Volume, left 0.123738, right 0.123738
02-09 05:06:54.252 I/OMX-VDEC-1080P( 1301): omx_vdec::component_deinit() complete
01-04 09:35:29.596 I/msm_vidc( 0): high: 00000002: h264d: Closed video instance: 0000000000000000
02-09 05:06:54.254 I/OMX-VDEC-1080P( 1301): Exit OMX vdec Destructor: fd=71
02-09 05:06:54.256 D/SurfaceUtils( 1283): disconnecting from surface 0xe7f03278, reason disconnectFromSurface
02-09 05:06:54.260 D/SurfaceUtils( 1283): connecting to surface 0xe7f03278, reason onShutdown
02-09 05:06:54.263 D/audio_hw_primary( 800): copl(0xe6ad4fb0):pause compress driver
02-09 05:06:54.263 W/StreamHAL( 800): Error from HAL stream in function pause: No data available
02-09 05:06:54.263 E/AudioFlinger( 989): Error when pausing output stream: -61
02-09 05:06:54.263 D/audio_hw_primary( 800): copl(0xe6ad4fb0):calling compress flush
02-09 05:06:54.263 W/audio_hw_primary( 800): out_flush called in invalid state 0
02-09 05:06:54.263 D/audio_hw_primary( 800): copl(0xe6ad4fb0):out of compress flush
02-09 05:06:54.265 D/NuPlayerDriver( 1283): notifyResetComplete(0xe87821d0)
02-09 05:06:54.266 D/NuPlayerDriver( 1283): reset(0xe87821d0) at state 0
02-09 05:06:54.266 D/SurfaceUtils( 1283): disconnecting from surface 0xe7f064d8, reason disconnectNativeWindow
02-09 05:06:54.266 V/MediaPlayer( 7070): resetDrmState: mDrmInfo=null mDrmProvisioningThread=null mPrepareDrmInProgress=false mActiveDrmScheme=false
02-09 05:06:54.267 V/MediaPlayer( 7070): cleanDrmObj: mDrmObj=null mDrmSessionId=null
02-09 05:06:54.267 V/MediaPlayer( 7070): resetDrmState: mDrmInfo=null mDrmProvisioningThread=null mPrepareDrmInProgress=false mActiveDrmScheme=false
02-09 05:06:54.267 V/MediaPlayer( 7070): cleanDrmObj: mDrmObj=null mDrmSessionId=null
02-09 05:06:54.268 D/Avrcp_ext( 1985): AudioManager Player: AudioPlaybackConfiguration piid:71 deviceId:0 type:android.media.SoundPool u/pid:10080/2005 state:idle attr:AudioAttributes: usage=USAGE_ASSISTANCE_SONIFICATION content=CONTENT_TYPE_SONIFICATION flags=0x800 tags= bundle=null sessionId:0
02-09 05:06:54.268 D/Avrcp_ext( 1985): AudioManager Player: AudioPlaybackConfiguration piid:87 deviceId:0 type:android.media.SoundPool u/pid:1000/2082 state:idle attr:AudioAttributes: usage=USAGE_ASSISTANCE_SONIFICATION content=CONTENT_TYPE_SONIFICATION flags=0x801 tags= bundle=null sessionId:0
02-09 05:06:54.268 D/Avrcp_ext( 1985): AudioManager Player: AudioPlaybackConfiguration piid:63 deviceId:0 type:android.media.SoundPool u/pid:1000/1240 state:idle attr:AudioAttributes: usage=USAGE_ASSISTANCE_SONIFICATION content=CONTENT_TYPE_SONIFICATION flags=0x800 tags= bundle=null sessionId:0
02-09 05:06:54.268 D/Avrcp_ext( 1985): AudioManager isPlaying: false, mAudioPlaybackIsActive = true
02-09 05:06:54.268 D/Avrcp_ext( 1985): AudioManager Reset Active Player
02-09 05:06:54.268 I/MediaFocusControl( 1240): abandonAudioFocus() from uid/pid 10064/7070 clientId=android.media.AudioManager@d4c9b7d
02-09 05:06:54.268 I/wm_on_paused_called( 7070): [208115012,com.android.gallery3d.app.MovieActivity,performPause]
02-09 05:06:54.268 V/Avrcp_ext( 1985): updateCurrentMediaState: mMediaController: MediaController (com.android.systemui@6c96528) null
02-09 05:06:54.268 W/Avrcp_ext( 1985): isMusicActive: true getBluetoothPlayState: 2 A2dp State: 11 mAudioPlaybackIsActive: false
02-09 05:06:54.268 I/MediaFocusControl( 1240): abandonAudioFocus() from uid/pid 10064/7070 clientId=android.media.AudioManager@d4c9b7d
02-09 05:06:54.269 D/Avrcp_ext( 1985): isMusicActive = true mAudioPlaybackIsActive = false player state = null
02-09 05:06:54.269 V/Avrcp_ext( 1985): Media update: id -1➡-1? [MediaAttributes: none] : [MediaAttributes: none]
02-09 05:06:54.269 D/Avrcp_ext( 1985): isPackageNameValid: browsedPackage = com.android.systemuiisValid = true
02-09 05:06:54.269 V/Avrcp_ext( 1985): isBrowseSupported for com.android.systemui: false
02-09 05:06:54.269 V/Avrcp_ext( 1985): updatePlaybackState, state: PlaybackState {state=2, position=-1, buffered position=0, speed=1.0, updated=2709641, actions=0, custom actions=[], active item id=-1, error=null} device: null
02-09 05:06:54.269 V/Avrcp_ext( 1985): Device: no name:
02-09 05:06:54.269 V/Avrcp_ext( 1985): Device: no name:
02-09 05:06:54.269 V/Avrcp_ext( 1985): Device: no name:
02-09 05:06:54.269 V/Avrcp_ext( 1985): Device: no name:
02-09 05:06:54.269 V/Avrcp_ext( 1985): Device: no name:
02-09 05:06:54.269 V/Avrcp_ext( 1985): updatePlayerStateAndPosition, old=PlaybackState {state=2, position=-1, buffered position=0, speed=1.0, updated=2258217, actions=0, custom actions=[], active item id=-1, error=null}, state=PlaybackState {state=2, position=-1, buffered position=0, speed=1.0, updated=2709641, actions=0, custom actions=[], active item id=-1, error=null}
02-09 05:06:54.269 V/Avrcp_ext( 1985): old state = PlaybackState {state=2, position=-1, buffered position=0, speed=1.0, updated=2258217, actions=0, custom actions=[], active item id=-1, error=null}, new state= PlaybackState {state=2, position=-1, buffered position=0, speed=1.0, updated=2709641, actions=0, custom actions=[], active item id=-1, error=null}
02-09 05:06:54.269 D/HeadsetService( 1985): getHeadsetService(): returning com.android.bluetooth.hfp.HeadsetService@cb7e87c
02-09 05:06:54.269 D/HeadsetService( 1985): isAudioOn: The number of audio connected devices 0
02-09 05:06:54.269 D/HeadsetService( 1985): isScoOrCallActive(): Call Active:falseCall is Ringing:falseSCO is Active:false
02-09 05:06:54.269 D/HeadsetService( 1985): isAudioOn: The number of audio connected devices 0
02-09 05:06:54.269 I/Avrcp_ext( 1985): updatePlayStatusForDevice: device: null
02-09 05:06:54.269 I/wm_on_stop_called( 7070): [208115012,com.android.gallery3d.app.MovieActivity,handleRelaunchActivity]
02-09 05:06:54.269 V/Avrcp_ext( 1985): updatePlaybackState (1): old=PlaybackState {state=2, position=-1, buffered position=0, speed=1.0, updated=2258217, actions=0, custom actions=[], active item id=-1, error=null}(2), new=PlaybackState {state=2, position=-1, buffered position=0, speed=1.0, updated=2709641, actions=0, custom actions=[], active item id=-1, error=null}(2)
02-09 05:06:54.269 I/Avrcp_ext( 1985): Exit updatePlayStatusForDevice
02-09 05:06:54.269 D/HeadsetService( 1985): isAudioOn: The number of audio connected devices 0
02-09 05:06:54.269 D/HeadsetService( 1985): isScoOrCallActive(): Call Active:falseCall is Ringing:falseSCO is Active:false
02-09 05:06:54.269 D/HeadsetService( 1985): isAudioOn: The number of audio connected devices 0
02-09 05:06:54.269 I/Avrcp_ext( 1985): updatePlayStatusForDevice: device: null
02-09 05:06:54.269 V/Avrcp_ext( 1985): updatePlaybackState (1): old=PlaybackState {state=2, position=-1, buffered position=0, speed=1.0, updated=2258217, actions=0, custom actions=[], active item id=-1, error=null}(2), new=PlaybackState {state=2, position=-1, buffered position=0, speed=1.0, updated=2709641, actions=0, custom actions=[], active item id=-1, error=null}(2)
02-09 05:06:54.269 I/Avrcp_ext( 1985): Exit updatePlayStatusForDevice
02-09 05:06:54.269 D/HeadsetService( 1985): isAudioOn: The number of audio connected devices 0
02-09 05:06:54.269 D/HeadsetService( 1985): isScoOrCallActive(): Call Active:falseCall is Ringing:falseSCO is Active:false
02-09 05:06:54.270 D/HeadsetService( 1985): isAudioOn: The number of audio connected devices 0
02-09 05:06:54.270 I/Avrcp_ext( 1985): updatePlayStatusForDevice: device: null
02-09 05:06:54.270 V/Avrcp_ext( 1985): updatePlaybackState (1): old=PlaybackState {state=2, position=-1, buffered position=0, speed=1.0, updated=2258217, actions=0, custom actions=[], active item id=-1, error=null}(2), new=PlaybackState {state=2, position=-1, buffered position=0, speed=1.0, updated=2709641, actions=0, custom actions=[], active item id=-1, error=null}(2)
02-09 05:06:54.270 I/Avrcp_ext( 1985): Exit updatePlayStatusForDevice
02-09 05:06:54.270 D/HeadsetService( 1985): isAudioOn: The number of audio connected devices 0
02-09 05:06:54.270 D/HeadsetService( 1985): isScoOrCallActive(): Call Active:falseCall is Ringing:falseSCO is Active:false
02-09 05:06:54.270 D/HeadsetService( 1985): isAudioOn: The number of audio connected devices 0
02-09 05:06:54.270 I/Avrcp_ext( 1985): updatePlayStatusForDevice: device: null
02-09 05:06:54.270 I/wm_on_destroy_called( 7070): [208115012,com.android.gallery3d.app.MovieActivity,performDestroy]
02-09 05:06:54.270 V/Avrcp_ext( 1985): updatePlaybackState (1): old=PlaybackState {state=2, position=-1, buffered position=0, speed=1.0, updated=2258217, actions=0, custom actions=[], active item id=-1, error=null}(2), new=PlaybackState {state=2, position=-1, buffered position=0, speed=1.0, updated=2709641, actions=0, custom actions=[], active item id=-1, error=null}(2)
02-09 05:06:54.270 I/Avrcp_ext( 1985): Exit updatePlayStatusForDevice
02-09 05:06:54.270 D/HeadsetService( 1985): isAudioOn: The number of audio connected devices 0
02-09 05:06:54.270 D/HeadsetService( 1985): isScoOrCallActive(): Call Active:falseCall is Ringing:falseSCO is Active:false
02-09 05:06:54.270 D/HeadsetService( 1985): isAudioOn: The number of audio connected devices 0
02-09 05:06:54.270 I/Avrcp_ext( 1985): updatePlayStatusForDevice: device: null
02-09 05:06:54.270 V/Avrcp_ext( 1985): updatePlaybackState (1): old=PlaybackState {state=2, position=-1, buffered position=0, speed=1.0, updated=2258217, actions=0, custom actions=[], active item id=-1, error=null}(2), new=PlaybackState {state=2, position=-1, buffered position=0, speed=1.0, updated=2709641, actions=0, custom actions=[], active item id=-1, error=null}(2)
02-09 05:06:54.270 I/Avrcp_ext( 1985): Exit updatePlayStatusForDevice
02-09 05:06:54.270 D/Avrcp_ext( 1985): Enter sendPlayPosNotificationRsp
02-09 05:06:54.270 D/Avrcp_ext( 1985): sendPlayPosNotificationRsp: Not registered or requesting.
02-09 05:06:54.270 D/Avrcp_ext( 1985): Enter sendPlayPosNotificationRsp
02-09 05:06:54.270 D/Avrcp_ext( 1985): sendPlayPosNotificationRsp: Not registered or requesting.
02-09 05:06:54.270 D/Avrcp_ext( 1985): Enter sendPlayPosNotificationRsp
02-09 05:06:54.270 D/Avrcp_ext( 1985): sendPlayPosNotificationRsp: Not registered or requesting.
02-09 05:06:54.270 D/Avrcp_ext( 1985): Enter sendPlayPosNotificationRsp
02-09 05:06:54.270 D/Avrcp_ext( 1985): sendPlayPosNotificationRsp: Not registered or requesting.
02-09 05:06:54.270 D/Avrcp_ext( 1985): Enter sendPlayPosNotificationRsp
02-09 05:06:54.270 D/Avrcp_ext( 1985): sendPlayPosNotificationRsp: Not registered or requesting.
02-09 05:06:54.270 V/Avrcp_ext( 1985): Exit updatePlayerStateAndPosition
02-09 05:06:54.286 I/CommonControllerOverlay( 7070): restore play state:PLAYING
02-09 05:06:54.292 I/wm_on_create_called( 7070): [208115012,com.android.gallery3d.app.MovieActivity,performCreate]
02-09 05:06:54.292 W/AudioManager( 7070): Use of stream types is deprecated for operations other than volume control
02-09 05:06:54.292 W/AudioManager( 7070): See the documentation of requestAudioFocus() for what to use instead with android.media.AudioAttributes to qualify your playback use case
02-09 05:06:54.293 I/MediaFocusControl( 1240): requestAudioFocus() from uid/pid 10064/7070 AA=USAGE_MEDIA/CONTENT_TYPE_MUSIC clientId=android.media.AudioManager@12eb683 callingPack=com.android.gallery3d req=2 flags=0x0 sdk=29
02-09 05:06:54.293 I/AudioService.FadeOutManager( 1240): unfadeOutUid() uid:10064
02-09 05:06:54.294 I/wm_on_start_called( 7070): [208115012,com.android.gallery3d.app.MovieActivity,handleStartActivity]
02-09 05:06:54.298 I/wm_on_resume_called( 7070): [208115012,com.android.gallery3d.app.MovieActivity,RESUME_ACTIVITY]
02-09 05:06:54.298 I/wm_on_top_resumed_gained_called( 7070): [208115012,com.android.gallery3d.app.MovieActivity,topWhenResuming]
02-09 05:06:54.306 I/MediaFocusControl( 1240): requestAudioFocus() from uid/pid 10064/7070 AA=USAGE_MEDIA/CONTENT_TYPE_MOVIE clientId=android.media.AudioManager@12eb683 callingPack=com.android.gallery3d req=1 flags=0x0 sdk=29
02-09 05:06:54.307 I/AudioService.FadeOutManager( 1240): unfadeOutUid() uid:10064
02-09 05:06:54.311 I/MediaProvider( 2873): Open with lower FS for /storage/emulated/0/Movies/Video/B-AVC_MP4_MP_SD-03.MP4. Uid: 10064
02-09 05:06:54.311 W/FileSource( 7070): offset/length adjusted from 0/576460752303423487 to 0/232315332
02-09 05:06:54.317 I/MMParserExtractor( 1265): Created(0xb40000733b46f1d0)
02-09 05:06:54.317 E/MM_OSAL ( 1265): FileSource::FileSource
02-09 05:06:54.317 E/MM_OSAL ( 1265): FileSource::FileSource m_bEveryThingOK 1
02-09 05:06:54.319 E/MM_OSAL ( 1265): resetPlayback no need to reset
02-09 05:06:54.319 E/MM_OSAL ( 1265): resetPlayback no need to reset
02-09 05:06:54.321 W/MediaProvider( 2873): Failed to fetch original file descriptor
02-09 05:06:54.321 W/MediaProvider( 2873): java.io.FileNotFoundException: Input file descriptor is already original
02-09 05:06:54.321 W/MediaProvider( 2873): at com.android.providers.media.MediaProvider.getOriginalMediaFormatFileDescriptor(MediaProvider.java:5718)
02-09 05:06:54.321 W/MediaProvider( 2873): at com.android.providers.media.MediaProvider.openTypedAssetFileCommon(MediaProvider.java:7134)
02-09 05:06:54.321 W/MediaProvider( 2873): at com.android.providers.media.MediaProvider.openTypedAssetFile(MediaProvider.java:7115)
02-09 05:06:54.321 W/MediaProvider( 2873): at android.content.ContentProvider$Transport.openTypedAssetFile(ContentProvider.java:548)
02-09 05:06:54.321 W/MediaProvider( 2873): at android.content.ContentProviderNative.onTransact(ContentProviderNative.java:327)
02-09 05:06:54.321 W/MediaProvider( 2873): at android.os.Binder.execTransactInternal(Binder.java:1184)
02-09 05:06:54.321 W/MediaProvider( 2873): at android.os.Binder.execTransact(Binder.java:1143)
02-09 05:06:54.322 D/NuPlayerDriver( 1283): NuPlayerDriver(0xe87821d0) created, clientPid(7070)
02-09 05:06:54.328 I/ExtendedNuUtils( 1283): printFileName fd(11) -> /storage/emulated/0/Movies/Video/B-AVC_MP4_MP_SD-03.MP4
02-09 05:06:54.329 D/SurfaceUtils( 1283): connecting to surface 0xe7f03278, reason setVideoSurfaceTexture
02-09 05:06:54.329 D/NuPlayer( 1283): onSetVideoSurface(0xe7f064d0, no video decoder)
02-09 05:06:54.331 D/Avrcp_ext( 1985): AudioManager Player: AudioPlaybackConfiguration piid:71 deviceId:0 type:android.media.SoundPool u/pid:10080/2005 state:idle attr:AudioAttributes: usage=USAGE_ASSISTANCE_SONIFICATION content=CONTENT_TYPE_SONIFICATION flags=0x800 tags= bundle=null sessionId:0
02-09 05:06:54.331 D/Avrcp_ext( 1985): AudioManager Player: AudioPlaybackConfiguration piid:87 deviceId:0 type:android.media.SoundPool u/pid:1000/2082 state:idle attr:AudioAttributes: usage=USAGE_ASSISTANCE_SONIFICATION content=CONTENT_TYPE_SONIFICATION flags=0x801 tags= bundle=null sessionId:0
