02-09 04:50:26.063 I/am_wtf ( 1240): [0,1240,system_server,-1,DisplayDeviceConfig,requesting nits when no mapping exists.]
02-09 04:50:26.063 I/am_wtf ( 1240): [0,1240,system_server,-1,DisplayDeviceConfig,requesting nits when no mapping exists.]
02-09 04:50:26.079 I/am_wtf ( 1240): [0,1240,system_server,-1,DisplayDeviceConfig,requesting nits when no mapping exists.]
02-09 04:50:26.080 I/am_wtf ( 1240): [0,1240,system_server,-1,DisplayDeviceConfig,requesting nits when no mapping exists.]
02-09 04:50:26.096 I/am_wtf ( 1240): [0,1240,system_server,-1,DisplayDeviceConfig,requesting nits when no mapping exists.]
02-09 04:50:26.097 I/am_wtf ( 1240): [0,1240,system_server,-1,DisplayDeviceConfig,requesting nits when no mapping exists.]
02-09 04:50:26.113 I/am_wtf ( 1240): [0,1240,system_server,-1,DisplayDeviceConfig,requesting nits when no mapping exists.]
02-09 04:50:26.113 I/am_wtf ( 1240): [0,1240,system_server,-1,DisplayDeviceConfig,requesting nits when no mapping exists.]
02-09 04:50:26.130 I/am_wtf ( 1240): [0,1240,system_server,-1,DisplayDeviceConfig,requesting nits when no mapping exists.]
02-09 04:50:26.130 I/am_wtf ( 1240): [0,1240,system_server,-1,DisplayDeviceConfig,requesting nits when no mapping exists.]
02-09 04:50:26.146 I/am_wtf ( 1240): [0,1240,system_server,-1,DisplayDeviceConfig,requesting nits when no mapping exists.]
02-09 04:50:26.148 I/am_wtf ( 1240): [0,1240,system_server,-1,DisplayDeviceConfig,requesting nits when no mapping exists.]
02-09 04:50:26.163 I/am_wtf ( 1240): [0,1240,system_server,-1,DisplayDeviceConfig,requesting nits when no mapping exists.]
02-09 04:50:26.164 I/am_wtf ( 1240): [0,1240,system_server,-1,DisplayDeviceConfig,requesting nits when no mapping exists.]
02-09 04:50:26.179 I/am_wtf ( 1240): [0,1240,system_server,-1,DisplayDeviceConfig,requesting nits when no mapping exists.]
02-09 04:50:26.180 I/am_wtf ( 1240): [0,1240,system_server,-1,DisplayDeviceConfig,requesting nits when no mapping exists.]
02-09 04:50:26.196 I/am_wtf ( 1240): [0,1240,system_server,-1,DisplayDeviceConfig,requesting nits when no mapping exists.]
02-09 04:50:26.197 I/am_wtf ( 1240): [0,1240,system_server,-1,DisplayDeviceConfig,requesting nits when no mapping exists.]
02-09 04:50:26.213 I/am_wtf ( 1240): [0,1240,system_server,-1,DisplayDeviceConfig,requesting nits when no mapping exists.]
02-09 04:50:26.214 I/am_wtf ( 1240): [0,1240,system_server,-1,DisplayDeviceConfig,requesting nits when no mapping exists.]
02-09 04:50:26.230 I/am_wtf ( 1240): [0,1240,system_server,-1,DisplayDeviceConfig,requesting nits when no mapping exists.]
02-09 04:50:26.230 I/am_wtf ( 1240): [0,1240,system_server,-1,DisplayDeviceConfig,requesting nits when no mapping exists.]
02-09 04:50:26.246 I/am_wtf ( 1240): [0,1240,system_server,-1,DisplayDeviceConfig,requesting nits when no mapping exists.]
02-09 04:50:26.247 I/am_wtf ( 1240): [0,1240,system_server,-1,DisplayDeviceConfig,requesting nits when no mapping exists.]
02-09 04:50:26.262 I/am_wtf ( 1240): [0,1240,system_server,-1,DisplayDeviceConfig,requesting nits when no mapping exists.]
02-09 04:50:26.263 I/am_wtf ( 1240): [0,1240,system_server,-1,DisplayDeviceConfig,requesting nits when no mapping exists.]
02-09 04:50:26.280 I/am_wtf ( 1240): [0,1240,system_server,-1,DisplayDeviceConfig,requesting nits when no mapping exists.]
02-09 04:50:26.281 I/am_wtf ( 1240): [0,1240,system_server,-1,DisplayDeviceConfig,requesting nits when no mapping exists.]
02-09 04:50:26.296 I/am_wtf ( 1240): [0,1240,system_server,-1,DisplayDeviceConfig,requesting nits when no mapping exists.]
02-09 04:50:26.297 I/am_wtf ( 1240): [0,1240,system_server,-1,DisplayDeviceConfig,requesting nits when no mapping exists.]
02-09 04:50:26.313 I/am_wtf ( 1240): [0,1240,system_server,-1,DisplayDeviceConfig,requesting nits when no mapping exists.]
02-09 04:50:26.314 I/am_wtf ( 1240): [0,1240,system_server,-1,DisplayDeviceConfig,requesting nits when no mapping exists.]
02-09 04:50:26.330 I/am_wtf ( 1240): [0,1240,system_server,-1,DisplayDeviceConfig,requesting nits when no mapping exists.]
02-09 04:50:26.331 I/am_wtf ( 1240): [0,1240,system_server,-1,DisplayDeviceConfig,requesting nits when no mapping exists.]
02-09 04:50:26.347 I/am_wtf ( 1240): [0,1240,system_server,-1,DisplayDeviceConfig,requesting nits when no mapping exists.]
02-09 04:50:26.348 I/am_wtf ( 1240): [0,1240,system_server,-1,DisplayDeviceConfig,requesting nits when no mapping exists.]
02-09 04:50:26.363 I/am_wtf ( 1240): [0,1240,system_server,-1,DisplayDeviceConfig,requesting nits when no mapping exists.]
02-09 04:50:26.364 I/am_wtf ( 1240): [0,1240,system_server,-1,DisplayDeviceConfig,requesting nits when no mapping exists.]
02-09 04:50:26.380 I/am_wtf ( 1240): [0,1240,system_server,-1,DisplayDeviceConfig,requesting nits when no mapping exists.]
02-09 04:50:26.381 I/am_wtf ( 1240): [0,1240,system_server,-1,DisplayDeviceConfig,requesting nits when no mapping exists.]
02-09 04:50:26.397 I/am_wtf ( 1240): [0,1240,system_server,-1,DisplayDeviceConfig,requesting nits when no mapping exists.]
02-09 04:50:26.398 I/am_wtf ( 1240): [0,1240,system_server,-1,DisplayDeviceConfig,requesting nits when no mapping exists.]
02-09 04:50:26.414 I/am_wtf ( 1240): [0,1240,system_server,-1,DisplayDeviceConfig,requesting nits when no mapping exists.]
02-09 04:50:26.415 I/am_wtf ( 1240): [0,1240,system_server,-1,DisplayDeviceConfig,requesting nits when no mapping exists.]
02-09 04:50:26.430 I/am_wtf ( 1240): [0,1240,system_server,-1,DisplayDeviceConfig,requesting nits when no mapping exists.]
02-09 04:50:26.431 I/am_wtf ( 1240): [0,1240,system_server,-1,DisplayDeviceConfig,requesting nits when no mapping exists.]
02-09 04:50:26.447 I/am_wtf ( 1240): [0,1240,system_server,-1,DisplayDeviceConfig,requesting nits when no mapping exists.]
02-09 04:50:26.447 I/am_wtf ( 1240): [0,1240,system_server,-1,DisplayDeviceConfig,requesting nits when no mapping exists.]
02-09 04:50:26.463 I/am_wtf ( 1240): [0,1240,system_server,-1,DisplayDeviceConfig,requesting nits when no mapping exists.]
02-09 04:50:26.464 I/am_wtf ( 1240): [0,1240,system_server,-1,DisplayDeviceConfig,requesting nits when no mapping exists.]
02-09 04:50:26.480 I/am_wtf ( 1240): [0,1240,system_server,-1,DisplayDeviceConfig,requesting nits when no mapping exists.]
02-09 04:50:26.480 I/am_wtf ( 1240): [0,1240,system_server,-1,DisplayDeviceConfig,requesting nits when no mapping exists.]
02-09 04:50:26.497 I/am_wtf ( 1240): [0,1240,system_server,-1,DisplayDeviceConfig,requesting nits when no mapping exists.]
02-09 04:50:26.498 I/am_wtf ( 1240): [0,1240,system_server,-1,DisplayDeviceConfig,requesting nits when no mapping exists.]
02-09 04:50:26.513 I/am_wtf ( 1240): [0,1240,system_server,-1,DisplayDeviceConfig,requesting nits when no mapping exists.]
02-09 04:50:26.514 I/am_wtf ( 1240): [0,1240,system_server,-1,DisplayDeviceConfig,requesting nits when no mapping exists.]
02-09 04:50:26.530 I/am_wtf ( 1240): [0,1240,system_server,-1,DisplayDeviceConfig,requesting nits when no mapping exists.]
02-09 04:50:26.531 I/am_wtf ( 1240): [0,1240,system_server,-1,DisplayDeviceConfig,requesting nits when no mapping exists.]
02-09 04:50:26.547 I/am_wtf ( 1240): [0,1240,system_server,-1,DisplayDeviceConfig,requesting nits when no mapping exists.]
02-09 04:50:26.548 I/am_wtf ( 1240): [0,1240,system_server,-1,DisplayDeviceConfig,requesting nits when no mapping exists.]
02-09 04:50:26.563 I/am_wtf ( 1240): [0,1240,system_server,-1,DisplayDeviceConfig,requesting nits when no mapping exists.]
02-09 04:50:26.564 I/am_wtf ( 1240): [0,1240,system_server,-1,DisplayDeviceConfig,requesting nits when no mapping exists.]
02-09 04:50:26.581 I/am_wtf ( 1240): [0,1240,system_server,-1,DisplayDeviceConfig,requesting nits when no mapping exists.]
02-09 04:50:26.582 I/am_wtf ( 1240): [0,1240,system_server,-1,DisplayDeviceConfig,requesting nits when no mapping exists.]
02-09 04:50:26.597 I/am_wtf ( 1240): [0,1240,system_server,-1,DisplayDeviceConfig,requesting nits when no mapping exists.]
02-09 04:50:26.598 I/am_wtf ( 1240): [0,1240,system_server,-1,DisplayDeviceConfig,requesting nits when no mapping exists.]
02-09 04:50:26.614 I/am_wtf ( 1240): [0,1240,system_server,-1,DisplayDeviceConfig,requesting nits when no mapping exists.]
02-09 04:50:26.615 I/am_wtf ( 1240): [0,1240,system_server,-1,DisplayDeviceConfig,requesting nits when no mapping exists.]
02-09 04:50:26.630 I/am_wtf ( 1240): [0,1240,system_server,-1,DisplayDeviceConfig,requesting nits when no mapping exists.]
02-09 04:50:26.631 I/am_wtf ( 1240): [0,1240,system_server,-1,DisplayDeviceConfig,requesting nits when no mapping exists.]
02-09 04:50:26.647 I/am_wtf ( 1240): [0,1240,system_server,-1,DisplayDeviceConfig,requesting nits when no mapping exists.]
02-09 04:50:26.648 I/am_wtf ( 1240): [0,1240,system_server,-1,DisplayDeviceConfig,requesting nits when no mapping exists.]
02-09 04:50:26.664 I/am_wtf ( 1240): [0,1240,system_server,-1,DisplayDeviceConfig,requesting nits when no mapping exists.]
02-09 04:50:26.665 I/am_wtf ( 1240): [0,1240,system_server,-1,DisplayDeviceConfig,requesting nits when no mapping exists.]
02-09 04:50:26.680 I/am_wtf ( 1240): [0,1240,system_server,-1,DisplayDeviceConfig,requesting nits when no mapping exists.]
02-09 04:50:26.681 I/am_wtf ( 1240): [0,1240,system_server,-1,DisplayDeviceConfig,requesting nits when no mapping exists.]
02-09 04:50:26.697 I/am_wtf ( 1240): [0,1240,system_server,-1,DisplayDeviceConfig,requesting nits when no mapping exists.]
02-09 04:50:26.698 I/am_wtf ( 1240): [0,1240,system_server,-1,DisplayDeviceConfig,requesting nits when no mapping exists.]
02-09 04:50:26.714 I/am_wtf ( 1240): [0,1240,system_server,-1,DisplayDeviceConfig,requesting nits when no mapping exists.]
02-09 04:50:26.715 I/am_wtf ( 1240): [0,1240,system_server,-1,DisplayDeviceConfig,requesting nits when no mapping exists.]
02-09 04:50:26.730 I/am_wtf ( 1240): [0,1240,system_server,-1,DisplayDeviceConfig,requesting nits when no mapping exists.]
02-09 04:50:26.731 I/am_wtf ( 1240): [0,1240,system_server,-1,DisplayDeviceConfig,requesting nits when no mapping exists.]
02-09 04:50:26.747 I/am_wtf ( 1240): [0,1240,system_server,-1,DisplayDeviceConfig,requesting nits when no mapping exists.]
02-09 04:50:26.748 I/am_wtf ( 1240): [0,1240,system_server,-1,DisplayDeviceConfig,requesting nits when no mapping exists.]
02-09 04:50:26.764 I/am_wtf ( 1240): [0,1240,system_server,-1,DisplayDeviceConfig,requesting nits when no mapping exists.]
02-09 04:50:26.765 I/am_wtf ( 1240): [0,1240,system_server,-1,DisplayDeviceConfig,requesting nits when no mapping exists.]
02-09 04:50:26.781 I/am_wtf ( 1240): [0,1240,system_server,-1,DisplayDeviceConfig,requesting nits when no mapping exists.]
02-09 04:50:26.781 I/am_wtf ( 1240): [0,1240,system_server,-1,DisplayDeviceConfig,requesting nits when no mapping exists.]
02-09 04:50:26.797 I/am_wtf ( 1240): [0,1240,system_server,-1,DisplayDeviceConfig,requesting nits when no mapping exists.]
02-09 04:50:26.798 I/am_wtf ( 1240): [0,1240,system_server,-1,DisplayDeviceConfig,requesting nits when no mapping exists.]
02-09 04:50:27.985 I/view_enqueue_input_event( 6009): [Motion - Cancel,com.android.launcher3/com.android.launcher3.uioverrides.QuickstepLauncher]
02-09 04:50:27.995 I/input_interaction( 1240): Interaction with: swipe-up (server), edge-swipe (server), PointerEventDispatcher0 (server),
02-09 04:50:28.173 I/commit_sys_config_file( 1240): [settings-1-0,4]
02-09 04:50:28.601 I/commit_sys_config_file( 1240): [settings-1-0,6]
02-09 04:50:29.203 I/input_interaction( 1240): Interaction with: 1abb98b com.android.launcher3/com.android.launcher3.uioverrides.QuickstepLauncher (server), f1cc593 com.android.systemui.ImageWallpaper (server), swipe-up (server), edge-swipe (server), PointerEventDispatcher0 (server),
02-09 04:50:29.790 I/am_uid_idle( 1240): 10063
02-09 04:50:34.088 I/am_uid_idle( 1240): 10092
02-09 04:50:36.518 I/service_manager_stats( 1240): [106,51,10503]
02-09 04:50:37.962 I/wm_task_moved( 1240): [80,1,6]
02-09 04:50:37.962 I/wm_task_to_front( 1240): [0,80]
02-09 04:50:37.963 I/wm_focused_root_task( 1240): [0,0,80,60,bringingFoundTaskToFront]
02-09 04:50:37.963 I/wm_set_resumed_activity( 1240): [0,com.android.settings/.Settings,bringingFoundTaskToFront]
02-09 04:50:37.964 I/wm_new_intent( 1240): [0,166350893,80,com.android.settings/.Settings,android.intent.action.MAIN,NULL,NULL,270532608]
02-09 04:50:37.966 I/wm_pause_activity( 1240): [0,208887896,com.android.launcher3/.uioverrides.QuickstepLauncher,userLeaving=true,pauseBackTasks]
02-09 04:50:37.973 I/wm_on_top_resumed_lost_called( 6009): [208887896,com.android.launcher3.uioverrides.QuickstepLauncher,topStateChangedWhenResumed]
02-09 04:50:37.982 I/wm_on_paused_called( 6009): [208887896,com.android.launcher3.uioverrides.QuickstepLauncher,performPause]
02-09 04:50:37.984 I/wm_set_resumed_activity( 1240): [0,com.android.settings/.Settings,resumeTopActivityInnerLocked]
02-09 04:50:37.984 I/wm_add_to_stopping( 1240): [0,208887896,com.android.launcher3/.uioverrides.QuickstepLauncher,makeInvisible]
02-09 04:50:37.986 I/wm_resume_activity( 1240): [0,166350893,80,com.android.settings/.Settings]
02-09 04:50:37.998 I/sysui_multi_action( 1240): [757,803,799,window_time_0,802,73]
02-09 04:50:38.001 I/wm_on_restart_called( 5623): [166350893,com.android.settings.Settings,performRestartActivity]
02-09 04:50:38.005 I/wm_on_start_called( 5623): [166350893,com.android.settings.Settings,handleStartActivity]
02-09 04:50:38.006 I/snet_event_log( 5623): [120484087,-1,]
02-09 04:50:38.006 I/am_pss ( 1240): [3922,10034,com.baidu.input,115569664,101101568,0,250970112,0,7,10]
02-09 04:50:38.006 I/wm_on_resume_called( 5623): [166350893,com.android.settings.Settings,RESUME_ACTIVITY]
02-09 04:50:38.006 I/sysui_multi_action( 5623): [757,35,758,1,833,0,1089,0]
02-09 04:50:38.009 I/am_uid_active( 1240): 10063
02-09 04:50:38.010 I/sysui_multi_action( 5623): [757,46,758,1,833,0,1089,0]
02-09 04:50:38.013 I/input_focus( 1240): [Focus leaving 1abb98b com.android.launcher3/com.android.launcher3.uioverrides.QuickstepLauncher (server),reason=NO_WINDOW]
02-09 04:50:38.014 I/am_pss ( 1240): [6602,10095,com.tencent.qqmusicpad,71736320,40095744,0,176803840,0,4,8]
02-09 04:50:38.015 I/wm_on_top_resumed_gained_called( 5623): [166350893,com.android.settings.Settings,topWhenResuming]
02-09 04:50:38.019 I/input_focus( 1240): [Focus request a3aea84 com.android.settings/com.android.settings.Settings,reason=UpdateInputWindows]
02-09 04:50:38.021 I/am_pss ( 1240): [6908,10095,com.tencent.qqmusicpad:QQPlayerService,39331840,16322560,0,124510208,0,4,5]
02-09 04:50:38.030 I/am_pss ( 1240): [2846,10082,com.qualcomm.qti.workloadclassifier,16654336,14299136,0,109989888,0,0,7]
02-09 04:50:38.038 I/am_pss ( 1240): [2844,10085,com.qualcomm.qti.qccnetstat,6099968,4411392,0,91734016,0,0,6]
02-09 04:50:38.042 I/sysui_multi_action( 1240): [319,33,321,28,322,74,325,1733,757,761,758,9,759,4,806,com.android.settings,871,com.android.settings.Settings,904,com.android.launcher3,905,0,1320,4,1321,1]
02-09 04:50:38.042 I/input_focus( 1240): [Focus entering a3aea84 com.android.settings/com.android.settings.Settings (server),reason=setFocusedWindow]
02-09 04:50:38.045 I/am_pss ( 1240): [2822,10072,com.qualcomm.qti.services.systemhelper:systemhelper_service,6325248,4571136,0,93630464,0,0,5]
02-09 04:50:38.050 I/am_pss ( 1240): [2775,10057,.pasr,5377024,3760128,0,89346048,0,0,4]
02-09 04:50:38.055 I/am_pss ( 1240): [2756,10054,ts.car.uart,6132736,4517888,0,90378240,0,0,3]
02-09 04:50:38.061 I/am_pss ( 1240): [2754,10084,com.hht.lebocast,35999744,20516864,0,116154368,0,0,5]
02-09 04:50:38.067 I/am_pss ( 1240): [2760,1000,com.hryt.hiphishowfsecontrol,14105600,12165120,0,105127936,0,0,5]
02-09 04:50:38.072 I/am_pss ( 1240): [3166,10061,com.qualcomm.qti.devicestatisticsservice,5306368,3686400,0,89174016,0,0,5]
02-09 04:50:38.532 I/wm_stop_activity( 1240): [0,208887896,com.android.launcher3/.uioverrides.QuickstepLauncher]
02-09 04:50:38.558 I/wm_on_stop_called( 6009): [208887896,com.android.launcher3.uioverrides.QuickstepLauncher,STOP_ACTIVITY_ITEM]
02-09 04:50:39.368 I/input_interaction( 1240): Interaction with: a3aea84 com.android.settings/com.android.settings.Settings (server), swipe-up (server), edge-swipe (server), PointerEventDispatcher0 (server),
02-09 04:50:39.392 I/view_enqueue_input_event( 5623): [Motion - Cancel,com.android.settings/com.android.settings.Settings]
02-09 04:50:39.405 I/input_interaction( 1240): Interaction with: swipe-up (server), edge-swipe (server), PointerEventDispatcher0 (server),
02-09 04:50:39.504 I/sysui_multi_action( 1240): [757,803,799,key_back_press,802,1]
02-09 04:50:39.507 I/input_interaction( 1240): Interaction with: a3aea84 com.android.settings/com.android.settings.Settings (server), PointerEventDispatcher0 (server),
02-09 04:50:39.510 I/wm_task_moved( 1240): [80,0,0]
02-09 04:50:39.513 I/wm_focused_root_task( 1240): [0,0,60,80,moveTaskToBackLocked]
02-09 04:50:39.514 I/wm_add_to_stopping( 1240): [0,166350893,com.android.settings/.Settings,makeInvisible]
02-09 04:50:39.516 I/wm_pause_activity( 1240): [0,166350893,com.android.settings/.Settings,userLeaving=false,pauseBackTasks]
02-09 04:50:39.519 I/wm_set_resumed_activity( 1240): [0,com.android.launcher3/.uioverrides.QuickstepLauncher,resumeTopActivityInnerLocked]
02-09 04:50:39.522 I/wm_resume_activity( 1240): [0,208887896,61,com.android.launcher3/.uioverrides.QuickstepLauncher]
02-09 04:50:39.524 I/wm_on_top_resumed_lost_called( 5623): [166350893,com.android.settings.Settings,topStateChangedWhenResumed]
02-09 04:50:39.527 I/sysui_multi_action( 5623): [757,35,758,2,1089,1520]
02-09 04:50:39.527 I/sysui_multi_action( 5623): [757,46,758,2,1089,1518]
02-09 04:50:39.528 I/wm_on_paused_called( 5623): [166350893,com.android.settings.Settings,performPause]
02-09 04:50:39.533 I/wm_on_restart_called( 6009): [208887896,com.android.launcher3.uioverrides.QuickstepLauncher,performRestartActivity]
02-09 04:50:39.533 I/wm_on_start_called( 6009): [208887896,com.android.launcher3.uioverrides.QuickstepLauncher,handleStartActivity]
02-09 04:50:39.534 I/wm_on_resume_called( 6009): [208887896,com.android.launcher3.uioverrides.QuickstepLauncher,RESUME_ACTIVITY]
02-09 04:50:39.535 I/wm_on_top_resumed_gained_called( 6009): [208887896,com.android.launcher3.uioverrides.QuickstepLauncher,topStateChangedWhenResumed]
02-09 04:50:39.538 I/sysui_multi_action( 1240): [757,803,799,window_time_0,802,1]
02-09 04:50:39.546 I/input_focus( 1240): [Focus leaving a3aea84 com.android.settings/com.android.settings.Settings (server),reason=NO_WINDOW]
02-09 04:50:39.549 I/input_focus( 1240): [Focus request 1abb98b com.android.launcher3/com.android.launcher3.uioverrides.QuickstepLauncher,reason=UpdateInputWindows]
02-09 04:50:39.579 I/input_focus( 1240): [Focus entering 1abb98b com.android.launcher3/com.android.launcher3.uioverrides.QuickstepLauncher (server),reason=setFocusedWindow]
02-09 04:50:39.936 I/wm_stop_activity( 1240): [0,166350893,com.android.settings/.Settings]
02-09 04:50:39.963 I/wm_on_stop_called( 5623): [166350893,com.android.settings.Settings,STOP_ACTIVITY_ITEM]
02-09 04:50:40.816 I/input_interaction( 1240): Interaction with: 1abb98b com.android.launcher3/com.android.launcher3.uioverrides.QuickstepLauncher (server), f1cc593 com.android.systemui.ImageWallpaper (server), swipe-up (server), edge-swipe (server), PointerEventDispatcher0 (server),
02-09 04:50:40.936 I/view_enqueue_input_event( 6009): [Motion - Cancel,com.android.launcher3/com.android.launcher3.uioverrides.QuickstepLauncher]
02-09 04:50:40.937 I/input_interaction( 1240): Interaction with: swipe-up (server), edge-swipe (server), PointerEventDispatcher0 (server),
02-09 04:50:41.124 I/commit_sys_config_file( 1240): [settings-1-0,4]
02-09 04:50:41.589 I/commit_sys_config_file( 1240): [settings-1-0,10]
02-09 04:50:43.143 I/input_interaction( 1240): Interaction with: 1abb98b com.android.launcher3/com.android.launcher3.uioverrides.QuickstepLauncher (server), f1cc593 com.android.systemui.ImageWallpaper (server), swipe-up (server), edge-swipe (server), PointerEventDispatcher0 (server),
02-09 04:50:43.905 I/wm_finish_activity( 1240): [0,166350893,80,com.android.settings/.Settings,remove-task]
02-09 04:50:43.908 I/wm_destroy_activity( 1240): [0,166350893,80,com.android.settings/.Settings,finish-imm:finishIfPossible]
02-09 04:50:43.913 I/am_kill ( 1240): [0,5623,com.android.settings,905,remove task]
02-09 04:50:43.914 I/sysui_multi_action( 1240): [757,803,799,window_time_0,802,5]
02-09 04:50:44.000 I/am_proc_died( 1240): [0,5623,com.android.settings,905,19]
02-09 04:50:44.003 I/wm_task_removed( 1240): [80,removeChild:removeChild last r=ActivityRecord{9ea502d u0 com.android.settings/.Settings t-1 f}} in t=Task{3c8c229 #80 type=standard A=1000:com.android.settings.root U=0 visible=false mode=fullscreen translucent=true sz=0}]
02-09 04:50:44.003 I/wm_task_removed( 1240): [80,removeChild]
02-09 04:50:44.021 I/am_proc_start( 1240): [0,7018,1000,com.android.settings,NULL,]
02-09 04:50:44.040 I/am_proc_bound( 1240): [0,7018,com.android.settings]
02-09 04:50:44.099 I/am_wtf ( 1240): [0,7018,com.android.settings,952647173,RoleParser,com.android.permissioncontroller.role.model.AssistantRoleBehavior]
02-09 04:50:44.101 I/am_wtf ( 1240): [0,7018,com.android.settings,952647173,RoleParser,com.android.permissioncontroller.role.model.BrowserRoleBehavior]
02-09 04:50:44.103 I/am_wtf ( 1240): [0,7018,com.android.settings,952647173,RoleParser,com.android.permissioncontroller.role.model.DialerRoleBehavior]
02-09 04:50:44.105 I/am_wtf ( 1240): [0,7018,com.android.settings,952647173,RoleParser,com.android.permissioncontroller.role.model.SmsRoleBehavior]
02-09 04:50:44.107 I/am_wtf ( 1240): [0,7018,com.android.settings,952647173,RoleParser,com.android.permissioncontroller.role.model.EmergencyRoleBehavior]
02-09 04:50:44.109 I/am_wtf ( 1240): [0,7018,com.android.settings,952647173,RoleParser,com.android.permissioncontroller.role.model.HomeRoleBehavior]
02-09 04:50:44.113 I/am_wtf ( 1240): [0,7018,com.android.settings,952647173,RoleParser,com.android.permissioncontroller.role.model.SystemAutomotiveClusterRoleBehavior]
02-09 04:50:44.114 I/am_wtf ( 1240): [0,7018,com.android.settings,952647173,RoleParser,com.android.permissioncontroller.role.model.CompanionDeviceWatchRoleBehavior]
02-09 04:50:44.117 I/am_wtf ( 1240): [0,7018,com.android.settings,952647173,RoleParser,com.android.permissioncontroller.role.model.SystemShellRoleBehavior]
02-09 04:50:44.119 I/am_wtf ( 1240): [0,7018,com.android.settings,952647173,RoleParser,com.android.permissioncontroller.role.model.TelevisionRoleBehavior]
02-09 04:50:44.124 I/am_wtf ( 1240): [0,7018,com.android.settings,952647173,RoleParser,com.android.permissioncontroller.role.model.TelevisionRoleBehavior]
02-09 04:50:45.143 I/am_kill ( 1240): [0,6079,com.android.documentsui,900,remove task]
02-09 04:50:45.145 I/sysui_multi_action( 1240): [757,803,799,window_time_0,802,1]
02-09 04:50:45.181 I/am_proc_died( 1240): [0,6079,com.android.documentsui,900,18]
02-09 04:50:45.181 I/am_uid_stopped( 1240): 10024
02-09 04:50:45.185 I/am_uid_running( 1240): 10024
02-09 04:50:45.194 I/am_proc_start( 1240): [0,7042,10024,com.android.documentsui,NULL,]
02-09 04:50:45.212 I/am_proc_bound( 1240): [0,7042,com.android.documentsui]
02-09 04:50:46.083 I/am_kill ( 1240): [0,3921,com.android.gallery3d,900,remove task]
02-09 04:50:46.085 I/sysui_multi_action( 1240): [757,803,799,window_time_0,802,1]
02-09 04:50:46.128 I/am_proc_died( 1240): [0,3921,com.android.gallery3d,900,18]
02-09 04:50:46.129 I/am_uid_stopped( 1240): 10064
02-09 04:50:46.135 I/am_uid_running( 1240): 10064
02-09 04:50:46.145 I/am_proc_start( 1240): [0,7070,10064,com.android.gallery3d,NULL,]
02-09 04:50:46.163 I/am_proc_bound( 1240): [0,7070,com.android.gallery3d]
02-09 04:51:27.261 I/input_interaction( 1240): Interaction with: ba46e9b StatusBar (server), swipe-up (server), edge-swipe (server), PointerEventDispatcher0 (server),
02-09 04:51:27.269 I/sysui_multi_action( 2005): [757,803,799,panel_open,802,1]
02-09 04:51:27.271 I/sysui_multi_action( 2005): [757,1328,758,4,1326,21,1327,2,1329,0]
02-09 04:51:27.319 I/sysui_multi_action( 1240): [757,127,758,1]
02-09 04:51:27.319 I/sysui_multi_action( 1240): [757,804,799,note_load,801,4,802,1]
02-09 04:51:27.319 I/notification_panel_revealed( 1240): 4
02-09 04:51:27.331 I/input_focus( 1240): [Focus request 8e4c0d9 NotificationShade,reason=UpdateInputWindows]
02-09 04:51:27.362 I/input_focus( 1240): [Focus leaving 1abb98b com.android.launcher3/com.android.launcher3.uioverrides.QuickstepLauncher (server),reason=Waiting for window because NOT_VISIBLE]
02-09 04:51:27.363 I/sysui_multi_action( 1240): [757,128,758,1,793,1770284,794,0,795,1770284,796,26,798,0,806,android,857,DEVELOPER_IMPORTANT,858,4,947,0,1395,4,1500,1769891,1688,1]
02-09 04:51:27.364 I/sysui_multi_action( 1240): [757,804,799,note_freshness,801,1770284,802,1]
02-09 04:51:27.364 I/notification_visibility( 1240): [-1|android|26|null|1000,1,1770284,1770284,0,0]
02-09 04:51:27.364 I/sysui_multi_action( 1240): [757,128,758,1,793,1765395,794,0,795,1765395,796,17303299,797,com.android.wifi,798,2,806,android,857,NETWORK_AVAILABLE,858,2,947,0,1395,4,1500,1765195,1688,1]
02-09 04:51:27.365 I/sysui_multi_action( 1240): [757,804,799,note_freshness,801,1765395,802,1]
02-09 04:51:27.365 I/notification_visibility( 1240): [0|android|17303299|com.android.wifi|1000,1,1765395,1765395,0,2]
02-09 04:51:27.365 I/sysui_multi_action( 1240): [757,128,758,1,793,555737,794,0,795,555737,796,4273,798,1,806,com.android.systemui,857,screen_record,858,3,947,0,1395,4,1500,555535,1688,1,1745,680407814]
02-09 04:51:27.366 I/sysui_multi_action( 1240): [757,804,799,note_freshness,801,555737,802,1]
02-09 04:51:27.366 I/notification_visibility( 1240): [0|com.android.systemui|4273|null|10080,1,555737,555737,0,1]
02-09 04:51:27.366 I/sysui_multi_action( 1240): [757,128,758,1,793,1771074,794,0,795,1771074,796,32,798,3,806,android,857,USB,858,1,947,0,1395,4,1500,1771023,1688,1]
02-09 04:51:27.366 I/sysui_multi_action( 1240): [757,804,799,note_freshness,801,1771074,802,1]
02-09 04:51:27.366 I/notification_visibility( 1240): [-1|android|32|null|1000,1,1771074,1771074,0,3]
02-09 04:51:27.377 I/input_focus( 1240): [Focus entering 8e4c0d9 NotificationShade (server),reason=Window became focusable. Previous reason: NOT_VISIBLE]
02-09 04:51:27.409 I/sysui_multi_action( 2005): [757,111,758,1]
02-09 04:51:27.410 I/sysui_multi_action( 2005): [757,126,758,1,759,126,927,0,928,1,1593,0]
02-09 04:51:27.410 I/sysui_multi_action( 2005): [757,113,758,1,759,113,927,1,928,1,1593,0]
02-09 04:51:27.410 I/sysui_multi_action( 2005): [757,0,758,1,759,0,927,2,928,0,1593,0]
02-09 04:51:27.410 I/sysui_multi_action( 2005): [757,0,758,1,759,0,927,3,928,0,1593,0]
02-09 04:51:27.410 I/sysui_multi_action( 2005): [757,491,758,1,759,491,927,4,928,0,1311,-1,1593,0]
02-09 04:51:27.410 I/sysui_multi_action( 2005): [757,0,758,1,759,0,927,5,928,0,1593,0]
02-09 04:51:27.410 I/sysui_multi_action( 2005): [757,111,758,1]
02-09 04:51:27.410 I/sysui_multi_action( 2005): [757,126,758,1,759,126,927,0,928,1,1593,0]
02-09 04:51:27.410 I/sysui_multi_action( 2005): [757,113,758,1,759,113,927,1,928,1,1593,0]
02-09 04:51:27.410 I/sysui_multi_action( 2005): [757,0,758,1,759,0,927,2,928,0,1593,0]
02-09 04:51:27.410 I/sysui_multi_action( 2005): [757,0,758,1,759,0,927,3,928,0,1593,0]
02-09 04:51:29.848 I/input_interaction( 1240): Interaction with: 8e4c0d9 NotificationShade (server), swipe-up (server), edge-swipe (server), PointerEventDispatcher0 (server),
02-09 04:51:44.703 I/auditd ( 566): type=1400 audit(0.0:910): avc: denied { read } for comm="Binder:566_2" name="wakeup58" dev="sysfs" ino=71800 scontext=u:r:system_suspend:s0 tcontext=u:object_r:sysfs:s0 tclass=dir permissive=0
02-09 04:51:44.703 I/auditd ( 566): type=1400 audit(0.0:911): avc: denied { read } for comm="Binder:566_2" name="wakeup4" dev="sysfs" ino=47054 scontext=u:r:system_suspend:s0 tcontext=u:object_r:sysfs:s0 tclass=dir permissive=0
02-09 04:51:44.703 I/auditd ( 566): type=1400 audit(0.0:912): avc: denied { read } for comm="Binder:566_2" name="wakeup76" dev="sysfs" ino=76740 scontext=u:r:system_suspend:s0 tcontext=u:object_r:sysfs:s0 tclass=dir permissive=0
02-09 04:51:44.703 I/auditd ( 566): type=1400 audit(0.0:913): avc: denied { read } for comm="Binder:566_2" name="wakeup28" dev="sysfs" ino=53259 scontext=u:r:system_suspend:s0 tcontext=u:object_r:sysfs:s0 tclass=dir permissive=0
02-09 04:51:44.703 I/auditd ( 566): type=1400 audit(0.0:914): avc: denied { read } for comm="Binder:566_2" name="wakeup56" dev="sysfs" ino=71728 scontext=u:r:system_suspend:s0 tcontext=u:object_r:sysfs:s0 tclass=dir permissive=0
02-09 04:51:44.703 I/auditd ( 566): type=1400 audit(0.0:915): avc: denied { read } for comm="Binder:566_2" name="wakeup2" dev="sysfs" ino=46578 scontext=u:r:system_suspend:s0 tcontext=u:object_r:sysfs:s0 tclass=dir permissive=0
02-09 04:51:44.737 I/commit_sys_config_file( 1240): [batterystats,4]
02-09 04:51:44.738 I/commit_sys_config_file( 1240): [batterystats,1]
02-09 04:51:52.256 I/am_uid_idle( 1240): 10063
02-09 04:52:06.893 I/notification_enqueue( 1240): [10080,2005,com.android.systemui,2048,NULL,0,Notification(channel=updateNotification shortcut=null contentView=null vibrate=null sound=null defaults=0x0 flags=0x0 color=0x00000000 vis=PRIVATE),1]
02-09 04:52:06.893 I/sysui_multi_action( 2005): [757,111,758,2]
02-09 04:52:06.894 I/sysui_multi_action( 2005): [757,111,758,2]
02-09 04:52:07.111 I/input_focus( 1240): [Focus request 1abb98b com.android.launcher3/com.android.launcher3.uioverrides.QuickstepLauncher,reason=UpdateInputWindows]
02-09 04:52:07.117 I/sysui_multi_action( 1240): [757,128,758,2,793,1810037,794,39753,795,1810037,796,26,798,0,806,android,857,DEVELOPER_IMPORTANT,858,4,947,0,1395,4,1500,1809644,1688,1]
02-09 04:52:07.117 I/notification_visibility( 1240): [-1|android|26|null|1000,0,1810037,1810037,0,0]
02-09 04:52:07.117 I/sysui_multi_action( 1240): [757,128,758,2,793,1805148,794,39753,795,1805148,796,17303299,797,com.android.wifi,798,2,806,android,857,NETWORK_AVAILABLE,858,2,947,0,1395,4,1500,1804948,1688,1]
02-09 04:52:07.118 I/notification_visibility( 1240): [0|android|17303299|com.android.wifi|1000,0,1805148,1805148,0,2]
02-09 04:52:07.118 I/sysui_multi_action( 1240): [757,128,758,2,793,595490,794,39753,795,595490,796,4273,798,1,806,com.android.systemui,857,screen_record,858,3,947,0,1395,4,1500,595288,1688,1,1745,680407814]
02-09 04:52:07.118 I/notification_visibility( 1240): [0|com.android.systemui|4273|null|10080,0,595490,595490,0,1]
02-09 04:52:07.118 I/sysui_multi_action( 1240): [757,128,758,2,793,1810826,794,39752,795,1810826,796,32,798,3,806,android,857,USB,858,1,947,0,1395,4,1500,1810775,1688,1]
02-09 04:52:07.118 I/notification_visibility( 1240): [-1|android|32|null|1000,0,1810826,1810826,0,3]
02-09 04:52:07.120 I/sysui_multi_action( 1240): [757,127,758,2]
02-09 04:52:07.120 I/notification_panel_hidden( 1240):
02-09 04:52:07.140 I/input_focus( 1240): [Focus leaving 8e4c0d9 NotificationShade (server),reason=NO_WINDOW]
02-09 04:52:07.140 I/input_focus( 1240): [Focus entering 1abb98b com.android.launcher3/com.android.launcher3.uioverrides.QuickstepLauncher (server),reason=setFocusedWindow]
02-09 04:52:08.471 I/auditd ( 7124): type=1400 audit(0.0:960): avc: denied { read } for comm="ls" name="/" dev="dm-5" ino=2 scontext=u:r:system_app:s0 tcontext=u:object_r:rootfs:s0 tclass=dir permissive=0
02-09 04:52:08.515 I/auditd ( 7127): type=1400 audit(0.0:961): avc: denied { read } for comm="ls" name="/" dev="dm-5" ino=2 scontext=u:r:system_app:s0 tcontext=u:object_r:rootfs:s0 tclass=dir permissive=0
02-09 04:52:08.643 I/auditd ( 7133): type=1400 audit(0.0:962): avc: denied { read } for comm="ls" name="/" dev="dm-5" ino=2 scontext=u:r:system_app:s0 tcontext=u:object_r:rootfs:s0 tclass=dir permissive=0
02-09 04:52:20.225 I/input_interaction( 1240): Interaction with: 1abb98b com.android.launcher3/com.android.launcher3.uioverrides.QuickstepLauncher (server), f1cc593 com.android.systemui.ImageWallpaper (server), swipe-up (server), edge-swipe (server), PointerEventDispatcher0 (server),
02-09 04:52:20.745 I/service_manager_stats( 1240): [100,60,104227]
02-09 04:52:22.817 I/sysui_multi_action( 1240): [757,127,758,1]
02-09 04:52:22.818 I/sysui_multi_action( 1240): [757,804,799,note_load,801,4,802,1]
02-09 04:52:22.818 I/notification_panel_revealed( 1240): 4
02-09 04:52:22.830 I/input_focus( 1240): [Focus request 8e4c0d9 NotificationShade,reason=UpdateInputWindows]
02-09 04:52:22.843 I/sysui_multi_action( 1240): [757,128,758,1,793,1825763,794,0,795,1825763,796,26,798,0,806,android,857,DEVELOPER_IMPORTANT,858,4,947,0,1395,4,1500,1825370,1688,1]
02-09 04:52:22.843 I/sysui_multi_action( 1240): [757,804,799,note_freshness,801,1825763,802,1]
02-09 04:52:22.843 I/notification_visibility( 1240): [-1|android|26|null|1000,1,1825763,1825763,0,0]
02-09 04:52:22.843 I/sysui_multi_action( 1240): [757,128,758,1,793,1820874,794,0,795,1820874,796,17303299,797,com.android.wifi,798,2,806,android,857,NETWORK_AVAILABLE,858,2,947,0,1395,4,1500,1820674,1688,1]
02-09 04:52:22.843 I/sysui_multi_action( 1240): [757,804,799,note_freshness,801,1820874,802,1]
02-09 04:52:22.843 I/notification_visibility( 1240): [0|android|17303299|com.android.wifi|1000,1,1820874,1820874,0,2]
02-09 04:52:22.843 I/sysui_multi_action( 1240): [757,128,758,1,793,611215,794,0,795,611215,796,4273,798,1,806,com.android.systemui,857,screen_record,858,3,947,0,1395,4,1500,611013,1688,1,1745,680407814]
02-09 04:52:22.843 I/sysui_multi_action( 1240): [757,804,799,note_freshness,801,611215,802,1]
02-09 04:52:22.844 I/notification_visibility( 1240): [0|com.android.systemui|4273|null|10080,1,611215,611215,0,1]
02-09 04:52:22.844 I/sysui_multi_action( 1240): [757,128,758,1,793,1826552,794,0,795,1826552,796,32,798,3,806,android,857,USB,858,1,947,0,1395,4,1500,1826501,1688,1]
02-09 04:52:22.844 I/sysui_multi_action( 1240): [757,804,799,note_freshness,801,1826552,802,1]
02-09 04:52:22.844 I/notification_visibility( 1240): [-1|android|32|null|1000,1,1826552,1826552,0,3]
02-09 04:52:22.860 I/input_focus( 1240): [Focus leaving 1abb98b com.android.launcher3/com.android.launcher3.uioverrides.QuickstepLauncher (server),reason=setFocusedWindow]
02-09 04:52:22.860 I/input_focus( 1240): [Focus entering 8e4c0d9 NotificationShade (server),reason=setFocusedWindow]
02-09 04:52:22.872 I/input_interaction( 1240): Interaction with: 1abb98b com.android.launcher3/com.android.launcher3.uioverrides.QuickstepLauncher (server), f1cc593 com.android.systemui.ImageWallpaper (server), 8e4c0d9 NotificationShade (server), swipe-up (server), edge-swipe (server), PointerEventDispatcher0 (server),
02-09 04:52:22.872 I/view_enqueue_input_event( 6009): [Motion - Cancel,com.android.launcher3/com.android.launcher3.uioverrides.QuickstepLauncher]
02-09 04:52:22.874 I/sysui_multi_action( 2005): [757,803,799,panel_open,802,1]
02-09 04:52:22.875 I/sysui_multi_action( 2005): [757,1328,758,4,1326,55,1327,59,1329,0]
02-09 04:52:22.886 I/input_interaction( 1240): Interaction with: f1cc593 com.android.systemui.ImageWallpaper (server), 8e4c0d9 NotificationShade (server), swipe-up (server), edge-swipe (server), PointerEventDispatcher0 (server),
02-09 04:52:23.228 I/sysui_multi_action( 2005): [757,111,758,1]
02-09 04:52:23.229 I/sysui_multi_action( 2005): [757,126,758,1,759,126,927,0,928,1,1593,0]
02-09 04:52:23.229 I/sysui_multi_action( 2005): [757,113,758,1,759,113,927,1,928,1,1593,0]
02-09 04:52:23.230 I/sysui_multi_action( 2005): [757,0,758,1,759,0,927,2,928,0,1593,0]
02-09 04:52:23.230 I/sysui_multi_action( 2005): [757,0,758,1,759,0,927,3,928,0,1593,0]
02-09 04:52:23.231 I/sysui_multi_action( 2005): [757,491,758,1,759,491,927,4,928,0,1311,-1,1593,0]
02-09 04:52:23.232 I/sysui_multi_action( 2005): [757,0,758,1,759,0,927,5,928,0,1593,0]
02-09 04:52:23.233 I/sysui_multi_action( 2005): [757,111,758,1]
02-09 04:52:23.233 I/sysui_multi_action( 2005): [757,126,758,1,759,126,927,0,928,1,1593,0]
02-09 04:52:23.233 I/sysui_multi_action( 2005): [757,113,758,1,759,113,927,1,928,1,1593,0]
02-09 04:52:23.234 I/sysui_multi_action( 2005): [757,0,758,1,759,0,927,2,928,0,1593,0]
02-09 04:52:23.234 I/sysui_multi_action( 2005): [757,0,758,1,759,0,927,3,928,0,1593,0]
02-09 04:52:24.095 I/input_interaction( 1240): Interaction with: 8e4c0d9 NotificationShade (server), swipe-up (server), edge-swipe (server), PointerEventDispatcher0 (server),
02-09 04:52:24.570 I/notification_enqueue( 1240): [10080,2005,com.android.systemui,2048,NULL,0,Notification(channel=updateNotification shortcut=null contentView=null vibrate=null sound=null defaults=0x0 flags=0x0 color=0x00000000 vis=PRIVATE),1]
02-09 04:52:24.573 I/sysui_multi_action( 2005): [757,111,758,2]
02-09 04:52:24.574 I/sysui_multi_action( 2005): [757,111,758,2]
02-09 04:52:24.795 I/input_focus( 1240): [Focus request 1abb98b com.android.launcher3/com.android.launcher3.uioverrides.QuickstepLauncher,reason=UpdateInputWindows]
02-09 04:52:24.804 I/sysui_multi_action( 1240): [757,128,758,2,793,1827725,794,1962,795,1827725,796,26,798,0,806,android,857,DEVELOPER_IMPORTANT,858,4,947,0,1395,4,1500,1827332,1688,1]
02-09 04:52:24.805 I/notification_visibility( 1240): [-1|android|26|null|1000,0,1827725,1827725,0,0]
02-09 04:52:24.805 I/sysui_multi_action( 1240): [757,128,758,2,793,1822836,794,1962,795,1822836,796,17303299,797,com.android.wifi,798,2,806,android,857,NETWORK_AVAILABLE,858,2,947,0,1395,4,1500,1822636,1688,1]
02-09 04:52:24.805 I/notification_visibility( 1240): [0|android|17303299|com.android.wifi|1000,0,1822836,1822836,0,2]
02-09 04:52:24.805 I/sysui_multi_action( 1240): [757,128,758,2,793,613177,794,1962,795,613177,796,4273,798,1,806,com.android.systemui,857,screen_record,858,3,947,0,1395,4,1500,612975,1688,1,1745,680407814]
02-09 04:52:24.805 I/notification_visibility( 1240): [0|com.android.systemui|4273|null|10080,0,613177,613177,0,1]
02-09 04:52:24.806 I/sysui_multi_action( 1240): [757,128,758,2,793,1828514,794,1962,795,1828514,796,32,798,3,806,android,857,USB,858,1,947,0,1395,4,1500,1828463,1688,1]
02-09 04:52:24.806 I/notification_visibility( 1240): [-1|android|32|null|1000,0,1828514,1828514,0,3]
02-09 04:52:24.806 I/sysui_multi_action( 1240): [757,127,758,2]
02-09 04:52:24.807 I/notification_panel_hidden( 1240):
02-09 04:52:24.815 I/input_focus( 1240): [Focus leaving 8e4c0d9 NotificationShade (server),reason=NOT_FOCUSABLE]
02-09 04:52:24.816 I/input_focus( 1240): [Focus entering 1abb98b com.android.launcher3/com.android.launcher3.uioverrides.QuickstepLauncher (server),reason=setFocusedWindow]
02-09 04:52:26.402 I/input_interaction( 1240): Interaction with: 1abb98b com.android.launcher3/com.android.launcher3.uioverrides.QuickstepLauncher (server), f1cc593 com.android.systemui.ImageWallpaper (server), swipe-up (server), edge-swipe (server), PointerEventDispatcher0 (server),
02-09 04:52:27.612 I/wm_task_created( 1240): [86,-1]
02-09 04:52:27.615 I/wm_task_moved( 1240): [86,1,6]
02-09 04:52:27.615 I/wm_task_to_front( 1240): [0,86]
02-09 04:52:27.615 I/wm_create_task( 1240): [0,86]
02-09 04:52:27.615 I/wm_create_activity( 1240): [0,238958126,86,com.android.music/.MusicBrowserActivity,NULL,NULL,NULL,268468224]
02-09 04:52:27.615 I/wm_task_moved( 1240): [86,1,6]
02-09 04:52:27.617 I/wm_restart_activity( 1240): [0,238958126,86,com.android.music/.MusicBrowserActivity]
02-09 04:52:27.617 I/wm_set_resumed_activity( 1240): [0,com.android.music/.MusicBrowserActivity,minimalResumeActivityLocked]
02-09 04:52:27.619 I/am_uid_active( 1240): 10088
02-09 04:52:27.619 I/wm_on_top_resumed_lost_called( 6009): [208887896,com.android.launcher3.uioverrides.QuickstepLauncher,topStateChangedWhenResumed]
02-09 04:52:27.657 I/wm_on_create_called( 6394): [238958126,com.android.music.MusicBrowserActivity,performCreate]
02-09 04:52:27.660 I/am_kill ( 1240): [0,3531,com.android.managedprovisioning,985,empty for 1826s]
02-09 04:52:27.667 I/wm_on_start_called( 6394): [238958126,com.android.music.MusicBrowserActivity,handleStartActivity]
02-09 04:52:27.667 I/wm_on_resume_called( 6394): [238958126,com.android.music.MusicBrowserActivity,RESUME_ACTIVITY]
02-09 04:52:27.672 I/wm_on_top_resumed_gained_called( 6394): [238958126,com.android.music.MusicBrowserActivity,topStateChangedWhenResumed]
02-09 04:52:27.672 I/am_pss ( 1240): [6009,10073,com.android.launcher3,176091136,156420096,0,331855872,0,2,11]
02-09 04:52:27.674 I/commit_sys_config_file( 1240): [procstats,2]
02-09 04:52:27.676 I/am_proc_died( 1240): [0,3531,com.android.managedprovisioning,985,19]
02-09 04:52:27.676 I/am_uid_stopped( 1240): 10029
02-09 04:52:27.683 I/am_pss ( 1240): [7070,10064,com.android.gallery3d,7438336,5140480,0,93536256,0,19,5]
02-09 04:52:27.689 I/am_pss ( 1240): [7042,10024,com.android.documentsui,11159552,8302592,0,105873408,0,19,5]
02-09 04:52:27.695 I/am_pss ( 1240): [7018,1000,com.android.settings,20259840,13176832,0,122023936,0,19,5]
02-09 04:52:27.702 I/am_pss ( 1240): [6602,10095,com.tencent.qqmusicpad,72471552,40747008,0,176820224,0,4,7]
02-09 04:52:27.704 I/am_uid_running( 1240): 10020
02-09 04:52:27.708 I/am_pss ( 1240): [6908,10095,com.tencent.qqmusicpad:QQPlayerService,39380992,16343040,0,124530688,0,4,6]
02-09 04:52:27.710 I/am_proc_start( 1240): [0,7183,10020,com.android.musicfx,broadcast,{com.android.musicfx/com.android.musicfx.ControlPanelReceiver}]
02-09 04:52:27.714 I/sysui_multi_action( 1240): [757,856,758,1,806,com.android.music,857,Channel-music,858,2]
02-09 04:52:27.719 I/notification_enqueue( 1240): [10088,6394,com.android.music,1,NULL,0,Notification(channel=Channel-music shortcut=null contentView=null vibrate=null sound=null defaults=0x0 flags=0x0 color=0x00000000 category=transport actions=4 vis=PRIVATE),0]
02-09 04:52:27.722 I/notification_enqueue( 1240): [10088,6394,com.android.music,1,NULL,0,Notification(channel=Channel-music shortcut=null contentView=null vibrate=null sound=null defaults=0x0 flags=0x40 color=0x00000000 category=transport actions=4 vis=PRIVATE),0]
02-09 04:52:27.722 I/am_proc_bound( 1240): [0,7183,com.android.musicfx]
02-09 04:52:27.726 I/notification_enqueue( 1240): [10088,6394,com.android.music,1,NULL,0,Notification(channel=Channel-music shortcut=null contentView=null vibrate=null sound=null defaults=0x0 flags=0x40 color=0x00000000 category=transport actions=4 vis=PRIVATE),0]
02-09 04:52:27.727 I/notification_enqueue( 1240): [10088,6394,com.android.music,1,NULL,0,Notification(channel=Channel-music shortcut=null contentView=null vibrate=null sound=null defaults=0x0 flags=0x40 color=0x00000000 category=transport actions=4 vis=PRIVATE),0]
02-09 04:52:27.733 I/notification_enqueue( 1240): [10088,6394,com.android.music,1,NULL,0,Notification(channel=Channel-music shortcut=null contentView=null vibrate=null sound=null defaults=0x0 flags=0x40 color=0x00000000 category=transport actions=4 vis=PRIVATE),0]
02-09 04:52:27.734 I/notification_enqueue( 1240): [10088,6394,com.android.music,1,NULL,0,Notification(channel=Channel-music shortcut=null contentView=null vibrate=null sound=null defaults=0x0 flags=0x40 color=0x00000000 category=transport actions=4 vis=PRIVATE),0]
02-09 04:52:27.745 I/input_focus( 1240): [Focus request 406ae97 com.android.music/com.android.music.MusicBrowserActivity,reason=UpdateInputWindows]
02-09 04:52:27.771 I/input_focus( 1240): [Focus leaving 1abb98b com.android.launcher3/com.android.launcher3.uioverrides.QuickstepLauncher (server),reason=Waiting for window because NOT_VISIBLE]
02-09 04:52:27.777 I/sysui_multi_action( 1240): [319,169,322,168,325,1842,757,761,758,8,759,2,806,com.android.music,871,com.android.music.MusicBrowserActivity,904,com.android.launcher3,905,0,1320,4,1321,1]
02-09 04:52:27.778 I/wm_activity_launch_time( 1240): [0,238958126,com.android.music/.MusicBrowserActivity,168]
02-09 04:52:27.788 I/input_focus( 1240): [Focus entering 406ae97 com.android.music/com.android.music.MusicBrowserActivity (server),reason=Window became focusable. Previous reason: NOT_VISIBLE]
02-09 04:52:27.920 I/sysui_multi_action( 1240): [757,1501,758,1,793,201,794,0,795,201,796,1,806,com.android.music,857,Channel-music,858,2,947,0,1500,0,1641,transport,1688,1,1745,1043716538]
02-09 04:52:27.920 I/sysui_multi_action( 1240): [757,804,799,note_interruptive,801,0,802,1]
02-09 04:52:27.941 I/sysui_multi_action( 1240): [757,128,758,5,759,8,793,1557948,794,0,795,1557948,796,1,797,empty_media,806,com.android.systemui,857,empty_media_style_id,858,4,947,0,1500,1557746,1641,transport,1688,1,1745,1043716538]
02-09 04:52:27.941 I/notification_canceled( 1240): [0|com.android.systemui|1|empty_media|10080,8,1557948,1557948,0,-1,-1,NULL]
02-09 04:52:27.966 I/commit_sys_config_file( 1240): [notification-policy,1832335]
02-09 04:52:29.515 I/input_interaction( 1240): Interaction with: 406ae97 com.android.music/com.android.music.MusicBrowserActivity (server), swipe-up (server), edge-swipe (server), PointerEventDispatcher0 (server),
02-09 04:52:30.850 I/notification_enqueue( 1240): [10088,6394,com.android.music,1,NULL,0,Notification(channel=Channel-music shortcut=null contentView=null vibrate=null sound=null defaults=0x0 flags=0x42 color=0x00000000 category=transport actions=4 vis=PRIVATE),1]
02-09 04:52:35.362 I/input_interaction( 1240): Interaction with: ba46e9b StatusBar (server), swipe-up (server), edge-swipe (server), PointerEventDispatcher0 (server),
02-09 04:52:35.370 I/sysui_multi_action( 2005): [757,803,799,panel_open,802,1]
02-09 04:52:35.373 I/sysui_multi_action( 2005): [757,1328,758,4,1326,27,1327,3,1329,0]
02-09 04:52:35.413 I/sysui_multi_action( 1240): [757,127,758,1]
02-09 04:52:35.413 I/sysui_multi_action( 1240): [757,804,799,note_load,801,4,802,1]
02-09 04:52:35.414 I/notification_panel_revealed( 1240): 4
02-09 04:52:35.425 I/input_focus( 1240): [Focus request 8e4c0d9 NotificationShade,reason=UpdateInputWindows]
02-09 04:52:35.434 I/sysui_multi_action( 1240): [757,128,758,1,793,1838355,794,0,795,1838355,796,26,798,0,806,android,857,DEVELOPER_IMPORTANT,858,4,947,0,1395,4,1500,1837962,1688,1]
02-09 04:52:35.434 I/sysui_multi_action( 1240): [757,804,799,note_freshness,801,1838355,802,1]
02-09 04:52:35.434 I/notification_visibility( 1240): [-1|android|26|null|1000,1,1838355,1838355,0,0]
02-09 04:52:35.434 I/sysui_multi_action( 1240): [757,128,758,1,793,1833465,794,0,795,1833465,796,17303299,797,com.android.wifi,798,2,806,android,857,NETWORK_AVAILABLE,858,2,947,0,1395,4,1500,1833265,1688,1]
02-09 04:52:35.434 I/sysui_multi_action( 1240): [757,804,799,note_freshness,801,1833465,802,1]
02-09 04:52:35.434 I/notification_visibility( 1240): [0|android|17303299|com.android.wifi|1000,1,1833465,1833465,0,2]
02-09 04:52:35.434 I/sysui_multi_action( 1240): [757,128,758,1,793,623806,794,0,795,623806,796,4273,798,1,806,com.android.systemui,857,screen_record,858,3,947,0,1395,4,1500,623604,1688,1,1745,680407814]
02-09 04:52:35.434 I/sysui_multi_action( 1240): [757,804,799,note_freshness,801,623806,802,1]
02-09 04:52:35.434 I/notification_visibility( 1240): [0|com.android.systemui|4273|null|10080,1,623806,623806,0,1]
02-09 04:52:35.435 I/sysui_multi_action( 1240): [757,128,758,1,793,1839143,794,0,795,1839143,796,32,798,3,806,android,857,USB,858,1,947,0,1395,4,1500,1839092,1688,1]
02-09 04:52:35.435 I/sysui_multi_action( 1240): [757,804,799,note_freshness,801,1839143,802,1]
02-09 04:52:35.435 I/notification_visibility( 1240): [-1|android|32|null|1000,1,1839143,1839143,0,3]
02-09 04:52:35.443 I/input_focus( 1240): [Focus leaving 406ae97 com.android.music/com.android.music.MusicBrowserActivity (server),reason=setFocusedWindow]
02-09 04:52:35.443 I/input_focus( 1240): [Focus entering 8e4c0d9 NotificationShade (server),reason=setFocusedWindow]
02-09 04:52:35.487 I/sysui_multi_action( 2005): [757,111,758,1]
02-09 04:52:35.487 I/sysui_multi_action( 2005): [757,126,758,1,759,126,927,0,928,1,1593,0]
02-09 04:52:35.488 I/sysui_multi_action( 2005): [757,113,758,1,759,113,927,1,928,1,1593,0]
02-09 04:52:35.488 I/sysui_multi_action( 2005): [757,0,758,1,759,0,927,2,928,0,1593,0]
02-09 04:52:35.488 I/sysui_multi_action( 2005): [757,0,758,1,759,0,927,3,928,0,1593,0]
02-09 04:52:35.488 I/sysui_multi_action( 2005): [757,491,758,1,759,491,927,4,928,0,1311,-1,1593,0]
02-09 04:52:35.488 I/sysui_multi_action( 2005): [757,0,758,1,759,0,927,5,928,0,1593,0]
02-09 04:52:35.489 I/sysui_multi_action( 2005): [757,111,758,1]
02-09 04:52:35.489 I/sysui_multi_action( 2005): [757,126,758,1,759,126,927,0,928,1,1593,0]
02-09 04:52:35.489 I/sysui_multi_action( 2005): [757,113,758,1,759,113,927,1,928,1,1593,0]
02-09 04:52:35.489 I/sysui_multi_action( 2005): [757,0,758,1,759,0,927,2,928,0,1593,0]
02-09 04:52:35.489 I/sysui_multi_action( 2005): [757,0,758,1,759,0,927,3,928,0,1593,0]
02-09 04:52:36.943 I/input_interaction( 1240): Interaction with: 8e4c0d9 NotificationShade (server), swipe-up (server), edge-swipe (server), PointerEventDispatcher0 (server),
02-09 04:52:37.185 I/notification_enqueue( 1240): [10088,6394,com.android.music,1,NULL,0,Notification(channel=Channel-music shortcut=null contentView=null vibrate=null sound=null defaults=0x0 flags=0x62 color=0x00000000 category=transport actions=4 vis=PRIVATE),1]
02-09 04:52:37.242 I/notification_enqueue( 1240): [10088,6394,com.android.music,1,NULL,0,Notification(channel=Channel-music shortcut=null contentView=null vibrate=null sound=null defaults=0x0 flags=0x2 color=0x00000000 category=transport actions=4 vis=PRIVATE),1]
02-09 04:52:37.443 I/sysui_multi_action( 1240): [757,1501,758,1,793,9709,794,0,795,202,796,1,806,com.android.music,857,Channel-music,858,2,947,0,1500,0,1641,transport,1688,1,1745,1043716538]
02-09 04:52:37.443 I/sysui_multi_action( 1240): [757,804,799,note_interruptive,801,0,802,1]
02-09 04:52:38.648 I/notification_enqueue( 1240): [10080,2005,com.android.systemui,2048,NULL,0,Notification(channel=updateNotification shortcut=null contentView=null vibrate=null sound=null defaults=0x0 flags=0x0 color=0x00000000 vis=PRIVATE),1]
