02-09 05:06:46.018 D/audio_hw_utils( 800): audio_extn_utils_compress_get_dsp_latency:: delay in ms is 50
02-09 05:06:46.019 I/GameMode_ActivityMonitoringService( 2082): onTaskStackChanged
02-09 05:06:46.022 I/GameMode_ActivityMonitoringService( 2082): Updating top task to: TaskInfoContainer [topActivity=ComponentInfo{com.android.gallery3d/com.android.gallery3d.app.MovieActivity}, taskId=102, stackId=102, userId=0, displayId=0, position=6
02-09 05:06:46.022 I/GameMode_ActivityMonitoringService( 2082): Notifying about top task: TaskInfoContainer [topActivity=ComponentInfo{com.android.gallery3d/com.android.gallery3d.app.MovieActivity}, taskId=102, stackId=102, userId=0, displayId=0, position=6
02-09 05:06:46.022 I/GameMode_ActivityMonitoringService( 2082): WindowMode: 5
02-09 05:06:46.024 I/EffectsFactory( 800): EffectCreate() create_effect
02-09 05:06:46.025 W/AudioFlinger( 989): moveEffectChain_l() effect chain for session 0 not on source thread 0xb4000074a19d9010
02-09 05:06:46.027 D/SurfaceUtils( 1283): disconnecting from surface 0xe7f03278, reason onConfigure
02-09 05:06:46.027 D/SurfaceUtils( 1283): connecting to surface 0xe7f03278, reason connectToSurface
02-09 05:06:46.028 I/MediaCodec( 1283): [OMX.qcom.video.decoder.avc] setting surface generation to 1313820
02-09 05:06:46.028 D/SurfaceUtils( 1283): disconnecting from surface 0xe7f03278, reason connectToSurface(reconnect)
02-09 05:06:46.028 D/SurfaceUtils( 1283): connecting to surface 0xe7f03278, reason connectToSurface(reconnect)
02-09 05:06:46.028 E/OMX-VDEC-1080P( 1301): Extension: OMX.google.android.index.storeANWBufferInMetadata not implemented
02-09 05:06:46.028 E/OMX-VDEC-1080P( 1301): Extension: OMX.google.android.index.configureVideoTunnelMode not implemented
02-09 05:06:46.028 E/OMX-VDEC-1080P( 1301): Extension: OMX.google.android.index.useAndroidNativeBuffer is supported
02-09 05:06:46.028 E/OMX-VDEC-1080P( 1301): get_parameter: unknown param 7f000046
02-09 05:06:46.028 E/OMXNodeInstance( 1301): getParameter(0xeccd0024:qcom.decoder.avc, ??(0x7f000046)) ERROR: UnsupportedIndex(0x8000101a)
02-09 05:06:46.029 E/OMX-VDEC-1080P( 1301): set_parameter: Error: 0x80001019, setting param 0x7f00005d
02-09 05:06:46.029 E/OMXNodeInstance( 1301): setParameter(0xeccd0024:qcom.decoder.avc, OMX.google.android.index.allocateNativeHandle(0x7f00005d): Output:1 en=0) ERROR: UnsupportedSetting(0x80001019)
02-09 05:06:46.029 E/OMX-VDEC-1080P( 1301): Extension: OMX.google.android.index.storeANWBufferInMetadata not implemented
02-09 05:06:46.029 E/OMX-VDEC-1080P( 1301): get_parameter: unknown param 6f600011
02-09 05:06:46.029 E/OMXNodeInstance( 1301): getParameter(0xeccd0024:qcom.decoder.avc, ??(0x6f600011)) ERROR: UnsupportedIndex(0x8000101a)
02-09 05:06:46.029 I/ExtendedACodec( 1283): setupVideoDecoder()
02-09 05:06:46.031 I/ExtendedACodec( 1283): Decoder will be in frame by frame mode
02-09 05:06:46.031 E/OMX-VDEC-1080P( 1301): Setparameter: unknown param 2130706434
02-09 05:06:46.031 E/OMX-VDEC-1080P( 1301): set_parameter: Error: 0x8000101a, setting param 0x7f000002
02-09 05:06:46.031 E/OMXNodeInstance( 1301): setParameter(0xeccd0024:qcom.decoder.avc, ??(0x7f000002)) ERROR: UnsupportedIndex(0x8000101a)
02-09 05:06:46.032 W/ExtendedACodec( 1283): Failed to set frame packing format on component
02-09 05:06:46.032 I/am_pss ( 1240): [6602,10095,com.tencent.qqmusicpad,72824832,40751104,0,177061888,0,4,8]
02-09 05:06:46.034 E/OMXNodeInstance( 1301): getConfig(0xeccd0024:qcom.decoder.avc, ??(0x7f000062)) ERROR: UnsupportedSetting(0x80001019)
02-09 05:06:46.038 I/MediaCodec( 1283): MediaCodec will operate in async mode
02-09 05:06:46.039 D/MediaCodec( 1283): keep callback message for reclaim
02-09 05:06:46.039 I/am_pss ( 1240): [6908,10095,com.tencent.qqmusicpad:QQPlayerService,39419904,16113664,0,124301312,0,4,6]
02-09 05:06:46.046 E/OMX-VDEC-1080P( 1301): Extension: OMX.google.android.index.AndroidNativeBufferConsumerUsage not implemented
02-09 05:06:46.047 D/SurfaceUtils( 1283): set up nativeWindow 0xe7f03278 for 704x480, color 0x7fa30c06, rotation 0, usage 0x20402900
02-09 05:06:46.050 W/ResourceManagerService( 1283): Ignoring request to add new resource entry with value <= 0
02-09 05:06:46.050 W/MediaCodec( 1283): mapFormat: no mediaType information
02-09 05:06:46.052 D/audio_hw_primary( 800): adev_create_audio_patch: enter: num sources 1, num_sinks 1, handle 0
02-09 05:06:46.052 D/audio_hw_primary( 800): adev_create_audio_patch: Playback patch from mix handle 253 to device 2
02-09 05:06:46.052 D/audio_hw_primary( 800): update_patch: enter
02-09 05:06:46.052 D/audio_hw_primary( 800): route_output_stream: enter: usecase(3: compress-offload-playback) devices 2
02-09 05:06:46.052 D/audio_hw_primary( 800): adev_create_audio_patch: Added a new patch with handle 27
02-09 05:06:46.053 D/audio_hw_utils( 800): audio_extn_utils_compress_get_dsp_latency:: Using Fix DSP delay
02-09 05:06:46.053 D/audio_hw_utils( 800): audio_extn_utils_compress_get_dsp_latency:: delay in ms is 50
02-09 05:06:46.056 D/audio_hw_primary( 800): copl(0xe6ad4fb0):calling compress flush
02-09 05:06:46.056 W/audio_hw_primary( 800): out_flush called in invalid state 0
02-09 05:06:46.056 D/audio_hw_primary( 800): copl(0xe6ad4fb0):out of compress flush
02-09 05:06:46.058 D/audio_hw_primary( 800): out_set_parameters: enter: usecase(3: compress-offload-playback) kvpairs: music_offload_avg_bit_rate=320000;music_offload_sample_rate=48000
02-09 05:06:46.059 I/NuPlayer( 1283): NOTE: Pausing Renderer after decoders instantiated..
02-09 05:06:46.061 I/snet_event_log( 1240): [172655291,-1,]
02-09 05:06:46.064 W/AudioIDCMicroNegotiator( 1240): idcm_warn: idcm control is not enable
02-09 05:06:46.064 D/Avrcp_ext( 1985): AudioManager Player: AudioPlaybackConfiguration piid:71 deviceId:0 type:android.media.SoundPool u/pid:10080/2005 state:idle attr:AudioAttributes: usage=USAGE_ASSISTANCE_SONIFICATION content=CONTENT_TYPE_SONIFICATION flags=0x800 tags= bundle=null sessionId:0
02-09 05:06:46.064 D/Avrcp_ext( 1985): AudioManager Player: AudioPlaybackConfiguration piid:87 deviceId:0 type:android.media.SoundPool u/pid:1000/2082 state:idle attr:AudioAttributes: usage=USAGE_ASSISTANCE_SONIFICATION content=CONTENT_TYPE_SONIFICATION flags=0x801 tags= bundle=null sessionId:0
02-09 05:06:46.064 D/Avrcp_ext( 1985): AudioManager Player: AudioPlaybackConfiguration piid:359 deviceId:3 type:android.media.MediaPlayer u/pid:10064/7070 state:started attr:AudioAttributes: usage=USAGE_MEDIA content=CONTENT_TYPE_MOVIE flags=0x800 tags= bundle=null sessionId:0
02-09 05:06:46.065 W/AudioFlinger( 989): moveEffectChain_l() effect chain for session 0 not on source thread 0xb4000073f19e4030
02-09 05:06:46.065 D/Avrcp_ext( 1985): AudioManager Player in started state: com.android.gallery3d
02-09 05:06:46.065 D/Avrcp_ext( 1985): AudioManager Active Player: com.android.gallery3d
02-09 05:06:46.065 D/Avrcp_ext( 1985): AudioManager Player: AudioPlaybackConfiguration piid:63 deviceId:0 type:android.media.SoundPool u/pid:1000/1240 state:idle attr:AudioAttributes: usage=USAGE_ASSISTANCE_SONIFICATION content=CONTENT_TYPE_SONIFICATION flags=0x800 tags= bundle=null sessionId:0
02-09 05:06:46.065 D/Avrcp_ext( 1985): AudioManager isPlaying: true, mAudioPlaybackIsActive = true
02-09 05:06:46.066 W/AudioIDCMicroNegotiator( 1240): idcm_warn: idcm control is not enable
02-09 05:06:46.069 E/OMXNodeInstance( 1301): getConfig(0xeccd0024:qcom.decoder.avc, ??(0x7f000062)) ERROR: UnsupportedSetting(0x80001019)
02-09 05:06:46.070 I/NuPlayerRenderer( 1283): Initializing video frame scheduler with 60.000000 fps
02-09 05:06:46.071 I/NuPlayerRenderer( 1283): NOTE: notifying video preroll complete
02-09 05:06:46.071 I/NuPlayerRenderer( 1283): NOTE: First video buffer, wait audio for a while due to audio start latency(50000us)
02-09 05:06:46.071 I/NuPlayer( 1283): NOTE: Video preroll complete.. resume renderer..
02-09 05:06:46.078 I/EffectsFactory( 800): EffectCreate() create_effect
02-09 05:06:46.079 W/AudioFlinger( 989): moveEffectChain_l() effect chain for session 0 not on source thread 0xb4000074a19d9010
02-09 05:06:46.081 D/audio_hw_primary( 800): copl(0xe6ad4fb0):calling compress flush
02-09 05:06:46.081 W/audio_hw_primary( 800): out_flush called in invalid state 0
02-09 05:06:46.081 D/audio_hw_primary( 800): copl(0xe6ad4fb0):out of compress flush
02-09 05:06:46.083 W/MediaClock( 1283): reject anchor time since it is negative.
02-09 05:06:46.090 W/AudioIDCMicroNegotiator( 1240): idcm_warn: idcm control is not enable
02-09 05:06:46.092 E/volume_listener( 800): check_and_set_gain_dep_cal: Failed to set gain dep cal level
02-09 05:06:46.092 D/audio_hw_primary( 800): out_set_volume: called with left_vol=0.123738, right_vol=0.123738
02-09 05:06:46.092 E/audio_hw_primary( 800): out_set_compr_volume:ctl for mixer cmd - Compress Playback 7 Volume, left 0.123738, right 0.123738
02-09 05:06:46.094 E/FMQ ( 800): grantorIdx must be less than 3
02-09 05:06:46.094 E/FMQ ( 800): grantorIdx must be less than 3
02-09 05:06:46.095 D/audio_hw_primary( 800): start_output_stream: enter: stream(0xe6ad4fb0)usecase(3: compress-offload-playback) devices(0x2) is_haptic_usecase(0)
02-09 05:06:46.095 D/audio_hw_primary( 800): select_devices for use case (compress-offload-playback)
02-09 05:06:46.095 I/msm8974_platform( 800): platform_check_and_set_codec_backend_cfg:becf: afe: bitwidth 16, samplerate 48000 channels 2, backend_idx 0 usecase = 3 device (speaker)
02-09 05:06:46.095 D/msm8974_platform( 800): platform_split_snd_device: snd_device(2) num devices(1) new_snd_devices(0)
02-09 05:06:46.095 I/msm8974_platform( 800): platform_check_and_set_codec_backend_cfg: new_snd_devices[0] is 2
02-09 05:06:46.095 I/msm8974_platform( 800): platform_check_codec_backend_cfg:becf: afe: bitwidth 16, samplerate 48000 channels 2, backend_idx 0 usecase = 3 device (speaker)
02-09 05:06:46.096 D/audio_hw_extn( 800): audio_extn_enable_hifi_filter: mixer_value set 0
02-09 05:06:46.096 D/msm8974_platform( 800): platform_check_codec_backend_cfg:becf: updated afe: bitwidth 16, samplerate 48000 channels 2,backend_idx 0 usecase = 3 device (speaker)
02-09 05:06:46.096 D/msm8974_platform( 800): platform_check_codec_backend_cfg:becf: afe: playback on codec device not supporting native playback set default Sample Rate(48k)
02-09 05:06:46.096 I/msm8974_platform( 800): platform_check_codec_backend_cfg:becf: afe: Codec selected backend: 0 updated bit width: 16 and sample rate: 48000
02-09 05:06:46.096 D/audio_hw_primary( 800): check_usecases_codec_backend:becf: force routing 0
02-09 05:06:46.096 E/msm8974_platform( 800): platform_check_backends_match: Invalid snd_device =
02-09 05:06:46.096 D/audio_hw_primary( 800): check_usecases_codec_backend:becf: (78) check_usecases curr device: speaker, usecase device: backends match 0
02-09 05:06:46.096 D/audio_hw_primary( 800): check_usecases_codec_backend:becf: check_usecases num.of Usecases to switch 0
02-09 05:06:46.096 D/hardware_info( 800): hw_info_append_hw_type : device_name = speaker
02-09 05:06:46.096 D/msm8974_platform( 800): platform_split_snd_device: snd_device(2) num devices(0) new_snd_devices(0)
02-09 05:06:46.096 D/audio_hw_primary( 800): enable_snd_device: snd_device(2: speaker)
02-09 05:06:46.096 D/msm8974_platform( 800): platform_get_island_cfg_on_device:island cfg status on snd_device = (speaker 0)
02-09 05:06:46.096 I/soundtrigger( 800): audio_extn_sound_trigger_update_device_status: device 0x2 of type 0 for Event 1, with Raise=0
02-09 05:06:46.096 D/audio_route( 800): Apply path: speaker
02-09 05:06:46.096 I/audio_hw_utils( 800): audio_extn_utils_update_stream_output_app_type_cfg Allowing 24 and above bits playback on speaker ONLY at default sampling rate
02-09 05:06:46.096 E/soundtrigger( 800): audio_extn_sound_trigger_update_stream_status: invalid input device 0x0, for event 3
02-09 05:06:46.096 D/soundtrigger( 800): audio_extn_sound_trigger_update_stream_status: uc_info->id 3 of type 0 for Event 3, with Raise=1
02-09 05:06:46.096 I/sound_trigger_platform( 800): platform_stdev_check_and_update_concurrency: Received STREAM event, event type 3, usecase type 0
02-09 05:06:46.096 D/sound_trigger_platform( 800): platform_stdev_get_capture_device: Device = 0x80000004
02-09 05:06:46.096 D/sound_trigger_platform( 800): platform_stdev_get_capture_device: Available device = 0x80000004
02-09 05:06:46.096 D/sound_trigger_platform( 800): platform_stdev_check_and_update_concurrency: dedicated path 1, reset backend 1, tx 0, rx 1, concurrency session allowed
02-09 05:06:46.096 D/audio_hw_utils( 800): audio_extn_utils_send_app_type_cfg: usecase->out_snd_device speaker
02-09 05:06:46.096 D/msm8974_platform( 800): platform_split_snd_device: snd_device(2) num devices(0) new_snd_devices(0)
02-09 05:06:46.096 D/audio_hw_utils( 800): audio_extn_btsco_get_sample_rate:Not a BT SCO device, need not update sampling rate
02-09 05:06:46.096 I/audio_hw_utils( 800): send_app_type_cfg_for_device PLAYBACK app_type 69936, acdb_dev_id 15, sample_rate 48000, snd_device_be_idx 179
02-09 05:06:46.096 D/msm8974_platform( 800): platform_split_snd_device: snd_device(2) num devices(1) new_snd_devices(0)
02-09 05:06:46.096 D/audio_hw_utils( 800): audio_extn_btsco_get_sample_rate:Not a BT SCO device, need not update sampling rate
02-09 05:06:46.096 D/ACDB-LOADER( 800): ACDB -> send_audio_cal, acdb_id = 15, path = 0, app id = 0x11130, sample rate = 48000, afe_sample_rate = 48000
02-09 05:06:46.096 D/ACDB-LOADER( 800): ACDB -> send_asm_topology
02-09 05:06:46.096 D/ACDB-LOADER( 800): ACDB -> ACDB_CMD_GET_AUDPROC_STREAM_TOPOLOGY_ID
02-09 05:06:46.096 D/ACDB-LOADER( 800): ACDB -> send_adm_topology
02-09 05:06:46.096 D/ACDB-LOADER( 800): ACDB -> ACDB_CMD_GET_AUDPROC_COMMON_TOPOLOGY_ID
02-09 05:06:46.096 D/ACDB-LOADER( 800): ACDB -> send_audtable
02-09 05:06:46.096 D/ACDB-LOADER( 800): ACDB -> ACDB_CMD_GET_AUDPROC_INSTANCE_COMMON_TABLE_SIZE
02-09 05:06:46.096 D/ACDB-LOADER( 800): ACDB -> ACDB_CMD_GET_AUDPROC_INSTANCE_COMMON_TABLE
02-09 05:06:46.096 D/ACDB-LOADER( 800): ACDB -> AUDIO_SET_AUDPROC_CAL cal_type[11] acdb_id[15] app_type[69936]
02-09 05:06:46.096 D/ACDB-LOADER( 800): ACDB -> send_audvoltable
02-09 05:06:46.096 D/ACDB-LOADER( 800): ACDB -> ACDB_CMD_GET_AUDPROC_INSTANCE_GAIN_DEP_STEP_TABLE_SIZE
02-09 05:06:46.096 D/ACDB-LOADER( 800): ACDB -> ACDB_CMD_GET_AUDPROC_INSTANCE_GAIN_DEP_STEP_TABLE, vol index 4
02-09 05:06:46.096 D/ACDB-LOADER( 800): ACDB -> AUDIO_SET_VOL_CAL cal type = 12
02-09 05:06:46.096 D/ACDB-LOADER( 800): ACDB -> ACDB_CMD_GET_AUDPROC_INSTANCE_STREAM_TABLE_SIZE
02-09 05:06:46.096 D/ACDB-LOADER( 800): ACDB -> send_audstrmtable
02-09 05:06:46.096 D/ACDB-LOADER( 800): ACDB -> ACDB_CMD_GET_AUDPROC_INSTANCE_STREAM_TABLE
02-09 05:06:46.096 D/ACDB-LOADER( 800): ACDB -> audstrm_cal->cal_type.cal_data.cal_size = 536
02-09 05:06:46.096 D/ACDB-LOADER( 800): ACDB -> send_afe_topology
02-09 05:06:46.096 D/ACDB-LOADER( 800): ACDB -> ACDB_CMD_GET_AFE_TOPOLOGY_ID
02-09 05:06:46.096 D/ACDB-LOADER( 800): ACDB -> GET_AFE_TOPOLOGY_ID for adcd_id 15, Topology Id 112fc
02-09 05:06:46.096 D/ACDB-LOADER( 800): ACDB -> send_afe_cal
02-09 05:06:46.096 D/ACDB-LOADER( 800): ACDB -> ACDB_CMD_GET_AFE_INSTANCE_COMMON_TABLE_SIZE
02-09 05:06:46.096 D/android.hardware.audio.service( 800): Failed to fetch the lookup information of the device 0000000F
02-09 05:06:46.096 D/ACDB-LOADER( 800): Error: ACDB_CMD_GET_AFE_INSTANCE_COMMON_TABLE_SIZE Returned = -19
02-09 05:06:46.096 D/ACDB-LOADER( 800): ACDB -> ACDB_CMD_GET_AFE_INSTANCE_COMMON_TABLE
02-09 05:06:46.096 D/android.hardware.audio.service( 800): Failed to fetch the lookup information of the device 0000000F
02-09 05:06:46.096 D/ACDB-LOADER( 800): Error: ACDB AFE returned = -19
02-09 05:06:46.096 D/ACDB-LOADER( 800): ACDB -> AUDIO_SET_AFE_CAL cal_type[16] acdb_id[15]
02-09 05:06:46.096 D/ACDB-LOADER( 800): ACDB -> send_hw_delay : acdb_id = 15 path = 0
02-09 05:06:46.097 D/ACDB-LOADER( 800): ACDB -> ACDB_AVSYNC_INFO: ACDB_CMD_GET_DEVICE_PROPERTY
02-09 05:06:46.097 D/msm8974_platform( 800): platform_split_snd_device: snd_device(2) num devices(0) new_snd_devices(0)
02-09 05:06:46.097 I/msm8974_platform( 800): platform_get_custom_mtmx_params: no matching param with id 0 ip_ch 2 op_ch 2 uc_id 3 snd_dev 2
02-09 05:06:46.097 D/audio_hw_primary( 800): enable_audio_route: apply mixer and update path: compress-offload-playback
02-09 05:06:46.097 D/audio_route( 800): Apply path: compress-offload-playback
02-09 05:06:46.097 D/audio_hw_primary( 800): select_devices: done
02-09 05:06:46.097 D/audio_hw_primary( 800): audio_enable_asm_bit_width_enforce_mode: DSP bitwidth feature is disabled.
01-04 09:35:21.441 I/afe_find_cal_topo_id_by_port( 0): port id: 0x9000, dev_acdb_id: 0
01-04 09:35:21.441 I/afe_find_cal_topo_id_by_port( 0): top_id:112fc acdb_id:15 afe_port:0x9000
01-04 09:35:21.441 I/afe_get_cal_topology_id( 0): port_id = 0x9000 acdb_id = 15 topology_id = 0x112fc cal_type_index=8 ret=0
01-04 09:35:21.442 I/afe_send_port_topology_id( 0): AFE set topology id 0x112fc enable for port 0x9000 ret 0
01-04 09:35:21.442 I/send_afe_cal_type( 0): cal_index is 0
01-04 09:35:21.442 I/send_afe_cal_type( 0): dev_acdb_id[55] is 0
01-04 09:35:21.442 I/send_afe_cal_type( 0): Sending cal_index cal 0
01-04 09:35:21.442 E/send_afe_cal_type( 0): No cal sent for cal_index 0, port_id = 0x9000! ret -22
01-04 09:35:21.442 I/afe_send_hw_delay( 0): port_id 0x9000 rate 48000 delay_usec 474 status 0
02-09 05:06:46.109 I/adsprpcd( 1321): vendor/qcom/proprietary/adsprpc/src/apps_std_imp.c:848: Successfully opened file /vendor/dsp/adsp/HeaacDecoderModule.so.1
02-09 05:06:46.109 W/hpplay-java( 2754): [main]:IPManager:getActiveNets invalid networkInfo:null
02-09 05:06:46.109 I/hpplay-java( 2754): [main]:IPManager:getActiveNets eth0:false wifi:false mobile:false ap:false
02-09 05:06:46.109 I/hpplay-java( 2754): [main]:ServerTaskManager:get local ip:null
02-09 05:06:46.129 D/audio_hw_utils( 800): audio_extn_utils_compress_set_render_mode:: render mode 0
02-09 05:06:46.129 D/audio_hw_utils( 800): audio_extn_utils_compress_set_clk_rec_mode:: clk recovery is only supported in STC render mode
02-09 05:06:46.129 D/offload_visualizer( 800): thread enter
02-09 05:06:46.130 D/audio_hw_primary( 800): start_output_stream: exit
02-09 05:06:46.130 D/audio_hw_primary( 800): out_write: retry previous failed cal level set
02-09 05:06:46.130 D/msm8974_platform( 800): platform_split_snd_device: snd_device(2) num devices(1) new_snd_devices(0)
02-09 05:06:46.130 D/audio_hw_primary( 800): copl(0xe6ad4fb0):send new gapless metadata
02-09 05:06:46.132 W/MediaPlayerNative( 7070): info/warning (3, 0)
02-09 05:06:46.133 E/OMX-VDEC-1080P( 1301): Extension: OMX.QTI.index.config.video.getdsmode not implemented
02-09 05:06:46.148 D/audio_hw_primary( 800): No space available in compress driver, post msg to cb thread
02-09 05:06:46.148 D/audio_hw_primary( 800): copl(0xe6ad4fb0):calling compress_wait
02-09 05:06:46.254 W/WindowManager( 1240): updateScale : 0.79357797
02-09 05:06:46.254 W/WindowManager( 1240): updateScale : 0.79357797
02-09 05:06:46.255 D/RemoteControlService( 2357): startVlanDispatchThread
02-09 05:06:46.475 I/mpu_uart( 645): [MSG-P:R]:recv sync frame timeout
02-09 05:06:46.781 D/audio_hw_primary( 800): copl(0xe6ad4fb0):out of compress_wait
02-09 05:06:46.784 D/audio_hw_primary( 800): No space available in compress driver, post msg to cb thread
02-09 05:06:46.784 D/audio_hw_primary( 800): copl(0xe6ad4fb0):calling compress_wait
02-09 05:06:46.785 I/GameModeConfig( 1240): isGameModeOn = false
02-09 05:06:46.789 I/mpu_uart( 645): [MSG-P:RECV]:No message received in 1000 ms
02-09 05:06:46.811 D/InterruptionStateProvider( 2005): No bubble up: not allowed to bubble: 0|com.android.systemui|4274|null|10080
02-09 05:06:46.811 D/InterruptionStateProvider( 2005): No alerting: filtered notification: 0|com.android.systemui|1|empty_media|10080
02-09 05:06:46.811 D/InterruptionStateProvider( 2005): No bubble up: not allowed to bubble: -1|android|26|null|1000
02-09 05:06:46.811 D/InterruptionStateProvider( 2005): No bubble up: not allowed to bubble: 0|com.android.systemui|2048|null|10080
02-09 05:06:46.811 D/InterruptionStateProvider( 2005): No bubble up: not allowed to bubble: 0|android|17303299|com.android.wifi|1000
02-09 05:06:46.812 D/InterruptionStateProvider( 2005): No bubble up: not allowed to bubble: 0|com.tencent.qqmusicpad|1|null|10095
02-09 05:06:46.812 D/InterruptionStateProvider( 2005): No bubble up: not allowed to bubble: -1|android|32|null|1000
02-09 05:06:46.825 W/View ( 2005): requestLayout() improperly called by android.widget.FrameLayout{1607d4e I.E...... ......ID 0,0-780,198 #2bc} during second layout pass: posting in next frame
02-09 05:06:46.825 W/View ( 2005): requestLayout() improperly called by com.android.systemui.statusbar.AlphaOptimizedImageView{bedb049 VFED..C.. ......ID 0,0-140,132} during second layout pass: posting in next frame
02-09 05:06:46.825 W/View ( 2005): requestLayout() improperly called by android.widget.FrameLayout{904d2d6 I.E...... ......ID 0,0-780,330 #2bc} during second layout pass: posting in next frame
02-09 05:06:46.825 W/View ( 2005): requestLayout() improperly called by com.android.systemui.statusbar.AlphaOptimizedImageView{a46de98 VFED..C.. ......ID 0,0-140,132} during second layout pass: posting in next frame
02-09 05:06:46.825 W/View ( 2005): requestLayout() improperly called by com.android.systemui.statusbar.AlphaOptimizedImageView{98f46f1 VFED..C.. ......ID 0,0-140,132} during second layout pass: posting in next frame
02-09 05:06:46.825 W/View ( 2005): requestLayout() improperly called by android.widget.FrameLayout{bc0edc1 I.E...... ......ID 0,0-780,198 #2bc} during second layout pass: posting in next frame
02-09 05:06:46.825 W/View ( 2005): requestLayout() improperly called by com.android.systemui.statusbar.AlphaOptimizedImageView{84e9ea8 VFED..C.. ......ID 0,0-140,84} during second layout pass: posting in next frame
02-09 05:06:46.840 W/View ( 2005): requestLayout() improperly called by android.widget.FrameLayout{1607d4e I.E...... ......ID 0,0-780,198 #2bc} during layout: running second layout pass
02-09 05:06:46.840 W/View ( 2005): requestLayout() improperly called by com.android.systemui.statusbar.AlphaOptimizedImageView{bedb049 VFED..C.. ......ID 0,0-140,132} during layout: running second layout pass
02-09 05:06:46.840 W/View ( 2005): requestLayout() improperly called by android.widget.FrameLayout{904d2d6 I.E...... ......ID 0,0-780,330 #2bc} during layout: running second layout pass
02-09 05:06:46.840 W/View ( 2005): requestLayout() improperly called by com.android.systemui.statusbar.AlphaOptimizedImageView{a46de98 VFED..C.. ......ID 0,0-140,132} during layout: running second layout pass
02-09 05:06:46.840 W/View ( 2005): requestLayout() improperly called by com.android.systemui.statusbar.AlphaOptimizedImageView{98f46f1 VFED..C.. ......ID 0,0-140,132} during layout: running second layout pass
02-09 05:06:46.840 W/View ( 2005): requestLayout() improperly called by android.widget.FrameLayout{bc0edc1 I.E...... ......ID 0,0-780,198 #2bc} during layout: running second layout pass
02-09 05:06:46.840 W/View ( 2005): requestLayout() improperly called by com.android.systemui.statusbar.AlphaOptimizedImageView{84e9ea8 VFED..C.. ......ID 0,0-140,84} during layout: running second layout pass
02-09 05:06:46.857 I/OMX-VENC: venc_dev( 1301): stats: avg. fps 52.91, bitrate 3100504
02-09 05:06:46.969 I/GameModeConfig( 1240): isGameModeOn = false
02-09 05:06:47.112 W/hpplay-java( 2754): [main]:IPManager:getActiveNets invalid networkInfo:null
02-09 05:06:47.112 I/hpplay-java( 2754): [main]:IPManager:getActiveNets eth0:false wifi:false mobile:false ap:false
02-09 05:06:47.112 I/hpplay-java( 2754): [main]:ServerTaskManager:get local ip:null
02-09 05:06:47.592 D/audio_hw_primary( 800): copl(0xe6ad4fb0):out of compress_wait
02-09 05:06:47.596 D/audio_hw_primary( 800): No space available in compress driver, post msg to cb thread
02-09 05:06:47.597 D/audio_hw_primary( 800): copl(0xe6ad4fb0):calling compress_wait
02-09 05:06:47.789 I/mpu_uart( 645): [MSG-P:RECV]:No message received in 1000 ms
02-09 05:06:47.837 W/View ( 2005): requestLayout() improperly called by android.widget.FrameLayout{1607d4e I.E...... ......ID 0,0-780,198 #2bc} during second layout pass: posting in next frame
02-09 05:06:47.838 W/View ( 2005): requestLayout() improperly called by com.android.systemui.statusbar.AlphaOptimizedImageView{bedb049 VFED..C.. ......ID 0,0-140,132} during second layout pass: posting in next frame
02-09 05:06:47.838 W/View ( 2005): requestLayout() improperly called by android.widget.FrameLayout{904d2d6 I.E...... ......ID 0,0-780,330 #2bc} during second layout pass: posting in next frame
02-09 05:06:47.838 W/View ( 2005): requestLayout() improperly called by com.android.systemui.statusbar.AlphaOptimizedImageView{a46de98 VFED..C.. ......ID 0,0-140,132} during second layout pass: posting in next frame
02-09 05:06:47.838 W/View ( 2005): requestLayout() improperly called by com.android.systemui.statusbar.AlphaOptimizedImageView{98f46f1 VFED..C.. ......ID 0,0-140,132} during second layout pass: posting in next frame
02-09 05:06:47.838 W/View ( 2005): requestLayout() improperly called by android.widget.FrameLayout{bc0edc1 I.E...... ......ID 0,0-780,198 #2bc} during second layout pass: posting in next frame
02-09 05:06:47.838 W/View ( 2005): requestLayout() improperly called by com.android.systemui.statusbar.AlphaOptimizedImageView{84e9ea8 VFED..C.. ......ID 0,0-140,84} during second layout pass: posting in next frame
02-09 05:06:47.860 W/View ( 2005): requestLayout() improperly called by android.widget.FrameLayout{1607d4e I.E...... ......ID 0,0-780,198 #2bc} during layout: running second layout pass
02-09 05:06:47.860 W/View ( 2005): requestLayout() improperly called by com.android.systemui.statusbar.AlphaOptimizedImageView{bedb049 VFED..C.. ......ID 0,0-140,132} during layout: running second layout pass
02-09 05:06:47.860 W/View ( 2005): requestLayout() improperly called by android.widget.FrameLayout{904d2d6 I.E...... ......ID 0,0-780,330 #2bc} during layout: running second layout pass
02-09 05:06:47.860 W/View ( 2005): requestLayout() improperly called by com.android.systemui.statusbar.AlphaOptimizedImageView{a46de98 VFED..C.. ......ID 0,0-140,132} during layout: running second layout pass
02-09 05:06:47.861 W/View ( 2005): requestLayout() improperly called by com.android.systemui.statusbar.AlphaOptimizedImageView{98f46f1 VFED..C.. ......ID 0,0-140,132} during layout: running second layout pass
02-09 05:06:47.861 W/View ( 2005): requestLayout() improperly called by android.widget.FrameLayout{bc0edc1 I.E...... ......ID 0,0-780,198 #2bc} during layout: running second layout pass
02-09 05:06:47.861 W/View ( 2005): requestLayout() improperly called by com.android.systemui.statusbar.AlphaOptimizedImageView{84e9ea8 VFED..C.. ......ID 0,0-140,84} during layout: running second layout pass
02-09 05:06:47.878 I/OMX-VENC: venc_dev( 1301): stats: avg. fps 42.15, bitrate 2647713
02-09 05:06:48.114 W/hpplay-java( 2754): [main]:IPManager:getActiveNets invalid networkInfo:null
02-09 05:06:48.114 I/hpplay-java( 2754): [main]:IPManager:getActiveNets eth0:false wifi:false mobile:false ap:false
02-09 05:06:48.114 I/hpplay-java( 2754): [main]:ServerTaskManager:get local ip:null
02-09 05:06:48.401 D/audio_hw_primary( 800): copl(0xe6ad4fb0):out of compress_wait
02-09 05:06:48.406 D/audio_hw_primary( 800): No space available in compress driver, post msg to cb thread
02-09 05:06:48.406 D/audio_hw_primary( 800): copl(0xe6ad4fb0):calling compress_wait
02-09 05:06:48.790 I/mpu_uart( 645): [MSG-P:RECV]:No message received in 1000 ms
02-09 05:06:48.842 W/View ( 2005): requestLayout() improperly called by android.widget.FrameLayout{1607d4e I.E...... ......ID 0,0-780,198 #2bc} during second layout pass: posting in next frame
02-09 05:06:48.843 W/View ( 2005): requestLayout() improperly called by com.android.systemui.statusbar.AlphaOptimizedImageView{bedb049 VFED..C.. ......ID 0,0-140,132} during second layout pass: posting in next frame
02-09 05:06:48.843 W/View ( 2005): requestLayout() improperly called by android.widget.FrameLayout{904d2d6 I.E...... ......ID 0,0-780,330 #2bc} during second layout pass: posting in next frame
02-09 05:06:48.843 W/View ( 2005): requestLayout() improperly called by com.android.systemui.statusbar.AlphaOptimizedImageView{a46de98 VFED..C.. ......ID 0,0-140,132} during second layout pass: posting in next frame
02-09 05:06:48.843 W/View ( 2005): requestLayout() improperly called by com.android.systemui.statusbar.AlphaOptimizedImageView{98f46f1 VFED..C.. ......ID 0,0-140,132} during second layout pass: posting in next frame
02-09 05:06:48.843 W/View ( 2005): requestLayout() improperly called by android.widget.FrameLayout{bc0edc1 I.E...... ......ID 0,0-780,198 #2bc} during second layout pass: posting in next frame
02-09 05:06:48.843 W/View ( 2005): requestLayout() improperly called by com.android.systemui.statusbar.AlphaOptimizedImageView{84e9ea8 VFED..C.. ......ID 0,0-140,84} during second layout pass: posting in next frame
02-09 05:06:48.860 W/View ( 2005): requestLayout() improperly called by android.widget.FrameLayout{1607d4e I.E...... ......ID 0,0-780,198 #2bc} during layout: running second layout pass
02-09 05:06:48.860 W/View ( 2005): requestLayout() improperly called by com.android.systemui.statusbar.AlphaOptimizedImageView{bedb049 VFED..C.. ......ID 0,0-140,132} during layout: running second layout pass
02-09 05:06:48.860 W/View ( 2005): requestLayout() improperly called by android.widget.FrameLayout{904d2d6 I.E...... ......ID 0,0-780,330 #2bc} during layout: running second layout pass
02-09 05:06:48.861 W/View ( 2005): requestLayout() improperly called by com.android.systemui.statusbar.AlphaOptimizedImageView{a46de98 VFED..C.. ......ID 0,0-140,132} during layout: running second layout pass
02-09 05:06:48.861 W/View ( 2005): requestLayout() improperly called by com.android.systemui.statusbar.AlphaOptimizedImageView{98f46f1 VFED..C.. ......ID 0,0-140,132} during layout: running second layout pass
02-09 05:06:48.861 W/View ( 2005): requestLayout() improperly called by android.widget.FrameLayout{bc0edc1 I.E...... ......ID 0,0-780,198 #2bc} during layout: running second layout pass
02-09 05:06:48.861 W/View ( 2005): requestLayout() improperly called by com.android.systemui.statusbar.AlphaOptimizedImageView{84e9ea8 VFED..C.. ......ID 0,0-140,84} during layout: running second layout pass
02-09 05:06:48.879 I/OMX-VENC: venc_dev( 1301): stats: avg. fps 44.93, bitrate 2631377
02-09 05:06:48.919 E/TaskPersister( 1240): File error accessing recents directory (directory doesn't exist?).
01-04 09:35:24.322 E/DTC_ETH,link_delay_work_func( 0): 3003, SQI=0, link=0
02-09 05:06:49.035 E/tlogd ( 1349): [TzLogger](isPathReadable) file /sys/kernel/debug/tzdbg/qsee_log isn't exist or no permission, err: No such file or directory
02-09 05:06:49.035 E/tlogd ( 1349): [TzLogger](saveTzlogAsync) /sys/kernel/debug/tzdbg/qsee_log can not read.
02-09 05:06:49.035 E/tlogd ( 1349): [TzLogger](isPathReadable) file /sys/kernel/debug/tzdbg/log isn't exist or no permission, err: No such file or directory
02-09 05:06:49.035 E/tlogd ( 1349): [TzLogger](saveTzlogAsync) /sys/kernel/debug/tzdbg/log can not read.
02-09 05:06:49.117 W/hpplay-java( 2754): [main]:IPManager:getActiveNets invalid networkInfo:null
02-09 05:06:49.117 I/hpplay-java( 2754): [main]:IPManager:getActiveNets eth0:false wifi:false mobile:false ap:false
02-09 05:06:49.117 I/hpplay-java( 2754): [main]:ServerTaskManager:get local ip:null
02-09 05:06:49.231 D/audio_hw_primary( 800): copl(0xe6ad4fb0):out of compress_wait
02-09 05:06:49.236 D/audio_hw_primary( 800): No space available in compress driver, post msg to cb thread
02-09 05:06:49.236 D/audio_hw_primary( 800): copl(0xe6ad4fb0):calling compress_wait
02-09 05:06:49.478 I/mpu_uart( 645): [MSG-P:R]:recv sync frame timeout
02-09 05:06:49.727 I/input_interaction( 1240): Interaction with: 2c43de5 com.android.gallery3d/com.android.gallery3d.app.MovieActivity (server), swipe-up (server), edge-swipe (server), PointerEventDispatcher0 (server),
02-09 05:06:49.790 I/mpu_uart( 645): [MSG-P:RECV]:No message received in 1000 ms
02-09 05:06:49.832 W/View ( 2005): requestLayout() improperly called by android.widget.FrameLayout{1607d4e I.E...... ......ID 0,0-780,198 #2bc} during second layout pass: posting in next frame
02-09 05:06:49.832 W/View ( 2005): requestLayout() improperly called by com.android.systemui.statusbar.AlphaOptimizedImageView{bedb049 VFED..C.. ......ID 0,0-140,132} during second layout pass: posting in next frame
02-09 05:06:49.832 W/View ( 2005): requestLayout() improperly called by android.widget.FrameLayout{904d2d6 I.E...... ......ID 0,0-780,330 #2bc} during second layout pass: posting in next frame
02-09 05:06:49.833 W/View ( 2005): requestLayout() improperly called by com.android.systemui.statusbar.AlphaOptimizedImageView{a46de98 VFED..C.. ......ID 0,0-140,132} during second layout pass: posting in next frame
02-09 05:06:49.833 W/View ( 2005): requestLayout() improperly called by com.android.systemui.statusbar.AlphaOptimizedImageView{98f46f1 VFED..C.. ......ID 0,0-140,132} during second layout pass: posting in next frame
02-09 05:06:49.833 W/View ( 2005): requestLayout() improperly called by android.widget.FrameLayout{bc0edc1 I.E...... ......ID 0,0-780,198 #2bc} during second layout pass: posting in next frame
02-09 05:06:49.833 W/View ( 2005): requestLayout() improperly called by com.android.systemui.statusbar.AlphaOptimizedImageView{84e9ea8 VFED..C.. ......ID 0,0-140,84} during second layout pass: posting in next frame
02-09 05:06:49.845 W/View ( 2005): requestLayout() improperly called by android.widget.FrameLayout{1607d4e I.E...... ......ID 0,0-780,198 #2bc} during layout: running second layout pass
02-09 05:06:49.845 W/View ( 2005): requestLayout() improperly called by com.android.systemui.statusbar.AlphaOptimizedImageView{bedb049 VFED..C.. ......ID 0,0-140,132} during layout: running second layout pass
02-09 05:06:49.845 W/View ( 2005): requestLayout() improperly called by android.widget.FrameLayout{904d2d6 I.E...... ......ID 0,0-780,330 #2bc} during layout: running second layout pass
02-09 05:06:49.845 W/View ( 2005): requestLayout() improperly called by com.android.systemui.statusbar.AlphaOptimizedImageView{a46de98 VFED..C.. ......ID 0,0-140,132} during layout: running second layout pass
02-09 05:06:49.845 W/View ( 2005): requestLayout() improperly called by com.android.systemui.statusbar.AlphaOptimizedImageView{98f46f1 VFED..C.. ......ID 0,0-140,132} during layout: running second layout pass
02-09 05:06:49.845 W/View ( 2005): requestLayout() improperly called by android.widget.FrameLayout{bc0edc1 I.E...... ......ID 0,0-780,198 #2bc} during layout: running second layout pass
02-09 05:06:49.845 W/View ( 2005): requestLayout() improperly called by com.android.systemui.statusbar.AlphaOptimizedImageView{84e9ea8 VFED..C.. ......ID 0,0-140,84} during layout: running second layout pass
02-09 05:06:49.879 I/ActivityTaskManager( 1240): clear resize flag in freeform mode
02-09 05:06:49.880 I/ActivityTaskManager( 1240): clear resize flag in freeform mode
02-09 05:06:49.881 W/WindowManager( 1240): updateScale : 0.7262997
02-09 05:06:49.881 W/WindowManager( 1240): updateScale : 0.7262997
02-09 05:06:49.882 I/OMX-VENC: venc_dev( 1301): stats: avg. fps 43.86, bitrate 2848059
02-09 05:06:49.893 W/WindowManager( 1240): updateScale : 0.7262997
02-09 05:06:49.893 W/WindowManager( 1240): updateScale : 0.7262997
02-09 05:06:49.898 I/ActivityTaskManager( 1240): clear resize flag in freeform mode
02-09 05:06:49.898 I/ActivityTaskManager( 1240): clear resize flag in freeform mode
02-09 05:06:49.899 W/WindowManager( 1240): updateScale : 0.6712538
02-09 05:06:49.899 W/WindowManager( 1240): updateScale : 0.6712538
02-09 05:06:49.909 W/WindowManager( 1240): updateScale : 0.6712538
02-09 05:06:49.909 W/WindowManager( 1240): updateScale : 0.6712538
02-09 05:06:49.913 I/ActivityTaskManager( 1240): clear resize flag in freeform mode
02-09 05:06:49.913 I/ActivityTaskManager( 1240): clear resize flag in freeform mode
02-09 05:06:49.914 W/WindowManager( 1240): updateScale : 0.62538224
02-09 05:06:49.914 W/WindowManager( 1240): updateScale : 0.62538224
02-09 05:06:49.920 W/WindowManager( 1240): updateScale : 0.62538224
02-09 05:06:49.920 W/WindowManager( 1240): updateScale : 0.62538224
02-09 05:06:49.926 W/WindowManager( 1240): updateScale : 0.62538224
02-09 05:06:49.926 W/WindowManager( 1240): updateScale : 0.62538224
02-09 05:06:49.929 I/ActivityTaskManager( 1240): clear resize flag in freeform mode
02-09 05:06:49.929 I/ActivityTaskManager( 1240): clear resize flag in freeform mode
02-09 05:06:49.929 W/WindowManager( 1240): updateScale : 0.5902141
02-09 05:06:49.929 W/WindowManager( 1240): updateScale : 0.5902141
02-09 05:06:49.941 W/WindowManager( 1240): updateScale : 0.5902141
02-09 05:06:49.941 W/WindowManager( 1240): updateScale : 0.5902141
02-09 05:06:49.946 I/ActivityTaskManager( 1240): clear resize flag in freeform mode
02-09 05:06:49.946 I/ActivityTaskManager( 1240): clear resize flag in freeform mode
02-09 05:06:49.947 W/WindowManager( 1240): updateScale : 0.559633
02-09 05:06:49.947 W/WindowManager( 1240): updateScale : 0.559633
02-09 05:06:49.949 W/WindowManager( 1240): updateScale : 0.559633
02-09 05:06:49.949 W/WindowManager( 1240): updateScale : 0.559633
02-09 05:06:49.951 W/WindowManager( 1240): updateScale : 0.559633
02-09 05:06:49.951 W/WindowManager( 1240): updateScale : 0.559633
02-09 05:06:49.957 W/WindowManager( 1240): updateScale : 0.559633
02-09 05:06:49.957 W/WindowManager( 1240): updateScale : 0.559633
02-09 05:06:49.963 I/ActivityTaskManager( 1240): clear resize flag in freeform mode
02-09 05:06:49.963 I/ActivityTaskManager( 1240): clear resize flag in freeform mode
02-09 05:06:49.963 W/WindowManager( 1240): updateScale : 0.53363913
02-09 05:06:49.963 W/WindowManager( 1240): updateScale : 0.53363913
02-09 05:06:49.967 W/WindowManager( 1240): updateScale : 0.53363913
02-09 05:06:49.967 W/WindowManager( 1240): updateScale : 0.53363913
02-09 05:06:49.969 W/WindowManager( 1240): updateScale : 0.53363913
02-09 05:06:49.970 W/WindowManager( 1240): updateScale : 0.53363913
02-09 05:06:49.974 W/WindowManager( 1240): updateScale : 0.53363913
02-09 05:06:49.974 W/WindowManager( 1240): updateScale : 0.53363913
02-09 05:06:49.979 I/ActivityTaskManager( 1240): clear resize flag in freeform mode
02-09 05:06:49.980 I/ActivityTaskManager( 1240): clear resize flag in freeform mode
02-09 05:06:49.980 W/WindowManager( 1240): updateScale : 0.5152905
02-09 05:06:49.980 W/WindowManager( 1240): updateScale : 0.5152905
02-09 05:06:49.984 W/WindowManager( 1240): updateScale : 0.5152905
02-09 05:06:49.984 W/WindowManager( 1240): updateScale : 0.5152905
02-09 05:06:49.985 W/WindowManager( 1240): updateScale : 0.5152905
02-09 05:06:49.985 W/WindowManager( 1240): updateScale : 0.5152905
02-09 05:06:49.991 W/WindowManager( 1240): updateScale : 0.5152905
02-09 05:06:49.991 W/WindowManager( 1240): updateScale : 0.5152905
02-09 05:06:49.996 I/ActivityTaskManager( 1240): clear resize flag in freeform mode
02-09 05:06:49.996 I/ActivityTaskManager( 1240): clear resize flag in freeform mode
02-09 05:06:49.997 W/WindowManager( 1240): updateScale : 0.49847096
02-09 05:06:49.997 W/WindowManager( 1240): updateScale : 0.49847096
02-09 05:06:50.000 W/WindowManager( 1240): updateScale : 0.49847096
02-09 05:06:50.000 W/WindowManager( 1240): updateScale : 0.49847096
02-09 05:06:50.001 W/WindowManager( 1240): updateScale : 0.49847096
02-09 05:06:50.001 W/WindowManager( 1240): updateScale : 0.49847096
02-09 05:06:50.007 W/WindowManager( 1240): updateScale : 0.49847096
02-09 05:06:50.007 W/WindowManager( 1240): updateScale : 0.49847096
02-09 05:06:50.013 I/ActivityTaskManager( 1240): clear resize flag in freeform mode
02-09 05:06:50.013 I/ActivityTaskManager( 1240): clear resize flag in freeform mode
02-09 05:06:50.013 W/WindowManager( 1240): updateScale : 0.48623854
02-09 05:06:50.013 W/WindowManager( 1240): updateScale : 0.48623854
02-09 05:06:50.017 W/WindowManager( 1240): updateScale : 0.48623854
02-09 05:06:50.017 W/WindowManager( 1240): updateScale : 0.48623854
02-09 05:06:50.018 W/WindowManager( 1240): updateScale : 0.48623854
02-09 05:06:50.018 W/WindowManager( 1240): updateScale : 0.48623854
02-09 05:06:50.024 W/WindowManager( 1240): updateScale : 0.48623854
02-09 05:06:50.024 W/WindowManager( 1240): updateScale : 0.48623854
02-09 05:06:50.030 I/ActivityTaskManager( 1240): clear resize flag in freeform mode
02-09 05:06:50.030 I/ActivityTaskManager( 1240): clear resize flag in freeform mode
02-09 05:06:50.030 W/WindowManager( 1240): updateScale : 0.47706422
02-09 05:06:50.030 W/WindowManager( 1240): updateScale : 0.47706422
02-09 05:06:50.033 W/WindowManager( 1240): updateScale : 0.47706422
02-09 05:06:50.033 W/WindowManager( 1240): updateScale : 0.47706422
02-09 05:06:50.034 W/WindowManager( 1240): updateScale : 0.47706422
02-09 05:06:50.034 W/WindowManager( 1240): updateScale : 0.47706422
02-09 05:06:50.041 D/audio_hw_primary( 800): copl(0xe6ad4fb0):out of compress_wait
02-09 05:06:50.041 W/WindowManager( 1240): updateScale : 0.47706422
02-09 05:06:50.041 W/WindowManager( 1240): updateScale : 0.47706422
02-09 05:06:50.043 D/audio_hw_primary( 800): No space available in compress driver, post msg to cb thread
02-09 05:06:50.043 D/audio_hw_primary( 800): copl(0xe6ad4fb0):calling compress_wait
02-09 05:06:50.047 I/ActivityTaskManager( 1240): clear resize flag in freeform mode
02-09 05:06:50.047 I/ActivityTaskManager( 1240): clear resize flag in freeform mode
02-09 05:06:50.047 W/WindowManager( 1240): updateScale : 0.470948
02-09 05:06:50.048 W/WindowManager( 1240): updateScale : 0.470948
02-09 05:06:50.058 W/WindowManager( 1240): updateScale : 0.470948
02-09 05:06:50.058 W/WindowManager( 1240): updateScale : 0.470948
02-09 05:06:50.060 W/WindowManager( 1240): updateScale : 0.470948
02-09 05:06:50.060 W/WindowManager( 1240): updateScale : 0.470948
02-09 05:06:50.062 W/WindowManager( 1240): updateScale : 0.470948
02-09 05:06:50.062 W/WindowManager( 1240): updateScale : 0.470948
02-09 05:06:50.064 I/ActivityTaskManager( 1240): clear resize flag in freeform mode
02-09 05:06:50.065 I/ActivityTaskManager( 1240): clear resize flag in freeform mode
02-09 05:06:50.065 W/WindowManager( 1240): updateScale : 0.4648318
02-09 05:06:50.065 W/WindowManager( 1240): updateScale : 0.4648318
02-09 05:06:50.074 W/WindowManager( 1240): updateScale : 0.4648318
02-09 05:06:50.074 W/WindowManager( 1240): updateScale : 0.4648318
02-09 05:06:50.077 W/WindowManager( 1240): updateScale : 0.4648318
02-09 05:06:50.077 W/WindowManager( 1240): updateScale : 0.4648318
02-09 05:06:50.079 W/WindowManager( 1240): updateScale : 0.4617737
02-09 05:06:50.079 W/WindowManager( 1240): updateScale : 0.4617737
02-09 05:06:50.083 I/ActivityTaskManager( 1240): clear resize flag in freeform mode
02-09 05:06:50.083 I/ActivityTaskManager( 1240): clear resize flag in freeform mode
02-09 05:06:50.084 W/WindowManager( 1240): updateScale : 0.4617737
02-09 05:06:50.084 W/WindowManager( 1240): updateScale : 0.4617737
02-09 05:06:50.091 W/WindowManager( 1240): updateScale : 0.4617737
02-09 05:06:50.091 W/WindowManager( 1240): updateScale : 0.4617737
02-09 05:06:50.097 I/ActivityTaskManager( 1240): clear resize flag in freeform mode
02-09 05:06:50.097 I/ActivityTaskManager( 1240): clear resize flag in freeform mode
02-09 05:06:50.098 W/WindowManager( 1240): updateScale : 0.4587156
02-09 05:06:50.098 W/WindowManager( 1240): updateScale : 0.4587156
02-09 05:06:50.100 W/WindowManager( 1240): updateScale : 0.4587156
02-09 05:06:50.100 W/WindowManager( 1240): updateScale : 0.4587156
02-09 05:06:50.108 W/WindowManager( 1240): updateScale : 0.4587156
02-09 05:06:50.108 W/WindowManager( 1240): updateScale : 0.4587156
02-09 05:06:50.114 I/ActivityTaskManager( 1240): clear resize flag in freeform mode
02-09 05:06:50.114 I/ActivityTaskManager( 1240): clear resize flag in freeform mode
02-09 05:06:50.114 W/WindowManager( 1240): updateScale : 0.45718655
02-09 05:06:50.115 W/WindowManager( 1240): updateScale : 0.45718655
02-09 05:06:50.117 W/WindowManager( 1240): updateScale : 0.45718655
02-09 05:06:50.117 W/WindowManager( 1240): updateScale : 0.45718655
02-09 05:06:50.119 W/hpplay-java( 2754): [main]:IPManager:getActiveNets invalid networkInfo:null
02-09 05:06:50.119 I/hpplay-java( 2754): [main]:IPManager:getActiveNets eth0:false wifi:false mobile:false ap:false
02-09 05:06:50.119 I/hpplay-java( 2754): [main]:ServerTaskManager:get local ip:null
02-09 05:06:50.125 W/WindowManager( 1240): updateScale : 0.45718655
02-09 05:06:50.125 W/WindowManager( 1240): updateScale : 0.45718655
02-09 05:06:50.126 W/WindowManager( 1240): updateScale : 0.45718655
02-09 05:06:50.126 W/WindowManager( 1240): updateScale : 0.45718655
02-09 05:06:50.131 I/ActivityTaskManager( 1240): clear resize flag in freeform mode
02-09 05:06:50.131 I/ActivityTaskManager( 1240): clear resize flag in freeform mode
02-09 05:06:50.131 W/WindowManager( 1240): updateScale : 0.45565748
02-09 05:06:50.131 W/WindowManager( 1240): updateScale : 0.45565748
02-09 05:06:50.139 W/WindowManager( 1240): updateScale : 0.45565748
02-09 05:06:50.139 W/WindowManager( 1240): updateScale : 0.45565748
02-09 05:06:50.141 W/WindowManager( 1240): updateScale : 0.45565748
02-09 05:06:50.141 W/WindowManager( 1240): updateScale : 0.45565748
02-09 05:06:50.147 I/ActivityTaskManager( 1240): clear resize flag in freeform mode
02-09 05:06:50.147 I/ActivityTaskManager( 1240): clear resize flag in freeform mode
02-09 05:06:50.148 W/WindowManager( 1240): updateScale : 0.45565748
02-09 05:06:50.148 W/WindowManager( 1240): updateScale : 0.45565748
02-09 05:06:50.158 W/WindowManager( 1240): updateScale : 0.45565748
02-09 05:06:50.158 W/WindowManager( 1240): updateScale : 0.45565748
02-09 05:06:50.160 W/WindowManager( 1240): updateScale : 0.45565748
02-09 05:06:50.160 W/WindowManager( 1240): updateScale : 0.45565748
02-09 05:06:50.172 W/WindowManager( 1240): updateScale : 0.45565748
02-09 05:06:50.172 W/WindowManager( 1240): updateScale : 0.45565748
02-09 05:06:50.175 W/WindowManager( 1240): updateScale : 0.45565748
02-09 05:06:50.175 W/WindowManager( 1240): updateScale : 0.45565748
02-09 05:06:50.177 W/WindowManager( 1240): updateScale : 0.45565748
02-09 05:06:50.177 W/WindowManager( 1240): updateScale : 0.45565748
02-09 05:06:50.184 W/WindowManager( 1240): updateScale : 0.45565748
02-09 05:06:50.184 W/WindowManager( 1240): updateScale : 0.45565748
02-09 05:06:50.791 I/mpu_uart( 645): [MSG-P:RECV]:No message received in 1000 ms
02-09 05:06:50.845 W/View ( 2005): requestLayout() improperly called by android.widget.FrameLayout{1607d4e I.E...... ......ID 0,0-780,198 #2bc} during second layout pass: posting in next frame
02-09 05:06:50.846 W/View ( 2005): requestLayout() improperly called by com.android.systemui.statusbar.AlphaOptimizedImageView{bedb049 VFED..C.. ......ID 0,0-140,132} during second layout pass: posting in next frame
02-09 05:06:50.846 W/View ( 2005): requestLayout() improperly called by android.widget.FrameLayout{904d2d6 I.E...... ......ID 0,0-780,330 #2bc} during second layout pass: posting in next frame
02-09 05:06:50.846 W/View ( 2005): requestLayout() improperly called by com.android.systemui.statusbar.AlphaOptimizedImageView{a46de98 VFED..C.. ......ID 0,0-140,132} during second layout pass: posting in next frame
02-09 05:06:50.846 W/View ( 2005): requestLayout() improperly called by com.android.systemui.statusbar.AlphaOptimizedImageView{98f46f1 VFED..C.. ......ID 0,0-140,132} during second layout pass: posting in next frame
02-09 05:06:50.846 W/View ( 2005): requestLayout() improperly called by android.widget.FrameLayout{bc0edc1 I.E...... ......ID 0,0-780,198 #2bc} during second layout pass: posting in next frame
02-09 05:06:50.846 W/View ( 2005): requestLayout() improperly called by com.android.systemui.statusbar.AlphaOptimizedImageView{84e9ea8 VFED..C.. ......ID 0,0-140,84} during second layout pass: posting in next frame
02-09 05:06:50.869 W/View ( 2005): requestLayout() improperly called by android.widget.FrameLayout{1607d4e I.E...... ......ID 0,0-780,198 #2bc} during layout: running second layout pass
02-09 05:06:50.869 W/View ( 2005): requestLayout() improperly called by com.android.systemui.statusbar.AlphaOptimizedImageView{bedb049 VFED..C.. ......ID 0,0-140,132} during layout: running second layout pass
02-09 05:06:50.869 W/View ( 2005): requestLayout() improperly called by android.widget.FrameLayout{904d2d6 I.E...... ......ID 0,0-780,330 #2bc} during layout: running second layout pass
02-09 05:06:50.869 W/View ( 2005): requestLayout() improperly called by com.android.systemui.statusbar.AlphaOptimizedImageView{a46de98 VFED..C.. ......ID 0,0-140,132} during layout: running second layout pass
02-09 05:06:50.869 W/View ( 2005): requestLayout() improperly called by com.android.systemui.statusbar.AlphaOptimizedImageView{98f46f1 VFED..C.. ......ID 0,0-140,132} during layout: running second layout pass
02-09 05:06:50.869 W/View ( 2005): requestLayout() improperly called by android.widget.FrameLayout{bc0edc1 I.E...... ......ID 0,0-780,198 #2bc} during layout: running second layout pass
02-09 05:06:50.869 W/View ( 2005): requestLayout() improperly called by com.android.systemui.statusbar.AlphaOptimizedImageView{84e9ea8 VFED..C.. ......ID 0,0-140,84} during layout: running second layout pass
02-09 05:06:50.874 D/audio_hw_primary( 800): copl(0xe6ad4fb0):out of compress_wait
02-09 05:06:50.878 D/audio_hw_primary( 800): No space available in compress driver, post msg to cb thread
02-09 05:06:50.878 D/audio_hw_primary( 800): copl(0xe6ad4fb0):calling compress_wait
