02-09 04:26:43.272 I/wm_on_top_resumed_lost_called( 2573): [208887896,com.android.launcher3.uioverrides.QuickstepLauncher,topStateChangedWhenResumed]
02-09 04:26:43.289 I/wm_on_restart_called( 3921): [208999710,com.android.gallery3d.app.GalleryActivity,performRestartActivity]
02-09 04:26:43.290 I/wm_on_start_called( 3921): [208999710,com.android.gallery3d.app.GalleryActivity,handleStartActivity]
02-09 04:26:43.294 I/wm_on_resume_called( 3921): [208999710,com.android.gallery3d.app.GalleryActivity,RESUME_ACTIVITY]
02-09 04:26:43.294 I/wm_on_top_resumed_gained_called( 3921): [208999710,com.android.gallery3d.app.GalleryActivity,topStateChangedWhenResumed]
02-09 04:26:43.302 I/input_focus( 1240): [Focus request 1df83e5 com.android.gallery3d/com.android.gallery3d.app.GalleryActivity,reason=UpdateInputWindows]
02-09 04:26:43.328 I/input_focus( 1240): [Focus leaving f598cb0 com.android.launcher3/com.android.launcher3.uioverrides.QuickstepLauncher (server),reason=Waiting for window because NOT_VISIBLE]
02-09 04:26:43.329 I/sysui_multi_action( 1240): [319,71,322,70,325,298,757,761,758,9,759,2,806,com.android.gallery3d,871,com.android.gallery3d.app.GalleryActivity,904,com.android.launcher3,905,0,1320,4,1321,1]
02-09 04:26:43.344 I/input_focus( 1240): [Focus entering 1df83e5 com.android.gallery3d/com.android.gallery3d.app.GalleryActivity (server),reason=Window became focusable. Previous reason: NOT_VISIBLE]
02-09 04:26:46.770 I/wm_task_moved( 1240): [62,1,7]
02-09 04:26:46.770 I/wm_task_to_front( 1240): [0,62]
02-09 04:26:46.771 I/wm_focused_root_task( 1240): [0,0,62,72,bringingFoundTaskToFront]
02-09 04:26:46.771 I/wm_on_top_resumed_lost_called( 3921): [208999710,com.android.gallery3d.app.GalleryActivity,topStateChangedWhenResumed]
02-09 04:26:46.773 I/wm_set_resumed_activity( 1240): [0,com.android.settings/.Settings,bringingFoundTaskToFront]
02-09 04:26:46.774 I/wm_new_intent( 1240): [0,171931013,62,com.android.settings/.Settings,android.intent.action.MAIN,NULL,NULL,270532608]
02-09 04:26:46.776 I/wm_pause_activity( 1240): [0,208887896,com.android.launcher3/.uioverrides.QuickstepLauncher,userLeaving=true,pauseBackTasks]
02-09 04:26:46.784 I/wm_on_paused_called( 2573): [208887896,com.android.launcher3.uioverrides.QuickstepLauncher,performPause]
02-09 04:26:46.790 I/wm_set_resumed_activity( 1240): [0,com.android.settings/.Settings,resumeTopActivityInnerLocked]
02-09 04:26:46.790 I/wm_add_to_stopping( 1240): [0,208887896,com.android.launcher3/.uioverrides.QuickstepLauncher,makeInvisible]
02-09 04:26:46.793 I/service_manager_stats( 1240): [100,55,43817]
02-09 04:26:46.794 I/wm_resume_activity( 1240): [0,171931013,62,com.android.settings/.Settings]
02-09 04:26:46.800 I/wm_on_restart_called( 2418): [171931013,com.android.settings.Settings,performRestartActivity]
02-09 04:26:46.800 I/sysui_multi_action( 1240): [757,803,799,window_time_0,802,11]
02-09 04:26:46.802 I/wm_on_start_called( 2418): [171931013,com.android.settings.Settings,handleStartActivity]
02-09 04:26:46.803 I/snet_event_log( 2418): [120484087,-1,]
02-09 04:26:46.803 I/wm_on_resume_called( 2418): [171931013,com.android.settings.Settings,RESUME_ACTIVITY]
02-09 04:26:46.803 I/sysui_multi_action( 2418): [757,340,758,1,833,0,1089,0]
02-09 04:26:46.804 I/sysui_multi_action( 2418): [757,35,758,1,833,0,1089,0]
02-09 04:26:46.805 I/wm_on_top_resumed_gained_called( 2418): [171931013,com.android.settings.Settings,topWhenResuming]
02-09 04:26:46.821 I/input_focus( 1240): [Focus request 60be15f com.android.settings/com.android.settings.Settings,reason=UpdateInputWindows]
02-09 04:26:46.837 I/input_focus( 1240): [Focus leaving 1df83e5 com.android.gallery3d/com.android.gallery3d.app.GalleryActivity (server),reason=setFocusedWindow]
02-09 04:26:46.837 I/input_focus( 1240): [Focus entering 60be15f com.android.settings/com.android.settings.Settings (server),reason=setFocusedWindow]
02-09 04:26:46.844 I/sysui_multi_action( 1240): [319,38,321,36,322,61,325,302,757,761,758,9,759,4,806,com.android.settings,871,com.android.settings.Settings,904,com.android.launcher3,905,0,1320,4,1321,1]
02-09 04:26:47.345 I/wm_stop_activity( 1240): [0,208887896,com.android.launcher3/.uioverrides.QuickstepLauncher]
02-09 04:26:47.366 I/wm_on_stop_called( 2573): [208887896,com.android.launcher3.uioverrides.QuickstepLauncher,STOP_ACTIVITY_ITEM]
02-09 04:26:48.394 I/input_interaction( 1240): Interaction with: 60be15f com.android.settings/com.android.settings.Settings (server), swipe-up (server), edge-swipe (server), PointerEventDispatcher0 (server),
02-09 04:26:48.654 I/configuration_changed( 1240): 1073741824
02-09 04:26:48.691 I/wm_relaunch_resume_activity( 1240): [0,171931013,62,com.android.settings/.Settings]
02-09 04:26:48.691 I/wm_relaunch_activity( 1240): [0,208999710,72,com.android.gallery3d/.app.GalleryActivity]
02-09 04:26:48.691 I/wm_on_top_resumed_lost_called( 2418): [171931013,com.android.settings.Settings,pausing]
02-09 04:26:48.693 I/sysui_multi_action( 2418): [757,340,758,2,1089,1889]
02-09 04:26:48.698 I/wm_on_paused_called( 3921): [208999710,com.android.gallery3d.app.GalleryActivity,performPause]
02-09 04:26:48.700 I/wm_on_stop_called( 3921): [208999710,com.android.gallery3d.app.GalleryActivity,handleRelaunchActivity]
02-09 04:26:48.701 I/wm_on_destroy_called( 3921): [208999710,com.android.gallery3d.app.GalleryActivity,performDestroy]
02-09 04:26:48.704 I/sysui_multi_action( 2418): [757,35,758,2,1089,1900]
02-09 04:26:48.704 I/wm_on_paused_called( 2418): [171931013,com.android.settings.Settings,performPause]
02-09 04:26:48.712 I/wm_on_stop_called( 2418): [171931013,com.android.settings.Settings,handleRelaunchActivity]
02-09 04:26:48.715 I/wm_on_destroy_called( 2418): [171931013,com.android.settings.Settings,performDestroy]
02-09 04:26:48.737 I/sysui_multi_action( 1240): [324,1,757,1090,758,13,806,com.android.settings,871,com.android.settings.Settings,1091,1968]
02-09 04:26:48.739 I/wm_relaunch_activity( 1240): [0,208887896,61,com.android.launcher3/.uioverrides.QuickstepLauncher]
02-09 04:26:48.739 I/wm_add_to_stopping( 1240): [0,208887896,com.android.launcher3/.uioverrides.QuickstepLauncher,preloadRecents]
02-09 04:26:48.746 I/wm_on_create_called( 3921): [208999710,com.android.gallery3d.app.GalleryActivity,performCreate]
02-09 04:26:48.747 I/wm_on_destroy_called( 2573): [208887896,com.android.launcher3.uioverrides.QuickstepLauncher,performDestroy]
02-09 04:26:48.750 I/wm_on_start_called( 3921): [208999710,com.android.gallery3d.app.GalleryActivity,handleStartActivity]
02-09 04:26:48.754 I/wm_on_resume_called( 3921): [208999710,com.android.gallery3d.app.GalleryActivity,LIFECYCLER_RESUME_ACTIVITY]
02-09 04:26:48.757 I/wm_on_paused_called( 3921): [208999710,com.android.gallery3d.app.GalleryActivity,performPause]
02-09 04:26:48.764 I/wm_on_create_called( 2418): [171931013,com.android.settings.Settings,performCreate]
02-09 04:26:48.781 I/wm_stop_activity( 1240): [0,208887896,com.android.launcher3/.uioverrides.QuickstepLauncher]
02-09 04:26:48.788 I/wm_on_start_called( 2418): [171931013,com.android.settings.Settings,handleStartActivity]
02-09 04:26:48.788 I/snet_event_log( 2418): [120484087,-1,]
02-09 04:26:48.791 I/wm_on_resume_called( 2418): [171931013,com.android.settings.Settings,RESUME_ACTIVITY]
02-09 04:26:48.791 I/sysui_multi_action( 2418): [757,340,758,1,833,0,1089,51]
02-09 04:26:48.792 I/sysui_multi_action( 2418): [757,35,758,1,833,0,1089,15]
02-09 04:26:48.792 I/sysui_multi_action( 2418): [757,1729,758,4,854,isParalleledControllers:false,1089,16]
02-09 04:26:48.793 I/wm_on_top_resumed_gained_called( 2418): [171931013,com.android.settings.Settings,topWhenResuming]
02-09 04:26:48.813 I/wm_on_create_called( 2573): [208887896,com.android.launcher3.uioverrides.QuickstepLauncher,performCreate]
02-09 04:26:48.813 I/wm_on_start_called( 2573): [208887896,com.android.launcher3.uioverrides.QuickstepLauncher,handleStartActivity]
02-09 04:26:48.814 I/wm_on_resume_called( 2573): [208887896,com.android.launcher3.uioverrides.QuickstepLauncher,LIFECYCLER_RESUME_ACTIVITY]
02-09 04:26:48.817 I/wm_on_paused_called( 2573): [208887896,com.android.launcher3.uioverrides.QuickstepLauncher,performPause]
02-09 04:26:48.835 I/wm_on_stop_called( 2573): [208887896,com.android.launcher3.uioverrides.QuickstepLauncher,STOP_ACTIVITY_ITEM]
02-09 04:26:48.840 I/input_focus( 1240): [Focus request 8ba4a9b com.android.settings/com.android.settings.Settings,reason=UpdateInputWindows]
02-09 04:26:48.867 I/commit_sys_config_file( 1240): [settings-1-0,13]
02-09 04:26:48.906 I/input_focus( 1240): [Focus entering 8ba4a9b com.android.settings/com.android.settings.Settings (server),reason=Window became focusable. Previous reason: NOT_VISIBLE]
02-09 04:27:29.999 I/am_uid_idle( 1240): 10088
02-09 04:27:41.573 I/sysui_multi_action( 1240): [757,1696,758,6,759,2]
02-09 04:27:41.575 I/am_wtf ( 1240): [0,1240,system_server,-1,DisplayDeviceConfig,requesting nits when no mapping exists.]
02-09 04:27:41.577 I/am_wtf ( 1240): [0,1240,system_server,-1,DisplayDeviceConfig,requesting nits when no mapping exists.]
02-09 04:27:48.546 I/sysui_multi_action( 1240): [757,222,758,1]
02-09 04:27:48.549 I/am_uid_running( 1240): 10044
02-09 04:27:48.560 I/am_proc_start( 1240): [0,5183,10044,com.thundercomm.screensaver,service,{com.thundercomm.screensaver/com.thundercomm.saverclock.service.ClockScreensaver}]
02-09 04:27:48.563 I/am_pss ( 1240): [2418,1000,com.android.settings,364410880,348979200,0,503975936,0,2,18]
02-09 04:27:48.574 I/am_pss ( 1240): [3921,10064,com.android.gallery3d,54734848,47947776,0,178368512,0,2,9]
02-09 04:27:48.584 I/am_proc_bound( 1240): [0,5183,com.thundercomm.screensaver]
02-09 04:27:48.587 I/am_uid_active( 1240): 10044
02-09 04:27:48.591 I/am_pss ( 1240): [2573,10073,com.android.launcher3,245003264,223543296,0,402882560,0,6,15]
02-09 04:27:48.599 I/am_pss ( 1240): [4753,10088,com.android.music,41170944,35856384,0,157925376,0,18,8]
02-09 04:27:48.605 I/am_pss ( 1240): [2446,10063,com.thundercomm.gamemode.provider,8098816,6352896,0,97292288,0,19,5]
02-09 04:27:48.611 I/am_pss ( 1240): [3204,1000,com.qti.diagservices,5800960,3907584,0,94945280,0,10,5]
02-09 04:27:48.771 I/wm_task_created( 1240): [74,-1]
02-09 04:27:48.774 I/wm_task_moved( 1240): [74,1,8]
02-09 04:27:48.774 I/wm_task_to_front( 1240): [0,74]
02-09 04:27:48.774 I/wm_create_task( 1240): [0,74]
02-09 04:27:48.774 I/wm_create_activity( 1240): [0,117428712,74,com.thundercomm.screensaver/android.service.dreams.DreamActivity,NULL,NULL,NULL,276824064]
02-09 04:27:48.774 I/wm_task_moved( 1240): [74,1,8]
02-09 04:27:48.775 I/wm_on_top_resumed_lost_called( 2418): [171931013,com.android.settings.Settings,topStateChangedWhenResumed]
02-09 04:27:48.775 I/wm_pause_activity( 1240): [0,171931013,com.android.settings/.Settings,userLeaving=true,pauseBackTasks]
02-09 04:27:48.777 I/sysui_multi_action( 2418): [757,340,758,2,1089,59985]
02-09 04:27:48.778 I/sysui_multi_action( 2418): [757,35,758,2,1089,59986]
02-09 04:27:48.778 I/wm_on_paused_called( 2418): [171931013,com.android.settings.Settings,performPause]
02-09 04:27:48.779 I/wm_add_to_stopping( 1240): [0,171931013,com.android.settings/.Settings,makeInvisible]
02-09 04:27:48.779 I/wm_restart_activity( 1240): [0,117428712,74,com.thundercomm.screensaver/android.service.dreams.DreamActivity]
02-09 04:27:48.780 I/wm_set_resumed_activity( 1240): [0,com.thundercomm.screensaver/android.service.dreams.DreamActivity,minimalResumeActivityLocked]
02-09 04:27:48.783 I/sysui_multi_action( 1240): [757,803,799,window_time_0,802,62]
02-09 04:27:48.788 I/wm_on_create_called( 5183): [117428712,android.service.dreams.DreamActivity,performCreate]
02-09 04:27:48.788 I/wm_on_start_called( 5183): [117428712,android.service.dreams.DreamActivity,handleStartActivity]
02-09 04:27:48.789 I/wm_on_resume_called( 5183): [117428712,android.service.dreams.DreamActivity,RESUME_ACTIVITY]
02-09 04:27:48.794 I/wm_on_top_resumed_gained_called( 5183): [117428712,android.service.dreams.DreamActivity,topStateChangedWhenResumed]
02-09 04:27:48.802 I/input_focus( 1240): [Focus leaving 8ba4a9b com.android.settings/com.android.settings.Settings (server),reason=NO_WINDOW]
02-09 04:27:48.820 I/input_focus( 1240): [Focus request c34ee39 com.thundercomm.screensaver/android.service.dreams.DreamActivity,reason=UpdateInputWindows]
02-09 04:27:48.821 I/am_wtf ( 1240): [0,2005,com.android.systemui,818462221,KeyguardBouncer,onFullyShown when view was null]
02-09 04:27:48.824 I/sysui_multi_action( 2005): [757,196,758,2,759,0]
02-09 04:27:48.824 I/sysui_status_bar_state( 2005): [0,0,1,0,0,1]
02-09 04:27:48.848 I/sysui_multi_action( 1240): [319,82,322,78,325,364,757,761,758,8,759,2,806,com.thundercomm.screensaver,871,android.service.dreams.DreamActivity,904,com.thundercomm.screensaver,905,0,1320,4,1321,2]
02-09 04:27:48.849 I/wm_activity_launch_time( 1240): [0,117428712,com.thundercomm.screensaver/android.service.dreams.DreamActivity,78]
02-09 04:27:48.849 I/sysui_multi_action( 1240): [757,1696,758,6,759,3]
02-09 04:27:48.865 I/am_wtf ( 1240): [0,1240,system_server,-1,DisplayDeviceConfig,requesting nits when no mapping exists.]
02-09 04:27:48.866 I/am_wtf ( 1240): [0,1240,system_server,-1,DisplayDeviceConfig,requesting nits when no mapping exists.]
02-09 04:27:48.866 I/input_focus( 1240): [Focus entering c34ee39 com.thundercomm.screensaver/android.service.dreams.DreamActivity (server),reason=Window became focusable. Previous reason: NOT_VISIBLE]
02-09 04:27:48.883 I/am_wtf ( 1240): [0,1240,system_server,-1,DisplayDeviceConfig,requesting nits when no mapping exists.]
02-09 04:27:48.883 I/am_wtf ( 1240): [0,1240,system_server,-1,DisplayDeviceConfig,requesting nits when no mapping exists.]
02-09 04:27:48.903 I/am_wtf ( 1240): [0,1240,system_server,-1,DisplayDeviceConfig,requesting nits when no mapping exists.]
02-09 04:27:48.904 I/am_wtf ( 1240): [0,1240,system_server,-1,DisplayDeviceConfig,requesting nits when no mapping exists.]
02-09 04:27:48.916 I/am_wtf ( 1240): [0,1240,system_server,-1,DisplayDeviceConfig,requesting nits when no mapping exists.]
02-09 04:27:48.917 I/am_wtf ( 1240): [0,1240,system_server,-1,DisplayDeviceConfig,requesting nits when no mapping exists.]
02-09 04:27:48.932 I/am_wtf ( 1240): [0,1240,system_server,-1,DisplayDeviceConfig,requesting nits when no mapping exists.]
02-09 04:27:48.932 I/am_wtf ( 1240): [0,1240,system_server,-1,DisplayDeviceConfig,requesting nits when no mapping exists.]
02-09 04:27:48.949 I/am_wtf ( 1240): [0,1240,system_server,-1,DisplayDeviceConfig,requesting nits when no mapping exists.]
02-09 04:27:48.949 I/am_wtf ( 1240): [0,1240,system_server,-1,DisplayDeviceConfig,requesting nits when no mapping exists.]
02-09 04:27:48.965 I/am_wtf ( 1240): [0,1240,system_server,-1,DisplayDeviceConfig,requesting nits when no mapping exists.]
02-09 04:27:48.966 I/am_wtf ( 1240): [0,1240,system_server,-1,DisplayDeviceConfig,requesting nits when no mapping exists.]
02-09 04:27:48.983 I/am_wtf ( 1240): [0,1240,system_server,-1,DisplayDeviceConfig,requesting nits when no mapping exists.]
02-09 04:27:48.983 I/am_wtf ( 1240): [0,1240,system_server,-1,DisplayDeviceConfig,requesting nits when no mapping exists.]
02-09 04:27:48.999 I/am_wtf ( 1240): [0,1240,system_server,-1,DisplayDeviceConfig,requesting nits when no mapping exists.]
02-09 04:27:48.999 I/am_wtf ( 1240): [0,1240,system_server,-1,DisplayDeviceConfig,requesting nits when no mapping exists.]
02-09 04:27:49.016 I/am_wtf ( 1240): [0,1240,system_server,-1,DisplayDeviceConfig,requesting nits when no mapping exists.]
02-09 04:27:49.016 I/am_wtf ( 1240): [0,1240,system_server,-1,DisplayDeviceConfig,requesting nits when no mapping exists.]
02-09 04:27:49.033 I/am_wtf ( 1240): [0,1240,system_server,-1,DisplayDeviceConfig,requesting nits when no mapping exists.]
02-09 04:27:49.033 I/am_wtf ( 1240): [0,1240,system_server,-1,DisplayDeviceConfig,requesting nits when no mapping exists.]
02-09 04:27:49.049 I/am_wtf ( 1240): [0,1240,system_server,-1,DisplayDeviceConfig,requesting nits when no mapping exists.]
02-09 04:27:49.050 I/am_wtf ( 1240): [0,1240,system_server,-1,DisplayDeviceConfig,requesting nits when no mapping exists.]
02-09 04:27:49.066 I/am_wtf ( 1240): [0,1240,system_server,-1,DisplayDeviceConfig,requesting nits when no mapping exists.]
02-09 04:27:49.066 I/am_wtf ( 1240): [0,1240,system_server,-1,DisplayDeviceConfig,requesting nits when no mapping exists.]
02-09 04:27:49.083 I/am_wtf ( 1240): [0,1240,system_server,-1,DisplayDeviceConfig,requesting nits when no mapping exists.]
02-09 04:27:49.083 I/am_wtf ( 1240): [0,1240,system_server,-1,DisplayDeviceConfig,requesting nits when no mapping exists.]
02-09 04:27:49.100 I/am_wtf ( 1240): [0,1240,system_server,-1,DisplayDeviceConfig,requesting nits when no mapping exists.]
02-09 04:27:49.100 I/am_wtf ( 1240): [0,1240,system_server,-1,DisplayDeviceConfig,requesting nits when no mapping exists.]
02-09 04:27:49.116 I/am_wtf ( 1240): [0,1240,system_server,-1,DisplayDeviceConfig,requesting nits when no mapping exists.]
02-09 04:27:49.116 I/am_wtf ( 1240): [0,1240,system_server,-1,DisplayDeviceConfig,requesting nits when no mapping exists.]
02-09 04:27:49.132 I/am_wtf ( 1240): [0,1240,system_server,-1,DisplayDeviceConfig,requesting nits when no mapping exists.]
02-09 04:27:49.133 I/am_wtf ( 1240): [0,1240,system_server,-1,DisplayDeviceConfig,requesting nits when no mapping exists.]
02-09 04:27:49.150 I/am_wtf ( 1240): [0,1240,system_server,-1,DisplayDeviceConfig,requesting nits when no mapping exists.]
02-09 04:27:49.150 I/am_wtf ( 1240): [0,1240,system_server,-1,DisplayDeviceConfig,requesting nits when no mapping exists.]
02-09 04:27:49.166 I/am_wtf ( 1240): [0,1240,system_server,-1,DisplayDeviceConfig,requesting nits when no mapping exists.]
02-09 04:27:49.166 I/am_wtf ( 1240): [0,1240,system_server,-1,DisplayDeviceConfig,requesting nits when no mapping exists.]
02-09 04:27:49.183 I/am_wtf ( 1240): [0,1240,system_server,-1,DisplayDeviceConfig,requesting nits when no mapping exists.]
02-09 04:27:49.183 I/am_wtf ( 1240): [0,1240,system_server,-1,DisplayDeviceConfig,requesting nits when no mapping exists.]
02-09 04:27:49.200 I/am_wtf ( 1240): [0,1240,system_server,-1,DisplayDeviceConfig,requesting nits when no mapping exists.]
02-09 04:27:49.200 I/am_wtf ( 1240): [0,1240,system_server,-1,DisplayDeviceConfig,requesting nits when no mapping exists.]
02-09 04:27:49.216 I/am_wtf ( 1240): [0,1240,system_server,-1,DisplayDeviceConfig,requesting nits when no mapping exists.]
02-09 04:27:49.216 I/am_wtf ( 1240): [0,1240,system_server,-1,DisplayDeviceConfig,requesting nits when no mapping exists.]
02-09 04:27:49.232 I/am_wtf ( 1240): [0,1240,system_server,-1,DisplayDeviceConfig,requesting nits when no mapping exists.]
02-09 04:27:49.233 I/am_wtf ( 1240): [0,1240,system_server,-1,DisplayDeviceConfig,requesting nits when no mapping exists.]
02-09 04:27:49.249 I/am_wtf ( 1240): [0,1240,system_server,-1,DisplayDeviceConfig,requesting nits when no mapping exists.]
02-09 04:27:49.249 I/am_wtf ( 1240): [0,1240,system_server,-1,DisplayDeviceConfig,requesting nits when no mapping exists.]
02-09 04:27:49.266 I/am_wtf ( 1240): [0,1240,system_server,-1,DisplayDeviceConfig,requesting nits when no mapping exists.]
02-09 04:27:49.266 I/am_wtf ( 1240): [0,1240,system_server,-1,DisplayDeviceConfig,requesting nits when no mapping exists.]
02-09 04:27:49.283 I/am_wtf ( 1240): [0,1240,system_server,-1,DisplayDeviceConfig,requesting nits when no mapping exists.]
02-09 04:27:49.283 I/am_wtf ( 1240): [0,1240,system_server,-1,DisplayDeviceConfig,requesting nits when no mapping exists.]
02-09 04:27:49.299 I/am_wtf ( 1240): [0,1240,system_server,-1,DisplayDeviceConfig,requesting nits when no mapping exists.]
02-09 04:27:49.300 I/am_wtf ( 1240): [0,1240,system_server,-1,DisplayDeviceConfig,requesting nits when no mapping exists.]
02-09 04:27:49.316 I/am_wtf ( 1240): [0,1240,system_server,-1,DisplayDeviceConfig,requesting nits when no mapping exists.]
02-09 04:27:49.316 I/am_wtf ( 1240): [0,1240,system_server,-1,DisplayDeviceConfig,requesting nits when no mapping exists.]
02-09 04:27:49.333 I/am_wtf ( 1240): [0,1240,system_server,-1,DisplayDeviceConfig,requesting nits when no mapping exists.]
02-09 04:27:49.334 I/am_wtf ( 1240): [0,1240,system_server,-1,DisplayDeviceConfig,requesting nits when no mapping exists.]
02-09 04:27:49.350 I/wm_stop_activity( 1240): [0,171931013,com.android.settings/.Settings]
02-09 04:27:49.350 I/am_wtf ( 1240): [0,1240,system_server,-1,DisplayDeviceConfig,requesting nits when no mapping exists.]
02-09 04:27:49.351 I/am_wtf ( 1240): [0,1240,system_server,-1,DisplayDeviceConfig,requesting nits when no mapping exists.]
02-09 04:27:49.367 I/am_wtf ( 1240): [0,1240,system_server,-1,DisplayDeviceConfig,requesting nits when no mapping exists.]
02-09 04:27:49.367 I/am_wtf ( 1240): [0,1240,system_server,-1,DisplayDeviceConfig,requesting nits when no mapping exists.]
02-09 04:27:49.379 I/wm_on_stop_called( 2418): [171931013,com.android.settings.Settings,STOP_ACTIVITY_ITEM]
02-09 04:27:49.383 I/am_wtf ( 1240): [0,1240,system_server,-1,DisplayDeviceConfig,requesting nits when no mapping exists.]
02-09 04:27:49.384 I/am_wtf ( 1240): [0,1240,system_server,-1,DisplayDeviceConfig,requesting nits when no mapping exists.]
02-09 04:27:49.401 I/am_wtf ( 1240): [0,1240,system_server,-1,DisplayDeviceConfig,requesting nits when no mapping exists.]
02-09 04:27:49.401 I/am_wtf ( 1240): [0,1240,system_server,-1,DisplayDeviceConfig,requesting nits when no mapping exists.]
02-09 04:27:49.416 I/am_wtf ( 1240): [0,1240,system_server,-1,DisplayDeviceConfig,requesting nits when no mapping exists.]
02-09 04:27:49.417 I/am_wtf ( 1240): [0,1240,system_server,-1,DisplayDeviceConfig,requesting nits when no mapping exists.]
02-09 04:27:49.433 I/am_wtf ( 1240): [0,1240,system_server,-1,DisplayDeviceConfig,requesting nits when no mapping exists.]
02-09 04:27:49.434 I/am_wtf ( 1240): [0,1240,system_server,-1,DisplayDeviceConfig,requesting nits when no mapping exists.]
02-09 04:27:49.450 I/am_wtf ( 1240): [0,1240,system_server,-1,DisplayDeviceConfig,requesting nits when no mapping exists.]
02-09 04:27:49.450 I/am_wtf ( 1240): [0,1240,system_server,-1,DisplayDeviceConfig,requesting nits when no mapping exists.]
02-09 04:27:49.467 I/am_wtf ( 1240): [0,1240,system_server,-1,DisplayDeviceConfig,requesting nits when no mapping exists.]
02-09 04:27:49.467 I/am_wtf ( 1240): [0,1240,system_server,-1,DisplayDeviceConfig,requesting nits when no mapping exists.]
02-09 04:27:49.467 I/service_manager_stats( 1240): [100,27,62675]
02-09 04:27:49.484 I/am_wtf ( 1240): [0,1240,system_server,-1,DisplayDeviceConfig,requesting nits when no mapping exists.]
02-09 04:27:49.484 I/am_wtf ( 1240): [0,1240,system_server,-1,DisplayDeviceConfig,requesting nits when no mapping exists.]
02-09 04:27:49.500 I/am_wtf ( 1240): [0,1240,system_server,-1,DisplayDeviceConfig,requesting nits when no mapping exists.]
02-09 04:27:49.500 I/am_wtf ( 1240): [0,1240,system_server,-1,DisplayDeviceConfig,requesting nits when no mapping exists.]
02-09 04:27:49.517 I/am_wtf ( 1240): [0,1240,system_server,-1,DisplayDeviceConfig,requesting nits when no mapping exists.]
02-09 04:27:49.517 I/am_wtf ( 1240): [0,1240,system_server,-1,DisplayDeviceConfig,requesting nits when no mapping exists.]
02-09 04:27:49.534 I/am_wtf ( 1240): [0,1240,system_server,-1,DisplayDeviceConfig,requesting nits when no mapping exists.]
02-09 04:27:49.534 I/am_wtf ( 1240): [0,1240,system_server,-1,DisplayDeviceConfig,requesting nits when no mapping exists.]
02-09 04:27:49.550 I/am_wtf ( 1240): [0,1240,system_server,-1,DisplayDeviceConfig,requesting nits when no mapping exists.]
02-09 04:27:49.551 I/am_wtf ( 1240): [0,1240,system_server,-1,DisplayDeviceConfig,requesting nits when no mapping exists.]
02-09 04:27:49.567 I/am_wtf ( 1240): [0,1240,system_server,-1,DisplayDeviceConfig,requesting nits when no mapping exists.]
02-09 04:27:49.567 I/am_wtf ( 1240): [0,1240,system_server,-1,DisplayDeviceConfig,requesting nits when no mapping exists.]
02-09 04:27:49.584 I/am_wtf ( 1240): [0,1240,system_server,-1,DisplayDeviceConfig,requesting nits when no mapping exists.]
02-09 04:27:49.584 I/am_wtf ( 1240): [0,1240,system_server,-1,DisplayDeviceConfig,requesting nits when no mapping exists.]
02-09 04:27:49.600 I/am_wtf ( 1240): [0,1240,system_server,-1,DisplayDeviceConfig,requesting nits when no mapping exists.]
02-09 04:27:49.601 I/am_wtf ( 1240): [0,1240,system_server,-1,DisplayDeviceConfig,requesting nits when no mapping exists.]
02-09 04:27:49.618 I/am_wtf ( 1240): [0,1240,system_server,-1,DisplayDeviceConfig,requesting nits when no mapping exists.]
02-09 04:27:49.618 I/am_wtf ( 1240): [0,1240,system_server,-1,DisplayDeviceConfig,requesting nits when no mapping exists.]
02-09 04:27:49.634 I/am_wtf ( 1240): [0,1240,system_server,-1,DisplayDeviceConfig,requesting nits when no mapping exists.]
02-09 04:27:49.634 I/am_wtf ( 1240): [0,1240,system_server,-1,DisplayDeviceConfig,requesting nits when no mapping exists.]
02-09 04:27:49.651 I/am_wtf ( 1240): [0,1240,system_server,-1,DisplayDeviceConfig,requesting nits when no mapping exists.]
02-09 04:27:49.651 I/am_wtf ( 1240): [0,1240,system_server,-1,DisplayDeviceConfig,requesting nits when no mapping exists.]
02-09 04:27:49.667 I/am_wtf ( 1240): [0,1240,system_server,-1,DisplayDeviceConfig,requesting nits when no mapping exists.]
02-09 04:27:49.668 I/am_wtf ( 1240): [0,1240,system_server,-1,DisplayDeviceConfig,requesting nits when no mapping exists.]
02-09 04:27:49.684 I/am_wtf ( 1240): [0,1240,system_server,-1,DisplayDeviceConfig,requesting nits when no mapping exists.]
02-09 04:27:49.684 I/am_wtf ( 1240): [0,1240,system_server,-1,DisplayDeviceConfig,requesting nits when no mapping exists.]
02-09 04:27:49.701 I/am_wtf ( 1240): [0,1240,system_server,-1,DisplayDeviceConfig,requesting nits when no mapping exists.]
02-09 04:27:49.701 I/am_wtf ( 1240): [0,1240,system_server,-1,DisplayDeviceConfig,requesting nits when no mapping exists.]
02-09 04:27:49.717 I/am_wtf ( 1240): [0,1240,system_server,-1,DisplayDeviceConfig,requesting nits when no mapping exists.]
02-09 04:27:49.718 I/am_wtf ( 1240): [0,1240,system_server,-1,DisplayDeviceConfig,requesting nits when no mapping exists.]
02-09 04:27:49.734 I/am_wtf ( 1240): [0,1240,system_server,-1,DisplayDeviceConfig,requesting nits when no mapping exists.]
02-09 04:27:49.734 I/am_wtf ( 1240): [0,1240,system_server,-1,DisplayDeviceConfig,requesting nits when no mapping exists.]
02-09 04:27:49.751 I/am_wtf ( 1240): [0,1240,system_server,-1,DisplayDeviceConfig,requesting nits when no mapping exists.]
02-09 04:27:49.751 I/am_wtf ( 1240): [0,1240,system_server,-1,DisplayDeviceConfig,requesting nits when no mapping exists.]
02-09 04:27:49.768 I/am_wtf ( 1240): [0,1240,system_server,-1,DisplayDeviceConfig,requesting nits when no mapping exists.]
02-09 04:27:49.768 I/am_wtf ( 1240): [0,1240,system_server,-1,DisplayDeviceConfig,requesting nits when no mapping exists.]
02-09 04:27:49.784 I/am_wtf ( 1240): [0,1240,system_server,-1,DisplayDeviceConfig,requesting nits when no mapping exists.]
02-09 04:27:49.784 I/am_wtf ( 1240): [0,1240,system_server,-1,DisplayDeviceConfig,requesting nits when no mapping exists.]
02-09 04:27:49.801 I/am_wtf ( 1240): [0,1240,system_server,-1,DisplayDeviceConfig,requesting nits when no mapping exists.]
02-09 04:27:49.801 I/am_wtf ( 1240): [0,1240,system_server,-1,DisplayDeviceConfig,requesting nits when no mapping exists.]
02-09 04:27:50.092 I/input_interaction( 1240): Interaction with: c34ee39 com.thundercomm.screensaver/android.service.dreams.DreamActivity (server), swipe-up (server), edge-swipe (server), PointerEventDispatcher0 (server),
02-09 04:27:50.093 I/wm_finish_activity( 1240): [0,117428712,74,com.thundercomm.screensaver/android.service.dreams.DreamActivity,finish-activity]
02-09 04:27:50.093 I/wm_task_moved( 1240): [62,1,7]
02-09 04:27:50.093 I/wm_task_to_front( 1240): [0,62]
02-09 04:27:50.093 I/wm_focused_root_task( 1240): [0,0,62,74,finish-top adjustFocusToNextFocusableTask]
02-09 04:27:50.093 I/wm_pause_activity( 1240): [0,117428712,com.thundercomm.screensaver/android.service.dreams.DreamActivity,userLeaving=false,finish]
02-09 04:27:50.095 I/sysui_multi_action( 1240): [757,803,799,window_time_0,802,1]
02-09 04:27:50.095 I/wm_on_top_resumed_lost_called( 5183): [117428712,android.service.dreams.DreamActivity,topStateChangedWhenResumed]
02-09 04:27:50.096 I/wm_on_paused_called( 5183): [117428712,android.service.dreams.DreamActivity,performPause]
02-09 04:27:50.096 I/wm_add_to_stopping( 1240): [0,117428712,com.thundercomm.screensaver/android.service.dreams.DreamActivity,completeFinishing]
02-09 04:27:50.097 I/wm_set_resumed_activity( 1240): [0,com.android.settings/.Settings,resumeTopActivityInnerLocked]
02-09 04:27:50.098 I/wm_resume_activity( 1240): [0,171931013,62,com.android.settings/.Settings]
02-09 04:27:50.101 I/sysui_multi_action( 1240): [757,803,799,window_time_0,802,0]
02-09 04:27:50.103 I/input_focus( 1240): [Focus leaving c34ee39 com.thundercomm.screensaver/android.service.dreams.DreamActivity (server),reason=NO_WINDOW]
02-09 04:27:50.103 I/view_enqueue_input_event( 5183): [Motion - Cancel,com.thundercomm.screensaver/android.service.dreams.DreamActivity]
02-09 04:27:50.104 I/wm_on_restart_called( 2418): [171931013,com.android.settings.Settings,performRestartActivity]
02-09 04:27:50.104 I/input_interaction( 1240): Interaction with: swipe-up (server), edge-swipe (server), PointerEventDispatcher0 (server),
02-09 04:27:50.105 I/wm_on_start_called( 2418): [171931013,com.android.settings.Settings,handleStartActivity]
02-09 04:27:50.105 I/snet_event_log( 2418): [120484087,-1,]
02-09 04:27:50.106 I/wm_on_resume_called( 2418): [171931013,com.android.settings.Settings,RESUME_ACTIVITY]
02-09 04:27:50.106 I/sysui_multi_action( 2418): [757,340,758,1,833,0,1089,0]
02-09 04:27:50.106 I/sysui_multi_action( 2418): [757,35,758,1,833,0,1089,0]
02-09 04:27:50.107 I/wm_on_top_resumed_gained_called( 2418): [171931013,com.android.settings.Settings,topWhenResuming]
02-09 04:27:50.122 I/input_focus( 1240): [Focus request 8ba4a9b com.android.settings/com.android.settings.Settings,reason=UpdateInputWindows]
02-09 04:27:50.123 I/auditd ( 566): type=1400 audit(0.0:283): avc: denied { read } for comm="Binder:566_2" name="wakeup58" dev="sysfs" ino=71800 scontext=u:r:system_suspend:s0 tcontext=u:object_r:sysfs:s0 tclass=dir permissive=0
02-09 04:27:50.127 I/auditd ( 566): type=1400 audit(0.0:284): avc: denied { read } for comm="Binder:566_2" name="wakeup4" dev="sysfs" ino=47054 scontext=u:r:system_suspend:s0 tcontext=u:object_r:sysfs:s0 tclass=dir permissive=0
02-09 04:27:50.127 I/auditd ( 566): type=1400 audit(0.0:285): avc: denied { read } for comm="Binder:566_2" name="wakeup76" dev="sysfs" ino=76740 scontext=u:r:system_suspend:s0 tcontext=u:object_r:sysfs:s0 tclass=dir permissive=0
02-09 04:27:50.127 I/auditd ( 566): type=1400 audit(0.0:286): avc: denied { read } for comm="Binder:566_2" name="wakeup28" dev="sysfs" ino=53259 scontext=u:r:system_suspend:s0 tcontext=u:object_r:sysfs:s0 tclass=dir permissive=0
02-09 04:27:50.127 I/auditd ( 566): type=1400 audit(0.0:287): avc: denied { read } for comm="Binder:566_2" name="wakeup56" dev="sysfs" ino=71728 scontext=u:r:system_suspend:s0 tcontext=u:object_r:sysfs:s0 tclass=dir permissive=0
02-09 04:27:50.127 I/auditd ( 566): type=1400 audit(0.0:288): avc: denied { read } for comm="Binder:566_2" name="wakeup2" dev="sysfs" ino=46578 scontext=u:r:system_suspend:s0 tcontext=u:object_r:sysfs:s0 tclass=dir permissive=0
02-09 04:27:50.127 I/auditd ( 566): type=1400 audit(0.0:289): avc: denied { read } for comm="Binder:566_2" name="wakeup36" dev="sysfs" ino=62492 scontext=u:r:system_suspend:s0 tcontext=u:object_r:sysfs:s0 tclass=dir permissive=0
02-09 04:27:50.127 I/auditd ( 566): type=1400 audit(0.0:290): avc: denied { read } for comm="Binder:566_2" name="wakeup64" dev="sysfs" ino=72028 scontext=u:r:system_suspend:s0 tcontext=u:object_r:sysfs:s0 tclass=dir permissive=0
02-09 04:27:50.127 I/auditd ( 566): type=1400 audit(0.0:291): avc: denied { read } for comm="Binder:566_2" name="wakeup54" dev="sysfs" ino=71656 scontext=u:r:system_suspend:s0 tcontext=u:object_r:sysfs:s0 tclass=dir permissive=0
02-09 04:27:50.141 I/input_focus( 1240): [Focus entering 8ba4a9b com.android.settings/com.android.settings.Settings (server),reason=setFocusedWindow]
02-09 04:27:50.638 I/wm_destroy_activity( 1240): [0,117428712,74,com.thundercomm.screensaver/android.service.dreams.DreamActivity,finish-imm:idle]
02-09 04:27:50.654 I/wm_on_stop_called( 5183): [117428712,android.service.dreams.DreamActivity,LIFECYCLER_STOP_ACTIVITY]
02-09 04:27:50.654 I/wm_on_destroy_called( 5183): [117428712,android.service.dreams.DreamActivity,performDestroy]
02-09 04:27:50.656 I/sysui_multi_action( 1240): [757,222,758,2]
02-09 04:27:50.656 I/sysui_multi_action( 1240): [757,804,799,dreaming_minutes,801,0,802,1]
02-09 04:27:50.659 I/wm_task_removed( 1240): [74,removeChild:removeChild last r=ActivityRecord{6ffd1e8 u0 com.thundercomm.screensaver/android.service.dreams.DreamActivity t-1 f}} in t=Task{2474eeb #74 type=dream A=10044:android:com.thundercomm.screensaver/dream U=0 visible=false mode=fullscreen translucent=true sz=0}]
02-09 04:27:50.659 I/wm_task_removed( 1240): [74,removeChild]
02-09 04:27:52.652 I/input_interaction( 1240): Interaction with: a0ce11c com.android.gallery3d/com.android.gallery3d.app.GalleryActivity (server), swipe-up (server), edge-swipe (server), PointerEventDispatcher0 (server),
02-09 04:27:52.655 I/wm_task_moved( 1240): [72,1,7]
02-09 04:27:52.655 I/wm_task_to_front( 1240): [0,72]
02-09 04:27:52.660 I/wm_focused_root_task( 1240): [0,0,72,62,setFocusedTask]
02-09 04:27:52.661 I/wm_set_resumed_activity( 1240): [0,com.android.gallery3d/.app.GalleryActivity,setFocusedTask]
02-09 04:27:52.661 I/wm_on_top_resumed_lost_called( 2418): [171931013,com.android.settings.Settings,topStateChangedWhenResumed]
02-09 04:27:52.662 I/wm_set_resumed_activity( 1240): [0,com.android.gallery3d/.app.GalleryActivity,resumeTopActivityInnerLocked]
02-09 04:27:52.665 I/wm_resume_activity( 1240): [0,208999710,72,com.android.gallery3d/.app.GalleryActivity]
02-09 04:27:52.666 I/input_focus( 1240): [Focus request a0ce11c com.android.gallery3d/com.android.gallery3d.app.GalleryActivity,reason=UpdateInputWindows]
02-09 04:27:52.676 I/wm_on_resume_called( 3921): [208999710,com.android.gallery3d.app.GalleryActivity,RESUME_ACTIVITY]
02-09 04:27:52.683 I/input_focus( 1240): [Focus leaving 8ba4a9b com.android.settings/com.android.settings.Settings (server),reason=setFocusedWindow]
02-09 04:27:52.684 I/input_focus( 1240): [Focus entering a0ce11c com.android.gallery3d/com.android.gallery3d.app.GalleryActivity (server),reason=setFocusedWindow]
02-09 04:27:52.692 I/wm_on_top_resumed_gained_called( 3921): [208999710,com.android.gallery3d.app.GalleryActivity,topStateChangedWhenResumed]
02-09 04:27:52.773 I/wm_finish_activity( 1240): [0,208999710,72,com.android.gallery3d/.app.GalleryActivity,finish-activity]
02-09 04:27:52.774 I/wm_task_moved( 1240): [62,1,7]
02-09 04:27:52.774 I/wm_task_to_front( 1240): [0,62]
02-09 04:27:52.776 I/wm_set_resumed_activity( 1240): [0,com.android.settings/.Settings,positionChildAt]
02-09 04:27:52.776 I/wm_focused_root_task( 1240): [0,0,62,72,finish-top adjustFocusToNextFocusableTask]
02-09 04:27:52.776 I/wm_set_resumed_activity( 1240): [0,com.android.settings/.Settings,finish-top]
02-09 04:27:52.792 I/wm_pause_activity( 1240): [0,208999710,com.android.gallery3d/.app.GalleryActivity,userLeaving=false,finish]
02-09 04:27:52.799 I/wm_on_top_resumed_lost_called( 3921): [208999710,com.android.gallery3d.app.GalleryActivity,topStateChangedWhenResumed]
02-09 04:27:52.800 I/wm_on_top_resumed_gained_called( 2418): [171931013,com.android.settings.Settings,topStateChangedWhenResumed]
02-09 04:27:52.801 I/input_focus( 1240): [Focus request 8ba4a9b com.android.settings/com.android.settings.Settings,reason=UpdateInputWindows]
02-09 04:27:52.804 I/sysui_multi_action( 1240): [757,803,799,window_time_0,802,3]
02-09 04:27:52.806 I/wm_on_paused_called( 3921): [208999710,com.android.gallery3d.app.GalleryActivity,performPause]
02-09 04:27:52.808 I/wm_destroy_activity( 1240): [0,208999710,72,com.android.gallery3d/.app.GalleryActivity,finish-imm:completePausedLocked]
02-09 04:27:52.818 I/wm_on_stop_called( 3921): [208999710,com.android.gallery3d.app.GalleryActivity,LIFECYCLER_STOP_ACTIVITY]
02-09 04:27:52.820 I/sysui_multi_action( 1240): [757,803,799,window_time_0,802,0]
02-09 04:27:52.826 I/input_focus( 1240): [Focus leaving a0ce11c com.android.gallery3d/com.android.gallery3d.app.GalleryActivity (server),reason=NO_WINDOW]
02-09 04:27:52.826 I/input_focus( 1240): [Focus entering 8ba4a9b com.android.settings/com.android.settings.Settings (server),reason=setFocusedWindow]
02-09 04:27:52.827 I/wm_on_destroy_called( 3921): [208999710,com.android.gallery3d.app.GalleryActivity,performDestroy]
02-09 04:27:53.109 I/wm_task_removed( 1240): [72,removeChild:removeChild last r=ActivityRecord{c75151e u0 com.android.gallery3d/.app.GalleryActivity t-1 f}} in t=Task{705bffc #72 type=standard A=10064:com.android.gallery3d U=0 visible=false mode=freeform translucent=true sz=0}]
02-09 04:27:53.109 I/wm_task_removed( 1240): [72,removeChild]
02-09 04:27:54.773 I/am_uid_idle( 1240): 10083
02-09 04:27:54.867 I/am_uid_idle( 1240): 10019
02-09 04:28:45.818 I/sysui_multi_action( 1240): [757,1696,758,6,759,2]
02-09 04:28:45.829 I/am_wtf ( 1240): [0,1240,system_server,-1,DisplayDeviceConfig,requesting nits when no mapping exists.]
02-09 04:28:45.832 I/am_wtf ( 1240): [0,1240,system_server,-1,DisplayDeviceConfig,requesting nits when no mapping exists.]
02-09 04:28:45.844 I/am_wtf ( 1240): [0,1240,system_server,-1,DisplayDeviceConfig,requesting nits when no mapping exists.]
02-09 04:28:45.845 I/am_wtf ( 1240): [0,1240,system_server,-1,DisplayDeviceConfig,requesting nits when no mapping exists.]
02-09 04:28:45.853 I/am_wtf ( 1240): [0,1240,system_server,-1,DisplayDeviceConfig,requesting nits when no mapping exists.]
02-09 04:28:45.854 I/am_wtf ( 1240): [0,1240,system_server,-1,DisplayDeviceConfig,requesting nits when no mapping exists.]
02-09 04:28:45.870 I/am_wtf ( 1240): [0,1240,system_server,-1,DisplayDeviceConfig,requesting nits when no mapping exists.]
02-09 04:28:45.871 I/am_wtf ( 1240): [0,1240,system_server,-1,DisplayDeviceConfig,requesting nits when no mapping exists.]
02-09 04:28:45.887 I/am_wtf ( 1240): [0,1240,system_server,-1,DisplayDeviceConfig,requesting nits when no mapping exists.]
02-09 04:28:45.888 I/am_wtf ( 1240): [0,1240,system_server,-1,DisplayDeviceConfig,requesting nits when no mapping exists.]
02-09 04:28:45.903 I/am_wtf ( 1240): [0,1240,system_server,-1,DisplayDeviceConfig,requesting nits when no mapping exists.]
02-09 04:28:45.904 I/am_wtf ( 1240): [0,1240,system_server,-1,DisplayDeviceConfig,requesting nits when no mapping exists.]
02-09 04:28:45.920 I/am_wtf ( 1240): [0,1240,system_server,-1,DisplayDeviceConfig,requesting nits when no mapping exists.]
02-09 04:28:45.921 I/am_wtf ( 1240): [0,1240,system_server,-1,DisplayDeviceConfig,requesting nits when no mapping exists.]
02-09 04:28:45.937 I/am_wtf ( 1240): [0,1240,system_server,-1,DisplayDeviceConfig,requesting nits when no mapping exists.]
02-09 04:28:45.938 I/am_wtf ( 1240): [0,1240,system_server,-1,DisplayDeviceConfig,requesting nits when no mapping exists.]
02-09 04:28:45.954 I/am_wtf ( 1240): [0,1240,system_server,-1,DisplayDeviceConfig,requesting nits when no mapping exists.]
02-09 04:28:45.955 I/am_wtf ( 1240): [0,1240,system_server,-1,DisplayDeviceConfig,requesting nits when no mapping exists.]
02-09 04:28:45.971 I/am_wtf ( 1240): [0,1240,system_server,-1,DisplayDeviceConfig,requesting nits when no mapping exists.]
02-09 04:28:45.972 I/am_wtf ( 1240): [0,1240,system_server,-1,DisplayDeviceConfig,requesting nits when no mapping exists.]
02-09 04:28:45.988 I/am_wtf ( 1240): [0,1240,system_server,-1,DisplayDeviceConfig,requesting nits when no mapping exists.]
02-09 04:28:45.989 I/am_wtf ( 1240): [0,1240,system_server,-1,DisplayDeviceConfig,requesting nits when no mapping exists.]
02-09 04:28:46.004 I/am_wtf ( 1240): [0,1240,system_server,-1,DisplayDeviceConfig,requesting nits when no mapping exists.]
02-09 04:28:46.005 I/am_wtf ( 1240): [0,1240,system_server,-1,DisplayDeviceConfig,requesting nits when no mapping exists.]
02-09 04:28:46.021 I/am_wtf ( 1240): [0,1240,system_server,-1,DisplayDeviceConfig,requesting nits when no mapping exists.]
02-09 04:28:46.022 I/am_wtf ( 1240): [0,1240,system_server,-1,DisplayDeviceConfig,requesting nits when no mapping exists.]
02-09 04:28:46.037 I/am_wtf ( 1240): [0,1240,system_server,-1,DisplayDeviceConfig,requesting nits when no mapping exists.]
02-09 04:28:46.038 I/am_wtf ( 1240): [0,1240,system_server,-1,DisplayDeviceConfig,requesting nits when no mapping exists.]
02-09 04:28:46.055 I/am_wtf ( 1240): [0,1240,system_server,-1,DisplayDeviceConfig,requesting nits when no mapping exists.]
02-09 04:28:46.056 I/am_wtf ( 1240): [0,1240,system_server,-1,DisplayDeviceConfig,requesting nits when no mapping exists.]
02-09 04:28:46.071 I/am_wtf ( 1240): [0,1240,system_server,-1,DisplayDeviceConfig,requesting nits when no mapping exists.]
02-09 04:28:46.072 I/am_wtf ( 1240): [0,1240,system_server,-1,DisplayDeviceConfig,requesting nits when no mapping exists.]
02-09 04:28:46.088 I/am_wtf ( 1240): [0,1240,system_server,-1,DisplayDeviceConfig,requesting nits when no mapping exists.]
02-09 04:28:46.089 I/am_wtf ( 1240): [0,1240,system_server,-1,DisplayDeviceConfig,requesting nits when no mapping exists.]
02-09 04:28:46.104 I/am_wtf ( 1240): [0,1240,system_server,-1,DisplayDeviceConfig,requesting nits when no mapping exists.]
02-09 04:28:46.105 I/am_wtf ( 1240): [0,1240,system_server,-1,DisplayDeviceConfig,requesting nits when no mapping exists.]
02-09 04:28:46.121 I/am_wtf ( 1240): [0,1240,system_server,-1,DisplayDeviceConfig,requesting nits when no mapping exists.]
02-09 04:28:46.122 I/am_wtf ( 1240): [0,1240,system_server,-1,DisplayDeviceConfig,requesting nits when no mapping exists.]
02-09 04:28:46.137 I/am_wtf ( 1240): [0,1240,system_server,-1,DisplayDeviceConfig,requesting nits when no mapping exists.]
02-09 04:28:46.138 I/am_wtf ( 1240): [0,1240,system_server,-1,DisplayDeviceConfig,requesting nits when no mapping exists.]
02-09 04:28:46.154 I/am_wtf ( 1240): [0,1240,system_server,-1,DisplayDeviceConfig,requesting nits when no mapping exists.]
02-09 04:28:46.155 I/am_wtf ( 1240): [0,1240,system_server,-1,DisplayDeviceConfig,requesting nits when no mapping exists.]
02-09 04:28:46.171 I/am_wtf ( 1240): [0,1240,system_server,-1,DisplayDeviceConfig,requesting nits when no mapping exists.]
02-09 04:28:46.172 I/am_wtf ( 1240): [0,1240,system_server,-1,DisplayDeviceConfig,requesting nits when no mapping exists.]
02-09 04:28:46.188 I/am_wtf ( 1240): [0,1240,system_server,-1,DisplayDeviceConfig,requesting nits when no mapping exists.]
02-09 04:28:46.189 I/am_wtf ( 1240): [0,1240,system_server,-1,DisplayDeviceConfig,requesting nits when no mapping exists.]
02-09 04:28:46.205 I/am_wtf ( 1240): [0,1240,system_server,-1,DisplayDeviceConfig,requesting nits when no mapping exists.]
02-09 04:28:46.206 I/am_wtf ( 1240): [0,1240,system_server,-1,DisplayDeviceConfig,requesting nits when no mapping exists.]
02-09 04:28:46.207 I/service_manager_stats( 1240): [100,34,56739]
02-09 04:28:46.221 I/am_wtf ( 1240): [0,1240,system_server,-1,DisplayDeviceConfig,requesting nits when no mapping exists.]
02-09 04:28:46.222 I/am_wtf ( 1240): [0,1240,system_server,-1,DisplayDeviceConfig,requesting nits when no mapping exists.]
02-09 04:28:46.238 I/am_wtf ( 1240): [0,1240,system_server,-1,DisplayDeviceConfig,requesting nits when no mapping exists.]
02-09 04:28:46.239 I/am_wtf ( 1240): [0,1240,system_server,-1,DisplayDeviceConfig,requesting nits when no mapping exists.]
02-09 04:28:46.254 I/am_wtf ( 1240): [0,1240,system_server,-1,DisplayDeviceConfig,requesting nits when no mapping exists.]
02-09 04:28:46.255 I/am_wtf ( 1240): [0,1240,system_server,-1,DisplayDeviceConfig,requesting nits when no mapping exists.]
02-09 04:28:46.271 I/am_wtf ( 1240): [0,1240,system_server,-1,DisplayDeviceConfig,requesting nits when no mapping exists.]
02-09 04:28:46.272 I/am_wtf ( 1240): [0,1240,system_server,-1,DisplayDeviceConfig,requesting nits when no mapping exists.]
02-09 04:28:46.288 I/am_wtf ( 1240): [0,1240,system_server,-1,DisplayDeviceConfig,requesting nits when no mapping exists.]
02-09 04:28:46.289 I/am_wtf ( 1240): [0,1240,system_server,-1,DisplayDeviceConfig,requesting nits when no mapping exists.]
02-09 04:28:46.305 I/am_wtf ( 1240): [0,1240,system_server,-1,DisplayDeviceConfig,requesting nits when no mapping exists.]
02-09 04:28:46.306 I/am_wtf ( 1240): [0,1240,system_server,-1,DisplayDeviceConfig,requesting nits when no mapping exists.]
02-09 04:28:46.321 I/am_wtf ( 1240): [0,1240,system_server,-1,DisplayDeviceConfig,requesting nits when no mapping exists.]
02-09 04:28:46.322 I/am_wtf ( 1240): [0,1240,system_server,-1,DisplayDeviceConfig,requesting nits when no mapping exists.]
02-09 04:28:46.338 I/am_wtf ( 1240): [0,1240,system_server,-1,DisplayDeviceConfig,requesting nits when no mapping exists.]
02-09 04:28:46.339 I/am_wtf ( 1240): [0,1240,system_server,-1,DisplayDeviceConfig,requesting nits when no mapping exists.]
02-09 04:28:46.355 I/am_wtf ( 1240): [0,1240,system_server,-1,DisplayDeviceConfig,requesting nits when no mapping exists.]
02-09 04:28:46.356 I/am_wtf ( 1240): [0,1240,system_server,-1,DisplayDeviceConfig,requesting nits when no mapping exists.]
02-09 04:28:46.372 I/am_wtf ( 1240): [0,1240,system_server,-1,DisplayDeviceConfig,requesting nits when no mapping exists.]
02-09 04:28:46.373 I/am_wtf ( 1240): [0,1240,system_server,-1,DisplayDeviceConfig,requesting nits when no mapping exists.]
02-09 04:28:46.388 I/am_wtf ( 1240): [0,1240,system_server,-1,DisplayDeviceConfig,requesting nits when no mapping exists.]
02-09 04:28:46.389 I/am_wtf ( 1240): [0,1240,system_server,-1,DisplayDeviceConfig,requesting nits when no mapping exists.]
02-09 04:28:46.405 I/am_wtf ( 1240): [0,1240,system_server,-1,DisplayDeviceConfig,requesting nits when no mapping exists.]
02-09 04:28:46.406 I/am_wtf ( 1240): [0,1240,system_server,-1,DisplayDeviceConfig,requesting nits when no mapping exists.]
02-09 04:28:46.422 I/am_wtf ( 1240): [0,1240,system_server,-1,DisplayDeviceConfig,requesting nits when no mapping exists.]
02-09 04:28:46.422 I/am_wtf ( 1240): [0,1240,system_server,-1,DisplayDeviceConfig,requesting nits when no mapping exists.]
02-09 04:28:46.438 I/am_wtf ( 1240): [0,1240,system_server,-1,DisplayDeviceConfig,requesting nits when no mapping exists.]
02-09 04:28:46.439 I/am_wtf ( 1240): [0,1240,system_server,-1,DisplayDeviceConfig,requesting nits when no mapping exists.]
02-09 04:28:46.455 I/am_wtf ( 1240): [0,1240,system_server,-1,DisplayDeviceConfig,requesting nits when no mapping exists.]
02-09 04:28:46.456 I/am_wtf ( 1240): [0,1240,system_server,-1,DisplayDeviceConfig,requesting nits when no mapping exists.]
02-09 04:28:46.472 I/am_wtf ( 1240): [0,1240,system_server,-1,DisplayDeviceConfig,requesting nits when no mapping exists.]
02-09 04:28:46.473 I/am_wtf ( 1240): [0,1240,system_server,-1,DisplayDeviceConfig,requesting nits when no mapping exists.]
02-09 04:28:46.488 I/am_wtf ( 1240): [0,1240,system_server,-1,DisplayDeviceConfig,requesting nits when no mapping exists.]
02-09 04:28:46.489 I/am_wtf ( 1240): [0,1240,system_server,-1,DisplayDeviceConfig,requesting nits when no mapping exists.]
02-09 04:28:46.505 I/am_wtf ( 1240): [0,1240,system_server,-1,DisplayDeviceConfig,requesting nits when no mapping exists.]
02-09 04:28:46.506 I/am_wtf ( 1240): [0,1240,system_server,-1,DisplayDeviceConfig,requesting nits when no mapping exists.]
02-09 04:28:46.522 I/am_wtf ( 1240): [0,1240,system_server,-1,DisplayDeviceConfig,requesting nits when no mapping exists.]
02-09 04:28:46.522 I/am_wtf ( 1240): [0,1240,system_server,-1,DisplayDeviceConfig,requesting nits when no mapping exists.]
02-09 04:28:46.539 I/am_wtf ( 1240): [0,1240,system_server,-1,DisplayDeviceConfig,requesting nits when no mapping exists.]
02-09 04:28:46.539 I/am_wtf ( 1240): [0,1240,system_server,-1,DisplayDeviceConfig,requesting nits when no mapping exists.]
02-09 04:28:46.555 I/am_wtf ( 1240): [0,1240,system_server,-1,DisplayDeviceConfig,requesting nits when no mapping exists.]
02-09 04:28:46.556 I/am_wtf ( 1240): [0,1240,system_server,-1,DisplayDeviceConfig,requesting nits when no mapping exists.]
02-09 04:28:46.572 I/am_wtf ( 1240): [0,1240,system_server,-1,DisplayDeviceConfig,requesting nits when no mapping exists.]
02-09 04:28:46.573 I/am_wtf ( 1240): [0,1240,system_server,-1,DisplayDeviceConfig,requesting nits when no mapping exists.]
02-09 04:28:46.589 I/am_wtf ( 1240): [0,1240,system_server,-1,DisplayDeviceConfig,requesting nits when no mapping exists.]
02-09 04:28:46.590 I/am_wtf ( 1240): [0,1240,system_server,-1,DisplayDeviceConfig,requesting nits when no mapping exists.]
02-09 04:28:46.605 I/am_wtf ( 1240): [0,1240,system_server,-1,DisplayDeviceConfig,requesting nits when no mapping exists.]
02-09 04:28:46.606 I/am_wtf ( 1240): [0,1240,system_server,-1,DisplayDeviceConfig,requesting nits when no mapping exists.]
02-09 04:28:46.622 I/am_wtf ( 1240): [0,1240,system_server,-1,DisplayDeviceConfig,requesting nits when no mapping exists.]
02-09 04:28:46.623 I/am_wtf ( 1240): [0,1240,system_server,-1,DisplayDeviceConfig,requesting nits when no mapping exists.]
02-09 04:28:46.639 I/am_wtf ( 1240): [0,1240,system_server,-1,DisplayDeviceConfig,requesting nits when no mapping exists.]
02-09 04:28:46.639 I/am_wtf ( 1240): [0,1240,system_server,-1,DisplayDeviceConfig,requesting nits when no mapping exists.]
02-09 04:28:46.656 I/am_wtf ( 1240): [0,1240,system_server,-1,DisplayDeviceConfig,requesting nits when no mapping exists.]
