02-09 04:52:38.648 I/sysui_multi_action( 2005): [757,111,758,2]
02-09 04:52:38.649 I/sysui_multi_action( 2005): [757,111,758,2]
02-09 04:52:38.876 I/input_focus( 1240): [Focus request 406ae97 com.android.music/com.android.music.MusicBrowserActivity,reason=UpdateInputWindows]
02-09 04:52:38.884 I/input_focus( 1240): [Focus leaving 8e4c0d9 NotificationShade (server),reason=NOT_FOCUSABLE]
02-09 04:52:38.884 I/input_focus( 1240): [Focus entering 406ae97 com.android.music/com.android.music.MusicBrowserActivity (server),reason=setFocusedWindow]
02-09 04:52:38.891 I/sysui_multi_action( 1240): [757,128,758,2,793,1841812,794,3457,795,1841812,796,26,798,0,806,android,857,DEVELOPER_IMPORTANT,858,4,947,0,1395,4,1500,1841419,1688,1]
02-09 04:52:38.891 I/notification_visibility( 1240): [-1|android|26|null|1000,0,1841812,1841812,0,0]
02-09 04:52:38.892 I/sysui_multi_action( 1240): [757,128,758,2,793,1836922,794,3457,795,1836922,796,17303299,797,com.android.wifi,798,2,806,android,857,NETWORK_AVAILABLE,858,2,947,0,1395,4,1500,1836722,1688,1]
02-09 04:52:38.892 I/notification_visibility( 1240): [0|android|17303299|com.android.wifi|1000,0,1836922,1836922,0,2]
02-09 04:52:38.892 I/sysui_multi_action( 1240): [757,128,758,2,793,627264,794,3458,795,627264,796,4273,798,1,806,com.android.systemui,857,screen_record,858,3,947,0,1395,4,1500,627062,1688,1,1745,680407814]
02-09 04:52:38.892 I/notification_visibility( 1240): [0|com.android.systemui|4273|null|10080,0,627264,627264,0,1]
02-09 04:52:38.892 I/sysui_multi_action( 1240): [757,128,758,2,793,1842600,794,3457,795,1842600,796,32,798,3,806,android,857,USB,858,1,947,0,1395,4,1500,1842549,1688,1]
02-09 04:52:38.892 I/notification_visibility( 1240): [-1|android|32|null|1000,0,1842600,1842600,0,3]
02-09 04:52:38.893 I/sysui_multi_action( 1240): [757,127,758,2]
02-09 04:52:38.893 I/notification_panel_hidden( 1240):
02-09 04:52:41.076 I/input_interaction( 1240): Interaction with: ba46e9b StatusBar (server), swipe-up (server), edge-swipe (server), PointerEventDispatcher0 (server),
02-09 04:52:41.084 I/sysui_multi_action( 2005): [757,803,799,panel_open,802,1]
02-09 04:52:41.085 I/sysui_multi_action( 2005): [757,1328,758,4,1326,44,1327,4,1329,0]
02-09 04:52:41.142 I/sysui_multi_action( 1240): [757,127,758,1]
02-09 04:52:41.142 I/sysui_multi_action( 1240): [757,804,799,note_load,801,4,802,1]
02-09 04:52:41.142 I/notification_panel_revealed( 1240): 4
02-09 04:52:41.153 I/input_focus( 1240): [Focus request 8e4c0d9 NotificationShade,reason=UpdateInputWindows]
02-09 04:52:41.165 I/sysui_multi_action( 1240): [757,128,758,1,793,1844086,794,0,795,1844086,796,26,798,0,806,android,857,DEVELOPER_IMPORTANT,858,4,947,0,1395,4,1500,1843693,1688,1]
02-09 04:52:41.165 I/sysui_multi_action( 1240): [757,804,799,note_freshness,801,1844086,802,1]
02-09 04:52:41.165 I/notification_visibility( 1240): [-1|android|26|null|1000,1,1844086,1844086,0,0]
02-09 04:52:41.165 I/sysui_multi_action( 1240): [757,128,758,1,793,1839196,794,0,795,1839196,796,17303299,797,com.android.wifi,798,2,806,android,857,NETWORK_AVAILABLE,858,2,947,0,1395,4,1500,1838996,1688,1]
02-09 04:52:41.165 I/sysui_multi_action( 1240): [757,804,799,note_freshness,801,1839196,802,1]
02-09 04:52:41.165 I/notification_visibility( 1240): [0|android|17303299|com.android.wifi|1000,1,1839196,1839196,0,2]
02-09 04:52:41.165 I/sysui_multi_action( 1240): [757,128,758,1,793,629537,794,0,795,629537,796,4273,798,1,806,com.android.systemui,857,screen_record,858,3,947,0,1395,4,1500,629335,1688,1,1745,680407814]
02-09 04:52:41.165 I/sysui_multi_action( 1240): [757,804,799,note_freshness,801,629537,802,1]
02-09 04:52:41.166 I/notification_visibility( 1240): [0|com.android.systemui|4273|null|10080,1,629537,629537,0,1]
02-09 04:52:41.166 I/sysui_multi_action( 1240): [757,128,758,1,793,1844874,794,0,795,1844874,796,32,798,3,806,android,857,USB,858,1,947,0,1395,4,1500,1844823,1688,1]
02-09 04:52:41.166 I/sysui_multi_action( 1240): [757,804,799,note_freshness,801,1844874,802,1]
02-09 04:52:41.166 I/notification_visibility( 1240): [-1|android|32|null|1000,1,1844874,1844874,0,3]
02-09 04:52:41.173 I/input_focus( 1240): [Focus leaving 406ae97 com.android.music/com.android.music.MusicBrowserActivity (server),reason=setFocusedWindow]
02-09 04:52:41.173 I/input_focus( 1240): [Focus entering 8e4c0d9 NotificationShade (server),reason=setFocusedWindow]
02-09 04:52:41.251 I/sysui_multi_action( 2005): [757,111,758,1]
02-09 04:52:41.251 I/sysui_multi_action( 2005): [757,126,758,1,759,126,927,0,928,1,1593,0]
02-09 04:52:41.251 I/sysui_multi_action( 2005): [757,113,758,1,759,113,927,1,928,1,1593,0]
02-09 04:52:41.251 I/sysui_multi_action( 2005): [757,0,758,1,759,0,927,2,928,0,1593,0]
02-09 04:52:41.252 I/sysui_multi_action( 2005): [757,0,758,1,759,0,927,3,928,0,1593,0]
02-09 04:52:41.252 I/sysui_multi_action( 2005): [757,491,758,1,759,491,927,4,928,0,1311,-1,1593,0]
02-09 04:52:41.252 I/sysui_multi_action( 2005): [757,0,758,1,759,0,927,5,928,0,1593,0]
02-09 04:52:41.253 I/sysui_multi_action( 2005): [757,111,758,1]
02-09 04:52:41.253 I/sysui_multi_action( 2005): [757,126,758,1,759,126,927,0,928,1,1593,0]
02-09 04:52:41.253 I/sysui_multi_action( 2005): [757,113,758,1,759,113,927,1,928,1,1593,0]
02-09 04:52:41.253 I/sysui_multi_action( 2005): [757,0,758,1,759,0,927,2,928,0,1593,0]
02-09 04:52:41.253 I/sysui_multi_action( 2005): [757,0,758,1,759,0,927,3,928,0,1593,0]
02-09 04:52:44.708 I/input_interaction( 1240): Interaction with: 8e4c0d9 NotificationShade (server), swipe-up (server), edge-swipe (server), PointerEventDispatcher0 (server),
02-09 04:52:49.076 I/notification_enqueue( 1240): [10088,6394,com.android.music,1,NULL,0,Notification(channel=Channel-music shortcut=null contentView=null vibrate=null sound=null defaults=0x0 flags=0x0 color=0x00000000 category=transport actions=4 vis=PRIVATE),1]
02-09 04:52:49.127 I/snet_event_log( 1240): [172655291,-1,]
02-09 04:52:50.084 I/notification_enqueue( 1240): [10088,6394,com.android.music,1,NULL,0,Notification(channel=Channel-music shortcut=null contentView=null vibrate=null sound=null defaults=0x0 flags=0x2 color=0x00000000 category=transport actions=4 vis=PRIVATE),1]
02-09 04:52:51.496 I/notification_enqueue( 1240): [10088,6394,com.android.music,1,NULL,0,Notification(channel=Channel-music shortcut=null contentView=null vibrate=null sound=null defaults=0x0 flags=0x2 color=0x00000000 category=transport actions=4 vis=PRIVATE),1]
02-09 04:52:51.697 I/sysui_multi_action( 1240): [757,1501,758,1,793,23963,794,0,795,202,796,1,806,com.android.music,857,Channel-music,858,2,947,0,1500,0,1641,transport,1688,1,1745,1043716538]
02-09 04:52:51.698 I/sysui_multi_action( 1240): [757,804,799,note_interruptive,801,0,802,1]
02-09 04:52:58.196 I/notification_enqueue( 1240): [10080,2005,com.android.systemui,2048,NULL,0,Notification(channel=updateNotification shortcut=null contentView=null vibrate=null sound=null defaults=0x0 flags=0x0 color=0x00000000 vis=PRIVATE),1]
02-09 04:52:58.197 I/sysui_multi_action( 2005): [757,111,758,2]
02-09 04:52:58.197 I/sysui_multi_action( 2005): [757,111,758,2]
02-09 04:52:58.419 I/input_focus( 1240): [Focus request 406ae97 com.android.music/com.android.music.MusicBrowserActivity,reason=UpdateInputWindows]
02-09 04:52:58.432 I/input_focus( 1240): [Focus leaving 8e4c0d9 NotificationShade (server),reason=NOT_FOCUSABLE]
02-09 04:52:58.432 I/input_focus( 1240): [Focus entering 406ae97 com.android.music/com.android.music.MusicBrowserActivity (server),reason=setFocusedWindow]
02-09 04:52:58.435 I/sysui_multi_action( 1240): [757,128,758,2,793,1861355,794,17269,795,1861355,796,26,798,0,806,android,857,DEVELOPER_IMPORTANT,858,4,947,0,1395,4,1500,1860962,1688,1]
02-09 04:52:58.435 I/notification_visibility( 1240): [-1|android|26|null|1000,0,1861355,1861355,0,0]
02-09 04:52:58.435 I/sysui_multi_action( 1240): [757,128,758,2,793,1856466,794,17270,795,1856466,796,17303299,797,com.android.wifi,798,2,806,android,857,NETWORK_AVAILABLE,858,2,947,0,1395,4,1500,1856266,1688,1]
02-09 04:52:58.435 I/notification_visibility( 1240): [0|android|17303299|com.android.wifi|1000,0,1856466,1856466,0,2]
02-09 04:52:58.435 I/sysui_multi_action( 1240): [757,128,758,2,793,646807,794,17270,795,646807,796,4273,798,1,806,com.android.systemui,857,screen_record,858,3,947,0,1395,4,1500,646605,1688,1,1745,680407814]
02-09 04:52:58.435 I/notification_visibility( 1240): [0|com.android.systemui|4273|null|10080,0,646807,646807,0,1]
02-09 04:52:58.436 I/sysui_multi_action( 1240): [757,128,758,2,793,1862144,794,17270,795,1862144,796,32,798,3,806,android,857,USB,858,1,947,0,1395,4,1500,1862093,1688,1]
02-09 04:52:58.436 I/notification_visibility( 1240): [-1|android|32|null|1000,0,1862144,1862144,0,3]
02-09 04:52:58.436 I/sysui_multi_action( 1240): [757,127,758,2]
02-09 04:52:58.436 I/notification_panel_hidden( 1240):
02-09 04:53:01.498 I/input_interaction( 1240): Interaction with: 406ae97 com.android.music/com.android.music.MusicBrowserActivity (server), swipe-up (server), edge-swipe (server), PointerEventDispatcher0 (server),
02-09 04:53:01.807 I/notification_enqueue( 1240): [10088,6394,com.android.music,1,NULL,0,Notification(channel=Channel-music shortcut=null contentView=null vibrate=null sound=null defaults=0x0 flags=0x2 color=0x00000000 category=transport actions=4 vis=PRIVATE),1]
02-09 04:53:02.009 I/sysui_multi_action( 1240): [757,1501,758,1,793,34275,794,0,795,203,796,1,806,com.android.music,857,Channel-music,858,2,947,0,1500,0,1641,transport,1688,1,1745,1043716538]
02-09 04:53:02.009 I/sysui_multi_action( 1240): [757,804,799,note_interruptive,801,0,802,1]
02-09 04:53:02.740 I/input_interaction( 1240): Interaction with: 1abb98b com.android.launcher3/com.android.launcher3.uioverrides.QuickstepLauncher (server), f1cc593 com.android.systemui.ImageWallpaper (server), swipe-up (server), edge-swipe (server), PointerEventDispatcher0 (server),
02-09 04:53:02.811 I/sysui_multi_action( 1240): [757,127,758,1]
02-09 04:53:02.811 I/sysui_multi_action( 1240): [757,804,799,note_load,801,4,802,1]
02-09 04:53:02.812 I/notification_panel_revealed( 1240): 4
02-09 04:53:02.824 I/input_focus( 1240): [Focus request 8e4c0d9 NotificationShade,reason=UpdateInputWindows]
02-09 04:53:02.837 I/sysui_multi_action( 1240): [757,128,758,1,793,1865758,794,0,795,1865758,796,26,798,0,806,android,857,DEVELOPER_IMPORTANT,858,4,947,0,1395,4,1500,1865365,1688,1]
02-09 04:53:02.837 I/sysui_multi_action( 1240): [757,804,799,note_freshness,801,1865758,802,1]
02-09 04:53:02.837 I/notification_visibility( 1240): [-1|android|26|null|1000,1,1865758,1865758,0,0]
02-09 04:53:02.838 I/sysui_multi_action( 1240): [757,128,758,1,793,1860869,794,0,795,1860869,796,17303299,797,com.android.wifi,798,2,806,android,857,NETWORK_AVAILABLE,858,2,947,0,1395,4,1500,1860669,1688,1]
02-09 04:53:02.838 I/sysui_multi_action( 1240): [757,804,799,note_freshness,801,1860869,802,1]
02-09 04:53:02.838 I/notification_visibility( 1240): [0|android|17303299|com.android.wifi|1000,1,1860869,1860869,0,2]
02-09 04:53:02.838 I/sysui_multi_action( 1240): [757,128,758,1,793,651210,794,0,795,651210,796,4273,798,1,806,com.android.systemui,857,screen_record,858,3,947,0,1395,4,1500,651008,1688,1,1745,680407814]
02-09 04:53:02.838 I/sysui_multi_action( 1240): [757,804,799,note_freshness,801,651210,802,1]
02-09 04:53:02.838 I/notification_visibility( 1240): [0|com.android.systemui|4273|null|10080,1,651210,651210,0,1]
02-09 04:53:02.838 I/sysui_multi_action( 1240): [757,128,758,1,793,1866546,794,0,795,1866546,796,32,798,3,806,android,857,USB,858,1,947,0,1395,4,1500,1866495,1688,1]
02-09 04:53:02.838 I/sysui_multi_action( 1240): [757,804,799,note_freshness,801,1866546,802,1]
02-09 04:53:02.838 I/notification_visibility( 1240): [-1|android|32|null|1000,1,1866546,1866546,0,3]
02-09 04:53:02.843 I/input_focus( 1240): [Focus leaving 406ae97 com.android.music/com.android.music.MusicBrowserActivity (server),reason=setFocusedWindow]
02-09 04:53:02.843 I/input_focus( 1240): [Focus entering 8e4c0d9 NotificationShade (server),reason=setFocusedWindow]
02-09 04:53:02.847 I/input_interaction( 1240): Interaction with: 1abb98b com.android.launcher3/com.android.launcher3.uioverrides.QuickstepLauncher (server), f1cc593 com.android.systemui.ImageWallpaper (server), 8e4c0d9 NotificationShade (server), swipe-up (server), edge-swipe (server), PointerEventDispatcher0 (server),
02-09 04:53:02.847 I/view_enqueue_input_event( 6009): [Motion - Cancel,com.android.launcher3/com.android.launcher3.uioverrides.QuickstepLauncher]
02-09 04:53:02.859 I/input_interaction( 1240): Interaction with: f1cc593 com.android.systemui.ImageWallpaper (server), 8e4c0d9 NotificationShade (server), swipe-up (server), edge-swipe (server), PointerEventDispatcher0 (server),
02-09 04:53:02.874 I/input_focus( 1240): [Focus request 406ae97 com.android.music/com.android.music.MusicBrowserActivity,reason=UpdateInputWindows]
02-09 04:53:02.892 I/input_focus( 1240): [Focus request 8e4c0d9 NotificationShade,reason=UpdateInputWindows]
02-09 04:53:02.893 I/input_focus( 1240): [Focus leaving 8e4c0d9 NotificationShade (server),reason=NOT_FOCUSABLE]
02-09 04:53:02.893 I/input_focus( 1240): [Focus entering 406ae97 com.android.music/com.android.music.MusicBrowserActivity (server),reason=setFocusedWindow]
02-09 04:53:02.909 I/input_focus( 1240): [Focus leaving 406ae97 com.android.music/com.android.music.MusicBrowserActivity (server),reason=setFocusedWindow]
02-09 04:53:02.909 I/input_focus( 1240): [Focus entering 8e4c0d9 NotificationShade (server),reason=setFocusedWindow]
02-09 04:53:02.920 I/sysui_multi_action( 2005): [757,111,758,1]
02-09 04:53:02.920 I/sysui_multi_action( 2005): [757,126,758,1,759,126,927,0,928,1,1593,0]
02-09 04:53:02.920 I/sysui_multi_action( 2005): [757,113,758,1,759,113,927,1,928,1,1593,0]
02-09 04:53:02.920 I/sysui_multi_action( 2005): [757,0,758,1,759,0,927,2,928,0,1593,0]
02-09 04:53:02.920 I/sysui_multi_action( 2005): [757,0,758,1,759,0,927,3,928,0,1593,0]
02-09 04:53:02.920 I/sysui_multi_action( 2005): [757,491,758,1,759,491,927,4,928,0,1311,-1,1593,0]
02-09 04:53:02.921 I/sysui_multi_action( 2005): [757,0,758,1,759,0,927,5,928,0,1593,0]
02-09 04:53:02.921 I/sysui_multi_action( 2005): [757,111,758,1]
02-09 04:53:02.921 I/sysui_multi_action( 2005): [757,126,758,1,759,126,927,0,928,1,1593,0]
02-09 04:53:02.921 I/sysui_multi_action( 2005): [757,113,758,1,759,113,927,1,928,1,1593,0]
02-09 04:53:02.921 I/sysui_multi_action( 2005): [757,0,758,1,759,0,927,2,928,0,1593,0]
02-09 04:53:02.921 I/sysui_multi_action( 2005): [757,0,758,1,759,0,927,3,928,0,1593,0]
02-09 04:53:05.037 I/input_interaction( 1240): Interaction with: 8e4c0d9 NotificationShade (server), swipe-up (server), edge-swipe (server), PointerEventDispatcher0 (server),
02-09 04:53:06.348 I/notification_enqueue( 1240): [10080,2005,com.android.systemui,2048,NULL,0,Notification(channel=updateNotification shortcut=null contentView=null vibrate=null sound=null defaults=0x0 flags=0x0 color=0x00000000 vis=PRIVATE),1]
02-09 04:53:06.349 I/sysui_multi_action( 2005): [757,111,758,2]
02-09 04:53:06.350 I/sysui_multi_action( 2005): [757,111,758,2]
02-09 04:53:06.563 I/input_focus( 1240): [Focus request 406ae97 com.android.music/com.android.music.MusicBrowserActivity,reason=UpdateInputWindows]
02-09 04:53:06.569 I/input_focus( 1240): [Focus leaving 8e4c0d9 NotificationShade (server),reason=NOT_FOCUSABLE]
02-09 04:53:06.570 I/input_focus( 1240): [Focus entering 406ae97 com.android.music/com.android.music.MusicBrowserActivity (server),reason=setFocusedWindow]
02-09 04:53:06.573 I/sysui_multi_action( 1240): [757,128,758,2,793,1869494,794,3736,795,1869494,796,26,798,0,806,android,857,DEVELOPER_IMPORTANT,858,4,947,0,1395,4,1500,1869101,1688,1]
02-09 04:53:06.574 I/notification_visibility( 1240): [-1|android|26|null|1000,0,1869494,1869494,0,0]
02-09 04:53:06.574 I/sysui_multi_action( 1240): [757,128,758,2,793,1864605,794,3736,795,1864605,796,17303299,797,com.android.wifi,798,2,806,android,857,NETWORK_AVAILABLE,858,2,947,0,1395,4,1500,1864405,1688,1]
02-09 04:53:06.574 I/notification_visibility( 1240): [0|android|17303299|com.android.wifi|1000,0,1864605,1864605,0,2]
02-09 04:53:06.574 I/sysui_multi_action( 1240): [757,128,758,2,793,654946,794,3736,795,654946,796,4273,798,1,806,com.android.systemui,857,screen_record,858,3,947,0,1395,4,1500,654744,1688,1,1745,680407814]
02-09 04:53:06.574 I/notification_visibility( 1240): [0|com.android.systemui|4273|null|10080,0,654946,654946,0,1]
02-09 04:53:06.575 I/sysui_multi_action( 1240): [757,128,758,2,793,1870282,794,3736,795,1870282,796,32,798,3,806,android,857,USB,858,1,947,0,1395,4,1500,1870231,1688,1]
02-09 04:53:06.575 I/notification_visibility( 1240): [-1|android|32|null|1000,0,1870282,1870282,0,3]
02-09 04:53:06.575 I/sysui_multi_action( 1240): [757,127,758,2]
02-09 04:53:06.575 I/notification_panel_hidden( 1240):
02-09 04:53:08.515 I/input_interaction( 1240): Interaction with: ba46e9b StatusBar (server), swipe-up (server), edge-swipe (server), PointerEventDispatcher0 (server),
02-09 04:53:08.521 I/sysui_multi_action( 2005): [757,803,799,panel_open,802,1]
02-09 04:53:08.523 I/sysui_multi_action( 2005): [757,1328,758,4,1326,33,1327,0,1329,0]
02-09 04:53:08.592 I/sysui_multi_action( 1240): [757,127,758,1]
02-09 04:53:08.592 I/sysui_multi_action( 1240): [757,804,799,note_load,801,4,802,1]
02-09 04:53:08.592 I/notification_panel_revealed( 1240): 4
02-09 04:53:08.603 I/input_focus( 1240): [Focus request 8e4c0d9 NotificationShade,reason=UpdateInputWindows]
02-09 04:53:08.618 I/sysui_multi_action( 1240): [757,128,758,1,793,1871539,794,0,795,1871539,796,26,798,0,806,android,857,DEVELOPER_IMPORTANT,858,4,947,0,1395,4,1500,1871146,1688,1]
02-09 04:53:08.618 I/sysui_multi_action( 1240): [757,804,799,note_freshness,801,1871539,802,1]
02-09 04:53:08.618 I/notification_visibility( 1240): [-1|android|26|null|1000,1,1871539,1871539,0,0]
02-09 04:53:08.618 I/sysui_multi_action( 1240): [757,128,758,1,793,1866649,794,0,795,1866649,796,17303299,797,com.android.wifi,798,2,806,android,857,NETWORK_AVAILABLE,858,2,947,0,1395,4,1500,1866449,1688,1]
02-09 04:53:08.618 I/sysui_multi_action( 1240): [757,804,799,note_freshness,801,1866649,802,1]
02-09 04:53:08.619 I/notification_visibility( 1240): [0|android|17303299|com.android.wifi|1000,1,1866649,1866649,0,2]
02-09 04:53:08.619 I/sysui_multi_action( 1240): [757,128,758,1,793,656991,794,0,795,656991,796,4273,798,1,806,com.android.systemui,857,screen_record,858,3,947,0,1395,4,1500,656789,1688,1,1745,680407814]
02-09 04:53:08.619 I/sysui_multi_action( 1240): [757,804,799,note_freshness,801,656991,802,1]
02-09 04:53:08.619 I/notification_visibility( 1240): [0|com.android.systemui|4273|null|10080,1,656991,656991,0,1]
02-09 04:53:08.619 I/sysui_multi_action( 1240): [757,128,758,1,793,1872327,794,0,795,1872327,796,32,798,3,806,android,857,USB,858,1,947,0,1395,4,1500,1872276,1688,1]
02-09 04:53:08.619 I/sysui_multi_action( 1240): [757,804,799,note_freshness,801,1872327,802,1]
02-09 04:53:08.619 I/notification_visibility( 1240): [-1|android|32|null|1000,1,1872327,1872327,0,3]
02-09 04:53:08.627 I/input_focus( 1240): [Focus leaving 406ae97 com.android.music/com.android.music.MusicBrowserActivity (server),reason=setFocusedWindow]
02-09 04:53:08.627 I/input_focus( 1240): [Focus entering 8e4c0d9 NotificationShade (server),reason=setFocusedWindow]
02-09 04:53:08.700 I/sysui_multi_action( 2005): [757,111,758,1]
02-09 04:53:08.700 I/sysui_multi_action( 2005): [757,126,758,1,759,126,927,0,928,1,1593,0]
02-09 04:53:08.701 I/sysui_multi_action( 2005): [757,113,758,1,759,113,927,1,928,1,1593,0]
02-09 04:53:08.701 I/sysui_multi_action( 2005): [757,0,758,1,759,0,927,2,928,0,1593,0]
02-09 04:53:08.701 I/sysui_multi_action( 2005): [757,0,758,1,759,0,927,3,928,0,1593,0]
02-09 04:53:08.701 I/sysui_multi_action( 2005): [757,491,758,1,759,491,927,4,928,0,1311,-1,1593,0]
02-09 04:53:08.701 I/sysui_multi_action( 2005): [757,0,758,1,759,0,927,5,928,0,1593,0]
02-09 04:53:08.702 I/sysui_multi_action( 2005): [757,111,758,1]
02-09 04:53:08.702 I/sysui_multi_action( 2005): [757,126,758,1,759,126,927,0,928,1,1593,0]
02-09 04:53:08.702 I/sysui_multi_action( 2005): [757,113,758,1,759,113,927,1,928,1,1593,0]
02-09 04:53:08.702 I/sysui_multi_action( 2005): [757,0,758,1,759,0,927,2,928,0,1593,0]
02-09 04:53:08.702 I/sysui_multi_action( 2005): [757,0,758,1,759,0,927,3,928,0,1593,0]
02-09 04:53:10.741 I/input_interaction( 1240): Interaction with: 8e4c0d9 NotificationShade (server), swipe-up (server), edge-swipe (server), PointerEventDispatcher0 (server),
02-09 04:53:11.243 I/notification_enqueue( 1240): [10080,2005,com.android.systemui,2048,NULL,0,Notification(channel=updateNotification shortcut=null contentView=null vibrate=null sound=null defaults=0x0 flags=0x0 color=0x00000000 vis=PRIVATE),1]
02-09 04:53:11.243 I/sysui_multi_action( 2005): [757,111,758,2]
02-09 04:53:11.244 I/sysui_multi_action( 2005): [757,111,758,2]
02-09 04:53:11.456 I/input_focus( 1240): [Focus request 406ae97 com.android.music/com.android.music.MusicBrowserActivity,reason=UpdateInputWindows]
02-09 04:53:11.463 I/input_focus( 1240): [Focus leaving 8e4c0d9 NotificationShade (server),reason=NOT_FOCUSABLE]
02-09 04:53:11.463 I/input_focus( 1240): [Focus entering 406ae97 com.android.music/com.android.music.MusicBrowserActivity (server),reason=setFocusedWindow]
02-09 04:53:11.466 I/sysui_multi_action( 1240): [757,128,758,2,793,1874387,794,2848,795,1874387,796,26,798,0,806,android,857,DEVELOPER_IMPORTANT,858,4,947,0,1395,4,1500,1873994,1688,1]
02-09 04:53:11.466 I/notification_visibility( 1240): [-1|android|26|null|1000,0,1874387,1874387,0,0]
02-09 04:53:11.466 I/sysui_multi_action( 1240): [757,128,758,2,793,1869497,794,2848,795,1869497,796,17303299,797,com.android.wifi,798,2,806,android,857,NETWORK_AVAILABLE,858,2,947,0,1395,4,1500,1869297,1688,1]
02-09 04:53:11.466 I/notification_visibility( 1240): [0|android|17303299|com.android.wifi|1000,0,1869497,1869497,0,2]
02-09 04:53:11.466 I/sysui_multi_action( 1240): [757,128,758,2,793,659838,794,2847,795,659838,796,4273,798,1,806,com.android.systemui,857,screen_record,858,3,947,0,1395,4,1500,659636,1688,1,1745,680407814]
02-09 04:53:11.467 I/notification_visibility( 1240): [0|com.android.systemui|4273|null|10080,0,659838,659838,0,1]
02-09 04:53:11.467 I/sysui_multi_action( 1240): [757,128,758,2,793,1875175,794,2848,795,1875175,796,32,798,3,806,android,857,USB,858,1,947,0,1395,4,1500,1875124,1688,1]
02-09 04:53:11.467 I/notification_visibility( 1240): [-1|android|32|null|1000,0,1875175,1875175,0,3]
02-09 04:53:11.467 I/sysui_multi_action( 1240): [757,127,758,2]
02-09 04:53:11.468 I/notification_panel_hidden( 1240):
02-09 04:53:12.311 I/input_interaction( 1240): Interaction with: 406ae97 com.android.music/com.android.music.MusicBrowserActivity (server), swipe-up (server), edge-swipe (server), PointerEventDispatcher0 (server),
02-09 04:53:12.636 I/notification_enqueue( 1240): [10088,6394,com.android.music,1,NULL,0,Notification(channel=Channel-music shortcut=null contentView=null vibrate=null sound=null defaults=0x0 flags=0x2 color=0x00000000 category=transport actions=4 vis=PRIVATE),1]
02-09 04:53:12.837 I/sysui_multi_action( 1240): [757,1501,758,1,793,45103,794,0,795,202,796,1,806,com.android.music,857,Channel-music,858,2,947,0,1500,0,1641,transport,1688,1,1745,1043716538]
02-09 04:53:12.837 I/sysui_multi_action( 1240): [757,804,799,note_interruptive,801,0,802,1]
02-09 04:53:13.805 I/input_interaction( 1240): Interaction with: ba46e9b StatusBar (server), swipe-up (server), edge-swipe (server), PointerEventDispatcher0 (server),
02-09 04:53:13.812 I/sysui_multi_action( 2005): [757,803,799,panel_open,802,1]
02-09 04:53:13.813 I/sysui_multi_action( 2005): [757,1328,758,4,1326,34,1327,5,1329,0]
02-09 04:53:13.853 I/sysui_multi_action( 1240): [757,127,758,1]
02-09 04:53:13.853 I/sysui_multi_action( 1240): [757,804,799,note_load,801,4,802,1]
02-09 04:53:13.853 I/notification_panel_revealed( 1240): 4
02-09 04:53:13.867 I/input_focus( 1240): [Focus request 8e4c0d9 NotificationShade,reason=UpdateInputWindows]
02-09 04:53:13.880 I/sysui_multi_action( 1240): [757,128,758,1,793,1876801,794,0,795,1876801,796,26,798,0,806,android,857,DEVELOPER_IMPORTANT,858,4,947,0,1395,4,1500,1876408,1688,1]
02-09 04:53:13.880 I/sysui_multi_action( 1240): [757,804,799,note_freshness,801,1876801,802,1]
02-09 04:53:13.880 I/notification_visibility( 1240): [-1|android|26|null|1000,1,1876801,1876801,0,0]
02-09 04:53:13.881 I/sysui_multi_action( 1240): [757,128,758,1,793,1871912,794,0,795,1871912,796,17303299,797,com.android.wifi,798,2,806,android,857,NETWORK_AVAILABLE,858,2,947,0,1395,4,1500,1871712,1688,1]
02-09 04:53:13.881 I/sysui_multi_action( 1240): [757,804,799,note_freshness,801,1871912,802,1]
02-09 04:53:13.881 I/notification_visibility( 1240): [0|android|17303299|com.android.wifi|1000,1,1871912,1871912,0,2]
02-09 04:53:13.881 I/sysui_multi_action( 1240): [757,128,758,1,793,662253,794,0,795,662253,796,4273,798,1,806,com.android.systemui,857,screen_record,858,3,947,0,1395,4,1500,662051,1688,1,1745,680407814]
02-09 04:53:13.881 I/sysui_multi_action( 1240): [757,804,799,note_freshness,801,662253,802,1]
02-09 04:53:13.881 I/notification_visibility( 1240): [0|com.android.systemui|4273|null|10080,1,662253,662253,0,1]
02-09 04:53:13.881 I/sysui_multi_action( 1240): [757,128,758,1,793,1877589,794,0,795,1877589,796,32,798,3,806,android,857,USB,858,1,947,0,1395,4,1500,1877538,1688,1]
02-09 04:53:13.881 I/sysui_multi_action( 1240): [757,804,799,note_freshness,801,1877589,802,1]
02-09 04:53:13.881 I/notification_visibility( 1240): [-1|android|32|null|1000,1,1877589,1877589,0,3]
02-09 04:53:13.886 I/input_focus( 1240): [Focus leaving 406ae97 com.android.music/com.android.music.MusicBrowserActivity (server),reason=setFocusedWindow]
02-09 04:53:13.886 I/input_focus( 1240): [Focus entering 8e4c0d9 NotificationShade (server),reason=setFocusedWindow]
02-09 04:53:13.913 I/service_manager_stats( 1240): [100,59,53168]
02-09 04:53:13.913 I/sysui_multi_action( 2005): [757,111,758,1]
02-09 04:53:13.913 I/sysui_multi_action( 2005): [757,126,758,1,759,126,927,0,928,1,1593,0]
02-09 04:53:13.913 I/sysui_multi_action( 2005): [757,113,758,1,759,113,927,1,928,1,1593,0]
02-09 04:53:13.913 I/sysui_multi_action( 2005): [757,0,758,1,759,0,927,2,928,0,1593,0]
02-09 04:53:13.913 I/sysui_multi_action( 2005): [757,0,758,1,759,0,927,3,928,0,1593,0]
02-09 04:53:13.914 I/sysui_multi_action( 2005): [757,491,758,1,759,491,927,4,928,0,1311,-1,1593,0]
02-09 04:53:13.914 I/sysui_multi_action( 2005): [757,0,758,1,759,0,927,5,928,0,1593,0]
02-09 04:53:13.914 I/sysui_multi_action( 2005): [757,111,758,1]
02-09 04:53:13.914 I/sysui_multi_action( 2005): [757,126,758,1,759,126,927,0,928,1,1593,0]
02-09 04:53:13.914 I/sysui_multi_action( 2005): [757,113,758,1,759,113,927,1,928,1,1593,0]
02-09 04:53:13.914 I/sysui_multi_action( 2005): [757,0,758,1,759,0,927,2,928,0,1593,0]
02-09 04:53:13.915 I/sysui_multi_action( 2005): [757,0,758,1,759,0,927,3,928,0,1593,0]
02-09 04:53:16.760 I/input_interaction( 1240): Interaction with: 8e4c0d9 NotificationShade (server), swipe-up (server), edge-swipe (server), PointerEventDispatcher0 (server),
02-09 04:53:17.444 I/sysui_multi_action( 1240): [757,128,758,2,793,1875475,794,3563,795,1875475,796,17303299,797,com.android.wifi,798,2,806,android,857,NETWORK_AVAILABLE,858,2,947,0,1395,4,1500,1875275,1688,1]
02-09 04:53:17.445 I/notification_visibility( 1240): [0|android|17303299|com.android.wifi|1000,0,1875475,1875475,0,2]
02-09 04:53:17.445 I/sysui_multi_action( 1240): [757,128,758,2,793,1881153,794,3564,795,1881153,796,32,798,3,806,android,857,USB,858,1,947,0,1395,4,1500,1881102,1688,1]
02-09 04:53:17.445 I/notification_visibility( 1240): [-1|android|32|null|1000,0,1881153,1881153,0,3]
02-09 04:53:18.057 I/sysui_multi_action( 2005): [757,409,758,4,759,1]
02-09 04:53:18.452 I/sysui_multi_action( 1240): [757,128,758,3,793,666824,794,4571,795,666824,796,4273,806,com.android.systemui,857,screen_record,858,3,947,0,1500,666622,1688,1,1745,680407814]
02-09 04:53:19.355 I/sysui_multi_action( 1240): [757,129,758,4,759,0,793,667727,794,5474,795,667727,796,4273,798,2,806,com.android.systemui,857,screen_record,858,3,947,0,1395,4,1500,667525,1600,0,1601,0,1629,3,1688,1,1745,680407814]
02-09 04:53:19.356 I/notification_action_clicked( 1240): [0|com.android.systemui|4273|null|10080,0,667727,667727,5474,2,4]
02-09 04:53:19.371 I/am_pss ( 1240): [6394,10088,com.android.music,53016576,45309952,0,183476224,0,2,8]
02-09 04:53:19.378 I/am_pss ( 1240): [7070,10064,com.android.gallery3d,7408640,5140480,0,93536256,0,19,6]
02-09 04:53:19.380 I/wm_task_created( 1240): [87,-1]
02-09 04:53:19.382 I/wm_task_moved( 1240): [87,1,7]
02-09 04:53:19.382 I/wm_task_to_front( 1240): [0,87]
02-09 04:53:19.382 I/wm_create_task( 1240): [0,87]
02-09 04:53:19.382 I/wm_create_activity( 1240): [0,249747146,87,android/com.android.internal.app.ChooserActivity,android.intent.action.CHOOSER,NULL,NULL,276824064]
02-09 04:53:19.382 I/wm_task_moved( 1240): [87,1,7]
02-09 04:53:19.382 I/wm_on_top_resumed_lost_called( 6394): [238958126,com.android.music.MusicBrowserActivity,topStateChangedWhenResumed]
02-09 04:53:19.383 I/wm_pause_activity( 1240): [0,208887896,com.android.launcher3/.uioverrides.QuickstepLauncher,userLeaving=true,pauseBackTasks]
02-09 04:53:19.384 I/wm_on_paused_called( 6009): [208887896,com.android.launcher3.uioverrides.QuickstepLauncher,performPause]
02-09 04:53:19.385 I/sysui_multi_action( 1240): [757,128,758,5,759,8,793,667757,794,5504,795,667757,796,4273,806,com.android.systemui,857,screen_record,858,3,947,0,1500,667555,1688,1,1745,680407814]
02-09 04:53:19.385 I/notification_canceled( 1240): [0|com.android.systemui|4273|null|10080,8,667757,667757,5504,-1,-1,NULL]
02-09 04:53:19.385 I/am_pss ( 1240): [7042,10024,com.android.documentsui,11127808,8302592,0,105873408,0,19,6]
02-09 04:53:19.389 I/sysui_multi_action( 1240): [757,803,799,window_time_0,802,153]
02-09 04:53:19.392 I/am_pss ( 1240): [7018,1000,com.android.settings,20227072,13176832,0,122023936,0,19,6]
02-09 04:53:19.394 I/am_proc_start( 1240): [0,7310,1000,android:ui,pre-top-activity,{android/com.android.internal.app.ChooserActivity}]
02-09 04:53:19.413 I/am_proc_bound( 1240): [0,7310,android:ui]
02-09 04:53:19.414 I/input_focus( 1240): [Focus request 406ae97 com.android.music/com.android.music.MusicBrowserActivity,reason=UpdateInputWindows]
02-09 04:53:19.416 I/wm_restart_activity( 1240): [0,249747146,87,android/com.android.internal.app.ChooserActivity]
02-09 04:53:19.418 I/wm_set_resumed_activity( 1240): [0,android/com.android.internal.app.ChooserActivity,minimalResumeActivityLocked]
02-09 04:53:19.425 I/am_uid_active( 1240): 10063
02-09 04:53:19.429 I/input_focus( 1240): [Focus leaving 8e4c0d9 NotificationShade (server),reason=NOT_FOCUSABLE]
02-09 04:53:19.429 I/input_focus( 1240): [Focus entering 406ae97 com.android.music/com.android.music.MusicBrowserActivity (server),reason=setFocusedWindow]
02-09 04:53:19.452 I/sysui_multi_action( 7310): [757,453,758,4,806,android.intent.action.SEND:video/mp4:]
02-09 04:53:19.452 I/sysui_multi_action( 7310): [757,214,758,4,759,1,1649,video/mp4,1653,16]
02-09 04:53:19.455 I/wm_on_create_called( 7310): [249747146,com.android.internal.app.ChooserActivity,performCreate]
02-09 04:53:19.457 I/wm_on_start_called( 7310): [249747146,com.android.internal.app.ChooserActivity,handleStartActivity]
02-09 04:53:19.457 I/wm_on_resume_called( 7310): [249747146,com.android.internal.app.ChooserActivity,RESUME_ACTIVITY]
02-09 04:53:19.461 I/wm_on_top_resumed_gained_called( 7310): [249747146,com.android.internal.app.ChooserActivity,topStateChangedWhenResumed]
02-09 04:53:19.470 I/input_focus( 1240): [Focus request c435f34 android/com.android.internal.app.ChooserActivity,reason=UpdateInputWindows]
02-09 04:53:19.483 I/sysui_multi_action( 1240): [757,128,758,1,793,1877514,794,0,795,1877514,796,17303299,797,com.android.wifi,798,1,806,android,857,NETWORK_AVAILABLE,858,2,947,0,1395,3,1500,1877314,1688,1]
02-09 04:53:19.483 I/sysui_multi_action( 1240): [757,804,799,note_freshness,801,1877514,802,1]
02-09 04:53:19.483 I/notification_visibility( 1240): [0|android|17303299|com.android.wifi|1000,1,1877514,1877514,0,1]
02-09 04:53:19.483 I/sysui_multi_action( 1240): [757,128,758,1,793,1883191,794,0,795,1883191,796,32,798,2,806,android,857,USB,858,1,947,0,1395,3,1500,1883140,1688,1]
02-09 04:53:19.483 I/sysui_multi_action( 1240): [757,804,799,note_freshness,801,1883191,802,1]
02-09 04:53:19.483 I/notification_visibility( 1240): [-1|android|32|null|1000,1,1883191,1883191,0,2]
02-09 04:53:19.497 I/input_focus( 1240): [Focus leaving 406ae97 com.android.music/com.android.music.MusicBrowserActivity (server),reason=Waiting for window because NOT_VISIBLE]
02-09 04:53:19.513 I/sysui_multi_action( 1240): [319,138,322,137,325,1894,757,761,758,7,759,2,806,android,871,com.android.internal.app.ChooserActivity,904,com.android.systemui,905,0,945,40,1320,12,1321,1]
02-09 04:53:19.514 I/wm_activity_launch_time( 1240): [0,249747146,android/com.android.internal.app.ChooserActivity,137]
02-09 04:53:19.529 I/input_focus( 1240): [Focus entering c435f34 android/com.android.internal.app.ChooserActivity (server),reason=Window became focusable. Previous reason: NOT_VISIBLE]
02-09 04:53:19.713 I/notification_enqueue( 1240): [10080,2005,com.android.systemui,2048,NULL,0,Notification(channel=updateNotification shortcut=null contentView=null vibrate=null sound=null defaults=0x0 flags=0x0 color=0x00000000 vis=PRIVATE),1]
02-09 04:53:19.714 I/sysui_multi_action( 2005): [757,111,758,2]
02-09 04:53:19.714 I/sysui_multi_action( 2005): [757,111,758,2]
02-09 04:53:19.762 I/sysui_multi_action( 7310): [757,1719,758,4,759,300]
02-09 04:53:19.923 I/sysui_multi_action( 1240): [757,128,758,2,793,1882844,794,6043,795,1882844,796,26,798,0,806,android,857,DEVELOPER_IMPORTANT,858,4,947,0,1395,3,1500,1882451,1688,1]
02-09 04:53:19.923 I/notification_visibility( 1240): [-1|android|26|null|1000,0,1882844,1882844,0,0]
02-09 04:53:19.923 I/sysui_multi_action( 1240): [757,128,758,2,793,1877954,794,440,795,1877954,796,17303299,797,com.android.wifi,798,1,806,android,857,NETWORK_AVAILABLE,858,2,947,0,1395,3,1500,1877754,1688,1]
02-09 04:53:19.923 I/notification_visibility( 1240): [0|android|17303299|com.android.wifi|1000,0,1877954,1877954,0,1]
02-09 04:53:19.923 I/sysui_multi_action( 1240): [757,128,758,2,793,1883631,794,440,795,1883631,796,32,798,2,806,android,857,USB,858,1,947,0,1395,3,1500,1883580,1688,1]
02-09 04:53:19.923 I/notification_visibility( 1240): [-1|android|32|null|1000,0,1883631,1883631,0,2]
02-09 04:53:19.924 I/sysui_multi_action( 1240): [757,127,758,2]
02-09 04:53:19.924 I/notification_panel_hidden( 1240):
02-09 04:53:20.463 I/sysui_multi_action( 7310): [757,1719,758,4,759,1001]
02-09 04:53:21.438 I/input_interaction( 1240): Interaction with: c435f34 android/com.android.internal.app.ChooserActivity (server), swipe-up (server), edge-swipe (server), PointerEventDispatcher0 (server),
02-09 04:53:21.588 I/wm_finish_activity( 1240): [0,249747146,87,android/com.android.internal.app.ChooserActivity,app-request]
02-09 04:53:21.589 I/wm_task_moved( 1240): [86,1,7]
02-09 04:53:21.589 I/wm_task_to_front( 1240): [0,86]
02-09 04:53:21.592 I/wm_set_resumed_activity( 1240): [0,com.android.music/.MusicBrowserActivity,positionChildAt]
02-09 04:53:21.592 I/wm_focused_root_task( 1240): [0,0,86,87,finish-top adjustFocusToNextFocusableTask]
02-09 04:53:21.592 I/wm_set_resumed_activity( 1240): [0,com.android.music/.MusicBrowserActivity,finish-top]
02-09 04:53:21.601 I/wm_pause_activity( 1240): [0,249747146,android/com.android.internal.app.ChooserActivity,userLeaving=false,finish]
02-09 04:53:21.607 I/wm_on_top_resumed_lost_called( 7310): [249747146,com.android.internal.app.ChooserActivity,topStateChangedWhenResumed]
02-09 04:53:21.607 I/input_focus( 1240): [Focus request 406ae97 com.android.music/com.android.music.MusicBrowserActivity,reason=UpdateInputWindows]
02-09 04:53:21.607 I/wm_on_paused_called( 7310): [249747146,com.android.internal.app.ChooserActivity,performPause]
02-09 04:53:21.609 I/wm_on_top_resumed_gained_called( 6394): [238958126,com.android.music.MusicBrowserActivity,topStateChangedWhenResumed]
02-09 04:53:21.613 I/wm_resume_activity( 1240): [0,208887896,61,com.android.launcher3/.uioverrides.QuickstepLauncher]
02-09 04:53:21.614 I/wm_on_resume_called( 6009): [208887896,com.android.launcher3.uioverrides.QuickstepLauncher,RESUME_ACTIVITY]
02-09 04:53:21.623 I/input_focus( 1240): [Focus leaving c435f34 android/com.android.internal.app.ChooserActivity (server),reason=NO_WINDOW]
02-09 04:53:21.623 I/input_focus( 1240): [Focus entering 406ae97 com.android.music/com.android.music.MusicBrowserActivity (server),reason=setFocusedWindow]
02-09 04:53:21.632 I/sysui_multi_action( 1240): [757,803,799,window_time_0,802,3]
02-09 04:53:21.680 I/wm_destroy_activity( 1240): [0,249747146,87,android/com.android.internal.app.ChooserActivity,finish-idle]
02-09 04:53:21.685 I/wm_on_stop_called( 7310): [249747146,com.android.internal.app.ChooserActivity,LIFECYCLER_STOP_ACTIVITY]
02-09 04:53:21.685 I/wm_on_destroy_called( 7310): [249747146,com.android.internal.app.ChooserActivity,performDestroy]
02-09 04:53:21.884 I/wm_task_removed( 1240): [87,removeChild:removeChild last r=ActivityRecord{ee2d6ca u0 android/com.android.internal.app.ChooserActivity t-1 f}} in t=Task{d9f60cc #87 type=standard A=1000:android U=0 visible=false mode=fullscreen translucent=true sz=0}]
02-09 04:53:21.884 I/wm_task_removed( 1240): [87,removeChild]
02-09 04:53:22.893 I/input_interaction( 1240): Interaction with: ba46e9b StatusBar (server), swipe-up (server), edge-swipe (server), PointerEventDispatcher0 (server),
02-09 04:53:22.899 I/sysui_multi_action( 2005): [757,803,799,panel_open,802,1]
02-09 04:53:22.900 I/sysui_multi_action( 2005): [757,1328,758,4,1326,26,1327,2,1329,0]
02-09 04:53:22.940 I/sysui_multi_action( 1240): [757,127,758,1]
02-09 04:53:22.940 I/sysui_multi_action( 1240): [757,804,799,note_load,801,3,802,1]
02-09 04:53:22.940 I/notification_panel_revealed( 1240): 3
02-09 04:53:22.949 I/input_focus( 1240): [Focus request 8e4c0d9 NotificationShade,reason=UpdateInputWindows]
02-09 04:53:22.963 I/sysui_multi_action( 1240): [757,128,758,1,793,1885884,794,0,795,1885884,796,26,798,0,806,android,857,DEVELOPER_IMPORTANT,858,4,947,0,1395,3,1500,1885491,1688,1]
02-09 04:53:22.963 I/sysui_multi_action( 1240): [757,804,799,note_freshness,801,1885884,802,1]
02-09 04:53:22.963 I/notification_visibility( 1240): [-1|android|26|null|1000,1,1885884,1885884,0,0]
02-09 04:53:22.964 I/sysui_multi_action( 1240): [757,128,758,1,793,1880995,794,0,795,1880995,796,17303299,797,com.android.wifi,798,1,806,android,857,NETWORK_AVAILABLE,858,2,947,0,1395,3,1500,1880795,1688,1]
02-09 04:53:22.964 I/sysui_multi_action( 1240): [757,804,799,note_freshness,801,1880995,802,1]
02-09 04:53:22.964 I/notification_visibility( 1240): [0|android|17303299|com.android.wifi|1000,1,1880995,1880995,0,1]
02-09 04:53:22.964 I/sysui_multi_action( 1240): [757,128,758,1,793,1886672,794,0,795,1886672,796,32,798,2,806,android,857,USB,858,1,947,0,1395,3,1500,1886621,1688,1]
02-09 04:53:22.964 I/sysui_multi_action( 1240): [757,804,799,note_freshness,801,1886672,802,1]
02-09 04:53:22.964 I/notification_visibility( 1240): [-1|android|32|null|1000,1,1886672,1886672,0,2]
02-09 04:53:22.974 I/input_focus( 1240): [Focus leaving 406ae97 com.android.music/com.android.music.MusicBrowserActivity (server),reason=setFocusedWindow]
02-09 04:53:22.974 I/input_focus( 1240): [Focus entering 8e4c0d9 NotificationShade (server),reason=setFocusedWindow]
02-09 04:53:23.020 I/sysui_multi_action( 2005): [757,111,758,1]
02-09 04:53:23.020 I/sysui_multi_action( 2005): [757,126,758,1,759,126,927,0,928,1,1593,0]
02-09 04:53:23.020 I/sysui_multi_action( 2005): [757,113,758,1,759,113,927,1,928,1,1593,0]
02-09 04:53:23.020 I/sysui_multi_action( 2005): [757,0,758,1,759,0,927,2,928,0,1593,0]
02-09 04:53:23.020 I/sysui_multi_action( 2005): [757,0,758,1,759,0,927,3,928,0,1593,0]
02-09 04:53:23.021 I/sysui_multi_action( 2005): [757,491,758,1,759,491,927,4,928,0,1311,-1,1593,0]
02-09 04:53:23.021 I/sysui_multi_action( 2005): [757,0,758,1,759,0,927,5,928,0,1593,0]
02-09 04:53:23.022 I/sysui_multi_action( 2005): [757,111,758,1]
02-09 04:53:23.022 I/sysui_multi_action( 2005): [757,126,758,1,759,126,927,0,928,1,1593,0]
02-09 04:53:23.022 I/sysui_multi_action( 2005): [757,113,758,1,759,113,927,1,928,1,1593,0]
02-09 04:53:23.022 I/sysui_multi_action( 2005): [757,0,758,1,759,0,927,2,928,0,1593,0]
02-09 04:53:23.022 I/sysui_multi_action( 2005): [757,0,758,1,759,0,927,3,928,0,1593,0]
02-09 04:53:26.334 I/input_interaction( 1240): Interaction with: 8e4c0d9 NotificationShade (server), swipe-up (server), edge-swipe (server), PointerEventDispatcher0 (server),
02-09 04:53:27.156 I/sysui_multi_action( 2005): [757,409,758,4,759,1]
02-09 04:53:27.518 I/sysui_multi_action( 1240): [757,128,758,3,793,1885548,794,4553,795,1885548,796,17303299,797,com.android.wifi,806,android,857,NETWORK_AVAILABLE,858,2,947,0,1500,1885348,1688,1]
02-09 04:53:28.133 I/notification_enqueue( 1240): [10080,2005,com.android.systemui,2048,NULL,0,Notification(channel=updateNotification shortcut=null contentView=null vibrate=null sound=null defaults=0x0 flags=0x0 color=0x00000000 vis=PRIVATE),1]
02-09 04:53:28.134 I/sysui_multi_action( 2005): [757,111,758,2]
02-09 04:53:28.134 I/sysui_multi_action( 2005): [757,111,758,2]
02-09 04:53:28.347 I/input_focus( 1240): [Focus request 406ae97 com.android.music/com.android.music.MusicBrowserActivity,reason=UpdateInputWindows]
02-09 04:53:28.355 I/input_focus( 1240): [Focus leaving 8e4c0d9 NotificationShade (server),reason=NOT_FOCUSABLE]
02-09 04:53:28.355 I/input_focus( 1240): [Focus entering 406ae97 com.android.music/com.android.music.MusicBrowserActivity (server),reason=setFocusedWindow]
02-09 04:53:28.357 I/sysui_multi_action( 1240): [757,128,758,2,793,1891278,794,5394,795,1891278,796,26,798,0,806,android,857,DEVELOPER_IMPORTANT,858,4,947,0,1395,3,1500,1890885,1688,1]
02-09 04:53:28.357 I/notification_visibility( 1240): [-1|android|26|null|1000,0,1891278,1891278,0,0]
02-09 04:53:28.357 I/sysui_multi_action( 1240): [757,128,758,2,793,1886388,794,5393,795,1886388,796,17303299,797,com.android.wifi,798,1,806,android,857,NETWORK_AVAILABLE,858,2,947,0,1395,3,1500,1886188,1688,1]
02-09 04:53:28.357 I/notification_visibility( 1240): [0|android|17303299|com.android.wifi|1000,0,1886388,1886388,0,1]
02-09 04:53:28.357 I/sysui_multi_action( 1240): [757,128,758,2,793,1892065,794,5393,795,1892065,796,32,798,2,806,android,857,USB,858,1,947,0,1395,3,1500,1892014,1688,1]
02-09 04:53:28.357 I/notification_visibility( 1240): [-1|android|32|null|1000,0,1892065,1892065,0,2]
02-09 04:53:28.358 I/sysui_multi_action( 1240): [757,127,758,2]
02-09 04:53:28.358 I/notification_panel_hidden( 1240):
02-09 04:53:28.954 I/input_interaction( 1240): Interaction with: ba46e9b StatusBar (server), swipe-up (server), edge-swipe (server), PointerEventDispatcher0 (server),
02-09 04:53:28.958 I/sysui_multi_action( 2005): [757,803,799,panel_open,802,1]
02-09 04:53:28.960 I/sysui_multi_action( 2005): [757,1328,758,4,1326,43,1327,1,1329,0]
02-09 04:53:29.023 I/sysui_multi_action( 1240): [757,127,758,1]
02-09 04:53:29.023 I/sysui_multi_action( 1240): [757,804,799,note_load,801,3,802,1]
02-09 04:53:29.023 I/notification_panel_revealed( 1240): 3
02-09 04:53:29.034 I/input_focus( 1240): [Focus request 8e4c0d9 NotificationShade,reason=UpdateInputWindows]
02-09 04:53:29.047 I/sysui_multi_action( 1240): [757,128,758,1,793,1891968,794,0,795,1891968,796,26,798,0,806,android,857,DEVELOPER_IMPORTANT,858,4,947,0,1395,3,1500,1891575,1688,1]
02-09 04:53:29.047 I/sysui_multi_action( 1240): [757,804,799,note_freshness,801,1891968,802,1]
02-09 04:53:29.047 I/notification_visibility( 1240): [-1|android|26|null|1000,1,1891968,1891968,0,0]
02-09 04:53:29.047 I/sysui_multi_action( 1240): [757,128,758,1,793,1887078,794,0,795,1887078,796,17303299,797,com.android.wifi,798,1,806,android,857,NETWORK_AVAILABLE,858,2,947,0,1395,3,1500,1886878,1688,1]
02-09 04:53:29.047 I/sysui_multi_action( 1240): [757,804,799,note_freshness,801,1887078,802,1]
02-09 04:53:29.047 I/notification_visibility( 1240): [0|android|17303299|com.android.wifi|1000,1,1887078,1887078,0,1]
02-09 04:53:29.047 I/sysui_multi_action( 1240): [757,128,758,1,793,1892755,794,0,795,1892755,796,32,798,2,806,android,857,USB,858,1,947,0,1395,3,1500,1892704,1688,1]
02-09 04:53:29.047 I/sysui_multi_action( 1240): [757,804,799,note_freshness,801,1892755,802,1]
02-09 04:53:29.048 I/notification_visibility( 1240): [-1|android|32|null|1000,1,1892755,1892755,0,2]
02-09 04:53:29.055 I/input_focus( 1240): [Focus leaving 406ae97 com.android.music/com.android.music.MusicBrowserActivity (server),reason=setFocusedWindow]
02-09 04:53:29.055 I/input_focus( 1240): [Focus entering 8e4c0d9 NotificationShade (server),reason=setFocusedWindow]
02-09 04:53:29.116 I/sysui_multi_action( 2005): [757,111,758,1]
02-09 04:53:29.116 I/sysui_multi_action( 2005): [757,126,758,1,759,126,927,0,928,1,1593,0]
02-09 04:53:29.116 I/sysui_multi_action( 2005): [757,113,758,1,759,113,927,1,928,1,1593,0]
02-09 04:53:29.116 I/sysui_multi_action( 2005): [757,0,758,1,759,0,927,2,928,0,1593,0]
02-09 04:53:29.117 I/sysui_multi_action( 2005): [757,0,758,1,759,0,927,3,928,0,1593,0]
02-09 04:53:29.117 I/sysui_multi_action( 2005): [757,491,758,1,759,491,927,4,928,0,1311,-1,1593,0]
02-09 04:53:29.118 I/sysui_multi_action( 2005): [757,0,758,1,759,0,927,5,928,0,1593,0]
02-09 04:53:29.118 I/sysui_multi_action( 2005): [757,111,758,1]
02-09 04:53:29.118 I/sysui_multi_action( 2005): [757,126,758,1,759,126,927,0,928,1,1593,0]
02-09 04:53:29.119 I/sysui_multi_action( 2005): [757,113,758,1,759,113,927,1,928,1,1593,0]
02-09 04:53:29.119 I/sysui_multi_action( 2005): [757,0,758,1,759,0,927,2,928,0,1593,0]
02-09 04:53:29.119 I/sysui_multi_action( 2005): [757,0,758,1,759,0,927,3,928,0,1593,0]
02-09 04:53:33.073 I/input_interaction( 1240): Interaction with: 8e4c0d9 NotificationShade (server), swipe-up (server), edge-swipe (server), PointerEventDispatcher0 (server),
02-09 04:53:33.291 I/am_pss ( 1240): [6394,10088,com.android.music,52897792,45658112,0,183754752,0,2,10]
02-09 04:53:33.297 I/am_pss ( 1240): [7183,10020,com.android.musicfx,5526528,3940352,0,89632768,0,19,6]
02-09 04:53:33.306 I/am_pss ( 1240): [6602,10095,com.tencent.qqmusicpad,72220672,40538112,0,176861184,0,4,8]
02-09 04:53:33.314 I/am_pss ( 1240): [6908,10095,com.tencent.qqmusicpad:QQPlayerService,39407616,16371712,0,124559360,0,4,7]
02-09 04:53:33.428 I/notification_enqueue( 1240): [10088,6394,com.android.music,1,NULL,0,Notification(channel=Channel-music shortcut=null contentView=null vibrate=null sound=null defaults=0x0 flags=0x2 color=0x00000000 category=transport actions=4 vis=PRIVATE),1]
02-09 04:53:33.630 I/sysui_multi_action( 1240): [757,1501,758,1,793,65895,794,0,795,204,796,1,806,com.android.music,857,Channel-music,858,2,947,0,1500,0,1641,transport,1688,1,1745,1043716538]
02-09 04:53:33.630 I/sysui_multi_action( 1240): [757,804,799,note_interruptive,801,0,802,1]
02-09 04:53:35.935 I/notification_enqueue( 1240): [10080,2005,com.android.systemui,2048,NULL,0,Notification(channel=updateNotification shortcut=null contentView=null vibrate=null sound=null defaults=0x0 flags=0x0 color=0x00000000 vis=PRIVATE),1]
02-09 04:53:35.936 I/sysui_multi_action( 2005): [757,111,758,2]
02-09 04:53:35.937 I/sysui_multi_action( 2005): [757,111,758,2]
02-09 04:53:36.150 I/input_focus( 1240): [Focus request 406ae97 com.android.music/com.android.music.MusicBrowserActivity,reason=UpdateInputWindows]
02-09 04:53:36.156 I/input_focus( 1240): [Focus leaving 8e4c0d9 NotificationShade (server),reason=NOT_FOCUSABLE]
02-09 04:53:36.156 I/sysui_multi_action( 1240): [757,128,758,2,793,1899077,794,7109,795,1899077,796,26,798,0,806,android,857,DEVELOPER_IMPORTANT,858,4,947,0,1395,3,1500,1898684,1688,1]
02-09 04:53:36.157 I/input_focus( 1240): [Focus entering 406ae97 com.android.music/com.android.music.MusicBrowserActivity (server),reason=setFocusedWindow]
02-09 04:53:36.157 I/notification_visibility( 1240): [-1|android|26|null|1000,0,1899077,1899077,0,0]
02-09 04:53:36.157 I/sysui_multi_action( 1240): [757,128,758,2,793,1894188,794,7110,795,1894188,796,17303299,797,com.android.wifi,798,1,806,android,857,NETWORK_AVAILABLE,858,2,947,0,1395,3,1500,1893988,1688,1]
02-09 04:53:36.157 I/notification_visibility( 1240): [0|android|17303299|com.android.wifi|1000,0,1894188,1894188,0,1]
02-09 04:53:36.157 I/sysui_multi_action( 1240): [757,128,758,2,793,1899865,794,7110,795,1899865,796,32,798,2,806,android,857,USB,858,1,947,0,1395,3,1500,1899814,1688,1]
02-09 04:53:36.157 I/notification_visibility( 1240): [-1|android|32|null|1000,0,1899865,1899865,0,2]
02-09 04:53:36.158 I/sysui_multi_action( 1240): [757,127,758,2]
02-09 04:53:36.159 I/notification_panel_hidden( 1240):
02-09 04:53:39.381 I/input_interaction( 1240): Interaction with: 406ae97 com.android.music/com.android.music.MusicBrowserActivity (server), swipe-up (server), edge-swipe (server), PointerEventDispatcher0 (server),
02-09 04:53:39.582 I/notification_enqueue( 1240): [10088,6394,com.android.music,1,NULL,0,Notification(channel=Channel-music shortcut=null contentView=null vibrate=null sound=null defaults=0x0 flags=0x0 color=0x00000000 category=transport actions=4 vis=PRIVATE),1]
02-09 04:53:39.601 I/snet_event_log( 1240): [172655291,-1,]
02-09 04:53:40.300 I/input_interaction( 1240): Interaction with: ba46e9b StatusBar (server), swipe-up (server), edge-swipe (server), PointerEventDispatcher0 (server),
02-09 04:53:40.305 I/sysui_multi_action( 2005): [757,803,799,panel_open,802,1]
02-09 04:53:40.307 I/sysui_multi_action( 2005): [757,1328,758,4,1326,35,1327,5,1329,0]
02-09 04:53:40.369 I/sysui_multi_action( 1240): [757,127,758,1]
02-09 04:53:40.370 I/sysui_multi_action( 1240): [757,804,799,note_load,801,3,802,1]
