02-09 04:36:34.114 I/am_wtf ( 1240): [0,1240,system_server,-1,DisplayDeviceConfig,requesting nits when no mapping exists.]
02-09 04:36:34.129 I/am_wtf ( 1240): [0,1240,system_server,-1,DisplayDeviceConfig,requesting nits when no mapping exists.]
02-09 04:36:34.130 I/am_wtf ( 1240): [0,1240,system_server,-1,DisplayDeviceConfig,requesting nits when no mapping exists.]
02-09 04:36:34.146 I/am_wtf ( 1240): [0,1240,system_server,-1,DisplayDeviceConfig,requesting nits when no mapping exists.]
02-09 04:36:34.147 I/am_wtf ( 1240): [0,1240,system_server,-1,DisplayDeviceConfig,requesting nits when no mapping exists.]
02-09 04:36:34.162 I/am_wtf ( 1240): [0,1240,system_server,-1,DisplayDeviceConfig,requesting nits when no mapping exists.]
02-09 04:36:34.163 I/am_wtf ( 1240): [0,1240,system_server,-1,DisplayDeviceConfig,requesting nits when no mapping exists.]
02-09 04:36:34.179 I/am_wtf ( 1240): [0,1240,system_server,-1,DisplayDeviceConfig,requesting nits when no mapping exists.]
02-09 04:36:34.180 I/am_wtf ( 1240): [0,1240,system_server,-1,DisplayDeviceConfig,requesting nits when no mapping exists.]
02-09 04:36:34.196 I/am_wtf ( 1240): [0,1240,system_server,-1,DisplayDeviceConfig,requesting nits when no mapping exists.]
02-09 04:36:34.197 I/am_wtf ( 1240): [0,1240,system_server,-1,DisplayDeviceConfig,requesting nits when no mapping exists.]
02-09 04:36:34.213 I/am_wtf ( 1240): [0,1240,system_server,-1,DisplayDeviceConfig,requesting nits when no mapping exists.]
02-09 04:36:34.214 I/am_wtf ( 1240): [0,1240,system_server,-1,DisplayDeviceConfig,requesting nits when no mapping exists.]
02-09 04:36:34.229 I/am_wtf ( 1240): [0,1240,system_server,-1,DisplayDeviceConfig,requesting nits when no mapping exists.]
02-09 04:36:34.231 I/am_wtf ( 1240): [0,1240,system_server,-1,DisplayDeviceConfig,requesting nits when no mapping exists.]
02-09 04:36:34.246 I/am_wtf ( 1240): [0,1240,system_server,-1,DisplayDeviceConfig,requesting nits when no mapping exists.]
02-09 04:36:34.247 I/am_wtf ( 1240): [0,1240,system_server,-1,DisplayDeviceConfig,requesting nits when no mapping exists.]
02-09 04:36:34.263 I/am_wtf ( 1240): [0,1240,system_server,-1,DisplayDeviceConfig,requesting nits when no mapping exists.]
02-09 04:36:34.264 I/am_wtf ( 1240): [0,1240,system_server,-1,DisplayDeviceConfig,requesting nits when no mapping exists.]
02-09 04:36:34.279 I/am_wtf ( 1240): [0,1240,system_server,-1,DisplayDeviceConfig,requesting nits when no mapping exists.]
02-09 04:36:34.280 I/am_wtf ( 1240): [0,1240,system_server,-1,DisplayDeviceConfig,requesting nits when no mapping exists.]
02-09 04:36:34.297 I/am_wtf ( 1240): [0,1240,system_server,-1,DisplayDeviceConfig,requesting nits when no mapping exists.]
02-09 04:36:34.297 I/am_wtf ( 1240): [0,1240,system_server,-1,DisplayDeviceConfig,requesting nits when no mapping exists.]
02-09 04:36:34.313 I/am_wtf ( 1240): [0,1240,system_server,-1,DisplayDeviceConfig,requesting nits when no mapping exists.]
02-09 04:36:34.314 I/am_wtf ( 1240): [0,1240,system_server,-1,DisplayDeviceConfig,requesting nits when no mapping exists.]
02-09 04:36:34.330 I/am_wtf ( 1240): [0,1240,system_server,-1,DisplayDeviceConfig,requesting nits when no mapping exists.]
02-09 04:36:34.331 I/am_wtf ( 1240): [0,1240,system_server,-1,DisplayDeviceConfig,requesting nits when no mapping exists.]
02-09 04:36:34.346 I/am_wtf ( 1240): [0,1240,system_server,-1,DisplayDeviceConfig,requesting nits when no mapping exists.]
02-09 04:36:34.348 I/am_wtf ( 1240): [0,1240,system_server,-1,DisplayDeviceConfig,requesting nits when no mapping exists.]
02-09 04:36:34.363 I/am_wtf ( 1240): [0,1240,system_server,-1,DisplayDeviceConfig,requesting nits when no mapping exists.]
02-09 04:36:34.364 I/am_wtf ( 1240): [0,1240,system_server,-1,DisplayDeviceConfig,requesting nits when no mapping exists.]
02-09 04:36:34.380 I/am_wtf ( 1240): [0,1240,system_server,-1,DisplayDeviceConfig,requesting nits when no mapping exists.]
02-09 04:36:34.381 I/am_wtf ( 1240): [0,1240,system_server,-1,DisplayDeviceConfig,requesting nits when no mapping exists.]
02-09 04:36:34.397 I/am_wtf ( 1240): [0,1240,system_server,-1,DisplayDeviceConfig,requesting nits when no mapping exists.]
02-09 04:36:34.398 I/am_wtf ( 1240): [0,1240,system_server,-1,DisplayDeviceConfig,requesting nits when no mapping exists.]
02-09 04:36:34.413 I/am_wtf ( 1240): [0,1240,system_server,-1,DisplayDeviceConfig,requesting nits when no mapping exists.]
02-09 04:36:34.414 I/am_wtf ( 1240): [0,1240,system_server,-1,DisplayDeviceConfig,requesting nits when no mapping exists.]
02-09 04:36:34.430 I/am_wtf ( 1240): [0,1240,system_server,-1,DisplayDeviceConfig,requesting nits when no mapping exists.]
02-09 04:36:34.431 I/am_wtf ( 1240): [0,1240,system_server,-1,DisplayDeviceConfig,requesting nits when no mapping exists.]
02-09 04:36:34.446 I/am_wtf ( 1240): [0,1240,system_server,-1,DisplayDeviceConfig,requesting nits when no mapping exists.]
02-09 04:36:34.447 I/am_wtf ( 1240): [0,1240,system_server,-1,DisplayDeviceConfig,requesting nits when no mapping exists.]
02-09 04:36:34.463 I/am_wtf ( 1240): [0,1240,system_server,-1,DisplayDeviceConfig,requesting nits when no mapping exists.]
02-09 04:36:34.464 I/am_wtf ( 1240): [0,1240,system_server,-1,DisplayDeviceConfig,requesting nits when no mapping exists.]
02-09 04:36:34.480 I/am_wtf ( 1240): [0,1240,system_server,-1,DisplayDeviceConfig,requesting nits when no mapping exists.]
02-09 04:36:34.481 I/am_wtf ( 1240): [0,1240,system_server,-1,DisplayDeviceConfig,requesting nits when no mapping exists.]
02-09 04:36:34.496 I/am_wtf ( 1240): [0,1240,system_server,-1,DisplayDeviceConfig,requesting nits when no mapping exists.]
02-09 04:36:34.497 I/am_wtf ( 1240): [0,1240,system_server,-1,DisplayDeviceConfig,requesting nits when no mapping exists.]
02-09 04:36:34.513 I/am_wtf ( 1240): [0,1240,system_server,-1,DisplayDeviceConfig,requesting nits when no mapping exists.]
02-09 04:36:34.514 I/am_wtf ( 1240): [0,1240,system_server,-1,DisplayDeviceConfig,requesting nits when no mapping exists.]
02-09 04:36:34.530 I/am_wtf ( 1240): [0,1240,system_server,-1,DisplayDeviceConfig,requesting nits when no mapping exists.]
02-09 04:36:34.531 I/am_wtf ( 1240): [0,1240,system_server,-1,DisplayDeviceConfig,requesting nits when no mapping exists.]
02-09 04:36:34.547 I/am_wtf ( 1240): [0,1240,system_server,-1,DisplayDeviceConfig,requesting nits when no mapping exists.]
02-09 04:36:34.548 I/am_wtf ( 1240): [0,1240,system_server,-1,DisplayDeviceConfig,requesting nits when no mapping exists.]
02-09 04:36:34.563 I/am_wtf ( 1240): [0,1240,system_server,-1,DisplayDeviceConfig,requesting nits when no mapping exists.]
02-09 04:36:34.564 I/am_wtf ( 1240): [0,1240,system_server,-1,DisplayDeviceConfig,requesting nits when no mapping exists.]
02-09 04:36:34.580 I/am_wtf ( 1240): [0,1240,system_server,-1,DisplayDeviceConfig,requesting nits when no mapping exists.]
02-09 04:36:34.581 I/service_manager_stats( 1240): [100,43,64732]
02-09 04:36:34.581 I/am_wtf ( 1240): [0,1240,system_server,-1,DisplayDeviceConfig,requesting nits when no mapping exists.]
02-09 04:36:34.597 I/am_wtf ( 1240): [0,1240,system_server,-1,DisplayDeviceConfig,requesting nits when no mapping exists.]
02-09 04:36:34.598 I/am_wtf ( 1240): [0,1240,system_server,-1,DisplayDeviceConfig,requesting nits when no mapping exists.]
02-09 04:36:34.613 I/am_wtf ( 1240): [0,1240,system_server,-1,DisplayDeviceConfig,requesting nits when no mapping exists.]
02-09 04:36:34.614 I/am_wtf ( 1240): [0,1240,system_server,-1,DisplayDeviceConfig,requesting nits when no mapping exists.]
02-09 04:36:34.630 I/am_wtf ( 1240): [0,1240,system_server,-1,DisplayDeviceConfig,requesting nits when no mapping exists.]
02-09 04:36:34.631 I/am_wtf ( 1240): [0,1240,system_server,-1,DisplayDeviceConfig,requesting nits when no mapping exists.]
02-09 04:36:34.647 I/am_wtf ( 1240): [0,1240,system_server,-1,DisplayDeviceConfig,requesting nits when no mapping exists.]
02-09 04:36:34.648 I/am_wtf ( 1240): [0,1240,system_server,-1,DisplayDeviceConfig,requesting nits when no mapping exists.]
02-09 04:36:34.664 I/am_wtf ( 1240): [0,1240,system_server,-1,DisplayDeviceConfig,requesting nits when no mapping exists.]
02-09 04:36:34.664 I/am_wtf ( 1240): [0,1240,system_server,-1,DisplayDeviceConfig,requesting nits when no mapping exists.]
02-09 04:36:34.680 I/am_wtf ( 1240): [0,1240,system_server,-1,DisplayDeviceConfig,requesting nits when no mapping exists.]
02-09 04:36:34.681 I/am_wtf ( 1240): [0,1240,system_server,-1,DisplayDeviceConfig,requesting nits when no mapping exists.]
02-09 04:36:34.697 I/am_wtf ( 1240): [0,1240,system_server,-1,DisplayDeviceConfig,requesting nits when no mapping exists.]
02-09 04:36:34.698 I/am_wtf ( 1240): [0,1240,system_server,-1,DisplayDeviceConfig,requesting nits when no mapping exists.]
02-09 04:36:34.714 I/am_wtf ( 1240): [0,1240,system_server,-1,DisplayDeviceConfig,requesting nits when no mapping exists.]
02-09 04:36:34.714 I/am_wtf ( 1240): [0,1240,system_server,-1,DisplayDeviceConfig,requesting nits when no mapping exists.]
02-09 04:36:34.730 I/am_wtf ( 1240): [0,1240,system_server,-1,DisplayDeviceConfig,requesting nits when no mapping exists.]
02-09 04:36:34.731 I/am_wtf ( 1240): [0,1240,system_server,-1,DisplayDeviceConfig,requesting nits when no mapping exists.]
02-09 04:36:34.747 I/am_wtf ( 1240): [0,1240,system_server,-1,DisplayDeviceConfig,requesting nits when no mapping exists.]
02-09 04:36:34.748 I/am_wtf ( 1240): [0,1240,system_server,-1,DisplayDeviceConfig,requesting nits when no mapping exists.]
02-09 04:36:34.764 I/am_wtf ( 1240): [0,1240,system_server,-1,DisplayDeviceConfig,requesting nits when no mapping exists.]
02-09 04:36:34.765 I/am_wtf ( 1240): [0,1240,system_server,-1,DisplayDeviceConfig,requesting nits when no mapping exists.]
02-09 04:36:34.781 I/am_wtf ( 1240): [0,1240,system_server,-1,DisplayDeviceConfig,requesting nits when no mapping exists.]
02-09 04:36:34.782 I/am_wtf ( 1240): [0,1240,system_server,-1,DisplayDeviceConfig,requesting nits when no mapping exists.]
02-09 04:36:34.797 I/am_wtf ( 1240): [0,1240,system_server,-1,DisplayDeviceConfig,requesting nits when no mapping exists.]
02-09 04:36:34.798 I/am_wtf ( 1240): [0,1240,system_server,-1,DisplayDeviceConfig,requesting nits when no mapping exists.]
02-09 04:36:34.814 I/am_wtf ( 1240): [0,1240,system_server,-1,DisplayDeviceConfig,requesting nits when no mapping exists.]
02-09 04:36:34.815 I/am_wtf ( 1240): [0,1240,system_server,-1,DisplayDeviceConfig,requesting nits when no mapping exists.]
02-09 04:36:34.831 I/am_wtf ( 1240): [0,1240,system_server,-1,DisplayDeviceConfig,requesting nits when no mapping exists.]
02-09 04:36:34.832 I/am_wtf ( 1240): [0,1240,system_server,-1,DisplayDeviceConfig,requesting nits when no mapping exists.]
02-09 04:36:34.848 I/am_wtf ( 1240): [0,1240,system_server,-1,DisplayDeviceConfig,requesting nits when no mapping exists.]
02-09 04:36:34.849 I/am_wtf ( 1240): [0,1240,system_server,-1,DisplayDeviceConfig,requesting nits when no mapping exists.]
02-09 04:36:34.864 I/am_wtf ( 1240): [0,1240,system_server,-1,DisplayDeviceConfig,requesting nits when no mapping exists.]
02-09 04:36:34.865 I/am_wtf ( 1240): [0,1240,system_server,-1,DisplayDeviceConfig,requesting nits when no mapping exists.]
02-09 04:36:34.881 I/am_wtf ( 1240): [0,1240,system_server,-1,DisplayDeviceConfig,requesting nits when no mapping exists.]
02-09 04:36:34.882 I/am_wtf ( 1240): [0,1240,system_server,-1,DisplayDeviceConfig,requesting nits when no mapping exists.]
02-09 04:36:40.912 I/sysui_multi_action( 1240): [757,222,758,1]
02-09 04:36:40.916 I/am_uid_active( 1240): 10044
02-09 04:36:40.928 I/wm_task_created( 1240): [76,-1]
02-09 04:36:40.933 I/wm_task_moved( 1240): [76,1,8]
02-09 04:36:40.933 I/wm_task_to_front( 1240): [0,76]
02-09 04:36:40.933 I/wm_create_task( 1240): [0,76]
02-09 04:36:40.933 I/wm_create_activity( 1240): [0,144844375,76,com.thundercomm.screensaver/android.service.dreams.DreamActivity,NULL,NULL,NULL,276824064]
02-09 04:36:40.933 I/wm_task_moved( 1240): [76,1,8]
02-09 04:36:40.933 I/wm_on_top_resumed_lost_called( 2573): [208887896,com.android.launcher3.uioverrides.QuickstepLauncher,topStateChangedWhenResumed]
02-09 04:36:40.933 I/wm_pause_activity( 1240): [0,208887896,com.android.launcher3/.uioverrides.QuickstepLauncher,userLeaving=true,pauseBackTasks]
02-09 04:36:40.935 I/wm_on_paused_called( 2573): [208887896,com.android.launcher3.uioverrides.QuickstepLauncher,performPause]
02-09 04:36:40.936 I/wm_add_to_stopping( 1240): [0,208887896,com.android.launcher3/.uioverrides.QuickstepLauncher,makeInvisible]
02-09 04:36:40.937 I/wm_restart_activity( 1240): [0,144844375,76,com.thundercomm.screensaver/android.service.dreams.DreamActivity]
02-09 04:36:40.937 I/wm_set_resumed_activity( 1240): [0,com.thundercomm.screensaver/android.service.dreams.DreamActivity,minimalResumeActivityLocked]
02-09 04:36:40.940 I/sysui_multi_action( 1240): [757,803,799,window_time_0,802,59]
02-09 04:36:40.942 I/wm_on_create_called( 5183): [144844375,android.service.dreams.DreamActivity,performCreate]
02-09 04:36:40.942 I/wm_on_start_called( 5183): [144844375,android.service.dreams.DreamActivity,handleStartActivity]
02-09 04:36:40.943 I/wm_on_resume_called( 5183): [144844375,android.service.dreams.DreamActivity,RESUME_ACTIVITY]
02-09 04:36:40.945 I/wm_on_top_resumed_gained_called( 5183): [144844375,android.service.dreams.DreamActivity,topStateChangedWhenResumed]
02-09 04:36:40.955 I/input_focus( 1240): [Focus request 238d0f3 com.thundercomm.screensaver/android.service.dreams.DreamActivity,reason=UpdateInputWindows]
02-09 04:36:40.963 I/input_focus( 1240): [Focus leaving e4c2a67 com.android.launcher3/com.android.launcher3.uioverrides.QuickstepLauncher (server),reason=NO_WINDOW]
02-09 04:36:40.964 I/sysui_multi_action( 1240): [319,38,322,38,325,896,757,761,758,8,759,2,806,com.thundercomm.screensaver,871,android.service.dreams.DreamActivity,904,com.thundercomm.screensaver,905,0,1320,4,1321,2]
02-09 04:36:40.964 I/wm_activity_launch_time( 1240): [0,144844375,com.thundercomm.screensaver/android.service.dreams.DreamActivity,38]
02-09 04:36:40.965 I/sysui_multi_action( 1240): [757,1696,758,6,759,3]
02-09 04:36:40.978 I/am_wtf ( 1240): [0,1240,system_server,-1,DisplayDeviceConfig,requesting nits when no mapping exists.]
02-09 04:36:40.978 I/am_wtf ( 1240): [0,1240,system_server,-1,DisplayDeviceConfig,requesting nits when no mapping exists.]
02-09 04:36:40.978 I/input_focus( 1240): [Focus entering 238d0f3 com.thundercomm.screensaver/android.service.dreams.DreamActivity (server),reason=Window became focusable. Previous reason: NOT_VISIBLE]
02-09 04:36:40.994 I/am_wtf ( 1240): [0,1240,system_server,-1,DisplayDeviceConfig,requesting nits when no mapping exists.]
02-09 04:36:40.994 I/am_wtf ( 1240): [0,1240,system_server,-1,DisplayDeviceConfig,requesting nits when no mapping exists.]
02-09 04:36:41.012 I/am_wtf ( 1240): [0,1240,system_server,-1,DisplayDeviceConfig,requesting nits when no mapping exists.]
02-09 04:36:41.012 I/am_wtf ( 1240): [0,1240,system_server,-1,DisplayDeviceConfig,requesting nits when no mapping exists.]
02-09 04:36:41.028 I/am_wtf ( 1240): [0,1240,system_server,-1,DisplayDeviceConfig,requesting nits when no mapping exists.]
02-09 04:36:41.028 I/am_wtf ( 1240): [0,1240,system_server,-1,DisplayDeviceConfig,requesting nits when no mapping exists.]
02-09 04:36:41.045 I/am_wtf ( 1240): [0,1240,system_server,-1,DisplayDeviceConfig,requesting nits when no mapping exists.]
02-09 04:36:41.045 I/am_wtf ( 1240): [0,1240,system_server,-1,DisplayDeviceConfig,requesting nits when no mapping exists.]
02-09 04:36:41.062 I/am_wtf ( 1240): [0,1240,system_server,-1,DisplayDeviceConfig,requesting nits when no mapping exists.]
02-09 04:36:41.062 I/am_wtf ( 1240): [0,1240,system_server,-1,DisplayDeviceConfig,requesting nits when no mapping exists.]
02-09 04:36:41.078 I/am_wtf ( 1240): [0,1240,system_server,-1,DisplayDeviceConfig,requesting nits when no mapping exists.]
02-09 04:36:41.079 I/am_wtf ( 1240): [0,1240,system_server,-1,DisplayDeviceConfig,requesting nits when no mapping exists.]
02-09 04:36:41.095 I/am_wtf ( 1240): [0,1240,system_server,-1,DisplayDeviceConfig,requesting nits when no mapping exists.]
02-09 04:36:41.095 I/am_wtf ( 1240): [0,1240,system_server,-1,DisplayDeviceConfig,requesting nits when no mapping exists.]
02-09 04:36:41.112 I/am_wtf ( 1240): [0,1240,system_server,-1,DisplayDeviceConfig,requesting nits when no mapping exists.]
02-09 04:36:41.112 I/am_wtf ( 1240): [0,1240,system_server,-1,DisplayDeviceConfig,requesting nits when no mapping exists.]
02-09 04:36:41.128 I/am_wtf ( 1240): [0,1240,system_server,-1,DisplayDeviceConfig,requesting nits when no mapping exists.]
02-09 04:36:41.128 I/am_wtf ( 1240): [0,1240,system_server,-1,DisplayDeviceConfig,requesting nits when no mapping exists.]
02-09 04:36:41.145 I/am_wtf ( 1240): [0,1240,system_server,-1,DisplayDeviceConfig,requesting nits when no mapping exists.]
02-09 04:36:41.145 I/am_wtf ( 1240): [0,1240,system_server,-1,DisplayDeviceConfig,requesting nits when no mapping exists.]
02-09 04:36:41.162 I/am_wtf ( 1240): [0,1240,system_server,-1,DisplayDeviceConfig,requesting nits when no mapping exists.]
02-09 04:36:41.162 I/am_wtf ( 1240): [0,1240,system_server,-1,DisplayDeviceConfig,requesting nits when no mapping exists.]
02-09 04:36:41.178 I/am_wtf ( 1240): [0,1240,system_server,-1,DisplayDeviceConfig,requesting nits when no mapping exists.]
02-09 04:36:41.178 I/am_wtf ( 1240): [0,1240,system_server,-1,DisplayDeviceConfig,requesting nits when no mapping exists.]
02-09 04:36:41.195 I/am_wtf ( 1240): [0,1240,system_server,-1,DisplayDeviceConfig,requesting nits when no mapping exists.]
02-09 04:36:41.195 I/am_wtf ( 1240): [0,1240,system_server,-1,DisplayDeviceConfig,requesting nits when no mapping exists.]
02-09 04:36:41.212 I/am_wtf ( 1240): [0,1240,system_server,-1,DisplayDeviceConfig,requesting nits when no mapping exists.]
02-09 04:36:41.212 I/am_wtf ( 1240): [0,1240,system_server,-1,DisplayDeviceConfig,requesting nits when no mapping exists.]
02-09 04:36:41.229 I/am_wtf ( 1240): [0,1240,system_server,-1,DisplayDeviceConfig,requesting nits when no mapping exists.]
02-09 04:36:41.229 I/am_wtf ( 1240): [0,1240,system_server,-1,DisplayDeviceConfig,requesting nits when no mapping exists.]
02-09 04:36:41.245 I/am_wtf ( 1240): [0,1240,system_server,-1,DisplayDeviceConfig,requesting nits when no mapping exists.]
02-09 04:36:41.245 I/am_wtf ( 1240): [0,1240,system_server,-1,DisplayDeviceConfig,requesting nits when no mapping exists.]
02-09 04:36:41.262 I/am_wtf ( 1240): [0,1240,system_server,-1,DisplayDeviceConfig,requesting nits when no mapping exists.]
02-09 04:36:41.263 I/am_wtf ( 1240): [0,1240,system_server,-1,DisplayDeviceConfig,requesting nits when no mapping exists.]
02-09 04:36:41.263 I/wm_stop_activity( 1240): [0,208887896,com.android.launcher3/.uioverrides.QuickstepLauncher]
02-09 04:36:41.279 I/am_wtf ( 1240): [0,1240,system_server,-1,DisplayDeviceConfig,requesting nits when no mapping exists.]
02-09 04:36:41.279 I/am_wtf ( 1240): [0,1240,system_server,-1,DisplayDeviceConfig,requesting nits when no mapping exists.]
02-09 04:36:41.284 I/wm_on_stop_called( 2573): [208887896,com.android.launcher3.uioverrides.QuickstepLauncher,STOP_ACTIVITY_ITEM]
02-09 04:36:41.295 I/am_wtf ( 1240): [0,1240,system_server,-1,DisplayDeviceConfig,requesting nits when no mapping exists.]
02-09 04:36:41.295 I/am_wtf ( 1240): [0,1240,system_server,-1,DisplayDeviceConfig,requesting nits when no mapping exists.]
02-09 04:36:41.312 I/am_wtf ( 1240): [0,1240,system_server,-1,DisplayDeviceConfig,requesting nits when no mapping exists.]
02-09 04:36:41.312 I/am_wtf ( 1240): [0,1240,system_server,-1,DisplayDeviceConfig,requesting nits when no mapping exists.]
02-09 04:36:41.328 I/am_wtf ( 1240): [0,1240,system_server,-1,DisplayDeviceConfig,requesting nits when no mapping exists.]
02-09 04:36:41.329 I/am_wtf ( 1240): [0,1240,system_server,-1,DisplayDeviceConfig,requesting nits when no mapping exists.]
02-09 04:36:41.345 I/am_wtf ( 1240): [0,1240,system_server,-1,DisplayDeviceConfig,requesting nits when no mapping exists.]
02-09 04:36:41.345 I/am_wtf ( 1240): [0,1240,system_server,-1,DisplayDeviceConfig,requesting nits when no mapping exists.]
02-09 04:36:41.362 I/am_wtf ( 1240): [0,1240,system_server,-1,DisplayDeviceConfig,requesting nits when no mapping exists.]
02-09 04:36:41.362 I/am_wtf ( 1240): [0,1240,system_server,-1,DisplayDeviceConfig,requesting nits when no mapping exists.]
02-09 04:36:41.379 I/am_wtf ( 1240): [0,1240,system_server,-1,DisplayDeviceConfig,requesting nits when no mapping exists.]
02-09 04:36:41.379 I/am_wtf ( 1240): [0,1240,system_server,-1,DisplayDeviceConfig,requesting nits when no mapping exists.]
02-09 04:36:41.396 I/am_wtf ( 1240): [0,1240,system_server,-1,DisplayDeviceConfig,requesting nits when no mapping exists.]
02-09 04:36:41.396 I/am_wtf ( 1240): [0,1240,system_server,-1,DisplayDeviceConfig,requesting nits when no mapping exists.]
02-09 04:36:41.412 I/am_wtf ( 1240): [0,1240,system_server,-1,DisplayDeviceConfig,requesting nits when no mapping exists.]
02-09 04:36:41.412 I/am_wtf ( 1240): [0,1240,system_server,-1,DisplayDeviceConfig,requesting nits when no mapping exists.]
02-09 04:36:41.429 I/am_wtf ( 1240): [0,1240,system_server,-1,DisplayDeviceConfig,requesting nits when no mapping exists.]
02-09 04:36:41.429 I/am_wtf ( 1240): [0,1240,system_server,-1,DisplayDeviceConfig,requesting nits when no mapping exists.]
02-09 04:36:41.446 I/am_wtf ( 1240): [0,1240,system_server,-1,DisplayDeviceConfig,requesting nits when no mapping exists.]
02-09 04:36:41.448 I/service_manager_stats( 1240): [100,29,6867]
02-09 04:36:41.448 I/am_wtf ( 1240): [0,1240,system_server,-1,DisplayDeviceConfig,requesting nits when no mapping exists.]
02-09 04:36:41.462 I/am_wtf ( 1240): [0,1240,system_server,-1,DisplayDeviceConfig,requesting nits when no mapping exists.]
02-09 04:36:41.463 I/am_wtf ( 1240): [0,1240,system_server,-1,DisplayDeviceConfig,requesting nits when no mapping exists.]
02-09 04:36:41.479 I/am_wtf ( 1240): [0,1240,system_server,-1,DisplayDeviceConfig,requesting nits when no mapping exists.]
02-09 04:36:41.479 I/am_wtf ( 1240): [0,1240,system_server,-1,DisplayDeviceConfig,requesting nits when no mapping exists.]
02-09 04:36:41.496 I/am_wtf ( 1240): [0,1240,system_server,-1,DisplayDeviceConfig,requesting nits when no mapping exists.]
02-09 04:36:41.496 I/am_wtf ( 1240): [0,1240,system_server,-1,DisplayDeviceConfig,requesting nits when no mapping exists.]
02-09 04:36:41.512 I/am_wtf ( 1240): [0,1240,system_server,-1,DisplayDeviceConfig,requesting nits when no mapping exists.]
02-09 04:36:41.513 I/am_wtf ( 1240): [0,1240,system_server,-1,DisplayDeviceConfig,requesting nits when no mapping exists.]
02-09 04:36:41.529 I/am_wtf ( 1240): [0,1240,system_server,-1,DisplayDeviceConfig,requesting nits when no mapping exists.]
02-09 04:36:41.529 I/am_wtf ( 1240): [0,1240,system_server,-1,DisplayDeviceConfig,requesting nits when no mapping exists.]
02-09 04:36:41.546 I/am_wtf ( 1240): [0,1240,system_server,-1,DisplayDeviceConfig,requesting nits when no mapping exists.]
02-09 04:36:41.546 I/am_wtf ( 1240): [0,1240,system_server,-1,DisplayDeviceConfig,requesting nits when no mapping exists.]
02-09 04:36:41.563 I/am_wtf ( 1240): [0,1240,system_server,-1,DisplayDeviceConfig,requesting nits when no mapping exists.]
02-09 04:36:41.563 I/am_wtf ( 1240): [0,1240,system_server,-1,DisplayDeviceConfig,requesting nits when no mapping exists.]
02-09 04:36:41.579 I/am_wtf ( 1240): [0,1240,system_server,-1,DisplayDeviceConfig,requesting nits when no mapping exists.]
02-09 04:36:41.579 I/am_wtf ( 1240): [0,1240,system_server,-1,DisplayDeviceConfig,requesting nits when no mapping exists.]
02-09 04:36:41.596 I/am_wtf ( 1240): [0,1240,system_server,-1,DisplayDeviceConfig,requesting nits when no mapping exists.]
02-09 04:36:41.596 I/am_wtf ( 1240): [0,1240,system_server,-1,DisplayDeviceConfig,requesting nits when no mapping exists.]
02-09 04:36:41.613 I/am_wtf ( 1240): [0,1240,system_server,-1,DisplayDeviceConfig,requesting nits when no mapping exists.]
02-09 04:36:41.613 I/am_wtf ( 1240): [0,1240,system_server,-1,DisplayDeviceConfig,requesting nits when no mapping exists.]
02-09 04:36:41.629 I/am_wtf ( 1240): [0,1240,system_server,-1,DisplayDeviceConfig,requesting nits when no mapping exists.]
02-09 04:36:41.630 I/am_wtf ( 1240): [0,1240,system_server,-1,DisplayDeviceConfig,requesting nits when no mapping exists.]
02-09 04:36:41.647 I/am_uid_idle( 1240): 10064
02-09 04:36:41.647 I/am_wtf ( 1240): [0,1240,system_server,-1,DisplayDeviceConfig,requesting nits when no mapping exists.]
02-09 04:36:41.647 I/am_wtf ( 1240): [0,1240,system_server,-1,DisplayDeviceConfig,requesting nits when no mapping exists.]
02-09 04:36:41.663 I/am_wtf ( 1240): [0,1240,system_server,-1,DisplayDeviceConfig,requesting nits when no mapping exists.]
02-09 04:36:41.663 I/am_wtf ( 1240): [0,1240,system_server,-1,DisplayDeviceConfig,requesting nits when no mapping exists.]
02-09 04:36:41.679 I/am_wtf ( 1240): [0,1240,system_server,-1,DisplayDeviceConfig,requesting nits when no mapping exists.]
02-09 04:36:41.680 I/am_wtf ( 1240): [0,1240,system_server,-1,DisplayDeviceConfig,requesting nits when no mapping exists.]
02-09 04:36:41.696 I/am_wtf ( 1240): [0,1240,system_server,-1,DisplayDeviceConfig,requesting nits when no mapping exists.]
02-09 04:36:41.696 I/am_wtf ( 1240): [0,1240,system_server,-1,DisplayDeviceConfig,requesting nits when no mapping exists.]
02-09 04:36:41.713 I/am_wtf ( 1240): [0,1240,system_server,-1,DisplayDeviceConfig,requesting nits when no mapping exists.]
02-09 04:36:41.713 I/am_wtf ( 1240): [0,1240,system_server,-1,DisplayDeviceConfig,requesting nits when no mapping exists.]
02-09 04:36:41.730 I/am_wtf ( 1240): [0,1240,system_server,-1,DisplayDeviceConfig,requesting nits when no mapping exists.]
02-09 04:36:41.730 I/am_wtf ( 1240): [0,1240,system_server,-1,DisplayDeviceConfig,requesting nits when no mapping exists.]
02-09 04:36:41.746 I/am_wtf ( 1240): [0,1240,system_server,-1,DisplayDeviceConfig,requesting nits when no mapping exists.]
02-09 04:36:41.747 I/am_wtf ( 1240): [0,1240,system_server,-1,DisplayDeviceConfig,requesting nits when no mapping exists.]
02-09 04:36:41.763 I/am_wtf ( 1240): [0,1240,system_server,-1,DisplayDeviceConfig,requesting nits when no mapping exists.]
02-09 04:36:41.763 I/am_wtf ( 1240): [0,1240,system_server,-1,DisplayDeviceConfig,requesting nits when no mapping exists.]
02-09 04:36:41.780 I/am_wtf ( 1240): [0,1240,system_server,-1,DisplayDeviceConfig,requesting nits when no mapping exists.]
02-09 04:36:41.780 I/am_wtf ( 1240): [0,1240,system_server,-1,DisplayDeviceConfig,requesting nits when no mapping exists.]
02-09 04:36:41.796 I/am_wtf ( 1240): [0,1240,system_server,-1,DisplayDeviceConfig,requesting nits when no mapping exists.]
02-09 04:36:41.797 I/am_wtf ( 1240): [0,1240,system_server,-1,DisplayDeviceConfig,requesting nits when no mapping exists.]
02-09 04:36:41.813 I/am_wtf ( 1240): [0,1240,system_server,-1,DisplayDeviceConfig,requesting nits when no mapping exists.]
02-09 04:36:41.813 I/am_wtf ( 1240): [0,1240,system_server,-1,DisplayDeviceConfig,requesting nits when no mapping exists.]
02-09 04:36:41.830 I/am_wtf ( 1240): [0,1240,system_server,-1,DisplayDeviceConfig,requesting nits when no mapping exists.]
02-09 04:36:41.830 I/am_wtf ( 1240): [0,1240,system_server,-1,DisplayDeviceConfig,requesting nits when no mapping exists.]
02-09 04:36:41.847 I/am_wtf ( 1240): [0,1240,system_server,-1,DisplayDeviceConfig,requesting nits when no mapping exists.]
02-09 04:36:41.847 I/am_wtf ( 1240): [0,1240,system_server,-1,DisplayDeviceConfig,requesting nits when no mapping exists.]
02-09 04:36:41.863 I/am_wtf ( 1240): [0,1240,system_server,-1,DisplayDeviceConfig,requesting nits when no mapping exists.]
02-09 04:36:41.863 I/am_wtf ( 1240): [0,1240,system_server,-1,DisplayDeviceConfig,requesting nits when no mapping exists.]
02-09 04:36:41.880 I/am_wtf ( 1240): [0,1240,system_server,-1,DisplayDeviceConfig,requesting nits when no mapping exists.]
02-09 04:36:41.880 I/am_wtf ( 1240): [0,1240,system_server,-1,DisplayDeviceConfig,requesting nits when no mapping exists.]
02-09 04:36:41.897 I/am_wtf ( 1240): [0,1240,system_server,-1,DisplayDeviceConfig,requesting nits when no mapping exists.]
02-09 04:36:41.897 I/am_wtf ( 1240): [0,1240,system_server,-1,DisplayDeviceConfig,requesting nits when no mapping exists.]
02-09 04:36:41.913 I/am_wtf ( 1240): [0,1240,system_server,-1,DisplayDeviceConfig,requesting nits when no mapping exists.]
02-09 04:36:41.914 I/am_wtf ( 1240): [0,1240,system_server,-1,DisplayDeviceConfig,requesting nits when no mapping exists.]
02-09 04:36:41.930 I/am_wtf ( 1240): [0,1240,system_server,-1,DisplayDeviceConfig,requesting nits when no mapping exists.]
02-09 04:36:41.930 I/am_wtf ( 1240): [0,1240,system_server,-1,DisplayDeviceConfig,requesting nits when no mapping exists.]
02-09 04:36:48.912 I/am_freeze( 1240): [2675,com.android.deskclock]
02-09 04:36:48.914 I/am_kill ( 1240): [0,2675,com.android.deskclock,925,Unable to freeze binder interface]
02-09 04:36:48.955 I/am_proc_died( 1240): [0,2675,com.android.deskclock,925,19]
02-09 04:36:48.955 I/am_uid_stopped( 1240): 10067
02-09 04:37:04.457 I/input_interaction( 1240): Interaction with: 238d0f3 com.thundercomm.screensaver/android.service.dreams.DreamActivity (server), swipe-up (server), edge-swipe (server), PointerEventDispatcher0 (server),
02-09 04:37:04.460 I/wm_finish_activity( 1240): [0,144844375,76,com.thundercomm.screensaver/android.service.dreams.DreamActivity,finish-activity]
02-09 04:37:04.461 I/wm_task_moved( 1240): [60,1,7]
02-09 04:37:04.462 I/wm_task_moved( 1240): [61,1,2147483647]
02-09 04:37:04.462 I/wm_task_to_front( 1240): [0,61]
02-09 04:37:04.462 I/wm_focused_root_task( 1240): [0,0,60,76,finish-top adjustFocusToNextFocusableTask]
02-09 04:37:04.463 I/wm_set_resumed_activity( 1240): [0,com.android.launcher3/.uioverrides.QuickstepLauncher,finish-top adjustFocusToNextFocusableTask]
02-09 04:37:04.464 I/wm_pause_activity( 1240): [0,144844375,com.thundercomm.screensaver/android.service.dreams.DreamActivity,userLeaving=false,finish]
02-09 04:37:04.471 I/sysui_multi_action( 1240): [757,803,799,window_time_0,802,23]
02-09 04:37:04.472 I/wm_on_top_resumed_lost_called( 5183): [144844375,android.service.dreams.DreamActivity,topStateChangedWhenResumed]
02-09 04:37:04.472 I/wm_on_paused_called( 5183): [144844375,android.service.dreams.DreamActivity,performPause]
02-09 04:37:04.472 I/wm_add_to_stopping( 1240): [0,144844375,com.thundercomm.screensaver/android.service.dreams.DreamActivity,completeFinishing]
02-09 04:37:04.474 I/wm_set_resumed_activity( 1240): [0,com.android.launcher3/.uioverrides.QuickstepLauncher,resumeTopActivityInnerLocked]
02-09 04:37:04.475 I/wm_resume_activity( 1240): [0,208887896,61,com.android.launcher3/.uioverrides.QuickstepLauncher]
02-09 04:37:04.479 I/sysui_multi_action( 1240): [757,803,799,window_time_0,802,0]
02-09 04:37:04.483 I/input_focus( 1240): [Focus leaving 238d0f3 com.thundercomm.screensaver/android.service.dreams.DreamActivity (server),reason=NO_WINDOW]
02-09 04:37:04.483 I/view_enqueue_input_event( 5183): [Motion - Cancel,com.thundercomm.screensaver/android.service.dreams.DreamActivity]
02-09 04:37:04.484 I/am_uid_running( 1240): 10067
02-09 04:37:04.488 I/wm_on_restart_called( 2573): [208887896,com.android.launcher3.uioverrides.QuickstepLauncher,performRestartActivity]
02-09 04:37:04.488 I/wm_on_start_called( 2573): [208887896,com.android.launcher3.uioverrides.QuickstepLauncher,handleStartActivity]
02-09 04:37:04.488 I/wm_on_resume_called( 2573): [208887896,com.android.launcher3.uioverrides.QuickstepLauncher,RESUME_ACTIVITY]
02-09 04:37:04.488 I/wm_on_top_resumed_gained_called( 2573): [208887896,com.android.launcher3.uioverrides.QuickstepLauncher,topWhenResuming]
02-09 04:37:04.492 I/am_proc_start( 1240): [0,5406,10067,com.android.deskclock,NULL,]
02-09 04:37:04.495 I/am_pss ( 1240): [5370,10088,com.android.music,6985728,4784128,0,90828800,0,19,5]
02-09 04:37:04.501 I/am_pss ( 1240): [5324,10065,com.android.calendar,6410240,4100096,0,91484160,0,19,5]
02-09 04:37:04.505 I/input_focus( 1240): [Focus request e4c2a67 com.android.launcher3/com.android.launcher3.uioverrides.QuickstepLauncher,reason=UpdateInputWindows]
02-09 04:37:04.508 I/am_proc_bound( 1240): [0,5406,com.android.deskclock]
02-09 04:37:04.508 I/input_interaction( 1240): Interaction with: swipe-up (server), edge-swipe (server), PointerEventDispatcher0 (server),
02-09 04:37:04.512 I/am_pss ( 1240): [3196,10019,android.process.acore,13173760,9175040,0,116834304,0,19,6]
02-09 04:37:04.518 I/am_pss ( 1240): [2549,10083,com.qualcomm.qti.qccauthmgr,6680576,4435968,0,95698944,0,19,5]
02-09 04:37:04.519 I/input_focus( 1240): [Focus entering e4c2a67 com.android.launcher3/com.android.launcher3.uioverrides.QuickstepLauncher (server),reason=setFocusedWindow]
02-09 04:37:04.757 I/wm_destroy_activity( 1240): [0,144844375,76,com.thundercomm.screensaver/android.service.dreams.DreamActivity,finish-imm:idle]
02-09 04:37:04.774 I/wm_on_stop_called( 5183): [144844375,android.service.dreams.DreamActivity,LIFECYCLER_STOP_ACTIVITY]
02-09 04:37:04.775 I/wm_on_destroy_called( 5183): [144844375,android.service.dreams.DreamActivity,performDestroy]
02-09 04:37:04.778 I/sysui_multi_action( 1240): [757,222,758,2]
02-09 04:37:04.778 I/sysui_multi_action( 1240): [757,804,799,dreaming_minutes,801,0,802,1]
02-09 04:37:04.785 I/wm_task_removed( 1240): [76,removeChild:removeChild last r=ActivityRecord{8a22657 u0 com.thundercomm.screensaver/android.service.dreams.DreamActivity t-1 f}} in t=Task{2866e0 #76 type=dream A=10044:android:com.thundercomm.screensaver/dream U=0 visible=false mode=fullscreen translucent=true sz=0}]
02-09 04:37:04.785 I/wm_task_removed( 1240): [76,removeChild]
02-09 04:37:25.839 I/input_interaction( 1240): Interaction with: e4c2a67 com.android.launcher3/com.android.launcher3.uioverrides.QuickstepLauncher (server), f1cc593 com.android.systemui.ImageWallpaper (server), swipe-up (server), edge-swipe (server), PointerEventDispatcher0 (server),
02-09 04:37:28.121 I/wm_task_moved( 1240): [72,1,7]
02-09 04:37:28.121 I/wm_task_to_front( 1240): [0,72]
02-09 04:37:28.122 I/wm_focused_root_task( 1240): [0,0,72,60,bringingFoundTaskToFront]
02-09 04:37:28.123 I/wm_set_resumed_activity( 1240): [0,com.android.gallery3d/.app.GalleryActivity,bringingFoundTaskToFront]
02-09 04:37:28.128 I/wm_set_resumed_activity( 1240): [0,com.android.gallery3d/.app.GalleryActivity,resumeTopActivityInnerLocked]
02-09 04:37:28.129 I/wm_resume_activity( 1240): [0,90880591,72,com.android.gallery3d/.app.GalleryActivity]
02-09 04:37:28.130 I/wm_finish_activity( 1240): [0,90880591,72,com.android.gallery3d/.app.GalleryActivity,clear-task-all]
02-09 04:37:28.131 I/wm_pause_activity( 1240): [0,90880591,com.android.gallery3d/.app.GalleryActivity,userLeaving=false,finish]
02-09 04:37:28.134 I/wm_task_moved( 1240): [72,1,7]
02-09 04:37:28.134 I/wm_create_activity( 1240): [0,203809909,72,com.android.gallery3d/.app.GalleryActivity,NULL,NULL,NULL,272662528]
02-09 04:37:28.137 I/wm_on_top_resumed_lost_called( 2573): [208887896,com.android.launcher3.uioverrides.QuickstepLauncher,topStateChangedWhenResumed]
02-09 04:37:28.137 I/am_uid_active( 1240): 10064
02-09 04:37:28.144 I/wm_on_restart_called( 3921): [90880591,com.android.gallery3d.app.GalleryActivity,performRestartActivity]
02-09 04:37:28.144 I/wm_on_start_called( 3921): [90880591,com.android.gallery3d.app.GalleryActivity,handleStartActivity]
02-09 04:37:28.146 I/wm_on_resume_called( 3921): [90880591,com.android.gallery3d.app.GalleryActivity,RESUME_ACTIVITY]
02-09 04:37:28.146 I/wm_on_paused_called( 3921): [90880591,com.android.gallery3d.app.GalleryActivity,performPause]
02-09 04:37:28.147 I/wm_add_to_stopping( 1240): [0,90880591,com.android.gallery3d/.app.GalleryActivity,completeFinishing]
02-09 04:37:28.148 I/wm_restart_activity( 1240): [0,203809909,72,com.android.gallery3d/.app.GalleryActivity]
02-09 04:37:28.148 I/wm_set_resumed_activity( 1240): [0,com.android.gallery3d/.app.GalleryActivity,minimalResumeActivityLocked]
02-09 04:37:28.149 I/sysui_multi_action( 1240): [757,803,799,window_time_0,802,24]
02-09 04:37:28.175 I/wm_on_create_called( 3921): [203809909,com.android.gallery3d.app.GalleryActivity,performCreate]
02-09 04:37:28.176 I/wm_on_start_called( 3921): [203809909,com.android.gallery3d.app.GalleryActivity,handleStartActivity]
02-09 04:37:28.177 I/wm_on_resume_called( 3921): [203809909,com.android.gallery3d.app.GalleryActivity,RESUME_ACTIVITY]
02-09 04:37:28.179 I/wm_on_top_resumed_gained_called( 3921): [203809909,com.android.gallery3d.app.GalleryActivity,topStateChangedWhenResumed]
02-09 04:37:28.185 I/input_focus( 1240): [Focus request 72a1557 com.android.gallery3d/com.android.gallery3d.app.GalleryActivity,reason=UpdateInputWindows]
02-09 04:37:28.194 I/input_focus( 1240): [Focus leaving e4c2a67 com.android.launcher3/com.android.launcher3.uioverrides.QuickstepLauncher (server),reason=Waiting for window because NOT_VISIBLE]
02-09 04:37:28.211 I/wm_activity_launch_time( 1240): [0,203809909,com.android.gallery3d/.app.GalleryActivity,91]
02-09 04:37:28.228 I/input_focus( 1240): [Focus entering 72a1557 com.android.gallery3d/com.android.gallery3d.app.GalleryActivity (server),reason=Window became focusable. Previous reason: NOT_VISIBLE]
02-09 04:37:28.282 I/am_pss ( 1240): [5406,10067,com.android.deskclock,8679424,6029312,0,96030720,0,19,8]
02-09 04:37:28.291 I/am_pss ( 1240): [5370,10088,com.android.music,6969344,4784128,0,90828800,0,19,7]
02-09 04:37:28.499 I/wm_destroy_activity( 1240): [0,90880591,72,com.android.gallery3d/.app.GalleryActivity,finish-imm:idle]
02-09 04:37:28.503 I/wm_on_stop_called( 3921): [90880591,com.android.gallery3d.app.GalleryActivity,LIFECYCLER_STOP_ACTIVITY]
02-09 04:37:28.506 I/wm_on_destroy_called( 3921): [90880591,com.android.gallery3d.app.GalleryActivity,performDestroy]
02-09 04:37:48.606 I/am_freeze( 1240): [3196,android.process.acore]
02-09 04:37:48.610 I/am_freeze( 1240): [2549,com.qualcomm.qti.qccauthmgr]
02-09 04:37:48.612 I/am_kill ( 1240): [0,3196,android.process.acore,945,Unable to freeze binder interface]
02-09 04:37:48.614 I/am_kill ( 1240): [0,2549,com.qualcomm.qti.qccauthmgr,955,Unable to freeze binder interface]
02-09 04:37:48.650 I/am_proc_died( 1240): [0,2549,com.qualcomm.qti.qccauthmgr,955,19]
02-09 04:37:48.651 I/am_uid_stopped( 1240): 10083
02-09 04:37:48.654 I/am_proc_died( 1240): [0,3196,android.process.acore,945,19]
02-09 04:37:48.655 I/am_uid_stopped( 1240): 10019
02-09 04:37:48.662 I/am_pss ( 1240): [5406,10067,com.android.deskclock,8768512,6029312,0,96030720,0,19,5]
02-09 04:38:04.785 I/am_uid_idle( 1240): 10044
02-09 04:38:10.804 I/am_uid_idle( 1240): 10063
02-09 04:38:14.040 I/wm_task_moved( 1240): [62,1,7]
02-09 04:38:14.040 I/wm_task_to_front( 1240): [0,62]
02-09 04:38:14.040 I/wm_focused_root_task( 1240): [0,0,62,72,bringingFoundTaskToFront]
02-09 04:38:14.041 I/wm_on_top_resumed_lost_called( 3921): [203809909,com.android.gallery3d.app.GalleryActivity,topStateChangedWhenResumed]
02-09 04:38:14.042 I/wm_set_resumed_activity( 1240): [0,com.android.settings/.Settings,bringingFoundTaskToFront]
02-09 04:38:14.042 I/wm_new_intent( 1240): [0,171931013,62,com.android.settings/.Settings,android.intent.action.MAIN,NULL,NULL,270532608]
02-09 04:38:14.045 I/wm_pause_activity( 1240): [0,208887896,com.android.launcher3/.uioverrides.QuickstepLauncher,userLeaving=true,pauseBackTasks]
02-09 04:38:14.057 I/wm_on_paused_called( 2573): [208887896,com.android.launcher3.uioverrides.QuickstepLauncher,performPause]
02-09 04:38:14.059 I/wm_set_resumed_activity( 1240): [0,com.android.settings/.Settings,resumeTopActivityInnerLocked]
02-09 04:38:14.059 I/wm_add_to_stopping( 1240): [0,208887896,com.android.launcher3/.uioverrides.QuickstepLauncher,makeInvisible]
02-09 04:38:14.063 I/wm_resume_activity( 1240): [0,171931013,62,com.android.settings/.Settings]
02-09 04:38:14.075 I/sysui_multi_action( 1240): [757,803,799,window_time_2,802,46]
02-09 04:38:14.075 I/wm_on_restart_called( 2418): [171931013,com.android.settings.Settings,performRestartActivity]
02-09 04:38:14.077 I/wm_on_start_called( 2418): [171931013,com.android.settings.Settings,handleStartActivity]
02-09 04:38:14.077 I/snet_event_log( 2418): [120484087,-1,]
02-09 04:38:14.078 I/wm_on_resume_called( 2418): [171931013,com.android.settings.Settings,RESUME_ACTIVITY]
02-09 04:38:14.078 I/sysui_multi_action( 2418): [757,340,758,1,833,0,1089,0]
02-09 04:38:14.079 I/sysui_multi_action( 2418): [757,35,758,1,833,0,1089,0]
02-09 04:38:14.080 I/wm_on_top_resumed_gained_called( 2418): [171931013,com.android.settings.Settings,topWhenResuming]
02-09 04:38:14.090 I/am_uid_active( 1240): 10063
02-09 04:38:14.093 I/input_focus( 1240): [Focus request 8ba4a9b com.android.settings/com.android.settings.Settings,reason=UpdateInputWindows]
02-09 04:38:14.106 I/input_focus( 1240): [Focus leaving 72a1557 com.android.gallery3d/com.android.gallery3d.app.GalleryActivity (server),reason=Waiting for window because NOT_VISIBLE]
02-09 04:38:14.111 I/sysui_multi_action( 1240): [319,30,321,26,322,63,325,989,757,761,758,9,759,4,806,com.android.settings,871,com.android.settings.Settings,904,com.android.launcher3,905,0,1320,4,1321,1]
02-09 04:38:14.119 I/input_focus( 1240): [Focus entering 8ba4a9b com.android.settings/com.android.settings.Settings (server),reason=Window became focusable. Previous reason: NOT_VISIBLE]
02-09 04:38:14.629 I/wm_stop_activity( 1240): [0,208887896,com.android.launcher3/.uioverrides.QuickstepLauncher]
02-09 04:38:14.660 I/wm_on_stop_called( 2573): [208887896,com.android.launcher3.uioverrides.QuickstepLauncher,STOP_ACTIVITY_ITEM]
02-09 04:38:14.793 I/input_interaction( 1240): Interaction with: 72a1557 com.android.gallery3d/com.android.gallery3d.app.GalleryActivity (server), swipe-up (server), edge-swipe (server), PointerEventDispatcher0 (server),
02-09 04:38:14.794 I/wm_task_moved( 1240): [72,1,7]
02-09 04:38:14.794 I/wm_task_to_front( 1240): [0,72]
02-09 04:38:14.800 I/wm_on_top_resumed_lost_called( 2418): [171931013,com.android.settings.Settings,topStateChangedWhenResumed]
02-09 04:38:14.800 I/wm_set_resumed_activity( 1240): [0,com.android.gallery3d/.app.GalleryActivity,positionChildAt]
02-09 04:38:14.800 I/wm_focused_root_task( 1240): [0,0,72,62,setFocusedTask]
02-09 04:38:14.800 I/wm_set_resumed_activity( 1240): [0,com.android.gallery3d/.app.GalleryActivity,setFocusedTask]
02-09 04:38:14.801 I/input_focus( 1240): [Focus request 72a1557 com.android.gallery3d/com.android.gallery3d.app.GalleryActivity,reason=UpdateInputWindows]
02-09 04:38:14.802 I/wm_on_top_resumed_gained_called( 3921): [203809909,com.android.gallery3d.app.GalleryActivity,topStateChangedWhenResumed]
02-09 04:38:14.822 I/input_focus( 1240): [Focus leaving 8ba4a9b com.android.settings/com.android.settings.Settings (server),reason=setFocusedWindow]
02-09 04:38:14.822 I/input_focus( 1240): [Focus entering 72a1557 com.android.gallery3d/com.android.gallery3d.app.GalleryActivity (server),reason=setFocusedWindow]
02-09 04:38:52.201 I/input_interaction( 1240): Interaction with: 8ba4a9b com.android.settings/com.android.settings.Settings (server), swipe-up (server), edge-swipe (server), PointerEventDispatcher0 (server),
02-09 04:38:52.203 I/wm_task_moved( 1240): [62,1,7]
02-09 04:38:52.203 I/wm_task_to_front( 1240): [0,62]
02-09 04:38:52.209 I/wm_set_resumed_activity( 1240): [0,com.android.settings/.Settings,positionChildAt]
02-09 04:38:52.209 I/wm_focused_root_task( 1240): [0,0,62,72,setFocusedTask]
02-09 04:38:52.209 I/wm_set_resumed_activity( 1240): [0,com.android.settings/.Settings,setFocusedTask]
02-09 04:38:52.210 I/wm_on_top_resumed_lost_called( 3921): [203809909,com.android.gallery3d.app.GalleryActivity,topStateChangedWhenResumed]
02-09 04:38:52.211 I/wm_on_top_resumed_gained_called( 2418): [171931013,com.android.settings.Settings,topStateChangedWhenResumed]
02-09 04:38:52.212 I/input_focus( 1240): [Focus request 8ba4a9b com.android.settings/com.android.settings.Settings,reason=UpdateInputWindows]
02-09 04:38:52.229 I/input_focus( 1240): [Focus leaving 72a1557 com.android.gallery3d/com.android.gallery3d.app.GalleryActivity (server),reason=setFocusedWindow]
02-09 04:38:52.229 I/input_focus( 1240): [Focus entering 8ba4a9b com.android.settings/com.android.settings.Settings (server),reason=setFocusedWindow]
02-09 04:38:52.410 I/configuration_changed( 1240): 1073741824
02-09 04:38:52.421 I/service_manager_stats( 1240): [100,30,130973]
02-09 04:38:52.436 I/wm_relaunch_resume_activity( 1240): [0,171931013,62,com.android.settings/.Settings]
02-09 04:38:52.436 I/wm_relaunch_activity( 1240): [0,203809909,72,com.android.gallery3d/.app.GalleryActivity]
02-09 04:38:52.436 I/wm_on_top_resumed_lost_called( 2418): [171931013,com.android.settings.Settings,pausing]
02-09 04:38:52.437 I/sysui_multi_action( 2418): [757,340,758,2,1089,38358]
02-09 04:38:52.437 I/sysui_multi_action( 2418): [757,35,758,2,1089,38359]
02-09 04:38:52.438 I/wm_on_paused_called( 2418): [171931013,com.android.settings.Settings,performPause]
02-09 04:38:52.439 I/wm_on_paused_called( 3921): [203809909,com.android.gallery3d.app.GalleryActivity,performPause]
02-09 04:38:52.440 I/wm_on_stop_called( 2418): [171931013,com.android.settings.Settings,handleRelaunchActivity]
02-09 04:38:52.441 I/wm_on_stop_called( 3921): [203809909,com.android.gallery3d.app.GalleryActivity,handleRelaunchActivity]
02-09 04:38:52.443 I/wm_on_destroy_called( 2418): [171931013,com.android.settings.Settings,performDestroy]
02-09 04:38:52.446 I/wm_on_destroy_called( 3921): [203809909,com.android.gallery3d.app.GalleryActivity,performDestroy]
02-09 04:38:52.454 I/am_pss ( 1240): [3921,10064,com.android.gallery3d,51326976,43900928,0,174231552,0,2,8]
02-09 04:38:52.466 I/sysui_multi_action( 1240): [324,1,757,1090,758,13,806,com.android.settings,871,com.android.settings.Settings,1091,38428]
02-09 04:38:52.480 I/wm_relaunch_activity( 1240): [0,208887896,61,com.android.launcher3/.uioverrides.QuickstepLauncher]
02-09 04:38:52.480 I/wm_add_to_stopping( 1240): [0,208887896,com.android.launcher3/.uioverrides.QuickstepLauncher,preloadRecents]
02-09 04:38:52.489 I/wm_on_destroy_called( 2573): [208887896,com.android.launcher3.uioverrides.QuickstepLauncher,performDestroy]
02-09 04:38:52.490 I/wm_on_create_called( 2418): [171931013,com.android.settings.Settings,performCreate]
02-09 04:38:52.492 I/wm_on_create_called( 3921): [203809909,com.android.gallery3d.app.GalleryActivity,performCreate]
02-09 04:38:52.492 I/wm_on_start_called( 3921): [203809909,com.android.gallery3d.app.GalleryActivity,handleStartActivity]
02-09 04:38:52.492 I/am_uid_running( 1240): 10083
02-09 04:38:52.497 I/wm_on_resume_called( 3921): [203809909,com.android.gallery3d.app.GalleryActivity,LIFECYCLER_RESUME_ACTIVITY]
02-09 04:38:52.501 I/am_proc_start( 1240): [0,5464,10083,com.qualcomm.qti.qccauthmgr,content provider,{com.qualcomm.qti.qccauthmgr/com.qualcomm.qti.qccauthmgr.providers.SMQContentProvider}]
02-09 04:38:52.504 I/wm_on_paused_called( 3921): [203809909,com.android.gallery3d.app.GalleryActivity,performPause]
02-09 04:38:52.520 I/am_uid_running( 1240): 10019
02-09 04:38:52.528 I/wm_on_start_called( 2418): [171931013,com.android.settings.Settings,handleStartActivity]
02-09 04:38:52.528 I/snet_event_log( 2418): [120484087,-1,]
02-09 04:38:52.529 I/wm_on_resume_called( 2418): [171931013,com.android.settings.Settings,RESUME_ACTIVITY]
02-09 04:38:52.529 I/sysui_multi_action( 2418): [757,340,758,1,833,0,1089,60]
02-09 04:38:52.530 I/sysui_multi_action( 2418): [757,35,758,1,833,0,1089,19]
02-09 04:38:52.531 I/sysui_multi_action( 2418): [757,1729,758,4,854,isParalleledControllers:false,1089,20]
02-09 04:38:52.532 I/wm_on_top_resumed_gained_called( 2418): [171931013,com.android.settings.Settings,topWhenResuming]
02-09 04:38:52.538 I/wm_stop_activity( 1240): [0,208887896,com.android.launcher3/.uioverrides.QuickstepLauncher]
02-09 04:38:52.540 I/am_proc_start( 1240): [0,5471,10019,android.process.acore,content provider,{com.android.providers.contacts/com.android.providers.contacts.ContactsProvider2}]
02-09 04:38:52.554 I/am_proc_bound( 1240): [0,5464,com.qualcomm.qti.qccauthmgr]
02-09 04:38:52.555 I/am_uid_active( 1240): 10083
02-09 04:38:52.574 I/am_proc_bound( 1240): [0,5471,android.process.acore]
02-09 04:38:52.579 I/am_uid_active( 1240): 10019
02-09 04:38:52.584 I/wm_on_create_called( 2573): [208887896,com.android.launcher3.uioverrides.QuickstepLauncher,performCreate]
02-09 04:38:52.585 I/wm_on_start_called( 2573): [208887896,com.android.launcher3.uioverrides.QuickstepLauncher,handleStartActivity]
02-09 04:38:52.588 I/wm_on_resume_called( 2573): [208887896,com.android.launcher3.uioverrides.QuickstepLauncher,LIFECYCLER_RESUME_ACTIVITY]
02-09 04:38:52.596 I/wm_on_paused_called( 2573): [208887896,com.android.launcher3.uioverrides.QuickstepLauncher,performPause]
02-09 04:38:52.612 I/input_focus( 1240): [Focus request eb88cd7 com.android.settings/com.android.settings.Settings,reason=UpdateInputWindows]
02-09 04:38:52.623 I/commit_sys_config_file( 1240): [settings-1-0,9]
02-09 04:38:52.630 I/wm_on_stop_called( 2573): [208887896,com.android.launcher3.uioverrides.QuickstepLauncher,STOP_ACTIVITY_ITEM]
02-09 04:38:52.680 I/input_focus( 1240): [Focus entering eb88cd7 com.android.settings/com.android.settings.Settings (server),reason=Window became focusable. Previous reason: NOT_VISIBLE]
02-09 04:39:45.249 I/sysui_multi_action( 1240): [757,1696,758,6,759,2]
02-09 04:39:45.262 I/am_wtf ( 1240): [0,1240,system_server,-1,DisplayDeviceConfig,requesting nits when no mapping exists.]
02-09 04:39:45.265 I/am_wtf ( 1240): [0,1240,system_server,-1,DisplayDeviceConfig,requesting nits when no mapping exists.]
