02-09 05:06:42.098 I/hpplay-java( 2754): [main]:ServerTaskManager:get local ip:null
02-09 05:06:42.147 I/am_uid_idle( 1240): 10044
02-09 05:06:42.156 D/FlingToDeleteHelper( 6009): isFlingToDelete = false
02-09 05:06:42.257 D/HotseatController( 6009): clearEmptyGrid: size=4
02-09 05:06:42.258 D/HotseatController( 6009): adjustPadding: height=800,size=4
02-09 05:06:42.263 W/View ( 6009): requestLayout() improperly called by com.android.launcher3.views.NoInsetView{a31dd67 V.ED..... ......I. 2038,0-2380,1020 #7f09007c app:id/bg_hotseat} during layout: running second layout pass
02-09 05:06:42.521 D/audio_hw_primary( 800): out_set_parameters: enter: usecase(1: low-latency-playback) kvpairs: suspend_playback=false
02-09 05:06:42.521 D/audio_hw_extn( 800): audio_extn_fm_set_parameters: Enter
02-09 05:06:42.522 D/audio_hw_primary( 800): out_standby: enter: stream (0xe6ac0010) usecase(1: low-latency-playback)
01-04 09:35:17.876 I/afe_close( 0): port_id = 0x9000
02-09 05:06:42.540 D/audio_hw_primary( 800): disable_audio_route: reset and update mixer path: low-latency-playback
02-09 05:06:42.542 E/soundtrigger( 800): audio_extn_sound_trigger_update_stream_status: invalid input device 0x0, for event 2
02-09 05:06:42.542 D/soundtrigger( 800): audio_extn_sound_trigger_update_stream_status: uc_info->id 1 of type 0 for Event 2, with Raise=0
02-09 05:06:42.542 D/msm8974_platform( 800): platform_split_snd_device: snd_device(2) num devices(0) new_snd_devices(0)
02-09 05:06:42.542 I/msm8974_platform( 800): platform_get_custom_mtmx_params: no matching param with id 0 ip_ch 2 op_ch 2 uc_id 1 snd_dev 2
02-09 05:06:42.542 D/hardware_info( 800): hw_info_append_hw_type : device_name = speaker
02-09 05:06:42.542 D/audio_hw_primary( 800): disable_snd_device: snd_device(2: speaker)
02-09 05:06:42.542 D/msm8974_platform( 800): platform_split_snd_device: snd_device(2) num devices(0) new_snd_devices(0)
02-09 05:06:42.542 I/soundtrigger( 800): audio_extn_sound_trigger_update_device_status: device 0x2 of type 0 for Event 0, with Raise=0
02-09 05:06:42.542 D/audio_hw_primary( 800): out_standby: exit
02-09 05:06:42.546 D/BufferPoolAccessor2.0( 1338): evictor expired: 1, evicted: 0
02-09 05:06:42.571 I/thunderperf( 1240): Maybe need boostperf for current app!
02-09 05:06:42.572 D/FgBoostPerfService( 2082): [FgBoostPerfService.perfBoostAcq]start: stat=true pkgName=com.android.music
02-09 05:06:42.572 I/FgBoostPerfService( 2082): [FgBoostPerfService.perfBoostAcq] not game-mode or game app!
02-09 05:06:42.572 I/ThunderPerfManager( 1240): PerfAcq error : state=true pkgName=com.android.music
02-09 05:06:42.572 V/GameMode_GameTypeUtils( 2082): judge isGame:com.android.music
02-09 05:06:42.573 I/FgBoostPerfService( 2082): [GetGpuMode] isMode=0 isGame=false mGpuMode=0
02-09 05:06:42.573 V/GameMode_GameTypeUtils( 2082): judge isGame:com.android.music
02-09 05:06:42.573 I/FgBoostPerfService( 2082): [GetGpuDpiType] isMode=0 isGame=false mGpuDpiType=0
02-09 05:06:42.573 I/thunderperf( 1240): Current app pkgName=com.android.music bm:com.thundercomm.perf.BoostPerfManager@7f4d0a2 gpuMode=-1 gpuType=-1
02-09 05:06:42.573 I/ThunderBoostPerfService( 1240): Resolution: Uid=10073 Pid=6009 gMode=-1 dType=-1
02-09 05:06:42.574 I/thunderperf( 1240): PlatormCompat.setOverrides: Uid1=10073 Pid1=6009 Uid2=10073 Pid2=6009
02-09 05:06:42.574 I/thunderperf( 1240): PlatormCompat.setOverrides: needCheck:false
02-09 05:06:42.575 I/thunderperf( 1240): CompatConfig.addOverrideUnsafe: bef-state=1
02-09 05:06:42.576 E/thunderperf( 1240): CompatConfig.addOverrideUnsafe: exception:java.lang.SecurityException: Cannot override a change on a non-debuggable app and user build.
02-09 05:06:42.576 I/thunderperf( 1240): CompatConfig.addOverrideUnsafe: aft-state=1
02-09 05:06:42.577 I/thunderperf( 1240): CompatConfig.addOverrideUnsafe: bef-state=1
02-09 05:06:42.578 E/thunderperf( 1240): CompatConfig.addOverrideUnsafe: exception:java.lang.SecurityException: Cannot override a change on a non-debuggable app and user build.
02-09 05:06:42.578 I/thunderperf( 1240): CompatConfig.addOverrideUnsafe: aft-state=1
02-09 05:06:42.579 I/thunderperf( 1240): CompatConfig.addOverrideUnsafe: bef-state=1
02-09 05:06:42.579 E/thunderperf( 1240): CompatConfig.addOverrideUnsafe: exception:java.lang.SecurityException: Cannot override a change on a non-debuggable app and user build.
02-09 05:06:42.579 I/thunderperf( 1240): CompatConfig.addOverrideUnsafe: aft-state=1
02-09 05:06:42.580 I/thunderperf( 1240): CompatConfig.addOverrideUnsafe: bef-state=1
02-09 05:06:42.580 E/thunderperf( 1240): CompatConfig.addOverrideUnsafe: exception:java.lang.SecurityException: Cannot override a change on a non-debuggable app and user build.
02-09 05:06:42.580 I/thunderperf( 1240): CompatConfig.addOverrideUnsafe: aft-state=1
02-09 05:06:42.581 I/thunderperf( 1240): CompatConfig.addOverrideUnsafe: bef-state=1
02-09 05:06:42.581 E/thunderperf( 1240): CompatConfig.addOverrideUnsafe: exception:java.lang.SecurityException: Cannot override a change on a non-debuggable app and user build.
02-09 05:06:42.581 I/thunderperf( 1240): CompatConfig.addOverrideUnsafe: aft-state=1
02-09 05:06:42.582 I/thunderperf( 1240): CompatConfig.addOverrideUnsafe: bef-state=1
02-09 05:06:42.582 E/thunderperf( 1240): CompatConfig.addOverrideUnsafe: exception:java.lang.SecurityException: Cannot override a change on a non-debuggable app and user build.
02-09 05:06:42.582 I/thunderperf( 1240): CompatConfig.addOverrideUnsafe: aft-state=1
02-09 05:06:42.583 I/thunderperf( 1240): CompatConfig.addOverrideUnsafe: bef-state=1
02-09 05:06:42.584 E/thunderperf( 1240): CompatConfig.addOverrideUnsafe: exception:java.lang.SecurityException: Cannot override a change on a non-debuggable app and user build.
02-09 05:06:42.584 I/thunderperf( 1240): CompatConfig.addOverrideUnsafe: aft-state=1
02-09 05:06:42.584 I/thunderperf( 1240): CompatConfig.addOverrideUnsafe: bef-state=1
02-09 05:06:42.584 E/thunderperf( 1240): CompatConfig.addOverrideUnsafe: exception:java.lang.SecurityException: Cannot override a change on a non-debuggable app and user build.
02-09 05:06:42.585 I/thunderperf( 1240): CompatConfig.addOverrideUnsafe: aft-state=1
02-09 05:06:42.585 I/thunderperf( 1240): CompatConfig.addOverrideUnsafe: bef-state=1
02-09 05:06:42.585 E/thunderperf( 1240): CompatConfig.addOverrideUnsafe: exception:java.lang.SecurityException: Cannot override a change on a non-debuggable app and user build.
02-09 05:06:42.585 I/thunderperf( 1240): CompatConfig.addOverrideUnsafe: aft-state=1
02-09 05:06:42.586 I/thunderperf( 1240): CompatConfig.addOverrideUnsafe: bef-state=1
02-09 05:06:42.586 E/thunderperf( 1240): CompatConfig.addOverrideUnsafe: exception:java.lang.SecurityException: Cannot override a change on a non-debuggable app and user build.
02-09 05:06:42.586 I/thunderperf( 1240): CompatConfig.addOverrideUnsafe: aft-state=1
02-09 05:06:42.587 I/thunderperf( 1240): CompatConfig.addOverrideUnsafe: bef-state=1
02-09 05:06:42.587 E/thunderperf( 1240): CompatConfig.addOverrideUnsafe: exception:java.lang.SecurityException: Cannot override a change on a non-debuggable app and user build.
02-09 05:06:42.587 I/thunderperf( 1240): CompatConfig.addOverrideUnsafe: aft-state=1
02-09 05:06:42.588 I/thunderperf( 1240): CompatConfig.addOverrideUnsafe: bef-state=1
02-09 05:06:42.588 E/thunderperf( 1240): CompatConfig.addOverrideUnsafe: exception:java.lang.SecurityException: Cannot override a change on a non-debuggable app and user build.
02-09 05:06:42.588 I/thunderperf( 1240): CompatConfig.addOverrideUnsafe: aft-state=1
02-09 05:06:42.589 I/thunderperf( 1240): CompatConfig.addOverrideUnsafe: bef-state=1
02-09 05:06:42.589 E/thunderperf( 1240): CompatConfig.addOverrideUnsafe: exception:java.lang.SecurityException: Cannot override a change on a non-debuggable app and user build.
02-09 05:06:42.589 I/thunderperf( 1240): CompatConfig.addOverrideUnsafe: aft-state=1
02-09 05:06:42.589 I/thunderperf( 1240): CompatConfig.addOverrideUnsafe: bef-state=1
02-09 05:06:42.590 E/thunderperf( 1240): CompatConfig.addOverrideUnsafe: exception:java.lang.SecurityException: Cannot override a change on a non-debuggable app and user build.
02-09 05:06:42.590 I/thunderperf( 1240): CompatConfig.addOverrideUnsafe: aft-state=1
02-09 05:06:42.594 I/ThunderBoostPerfService( 1240): Disable downscaling com.android.music to 2380x1020
02-09 05:06:42.594 I/ActivityTaskManager( 1240): START u0 {flg=0x10008000 cmp=com.android.music/.VideoBrowserActivity} from uid 10073
02-09 05:06:42.594 I/EventSequenceValidator( 1240): inc AccIntentStartedEvents to 2
02-09 05:06:42.600 E/ANDR-PERF-JNI( 1240): com_qualcomm_qtiperformance_native_perf_io_prefetch_start
02-09 05:06:42.600 I/wm_task_created( 1240): [102,-1]
02-09 05:06:42.600 W/ActivityTaskManager( 1240): Can't find TaskDisplayArea to determine support for multi window. Task id=102 attached=false
02-09 05:06:42.601 D/FreeFormWindowHelper( 1240): Add freeform task=Task{377959b #102 type=standard ?? U=0 visible=false mode=freeform translucent=true sz=0}
02-09 05:06:42.601 E/ANDR-IOP( 863): io prefetch is disabled
02-09 05:06:42.602 D/CompatibilityChangeReporter( 1240): Compat change id reported: 174042980; UID 10088; state: DISABLED
02-09 05:06:42.602 D/CompatibilityChangeReporter( 1240): Compat change id reported: 184838306; UID 10088; state: DISABLED
02-09 05:06:42.603 D/CompatibilityChangeReporter( 1240): Compat change id reported: 185004937; UID 10088; state: DISABLED
02-09 05:06:42.603 D/CompatibilityChangeReporter( 1240): Compat change id reported: 181136395; UID 10088; state: DISABLED
02-09 05:06:42.603 D/CompatibilityChangeReporter( 1240): Compat change id reported: 174042936; UID 10088; state: DISABLED
02-09 05:06:42.604 I/wm_task_moved( 1240): [102,1,6]
02-09 05:06:42.604 I/wm_task_to_front( 1240): [0,102]
02-09 05:06:42.604 I/wm_create_task( 1240): [0,102]
02-09 05:06:42.604 I/wm_create_activity( 1240): [0,174202168,102,com.android.music/.VideoBrowserActivity,NULL,NULL,NULL,268468224]
02-09 05:06:42.604 I/wm_task_moved( 1240): [102,1,6]
02-09 05:06:42.604 D/CompatibilityChangeReporter( 1240): Compat change id reported: 168419799; UID 10088; state: DISABLED
02-09 05:06:42.604 D/CompatibilityInfo( 1240): mCompatibilityFlags - 4
02-09 05:06:42.604 D/CompatibilityInfo( 1240): applicationDensity - 240
02-09 05:06:42.604 D/CompatibilityInfo( 1240): applicationScale - 1.0
02-09 05:06:42.604 I/ActivityTaskManager( 1240): FOREGROUND_APPLICATION_CHANGED to com.android.music.VideoBrowserActivity
02-09 05:06:42.604 I/ActivityTaskManager( 1240): The Process com.android.music Already Exists in BG. So sending its PID: 8558
02-09 05:06:42.605 I/wm_restart_activity( 1240): [0,174202168,102,com.android.music/.VideoBrowserActivity]
02-09 05:06:42.605 D/CompatibilityInfo( 1240): mCompatibilityFlags - 4
02-09 05:06:42.605 D/CompatibilityInfo( 1240): applicationDensity - 240
02-09 05:06:42.605 D/CompatibilityInfo( 1240): applicationScale - 1.0
02-09 05:06:42.606 I/wm_set_resumed_activity( 1240): [0,com.android.music/.VideoBrowserActivity,minimalResumeActivityLocked]
02-09 05:06:42.607 I/am_uid_active( 1240): 10088
02-09 05:06:42.607 D/StateManager( 6009): goToState: Normal
02-09 05:06:42.609 I/GameMode_ActivityMonitoringService( 2082): onForegroundActivitiesChanged uid 10088 pid 8558 fg true
02-09 05:06:42.609 I/wm_on_top_resumed_lost_called( 6009): [208887896,com.android.launcher3.uioverrides.QuickstepLauncher,topStateChangedWhenResumed]
02-09 05:06:42.611 I/GameMode_ActivityMonitoringService( 2082): Updating top task to: TaskInfoContainer [topActivity=ComponentInfo{com.android.music/com.android.music.VideoBrowserActivity}, taskId=102, stackId=102, userId=0, displayId=0, position=6
02-09 05:06:42.611 I/GameMode_ActivityMonitoringService( 2082): Notifying about top task: TaskInfoContainer [topActivity=ComponentInfo{com.android.music/com.android.music.VideoBrowserActivity}, taskId=102, stackId=102, userId=0, displayId=0, position=6
02-09 05:06:42.611 I/GameMode_ActivityMonitoringService( 2082): WindowMode: 5
02-09 05:06:42.628 D/CompatibilityChangeReporter( 8558): Compat change id reported: 171228096; UID 10088; state: ENABLED
02-09 05:06:42.634 D/CompatibilityChangeReporter( 1240): Compat change id reported: 149924527; UID 10088; state: ENABLED
02-09 05:06:42.634 D/CompatibilityChangeReporter( 1240): Compat change id reported: 132649864; UID 10088; state: DISABLED
02-09 05:06:42.634 D/CompatibilityChangeReporter( 1240): Compat change id reported: 182734110; UID 10088; state: ENABLED
02-09 05:06:42.636 I/wm_on_create_called( 8558): [174202168,com.android.music.VideoBrowserActivity,performCreate]
02-09 05:06:42.636 I/wm_on_start_called( 8558): [174202168,com.android.music.VideoBrowserActivity,handleStartActivity]
02-09 05:06:42.636 I/wm_on_resume_called( 8558): [174202168,com.android.music.VideoBrowserActivity,RESUME_ACTIVITY]
02-09 05:06:42.639 I/wm_on_top_resumed_gained_called( 8558): [174202168,com.android.music.VideoBrowserActivity,topStateChangedWhenResumed]
02-09 05:06:42.645 W/WindowManager( 1240): updateScale : 0.79357797
02-09 05:06:42.647 I/input_focus( 1240): [Focus request 36aa4e com.android.music/com.android.music.VideoBrowserActivity,reason=UpdateInputWindows]
02-09 05:06:42.648 I/AdrenoGLES-0( 8558): QUALCOMM build : 47421dbee6, I139f36ad46
02-09 05:06:42.648 I/AdrenoGLES-0( 8558): Build Date : 02/18/22
02-09 05:06:42.648 I/AdrenoGLES-0( 8558): OpenGL ES Shader Compiler Version: EV031.32.02.17
02-09 05:06:42.648 I/AdrenoGLES-0( 8558): Local Branch :
02-09 05:06:42.648 I/AdrenoGLES-0( 8558): Remote Branch :
02-09 05:06:42.648 I/AdrenoGLES-0( 8558): Remote Branch :
02-09 05:06:42.648 I/AdrenoGLES-0( 8558): Reconstruct Branch :
02-09 05:06:42.648 I/AdrenoGLES-0( 8558): Build Config : S P 10.0.7 AArch64
02-09 05:06:42.648 I/AdrenoGLES-0( 8558): Driver Path : /vendor/lib64/egl/libGLESv2_adreno.so
02-09 05:06:42.649 I/hwservicemanager( 505): getTransport: Cannot find entry android.hardware.graphics.mapper@4.0::IMapper/default in either framework or device VINTF manifest.
02-09 05:06:42.651 I/AdrenoGLES-0( 8558): PFP: 0x016dd093, ME: 0x00000000
02-09 05:06:42.656 D/libEGL ( 8558): MSAA-->msaa:0 gamemode:0 4x_msaa:0
02-09 05:06:42.656 D/libEGL ( 8558): MSAA-->msaa:0 gamemode:0 4x_msaa:0
02-09 05:06:42.657 D/libEGL ( 8558): MSAA-->msaa:0 gamemode:0 4x_msaa:0
02-09 05:06:42.659 I/SDM ( 843): HWCDisplay::GetColorModeCount: Supported color mode count = 1
02-09 05:06:42.660 I/SDM ( 843): HWCDisplay::GetColorModes: Color mode = 0 is supported
02-09 05:06:42.660 E/HWComposer( 997): getSupportedContentTypes: getSupportedContentTypes failed for display 4630946370410392961: Unsupported (8)
02-09 05:06:42.660 D/hw-ProcessState( 8558): Binder ioctl to enable oneway spam detection failed: Invalid argument
02-09 05:06:42.661 I/hwservicemanager( 505): getTransport: Cannot find entry android.hardware.graphics.mapper@4.0::IMapper/default in either framework or device VINTF manifest.
02-09 05:06:42.661 I/Gralloc4( 8558): mapper 4.x is not supported
01-04 09:35:18.002 I/binder ( 0): 8558:8826 ioctl 40046210 7bfe4f71f4 returned -22
02-09 05:06:42.662 I/hwservicemanager( 505): getTransport: Cannot find entry android.hardware.graphics.allocator@4.0::IAllocator/default in either framework or device VINTF manifest.
02-09 05:06:42.662 W/Gralloc4( 8558): allocator 4.x is not supported
02-09 05:06:42.669 W/WindowManager( 1240): updateScale : 0.79357797
02-09 05:06:42.671 W/WindowManager( 1240): updateScale : 0.79357797
02-09 05:06:42.672 W/WindowManager( 1240): updateScale : 0.79357797
02-09 05:06:42.672 I/sysui_multi_action( 1240): [319,76,322,76,325,2697,757,761,758,8,759,2,806,com.android.music,871,com.android.music.VideoBrowserActivity,904,com.android.launcher3,905,0,1320,4,1321,1]
02-09 05:06:42.672 I/wm_activity_launch_time( 1240): [0,174202168,com.android.music/.VideoBrowserActivity,76]
02-09 05:06:42.673 I/EventSequenceValidator( 1240): dec AccIntentStartedEvents to 1
02-09 05:06:42.673 I/ActivityTaskManager( 1240): Displayed com.android.music/.VideoBrowserActivity: +76ms
02-09 05:06:42.677 I/input_focus( 1240): [Focus leaving 1abb98b com.android.launcher3/com.android.launcher3.uioverrides.QuickstepLauncher (server),reason=setFocusedWindow]
02-09 05:06:42.677 I/input_focus( 1240): [Focus entering 36aa4e com.android.music/com.android.music.VideoBrowserActivity (server),reason=setFocusedWindow]
02-09 05:06:42.709 W/ActivityTaskManager( 1240): Request to remove task ignored for non-existent task 101
02-09 05:06:42.787 I/mpu_uart( 645): [MSG-P:RECV]:No message received in 1000 ms
02-09 05:06:42.826 W/View ( 2005): requestLayout() improperly called by android.widget.FrameLayout{1607d4e I.E...... ......ID 0,0-780,198 #2bc} during second layout pass: posting in next frame
02-09 05:06:42.826 W/View ( 2005): requestLayout() improperly called by com.android.systemui.statusbar.AlphaOptimizedImageView{bedb049 VFED..C.. ......ID 0,0-140,132} during second layout pass: posting in next frame
02-09 05:06:42.826 W/View ( 2005): requestLayout() improperly called by android.widget.FrameLayout{904d2d6 I.E...... ......ID 0,0-780,330 #2bc} during second layout pass: posting in next frame
02-09 05:06:42.826 W/View ( 2005): requestLayout() improperly called by com.android.systemui.statusbar.AlphaOptimizedImageView{a46de98 VFED..C.. ......ID 0,0-140,132} during second layout pass: posting in next frame
02-09 05:06:42.826 W/View ( 2005): requestLayout() improperly called by com.android.systemui.statusbar.AlphaOptimizedImageView{98f46f1 VFED..C.. ......ID 0,0-140,132} during second layout pass: posting in next frame
02-09 05:06:42.826 W/View ( 2005): requestLayout() improperly called by android.widget.FrameLayout{bc0edc1 I.E...... ......ID 0,0-780,198 #2bc} during second layout pass: posting in next frame
02-09 05:06:42.826 W/View ( 2005): requestLayout() improperly called by com.android.systemui.statusbar.AlphaOptimizedImageView{84e9ea8 VFED..C.. ......ID 0,0-140,84} during second layout pass: posting in next frame
02-09 05:06:42.843 W/View ( 2005): requestLayout() improperly called by android.widget.FrameLayout{1607d4e I.E...... ......ID 0,0-780,198 #2bc} during layout: running second layout pass
02-09 05:06:42.843 W/View ( 2005): requestLayout() improperly called by com.android.systemui.statusbar.AlphaOptimizedImageView{bedb049 VFED..C.. ......ID 0,0-140,132} during layout: running second layout pass
02-09 05:06:42.843 W/View ( 2005): requestLayout() improperly called by android.widget.FrameLayout{904d2d6 I.E...... ......ID 0,0-780,330 #2bc} during layout: running second layout pass
02-09 05:06:42.843 W/View ( 2005): requestLayout() improperly called by com.android.systemui.statusbar.AlphaOptimizedImageView{a46de98 VFED..C.. ......ID 0,0-140,132} during layout: running second layout pass
02-09 05:06:42.843 W/View ( 2005): requestLayout() improperly called by com.android.systemui.statusbar.AlphaOptimizedImageView{98f46f1 VFED..C.. ......ID 0,0-140,132} during layout: running second layout pass
02-09 05:06:42.843 W/View ( 2005): requestLayout() improperly called by android.widget.FrameLayout{bc0edc1 I.E...... ......ID 0,0-780,198 #2bc} during layout: running second layout pass
02-09 05:06:42.843 W/View ( 2005): requestLayout() improperly called by com.android.systemui.statusbar.AlphaOptimizedImageView{84e9ea8 VFED..C.. ......ID 0,0-140,84} during layout: running second layout pass
02-09 05:06:42.872 I/OMX-VENC: venc_dev( 1301): stats: avg. fps 41.48, bitrate 3790107
02-09 05:06:42.875 I/GameModeConfig( 1240): isGameModeOn = false
02-09 05:06:42.943 W/WindowManager( 1240): updateScale : 0.79357797
02-09 05:06:43.099 W/hpplay-java( 2754): [main]:IPManager:getActiveNets invalid networkInfo:null
02-09 05:06:43.099 I/hpplay-java( 2754): [main]:IPManager:getActiveNets eth0:false wifi:false mobile:false ap:false
02-09 05:06:43.099 I/hpplay-java( 2754): [main]:ServerTaskManager:get local ip:null
02-09 05:06:43.471 I/mpu_uart( 645): [MSG-P:R]:recv sync frame timeout
02-09 05:06:43.543 D/BufferPoolAccessor2.0( 1283): evictor expired: 2, evicted: 0
02-09 05:06:43.787 I/mpu_uart( 645): [MSG-P:RECV]:No message received in 1000 ms
02-09 05:06:43.826 W/View ( 2005): requestLayout() improperly called by android.widget.FrameLayout{1607d4e I.E...... ......ID 0,0-780,198 #2bc} during second layout pass: posting in next frame
02-09 05:06:43.826 W/View ( 2005): requestLayout() improperly called by com.android.systemui.statusbar.AlphaOptimizedImageView{bedb049 VFED..C.. ......ID 0,0-140,132} during second layout pass: posting in next frame
02-09 05:06:43.826 W/View ( 2005): requestLayout() improperly called by android.widget.FrameLayout{904d2d6 I.E...... ......ID 0,0-780,330 #2bc} during second layout pass: posting in next frame
02-09 05:06:43.826 W/View ( 2005): requestLayout() improperly called by com.android.systemui.statusbar.AlphaOptimizedImageView{a46de98 VFED..C.. ......ID 0,0-140,132} during second layout pass: posting in next frame
02-09 05:06:43.826 W/View ( 2005): requestLayout() improperly called by com.android.systemui.statusbar.AlphaOptimizedImageView{98f46f1 VFED..C.. ......ID 0,0-140,132} during second layout pass: posting in next frame
02-09 05:06:43.826 W/View ( 2005): requestLayout() improperly called by android.widget.FrameLayout{bc0edc1 I.E...... ......ID 0,0-780,198 #2bc} during second layout pass: posting in next frame
02-09 05:06:43.826 W/View ( 2005): requestLayout() improperly called by com.android.systemui.statusbar.AlphaOptimizedImageView{84e9ea8 VFED..C.. ......ID 0,0-140,84} during second layout pass: posting in next frame
02-09 05:06:43.843 W/View ( 2005): requestLayout() improperly called by android.widget.FrameLayout{1607d4e I.E...... ......ID 0,0-780,198 #2bc} during layout: running second layout pass
02-09 05:06:43.843 W/View ( 2005): requestLayout() improperly called by com.android.systemui.statusbar.AlphaOptimizedImageView{bedb049 VFED..C.. ......ID 0,0-140,132} during layout: running second layout pass
02-09 05:06:43.843 W/View ( 2005): requestLayout() improperly called by android.widget.FrameLayout{904d2d6 I.E...... ......ID 0,0-780,330 #2bc} during layout: running second layout pass
02-09 05:06:43.843 W/View ( 2005): requestLayout() improperly called by com.android.systemui.statusbar.AlphaOptimizedImageView{a46de98 VFED..C.. ......ID 0,0-140,132} during layout: running second layout pass
02-09 05:06:43.843 W/View ( 2005): requestLayout() improperly called by com.android.systemui.statusbar.AlphaOptimizedImageView{98f46f1 VFED..C.. ......ID 0,0-140,132} during layout: running second layout pass
02-09 05:06:43.843 W/View ( 2005): requestLayout() improperly called by android.widget.FrameLayout{bc0edc1 I.E...... ......ID 0,0-780,198 #2bc} during layout: running second layout pass
02-09 05:06:43.843 W/View ( 2005): requestLayout() improperly called by com.android.systemui.statusbar.AlphaOptimizedImageView{84e9ea8 VFED..C.. ......ID 0,0-140,84} during layout: running second layout pass
01-04 09:35:19.201 E/DTC_ETH,link_delay_work_func( 0): 3003, SQI=0, link=0
02-09 05:06:44.034 E/tlogd ( 1349): [TzLogger](isPathReadable) file /sys/kernel/debug/tzdbg/qsee_log isn't exist or no permission, err: No such file or directory
02-09 05:06:44.034 E/tlogd ( 1349): [TzLogger](saveTzlogAsync) /sys/kernel/debug/tzdbg/qsee_log can not read.
02-09 05:06:44.034 E/tlogd ( 1349): [TzLogger](isPathReadable) file /sys/kernel/debug/tzdbg/log isn't exist or no permission, err: No such file or directory
02-09 05:06:44.034 E/tlogd ( 1349): [TzLogger](saveTzlogAsync) /sys/kernel/debug/tzdbg/log can not read.
02-09 05:06:44.101 W/hpplay-java( 2754): [main]:IPManager:getActiveNets invalid networkInfo:null
02-09 05:06:44.101 I/hpplay-java( 2754): [main]:IPManager:getActiveNets eth0:false wifi:false mobile:false ap:false
02-09 05:06:44.101 I/hpplay-java( 2754): [main]:ServerTaskManager:get local ip:null
02-09 05:06:44.277 I/OMX-VENC: venc_dev( 1301): stats: avg. fps 6.41, bitrate 289081
02-09 05:06:44.310 W/Choreographer( 8558): Frame time is 0.003825 ms in the future! Check that graphics HAL is generating vsync timestamps using the correct timebase.
02-09 05:06:44.543 D/BufferPoolAccessor2.0( 1283): bufferpool2 0xe7f44ee8 : 0(0 size) total buffers - 0(0 size) used buffers - 95/103 (recycle/alloc) - 8/198 (fetch/transfer)
02-09 05:06:44.543 D/BufferPoolAccessor2.0( 1283): evictor expired: 1, evicted: 1
02-09 05:06:44.547 D/BufferPoolAccessor2.0( 1338): bufferpool2 0xb400006f995a7fc8 : 0(0 size) total buffers - 0(0 size) used buffers - 94/97 (recycle/alloc) - 3/96 (fetch/transfer)
02-09 05:06:44.547 D/BufferPoolAccessor2.0( 1338): evictor expired: 1, evicted: 1
02-09 05:06:44.788 I/mpu_uart( 645): [MSG-P:RECV]:No message received in 1000 ms
02-09 05:06:44.830 W/View ( 2005): requestLayout() improperly called by android.widget.FrameLayout{1607d4e I.E...... ......ID 0,0-780,198 #2bc} during second layout pass: posting in next frame
02-09 05:06:44.831 W/View ( 2005): requestLayout() improperly called by com.android.systemui.statusbar.AlphaOptimizedImageView{bedb049 VFED..C.. ......ID 0,0-140,132} during second layout pass: posting in next frame
02-09 05:06:44.831 W/View ( 2005): requestLayout() improperly called by android.widget.FrameLayout{904d2d6 I.E...... ......ID 0,0-780,330 #2bc} during second layout pass: posting in next frame
02-09 05:06:44.831 W/View ( 2005): requestLayout() improperly called by com.android.systemui.statusbar.AlphaOptimizedImageView{a46de98 VFED..C.. ......ID 0,0-140,132} during second layout pass: posting in next frame
02-09 05:06:44.831 W/View ( 2005): requestLayout() improperly called by com.android.systemui.statusbar.AlphaOptimizedImageView{98f46f1 VFED..C.. ......ID 0,0-140,132} during second layout pass: posting in next frame
02-09 05:06:44.831 W/View ( 2005): requestLayout() improperly called by android.widget.FrameLayout{bc0edc1 I.E...... ......ID 0,0-780,198 #2bc} during second layout pass: posting in next frame
02-09 05:06:44.831 W/View ( 2005): requestLayout() improperly called by com.android.systemui.statusbar.AlphaOptimizedImageView{84e9ea8 VFED..C.. ......ID 0,0-140,84} during second layout pass: posting in next frame
02-09 05:06:44.852 W/View ( 2005): requestLayout() improperly called by android.widget.FrameLayout{1607d4e I.E...... ......ID 0,0-780,198 #2bc} during layout: running second layout pass
02-09 05:06:44.853 W/View ( 2005): requestLayout() improperly called by com.android.systemui.statusbar.AlphaOptimizedImageView{bedb049 VFED..C.. ......ID 0,0-140,132} during layout: running second layout pass
02-09 05:06:44.853 W/View ( 2005): requestLayout() improperly called by android.widget.FrameLayout{904d2d6 I.E...... ......ID 0,0-780,330 #2bc} during layout: running second layout pass
02-09 05:06:44.853 W/View ( 2005): requestLayout() improperly called by com.android.systemui.statusbar.AlphaOptimizedImageView{a46de98 VFED..C.. ......ID 0,0-140,132} during layout: running second layout pass
02-09 05:06:44.853 W/View ( 2005): requestLayout() improperly called by com.android.systemui.statusbar.AlphaOptimizedImageView{98f46f1 VFED..C.. ......ID 0,0-140,132} during layout: running second layout pass
02-09 05:06:44.853 W/View ( 2005): requestLayout() improperly called by android.widget.FrameLayout{bc0edc1 I.E...... ......ID 0,0-780,198 #2bc} during layout: running second layout pass
02-09 05:06:44.853 W/View ( 2005): requestLayout() improperly called by com.android.systemui.statusbar.AlphaOptimizedImageView{84e9ea8 VFED..C.. ......ID 0,0-140,84} during layout: running second layout pass
02-09 05:06:45.104 W/hpplay-java( 2754): [main]:IPManager:getActiveNets invalid networkInfo:null
02-09 05:06:45.104 I/hpplay-java( 2754): [main]:IPManager:getActiveNets eth0:false wifi:false mobile:false ap:false
02-09 05:06:45.104 I/hpplay-java( 2754): [main]:ServerTaskManager:get local ip:null
02-09 05:06:45.614 E/TaskPersister( 1240): File error accessing recents directory (directory doesn't exist?).
02-09 05:06:45.695 I/input_interaction( 1240): Interaction with: 36aa4e com.android.music/com.android.music.VideoBrowserActivity (server), swipe-up (server), edge-swipe (server), PointerEventDispatcher0 (server),
02-09 05:06:45.789 I/mpu_uart( 645): [MSG-P:RECV]:No message received in 1000 ms
02-09 05:06:45.817 W/View ( 2005): requestLayout() improperly called by android.widget.FrameLayout{1607d4e I.E...... ......ID 0,0-780,198 #2bc} during second layout pass: posting in next frame
02-09 05:06:45.818 W/View ( 2005): requestLayout() improperly called by com.android.systemui.statusbar.AlphaOptimizedImageView{bedb049 VFED..C.. ......ID 0,0-140,132} during second layout pass: posting in next frame
02-09 05:06:45.818 W/View ( 2005): requestLayout() improperly called by android.widget.FrameLayout{904d2d6 I.E...... ......ID 0,0-780,330 #2bc} during second layout pass: posting in next frame
02-09 05:06:45.818 W/View ( 2005): requestLayout() improperly called by com.android.systemui.statusbar.AlphaOptimizedImageView{a46de98 VFED..C.. ......ID 0,0-140,132} during second layout pass: posting in next frame
02-09 05:06:45.818 W/View ( 2005): requestLayout() improperly called by com.android.systemui.statusbar.AlphaOptimizedImageView{98f46f1 VFED..C.. ......ID 0,0-140,132} during second layout pass: posting in next frame
02-09 05:06:45.818 W/View ( 2005): requestLayout() improperly called by android.widget.FrameLayout{bc0edc1 I.E...... ......ID 0,0-780,198 #2bc} during second layout pass: posting in next frame
02-09 05:06:45.818 W/View ( 2005): requestLayout() improperly called by com.android.systemui.statusbar.AlphaOptimizedImageView{84e9ea8 VFED..C.. ......ID 0,0-140,84} during second layout pass: posting in next frame
02-09 05:06:45.836 W/View ( 2005): requestLayout() improperly called by android.widget.FrameLayout{1607d4e I.E...... ......ID 0,0-780,198 #2bc} during layout: running second layout pass
02-09 05:06:45.836 W/View ( 2005): requestLayout() improperly called by com.android.systemui.statusbar.AlphaOptimizedImageView{bedb049 VFED..C.. ......ID 0,0-140,132} during layout: running second layout pass
02-09 05:06:45.836 W/View ( 2005): requestLayout() improperly called by android.widget.FrameLayout{904d2d6 I.E...... ......ID 0,0-780,330 #2bc} during layout: running second layout pass
02-09 05:06:45.836 W/View ( 2005): requestLayout() improperly called by com.android.systemui.statusbar.AlphaOptimizedImageView{a46de98 VFED..C.. ......ID 0,0-140,132} during layout: running second layout pass
02-09 05:06:45.836 W/View ( 2005): requestLayout() improperly called by com.android.systemui.statusbar.AlphaOptimizedImageView{98f46f1 VFED..C.. ......ID 0,0-140,132} during layout: running second layout pass
02-09 05:06:45.836 W/View ( 2005): requestLayout() improperly called by android.widget.FrameLayout{bc0edc1 I.E...... ......ID 0,0-780,198 #2bc} during layout: running second layout pass
02-09 05:06:45.836 W/View ( 2005): requestLayout() improperly called by com.android.systemui.statusbar.AlphaOptimizedImageView{84e9ea8 VFED..C.. ......ID 0,0-140,84} during layout: running second layout pass
02-09 05:06:45.856 I/OMX-VENC: venc_dev( 1301): stats: avg. fps 11.40, bitrate 975354
02-09 05:06:45.898 I/thunderperf( 1240): Maybe need boostperf for current app!
02-09 05:06:45.900 I/ActivityTaskManager( 1240): START u0 {act=android.intent.action.VIEW dat=content://media/external/video/media/372 typ=video/mp4 cmp=com.android.gallery3d/.app.MovieActivity (has extras)} from uid 10088
02-09 05:06:45.900 I/EventSequenceValidator( 1240): inc AccIntentStartedEvents to 2
02-09 05:06:45.911 I/wm_task_moved( 1240): [102,1,6]
02-09 05:06:45.911 I/wm_set_resumed_activity( 1240): [0,com.android.music/.VideoBrowserActivity,positionChildAt]
02-09 05:06:45.911 I/wm_create_activity( 1240): [0,208115012,102,com.android.gallery3d/.app.MovieActivity,android.intent.action.VIEW,video/mp4,content://media/external/video/media/372,0]
02-09 05:06:45.912 D/CompatibilityInfo( 1240): mCompatibilityFlags - 4
02-09 05:06:45.912 D/CompatibilityInfo( 1240): applicationDensity - 240
02-09 05:06:45.912 D/CompatibilityInfo( 1240): applicationScale - 1.0
02-09 05:06:45.912 D/ActivityTrigger( 1240): ActivityTrigger activityPauseTrigger
02-09 05:06:45.912 I/wm_pause_activity( 1240): [0,174202168,com.android.music/.VideoBrowserActivity,userLeaving=true,resumeTopActivityInnerLocked]
02-09 05:06:45.913 W/WindowManager( 1240): updateScale : 0.79357797
02-09 05:06:45.915 I/wm_on_top_resumed_lost_called( 8558): [174202168,com.android.music.VideoBrowserActivity,topStateChangedWhenResumed]
02-09 05:06:45.915 I/wm_on_paused_called( 8558): [174202168,com.android.music.VideoBrowserActivity,performPause]
02-09 05:06:45.915 I/ActivityTaskManager( 1240): FOREGROUND_APPLICATION_CHANGED to com.android.gallery3d.app.MovieActivity
02-09 05:06:45.915 I/ActivityTaskManager( 1240): The Process com.android.gallery3d Already Exists in BG. So sending its PID: 7070
02-09 05:06:45.916 W/ActivityTaskManager( 1240): Tried to set launchTime (0) < mLastActivityLaunchTime (2231993)
02-09 05:06:45.916 I/wm_restart_activity( 1240): [0,208115012,102,com.android.gallery3d/.app.MovieActivity]
02-09 05:06:45.916 D/CompatibilityInfo( 1240): mCompatibilityFlags - 4
02-09 05:06:45.916 D/CompatibilityInfo( 1240): applicationDensity - 240
02-09 05:06:45.916 D/CompatibilityInfo( 1240): applicationScale - 1.0
02-09 05:06:45.917 I/wm_set_resumed_activity( 1240): [0,com.android.gallery3d/.app.MovieActivity,minimalResumeActivityLocked]
02-09 05:06:45.918 I/am_uid_active( 1240): 10064
02-09 05:06:45.919 I/GameMode_ActivityMonitoringService( 2082): onForegroundActivitiesChanged uid 10064 pid 7070 fg true
02-09 05:06:45.920 I/sysui_multi_action( 1240): [757,803,799,window_time_0,802,12]
02-09 05:06:45.921 I/GameMode_ActivityMonitoringService( 2082): Updating top task to: TaskInfoContainer [topActivity=ComponentInfo{com.android.gallery3d/com.android.gallery3d.app.MovieActivity}, taskId=102, stackId=102, userId=0, displayId=0, position=6
02-09 05:06:45.921 I/GameMode_ActivityMonitoringService( 2082): Notifying about top task: TaskInfoContainer [topActivity=ComponentInfo{com.android.gallery3d/com.android.gallery3d.app.MovieActivity}, taskId=102, stackId=102, userId=0, displayId=0, position=6
02-09 05:06:45.921 I/GameMode_ActivityMonitoringService( 2082): WindowMode: 5
02-09 05:06:45.936 I/wm_on_create_called( 7070): [208115012,com.android.gallery3d.app.MovieActivity,performCreate]
02-09 05:06:45.937 W/AudioManager( 7070): Use of stream types is deprecated for operations other than volume control
02-09 05:06:45.937 W/AudioManager( 7070): See the documentation of requestAudioFocus() for what to use instead with android.media.AudioAttributes to qualify your playback use case
02-09 05:06:45.937 I/MediaFocusControl( 1240): requestAudioFocus() from uid/pid 10064/7070 AA=USAGE_MEDIA/CONTENT_TYPE_MUSIC clientId=android.media.AudioManager@d4c9b7d callingPack=com.android.gallery3d req=2 flags=0x0 sdk=29
02-09 05:06:45.937 I/AudioService.FadeOutManager( 1240): unfadeOutUid() uid:10064
02-09 05:06:45.938 I/wm_on_start_called( 7070): [208115012,com.android.gallery3d.app.MovieActivity,handleStartActivity]
02-09 05:06:45.938 I/wm_on_resume_called( 7070): [208115012,com.android.gallery3d.app.MovieActivity,RESUME_ACTIVITY]
02-09 05:06:45.939 W/WindowManager( 1240): Failed looking up window session=Session{4444fa2 7070:u0a10064} callers=com.android.server.wm.WindowManagerService.windowForClientLocked:5628 com.android.server.wm.Session.insetsModified:629 android.view.IWindowSession$Stub.onTransact:1151
02-09 05:06:45.940 I/wm_on_top_resumed_gained_called( 7070): [208115012,com.android.gallery3d.app.MovieActivity,topStateChangedWhenResumed]
02-09 05:06:45.951 W/WindowManager( 1240): updateScale : 0.79357797
02-09 05:06:45.951 W/WindowManager( 1240): updateScale : 0.79357797
02-09 05:06:45.952 I/input_focus( 1240): [Focus request 2c43de5 com.android.gallery3d/com.android.gallery3d.app.MovieActivity,reason=UpdateInputWindows]
02-09 05:06:45.955 I/MediaFocusControl( 1240): requestAudioFocus() from uid/pid 10064/7070 AA=USAGE_MEDIA/CONTENT_TYPE_MOVIE clientId=android.media.AudioManager@d4c9b7d callingPack=com.android.gallery3d req=1 flags=0x0 sdk=29
02-09 05:06:45.956 I/AudioService.FadeOutManager( 1240): unfadeOutUid() uid:10064
02-09 05:06:45.959 I/MediaProvider( 2873): Open with lower FS for /storage/emulated/0/Movies/Video/B-AVC_MP4_MP_SD-03.MP4. Uid: 10064
02-09 05:06:45.959 W/FileSource( 7070): offset/length adjusted from 0/576460752303423487 to 0/232315332
02-09 05:06:45.964 I/MMParserExtractor( 1265): Created(0xb40000733b471850)
02-09 05:06:45.964 E/MM_OSAL ( 1265): FileSource::FileSource
02-09 05:06:45.964 E/MM_OSAL ( 1265): FileSource::FileSource m_bEveryThingOK 1
02-09 05:06:45.965 E/MM_OSAL ( 1265): resetPlayback no need to reset
02-09 05:06:45.965 E/MM_OSAL ( 1265): resetPlayback no need to reset
02-09 05:06:45.966 W/MediaProvider( 2873): Failed to fetch original file descriptor
02-09 05:06:45.966 W/MediaProvider( 2873): java.io.FileNotFoundException: Input file descriptor is already original
02-09 05:06:45.966 W/MediaProvider( 2873): at com.android.providers.media.MediaProvider.getOriginalMediaFormatFileDescriptor(MediaProvider.java:5718)
02-09 05:06:45.966 W/MediaProvider( 2873): at com.android.providers.media.MediaProvider.openTypedAssetFileCommon(MediaProvider.java:7134)
02-09 05:06:45.966 W/MediaProvider( 2873): at com.android.providers.media.MediaProvider.openTypedAssetFile(MediaProvider.java:7115)
02-09 05:06:45.966 W/MediaProvider( 2873): at android.content.ContentProvider$Transport.openTypedAssetFile(ContentProvider.java:548)
02-09 05:06:45.966 W/MediaProvider( 2873): at android.content.ContentProviderNative.onTransact(ContentProviderNative.java:327)
02-09 05:06:45.966 W/MediaProvider( 2873): at android.os.Binder.execTransactInternal(Binder.java:1184)
02-09 05:06:45.966 W/MediaProvider( 2873): at android.os.Binder.execTransact(Binder.java:1143)
02-09 05:06:45.967 W/WindowManager( 1240): updateScale : 0.79357797
02-09 05:06:45.967 W/WindowManager( 1240): updateScale : 0.79357797
02-09 05:06:45.967 D/NuPlayerDriver( 1283): NuPlayerDriver(0xe87821d0) created, clientPid(7070)
02-09 05:06:45.970 I/ExtendedNuUtils( 1283): printFileName fd(11) -> /storage/emulated/0/Movies/Video/B-AVC_MP4_MP_SD-03.MP4
02-09 05:06:45.970 D/SurfaceUtils( 1283): connecting to surface 0xe7f064d8, reason setVideoSurfaceTexture
02-09 05:06:45.970 D/NuPlayer( 1283): onSetVideoSurface(0xe7f03270, no video decoder)
02-09 05:06:45.971 D/Avrcp_ext( 1985): AudioManager Player: AudioPlaybackConfiguration piid:71 deviceId:0 type:android.media.SoundPool u/pid:10080/2005 state:idle attr:AudioAttributes: usage=USAGE_ASSISTANCE_SONIFICATION content=CONTENT_TYPE_SONIFICATION flags=0x800 tags= bundle=null sessionId:0
02-09 05:06:45.971 D/Avrcp_ext( 1985): AudioManager Player: AudioPlaybackConfiguration piid:87 deviceId:0 type:android.media.SoundPool u/pid:1000/2082 state:idle attr:AudioAttributes: usage=USAGE_ASSISTANCE_SONIFICATION content=CONTENT_TYPE_SONIFICATION flags=0x801 tags= bundle=null sessionId:0
02-09 05:06:45.971 D/Avrcp_ext( 1985): AudioManager Player: AudioPlaybackConfiguration piid:359 deviceId:0 type:android.media.MediaPlayer u/pid:10064/7070 state:idle attr:AudioAttributes: usage=USAGE_MEDIA content=CONTENT_TYPE_MOVIE flags=0x800 tags= bundle=null sessionId:0
02-09 05:06:45.971 D/Avrcp_ext( 1985): AudioManager Player: AudioPlaybackConfiguration piid:63 deviceId:0 type:android.media.SoundPool u/pid:1000/1240 state:idle attr:AudioAttributes: usage=USAGE_ASSISTANCE_SONIFICATION content=CONTENT_TYPE_SONIFICATION flags=0x800 tags= bundle=null sessionId:0
02-09 05:06:45.971 D/Avrcp_ext( 1985): AudioManager isPlaying: false, mAudioPlaybackIsActive = false
02-09 05:06:45.971 D/Avrcp_ext( 1985): AudioManager Reset Active Player
02-09 05:06:45.972 D/GenericSource( 1283): FileSource remote
02-09 05:06:45.973 I/MMParserExtractor( 1265): Created(0xb40000733b471af0)
02-09 05:06:45.973 E/MM_OSAL ( 1265): FileSource::FileSource
02-09 05:06:45.973 E/MM_OSAL ( 1265): FileSource::FileSource m_bEveryThingOK 1
02-09 05:06:45.974 E/MM_OSAL ( 1265): resetPlayback no need to reset
02-09 05:06:45.974 E/MM_OSAL ( 1265): resetPlayback no need to reset
02-09 05:06:45.975 W/WindowManager( 1240): updateScale : 0.79357797
02-09 05:06:45.975 W/WindowManager( 1240): updateScale : 0.79357797
02-09 05:06:45.975 D/MediaBufferGroup( 1265): creating MemoryDealer
02-09 05:06:45.975 D/MediaBufferGroup( 1265): creating MemoryDealer
02-09 05:06:45.977 W/WindowManager( 1240): updateScale : 0.79357797
02-09 05:06:45.977 W/WindowManager( 1240): updateScale : 0.79357797
02-09 05:06:45.977 I/sysui_multi_action( 1240): [319,77,322,77,325,2701,757,761,758,8,759,2,806,com.android.gallery3d,871,com.android.gallery3d.app.MovieActivity,904,com.android.music,905,0,1320,4,1321,1]
02-09 05:06:45.978 I/EventSequenceValidator( 1240): dec AccIntentStartedEvents to 1
02-09 05:06:45.978 I/wm_activity_launch_time( 1240): [0,208115012,com.android.gallery3d/.app.MovieActivity,77]
02-09 05:06:45.979 I/ActivityTaskManager( 1240): Displayed com.android.gallery3d/.app.MovieActivity: +77ms
02-09 05:06:45.985 I/input_focus( 1240): [Focus leaving 36aa4e com.android.music/com.android.music.VideoBrowserActivity (server),reason=setFocusedWindow]
02-09 05:06:45.985 I/input_focus( 1240): [Focus entering 2c43de5 com.android.gallery3d/com.android.gallery3d.app.MovieActivity (server),reason=setFocusedWindow]
02-09 05:06:45.989 D/MediaPlayerNative( 7070): getMetadata
02-09 05:06:45.990 W/AudioIDCMicroNegotiator( 1240): idcm_warn: idcm control is not enable
02-09 05:06:45.990 I/GenericSource( 1283): start
02-09 05:06:45.990 D/Avrcp_ext( 1985): AudioManager Player: AudioPlaybackConfiguration piid:71 deviceId:0 type:android.media.SoundPool u/pid:10080/2005 state:idle attr:AudioAttributes: usage=USAGE_ASSISTANCE_SONIFICATION content=CONTENT_TYPE_SONIFICATION flags=0x800 tags= bundle=null sessionId:0
02-09 05:06:45.990 D/Avrcp_ext( 1985): AudioManager Player: AudioPlaybackConfiguration piid:87 deviceId:0 type:android.media.SoundPool u/pid:1000/2082 state:idle attr:AudioAttributes: usage=USAGE_ASSISTANCE_SONIFICATION content=CONTENT_TYPE_SONIFICATION flags=0x801 tags= bundle=null sessionId:0
02-09 05:06:45.990 D/Avrcp_ext( 1985): AudioManager Player: AudioPlaybackConfiguration piid:359 deviceId:0 type:android.media.MediaPlayer u/pid:10064/7070 state:started attr:AudioAttributes: usage=USAGE_MEDIA content=CONTENT_TYPE_MOVIE flags=0x800 tags= bundle=null sessionId:0
02-09 05:06:45.990 W/Utils ( 1283): track of type 'audio/mp4a-latm' does not publish channel mask, channel count 2
02-09 05:06:45.991 D/Avrcp_ext( 1985): AudioManager Player in started state: com.android.gallery3d
02-09 05:06:45.991 D/Avrcp_ext( 1985): AudioManager Active Player: com.android.gallery3d
02-09 05:06:45.991 D/Avrcp_ext( 1985): AudioManager Player: AudioPlaybackConfiguration piid:63 deviceId:0 type:android.media.SoundPool u/pid:1000/1240 state:idle attr:AudioAttributes: usage=USAGE_ASSISTANCE_SONIFICATION content=CONTENT_TYPE_SONIFICATION flags=0x800 tags= bundle=null sessionId:0
02-09 05:06:45.991 D/Avrcp_ext( 1985): AudioManager isPlaying: true, mAudioPlaybackIsActive = false
02-09 05:06:45.992 V/Avrcp_ext( 1985): updateCurrentMediaState: mMediaController: MediaController (com.android.systemui@6c96528) null
02-09 05:06:45.992 W/Avrcp_ext( 1985): isMusicActive: false getBluetoothPlayState: 2 A2dp State: 11 mAudioPlaybackIsActive: true
02-09 05:06:45.992 D/Avrcp_ext( 1985): isMusicActive = false mAudioPlaybackIsActive = true player state = null
02-09 05:06:45.992 I/Avrcp_ext( 1985): Skipping update due to invalid playback state
02-09 05:06:45.992 V/Avrcp_ext( 1985): updatePlaybackState, state: null device: null
02-09 05:06:45.992 V/Avrcp_ext( 1985): Device: no name:
02-09 05:06:45.992 V/Avrcp_ext( 1985): Device: no name:
02-09 05:06:45.992 V/Avrcp_ext( 1985): Device: no name:
02-09 05:06:45.992 V/Avrcp_ext( 1985): Device: no name:
02-09 05:06:45.993 V/Avrcp_ext( 1985): Device: no name:
02-09 05:06:45.993 V/Avrcp_ext( 1985): updatePlayerStateAndPosition, old=PlaybackState {state=2, position=-1, buffered position=0, speed=1.0, updated=2258217, actions=0, custom actions=[], active item id=-1, error=null}, state=null
02-09 05:06:45.993 I/Avrcp_ext( 1985): updatePlayerStateAndPosition: device: state = null
02-09 05:06:45.994 W/Utils ( 1283): track of type 'audio/mp4a-latm' does not publish channel mask, channel count 2
02-09 05:06:45.996 D/audio_hw_primary( 800): adev_get_parameters:vr_audio_mode_on
01-04 09:35:21.355 I/msm_vidc( 0): high: 00000002: ....d: Opening video instance: 0000000000000000, 1
02-09 05:06:45.996 I/audio_hw_primary( 800): getting vr mode to 0
02-09 05:06:45.996 D/audio_hw_primary( 800): adev_get_parameters: exit: returns - vr_audio_mode_on=false
02-09 05:06:45.996 I/hash_map_utils( 989): system/bt/osi/src/hash_map_utils.cc:81 hash_map_utils_dump_string_keys_string_values: key: 'vr_audio_mode_on' value: ''
02-09 05:06:45.997 I/AudioFlinger( 989): openOutput() this 0xb4000073419e46b0, module 10 Device type:0x2,@:, SamplingRate 48000, Format 0x4000002, Channels 0x3, flags 0x31
02-09 05:06:45.997 D/audio_hw_primary( 800): adev_open_output_stream: enter: format(0x4000002) sample_rate(48000) channel_mask(0x3) devices(0x2) flags(0x31) stream_handle(0xe6ad4fb0) address()
02-09 05:06:45.997 I/audio_hw_utils( 800): audio_extn_utils_update_stream_output_app_type_cfg Allowing 24 and above bits playback on speaker ONLY at default sampling rate
02-09 05:06:45.997 D/audio_hw_primary( 800): adev_open_output_stream: Stream (0xe6ad4fb0) picks up usecase (compress-offload-playback)
02-09 05:06:45.997 D/audio_hw_primary( 800): io_streams_map_insert: Added stream in io_streams_map with handle 253
02-09 05:06:45.998 I/AudioFlinger( 989): HAL output buffer size 32768 frames, normal sink buffer size 32768 frames
01-04 09:35:21.355 I/msm_vidc( 0): err : 00000002: ....d: Failed to create debugfs for msm_vidc
02-09 05:06:45.998 D/audio_hw_utils( 800): audio_extn_utils_compress_get_dsp_latency:: Using Fix DSP delay
02-09 05:06:45.998 D/audio_hw_utils( 800): audio_extn_utils_compress_get_dsp_latency:: delay in ms is 50
02-09 05:06:45.999 D/AudioFlinger( 989): Failed to add event callback
02-09 05:06:45.999 I/AudioFlinger( 989): AudioFlinger's thread 0xb4000073f19e4030 tid=8856 ready to run
02-09 05:06:45.999 D/audio_hw_utils( 800): audio_extn_utils_compress_get_dsp_latency:: Using Fix DSP delay
02-09 05:06:45.999 D/audio_hw_utils( 800): audio_extn_utils_compress_get_dsp_latency:: delay in ms is 50
02-09 05:06:45.999 D/audio_hw_utils( 800): audio_extn_utils_compress_get_dsp_latency:: Using Fix DSP delay
02-09 05:06:45.999 D/audio_hw_utils( 800): audio_extn_utils_compress_get_dsp_latency:: delay in ms is 50
02-09 05:06:46.000 D/AudioFlinger( 989): ro.audio.silent is ignored since no output device is set
02-09 05:06:46.000 W/WindowManager( 1240): updateScale : 0.79357797
02-09 05:06:46.000 D/AudioFlinger( 989): ro.audio.silent is ignored since no output device is set
02-09 05:06:46.000 W/WindowManager( 1240): updateScale : 0.79357797
02-09 05:06:46.002 I/OMXClient( 1283): IOmx service obtained
02-09 05:06:46.004 I/OMXMaster( 1301): makeComponentInstance(OMX.qcom.video.decoder.avc) in android.hardwar process
02-09 05:06:46.010 E/android.hardware.media.omx@1.0-service( 1301): Service not available yet
02-09 05:06:46.011 D/PlatformConfig( 1301): getInstance: Enter
02-09 05:06:46.012 D/PlatformConfig( 1301): getConfigStoreBool: vpp/enable=false, returning false
02-09 05:06:46.012 D/PlatformConfig( 1301): getInstance: Enter
02-09 05:06:46.013 D/PlatformConfig( 1301): getInt32 Config name: vidc_dec_log_in value: 0
02-09 05:06:46.013 D/PlatformConfig( 1301): getInstance: Enter
02-09 05:06:46.013 D/PlatformConfig( 1301): getInt32 Config name: vidc_dec_log_out value: 0
02-09 05:06:46.013 D/PlatformConfig( 1301): getInstance: Enter
02-09 05:06:46.013 D/PlatformConfig( 1301): getInt32 Config name: vidc_dec_sec_prefetch_size_internal value: 209715200
02-09 05:06:46.013 D/PlatformConfig( 1301): getInstance: Enter
02-09 05:06:46.013 D/PlatformConfig( 1301): getInt32 Config name: vidc_dec_sec_prefetch_size_output value: 13434880
02-09 05:06:46.013 D/PlatformConfig( 1301): getInstance: Enter
02-09 05:06:46.013 D/PlatformConfig( 1301): getInt32 Config name: vidc_perf_control_enable value: 0
02-09 05:06:46.013 D/PlatformConfig( 1301): getInstance: Enter
02-09 05:06:46.013 D/PlatformConfig( 1301): getInt32 Config name: vidc_dec_thumbnail_yuv_output value: 0
02-09 05:06:46.013 D/PlatformConfig( 1301): getInstance: Enter
02-09 05:06:46.013 D/PlatformConfig( 1301): getInt32: Returning default
02-09 05:06:46.013 D/PlatformConfig( 1301): getInstance: Enter
02-09 05:06:46.013 D/PlatformConfig( 1301): getInt32 Config name: vidc_dec_output_rate value: 120
02-09 05:06:46.013 I/OMX-VDEC-1080P( 1301): component_init: OMX.qcom.video.decoder.avc : fd=71
02-09 05:06:46.013 E/OMX-VDEC-1080P( 1301): Unsupported output color format for c2d (2141391876)
02-09 05:06:46.013 E/OMX-VDEC-1080P( 1301): Setting color format failed
02-09 05:06:46.014 D/PlatformConfig( 1301): getInstance: Enter
02-09 05:06:46.014 D/PlatformConfig( 1301): getInt32: Returning default
02-09 05:06:46.014 D/PlatformConfig( 1301): getInstance: Enter
02-09 05:06:46.014 D/PlatformConfig( 1301): getInt32: Returning default
02-09 05:06:46.015 D/AF::TrackHandle( 989): OpPlayAudio: track:83 usage:1 not muted
02-09 05:06:46.015 I/OMX-VDEC-1080P( 1301): omx_vdec::component_init() success : fd=71
02-09 05:06:46.016 D/audio_hw_utils( 800): audio_extn_utils_compress_get_dsp_latency:: Using Fix DSP delay
02-09 05:06:46.016 D/audio_hw_utils( 800): audio_extn_utils_compress_get_dsp_latency:: delay in ms is 50
02-09 05:06:46.018 D/audio_hw_utils( 800): audio_extn_utils_compress_get_dsp_latency:: Using Fix DSP delay
