02-09 05:06:57.809 E/RoleParser( 8912): at java.lang.reflect.Method.invoke(Native Method)
02-09 05:06:57.809 E/RoleParser( 8912): at com.android.internal.os.RuntimeInit$MethodAndArgsCaller.run(RuntimeInit.java:548)
02-09 05:06:57.809 E/RoleParser( 8912): at com.android.internal.os.ZygoteInit.main(ZygoteInit.java:1009)
02-09 05:06:57.809 E/RoleParser( 8912): Caused by: java.lang.ClassNotFoundException: com.android.permissioncontroller.role.model.DialerRoleBehavior
02-09 05:06:57.809 E/RoleParser( 8912): ... 21 more
02-09 05:06:57.809 I/am_wtf ( 1240): [0,8912,com.android.settings,952647173,RoleParser,com.android.permissioncontroller.role.model.DialerRoleBehavior]
02-09 05:06:57.810 I/DropBoxManagerService( 1240): add tag=system_app_wtf isTagEnabled=true flags=0x2
02-09 05:06:57.811 E/RoleParser( 8912): Unable to instantiate behavior: com.android.permissioncontroller.role.model.SmsRoleBehavior
02-09 05:06:57.811 E/RoleParser( 8912): java.lang.ClassNotFoundException: com.android.permissioncontroller.role.model.SmsRoleBehavior
02-09 05:06:57.811 E/RoleParser( 8912): at java.lang.Class.classForName(Native Method)
02-09 05:06:57.811 E/RoleParser( 8912): at java.lang.Class.forName(Class.java:454)
02-09 05:06:57.811 E/RoleParser( 8912): at java.lang.Class.forName(Class.java:379)
02-09 05:06:57.811 E/RoleParser( 8912): at com.android.permissioncontroller.role.model.RoleParser.parseRole(RoleParser.java:298)
02-09 05:06:57.811 E/RoleParser( 8912): at com.android.permissioncontroller.role.model.RoleParser.parseRoles(RoleParser.java:212)
02-09 05:06:57.811 E/RoleParser( 8912): at com.android.permissioncontroller.role.model.RoleParser.parseXml(RoleParser.java:171)
02-09 05:06:57.811 E/RoleParser( 8912): at com.android.permissioncontroller.role.model.RoleParser.parse(RoleParser.java:136)
02-09 05:06:57.811 E/RoleParser( 8912): at com.android.permissioncontroller.role.model.Roles.get(Roles.java:49)
02-09 05:06:57.811 E/RoleParser( 8912): at com.android.permissioncontroller.PermissionControllerApplication.updateSpecialAppAccessListActivityEnabledState(PermissionControllerApplication.java:51)
02-09 05:06:57.811 E/RoleParser( 8912): at com.android.permissioncontroller.PermissionControllerApplication.onCreate(PermissionControllerApplication.java:40)
02-09 05:06:57.811 E/RoleParser( 8912): at android.app.Instrumentation.callApplicationOnCreate(Instrumentation.java:1212)
02-09 05:06:57.811 E/RoleParser( 8912): at android.app.ActivityThread.handleBindApplication(ActivityThread.java:6744)
02-09 05:06:57.811 E/RoleParser( 8912): at android.app.ActivityThread.access$1500(ActivityThread.java:248)
02-09 05:06:57.811 E/RoleParser( 8912): at android.app.ActivityThread$H.handleMessage(ActivityThread.java:2054)
02-09 05:06:57.811 E/RoleParser( 8912): at android.os.Handler.dispatchMessage(Handler.java:106)
02-09 05:06:57.811 E/RoleParser( 8912): at android.os.Looper.loopOnce(Looper.java:201)
02-09 05:06:57.811 E/RoleParser( 8912): at android.os.Looper.loop(Looper.java:288)
02-09 05:06:57.811 E/RoleParser( 8912): at android.app.ActivityThread.main(ActivityThread.java:7880)
02-09 05:06:57.811 E/RoleParser( 8912): at java.lang.reflect.Method.invoke(Native Method)
02-09 05:06:57.811 E/RoleParser( 8912): at com.android.internal.os.RuntimeInit$MethodAndArgsCaller.run(RuntimeInit.java:548)
02-09 05:06:57.811 E/RoleParser( 8912): at com.android.internal.os.ZygoteInit.main(ZygoteInit.java:1009)
02-09 05:06:57.811 E/RoleParser( 8912): Caused by: java.lang.ClassNotFoundException: com.android.permissioncontroller.role.model.SmsRoleBehavior
02-09 05:06:57.811 E/RoleParser( 8912): ... 21 more
02-09 05:06:57.811 I/am_wtf ( 1240): [0,8912,com.android.settings,952647173,RoleParser,com.android.permissioncontroller.role.model.SmsRoleBehavior]
02-09 05:06:57.812 I/DropBoxManagerService( 1240): add tag=system_app_wtf isTagEnabled=true flags=0x2
02-09 05:06:57.813 E/RoleParser( 8912): Unable to instantiate behavior: com.android.permissioncontroller.role.model.EmergencyRoleBehavior
02-09 05:06:57.813 E/RoleParser( 8912): java.lang.ClassNotFoundException: com.android.permissioncontroller.role.model.EmergencyRoleBehavior
02-09 05:06:57.813 E/RoleParser( 8912): at java.lang.Class.classForName(Native Method)
02-09 05:06:57.813 E/RoleParser( 8912): at java.lang.Class.forName(Class.java:454)
02-09 05:06:57.813 E/RoleParser( 8912): at java.lang.Class.forName(Class.java:379)
02-09 05:06:57.813 E/RoleParser( 8912): at com.android.permissioncontroller.role.model.RoleParser.parseRole(RoleParser.java:298)
02-09 05:06:57.813 E/RoleParser( 8912): at com.android.permissioncontroller.role.model.RoleParser.parseRoles(RoleParser.java:212)
02-09 05:06:57.813 E/RoleParser( 8912): at com.android.permissioncontroller.role.model.RoleParser.parseXml(RoleParser.java:171)
02-09 05:06:57.813 E/RoleParser( 8912): at com.android.permissioncontroller.role.model.RoleParser.parse(RoleParser.java:136)
02-09 05:06:57.813 E/RoleParser( 8912): at com.android.permissioncontroller.role.model.Roles.get(Roles.java:49)
02-09 05:06:57.813 E/RoleParser( 8912): at com.android.permissioncontroller.PermissionControllerApplication.updateSpecialAppAccessListActivityEnabledState(PermissionControllerApplication.java:51)
02-09 05:06:57.813 E/RoleParser( 8912): at com.android.permissioncontroller.PermissionControllerApplication.onCreate(PermissionControllerApplication.java:40)
02-09 05:06:57.813 E/RoleParser( 8912): at android.app.Instrumentation.callApplicationOnCreate(Instrumentation.java:1212)
02-09 05:06:57.813 E/RoleParser( 8912): at android.app.ActivityThread.handleBindApplication(ActivityThread.java:6744)
02-09 05:06:57.813 E/RoleParser( 8912): at android.app.ActivityThread.access$1500(ActivityThread.java:248)
02-09 05:06:57.813 E/RoleParser( 8912): at android.app.ActivityThread$H.handleMessage(ActivityThread.java:2054)
02-09 05:06:57.813 E/RoleParser( 8912): at android.os.Handler.dispatchMessage(Handler.java:106)
02-09 05:06:57.813 E/RoleParser( 8912): at android.os.Looper.loopOnce(Looper.java:201)
02-09 05:06:57.813 E/RoleParser( 8912): at android.os.Looper.loop(Looper.java:288)
02-09 05:06:57.813 E/RoleParser( 8912): at android.app.ActivityThread.main(ActivityThread.java:7880)
02-09 05:06:57.813 E/RoleParser( 8912): at java.lang.reflect.Method.invoke(Native Method)
02-09 05:06:57.813 E/RoleParser( 8912): at com.android.internal.os.RuntimeInit$MethodAndArgsCaller.run(RuntimeInit.java:548)
02-09 05:06:57.813 E/RoleParser( 8912): at com.android.internal.os.ZygoteInit.main(ZygoteInit.java:1009)
02-09 05:06:57.813 E/RoleParser( 8912): Caused by: java.lang.ClassNotFoundException: com.android.permissioncontroller.role.model.EmergencyRoleBehavior
02-09 05:06:57.813 E/RoleParser( 8912): ... 21 more
02-09 05:06:57.813 I/am_wtf ( 1240): [0,8912,com.android.settings,952647173,RoleParser,com.android.permissioncontroller.role.model.EmergencyRoleBehavior]
02-09 05:06:57.814 I/DropBoxManagerService( 1240): add tag=system_app_wtf isTagEnabled=true flags=0x2
02-09 05:06:57.815 E/RoleParser( 8912): Unable to instantiate behavior: com.android.permissioncontroller.role.model.HomeRoleBehavior
02-09 05:06:57.815 E/RoleParser( 8912): java.lang.ClassNotFoundException: com.android.permissioncontroller.role.model.HomeRoleBehavior
02-09 05:06:57.815 E/RoleParser( 8912): at java.lang.Class.classForName(Native Method)
02-09 05:06:57.815 E/RoleParser( 8912): at java.lang.Class.forName(Class.java:454)
02-09 05:06:57.815 E/RoleParser( 8912): at java.lang.Class.forName(Class.java:379)
02-09 05:06:57.815 E/RoleParser( 8912): at com.android.permissioncontroller.role.model.RoleParser.parseRole(RoleParser.java:298)
02-09 05:06:57.815 E/RoleParser( 8912): at com.android.permissioncontroller.role.model.RoleParser.parseRoles(RoleParser.java:212)
02-09 05:06:57.815 E/RoleParser( 8912): at com.android.permissioncontroller.role.model.RoleParser.parseXml(RoleParser.java:171)
02-09 05:06:57.815 E/RoleParser( 8912): at com.android.permissioncontroller.role.model.RoleParser.parse(RoleParser.java:136)
02-09 05:06:57.815 E/RoleParser( 8912): at com.android.permissioncontroller.role.model.Roles.get(Roles.java:49)
02-09 05:06:57.815 E/RoleParser( 8912): at com.android.permissioncontroller.PermissionControllerApplication.updateSpecialAppAccessListActivityEnabledState(PermissionControllerApplication.java:51)
02-09 05:06:57.815 E/RoleParser( 8912): at com.android.permissioncontroller.PermissionControllerApplication.onCreate(PermissionControllerApplication.java:40)
02-09 05:06:57.815 E/RoleParser( 8912): at android.app.Instrumentation.callApplicationOnCreate(Instrumentation.java:1212)
02-09 05:06:57.815 E/RoleParser( 8912): at android.app.ActivityThread.handleBindApplication(ActivityThread.java:6744)
02-09 05:06:57.815 E/RoleParser( 8912): at android.app.ActivityThread.access$1500(ActivityThread.java:248)
02-09 05:06:57.815 E/RoleParser( 8912): at android.app.ActivityThread$H.handleMessage(ActivityThread.java:2054)
02-09 05:06:57.815 E/RoleParser( 8912): at android.os.Handler.dispatchMessage(Handler.java:106)
02-09 05:06:57.815 E/RoleParser( 8912): at android.os.Looper.loopOnce(Looper.java:201)
02-09 05:06:57.815 E/RoleParser( 8912): at android.os.Looper.loop(Looper.java:288)
02-09 05:06:57.815 E/RoleParser( 8912): at android.app.ActivityThread.main(ActivityThread.java:7880)
02-09 05:06:57.815 E/RoleParser( 8912): at java.lang.reflect.Method.invoke(Native Method)
02-09 05:06:57.815 E/RoleParser( 8912): at com.android.internal.os.RuntimeInit$MethodAndArgsCaller.run(RuntimeInit.java:548)
02-09 05:06:57.815 E/RoleParser( 8912): at com.android.internal.os.ZygoteInit.main(ZygoteInit.java:1009)
02-09 05:06:57.815 E/RoleParser( 8912): Caused by: java.lang.ClassNotFoundException: com.android.permissioncontroller.role.model.HomeRoleBehavior
02-09 05:06:57.815 E/RoleParser( 8912): ... 21 more
02-09 05:06:57.815 I/am_wtf ( 1240): [0,8912,com.android.settings,952647173,RoleParser,com.android.permissioncontroller.role.model.HomeRoleBehavior]
02-09 05:06:57.819 E/RoleParser( 8912): Unable to instantiate behavior: com.android.permissioncontroller.role.model.SystemAutomotiveClusterRoleBehavior
02-09 05:06:57.819 E/RoleParser( 8912): java.lang.ClassNotFoundException: com.android.permissioncontroller.role.model.SystemAutomotiveClusterRoleBehavior
02-09 05:06:57.819 E/RoleParser( 8912): at java.lang.Class.classForName(Native Method)
02-09 05:06:57.819 E/RoleParser( 8912): at java.lang.Class.forName(Class.java:454)
02-09 05:06:57.819 E/RoleParser( 8912): at java.lang.Class.forName(Class.java:379)
02-09 05:06:57.819 E/RoleParser( 8912): at com.android.permissioncontroller.role.model.RoleParser.parseRole(RoleParser.java:298)
02-09 05:06:57.819 E/RoleParser( 8912): at com.android.permissioncontroller.role.model.RoleParser.parseRoles(RoleParser.java:212)
02-09 05:06:57.819 E/RoleParser( 8912): at com.android.permissioncontroller.role.model.RoleParser.parseXml(RoleParser.java:171)
02-09 05:06:57.819 E/RoleParser( 8912): at com.android.permissioncontroller.role.model.RoleParser.parse(RoleParser.java:136)
02-09 05:06:57.819 E/RoleParser( 8912): at com.android.permissioncontroller.role.model.Roles.get(Roles.java:49)
02-09 05:06:57.819 E/RoleParser( 8912): at com.android.permissioncontroller.PermissionControllerApplication.updateSpecialAppAccessListActivityEnabledState(PermissionControllerApplication.java:51)
02-09 05:06:57.819 E/RoleParser( 8912): at com.android.permissioncontroller.PermissionControllerApplication.onCreate(PermissionControllerApplication.java:40)
02-09 05:06:57.819 E/RoleParser( 8912): at android.app.Instrumentation.callApplicationOnCreate(Instrumentation.java:1212)
02-09 05:06:57.819 E/RoleParser( 8912): at android.app.ActivityThread.handleBindApplication(ActivityThread.java:6744)
02-09 05:06:57.819 E/RoleParser( 8912): at android.app.ActivityThread.access$1500(ActivityThread.java:248)
02-09 05:06:57.819 E/RoleParser( 8912): at android.app.ActivityThread$H.handleMessage(ActivityThread.java:2054)
02-09 05:06:57.819 E/RoleParser( 8912): at android.os.Handler.dispatchMessage(Handler.java:106)
02-09 05:06:57.819 E/RoleParser( 8912): at android.os.Looper.loopOnce(Looper.java:201)
02-09 05:06:57.819 E/RoleParser( 8912): at android.os.Looper.loop(Looper.java:288)
02-09 05:06:57.819 E/RoleParser( 8912): at android.app.ActivityThread.main(ActivityThread.java:7880)
02-09 05:06:57.819 E/RoleParser( 8912): at java.lang.reflect.Method.invoke(Native Method)
02-09 05:06:57.819 E/RoleParser( 8912): at com.android.internal.os.RuntimeInit$MethodAndArgsCaller.run(RuntimeInit.java:548)
02-09 05:06:57.819 E/RoleParser( 8912): at com.android.internal.os.ZygoteInit.main(ZygoteInit.java:1009)
02-09 05:06:57.819 E/RoleParser( 8912): Caused by: java.lang.ClassNotFoundException: com.android.permissioncontroller.role.model.SystemAutomotiveClusterRoleBehavior
02-09 05:06:57.819 E/RoleParser( 8912): ... 21 more
02-09 05:06:57.819 I/am_wtf ( 1240): [0,8912,com.android.settings,952647173,RoleParser,com.android.permissioncontroller.role.model.SystemAutomotiveClusterRoleBehavior]
02-09 05:06:57.820 E/RoleParser( 8912): Unable to instantiate behavior: com.android.permissioncontroller.role.model.CompanionDeviceWatchRoleBehavior
02-09 05:06:57.820 E/RoleParser( 8912): java.lang.ClassNotFoundException: com.android.permissioncontroller.role.model.CompanionDeviceWatchRoleBehavior
02-09 05:06:57.820 E/RoleParser( 8912): at java.lang.Class.classForName(Native Method)
02-09 05:06:57.820 E/RoleParser( 8912): at java.lang.Class.forName(Class.java:454)
02-09 05:06:57.820 E/RoleParser( 8912): at java.lang.Class.forName(Class.java:379)
02-09 05:06:57.820 E/RoleParser( 8912): at com.android.permissioncontroller.role.model.RoleParser.parseRole(RoleParser.java:298)
02-09 05:06:57.820 E/RoleParser( 8912): at com.android.permissioncontroller.role.model.RoleParser.parseRoles(RoleParser.java:212)
02-09 05:06:57.820 E/RoleParser( 8912): at com.android.permissioncontroller.role.model.RoleParser.parseXml(RoleParser.java:171)
02-09 05:06:57.820 E/RoleParser( 8912): at com.android.permissioncontroller.role.model.RoleParser.parse(RoleParser.java:136)
02-09 05:06:57.820 E/RoleParser( 8912): at com.android.permissioncontroller.role.model.Roles.get(Roles.java:49)
02-09 05:06:57.820 E/RoleParser( 8912): at com.android.permissioncontroller.PermissionControllerApplication.updateSpecialAppAccessListActivityEnabledState(PermissionControllerApplication.java:51)
02-09 05:06:57.820 E/RoleParser( 8912): at com.android.permissioncontroller.PermissionControllerApplication.onCreate(PermissionControllerApplication.java:40)
02-09 05:06:57.820 E/RoleParser( 8912): at android.app.Instrumentation.callApplicationOnCreate(Instrumentation.java:1212)
02-09 05:06:57.820 E/RoleParser( 8912): at android.app.ActivityThread.handleBindApplication(ActivityThread.java:6744)
02-09 05:06:57.820 E/RoleParser( 8912): at android.app.ActivityThread.access$1500(ActivityThread.java:248)
02-09 05:06:57.820 E/RoleParser( 8912): at android.app.ActivityThread$H.handleMessage(ActivityThread.java:2054)
02-09 05:06:57.820 E/RoleParser( 8912): at android.os.Handler.dispatchMessage(Handler.java:106)
02-09 05:06:57.820 E/RoleParser( 8912): at android.os.Looper.loopOnce(Looper.java:201)
02-09 05:06:57.820 E/RoleParser( 8912): at android.os.Looper.loop(Looper.java:288)
02-09 05:06:57.820 E/RoleParser( 8912): at android.app.ActivityThread.main(ActivityThread.java:7880)
02-09 05:06:57.820 E/RoleParser( 8912): at java.lang.reflect.Method.invoke(Native Method)
02-09 05:06:57.820 E/RoleParser( 8912): at com.android.internal.os.RuntimeInit$MethodAndArgsCaller.run(RuntimeInit.java:548)
02-09 05:06:57.820 E/RoleParser( 8912): at com.android.internal.os.ZygoteInit.main(ZygoteInit.java:1009)
02-09 05:06:57.820 E/RoleParser( 8912): Caused by: java.lang.ClassNotFoundException: com.android.permissioncontroller.role.model.CompanionDeviceWatchRoleBehavior
02-09 05:06:57.820 E/RoleParser( 8912): ... 21 more
02-09 05:06:57.821 I/am_wtf ( 1240): [0,8912,com.android.settings,952647173,RoleParser,com.android.permissioncontroller.role.model.CompanionDeviceWatchRoleBehavior]
02-09 05:06:57.822 E/RoleParser( 8912): Unable to instantiate behavior: com.android.permissioncontroller.role.model.SystemShellRoleBehavior
02-09 05:06:57.822 E/RoleParser( 8912): java.lang.ClassNotFoundException: com.android.permissioncontroller.role.model.SystemShellRoleBehavior
02-09 05:06:57.822 E/RoleParser( 8912): at java.lang.Class.classForName(Native Method)
02-09 05:06:57.822 E/RoleParser( 8912): at java.lang.Class.forName(Class.java:454)
02-09 05:06:57.822 E/RoleParser( 8912): at java.lang.Class.forName(Class.java:379)
02-09 05:06:57.822 E/RoleParser( 8912): at com.android.permissioncontroller.role.model.RoleParser.parseRole(RoleParser.java:298)
02-09 05:06:57.822 E/RoleParser( 8912): at com.android.permissioncontroller.role.model.RoleParser.parseRoles(RoleParser.java:212)
02-09 05:06:57.822 E/RoleParser( 8912): at com.android.permissioncontroller.role.model.RoleParser.parseXml(RoleParser.java:171)
02-09 05:06:57.822 E/RoleParser( 8912): at com.android.permissioncontroller.role.model.RoleParser.parse(RoleParser.java:136)
02-09 05:06:57.822 E/RoleParser( 8912): at com.android.permissioncontroller.role.model.Roles.get(Roles.java:49)
02-09 05:06:57.822 E/RoleParser( 8912): at com.android.permissioncontroller.PermissionControllerApplication.updateSpecialAppAccessListActivityEnabledState(PermissionControllerApplication.java:51)
02-09 05:06:57.822 E/RoleParser( 8912): at com.android.permissioncontroller.PermissionControllerApplication.onCreate(PermissionControllerApplication.java:40)
02-09 05:06:57.822 E/RoleParser( 8912): at android.app.Instrumentation.callApplicationOnCreate(Instrumentation.java:1212)
02-09 05:06:57.822 E/RoleParser( 8912): at android.app.ActivityThread.handleBindApplication(ActivityThread.java:6744)
02-09 05:06:57.822 E/RoleParser( 8912): at android.app.ActivityThread.access$1500(ActivityThread.java:248)
02-09 05:06:57.822 E/RoleParser( 8912): at android.app.ActivityThread$H.handleMessage(ActivityThread.java:2054)
02-09 05:06:57.822 E/RoleParser( 8912): at android.os.Handler.dispatchMessage(Handler.java:106)
02-09 05:06:57.822 E/RoleParser( 8912): at android.os.Looper.loopOnce(Looper.java:201)
02-09 05:06:57.822 E/RoleParser( 8912): at android.os.Looper.loop(Looper.java:288)
02-09 05:06:57.822 E/RoleParser( 8912): at android.app.ActivityThread.main(ActivityThread.java:7880)
02-09 05:06:57.822 E/RoleParser( 8912): at java.lang.reflect.Method.invoke(Native Method)
02-09 05:06:57.822 E/RoleParser( 8912): at com.android.internal.os.RuntimeInit$MethodAndArgsCaller.run(RuntimeInit.java:548)
02-09 05:06:57.822 E/RoleParser( 8912): at com.android.internal.os.ZygoteInit.main(ZygoteInit.java:1009)
02-09 05:06:57.822 E/RoleParser( 8912): Caused by: java.lang.ClassNotFoundException: com.android.permissioncontroller.role.model.SystemShellRoleBehavior
02-09 05:06:57.822 E/RoleParser( 8912): ... 21 more
02-09 05:06:57.823 I/am_wtf ( 1240): [0,8912,com.android.settings,952647173,RoleParser,com.android.permissioncontroller.role.model.SystemShellRoleBehavior]
02-09 05:06:57.825 E/RoleParser( 8912): Unable to instantiate behavior: com.android.permissioncontroller.role.model.TelevisionRoleBehavior
02-09 05:06:57.825 E/RoleParser( 8912): java.lang.ClassNotFoundException: com.android.permissioncontroller.role.model.TelevisionRoleBehavior
02-09 05:06:57.825 E/RoleParser( 8912): at java.lang.Class.classForName(Native Method)
02-09 05:06:57.825 E/RoleParser( 8912): at java.lang.Class.forName(Class.java:454)
02-09 05:06:57.825 E/RoleParser( 8912): at java.lang.Class.forName(Class.java:379)
02-09 05:06:57.825 E/RoleParser( 8912): at com.android.permissioncontroller.role.model.RoleParser.parseRole(RoleParser.java:298)
02-09 05:06:57.825 E/RoleParser( 8912): at com.android.permissioncontroller.role.model.RoleParser.parseRoles(RoleParser.java:212)
02-09 05:06:57.825 E/RoleParser( 8912): at com.android.permissioncontroller.role.model.RoleParser.parseXml(RoleParser.java:171)
02-09 05:06:57.825 E/RoleParser( 8912): at com.android.permissioncontroller.role.model.RoleParser.parse(RoleParser.java:136)
02-09 05:06:57.825 E/RoleParser( 8912): at com.android.permissioncontroller.role.model.Roles.get(Roles.java:49)
02-09 05:06:57.825 E/RoleParser( 8912): at com.android.permissioncontroller.PermissionControllerApplication.updateSpecialAppAccessListActivityEnabledState(PermissionControllerApplication.java:51)
02-09 05:06:57.825 E/RoleParser( 8912): at com.android.permissioncontroller.PermissionControllerApplication.onCreate(PermissionControllerApplication.java:40)
02-09 05:06:57.825 E/RoleParser( 8912): at android.app.Instrumentation.callApplicationOnCreate(Instrumentation.java:1212)
02-09 05:06:57.825 E/RoleParser( 8912): at android.app.ActivityThread.handleBindApplication(ActivityThread.java:6744)
02-09 05:06:57.825 E/RoleParser( 8912): at android.app.ActivityThread.access$1500(ActivityThread.java:248)
02-09 05:06:57.825 E/RoleParser( 8912): at android.app.ActivityThread$H.handleMessage(ActivityThread.java:2054)
02-09 05:06:57.825 E/RoleParser( 8912): at android.os.Handler.dispatchMessage(Handler.java:106)
02-09 05:06:57.825 E/RoleParser( 8912): at android.os.Looper.loopOnce(Looper.java:201)
02-09 05:06:57.825 E/RoleParser( 8912): at android.os.Looper.loop(Looper.java:288)
02-09 05:06:57.825 E/RoleParser( 8912): at android.app.ActivityThread.main(ActivityThread.java:7880)
02-09 05:06:57.825 E/RoleParser( 8912): at java.lang.reflect.Method.invoke(Native Method)
02-09 05:06:57.825 E/RoleParser( 8912): at com.android.internal.os.RuntimeInit$MethodAndArgsCaller.run(RuntimeInit.java:548)
02-09 05:06:57.825 E/RoleParser( 8912): at com.android.internal.os.ZygoteInit.main(ZygoteInit.java:1009)
02-09 05:06:57.825 E/RoleParser( 8912): Caused by: java.lang.ClassNotFoundException: com.android.permissioncontroller.role.model.TelevisionRoleBehavior
02-09 05:06:57.825 E/RoleParser( 8912): ... 21 more
02-09 05:06:57.825 I/am_wtf ( 1240): [0,8912,com.android.settings,952647173,RoleParser,com.android.permissioncontroller.role.model.TelevisionRoleBehavior]
02-09 05:06:57.829 E/RoleParser( 8912): Unable to instantiate behavior: com.android.permissioncontroller.role.model.TelevisionRoleBehavior
02-09 05:06:57.829 E/RoleParser( 8912): java.lang.ClassNotFoundException: com.android.permissioncontroller.role.model.TelevisionRoleBehavior
02-09 05:06:57.829 E/RoleParser( 8912): at java.lang.Class.classForName(Native Method)
02-09 05:06:57.829 E/RoleParser( 8912): at java.lang.Class.forName(Class.java:454)
02-09 05:06:57.829 E/RoleParser( 8912): at java.lang.Class.forName(Class.java:379)
02-09 05:06:57.829 E/RoleParser( 8912): at com.android.permissioncontroller.role.model.RoleParser.parseRole(RoleParser.java:298)
02-09 05:06:57.829 E/RoleParser( 8912): at com.android.permissioncontroller.role.model.RoleParser.parseRoles(RoleParser.java:212)
02-09 05:06:57.829 E/RoleParser( 8912): at com.android.permissioncontroller.role.model.RoleParser.parseXml(RoleParser.java:171)
02-09 05:06:57.829 E/RoleParser( 8912): at com.android.permissioncontroller.role.model.RoleParser.parse(RoleParser.java:136)
02-09 05:06:57.829 E/RoleParser( 8912): at com.android.permissioncontroller.role.model.Roles.get(Roles.java:49)
02-09 05:06:57.829 E/RoleParser( 8912): at com.android.permissioncontroller.PermissionControllerApplication.updateSpecialAppAccessListActivityEnabledState(PermissionControllerApplication.java:51)
02-09 05:06:57.829 E/RoleParser( 8912): at com.android.permissioncontroller.PermissionControllerApplication.onCreate(PermissionControllerApplication.java:40)
02-09 05:06:57.829 E/RoleParser( 8912): at android.app.Instrumentation.callApplicationOnCreate(Instrumentation.java:1212)
02-09 05:06:57.829 E/RoleParser( 8912): at android.app.ActivityThread.handleBindApplication(ActivityThread.java:6744)
02-09 05:06:57.829 E/RoleParser( 8912): at android.app.ActivityThread.access$1500(ActivityThread.java:248)
02-09 05:06:57.829 E/RoleParser( 8912): at android.app.ActivityThread$H.handleMessage(ActivityThread.java:2054)
02-09 05:06:57.829 E/RoleParser( 8912): at android.os.Handler.dispatchMessage(Handler.java:106)
02-09 05:06:57.829 E/RoleParser( 8912): at android.os.Looper.loopOnce(Looper.java:201)
02-09 05:06:57.829 E/RoleParser( 8912): at android.os.Looper.loop(Looper.java:288)
02-09 05:06:57.829 E/RoleParser( 8912): at android.app.ActivityThread.main(ActivityThread.java:7880)
02-09 05:06:57.829 E/RoleParser( 8912): at java.lang.reflect.Method.invoke(Native Method)
02-09 05:06:57.829 E/RoleParser( 8912): at com.android.internal.os.RuntimeInit$MethodAndArgsCaller.run(RuntimeInit.java:548)
02-09 05:06:57.829 E/RoleParser( 8912): at com.android.internal.os.ZygoteInit.main(ZygoteInit.java:1009)
02-09 05:06:57.829 E/RoleParser( 8912): Caused by: java.lang.ClassNotFoundException: com.android.permissioncontroller.role.model.TelevisionRoleBehavior
02-09 05:06:57.829 E/RoleParser( 8912): ... 21 more
02-09 05:06:57.830 I/am_wtf ( 1240): [0,8912,com.android.settings,952647173,RoleParser,com.android.permissioncontroller.role.model.TelevisionRoleBehavior]
02-09 05:06:57.862 W/View ( 2005): requestLayout() improperly called by android.widget.FrameLayout{1607d4e I.E...... ......ID 0,0-780,198 #2bc} during second layout pass: posting in next frame
02-09 05:06:57.863 W/View ( 2005): requestLayout() improperly called by com.android.systemui.statusbar.AlphaOptimizedImageView{bedb049 VFED..C.. ......ID 0,0-140,132} during second layout pass: posting in next frame
02-09 05:06:57.863 W/View ( 2005): requestLayout() improperly called by android.widget.FrameLayout{904d2d6 I.E...... ......ID 0,0-780,330 #2bc} during second layout pass: posting in next frame
02-09 05:06:57.863 W/View ( 2005): requestLayout() improperly called by com.android.systemui.statusbar.AlphaOptimizedImageView{a46de98 VFED..C.. ......ID 0,0-140,132} during second layout pass: posting in next frame
02-09 05:06:57.863 W/View ( 2005): requestLayout() improperly called by com.android.systemui.statusbar.AlphaOptimizedImageView{98f46f1 VFED..C.. ......ID 0,0-140,132} during second layout pass: posting in next frame
02-09 05:06:57.863 W/View ( 2005): requestLayout() improperly called by android.widget.FrameLayout{bc0edc1 I.E...... ......ID 0,0-780,198 #2bc} during second layout pass: posting in next frame
02-09 05:06:57.863 W/View ( 2005): requestLayout() improperly called by com.android.systemui.statusbar.AlphaOptimizedImageView{84e9ea8 VFED..C.. ......ID 0,0-140,84} during second layout pass: posting in next frame
02-09 05:06:57.884 W/View ( 2005): requestLayout() improperly called by android.widget.FrameLayout{1607d4e I.E...... ......ID 0,0-780,198 #2bc} during layout: running second layout pass
02-09 05:06:57.884 W/View ( 2005): requestLayout() improperly called by com.android.systemui.statusbar.AlphaOptimizedImageView{bedb049 VFED..C.. ......ID 0,0-140,132} during layout: running second layout pass
02-09 05:06:57.885 W/View ( 2005): requestLayout() improperly called by android.widget.FrameLayout{904d2d6 I.E...... ......ID 0,0-780,330 #2bc} during layout: running second layout pass
02-09 05:06:57.885 W/View ( 2005): requestLayout() improperly called by com.android.systemui.statusbar.AlphaOptimizedImageView{a46de98 VFED..C.. ......ID 0,0-140,132} during layout: running second layout pass
02-09 05:06:57.885 W/View ( 2005): requestLayout() improperly called by com.android.systemui.statusbar.AlphaOptimizedImageView{98f46f1 VFED..C.. ......ID 0,0-140,132} during layout: running second layout pass
02-09 05:06:57.885 W/View ( 2005): requestLayout() improperly called by android.widget.FrameLayout{bc0edc1 I.E...... ......ID 0,0-780,198 #2bc} during layout: running second layout pass
02-09 05:06:57.885 W/View ( 2005): requestLayout() improperly called by com.android.systemui.statusbar.AlphaOptimizedImageView{84e9ea8 VFED..C.. ......ID 0,0-140,84} during layout: running second layout pass
02-09 05:06:58.139 W/hpplay-java( 2754): [main]:IPManager:getActiveNets invalid networkInfo:null
02-09 05:06:58.139 I/hpplay-java( 2754): [main]:IPManager:getActiveNets eth0:false wifi:false mobile:false ap:false
02-09 05:06:58.139 I/hpplay-java( 2754): [main]:ServerTaskManager:get local ip:null
02-09 05:06:58.487 I/mpu_uart( 645): [MSG-P:R]:recv sync frame timeout
02-09 05:06:58.793 I/mpu_uart( 645): [MSG-P:RECV]:No message received in 1000 ms
02-09 05:06:58.818 I/OMX-VENC: venc_dev( 1301): stats: avg. fps 16.42, bitrate 1121784
02-09 05:06:58.863 W/View ( 2005): requestLayout() improperly called by android.widget.FrameLayout{1607d4e I.E...... ......ID 0,0-780,198 #2bc} during second layout pass: posting in next frame
02-09 05:06:58.864 W/View ( 2005): requestLayout() improperly called by com.android.systemui.statusbar.AlphaOptimizedImageView{bedb049 VFED..C.. ......ID 0,0-140,132} during second layout pass: posting in next frame
02-09 05:06:58.864 W/View ( 2005): requestLayout() improperly called by android.widget.FrameLayout{904d2d6 I.E...... ......ID 0,0-780,330 #2bc} during second layout pass: posting in next frame
02-09 05:06:58.864 W/View ( 2005): requestLayout() improperly called by com.android.systemui.statusbar.AlphaOptimizedImageView{a46de98 VFED..C.. ......ID 0,0-140,132} during second layout pass: posting in next frame
02-09 05:06:58.864 W/View ( 2005): requestLayout() improperly called by com.android.systemui.statusbar.AlphaOptimizedImageView{98f46f1 VFED..C.. ......ID 0,0-140,132} during second layout pass: posting in next frame
02-09 05:06:58.864 W/View ( 2005): requestLayout() improperly called by android.widget.FrameLayout{bc0edc1 I.E...... ......ID 0,0-780,198 #2bc} during second layout pass: posting in next frame
02-09 05:06:58.864 W/View ( 2005): requestLayout() improperly called by com.android.systemui.statusbar.AlphaOptimizedImageView{84e9ea8 VFED..C.. ......ID 0,0-140,84} during second layout pass: posting in next frame
02-09 05:06:58.885 W/View ( 2005): requestLayout() improperly called by android.widget.FrameLayout{1607d4e I.E...... ......ID 0,0-780,198 #2bc} during layout: running second layout pass
02-09 05:06:58.885 W/View ( 2005): requestLayout() improperly called by com.android.systemui.statusbar.AlphaOptimizedImageView{bedb049 VFED..C.. ......ID 0,0-140,132} during layout: running second layout pass
02-09 05:06:58.885 W/View ( 2005): requestLayout() improperly called by android.widget.FrameLayout{904d2d6 I.E...... ......ID 0,0-780,330 #2bc} during layout: running second layout pass
02-09 05:06:58.885 W/View ( 2005): requestLayout() improperly called by com.android.systemui.statusbar.AlphaOptimizedImageView{a46de98 VFED..C.. ......ID 0,0-140,132} during layout: running second layout pass
02-09 05:06:58.885 W/View ( 2005): requestLayout() improperly called by com.android.systemui.statusbar.AlphaOptimizedImageView{98f46f1 VFED..C.. ......ID 0,0-140,132} during layout: running second layout pass
02-09 05:06:58.885 W/View ( 2005): requestLayout() improperly called by android.widget.FrameLayout{bc0edc1 I.E...... ......ID 0,0-780,198 #2bc} during layout: running second layout pass
02-09 05:06:58.885 W/View ( 2005): requestLayout() improperly called by com.android.systemui.statusbar.AlphaOptimizedImageView{84e9ea8 VFED..C.. ......ID 0,0-140,84} during layout: running second layout pass
02-09 05:06:59.041 E/tlogd ( 1349): [TzLogger](isPathReadable) file /sys/kernel/debug/tzdbg/qsee_log isn't exist or no permission, err: No such file or directory
02-09 05:06:59.041 E/tlogd ( 1349): [TzLogger](saveTzlogAsync) /sys/kernel/debug/tzdbg/qsee_log can not read.
02-09 05:06:59.041 E/tlogd ( 1349): [TzLogger](isPathReadable) file /sys/kernel/debug/tzdbg/log isn't exist or no permission, err: No such file or directory
02-09 05:06:59.041 E/tlogd ( 1349): [TzLogger](saveTzlogAsync) /sys/kernel/debug/tzdbg/log can not read.
02-09 05:06:59.142 W/hpplay-java( 2754): [main]:IPManager:getActiveNets invalid networkInfo:null
02-09 05:06:59.142 I/hpplay-java( 2754): [main]:IPManager:getActiveNets eth0:false wifi:false mobile:false ap:false
02-09 05:06:59.142 I/hpplay-java( 2754): [main]:ServerTaskManager:get local ip:null
01-04 09:35:34.562 E/DTC_ETH,link_delay_work_func( 0): 3003, SQI=0, link=0
02-09 05:06:59.402 D/BufferPoolAccessor2.0( 1283): bufferpool2 0xe7f43868 : 0(0 size) total buffers - 0(0 size) used buffers - 0/5 (recycle/alloc) - 1/2 (fetch/transfer)
02-09 05:06:59.402 D/BufferPoolAccessor2.0( 1283): evictor expired: 1, evicted: 1
02-09 05:06:59.402 D/BufferPoolAccessor2.0( 1338): evictor expired: 1, evicted: 0
02-09 05:06:59.794 I/mpu_uart( 645): [MSG-P:RECV]:No message received in 1000 ms
02-09 05:06:59.865 W/View ( 2005): requestLayout() improperly called by android.widget.FrameLayout{1607d4e I.E...... ......ID 0,0-780,198 #2bc} during second layout pass: posting in next frame
02-09 05:06:59.865 W/View ( 2005): requestLayout() improperly called by com.android.systemui.statusbar.AlphaOptimizedImageView{bedb049 VFED..C.. ......ID 0,0-140,132} during second layout pass: posting in next frame
02-09 05:06:59.865 W/View ( 2005): requestLayout() improperly called by android.widget.FrameLayout{904d2d6 I.E...... ......ID 0,0-780,330 #2bc} during second layout pass: posting in next frame
02-09 05:06:59.865 W/View ( 2005): requestLayout() improperly called by com.android.systemui.statusbar.AlphaOptimizedImageView{a46de98 VFED..C.. ......ID 0,0-140,132} during second layout pass: posting in next frame
02-09 05:06:59.865 W/View ( 2005): requestLayout() improperly called by com.android.systemui.statusbar.AlphaOptimizedImageView{98f46f1 VFED..C.. ......ID 0,0-140,132} during second layout pass: posting in next frame
02-09 05:06:59.865 W/View ( 2005): requestLayout() improperly called by android.widget.FrameLayout{bc0edc1 I.E...... ......ID 0,0-780,198 #2bc} during second layout pass: posting in next frame
02-09 05:06:59.865 W/View ( 2005): requestLayout() improperly called by com.android.systemui.statusbar.AlphaOptimizedImageView{84e9ea8 VFED..C.. ......ID 0,0-140,84} during second layout pass: posting in next frame
02-09 05:06:59.886 W/View ( 2005): requestLayout() improperly called by android.widget.FrameLayout{1607d4e I.E...... ......ID 0,0-780,198 #2bc} during layout: running second layout pass
02-09 05:06:59.886 W/View ( 2005): requestLayout() improperly called by com.android.systemui.statusbar.AlphaOptimizedImageView{bedb049 VFED..C.. ......ID 0,0-140,132} during layout: running second layout pass
02-09 05:06:59.887 W/View ( 2005): requestLayout() improperly called by android.widget.FrameLayout{904d2d6 I.E...... ......ID 0,0-780,330 #2bc} during layout: running second layout pass
02-09 05:06:59.887 W/View ( 2005): requestLayout() improperly called by com.android.systemui.statusbar.AlphaOptimizedImageView{a46de98 VFED..C.. ......ID 0,0-140,132} during layout: running second layout pass
02-09 05:06:59.887 W/View ( 2005): requestLayout() improperly called by com.android.systemui.statusbar.AlphaOptimizedImageView{98f46f1 VFED..C.. ......ID 0,0-140,132} during layout: running second layout pass
02-09 05:06:59.887 W/View ( 2005): requestLayout() improperly called by android.widget.FrameLayout{bc0edc1 I.E...... ......ID 0,0-780,198 #2bc} during layout: running second layout pass
02-09 05:06:59.887 W/View ( 2005): requestLayout() improperly called by com.android.systemui.statusbar.AlphaOptimizedImageView{84e9ea8 VFED..C.. ......ID 0,0-140,84} during layout: running second layout pass
02-09 05:06:59.904 I/OMX-VENC: venc_dev( 1301): stats: avg. fps 14.73, bitrate 80928
02-09 05:07:00.003 D/KeyguardUpdateMonitor( 2005): received broadcast android.intent.action.TIME_TICK
02-09 05:07:00.003 D/KeyguardUpdateMonitor( 2005): handleTimeUpdate
02-09 05:07:00.027 W/View ( 2005): requestLayout() improperly called by android.widget.FrameLayout{1607d4e I.E...... ......ID 0,0-780,198 #2bc} during second layout pass: posting in next frame
02-09 05:07:00.027 W/View ( 2005): requestLayout() improperly called by com.android.systemui.statusbar.AlphaOptimizedImageView{bedb049 VFED..C.. ......ID 0,0-140,132} during second layout pass: posting in next frame
02-09 05:07:00.027 W/View ( 2005): requestLayout() improperly called by android.widget.FrameLayout{904d2d6 I.E...... ......ID 0,0-780,330 #2bc} during second layout pass: posting in next frame
02-09 05:07:00.027 W/View ( 2005): requestLayout() improperly called by com.android.systemui.statusbar.AlphaOptimizedImageView{a46de98 VFED..C.. ......ID 0,0-140,132} during second layout pass: posting in next frame
02-09 05:07:00.027 W/View ( 2005): requestLayout() improperly called by com.android.systemui.statusbar.AlphaOptimizedImageView{98f46f1 VFED..C.. ......ID 0,0-140,132} during second layout pass: posting in next frame
02-09 05:07:00.027 W/View ( 2005): requestLayout() improperly called by android.widget.FrameLayout{bc0edc1 I.E...... ......ID 0,0-780,198 #2bc} during second layout pass: posting in next frame
02-09 05:07:00.027 W/View ( 2005): requestLayout() improperly called by com.android.systemui.statusbar.AlphaOptimizedImageView{84e9ea8 VFED..C.. ......ID 0,0-140,84} during second layout pass: posting in next frame
02-09 05:07:00.038 W/View ( 2005): requestLayout() improperly called by android.widget.FrameLayout{1607d4e I.E...... ......ID 0,0-780,198 #2bc} during layout: running second layout pass
02-09 05:07:00.038 W/View ( 2005): requestLayout() improperly called by com.android.systemui.statusbar.AlphaOptimizedImageView{bedb049 VFED..C.. ......ID 0,0-140,132} during layout: running second layout pass
02-09 05:07:00.038 W/View ( 2005): requestLayout() improperly called by android.widget.FrameLayout{904d2d6 I.E...... ......ID 0,0-780,330 #2bc} during layout: running second layout pass
02-09 05:07:00.038 W/View ( 2005): requestLayout() improperly called by com.android.systemui.statusbar.AlphaOptimizedImageView{a46de98 VFED..C.. ......ID 0,0-140,132} during layout: running second layout pass
02-09 05:07:00.038 W/View ( 2005): requestLayout() improperly called by com.android.systemui.statusbar.AlphaOptimizedImageView{98f46f1 VFED..C.. ......ID 0,0-140,132} during layout: running second layout pass
02-09 05:07:00.038 W/View ( 2005): requestLayout() improperly called by android.widget.FrameLayout{bc0edc1 I.E...... ......ID 0,0-780,198 #2bc} during layout: running second layout pass
02-09 05:07:00.038 W/View ( 2005): requestLayout() improperly called by com.android.systemui.statusbar.AlphaOptimizedImageView{84e9ea8 VFED..C.. ......ID 0,0-140,84} during layout: running second layout pass
02-09 05:07:00.050 I/OpenGLRenderer( 2005): Davey! duration=9223369321467ms; Flags=0, FrameTimelineVsyncId=84853, IntendedVsync=2715386922740, Vsync=2715386922740, InputEventId=0, HandleInputStart=2715387421098, AnimationStart=2715387424014, PerformTraversalsStart=2715387426931, DrawStart=2715398402191, FrameDeadline=2715408256072, FrameInterval=2715387410994, FrameStartTime=16666666, SyncQueued=2715398828389, SyncStart=2715399075212, IssueDrawCommandsStart=2715399352504, SwapBuffers=2715402642087, FrameCompleted=9223372036854775807, DequeueBufferDuration=61719, QueueBufferDuration=1451771, GpuCompleted=9223372036854775807, SwapBuffersCompleted=2715404738337, DisplayPresentTime=1352165188111270213,
02-09 05:07:00.145 W/hpplay-java( 2754): [main]:IPManager:getActiveNets invalid networkInfo:null
02-09 05:07:00.145 I/hpplay-java( 2754): [main]:IPManager:getActiveNets eth0:false wifi:false mobile:false ap:false
02-09 05:07:00.145 I/hpplay-java( 2754): [main]:ServerTaskManager:get local ip:null
02-09 05:07:00.402 D/BufferPoolAccessor2.0( 1283): evictor expired: 1, evicted: 0
02-09 05:07:00.403 D/BufferPoolAccessor2.0( 1338): evictor expired: 1, evicted: 0
02-09 05:07:00.598 E/TaskPersister( 1240): File error accessing recents directory (directory doesn't exist?).
02-09 05:07:00.794 I/mpu_uart( 645): [MSG-P:RECV]:No message received in 1000 ms
02-09 05:07:00.870 W/View ( 2005): requestLayout() improperly called by android.widget.FrameLayout{1607d4e I.E...... ......ID 0,0-780,198 #2bc} during second layout pass: posting in next frame
02-09 05:07:00.871 W/View ( 2005): requestLayout() improperly called by com.android.systemui.statusbar.AlphaOptimizedImageView{bedb049 VFED..C.. ......ID 0,0-140,132} during second layout pass: posting in next frame
02-09 05:07:00.871 W/View ( 2005): requestLayout() improperly called by android.widget.FrameLayout{904d2d6 I.E...... ......ID 0,0-780,330 #2bc} during second layout pass: posting in next frame
02-09 05:07:00.871 W/View ( 2005): requestLayout() improperly called by com.android.systemui.statusbar.AlphaOptimizedImageView{a46de98 VFED..C.. ......ID 0,0-140,132} during second layout pass: posting in next frame
02-09 05:07:00.871 W/View ( 2005): requestLayout() improperly called by com.android.systemui.statusbar.AlphaOptimizedImageView{98f46f1 VFED..C.. ......ID 0,0-140,132} during second layout pass: posting in next frame
02-09 05:07:00.871 W/View ( 2005): requestLayout() improperly called by android.widget.FrameLayout{bc0edc1 I.E...... ......ID 0,0-780,198 #2bc} during second layout pass: posting in next frame
02-09 05:07:00.871 W/View ( 2005): requestLayout() improperly called by com.android.systemui.statusbar.AlphaOptimizedImageView{84e9ea8 VFED..C.. ......ID 0,0-140,84} during second layout pass: posting in next frame
02-09 05:07:00.889 W/View ( 2005): requestLayout() improperly called by android.widget.FrameLayout{1607d4e I.E...... ......ID 0,0-780,198 #2bc} during layout: running second layout pass
02-09 05:07:00.889 W/View ( 2005): requestLayout() improperly called by com.android.systemui.statusbar.AlphaOptimizedImageView{bedb049 VFED..C.. ......ID 0,0-140,132} during layout: running second layout pass
02-09 05:07:00.889 W/View ( 2005): requestLayout() improperly called by android.widget.FrameLayout{904d2d6 I.E...... ......ID 0,0-780,330 #2bc} during layout: running second layout pass
02-09 05:07:00.889 W/View ( 2005): requestLayout() improperly called by com.android.systemui.statusbar.AlphaOptimizedImageView{a46de98 VFED..C.. ......ID 0,0-140,132} during layout: running second layout pass
02-09 05:07:00.889 W/View ( 2005): requestLayout() improperly called by com.android.systemui.statusbar.AlphaOptimizedImageView{98f46f1 VFED..C.. ......ID 0,0-140,132} during layout: running second layout pass
02-09 05:07:00.889 W/View ( 2005): requestLayout() improperly called by android.widget.FrameLayout{bc0edc1 I.E...... ......ID 0,0-780,198 #2bc} during layout: running second layout pass
02-09 05:07:00.889 W/View ( 2005): requestLayout() improperly called by com.android.systemui.statusbar.AlphaOptimizedImageView{84e9ea8 VFED..C.. ......ID 0,0-140,84} during layout: running second layout pass
02-09 05:07:00.906 I/OMX-VENC: venc_dev( 1301): stats: avg. fps 2.00, bitrate 12587
02-09 05:07:00.978 I/input_interaction( 1240): Interaction with: 7fb70f9 systemui.screen.recording (server), swipe-up (server), edge-swipe (server), PointerEventDispatcher0 (server),
02-09 05:07:01.142 D/RecordingService( 2005): onStartCommand com.android.systemui.screenrecord.STOP
02-09 05:07:01.143 D/RecordingService( 2005): notifying for user 0
02-09 05:07:01.147 W/MediaCodec( 1283): mapFormat: no mediaType information
02-09 05:07:01.147 W/hpplay-java( 2754): [main]:IPManager:getActiveNets invalid networkInfo:null
02-09 05:07:01.147 I/hpplay-java( 2754): [main]:IPManager:getActiveNets eth0:false wifi:false mobile:false ap:false
02-09 05:07:01.147 I/hpplay-java( 2754): [main]:ServerTaskManager:get local ip:null
02-09 05:07:01.147 W/MediaCodec( 1283): mapFormat: no mediaType information
02-09 05:07:01.147 D/MPEG4Writer( 1283): reset()
02-09 05:07:01.147 D/MPEG4Writer( 1283): Video track stopping. Stop source
02-09 05:07:01.147 D/MPEG4Writer( 1283): Video track source stopping
02-09 05:07:01.148 I/MediaCodecSource( 1283): encoder (video) stopping
02-09 05:07:01.287 D/RemoteControlService( 2357): startVlanDispatchThread
02-09 05:07:01.490 I/mpu_uart( 645): [MSG-P:R]:recv sync frame timeout
02-09 05:07:01.712 E/OMX-VENC: venc_dev( 1301): async_venc_message_thread interrupted to be exited
01-04 09:35:37.055 I/msm_vidc( 0): high: 00000001: h264e: Closed video instance: 0000000000000000
02-09 05:07:01.713 I/OMX-VENC( 1301): Component Deinit
02-09 05:07:01.716 I/android.hardware.media.omx@1.0-service( 1301): vendor/qcom/proprietary/adsprpc/src/rpcmem_android.c:192: rpcmem_deinit_internal: closed ION fd 7
02-09 05:07:01.716 I/android.hardware.media.omx@1.0-service( 1301): vendor/qcom/proprietary/adsprpc/src/fastrpc_apps_user.c:3019: fastrpc_apps_user_deinit done
02-09 05:07:01.720 D/MediaCodecSource( 1283): source (video) stopping stalled
02-09 05:07:01.720 I/MediaCodecSource( 1283): encoder (video) stopped
02-09 05:07:01.720 I/MediaCodecSource( 1283): source (video) stopped
02-09 05:07:01.720 V/MediaWriter( 1283): Track event err/info msg:101, trackId:1, type:1000,val:-1011
02-09 05:07:01.720 D/MPEG4Writer( 1283): Video track source stopped
02-09 05:07:01.720 I/MPEG4Writer( 1283): Received total/0-length (751/0) buffers and encoded 750 frames. - Video
02-09 05:07:01.720 D/MPEG4Writer( 1283): Video track stopped. Status:0. Stop source
02-09 05:07:01.720 D/MPEG4Writer( 1283): 0 chunks are written in the last batch
02-09 05:07:01.720 D/MPEG4Writer( 1283): WriterThread stopped. Status:0
02-09 05:07:01.720 I/MPEG4Writer( 1283): Adjust the moov start time from 49595 us -> 49595 us
02-09 05:07:01.721 I/MPEG4Writer( 1283): MOOV atom was written to the file
02-09 05:07:01.721 D/MPEG4Writer( 1283): release()
02-09 05:07:01.721 D/MPEG4Writer( 1283): ftruncate mPreAllocateFileEndOffset:7420514 mOffset:9498 mMdatEndOffset:7410390 diff:10124
02-09 05:07:01.725 D/MPEG4Writer( 1283): final fsync() takes 4 ms, file size 7410390
02-09 05:07:01.725 D/MPEG4Writer( 1283): MP4WtrCtrlHlpLooper stopped
02-09 05:07:01.725 D/MPEG4Writer( 1283): Top 5 write durations(microseconds): #1:376 #2:415 #3:490 #4:709 #5:751
02-09 05:07:01.725 D/MPEG4Writer( 1283): reset()
02-09 05:07:01.725 D/MPEG4Writer( 1283): Video track stopping. Stop source
02-09 05:07:01.725 E/MPEG4Writer( 1283): Stop() called but track is not started or stopped
02-09 05:07:01.726 W/StagefrightRecorder( 1283): stop while neither recording nor paused
02-09 05:07:01.729 I/DisplayDeviceRepository( 1240): Display device removed: DisplayDeviceInfo{"Recording Display": uniqueId="virtual:com.android.systemui,10080,Recording Display,0", 2380 x 1020, modeId 5, defaultModeId 5, supportedModes [{id=5, width=2380, height=1020, fps=60.0, alternativeRefreshRates=[]}], colorMode 0, supportedColorModes [0], hdrCapabilities null, allmSupported false, gameContentTypeSupported false, density 240, 240.0 x 240.0 dpi, appVsyncOff 0, presDeadline 16666666, touch NONE, rotation 0, type VIRTUAL, deviceProductInfo null, state ON, owner com.android.systemui (uid 10080), frameRateOverride , brightnessMinimum 0.0, brightnessMaximum 0.0, brightnessDefault 0.0, FLAG_PRIVATE, FLAG_PRESENTATION}
02-09 05:07:01.731 I/LogicalDisplayMapper( 1240): Removing display: 3
02-09 05:07:01.733 W/InputManager-JNI( 1240): Input channel object '9e54631 ShellDropTarget (client)' was disposed without first being removed with the input manager!
02-09 05:07:01.733 D/ScreenMediaRecorder( 2005): end recording
02-09 05:07:01.740 I/notification_enqueue( 1240): [10080,2005,com.android.systemui,4275,NULL,0,Notification(channel=screen_record shortcut=null contentView=null vibrate=null sound=null defaults=0x0 flags=0x0 color=0x00000000 vis=PRIVATE),0]
02-09 05:07:01.740 D/RecordingService( 2005): saving recording
02-09 05:07:01.740 E/ActivityManager( 1240): Sending non-protected broadcast com.android.systemui.screenrecord.UPDATE_STATE_OUTSIDE from system 2005:com.android.systemui/u0a80 pkg com.android.systemui
02-09 05:07:01.740 E/ActivityManager( 1240): java.lang.Throwable
02-09 05:07:01.740 E/ActivityManager( 1240): at com.android.server.am.ActivityManagerService.checkBroadcastFromSystem(ActivityManagerService.java:12877)
02-09 05:07:01.740 E/ActivityManager( 1240): at com.android.server.am.ActivityManagerService.broadcastIntentLocked(ActivityManagerService.java:13477)
02-09 05:07:01.740 E/ActivityManager( 1240): at com.android.server.am.ActivityManagerService.broadcastIntentLocked(ActivityManagerService.java:12894)
02-09 05:07:01.740 E/ActivityManager( 1240): at com.android.server.am.ActivityManagerService.broadcastIntentWithFeature(ActivityManagerService.java:13729)
02-09 05:07:01.740 E/ActivityManager( 1240): at android.app.IActivityManager$Stub.onTransact(IActivityManager.java:2326)
02-09 05:07:01.740 E/ActivityManager( 1240): at com.android.server.am.ActivityManagerService.onTransact(ActivityManagerService.java:2528)
02-09 05:07:01.740 E/ActivityManager( 1240): at android.os.Binder.execTransactInternal(Binder.java:1184)
02-09 05:07:01.740 E/ActivityManager( 1240): at android.os.Binder.execTransact(Binder.java:1143)
02-09 05:07:01.741 I/am_wtf ( 1240): [0,1240,system_server,-1,ActivityManager,Sending non-protected broadcast com.android.systemui.screenrecord.UPDATE_STATE_OUTSIDE from system 2005:com.android.systemui/u0a80 pkg com.android.systemui]
02-09 05:07:01.741 E/ActivityManager( 1240): Sending non-protected broadcast com.android.systemui.screenrecord.UPDATE_STATE_OUTSIDE from system 2005:com.android.systemui/u0a80 pkg com.android.systemui
02-09 05:07:01.741 E/ActivityManager( 1240): java.lang.Throwable
02-09 05:07:01.741 E/ActivityManager( 1240): at com.android.server.am.ActivityManagerService.checkBroadcastFromSystem(ActivityManagerService.java:12877)
02-09 05:07:01.741 E/ActivityManager( 1240): at com.android.server.am.ActivityManagerService.broadcastIntentLocked(ActivityManagerService.java:13572)
02-09 05:07:01.741 E/ActivityManager( 1240): at com.android.server.am.ActivityManagerService.broadcastIntentLocked(ActivityManagerService.java:12894)
