02-09 05:06:32.418 W/View ( 2005): requestLayout() improperly called by android.widget.FrameLayout{904d2d6 I.E...... ......ID 0,0-780,330 #2bc} during second layout pass: posting in next frame
02-09 05:06:32.418 W/View ( 2005): requestLayout() improperly called by com.android.systemui.statusbar.AlphaOptimizedImageView{a46de98 VFED..C.. ......ID 0,0-140,132} during second layout pass: posting in next frame
02-09 05:06:32.418 W/View ( 2005): requestLayout() improperly called by com.android.systemui.statusbar.AlphaOptimizedImageView{98f46f1 VFED..C.. ......ID 0,0-140,132} during second layout pass: posting in next frame
02-09 05:06:32.418 W/View ( 2005): requestLayout() improperly called by android.widget.FrameLayout{bc0edc1 I.E...... ......ID 0,0-780,198 #2bc} during second layout pass: posting in next frame
02-09 05:06:32.418 W/View ( 2005): requestLayout() improperly called by com.android.systemui.statusbar.AlphaOptimizedImageView{84e9ea8 VFED..C.. ......ID 0,0-140,84} during second layout pass: posting in next frame
02-09 05:06:32.434 I/input_focus( 1240): [Focus entering 30cf221 com.android.systemui/com.android.systemui.screenrecord.ScreenRecordDialog (server),reason=Window became focusable. Previous reason: NOT_VISIBLE]
02-09 05:06:32.435 W/View ( 2005): requestLayout() improperly called by android.widget.FrameLayout{1607d4e I.E...... ......ID 0,0-780,198 #2bc} during layout: running second layout pass
02-09 05:06:32.435 W/View ( 2005): requestLayout() improperly called by com.android.systemui.statusbar.AlphaOptimizedImageView{bedb049 VFED..C.. ......ID 0,0-140,198} during layout: running second layout pass
02-09 05:06:32.435 W/View ( 2005): requestLayout() improperly called by android.widget.FrameLayout{904d2d6 I.E...... ......ID 0,0-780,330 #2bc} during layout: running second layout pass
02-09 05:06:32.435 W/View ( 2005): requestLayout() improperly called by com.android.systemui.statusbar.AlphaOptimizedImageView{a46de98 VFED..C.. ......ID 0,0-140,132} during layout: running second layout pass
02-09 05:06:32.435 W/View ( 2005): requestLayout() improperly called by com.android.systemui.statusbar.AlphaOptimizedImageView{98f46f1 VFED..C.. ......ID 0,0-140,132} during layout: running second layout pass
02-09 05:06:32.435 W/View ( 2005): requestLayout() improperly called by android.widget.FrameLayout{bc0edc1 I.E...... ......ID 0,0-780,198 #2bc} during layout: running second layout pass
02-09 05:06:32.435 W/View ( 2005): requestLayout() improperly called by com.android.systemui.statusbar.AlphaOptimizedImageView{84e9ea8 VFED..C.. ......ID 0,0-140,84} during layout: running second layout pass
02-09 05:06:32.447 I/am_pss ( 1240): [8578,10044,com.thundercomm.screensaver,28891136,22384640,0,144007168,0,19,6]
02-09 05:06:32.451 W/View ( 2005): requestLayout() improperly called by android.widget.FrameLayout{1607d4e I.E...... ......ID 0,0-780,198 #2bc} during second layout pass: posting in next frame
02-09 05:06:32.451 W/View ( 2005): requestLayout() improperly called by com.android.systemui.statusbar.AlphaOptimizedImageView{bedb049 VFED..C.. ......ID 0,0-140,198} during second layout pass: posting in next frame
02-09 05:06:32.451 W/View ( 2005): requestLayout() improperly called by android.widget.FrameLayout{904d2d6 I.E...... ......ID 0,0-780,330 #2bc} during second layout pass: posting in next frame
02-09 05:06:32.451 W/View ( 2005): requestLayout() improperly called by com.android.systemui.statusbar.AlphaOptimizedImageView{a46de98 VFED..C.. ......ID 0,0-140,132} during second layout pass: posting in next frame
02-09 05:06:32.451 W/View ( 2005): requestLayout() improperly called by com.android.systemui.statusbar.AlphaOptimizedImageView{98f46f1 VFED..C.. ......ID 0,0-140,132} during second layout pass: posting in next frame
02-09 05:06:32.451 W/View ( 2005): requestLayout() improperly called by android.widget.FrameLayout{bc0edc1 I.E...... ......ID 0,0-780,198 #2bc} during second layout pass: posting in next frame
02-09 05:06:32.451 W/View ( 2005): requestLayout() improperly called by com.android.systemui.statusbar.AlphaOptimizedImageView{84e9ea8 VFED..C.. ......ID 0,0-140,84} during second layout pass: posting in next frame
02-09 05:06:32.468 W/View ( 2005): requestLayout() improperly called by android.widget.FrameLayout{1607d4e I.E...... ......ID 0,0-780,198 #2bc} during layout: running second layout pass
02-09 05:06:32.468 I/GameMode_ActivityMonitoringService( 2082): onTaskStackChanged
02-09 05:06:32.468 W/View ( 2005): requestLayout() improperly called by com.android.systemui.statusbar.AlphaOptimizedImageView{bedb049 VFED..C.. ......ID 0,0-140,198} during layout: running second layout pass
02-09 05:06:32.468 W/View ( 2005): requestLayout() improperly called by android.widget.FrameLayout{904d2d6 I.E...... ......ID 0,0-780,330 #2bc} during layout: running second layout pass
02-09 05:06:32.468 W/View ( 2005): requestLayout() improperly called by com.android.systemui.statusbar.AlphaOptimizedImageView{a46de98 VFED..C.. ......ID 0,0-140,132} during layout: running second layout pass
02-09 05:06:32.468 W/View ( 2005): requestLayout() improperly called by com.android.systemui.statusbar.AlphaOptimizedImageView{98f46f1 VFED..C.. ......ID 0,0-140,132} during layout: running second layout pass
02-09 05:06:32.468 W/View ( 2005): requestLayout() improperly called by android.widget.FrameLayout{bc0edc1 I.E...... ......ID 0,0-780,198 #2bc} during layout: running second layout pass
02-09 05:06:32.468 W/View ( 2005): requestLayout() improperly called by com.android.systemui.statusbar.AlphaOptimizedImageView{84e9ea8 VFED..C.. ......ID 0,0-140,84} during layout: running second layout pass
02-09 05:06:32.469 I/GameMode_ActivityMonitoringService( 2082): Updating top task to: TaskInfoContainer [topActivity=ComponentInfo{com.android.systemui/com.android.systemui.screenrecord.ScreenRecordDialog}, taskId=101, stackId=101, userId=0, displayId=0, position=6
02-09 05:06:32.469 I/GameMode_ActivityMonitoringService( 2082): Notifying about top task: TaskInfoContainer [topActivity=ComponentInfo{com.android.systemui/com.android.systemui.screenrecord.ScreenRecordDialog}, taskId=101, stackId=101, userId=0, displayId=0, position=6
02-09 05:06:32.469 I/GameMode_ActivityMonitoringService( 2082): WindowMode: 1
02-09 05:06:32.469 E/GameMode_ActivityMonitoringService( 2082): onActivityLaunch:com.android.systemui
02-09 05:06:32.469 V/GameMode_GameTypeUtils( 2082): judge isGame:com.android.systemui
02-09 05:06:32.469 V/GameMode_GpuUtils( 2082): fps:60
02-09 05:06:32.470 D/GameMode_GameModeActionUtils( 2082): Show GameMode entry by service!
02-09 05:06:32.471 W/ContextImpl( 2082): Calling a method in the system process without a qualified user: android.app.ContextImpl.startService:1816 android.content.ContextWrapper.startService:774 com.thundercomm.gamemode.ingame.services.GameModeActionUtils.startGameModeService:111 com.thundercomm.gamemode.ingame.services.GameModeActionUtils.startGameModeEntry:22 com.thundercomm.gamemode.ingame.services.ActivityMonitoringService$1.onActivityLaunch:139
02-09 05:06:32.471 D/GameModeIF_GameModeSettings( 2082): getUriFor setting_content_uri_root = content://com.thundercomm.gamemode.api/gamemode_settings , name = gamemode_isgaming
02-09 05:06:32.471 D/GameMode_GameModeService( 2082): type=hide_entry
02-09 05:06:32.473 I/GameModeConfig( 1240): Current uri is uri = content://com.thundercomm.gamemode.api/gamemode_settings/gamemode_isgaming
02-09 05:06:32.474 D/GameModeIF_GameModeSettings( 1240): getUriFor setting_content_uri_root = content://com.thundercomm.gamemode.api/gamemode_settings , name = gamemode_isgaming
02-09 05:06:32.474 D/GameModeIF_GameModeSettings( 2082): gamemode_isgaming set to 0
02-09 05:06:32.474 D/GameMode_GameSettingsObserver( 2082): Game Data change!!!! uri = content://com.thundercomm.gamemode.api/gamemode_settings/gamemode_isgaming
02-09 05:06:32.474 D/GameModeIF_GameModeSettings( 2082): getUriFor setting_content_uri_root = content://com.thundercomm.gamemode.api/gamemode_settings , name = gamemode_isgaming
02-09 05:06:32.474 I/GameMode_ActivityMonitoringService( 2082): [Perf]-lastSession=
02-09 05:06:32.474 D/GameModeIF_GameModeSettings( 2082): getUriFor setting_content_uri_root = content://com.thundercomm.gamemode.api/gamemode_settings , name = gamemode_enable
02-09 05:06:32.475 I/GameModeConfig( 1240): isGameModeOn = false
02-09 05:06:32.475 D/GameMode_GameModeService( 2082): updateGlobalSettings = gamemode_isgaming
02-09 05:06:32.475 I/GameModeConfig( 1240): isGameModeOn = false
02-09 05:06:32.475 I/GameModeConfig( 1240): isDisableVoice = true
02-09 05:06:32.485 W/View ( 2005): requestLayout() improperly called by android.widget.FrameLayout{1607d4e I.E...... ......ID 0,0-780,198 #2bc} during second layout pass: posting in next frame
02-09 05:06:32.485 W/View ( 2005): requestLayout() improperly called by com.android.systemui.statusbar.AlphaOptimizedImageView{bedb049 VFED..C.. ......ID 0,0-140,198} during second layout pass: posting in next frame
02-09 05:06:32.485 W/View ( 2005): requestLayout() improperly called by android.widget.FrameLayout{904d2d6 I.E...... ......ID 0,0-780,330 #2bc} during second layout pass: posting in next frame
02-09 05:06:32.485 W/View ( 2005): requestLayout() improperly called by com.android.systemui.statusbar.AlphaOptimizedImageView{a46de98 VFED..C.. ......ID 0,0-140,132} during second layout pass: posting in next frame
02-09 05:06:32.485 W/View ( 2005): requestLayout() improperly called by com.android.systemui.statusbar.AlphaOptimizedImageView{98f46f1 VFED..C.. ......ID 0,0-140,132} during second layout pass: posting in next frame
02-09 05:06:32.485 W/View ( 2005): requestLayout() improperly called by android.widget.FrameLayout{bc0edc1 I.E...... ......ID 0,0-780,198 #2bc} during second layout pass: posting in next frame
02-09 05:06:32.485 W/View ( 2005): requestLayout() improperly called by com.android.systemui.statusbar.AlphaOptimizedImageView{84e9ea8 VFED..C.. ......ID 0,0-140,84} during second layout pass: posting in next frame
02-09 05:06:32.502 W/View ( 2005): requestLayout() improperly called by android.widget.FrameLayout{1607d4e I.E...... ......ID 0,0-780,198 #2bc} during layout: running second layout pass
02-09 05:06:32.502 W/View ( 2005): requestLayout() improperly called by com.android.systemui.statusbar.AlphaOptimizedImageView{bedb049 VFED..C.. ......ID 0,0-140,198} during layout: running second layout pass
02-09 05:06:32.502 W/View ( 2005): requestLayout() improperly called by android.widget.FrameLayout{904d2d6 I.E...... ......ID 0,0-780,330 #2bc} during layout: running second layout pass
02-09 05:06:32.502 W/View ( 2005): requestLayout() improperly called by com.android.systemui.statusbar.AlphaOptimizedImageView{a46de98 VFED..C.. ......ID 0,0-140,132} during layout: running second layout pass
02-09 05:06:32.502 W/View ( 2005): requestLayout() improperly called by com.android.systemui.statusbar.AlphaOptimizedImageView{98f46f1 VFED..C.. ......ID 0,0-140,132} during layout: running second layout pass
02-09 05:06:32.502 W/View ( 2005): requestLayout() improperly called by android.widget.FrameLayout{bc0edc1 I.E...... ......ID 0,0-780,198 #2bc} during layout: running second layout pass
02-09 05:06:32.502 W/View ( 2005): requestLayout() improperly called by com.android.systemui.statusbar.AlphaOptimizedImageView{84e9ea8 VFED..C.. ......ID 0,0-140,84} during layout: running second layout pass
02-09 05:06:32.518 W/View ( 2005): requestLayout() improperly called by android.widget.FrameLayout{1607d4e I.E...... ......ID 0,0-780,198 #2bc} during second layout pass: posting in next frame
02-09 05:06:32.518 W/View ( 2005): requestLayout() improperly called by com.android.systemui.statusbar.AlphaOptimizedImageView{bedb049 VFED..C.. ......ID 0,0-140,198} during second layout pass: posting in next frame
02-09 05:06:32.518 W/View ( 2005): requestLayout() improperly called by android.widget.FrameLayout{904d2d6 I.E...... ......ID 0,0-780,330 #2bc} during second layout pass: posting in next frame
02-09 05:06:32.518 W/View ( 2005): requestLayout() improperly called by com.android.systemui.statusbar.AlphaOptimizedImageView{a46de98 VFED..C.. ......ID 0,0-140,132} during second layout pass: posting in next frame
02-09 05:06:32.518 W/View ( 2005): requestLayout() improperly called by com.android.systemui.statusbar.AlphaOptimizedImageView{98f46f1 VFED..C.. ......ID 0,0-140,132} during second layout pass: posting in next frame
02-09 05:06:32.518 W/View ( 2005): requestLayout() improperly called by android.widget.FrameLayout{bc0edc1 I.E...... ......ID 0,0-780,198 #2bc} during second layout pass: posting in next frame
02-09 05:06:32.518 W/View ( 2005): requestLayout() improperly called by com.android.systemui.statusbar.AlphaOptimizedImageView{84e9ea8 VFED..C.. ......ID 0,0-140,84} during second layout pass: posting in next frame
02-09 05:06:32.535 W/View ( 2005): requestLayout() improperly called by android.widget.FrameLayout{1607d4e I.E...... ......ID 0,0-780,198 #2bc} during layout: running second layout pass
02-09 05:06:32.535 W/View ( 2005): requestLayout() improperly called by com.android.systemui.statusbar.AlphaOptimizedImageView{bedb049 VFED..C.. ......ID 0,0-140,198} during layout: running second layout pass
02-09 05:06:32.535 W/View ( 2005): requestLayout() improperly called by android.widget.FrameLayout{904d2d6 I.E...... ......ID 0,0-780,330 #2bc} during layout: running second layout pass
02-09 05:06:32.535 W/View ( 2005): requestLayout() improperly called by com.android.systemui.statusbar.AlphaOptimizedImageView{a46de98 VFED..C.. ......ID 0,0-140,132} during layout: running second layout pass
02-09 05:06:32.535 W/View ( 2005): requestLayout() improperly called by com.android.systemui.statusbar.AlphaOptimizedImageView{98f46f1 VFED..C.. ......ID 0,0-140,132} during layout: running second layout pass
02-09 05:06:32.535 W/View ( 2005): requestLayout() improperly called by android.widget.FrameLayout{bc0edc1 I.E...... ......ID 0,0-780,198 #2bc} during layout: running second layout pass
02-09 05:06:32.535 W/View ( 2005): requestLayout() improperly called by com.android.systemui.statusbar.AlphaOptimizedImageView{84e9ea8 VFED..C.. ......ID 0,0-140,84} during layout: running second layout pass
02-09 05:06:32.554 W/View ( 2005): requestLayout() improperly called by android.widget.FrameLayout{1607d4e I.E...... ......ID 0,0-780,198 #2bc} during second layout pass: posting in next frame
02-09 05:06:32.554 W/View ( 2005): requestLayout() improperly called by com.android.systemui.statusbar.AlphaOptimizedImageView{bedb049 VFED..C.. ......ID 0,0-140,198} during second layout pass: posting in next frame
02-09 05:06:32.554 W/View ( 2005): requestLayout() improperly called by android.widget.FrameLayout{904d2d6 I.E...... ......ID 0,0-780,330 #2bc} during second layout pass: posting in next frame
02-09 05:06:32.554 W/View ( 2005): requestLayout() improperly called by com.android.systemui.statusbar.AlphaOptimizedImageView{a46de98 VFED..C.. ......ID 0,0-140,132} during second layout pass: posting in next frame
02-09 05:06:32.554 W/View ( 2005): requestLayout() improperly called by com.android.systemui.statusbar.AlphaOptimizedImageView{98f46f1 VFED..C.. ......ID 0,0-140,132} during second layout pass: posting in next frame
02-09 05:06:32.554 W/View ( 2005): requestLayout() improperly called by android.widget.FrameLayout{bc0edc1 I.E...... ......ID 0,0-780,198 #2bc} during second layout pass: posting in next frame
02-09 05:06:32.554 W/View ( 2005): requestLayout() improperly called by com.android.systemui.statusbar.AlphaOptimizedImageView{84e9ea8 VFED..C.. ......ID 0,0-140,84} during second layout pass: posting in next frame
02-09 05:06:32.568 W/View ( 2005): requestLayout() improperly called by android.widget.FrameLayout{1607d4e I.E...... ......ID 0,0-780,198 #2bc} during layout: running second layout pass
02-09 05:06:32.568 W/View ( 2005): requestLayout() improperly called by com.android.systemui.statusbar.AlphaOptimizedImageView{bedb049 VFED..C.. ......ID 0,0-140,198} during layout: running second layout pass
02-09 05:06:32.568 W/View ( 2005): requestLayout() improperly called by android.widget.FrameLayout{904d2d6 I.E...... ......ID 0,0-780,330 #2bc} during layout: running second layout pass
02-09 05:06:32.568 W/View ( 2005): requestLayout() improperly called by com.android.systemui.statusbar.AlphaOptimizedImageView{a46de98 VFED..C.. ......ID 0,0-140,132} during layout: running second layout pass
02-09 05:06:32.568 W/View ( 2005): requestLayout() improperly called by com.android.systemui.statusbar.AlphaOptimizedImageView{98f46f1 VFED..C.. ......ID 0,0-140,132} during layout: running second layout pass
02-09 05:06:32.568 W/View ( 2005): requestLayout() improperly called by android.widget.FrameLayout{bc0edc1 I.E...... ......ID 0,0-780,198 #2bc} during layout: running second layout pass
02-09 05:06:32.568 W/View ( 2005): requestLayout() improperly called by com.android.systemui.statusbar.AlphaOptimizedImageView{84e9ea8 VFED..C.. ......ID 0,0-140,84} during layout: running second layout pass
02-09 05:06:32.585 W/View ( 2005): requestLayout() improperly called by android.widget.FrameLayout{1607d4e I.E...... ......ID 0,0-780,198 #2bc} during second layout pass: posting in next frame
02-09 05:06:32.585 W/View ( 2005): requestLayout() improperly called by com.android.systemui.statusbar.AlphaOptimizedImageView{bedb049 VFED..C.. ......ID 0,0-140,198} during second layout pass: posting in next frame
02-09 05:06:32.585 W/View ( 2005): requestLayout() improperly called by android.widget.FrameLayout{904d2d6 I.E...... ......ID 0,0-780,330 #2bc} during second layout pass: posting in next frame
02-09 05:06:32.585 W/View ( 2005): requestLayout() improperly called by com.android.systemui.statusbar.AlphaOptimizedImageView{a46de98 VFED..C.. ......ID 0,0-140,132} during second layout pass: posting in next frame
02-09 05:06:32.585 W/View ( 2005): requestLayout() improperly called by com.android.systemui.statusbar.AlphaOptimizedImageView{98f46f1 VFED..C.. ......ID 0,0-140,132} during second layout pass: posting in next frame
02-09 05:06:32.585 W/View ( 2005): requestLayout() improperly called by android.widget.FrameLayout{bc0edc1 I.E...... ......ID 0,0-780,198 #2bc} during second layout pass: posting in next frame
02-09 05:06:32.585 W/View ( 2005): requestLayout() improperly called by com.android.systemui.statusbar.AlphaOptimizedImageView{84e9ea8 VFED..C.. ......ID 0,0-140,84} during second layout pass: posting in next frame
02-09 05:06:32.602 W/View ( 2005): requestLayout() improperly called by android.widget.FrameLayout{1607d4e I.E...... ......ID 0,0-780,198 #2bc} during layout: running second layout pass
02-09 05:06:32.602 W/View ( 2005): requestLayout() improperly called by com.android.systemui.statusbar.AlphaOptimizedImageView{bedb049 VFED..C.. ......ID 0,0-140,198} during layout: running second layout pass
02-09 05:06:32.602 W/View ( 2005): requestLayout() improperly called by android.widget.FrameLayout{904d2d6 I.E...... ......ID 0,0-780,330 #2bc} during layout: running second layout pass
02-09 05:06:32.602 W/View ( 2005): requestLayout() improperly called by com.android.systemui.statusbar.AlphaOptimizedImageView{a46de98 VFED..C.. ......ID 0,0-140,132} during layout: running second layout pass
02-09 05:06:32.602 W/View ( 2005): requestLayout() improperly called by com.android.systemui.statusbar.AlphaOptimizedImageView{98f46f1 VFED..C.. ......ID 0,0-140,132} during layout: running second layout pass
02-09 05:06:32.602 W/View ( 2005): requestLayout() improperly called by android.widget.FrameLayout{bc0edc1 I.E...... ......ID 0,0-780,198 #2bc} during layout: running second layout pass
02-09 05:06:32.602 W/View ( 2005): requestLayout() improperly called by com.android.systemui.statusbar.AlphaOptimizedImageView{84e9ea8 VFED..C.. ......ID 0,0-140,84} during layout: running second layout pass
02-09 05:06:32.618 W/View ( 2005): requestLayout() improperly called by android.widget.FrameLayout{1607d4e I.E...... ......ID 0,0-780,198 #2bc} during second layout pass: posting in next frame
02-09 05:06:32.618 W/View ( 2005): requestLayout() improperly called by com.android.systemui.statusbar.AlphaOptimizedImageView{bedb049 VFED..C.. ......ID 0,0-140,198} during second layout pass: posting in next frame
02-09 05:06:32.618 W/View ( 2005): requestLayout() improperly called by android.widget.FrameLayout{904d2d6 I.E...... ......ID 0,0-780,330 #2bc} during second layout pass: posting in next frame
02-09 05:06:32.618 W/View ( 2005): requestLayout() improperly called by com.android.systemui.statusbar.AlphaOptimizedImageView{a46de98 VFED..C.. ......ID 0,0-140,132} during second layout pass: posting in next frame
02-09 05:06:32.618 W/View ( 2005): requestLayout() improperly called by com.android.systemui.statusbar.AlphaOptimizedImageView{98f46f1 VFED..C.. ......ID 0,0-140,132} during second layout pass: posting in next frame
02-09 05:06:32.618 W/View ( 2005): requestLayout() improperly called by android.widget.FrameLayout{bc0edc1 I.E...... ......ID 0,0-780,198 #2bc} during second layout pass: posting in next frame
02-09 05:06:32.618 W/View ( 2005): requestLayout() improperly called by com.android.systemui.statusbar.AlphaOptimizedImageView{84e9ea8 VFED..C.. ......ID 0,0-140,84} during second layout pass: posting in next frame
02-09 05:06:32.635 W/View ( 2005): requestLayout() improperly called by android.widget.FrameLayout{1607d4e I.E...... ......ID 0,0-780,198 #2bc} during layout: running second layout pass
02-09 05:06:32.635 W/View ( 2005): requestLayout() improperly called by com.android.systemui.statusbar.AlphaOptimizedImageView{bedb049 VFED..C.. ......ID 0,0-140,198} during layout: running second layout pass
02-09 05:06:32.635 W/View ( 2005): requestLayout() improperly called by android.widget.FrameLayout{904d2d6 I.E...... ......ID 0,0-780,330 #2bc} during layout: running second layout pass
02-09 05:06:32.635 W/View ( 2005): requestLayout() improperly called by com.android.systemui.statusbar.AlphaOptimizedImageView{a46de98 VFED..C.. ......ID 0,0-140,132} during layout: running second layout pass
02-09 05:06:32.635 W/View ( 2005): requestLayout() improperly called by com.android.systemui.statusbar.AlphaOptimizedImageView{98f46f1 VFED..C.. ......ID 0,0-140,132} during layout: running second layout pass
02-09 05:06:32.635 W/View ( 2005): requestLayout() improperly called by android.widget.FrameLayout{bc0edc1 I.E...... ......ID 0,0-780,198 #2bc} during layout: running second layout pass
02-09 05:06:32.635 W/View ( 2005): requestLayout() improperly called by com.android.systemui.statusbar.AlphaOptimizedImageView{84e9ea8 VFED..C.. ......ID 0,0-140,84} during layout: running second layout pass
02-09 05:06:32.651 W/View ( 2005): requestLayout() improperly called by android.widget.FrameLayout{1607d4e I.E...... ......ID 0,0-780,198 #2bc} during second layout pass: posting in next frame
02-09 05:06:32.652 W/View ( 2005): requestLayout() improperly called by com.android.systemui.statusbar.AlphaOptimizedImageView{bedb049 VFED..C.. ......ID 0,0-140,198} during second layout pass: posting in next frame
02-09 05:06:32.652 W/View ( 2005): requestLayout() improperly called by android.widget.FrameLayout{904d2d6 I.E...... ......ID 0,0-780,330 #2bc} during second layout pass: posting in next frame
02-09 05:06:32.652 W/View ( 2005): requestLayout() improperly called by com.android.systemui.statusbar.AlphaOptimizedImageView{a46de98 VFED..C.. ......ID 0,0-140,132} during second layout pass: posting in next frame
02-09 05:06:32.652 W/View ( 2005): requestLayout() improperly called by com.android.systemui.statusbar.AlphaOptimizedImageView{98f46f1 VFED..C.. ......ID 0,0-140,132} during second layout pass: posting in next frame
02-09 05:06:32.652 W/View ( 2005): requestLayout() improperly called by android.widget.FrameLayout{bc0edc1 I.E...... ......ID 0,0-780,198 #2bc} during second layout pass: posting in next frame
02-09 05:06:32.652 W/View ( 2005): requestLayout() improperly called by com.android.systemui.statusbar.AlphaOptimizedImageView{84e9ea8 VFED..C.. ......ID 0,0-140,84} during second layout pass: posting in next frame
02-09 05:06:32.668 I/GameModeConfig( 1240): isGameModeOn = false
02-09 05:06:32.668 I/GameModeConfig( 1240): isGameModeOn = false
02-09 05:06:32.668 I/GameModeConfig( 1240): isGameModeOn = false
02-09 05:06:32.668 I/GameModeConfig( 1240): isGameModeOn = false
02-09 05:06:32.668 I/GameModeConfig( 1240): isGameModeOn = false
02-09 05:06:32.668 I/GameModeConfig( 1240): isGameModeOn = false
02-09 05:06:32.669 I/notification_enqueue( 1240): [10080,2005,com.android.systemui,2048,NULL,0,Notification(channel=updateNotification shortcut=null contentView=null vibrate=null sound=null defaults=0x0 flags=0x0 color=0x00000000 vis=PRIVATE),1]
02-09 05:06:32.669 I/sysui_multi_action( 2005): [757,111,758,2]
02-09 05:06:32.669 I/sysui_multi_action( 2005): [757,111,758,2]
02-09 05:06:32.671 W/View ( 2005): requestLayout() improperly called by android.widget.FrameLayout{1607d4e I.E...... ......ID 0,0-780,198 #2bc} during layout: running second layout pass
02-09 05:06:32.671 W/View ( 2005): requestLayout() improperly called by com.android.systemui.statusbar.AlphaOptimizedImageView{bedb049 VFED..C.. ......ID 0,0-140,198} during layout: running second layout pass
02-09 05:06:32.671 W/View ( 2005): requestLayout() improperly called by android.widget.FrameLayout{904d2d6 I.E...... ......ID 0,0-780,330 #2bc} during layout: running second layout pass
02-09 05:06:32.671 W/View ( 2005): requestLayout() improperly called by com.android.systemui.statusbar.AlphaOptimizedImageView{a46de98 VFED..C.. ......ID 0,0-140,132} during layout: running second layout pass
02-09 05:06:32.671 W/View ( 2005): requestLayout() improperly called by com.android.systemui.statusbar.AlphaOptimizedImageView{98f46f1 VFED..C.. ......ID 0,0-140,132} during layout: running second layout pass
02-09 05:06:32.671 W/View ( 2005): requestLayout() improperly called by android.widget.FrameLayout{bc0edc1 I.E...... ......ID 0,0-780,198 #2bc} during layout: running second layout pass
02-09 05:06:32.671 W/View ( 2005): requestLayout() improperly called by com.android.systemui.statusbar.AlphaOptimizedImageView{84e9ea8 VFED..C.. ......ID 0,0-140,84} during layout: running second layout pass
02-09 05:06:32.685 W/View ( 2005): requestLayout() improperly called by android.widget.FrameLayout{1607d4e I.E...... ......ID 0,0-780,198 #2bc} during second layout pass: posting in next frame
02-09 05:06:32.685 W/View ( 2005): requestLayout() improperly called by com.android.systemui.statusbar.AlphaOptimizedImageView{bedb049 VFED..C.. ......ID 0,0-140,198} during second layout pass: posting in next frame
02-09 05:06:32.685 W/View ( 2005): requestLayout() improperly called by android.widget.FrameLayout{904d2d6 I.E...... ......ID 0,0-780,330 #2bc} during second layout pass: posting in next frame
02-09 05:06:32.685 W/View ( 2005): requestLayout() improperly called by com.android.systemui.statusbar.AlphaOptimizedImageView{a46de98 VFED..C.. ......ID 0,0-140,132} during second layout pass: posting in next frame
02-09 05:06:32.685 W/View ( 2005): requestLayout() improperly called by com.android.systemui.statusbar.AlphaOptimizedImageView{98f46f1 VFED..C.. ......ID 0,0-140,132} during second layout pass: posting in next frame
02-09 05:06:32.685 W/View ( 2005): requestLayout() improperly called by android.widget.FrameLayout{bc0edc1 I.E...... ......ID 0,0-780,198 #2bc} during second layout pass: posting in next frame
02-09 05:06:32.685 W/View ( 2005): requestLayout() improperly called by com.android.systemui.statusbar.AlphaOptimizedImageView{84e9ea8 VFED..C.. ......ID 0,0-140,84} during second layout pass: posting in next frame
02-09 05:06:32.702 W/View ( 2005): requestLayout() improperly called by android.widget.FrameLayout{1607d4e I.E...... ......ID 0,0-780,198 #2bc} during layout: running second layout pass
02-09 05:06:32.702 W/View ( 2005): requestLayout() improperly called by com.android.systemui.statusbar.AlphaOptimizedImageView{bedb049 VFED..C.. ......ID 0,0-140,198} during layout: running second layout pass
02-09 05:06:32.702 W/View ( 2005): requestLayout() improperly called by android.widget.FrameLayout{904d2d6 I.E...... ......ID 0,0-780,330 #2bc} during layout: running second layout pass
02-09 05:06:32.702 W/View ( 2005): requestLayout() improperly called by com.android.systemui.statusbar.AlphaOptimizedImageView{a46de98 VFED..C.. ......ID 0,0-140,132} during layout: running second layout pass
02-09 05:06:32.702 W/View ( 2005): requestLayout() improperly called by com.android.systemui.statusbar.AlphaOptimizedImageView{98f46f1 VFED..C.. ......ID 0,0-140,132} during layout: running second layout pass
02-09 05:06:32.702 W/View ( 2005): requestLayout() improperly called by android.widget.FrameLayout{bc0edc1 I.E...... ......ID 0,0-780,198 #2bc} during layout: running second layout pass
02-09 05:06:32.702 W/View ( 2005): requestLayout() improperly called by com.android.systemui.statusbar.AlphaOptimizedImageView{84e9ea8 VFED..C.. ......ID 0,0-140,84} during layout: running second layout pass
02-09 05:06:32.718 W/View ( 2005): requestLayout() improperly called by android.widget.FrameLayout{1607d4e I.E...... ......ID 0,0-780,198 #2bc} during second layout pass: posting in next frame
02-09 05:06:32.718 W/View ( 2005): requestLayout() improperly called by com.android.systemui.statusbar.AlphaOptimizedImageView{bedb049 VFED..C.. ......ID 0,0-140,198} during second layout pass: posting in next frame
02-09 05:06:32.718 W/View ( 2005): requestLayout() improperly called by android.widget.FrameLayout{904d2d6 I.E...... ......ID 0,0-780,330 #2bc} during second layout pass: posting in next frame
02-09 05:06:32.718 W/View ( 2005): requestLayout() improperly called by com.android.systemui.statusbar.AlphaOptimizedImageView{a46de98 VFED..C.. ......ID 0,0-140,132} during second layout pass: posting in next frame
02-09 05:06:32.718 W/View ( 2005): requestLayout() improperly called by com.android.systemui.statusbar.AlphaOptimizedImageView{98f46f1 VFED..C.. ......ID 0,0-140,132} during second layout pass: posting in next frame
02-09 05:06:32.718 W/View ( 2005): requestLayout() improperly called by android.widget.FrameLayout{bc0edc1 I.E...... ......ID 0,0-780,198 #2bc} during second layout pass: posting in next frame
02-09 05:06:32.718 W/View ( 2005): requestLayout() improperly called by com.android.systemui.statusbar.AlphaOptimizedImageView{84e9ea8 VFED..C.. ......ID 0,0-140,84} during second layout pass: posting in next frame
02-09 05:06:32.735 W/View ( 2005): requestLayout() improperly called by android.widget.FrameLayout{1607d4e I.E...... ......ID 0,0-780,198 #2bc} during layout: running second layout pass
02-09 05:06:32.735 W/View ( 2005): requestLayout() improperly called by com.android.systemui.statusbar.AlphaOptimizedImageView{bedb049 VFED..C.. ......ID 0,0-140,198} during layout: running second layout pass
02-09 05:06:32.735 W/View ( 2005): requestLayout() improperly called by android.widget.FrameLayout{904d2d6 I.E...... ......ID 0,0-780,330 #2bc} during layout: running second layout pass
02-09 05:06:32.735 W/View ( 2005): requestLayout() improperly called by com.android.systemui.statusbar.AlphaOptimizedImageView{a46de98 VFED..C.. ......ID 0,0-140,132} during layout: running second layout pass
02-09 05:06:32.735 W/View ( 2005): requestLayout() improperly called by com.android.systemui.statusbar.AlphaOptimizedImageView{98f46f1 VFED..C.. ......ID 0,0-140,132} during layout: running second layout pass
02-09 05:06:32.735 W/View ( 2005): requestLayout() improperly called by android.widget.FrameLayout{bc0edc1 I.E...... ......ID 0,0-780,198 #2bc} during layout: running second layout pass
02-09 05:06:32.735 W/View ( 2005): requestLayout() improperly called by com.android.systemui.statusbar.AlphaOptimizedImageView{84e9ea8 VFED..C.. ......ID 0,0-140,84} during layout: running second layout pass
02-09 05:06:32.752 W/View ( 2005): requestLayout() improperly called by android.widget.FrameLayout{1607d4e I.E...... ......ID 0,0-780,198 #2bc} during second layout pass: posting in next frame
02-09 05:06:32.752 W/View ( 2005): requestLayout() improperly called by com.android.systemui.statusbar.AlphaOptimizedImageView{bedb049 VFED..C.. ......ID 0,0-140,198} during second layout pass: posting in next frame
02-09 05:06:32.752 W/View ( 2005): requestLayout() improperly called by android.widget.FrameLayout{904d2d6 I.E...... ......ID 0,0-780,330 #2bc} during second layout pass: posting in next frame
02-09 05:06:32.752 W/View ( 2005): requestLayout() improperly called by com.android.systemui.statusbar.AlphaOptimizedImageView{a46de98 VFED..C.. ......ID 0,0-140,132} during second layout pass: posting in next frame
02-09 05:06:32.752 W/View ( 2005): requestLayout() improperly called by com.android.systemui.statusbar.AlphaOptimizedImageView{98f46f1 VFED..C.. ......ID 0,0-140,132} during second layout pass: posting in next frame
02-09 05:06:32.752 W/View ( 2005): requestLayout() improperly called by android.widget.FrameLayout{bc0edc1 I.E...... ......ID 0,0-780,198 #2bc} during second layout pass: posting in next frame
02-09 05:06:32.752 W/View ( 2005): requestLayout() improperly called by com.android.systemui.statusbar.AlphaOptimizedImageView{84e9ea8 VFED..C.. ......ID 0,0-140,84} during second layout pass: posting in next frame
02-09 05:06:32.768 W/Choreographer( 2005): Frame time is 0.336833 ms in the future! Check that graphics HAL is generating vsync timestamps using the correct timebase.
02-09 05:06:32.769 W/View ( 2005): requestLayout() improperly called by android.widget.FrameLayout{1607d4e I.E...... ......ID 0,0-780,198 #2bc} during layout: running second layout pass
02-09 05:06:32.769 W/View ( 2005): requestLayout() improperly called by com.android.systemui.statusbar.AlphaOptimizedImageView{bedb049 VFED..C.. ......ID 0,0-140,198} during layout: running second layout pass
02-09 05:06:32.769 W/View ( 2005): requestLayout() improperly called by android.widget.FrameLayout{904d2d6 I.E...... ......ID 0,0-780,330 #2bc} during layout: running second layout pass
02-09 05:06:32.769 W/View ( 2005): requestLayout() improperly called by com.android.systemui.statusbar.AlphaOptimizedImageView{a46de98 VFED..C.. ......ID 0,0-140,132} during layout: running second layout pass
02-09 05:06:32.769 W/View ( 2005): requestLayout() improperly called by com.android.systemui.statusbar.AlphaOptimizedImageView{98f46f1 VFED..C.. ......ID 0,0-140,132} during layout: running second layout pass
02-09 05:06:32.769 W/View ( 2005): requestLayout() improperly called by android.widget.FrameLayout{bc0edc1 I.E...... ......ID 0,0-780,198 #2bc} during layout: running second layout pass
02-09 05:06:32.769 W/View ( 2005): requestLayout() improperly called by com.android.systemui.statusbar.AlphaOptimizedImageView{84e9ea8 VFED..C.. ......ID 0,0-140,84} during layout: running second layout pass
02-09 05:06:32.785 I/mpu_uart( 645): [MSG-P:RECV]:No message received in 1000 ms
02-09 05:06:32.785 W/View ( 2005): requestLayout() improperly called by android.widget.FrameLayout{1607d4e I.E...... ......ID 0,0-780,198 #2bc} during second layout pass: posting in next frame
02-09 05:06:32.785 W/View ( 2005): requestLayout() improperly called by com.android.systemui.statusbar.AlphaOptimizedImageView{bedb049 VFED..C.. ......ID 0,0-140,198} during second layout pass: posting in next frame
02-09 05:06:32.785 W/View ( 2005): requestLayout() improperly called by android.widget.FrameLayout{904d2d6 I.E...... ......ID 0,0-780,330 #2bc} during second layout pass: posting in next frame
02-09 05:06:32.785 W/View ( 2005): requestLayout() improperly called by com.android.systemui.statusbar.AlphaOptimizedImageView{a46de98 VFED..C.. ......ID 0,0-140,132} during second layout pass: posting in next frame
02-09 05:06:32.785 W/View ( 2005): requestLayout() improperly called by com.android.systemui.statusbar.AlphaOptimizedImageView{98f46f1 VFED..C.. ......ID 0,0-140,132} during second layout pass: posting in next frame
02-09 05:06:32.785 W/View ( 2005): requestLayout() improperly called by android.widget.FrameLayout{bc0edc1 I.E...... ......ID 0,0-780,198 #2bc} during second layout pass: posting in next frame
02-09 05:06:32.785 W/View ( 2005): requestLayout() improperly called by com.android.systemui.statusbar.AlphaOptimizedImageView{84e9ea8 VFED..C.. ......ID 0,0-140,84} during second layout pass: posting in next frame
02-09 05:06:32.802 W/View ( 2005): requestLayout() improperly called by android.widget.FrameLayout{1607d4e I.E...... ......ID 0,0-780,198 #2bc} during layout: running second layout pass
02-09 05:06:32.802 W/View ( 2005): requestLayout() improperly called by com.android.systemui.statusbar.AlphaOptimizedImageView{bedb049 VFED..C.. ......ID 0,0-140,198} during layout: running second layout pass
02-09 05:06:32.802 W/View ( 2005): requestLayout() improperly called by android.widget.FrameLayout{904d2d6 I.E...... ......ID 0,0-780,330 #2bc} during layout: running second layout pass
02-09 05:06:32.802 W/View ( 2005): requestLayout() improperly called by com.android.systemui.statusbar.AlphaOptimizedImageView{a46de98 VFED..C.. ......ID 0,0-140,132} during layout: running second layout pass
02-09 05:06:32.802 W/View ( 2005): requestLayout() improperly called by com.android.systemui.statusbar.AlphaOptimizedImageView{98f46f1 VFED..C.. ......ID 0,0-140,132} during layout: running second layout pass
02-09 05:06:32.802 W/View ( 2005): requestLayout() improperly called by android.widget.FrameLayout{bc0edc1 I.E...... ......ID 0,0-780,198 #2bc} during layout: running second layout pass
02-09 05:06:32.802 W/View ( 2005): requestLayout() improperly called by com.android.systemui.statusbar.AlphaOptimizedImageView{84e9ea8 VFED..C.. ......ID 0,0-140,84} during layout: running second layout pass
02-09 05:06:32.819 W/View ( 2005): requestLayout() improperly called by android.widget.FrameLayout{1607d4e I.E...... ......ID 0,0-780,198 #2bc} during second layout pass: posting in next frame
02-09 05:06:32.819 W/View ( 2005): requestLayout() improperly called by com.android.systemui.statusbar.AlphaOptimizedImageView{bedb049 VFED..C.. ......ID 0,0-140,198} during second layout pass: posting in next frame
02-09 05:06:32.819 W/View ( 2005): requestLayout() improperly called by android.widget.FrameLayout{904d2d6 I.E...... ......ID 0,0-780,330 #2bc} during second layout pass: posting in next frame
02-09 05:06:32.819 W/View ( 2005): requestLayout() improperly called by com.android.systemui.statusbar.AlphaOptimizedImageView{a46de98 VFED..C.. ......ID 0,0-140,132} during second layout pass: posting in next frame
02-09 05:06:32.819 W/View ( 2005): requestLayout() improperly called by com.android.systemui.statusbar.AlphaOptimizedImageView{98f46f1 VFED..C.. ......ID 0,0-140,132} during second layout pass: posting in next frame
02-09 05:06:32.819 W/View ( 2005): requestLayout() improperly called by android.widget.FrameLayout{bc0edc1 I.E...... ......ID 0,0-780,198 #2bc} during second layout pass: posting in next frame
02-09 05:06:32.819 W/View ( 2005): requestLayout() improperly called by com.android.systemui.statusbar.AlphaOptimizedImageView{84e9ea8 VFED..C.. ......ID 0,0-140,84} during second layout pass: posting in next frame
02-09 05:06:32.836 W/View ( 2005): requestLayout() improperly called by android.widget.FrameLayout{1607d4e I.E...... ......ID 0,0-780,198 #2bc} during layout: running second layout pass
02-09 05:06:32.836 W/View ( 2005): requestLayout() improperly called by com.android.systemui.statusbar.AlphaOptimizedImageView{bedb049 VFED..C.. ......ID 0,0-140,198} during layout: running second layout pass
02-09 05:06:32.836 W/View ( 2005): requestLayout() improperly called by android.widget.FrameLayout{904d2d6 I.E...... ......ID 0,0-780,330 #2bc} during layout: running second layout pass
02-09 05:06:32.836 W/View ( 2005): requestLayout() improperly called by com.android.systemui.statusbar.AlphaOptimizedImageView{a46de98 VFED..C.. ......ID 0,0-140,132} during layout: running second layout pass
02-09 05:06:32.836 W/View ( 2005): requestLayout() improperly called by com.android.systemui.statusbar.AlphaOptimizedImageView{98f46f1 VFED..C.. ......ID 0,0-140,132} during layout: running second layout pass
02-09 05:06:32.836 W/View ( 2005): requestLayout() improperly called by android.widget.FrameLayout{bc0edc1 I.E...... ......ID 0,0-780,198 #2bc} during layout: running second layout pass
02-09 05:06:32.836 W/View ( 2005): requestLayout() improperly called by com.android.systemui.statusbar.AlphaOptimizedImageView{84e9ea8 VFED..C.. ......ID 0,0-140,84} during layout: running second layout pass
02-09 05:06:32.852 W/View ( 2005): requestLayout() improperly called by android.widget.FrameLayout{1607d4e I.E...... ......ID 0,0-780,198 #2bc} during second layout pass: posting in next frame
02-09 05:06:32.852 W/View ( 2005): requestLayout() improperly called by com.android.systemui.statusbar.AlphaOptimizedImageView{bedb049 VFED..C.. ......ID 0,0-140,198} during second layout pass: posting in next frame
02-09 05:06:32.852 W/View ( 2005): requestLayout() improperly called by android.widget.FrameLayout{904d2d6 I.E...... ......ID 0,0-780,330 #2bc} during second layout pass: posting in next frame
02-09 05:06:32.852 W/View ( 2005): requestLayout() improperly called by com.android.systemui.statusbar.AlphaOptimizedImageView{a46de98 VFED..C.. ......ID 0,0-140,132} during second layout pass: posting in next frame
02-09 05:06:32.852 W/View ( 2005): requestLayout() improperly called by com.android.systemui.statusbar.AlphaOptimizedImageView{98f46f1 VFED..C.. ......ID 0,0-140,132} during second layout pass: posting in next frame
02-09 05:06:32.852 W/View ( 2005): requestLayout() improperly called by android.widget.FrameLayout{bc0edc1 I.E...... ......ID 0,0-780,198 #2bc} during second layout pass: posting in next frame
02-09 05:06:32.852 W/View ( 2005): requestLayout() improperly called by com.android.systemui.statusbar.AlphaOptimizedImageView{84e9ea8 VFED..C.. ......ID 0,0-140,84} during second layout pass: posting in next frame
02-09 05:06:32.869 I/GameModeConfig( 1240): isGameModeOn = false
02-09 05:06:32.870 V/GameMode_GameTypeUtils( 2082): judge isGame:com.android.systemui
02-09 05:06:32.870 E/GameMode_GameModeNotificationListenerService( 2082): title :content :,PackageName:com.android.systemui,isGameModeOn:false,isBulletScreenOn:false,isBulletScreenPackage:false
02-09 05:06:32.874 W/View ( 2005): requestLayout() improperly called by android.widget.FrameLayout{1607d4e I.E...... ......ID 0,0-780,198 #2bc} during layout: running second layout pass
02-09 05:06:32.874 W/View ( 2005): requestLayout() improperly called by com.android.systemui.statusbar.AlphaOptimizedImageView{bedb049 VFED..C.. ......ID 0,0-140,198} during layout: running second layout pass
02-09 05:06:32.874 W/View ( 2005): requestLayout() improperly called by android.widget.FrameLayout{904d2d6 I.E...... ......ID 0,0-780,330 #2bc} during layout: running second layout pass
02-09 05:06:32.874 W/View ( 2005): requestLayout() improperly called by com.android.systemui.statusbar.AlphaOptimizedImageView{a46de98 VFED..C.. ......ID 0,0-140,132} during layout: running second layout pass
02-09 05:06:32.874 W/View ( 2005): requestLayout() improperly called by com.android.systemui.statusbar.AlphaOptimizedImageView{98f46f1 VFED..C.. ......ID 0,0-140,132} during layout: running second layout pass
02-09 05:06:32.874 W/View ( 2005): requestLayout() improperly called by android.widget.FrameLayout{bc0edc1 I.E...... ......ID 0,0-780,198 #2bc} during layout: running second layout pass
02-09 05:06:32.874 W/View ( 2005): requestLayout() improperly called by com.android.systemui.statusbar.AlphaOptimizedImageView{84e9ea8 VFED..C.. ......ID 0,0-140,84} during layout: running second layout pass
02-09 05:06:32.876 I/sysui_multi_action( 1240): [757,128,758,2,793,2675797,794,6042,795,2675797,796,26,798,0,806,android,857,DEVELOPER_IMPORTANT,858,4,947,0,1395,3,1500,2675404,1688,1]
02-09 05:06:32.876 I/notification_visibility( 1240): [-1|android|26|null|1000,0,2675797,2675797,0,0]
02-09 05:06:32.876 I/sysui_multi_action( 1240): [757,128,758,2,793,2670907,794,6041,795,2670907,796,17303299,797,com.android.wifi,798,1,806,android,857,NETWORK_AVAILABLE,858,2,947,0,1395,3,1500,2670707,1688,1]
02-09 05:06:32.876 I/notification_visibility( 1240): [0|android|17303299|com.android.wifi|1000,0,2670907,2670907,0,1]
02-09 05:06:32.876 I/sysui_multi_action( 1240): [757,128,758,2,793,2676584,794,6041,795,2676584,796,32,798,2,806,android,857,USB,858,1,947,0,1395,3,1500,2676533,1688,1]
02-09 05:06:32.876 I/notification_visibility( 1240): [-1|android|32|null|1000,0,2676584,2676584,0,2]
02-09 05:06:32.876 D/StatusBar( 2005): disable disable2
02-09 05:06:32.876 I/sysui_multi_action( 1240): [757,127,758,2]
02-09 05:06:32.877 I/notification_panel_hidden( 1240):
02-09 05:06:32.889 D/InterruptionStateProvider( 2005): No bubble up: not allowed to bubble: 0|com.android.systemui|2048|null|10080
02-09 05:06:32.889 D/InterruptionStateProvider( 2005): No heads up: unimportant notification: 0|com.android.systemui|2048|null|10080
02-09 05:06:32.895 D/PeopleSpaceWidgetMgr( 2005): Sbn doesn't contain valid PeopleTileKey: null/0/com.android.systemui
02-09 05:06:32.896 W/View ( 2005): requestLayout() improperly called by android.widget.FrameLayout{1607d4e I.E...... ......ID 0,0-780,198 #2bc} during second layout pass: posting in next frame
02-09 05:06:32.896 W/View ( 2005): requestLayout() improperly called by com.android.systemui.statusbar.AlphaOptimizedImageView{bedb049 VFED..C.. ......ID 0,0-140,198} during second layout pass: posting in next frame
02-09 05:06:32.896 W/View ( 2005): requestLayout() improperly called by android.widget.FrameLayout{904d2d6 I.E...... ......ID 0,0-780,330 #2bc} during second layout pass: posting in next frame
02-09 05:06:32.896 W/View ( 2005): requestLayout() improperly called by com.android.systemui.statusbar.AlphaOptimizedImageView{a46de98 VFED..C.. ......ID 0,0-140,132} during second layout pass: posting in next frame
02-09 05:06:32.896 W/View ( 2005): requestLayout() improperly called by com.android.systemui.statusbar.AlphaOptimizedImageView{98f46f1 VFED..C.. ......ID 0,0-140,132} during second layout pass: posting in next frame
02-09 05:06:32.896 W/View ( 2005): requestLayout() improperly called by android.widget.FrameLayout{bc0edc1 I.E...... ......ID 0,0-780,198 #2bc} during second layout pass: posting in next frame
02-09 05:06:32.896 W/View ( 2005): requestLayout() improperly called by com.android.systemui.statusbar.AlphaOptimizedImageView{84e9ea8 VFED..C.. ......ID 0,0-140,84} during second layout pass: posting in next frame
02-09 05:06:32.903 W/View ( 2005): requestLayout() improperly called by android.widget.FrameLayout{1607d4e I.E...... ......ID 0,0-780,198 #2bc} during layout: running second layout pass
02-09 05:06:32.903 W/View ( 2005): requestLayout() improperly called by com.android.systemui.statusbar.AlphaOptimizedImageView{bedb049 VFED..C.. ......ID 0,0-140,198} during layout: running second layout pass
02-09 05:06:32.903 W/View ( 2005): requestLayout() improperly called by android.widget.FrameLayout{904d2d6 I.E...... ......ID 0,0-780,330 #2bc} during layout: running second layout pass
02-09 05:06:32.903 W/View ( 2005): requestLayout() improperly called by com.android.systemui.statusbar.AlphaOptimizedImageView{a46de98 VFED..C.. ......ID 0,0-140,132} during layout: running second layout pass
02-09 05:06:32.903 W/View ( 2005): requestLayout() improperly called by com.android.systemui.statusbar.AlphaOptimizedImageView{98f46f1 VFED..C.. ......ID 0,0-140,132} during layout: running second layout pass
02-09 05:06:32.904 W/View ( 2005): requestLayout() improperly called by android.widget.FrameLayout{bc0edc1 I.E...... ......ID 0,0-780,198 #2bc} during layout: running second layout pass
02-09 05:06:32.904 W/View ( 2005): requestLayout() improperly called by com.android.systemui.statusbar.AlphaOptimizedImageView{84e9ea8 VFED..C.. ......ID 0,0-140,84} during layout: running second layout pass
02-09 05:06:32.904 V/KeyguardUpdateMonitor( 2005): *** unregister callback for com.android.keyguard.CarrierTextManager$2@cca6384
02-09 05:06:32.905 W/View ( 2005): requestLayout() improperly called by android.widget.FrameLayout{1607d4e I.E...... ......ID 0,0-780,198 #2bc} during second layout pass: posting in next frame
02-09 05:06:32.905 W/View ( 2005): requestLayout() improperly called by com.android.systemui.statusbar.AlphaOptimizedImageView{bedb049 VFED..C.. ......ID 0,0-140,198} during second layout pass: posting in next frame
02-09 05:06:32.905 W/View ( 2005): requestLayout() improperly called by android.widget.FrameLayout{904d2d6 I.E...... ......ID 0,0-780,330 #2bc} during second layout pass: posting in next frame
02-09 05:06:32.905 W/View ( 2005): requestLayout() improperly called by com.android.systemui.statusbar.AlphaOptimizedImageView{a46de98 VFED..C.. ......ID 0,0-140,132} during second layout pass: posting in next frame
02-09 05:06:32.905 W/View ( 2005): requestLayout() improperly called by com.android.systemui.statusbar.AlphaOptimizedImageView{98f46f1 VFED..C.. ......ID 0,0-140,132} during second layout pass: posting in next frame
02-09 05:06:32.905 W/View ( 2005): requestLayout() improperly called by android.widget.FrameLayout{bc0edc1 I.E...... ......ID 0,0-780,198 #2bc} during second layout pass: posting in next frame
02-09 05:06:32.905 W/View ( 2005): requestLayout() improperly called by com.android.systemui.statusbar.AlphaOptimizedImageView{84e9ea8 VFED..C.. ......ID 0,0-140,84} during second layout pass: posting in next frame
