02-09 04:26:02.557 I/wm_task_moved( 1240): [72,1,7]
02-09 04:26:02.557 I/wm_task_to_front( 1240): [0,72]
02-09 04:26:02.557 I/wm_create_task( 1240): [0,72]
02-09 04:26:02.557 I/wm_create_activity( 1240): [0,208999710,72,com.android.gallery3d/.app.GalleryActivity,android.intent.action.MAIN,NULL,NULL,270532608]
02-09 04:26:02.557 I/wm_task_moved( 1240): [72,1,7]
02-09 04:26:02.558 I/wm_pause_activity( 1240): [0,208887896,com.android.launcher3/.uioverrides.QuickstepLauncher,userLeaving=true,pauseBackTasks]
02-09 04:26:02.560 I/wm_on_top_resumed_lost_called( 2573): [208887896,com.android.launcher3.uioverrides.QuickstepLauncher,topStateChangedWhenResumed]
02-09 04:26:02.561 I/wm_on_paused_called( 2573): [208887896,com.android.launcher3.uioverrides.QuickstepLauncher,performPause]
02-09 04:26:02.563 I/wm_add_to_stopping( 1240): [0,208887896,com.android.launcher3/.uioverrides.QuickstepLauncher,makeInvisible]
02-09 04:26:02.563 I/wm_restart_activity( 1240): [0,208999710,72,com.android.gallery3d/.app.GalleryActivity]
02-09 04:26:02.564 I/wm_set_resumed_activity( 1240): [0,com.android.gallery3d/.app.GalleryActivity,minimalResumeActivityLocked]
02-09 04:26:02.565 I/am_uid_active( 1240): 10064
02-09 04:26:02.566 I/sysui_multi_action( 1240): [757,803,799,window_time_0,802,3]
02-09 04:26:02.573 I/wm_on_create_called( 3921): [208999710,com.android.gallery3d.app.GalleryActivity,performCreate]
02-09 04:26:02.573 I/wm_on_start_called( 3921): [208999710,com.android.gallery3d.app.GalleryActivity,handleStartActivity]
02-09 04:26:02.575 I/wm_on_resume_called( 3921): [208999710,com.android.gallery3d.app.GalleryActivity,RESUME_ACTIVITY]
02-09 04:26:02.577 I/wm_on_top_resumed_gained_called( 3921): [208999710,com.android.gallery3d.app.GalleryActivity,topStateChangedWhenResumed]
02-09 04:26:02.582 I/input_focus( 1240): [Focus request a8bc864 com.android.gallery3d/com.android.gallery3d.app.GalleryActivity,reason=UpdateInputWindows]
02-09 04:26:02.596 I/input_focus( 1240): [Focus leaving 65fe793 com.android.launcher3/com.android.launcher3.uioverrides.QuickstepLauncher (server),reason=NO_WINDOW]
02-09 04:26:02.598 I/sysui_multi_action( 1240): [319,38,321,34,322,47,325,257,757,761,758,8,759,1,806,com.android.gallery3d,871,com.android.gallery3d.app.GalleryActivity,904,com.android.launcher3,905,0,1320,4,1321,1]
02-09 04:26:02.599 I/wm_activity_launch_time( 1240): [0,208999710,com.android.gallery3d/.app.GalleryActivity,47]
02-09 04:26:02.611 I/input_focus( 1240): [Focus entering a8bc864 com.android.gallery3d/com.android.gallery3d.app.GalleryActivity (server),reason=Window became focusable. Previous reason: NOT_VISIBLE]
02-09 04:26:02.945 I/wm_stop_activity( 1240): [0,208887896,com.android.launcher3/.uioverrides.QuickstepLauncher]
02-09 04:26:02.970 I/wm_task_created( 1240): [73,-1]
02-09 04:26:02.973 I/wm_task_moved( 1240): [73,1,8]
02-09 04:26:02.973 I/wm_task_to_front( 1240): [0,73]
02-09 04:26:02.973 I/wm_create_task( 1240): [0,73]
02-09 04:26:02.973 I/wm_create_activity( 1240): [0,53528801,73,com.android.music/.VideoBrowserActivity,NULL,NULL,NULL,268468224]
02-09 04:26:02.973 I/wm_task_moved( 1240): [73,1,8]
02-09 04:26:02.973 I/wm_on_top_resumed_lost_called( 3921): [208999710,com.android.gallery3d.app.GalleryActivity,topStateChangedWhenResumed]
02-09 04:26:02.974 I/wm_restart_activity( 1240): [0,53528801,73,com.android.music/.VideoBrowserActivity]
02-09 04:26:02.975 I/wm_set_resumed_activity( 1240): [0,com.android.music/.VideoBrowserActivity,minimalResumeActivityLocked]
02-09 04:26:02.976 I/service_manager_stats( 1240): [100,46,33146]
02-09 04:26:02.982 I/wm_on_stop_called( 2573): [208887896,com.android.launcher3.uioverrides.QuickstepLauncher,STOP_ACTIVITY_ITEM]
02-09 04:26:02.988 I/wm_on_create_called( 4753): [53528801,com.android.music.VideoBrowserActivity,performCreate]
02-09 04:26:02.988 I/wm_on_start_called( 4753): [53528801,com.android.music.VideoBrowserActivity,handleStartActivity]
02-09 04:26:02.988 I/wm_on_resume_called( 4753): [53528801,com.android.music.VideoBrowserActivity,RESUME_ACTIVITY]
02-09 04:26:02.989 I/wm_on_top_resumed_gained_called( 4753): [53528801,com.android.music.VideoBrowserActivity,topStateChangedWhenResumed]
02-09 04:26:02.998 I/input_focus( 1240): [Focus request 55e248c com.android.music/com.android.music.VideoBrowserActivity,reason=UpdateInputWindows]
02-09 04:26:03.006 I/sysui_multi_action( 1240): [319,35,322,35,325,258,757,761,758,8,759,2,806,com.android.music,871,com.android.music.VideoBrowserActivity,904,android,905,0,1320,4,1321,1]
02-09 04:26:03.006 I/wm_activity_launch_time( 1240): [0,53528801,com.android.music/.VideoBrowserActivity,35]
02-09 04:26:03.012 I/input_focus( 1240): [Focus leaving a8bc864 com.android.gallery3d/com.android.gallery3d.app.GalleryActivity (server),reason=setFocusedWindow]
02-09 04:26:03.013 I/input_focus( 1240): [Focus entering 55e248c com.android.music/com.android.music.VideoBrowserActivity (server),reason=setFocusedWindow]
02-09 04:26:06.643 I/input_interaction( 1240): Interaction with: 55e248c com.android.music/com.android.music.VideoBrowserActivity (server), swipe-up (server), edge-swipe (server), PointerEventDispatcher0 (server),
02-09 04:26:06.807 I/wm_finish_activity( 1240): [0,53528801,73,com.android.music/.VideoBrowserActivity,finish-activity]
02-09 04:26:06.807 I/wm_task_moved( 1240): [72,1,8]
02-09 04:26:06.807 I/wm_task_to_front( 1240): [0,72]
02-09 04:26:06.811 I/wm_set_resumed_activity( 1240): [0,com.android.gallery3d/.app.GalleryActivity,positionChildAt]
02-09 04:26:06.811 I/wm_focused_root_task( 1240): [0,0,72,73,finish-top adjustFocusToNextFocusableTask]
02-09 04:26:06.811 I/wm_set_resumed_activity( 1240): [0,com.android.gallery3d/.app.GalleryActivity,finish-top]
02-09 04:26:06.816 I/wm_pause_activity( 1240): [0,53528801,com.android.music/.VideoBrowserActivity,userLeaving=false,finish]
02-09 04:26:06.822 I/input_focus( 1240): [Focus request a8bc864 com.android.gallery3d/com.android.gallery3d.app.GalleryActivity,reason=UpdateInputWindows]
02-09 04:26:06.823 I/wm_on_top_resumed_lost_called( 4753): [53528801,com.android.music.VideoBrowserActivity,topStateChangedWhenResumed]
02-09 04:26:06.823 I/wm_on_paused_called( 4753): [53528801,com.android.music.VideoBrowserActivity,performPause]
02-09 04:26:06.825 I/wm_destroy_activity( 1240): [0,53528801,73,com.android.music/.VideoBrowserActivity,finish-imm:completePausedLocked]
02-09 04:26:06.826 I/wm_on_top_resumed_gained_called( 3921): [208999710,com.android.gallery3d.app.GalleryActivity,topStateChangedWhenResumed]
02-09 04:26:06.840 I/wm_on_stop_called( 4753): [53528801,com.android.music.VideoBrowserActivity,LIFECYCLER_STOP_ACTIVITY]
02-09 04:26:06.840 I/input_focus( 1240): [Focus leaving 55e248c com.android.music/com.android.music.VideoBrowserActivity (server),reason=NO_WINDOW]
02-09 04:26:06.840 I/input_focus( 1240): [Focus entering a8bc864 com.android.gallery3d/com.android.gallery3d.app.GalleryActivity (server),reason=setFocusedWindow]
02-09 04:26:06.842 I/wm_on_destroy_called( 4753): [53528801,com.android.music.VideoBrowserActivity,performDestroy]
02-09 04:26:06.848 I/sysui_multi_action( 1240): [757,803,799,window_time_0,802,5]
02-09 04:26:06.849 I/sysui_multi_action( 1240): [757,803,799,window_time_0,802,0]
02-09 04:26:07.121 I/wm_task_removed( 1240): [73,removeChild:removeChild last r=ActivityRecord{330c8e1 u0 com.android.music/.VideoBrowserActivity t-1 f}} in t=Task{fb67248 #73 type=standard A=10088:android.task.video U=0 visible=false mode=freeform translucent=true sz=0}]
02-09 04:26:07.121 I/wm_task_removed( 1240): [73,removeChild]
02-09 04:26:07.866 I/input_interaction( 1240): Interaction with: a8bc864 com.android.gallery3d/com.android.gallery3d.app.GalleryActivity (server), swipe-up (server), edge-swipe (server), PointerEventDispatcher0 (server),
02-09 04:26:07.886 I/wm_task_moved( 1240): [60,0,0]
02-09 04:26:07.886 I/wm_task_moved( 1240): [60,0,6]
02-09 04:26:07.896 I/view_enqueue_input_event( 3921): [Motion - Cancel,com.android.gallery3d/com.android.gallery3d.app.GalleryActivity]
02-09 04:26:07.903 I/input_focus( 1240): [Focus request recents_animation_input_consumer,reason=UpdateInputWindows]
02-09 04:26:07.905 I/input_interaction( 1240): Interaction with: swipe-up (server), edge-swipe (server), PointerEventDispatcher0 (server),
02-09 04:26:07.911 I/wm_on_restart_called( 2573): [208887896,com.android.launcher3.uioverrides.QuickstepLauncher,performRestartActivity]
02-09 04:26:07.923 I/wm_on_start_called( 2573): [208887896,com.android.launcher3.uioverrides.QuickstepLauncher,handleStartActivity]
02-09 04:26:07.924 I/input_focus( 1240): [Focus leaving a8bc864 com.android.gallery3d/com.android.gallery3d.app.GalleryActivity (server),reason=NOT_FOCUSABLE]
02-09 04:26:07.924 I/input_focus( 1240): [Focus entering recents_animation_input_consumer (server),reason=setFocusedWindow]
02-09 04:26:07.932 I/sysui_latency( 2573): [1,65]
02-09 04:26:07.951 I/sysui_multi_action( 1240): [319,10,322,55,325,263,757,761,758,9,759,5,806,com.android.launcher3,871,com.android.launcher3.uioverrides.QuickstepLauncher,904,com.android.launcher3,905,0,1320,4,1321,1]
02-09 04:26:08.128 I/commit_sys_config_file( 1240): [settings-1-0,7]
02-09 04:26:08.243 I/sysui_latency( 1240): [8,70]
02-09 04:26:08.617 I/wm_task_moved( 1240): [60,1,7]
02-09 04:26:08.618 I/wm_on_top_resumed_lost_called( 3921): [208999710,com.android.gallery3d.app.GalleryActivity,topStateChangedWhenResumed]
02-09 04:26:08.619 I/wm_focused_root_task( 1240): [0,0,60,72,RecentsAnimation.onAnimationFinished()]
02-09 04:26:08.621 I/wm_pause_activity( 1240): [0,208999710,com.android.gallery3d/.app.GalleryActivity,userLeaving=false,pauseBackTasks]
02-09 04:26:08.624 I/wm_set_resumed_activity( 1240): [0,com.android.launcher3/.uioverrides.QuickstepLauncher,resumeTopActivityInnerLocked]
02-09 04:26:08.627 I/wm_resume_activity( 1240): [0,208887896,61,com.android.launcher3/.uioverrides.QuickstepLauncher]
02-09 04:26:08.627 I/wm_add_to_stopping( 1240): [0,208999710,com.android.gallery3d/.app.GalleryActivity,makeInvisible]
02-09 04:26:08.629 I/wm_on_resume_called( 2573): [208887896,com.android.launcher3.uioverrides.QuickstepLauncher,RESUME_ACTIVITY]
02-09 04:26:08.634 I/input_focus( 1240): [Focus request 65fe793 com.android.launcher3/com.android.launcher3.uioverrides.QuickstepLauncher,reason=UpdateInputWindows]
02-09 04:26:08.635 I/sysui_multi_action( 1240): [757,803,799,window_time_0,802,2]
02-09 04:26:08.643 I/input_focus( 1240): [Focus leaving recents_animation_input_consumer (server),reason=NOT_VISIBLE]
02-09 04:26:08.643 I/input_focus( 1240): [Focus entering 65fe793 com.android.launcher3/com.android.launcher3.uioverrides.QuickstepLauncher (server),reason=setFocusedWindow]
02-09 04:26:08.644 I/wm_stop_activity( 1240): [0,208999710,com.android.gallery3d/.app.GalleryActivity]
02-09 04:26:08.645 I/sysui_multi_action( 1240): [757,803,799,window_time_0,802,0]
02-09 04:26:08.650 I/wm_on_paused_called( 3921): [208999710,com.android.gallery3d.app.GalleryActivity,performPause]
02-09 04:26:08.653 I/wm_on_stop_called( 3921): [208999710,com.android.gallery3d.app.GalleryActivity,STOP_ACTIVITY_ITEM]
02-09 04:26:08.670 I/wm_on_top_resumed_gained_called( 2573): [208887896,com.android.launcher3.uioverrides.QuickstepLauncher,topStateChangedWhenResumed]
02-09 04:26:08.866 I/commit_sys_config_file( 1240): [settings-1-0,5]
02-09 04:26:10.593 I/input_interaction( 1240): Interaction with: 65fe793 com.android.launcher3/com.android.launcher3.uioverrides.QuickstepLauncher (server), f1cc593 com.android.systemui.ImageWallpaper (server), swipe-up (server), edge-swipe (server), PointerEventDispatcher0 (server),
02-09 04:26:10.718 I/wm_task_moved( 1240): [60,1,7]
02-09 04:26:10.718 I/wm_set_resumed_activity( 1240): [0,com.android.launcher3/.uioverrides.QuickstepLauncher,positionChildAt]
02-09 04:26:10.719 I/wm_task_moved( 1240): [62,1,7]
02-09 04:26:10.719 I/wm_task_to_front( 1240): [0,62]
02-09 04:26:10.720 I/wm_focused_root_task( 1240): [0,0,62,60,moveTaskToFront findTaskToMoveToFront]
02-09 04:26:10.721 I/wm_set_resumed_activity( 1240): [0,com.android.settings/.Settings,moveTaskToFront findTaskToMoveToFront]
02-09 04:26:10.723 I/wm_pause_activity( 1240): [0,208887896,com.android.launcher3/.uioverrides.QuickstepLauncher,userLeaving=true,pauseBackTasks]
02-09 04:26:10.730 I/wm_on_top_resumed_lost_called( 2573): [208887896,com.android.launcher3.uioverrides.QuickstepLauncher,topStateChangedWhenResumed]
02-09 04:26:10.733 I/wm_on_paused_called( 2573): [208887896,com.android.launcher3.uioverrides.QuickstepLauncher,performPause]
02-09 04:26:10.738 I/wm_set_resumed_activity( 1240): [0,com.android.settings/.Settings,resumeTopActivityInnerLocked]
02-09 04:26:10.738 I/wm_add_to_stopping( 1240): [0,208887896,com.android.launcher3/.uioverrides.QuickstepLauncher,makeInvisible]
02-09 04:26:10.740 I/wm_resume_activity( 1240): [0,171931013,62,com.android.settings/.Settings]
02-09 04:26:10.748 I/input_focus( 1240): [Focus leaving 65fe793 com.android.launcher3/com.android.launcher3.uioverrides.QuickstepLauncher (server),reason=NO_WINDOW]
02-09 04:26:10.756 I/wm_on_restart_called( 2418): [171931013,com.android.settings.Settings,performRestartActivity]
02-09 04:26:10.757 I/sysui_multi_action( 1240): [757,803,799,window_time_0,802,2]
02-09 04:26:10.759 I/wm_on_start_called( 2418): [171931013,com.android.settings.Settings,handleStartActivity]
02-09 04:26:10.759 I/snet_event_log( 2418): [120484087,-1,]
02-09 04:26:10.760 I/wm_on_resume_called( 2418): [171931013,com.android.settings.Settings,RESUME_ACTIVITY]
02-09 04:26:10.760 I/sysui_multi_action( 2418): [757,340,758,1,833,0,1089,0]
02-09 04:26:10.761 I/sysui_multi_action( 2418): [757,35,758,1,833,0,1089,0]
02-09 04:26:10.762 I/wm_on_top_resumed_gained_called( 2418): [171931013,com.android.settings.Settings,topWhenResuming]
02-09 04:26:10.774 I/input_focus( 1240): [Focus request da53d17 com.android.settings/com.android.settings.Settings,reason=UpdateInputWindows]
02-09 04:26:10.790 I/sysui_multi_action( 1240): [319,28,321,25,322,61,325,266,757,761,758,9,759,4,806,com.android.settings,871,com.android.settings.Settings,904,com.android.launcher3,905,0,1320,4,1321,1]
02-09 04:26:10.798 I/input_focus( 1240): [Focus entering da53d17 com.android.settings/com.android.settings.Settings (server),reason=setFocusedWindow]
02-09 04:26:11.101 I/wm_stop_activity( 1240): [0,208887896,com.android.launcher3/.uioverrides.QuickstepLauncher]
02-09 04:26:11.122 I/wm_on_stop_called( 2573): [208887896,com.android.launcher3.uioverrides.QuickstepLauncher,STOP_ACTIVITY_ITEM]
02-09 04:26:11.947 I/input_interaction( 1240): Interaction with: da53d17 com.android.settings/com.android.settings.Settings (server), swipe-up (server), edge-swipe (server), PointerEventDispatcher0 (server),
02-09 04:26:12.205 I/configuration_changed( 1240): 1073741824
02-09 04:26:12.230 I/wm_relaunch_resume_activity( 1240): [0,171931013,62,com.android.settings/.Settings]
02-09 04:26:12.230 I/wm_on_top_resumed_lost_called( 2418): [171931013,com.android.settings.Settings,pausing]
02-09 04:26:12.231 I/sysui_multi_action( 2418): [757,340,758,2,1089,1472]
02-09 04:26:12.232 I/sysui_multi_action( 2418): [757,35,758,2,1089,1472]
02-09 04:26:12.233 I/wm_on_paused_called( 2418): [171931013,com.android.settings.Settings,performPause]
02-09 04:26:12.237 I/wm_on_stop_called( 2418): [171931013,com.android.settings.Settings,handleRelaunchActivity]
02-09 04:26:12.241 I/wm_on_destroy_called( 2418): [171931013,com.android.settings.Settings,performDestroy]
02-09 04:26:12.259 I/sysui_multi_action( 1240): [324,1,757,1090,758,13,806,com.android.settings,871,com.android.settings.Settings,1091,1540]
02-09 04:26:12.265 I/wm_relaunch_activity( 1240): [0,208887896,61,com.android.launcher3/.uioverrides.QuickstepLauncher]
02-09 04:26:12.265 I/wm_add_to_stopping( 1240): [0,208887896,com.android.launcher3/.uioverrides.QuickstepLauncher,preloadRecents]
02-09 04:26:12.270 I/wm_on_destroy_called( 2573): [208887896,com.android.launcher3.uioverrides.QuickstepLauncher,performDestroy]
02-09 04:26:12.285 I/wm_on_create_called( 2418): [171931013,com.android.settings.Settings,performCreate]
02-09 04:26:12.310 I/wm_on_start_called( 2418): [171931013,com.android.settings.Settings,handleStartActivity]
02-09 04:26:12.310 I/snet_event_log( 2418): [120484087,-1,]
02-09 04:26:12.311 I/wm_on_resume_called( 2418): [171931013,com.android.settings.Settings,RESUME_ACTIVITY]
02-09 04:26:12.311 I/sysui_multi_action( 2418): [757,340,758,1,833,0,1089,48]
02-09 04:26:12.312 I/sysui_multi_action( 2418): [757,35,758,1,833,0,1089,14]
02-09 04:26:12.313 I/sysui_multi_action( 2418): [757,1729,758,4,854,isParalleledControllers:false,1089,15]
02-09 04:26:12.313 I/wm_on_top_resumed_gained_called( 2418): [171931013,com.android.settings.Settings,topWhenResuming]
02-09 04:26:12.321 I/wm_on_create_called( 2573): [208887896,com.android.launcher3.uioverrides.QuickstepLauncher,performCreate]
02-09 04:26:12.321 I/wm_on_start_called( 2573): [208887896,com.android.launcher3.uioverrides.QuickstepLauncher,handleStartActivity]
02-09 04:26:12.322 I/wm_on_resume_called( 2573): [208887896,com.android.launcher3.uioverrides.QuickstepLauncher,LIFECYCLER_RESUME_ACTIVITY]
02-09 04:26:12.325 I/wm_on_paused_called( 2573): [208887896,com.android.launcher3.uioverrides.QuickstepLauncher,performPause]
02-09 04:26:12.341 I/wm_stop_activity( 1240): [0,208887896,com.android.launcher3/.uioverrides.QuickstepLauncher]
02-09 04:26:12.344 I/wm_on_stop_called( 2573): [208887896,com.android.launcher3.uioverrides.QuickstepLauncher,STOP_ACTIVITY_ITEM]
02-09 04:26:12.368 I/input_focus( 1240): [Focus request 67ef807 com.android.settings/com.android.settings.Settings,reason=UpdateInputWindows]
02-09 04:26:12.407 I/commit_sys_config_file( 1240): [settings-1-0,1]
02-09 04:26:12.419 I/input_focus( 1240): [Focus entering 67ef807 com.android.settings/com.android.settings.Settings (server),reason=Window became focusable. Previous reason: NOT_VISIBLE]
02-09 04:26:13.163 I/input_interaction( 1240): Interaction with: 67ef807 com.android.settings/com.android.settings.Settings (server), swipe-up (server), edge-swipe (server), PointerEventDispatcher0 (server),
02-09 04:26:13.183 I/wm_task_moved( 1240): [60,0,0]
02-09 04:26:13.183 I/wm_task_moved( 1240): [60,0,6]
02-09 04:26:13.212 I/view_enqueue_input_event( 2418): [Motion - Cancel,com.android.settings/com.android.settings.Settings]
02-09 04:26:13.213 I/wm_on_restart_called( 2573): [208887896,com.android.launcher3.uioverrides.QuickstepLauncher,performRestartActivity]
02-09 04:26:13.214 I/input_focus( 1240): [Focus request recents_animation_input_consumer,reason=UpdateInputWindows]
02-09 04:26:13.216 I/input_interaction( 1240): Interaction with: swipe-up (server), edge-swipe (server), PointerEventDispatcher0 (server),
02-09 04:26:13.228 I/wm_on_start_called( 2573): [208887896,com.android.launcher3.uioverrides.QuickstepLauncher,handleStartActivity]
02-09 04:26:13.237 I/input_focus( 1240): [Focus leaving 67ef807 com.android.settings/com.android.settings.Settings (server),reason=NOT_FOCUSABLE]
02-09 04:26:13.237 I/input_focus( 1240): [Focus entering recents_animation_input_consumer (server),reason=setFocusedWindow]
02-09 04:26:13.241 I/sysui_latency( 2573): [1,79]
02-09 04:26:13.261 I/sysui_multi_action( 1240): [319,9,322,71,325,268,757,761,758,9,759,5,806,com.android.launcher3,871,com.android.launcher3.uioverrides.QuickstepLauncher,904,com.android.launcher3,905,0,1320,4,1321,1]
02-09 04:26:13.430 I/commit_sys_config_file( 1240): [settings-1-0,4]
02-09 04:26:13.557 I/sysui_latency( 1240): [8,86]
02-09 04:26:13.992 I/wm_task_moved( 1240): [60,1,7]
02-09 04:26:13.992 I/wm_focused_root_task( 1240): [0,0,60,62,RecentsAnimation.onAnimationFinished()]
02-09 04:26:13.994 I/wm_pause_activity( 1240): [0,171931013,com.android.settings/.Settings,userLeaving=false,pauseBackTasks]
02-09 04:26:13.996 I/wm_set_resumed_activity( 1240): [0,com.android.launcher3/.uioverrides.QuickstepLauncher,resumeTopActivityInnerLocked]
02-09 04:26:13.997 I/wm_resume_activity( 1240): [0,208887896,61,com.android.launcher3/.uioverrides.QuickstepLauncher]
02-09 04:26:13.997 I/wm_add_to_stopping( 1240): [0,171931013,com.android.settings/.Settings,makeInvisible]
02-09 04:26:13.998 I/wm_on_resume_called( 2573): [208887896,com.android.launcher3.uioverrides.QuickstepLauncher,RESUME_ACTIVITY]
02-09 04:26:14.003 I/input_focus( 1240): [Focus request 605802a com.android.launcher3/com.android.launcher3.uioverrides.QuickstepLauncher,reason=UpdateInputWindows]
02-09 04:26:14.005 I/sysui_multi_action( 1240): [757,803,799,window_time_0,802,3]
02-09 04:26:14.005 I/wm_on_top_resumed_lost_called( 2418): [171931013,com.android.settings.Settings,topStateChangedWhenResumed]
02-09 04:26:14.006 I/input_focus( 1240): [Focus leaving recents_animation_input_consumer (server),reason=NOT_VISIBLE]
02-09 04:26:14.008 I/sysui_multi_action( 2418): [757,340,758,2,1089,1696]
02-09 04:26:14.008 I/sysui_multi_action( 2418): [757,35,758,2,1089,1697]
02-09 04:26:14.008 I/wm_on_paused_called( 2418): [171931013,com.android.settings.Settings,performPause]
02-09 04:26:14.017 I/wm_stop_activity( 1240): [0,171931013,com.android.settings/.Settings]
02-09 04:26:14.018 I/sysui_multi_action( 1240): [757,803,799,window_time_0,802,0]
02-09 04:26:14.022 I/input_focus( 1240): [Focus entering 605802a com.android.launcher3/com.android.launcher3.uioverrides.QuickstepLauncher (server),reason=setFocusedWindow]
02-09 04:26:14.031 I/wm_on_stop_called( 2418): [171931013,com.android.settings.Settings,STOP_ACTIVITY_ITEM]
02-09 04:26:14.035 I/wm_on_top_resumed_gained_called( 2573): [208887896,com.android.launcher3.uioverrides.QuickstepLauncher,topStateChangedWhenResumed]
02-09 04:26:14.230 I/commit_sys_config_file( 1240): [settings-1-0,5]
02-09 04:26:15.735 I/input_interaction( 1240): Interaction with: 605802a com.android.launcher3/com.android.launcher3.uioverrides.QuickstepLauncher (server), f1cc593 com.android.systemui.ImageWallpaper (server), swipe-up (server), edge-swipe (server), PointerEventDispatcher0 (server),
02-09 04:26:16.871 I/wm_task_moved( 1240): [60,1,7]
02-09 04:26:16.871 I/wm_set_resumed_activity( 1240): [0,com.android.launcher3/.uioverrides.QuickstepLauncher,positionChildAt]
02-09 04:26:16.872 I/wm_task_moved( 1240): [72,1,7]
02-09 04:26:16.872 I/wm_task_to_front( 1240): [0,72]
02-09 04:26:16.872 I/wm_focused_root_task( 1240): [0,0,72,60,moveTaskToFront findTaskToMoveToFront]
02-09 04:26:16.873 I/wm_set_resumed_activity( 1240): [0,com.android.gallery3d/.app.GalleryActivity,moveTaskToFront findTaskToMoveToFront]
02-09 04:26:16.874 I/wm_pause_activity( 1240): [0,208887896,com.android.launcher3/.uioverrides.QuickstepLauncher,userLeaving=true,pauseBackTasks]
02-09 04:26:16.881 I/wm_on_top_resumed_lost_called( 2573): [208887896,com.android.launcher3.uioverrides.QuickstepLauncher,topStateChangedWhenResumed]
02-09 04:26:16.884 I/wm_on_paused_called( 2573): [208887896,com.android.launcher3.uioverrides.QuickstepLauncher,performPause]
02-09 04:26:16.886 I/wm_set_resumed_activity( 1240): [0,com.android.gallery3d/.app.GalleryActivity,resumeTopActivityInnerLocked]
02-09 04:26:16.886 I/wm_add_to_stopping( 1240): [0,208887896,com.android.launcher3/.uioverrides.QuickstepLauncher,makeInvisible]
02-09 04:26:16.887 I/wm_relaunch_resume_activity( 1240): [0,208999710,72,com.android.gallery3d/.app.GalleryActivity]
02-09 04:26:16.897 I/input_focus( 1240): [Focus leaving 605802a com.android.launcher3/com.android.launcher3.uioverrides.QuickstepLauncher (server),reason=NO_WINDOW]
02-09 04:26:16.898 I/sysui_multi_action( 1240): [757,803,799,window_time_0,802,3]
02-09 04:26:16.901 I/wm_on_destroy_called( 3921): [208999710,com.android.gallery3d.app.GalleryActivity,performDestroy]
02-09 04:26:16.913 I/wm_on_create_called( 3921): [208999710,com.android.gallery3d.app.GalleryActivity,performCreate]
02-09 04:26:16.915 I/wm_on_start_called( 3921): [208999710,com.android.gallery3d.app.GalleryActivity,handleStartActivity]
02-09 04:26:16.919 I/wm_on_resume_called( 3921): [208999710,com.android.gallery3d.app.GalleryActivity,RESUME_ACTIVITY]
02-09 04:26:16.919 I/wm_on_top_resumed_gained_called( 3921): [208999710,com.android.gallery3d.app.GalleryActivity,topWhenResuming]
02-09 04:26:16.934 I/input_focus( 1240): [Focus request d9e4e64 com.android.gallery3d/com.android.gallery3d.app.GalleryActivity,reason=UpdateInputWindows]
02-09 04:26:16.950 I/sysui_multi_action( 1240): [319,22,321,20,322,76,325,272,757,761,758,9,759,4,806,com.android.gallery3d,871,com.android.gallery3d.app.GalleryActivity,904,com.android.launcher3,905,0,1320,4,1321,1]
02-09 04:26:16.964 I/input_focus( 1240): [Focus entering d9e4e64 com.android.gallery3d/com.android.gallery3d.app.GalleryActivity (server),reason=setFocusedWindow]
02-09 04:26:17.248 I/wm_stop_activity( 1240): [0,208887896,com.android.launcher3/.uioverrides.QuickstepLauncher]
02-09 04:26:17.280 I/wm_on_stop_called( 2573): [208887896,com.android.launcher3.uioverrides.QuickstepLauncher,STOP_ACTIVITY_ITEM]
02-09 04:26:18.822 I/input_interaction( 1240): Interaction with: d9e4e64 com.android.gallery3d/com.android.gallery3d.app.GalleryActivity (server), swipe-up (server), edge-swipe (server), PointerEventDispatcher0 (server),
02-09 04:26:18.836 I/wm_task_moved( 1240): [60,0,0]
02-09 04:26:18.836 I/wm_task_moved( 1240): [60,0,6]
02-09 04:26:18.846 I/wm_on_restart_called( 2573): [208887896,com.android.launcher3.uioverrides.QuickstepLauncher,performRestartActivity]
02-09 04:26:18.868 I/wm_on_start_called( 2573): [208887896,com.android.launcher3.uioverrides.QuickstepLauncher,handleStartActivity]
02-09 04:26:18.913 I/sysui_multi_action( 1240): [319,13,322,70,325,274,757,761,758,9,759,5,806,com.android.launcher3,871,com.android.launcher3.uioverrides.QuickstepLauncher,904,com.android.launcher3,905,0,1320,4,1321,1]
02-09 04:26:18.956 I/view_enqueue_input_event( 3921): [Motion - Cancel,com.android.gallery3d/com.android.gallery3d.app.GalleryActivity]
02-09 04:26:18.961 I/sysui_latency( 2573): [1,58]
02-09 04:26:18.964 I/input_focus( 1240): [Focus request recents_animation_input_consumer,reason=UpdateInputWindows]
02-09 04:26:18.974 I/input_interaction( 1240): Interaction with: swipe-up (server), edge-swipe (server), PointerEventDispatcher0 (server),
02-09 04:26:18.984 I/input_focus( 1240): [Focus leaving d9e4e64 com.android.gallery3d/com.android.gallery3d.app.GalleryActivity (server),reason=NOT_FOCUSABLE]
02-09 04:26:18.985 I/input_focus( 1240): [Focus entering recents_animation_input_consumer (server),reason=setFocusedWindow]
02-09 04:26:19.070 I/commit_sys_config_file( 1240): [settings-1-0,5]
02-09 04:26:19.207 I/sysui_latency( 1240): [8,79]
02-09 04:26:19.709 I/wm_task_moved( 1240): [60,1,7]
02-09 04:26:19.715 I/wm_focused_root_task( 1240): [0,0,60,72,RecentsAnimation.onAnimationFinished()]
02-09 04:26:19.715 I/wm_on_top_resumed_lost_called( 3921): [208999710,com.android.gallery3d.app.GalleryActivity,topStateChangedWhenResumed]
02-09 04:26:19.716 I/wm_pause_activity( 1240): [0,208999710,com.android.gallery3d/.app.GalleryActivity,userLeaving=false,pauseBackTasks]
02-09 04:26:19.719 I/wm_set_resumed_activity( 1240): [0,com.android.launcher3/.uioverrides.QuickstepLauncher,resumeTopActivityInnerLocked]
02-09 04:26:19.720 I/wm_resume_activity( 1240): [0,208887896,61,com.android.launcher3/.uioverrides.QuickstepLauncher]
02-09 04:26:19.721 I/wm_add_to_stopping( 1240): [0,208999710,com.android.gallery3d/.app.GalleryActivity,makeInvisible]
02-09 04:26:19.722 I/wm_on_resume_called( 2573): [208887896,com.android.launcher3.uioverrides.QuickstepLauncher,RESUME_ACTIVITY]
02-09 04:26:19.731 I/input_focus( 1240): [Focus request 605802a com.android.launcher3/com.android.launcher3.uioverrides.QuickstepLauncher,reason=UpdateInputWindows]
02-09 04:26:19.732 I/sysui_multi_action( 1240): [757,803,799,window_time_0,802,3]
02-09 04:26:19.737 I/input_focus( 1240): [Focus leaving recents_animation_input_consumer (server),reason=NOT_VISIBLE]
02-09 04:26:19.743 I/wm_on_paused_called( 3921): [208999710,com.android.gallery3d.app.GalleryActivity,performPause]
02-09 04:26:19.743 I/wm_stop_activity( 1240): [0,208999710,com.android.gallery3d/.app.GalleryActivity]
02-09 04:26:19.747 I/sysui_multi_action( 1240): [757,803,799,window_time_0,802,0]
02-09 04:26:19.753 I/input_focus( 1240): [Focus entering 605802a com.android.launcher3/com.android.launcher3.uioverrides.QuickstepLauncher (server),reason=setFocusedWindow]
02-09 04:26:19.758 I/wm_on_stop_called( 3921): [208999710,com.android.gallery3d.app.GalleryActivity,STOP_ACTIVITY_ITEM]
02-09 04:26:19.769 I/wm_on_top_resumed_gained_called( 2573): [208887896,com.android.launcher3.uioverrides.QuickstepLauncher,topStateChangedWhenResumed]
02-09 04:26:19.966 I/commit_sys_config_file( 1240): [settings-1-0,5]
02-09 04:26:21.273 I/input_interaction( 1240): Interaction with: 605802a com.android.launcher3/com.android.launcher3.uioverrides.QuickstepLauncher (server), f1cc593 com.android.systemui.ImageWallpaper (server), swipe-up (server), edge-swipe (server), PointerEventDispatcher0 (server),
02-09 04:26:21.426 I/wm_task_moved( 1240): [60,1,7]
02-09 04:26:21.427 I/wm_set_resumed_activity( 1240): [0,com.android.launcher3/.uioverrides.QuickstepLauncher,positionChildAt]
02-09 04:26:21.427 I/wm_task_moved( 1240): [62,1,7]
02-09 04:26:21.427 I/wm_task_to_front( 1240): [0,62]
02-09 04:26:21.428 I/wm_focused_root_task( 1240): [0,0,62,60,moveTaskToFront findTaskToMoveToFront]
02-09 04:26:21.429 I/wm_set_resumed_activity( 1240): [0,com.android.settings/.Settings,moveTaskToFront findTaskToMoveToFront]
02-09 04:26:21.431 I/wm_pause_activity( 1240): [0,208887896,com.android.launcher3/.uioverrides.QuickstepLauncher,userLeaving=true,pauseBackTasks]
02-09 04:26:21.439 I/wm_on_top_resumed_lost_called( 2573): [208887896,com.android.launcher3.uioverrides.QuickstepLauncher,topStateChangedWhenResumed]
02-09 04:26:21.443 I/wm_on_paused_called( 2573): [208887896,com.android.launcher3.uioverrides.QuickstepLauncher,performPause]
02-09 04:26:21.450 I/wm_set_resumed_activity( 1240): [0,com.android.settings/.Settings,resumeTopActivityInnerLocked]
02-09 04:26:21.450 I/wm_add_to_stopping( 1240): [0,208887896,com.android.launcher3/.uioverrides.QuickstepLauncher,makeInvisible]
02-09 04:26:21.451 I/wm_resume_activity( 1240): [0,171931013,62,com.android.settings/.Settings]
02-09 04:26:21.466 I/wm_on_restart_called( 2418): [171931013,com.android.settings.Settings,performRestartActivity]
02-09 04:26:21.470 I/sysui_multi_action( 1240): [757,803,799,window_time_0,802,1]
02-09 04:26:21.475 I/wm_on_start_called( 2418): [171931013,com.android.settings.Settings,handleStartActivity]
02-09 04:26:21.475 I/snet_event_log( 2418): [120484087,-1,]
02-09 04:26:21.475 I/input_focus( 1240): [Focus leaving 605802a com.android.launcher3/com.android.launcher3.uioverrides.QuickstepLauncher (server),reason=NO_WINDOW]
02-09 04:26:21.475 I/wm_on_resume_called( 2418): [171931013,com.android.settings.Settings,RESUME_ACTIVITY]
02-09 04:26:21.476 I/sysui_multi_action( 2418): [757,340,758,1,833,0,1089,0]
02-09 04:26:21.476 I/sysui_multi_action( 2418): [757,35,758,1,833,0,1089,0]
02-09 04:26:21.478 I/wm_on_top_resumed_gained_called( 2418): [171931013,com.android.settings.Settings,topWhenResuming]
02-09 04:26:21.484 I/input_focus( 1240): [Focus request 67ef807 com.android.settings/com.android.settings.Settings,reason=UpdateInputWindows]
02-09 04:26:21.500 I/sysui_multi_action( 1240): [319,33,321,30,322,65,325,276,757,761,758,9,759,4,806,com.android.settings,871,com.android.settings.Settings,904,com.android.launcher3,905,0,1320,4,1321,1]
02-09 04:26:21.507 I/input_focus( 1240): [Focus entering 67ef807 com.android.settings/com.android.settings.Settings (server),reason=setFocusedWindow]
02-09 04:26:21.812 I/wm_stop_activity( 1240): [0,208887896,com.android.launcher3/.uioverrides.QuickstepLauncher]
02-09 04:26:21.844 I/wm_on_stop_called( 2573): [208887896,com.android.launcher3.uioverrides.QuickstepLauncher,STOP_ACTIVITY_ITEM]
02-09 04:26:22.706 I/input_interaction( 1240): Interaction with: 67ef807 com.android.settings/com.android.settings.Settings (server), swipe-up (server), edge-swipe (server), PointerEventDispatcher0 (server),
02-09 04:26:22.965 I/configuration_changed( 1240): 1073741824
02-09 04:26:22.997 I/wm_relaunch_resume_activity( 1240): [0,171931013,62,com.android.settings/.Settings]
02-09 04:26:22.997 I/wm_on_top_resumed_lost_called( 2418): [171931013,com.android.settings.Settings,pausing]
02-09 04:26:22.998 I/sysui_multi_action( 2418): [757,340,758,2,1089,1522]
02-09 04:26:23.002 I/sysui_multi_action( 2418): [757,35,758,2,1089,1525]
02-09 04:26:23.002 I/wm_on_paused_called( 2418): [171931013,com.android.settings.Settings,performPause]
02-09 04:26:23.005 I/wm_on_stop_called( 2418): [171931013,com.android.settings.Settings,handleRelaunchActivity]
02-09 04:26:23.008 I/wm_on_destroy_called( 2418): [171931013,com.android.settings.Settings,performDestroy]
02-09 04:26:23.028 I/sysui_multi_action( 1240): [324,1,757,1090,758,13,806,com.android.settings,871,com.android.settings.Settings,1091,1600]
02-09 04:26:23.030 I/wm_relaunch_activity( 1240): [0,208887896,61,com.android.launcher3/.uioverrides.QuickstepLauncher]
02-09 04:26:23.031 I/wm_add_to_stopping( 1240): [0,208887896,com.android.launcher3/.uioverrides.QuickstepLauncher,preloadRecents]
02-09 04:26:23.033 I/wm_on_destroy_called( 2573): [208887896,com.android.launcher3.uioverrides.QuickstepLauncher,performDestroy]
02-09 04:26:23.051 I/wm_on_create_called( 2418): [171931013,com.android.settings.Settings,performCreate]
02-09 04:26:23.074 I/wm_on_start_called( 2418): [171931013,com.android.settings.Settings,handleStartActivity]
02-09 04:26:23.074 I/snet_event_log( 2418): [120484087,-1,]
02-09 04:26:23.075 I/wm_on_resume_called( 2418): [171931013,com.android.settings.Settings,RESUME_ACTIVITY]
02-09 04:26:23.075 I/sysui_multi_action( 2418): [757,340,758,1,833,0,1089,40]
02-09 04:26:23.076 I/sysui_multi_action( 2418): [757,35,758,1,833,0,1089,14]
02-09 04:26:23.076 I/sysui_multi_action( 2418): [757,1729,758,4,854,isParalleledControllers:false,1089,15]
02-09 04:26:23.083 I/wm_on_top_resumed_gained_called( 2418): [171931013,com.android.settings.Settings,topWhenResuming]
02-09 04:26:23.087 I/wm_on_create_called( 2573): [208887896,com.android.launcher3.uioverrides.QuickstepLauncher,performCreate]
02-09 04:26:23.088 I/wm_on_start_called( 2573): [208887896,com.android.launcher3.uioverrides.QuickstepLauncher,handleStartActivity]
02-09 04:26:23.088 I/wm_on_resume_called( 2573): [208887896,com.android.launcher3.uioverrides.QuickstepLauncher,LIFECYCLER_RESUME_ACTIVITY]
02-09 04:26:23.093 I/wm_on_paused_called( 2573): [208887896,com.android.launcher3.uioverrides.QuickstepLauncher,performPause]
02-09 04:26:23.105 I/wm_stop_activity( 1240): [0,208887896,com.android.launcher3/.uioverrides.QuickstepLauncher]
02-09 04:26:23.107 I/wm_on_stop_called( 2573): [208887896,com.android.launcher3.uioverrides.QuickstepLauncher,STOP_ACTIVITY_ITEM]
02-09 04:26:23.132 I/input_focus( 1240): [Focus request 60be15f com.android.settings/com.android.settings.Settings,reason=UpdateInputWindows]
02-09 04:26:23.165 I/commit_sys_config_file( 1240): [settings-1-0,2]
02-09 04:26:23.179 I/input_focus( 1240): [Focus entering 60be15f com.android.settings/com.android.settings.Settings (server),reason=Window became focusable. Previous reason: NOT_VISIBLE]
02-09 04:26:24.252 I/input_interaction( 1240): Interaction with: 60be15f com.android.settings/com.android.settings.Settings (server), swipe-up (server), edge-swipe (server), PointerEventDispatcher0 (server),
02-09 04:26:24.271 I/wm_task_moved( 1240): [60,0,0]
02-09 04:26:24.271 I/wm_task_moved( 1240): [60,0,6]
02-09 04:26:24.292 I/view_enqueue_input_event( 2418): [Motion - Cancel,com.android.settings/com.android.settings.Settings]
02-09 04:26:24.293 I/wm_on_restart_called( 2573): [208887896,com.android.launcher3.uioverrides.QuickstepLauncher,performRestartActivity]
02-09 04:26:24.304 I/input_interaction( 1240): Interaction with: swipe-up (server), edge-swipe (server), PointerEventDispatcher0 (server),
02-09 04:26:24.317 I/wm_on_start_called( 2573): [208887896,com.android.launcher3.uioverrides.QuickstepLauncher,handleStartActivity]
02-09 04:26:24.318 I/input_focus( 1240): [Focus request recents_animation_input_consumer,reason=UpdateInputWindows]
02-09 04:26:24.327 I/sysui_latency( 2573): [1,75]
02-09 04:26:24.330 I/input_focus( 1240): [Focus leaving 60be15f com.android.settings/com.android.settings.Settings (server),reason=NOT_FOCUSABLE]
02-09 04:26:24.330 I/input_focus( 1240): [Focus entering recents_animation_input_consumer (server),reason=setFocusedWindow]
02-09 04:26:24.343 I/sysui_multi_action( 1240): [319,8,322,67,325,279,757,761,758,9,759,5,806,com.android.launcher3,871,com.android.launcher3.uioverrides.QuickstepLauncher,904,com.android.launcher3,905,0,1320,4,1321,1]
02-09 04:26:24.519 I/commit_sys_config_file( 1240): [settings-1-0,4]
02-09 04:26:24.639 I/sysui_latency( 1240): [8,82]
02-09 04:26:25.055 I/wm_task_moved( 1240): [60,1,7]
02-09 04:26:25.057 I/wm_focused_root_task( 1240): [0,0,60,62,RecentsAnimation.onAnimationFinished()]
02-09 04:26:25.058 I/wm_on_top_resumed_lost_called( 2418): [171931013,com.android.settings.Settings,topStateChangedWhenResumed]
02-09 04:26:25.060 I/wm_pause_activity( 1240): [0,171931013,com.android.settings/.Settings,userLeaving=false,pauseBackTasks]
02-09 04:26:25.063 I/wm_set_resumed_activity( 1240): [0,com.android.launcher3/.uioverrides.QuickstepLauncher,resumeTopActivityInnerLocked]
02-09 04:26:25.064 I/wm_resume_activity( 1240): [0,208887896,61,com.android.launcher3/.uioverrides.QuickstepLauncher]
02-09 04:26:25.065 I/wm_add_to_stopping( 1240): [0,171931013,com.android.settings/.Settings,makeInvisible]
02-09 04:26:25.065 I/wm_on_resume_called( 2573): [208887896,com.android.launcher3.uioverrides.QuickstepLauncher,RESUME_ACTIVITY]
02-09 04:26:25.073 I/input_focus( 1240): [Focus request f598cb0 com.android.launcher3/com.android.launcher3.uioverrides.QuickstepLauncher,reason=UpdateInputWindows]
02-09 04:26:25.077 I/sysui_multi_action( 1240): [757,803,799,window_time_0,802,4]
02-09 04:26:25.079 I/wm_stop_activity( 1240): [0,171931013,com.android.settings/.Settings]
02-09 04:26:25.080 I/sysui_multi_action( 2418): [757,340,758,2,1089,2004]
02-09 04:26:25.080 I/sysui_multi_action( 2418): [757,35,758,2,1089,2005]
02-09 04:26:25.081 I/wm_on_paused_called( 2418): [171931013,com.android.settings.Settings,performPause]
02-09 04:26:25.081 I/sysui_multi_action( 1240): [757,803,799,window_time_0,802,0]
02-09 04:26:25.083 I/input_focus( 1240): [Focus leaving recents_animation_input_consumer (server),reason=NOT_VISIBLE]
02-09 04:26:25.083 I/input_focus( 1240): [Focus entering f598cb0 com.android.launcher3/com.android.launcher3.uioverrides.QuickstepLauncher (server),reason=setFocusedWindow]
02-09 04:26:25.099 I/wm_on_stop_called( 2418): [171931013,com.android.settings.Settings,STOP_ACTIVITY_ITEM]
02-09 04:26:25.114 I/wm_on_top_resumed_gained_called( 2573): [208887896,com.android.launcher3.uioverrides.QuickstepLauncher,topStateChangedWhenResumed]
02-09 04:26:25.300 I/commit_sys_config_file( 1240): [settings-1-0,5]
02-09 04:26:25.708 I/input_interaction( 1240): Interaction with: f598cb0 com.android.launcher3/com.android.launcher3.uioverrides.QuickstepLauncher (server), f1cc593 com.android.systemui.ImageWallpaper (server), swipe-up (server), edge-swipe (server), PointerEventDispatcher0 (server),
02-09 04:26:25.832 I/wm_task_moved( 1240): [60,1,7]
02-09 04:26:25.832 I/wm_set_resumed_activity( 1240): [0,com.android.launcher3/.uioverrides.QuickstepLauncher,positionChildAt]
02-09 04:26:25.832 I/wm_task_moved( 1240): [72,1,7]
02-09 04:26:25.833 I/wm_task_to_front( 1240): [0,72]
02-09 04:26:25.833 I/wm_focused_root_task( 1240): [0,0,72,60,moveTaskToFront findTaskToMoveToFront]
02-09 04:26:25.834 I/wm_set_resumed_activity( 1240): [0,com.android.gallery3d/.app.GalleryActivity,moveTaskToFront findTaskToMoveToFront]
02-09 04:26:25.835 I/wm_pause_activity( 1240): [0,208887896,com.android.launcher3/.uioverrides.QuickstepLauncher,userLeaving=true,pauseBackTasks]
02-09 04:26:25.840 I/wm_on_top_resumed_lost_called( 2573): [208887896,com.android.launcher3.uioverrides.QuickstepLauncher,topStateChangedWhenResumed]
02-09 04:26:25.842 I/wm_on_paused_called( 2573): [208887896,com.android.launcher3.uioverrides.QuickstepLauncher,performPause]
02-09 04:26:25.846 I/wm_set_resumed_activity( 1240): [0,com.android.gallery3d/.app.GalleryActivity,resumeTopActivityInnerLocked]
02-09 04:26:25.847 I/wm_add_to_stopping( 1240): [0,208887896,com.android.launcher3/.uioverrides.QuickstepLauncher,makeInvisible]
02-09 04:26:25.848 I/wm_relaunch_resume_activity( 1240): [0,208999710,72,com.android.gallery3d/.app.GalleryActivity]
02-09 04:26:25.863 I/sysui_multi_action( 1240): [757,803,799,window_time_0,802,1]
02-09 04:26:25.864 I/wm_on_destroy_called( 3921): [208999710,com.android.gallery3d.app.GalleryActivity,performDestroy]
02-09 04:26:25.867 I/input_focus( 1240): [Focus leaving f598cb0 com.android.launcher3/com.android.launcher3.uioverrides.QuickstepLauncher (server),reason=NO_WINDOW]
02-09 04:26:25.883 I/wm_on_create_called( 3921): [208999710,com.android.gallery3d.app.GalleryActivity,performCreate]
02-09 04:26:25.884 I/wm_on_start_called( 3921): [208999710,com.android.gallery3d.app.GalleryActivity,handleStartActivity]
02-09 04:26:25.889 I/wm_on_resume_called( 3921): [208999710,com.android.gallery3d.app.GalleryActivity,RESUME_ACTIVITY]
02-09 04:26:25.889 I/wm_on_top_resumed_gained_called( 3921): [208999710,com.android.gallery3d.app.GalleryActivity,topWhenResuming]
02-09 04:26:25.899 I/input_focus( 1240): [Focus request 1df83e5 com.android.gallery3d/com.android.gallery3d.app.GalleryActivity,reason=UpdateInputWindows]
02-09 04:26:25.915 I/sysui_multi_action( 1240): [319,34,321,32,322,80,325,281,757,761,758,9,759,4,806,com.android.gallery3d,871,com.android.gallery3d.app.GalleryActivity,904,com.android.launcher3,905,0,1320,4,1321,1]
02-09 04:26:25.918 I/input_focus( 1240): [Focus entering 1df83e5 com.android.gallery3d/com.android.gallery3d.app.GalleryActivity (server),reason=setFocusedWindow]
02-09 04:26:26.219 I/wm_stop_activity( 1240): [0,208887896,com.android.launcher3/.uioverrides.QuickstepLauncher]
02-09 04:26:26.255 I/wm_on_stop_called( 2573): [208887896,com.android.launcher3.uioverrides.QuickstepLauncher,STOP_ACTIVITY_ITEM]
02-09 04:26:27.826 I/input_interaction( 1240): Interaction with: 1df83e5 com.android.gallery3d/com.android.gallery3d.app.GalleryActivity (server), swipe-up (server), edge-swipe (server), PointerEventDispatcher0 (server),
02-09 04:26:29.927 I/view_enqueue_input_event( 3921): [Motion - Cancel,com.android.gallery3d/com.android.gallery3d.app.GalleryActivity]
02-09 04:26:29.939 I/input_interaction( 1240): Interaction with: swipe-up (server), edge-swipe (server), PointerEventDispatcher0 (server),
02-09 04:26:29.970 I/sysui_multi_action( 1240): [757,128,758,5,759,8,793,59991,794,0,795,59991,796,1,806,com.android.music,857,Channel-music,858,2,947,0,1500,59908,1641,transport,1688,1,1745,1043716538]
02-09 04:26:29.970 I/notification_canceled( 1240): [0|com.android.music|1|null|10088,8,59991,59991,0,-1,-1,NULL]
02-09 04:26:29.986 I/notification_cancel_all( 1240): [1000,1240,com.android.music,0,0,0,20,NULL]
02-09 04:26:29.986 I/sysui_multi_action( 1240): [757,856,758,2,806,com.android.music,857,Channel-music,858,2]
02-09 04:26:29.994 I/notification_enqueue( 1240): [10080,2005,com.android.systemui,1,empty_media,0,Notification(channel=empty_media_style_id shortcut=null contentView=null vibrate=null sound=null defaults=0x0 flags=0x20 color=0x00000000 category=transport actions=4 vis=PRIVATE),0]
02-09 04:26:30.065 I/sysui_multi_action( 1240): [757,803,799,key_back_press,802,1]
02-09 04:26:30.068 I/input_interaction( 1240): Interaction with: 1df83e5 com.android.gallery3d/com.android.gallery3d.app.GalleryActivity (server), PointerEventDispatcher0 (server),
02-09 04:26:30.195 I/sysui_multi_action( 1240): [757,1501,758,1,793,202,794,0,795,202,796,1,797,empty_media,806,com.android.systemui,857,empty_media_style_id,858,4,947,0,1500,0,1641,transport,1688,1,1745,1043716538]
02-09 04:26:30.195 I/sysui_multi_action( 1240): [757,804,799,note_interruptive,801,0,802,1]
02-09 04:26:30.241 I/commit_sys_config_file( 1240): [notification-policy,274611]
02-09 04:26:32.515 I/input_interaction( 1240): Interaction with: 1df83e5 com.android.gallery3d/com.android.gallery3d.app.GalleryActivity (server), swipe-up (server), edge-swipe (server), PointerEventDispatcher0 (server),
02-09 04:26:34.116 I/view_enqueue_input_event( 3921): [Motion - Cancel,com.android.gallery3d/com.android.gallery3d.app.GalleryActivity]
02-09 04:26:34.129 I/input_interaction( 1240): Interaction with: swipe-up (server), edge-swipe (server), PointerEventDispatcher0 (server),
02-09 04:26:34.597 I/sysui_multi_action( 1240): [757,803,799,key_back_press,802,1]
02-09 04:26:34.599 I/input_interaction( 1240): Interaction with: 1df83e5 com.android.gallery3d/com.android.gallery3d.app.GalleryActivity (server), PointerEventDispatcher0 (server),
02-09 04:26:35.720 I/input_interaction( 1240): Interaction with: 1df83e5 com.android.gallery3d/com.android.gallery3d.app.GalleryActivity (server), swipe-up (server), edge-swipe (server), PointerEventDispatcher0 (server),
02-09 04:26:35.734 I/wm_task_moved( 1240): [60,0,0]
02-09 04:26:35.735 I/wm_task_moved( 1240): [60,0,6]
02-09 04:26:35.741 I/wm_on_restart_called( 2573): [208887896,com.android.launcher3.uioverrides.QuickstepLauncher,performRestartActivity]
02-09 04:26:35.767 I/wm_on_start_called( 2573): [208887896,com.android.launcher3.uioverrides.QuickstepLauncher,handleStartActivity]
02-09 04:26:35.768 I/view_enqueue_input_event( 3921): [Motion - Cancel,com.android.gallery3d/com.android.gallery3d.app.GalleryActivity]
02-09 04:26:35.770 I/input_focus( 1240): [Focus request recents_animation_input_consumer,reason=UpdateInputWindows]
02-09 04:26:35.772 I/input_interaction( 1240): Interaction with: swipe-up (server), edge-swipe (server), PointerEventDispatcher0 (server),
02-09 04:26:35.777 I/sysui_latency( 2573): [1,58]
02-09 04:26:35.791 I/input_focus( 1240): [Focus leaving 1df83e5 com.android.gallery3d/com.android.gallery3d.app.GalleryActivity (server),reason=NOT_FOCUSABLE]
02-09 04:26:35.791 I/input_focus( 1240): [Focus entering recents_animation_input_consumer (server),reason=setFocusedWindow]
02-09 04:26:35.794 I/sysui_multi_action( 1240): [319,11,322,50,325,291,757,761,758,9,759,5,806,com.android.launcher3,871,com.android.launcher3.uioverrides.QuickstepLauncher,904,com.android.launcher3,905,0,1320,4,1321,1]
02-09 04:26:35.970 I/commit_sys_config_file( 1240): [settings-1-0,4]
02-09 04:26:36.086 I/sysui_latency( 1240): [8,61]
02-09 04:26:36.559 I/wm_task_moved( 1240): [60,1,7]
02-09 04:26:36.560 I/wm_focused_root_task( 1240): [0,0,60,72,RecentsAnimation.onAnimationFinished()]
02-09 04:26:36.560 I/wm_on_top_resumed_lost_called( 3921): [208999710,com.android.gallery3d.app.GalleryActivity,topStateChangedWhenResumed]
02-09 04:26:36.564 I/wm_pause_activity( 1240): [0,208999710,com.android.gallery3d/.app.GalleryActivity,userLeaving=false,pauseBackTasks]
02-09 04:26:36.567 I/wm_set_resumed_activity( 1240): [0,com.android.launcher3/.uioverrides.QuickstepLauncher,resumeTopActivityInnerLocked]
02-09 04:26:36.568 I/wm_resume_activity( 1240): [0,208887896,61,com.android.launcher3/.uioverrides.QuickstepLauncher]
02-09 04:26:36.569 I/wm_add_to_stopping( 1240): [0,208999710,com.android.gallery3d/.app.GalleryActivity,makeInvisible]
02-09 04:26:36.570 I/wm_on_resume_called( 2573): [208887896,com.android.launcher3.uioverrides.QuickstepLauncher,RESUME_ACTIVITY]
02-09 04:26:36.577 I/input_focus( 1240): [Focus request f598cb0 com.android.launcher3/com.android.launcher3.uioverrides.QuickstepLauncher,reason=UpdateInputWindows]
02-09 04:26:36.578 I/sysui_multi_action( 1240): [757,803,799,window_time_0,802,10]
02-09 04:26:36.582 I/wm_stop_activity( 1240): [0,208999710,com.android.gallery3d/.app.GalleryActivity]
02-09 04:26:36.583 I/sysui_multi_action( 1240): [757,803,799,window_time_0,802,0]
02-09 04:26:36.596 I/input_focus( 1240): [Focus leaving recents_animation_input_consumer (server),reason=NOT_VISIBLE]
02-09 04:26:36.596 I/input_focus( 1240): [Focus entering f598cb0 com.android.launcher3/com.android.launcher3.uioverrides.QuickstepLauncher (server),reason=setFocusedWindow]
02-09 04:26:36.597 I/wm_on_paused_called( 3921): [208999710,com.android.gallery3d.app.GalleryActivity,performPause]
02-09 04:26:36.602 I/wm_on_stop_called( 3921): [208999710,com.android.gallery3d.app.GalleryActivity,STOP_ACTIVITY_ITEM]
02-09 04:26:36.624 I/wm_on_top_resumed_gained_called( 2573): [208887896,com.android.launcher3.uioverrides.QuickstepLauncher,topStateChangedWhenResumed]
02-09 04:26:36.813 I/commit_sys_config_file( 1240): [settings-1-0,4]
02-09 04:26:43.107 I/input_interaction( 1240): Interaction with: f598cb0 com.android.launcher3/com.android.launcher3.uioverrides.QuickstepLauncher (server), f1cc593 com.android.systemui.ImageWallpaper (server), swipe-up (server), edge-swipe (server), PointerEventDispatcher0 (server),
02-09 04:26:43.254 I/wm_task_moved( 1240): [60,1,7]
02-09 04:26:43.255 I/wm_set_resumed_activity( 1240): [0,com.android.launcher3/.uioverrides.QuickstepLauncher,positionChildAt]
02-09 04:26:43.255 I/wm_task_moved( 1240): [72,1,7]
02-09 04:26:43.256 I/wm_focused_root_task( 1240): [0,0,72,60,moveTaskToFront findTaskToMoveToFront]
02-09 04:26:43.257 I/wm_set_resumed_activity( 1240): [0,com.android.gallery3d/.app.GalleryActivity,moveTaskToFront findTaskToMoveToFront]
02-09 04:26:43.258 I/wm_set_resumed_activity( 1240): [0,com.android.gallery3d/.app.GalleryActivity,resumeTopActivityInnerLocked]
02-09 04:26:43.261 I/wm_resume_activity( 1240): [0,208999710,72,com.android.gallery3d/.app.GalleryActivity]
