02-09 05:06:33.237 W/View ( 2005): requestLayout() improperly called by android.widget.FrameLayout{1607d4e I.E...... ......ID 0,0-780,198 #2bc} during second layout pass: posting in next frame
02-09 05:06:33.237 W/View ( 2005): requestLayout() improperly called by com.android.systemui.statusbar.AlphaOptimizedImageView{bedb049 VFED..C.. ......ID 0,0-140,198} during second layout pass: posting in next frame
02-09 05:06:33.237 W/View ( 2005): requestLayout() improperly called by android.widget.FrameLayout{904d2d6 I.E...... ......ID 0,0-780,330 #2bc} during second layout pass: posting in next frame
02-09 05:06:33.237 W/View ( 2005): requestLayout() improperly called by com.android.systemui.statusbar.AlphaOptimizedImageView{a46de98 VFED..C.. ......ID 0,0-140,132} during second layout pass: posting in next frame
02-09 05:06:33.237 W/View ( 2005): requestLayout() improperly called by com.android.systemui.statusbar.AlphaOptimizedImageView{98f46f1 VFED..C.. ......ID 0,0-140,132} during second layout pass: posting in next frame
02-09 05:06:33.237 W/View ( 2005): requestLayout() improperly called by android.widget.FrameLayout{bc0edc1 I.E...... ......ID 0,0-780,198 #2bc} during second layout pass: posting in next frame
02-09 05:06:33.237 W/View ( 2005): requestLayout() improperly called by com.android.systemui.statusbar.AlphaOptimizedImageView{84e9ea8 VFED..C.. ......ID 0,0-140,84} during second layout pass: posting in next frame
02-09 05:06:33.253 W/View ( 2005): requestLayout() improperly called by android.widget.FrameLayout{1607d4e I.E...... ......ID 0,0-780,198 #2bc} during layout: running second layout pass
02-09 05:06:33.253 W/View ( 2005): requestLayout() improperly called by com.android.systemui.statusbar.AlphaOptimizedImageView{bedb049 VFED..C.. ......ID 0,0-140,198} during layout: running second layout pass
02-09 05:06:33.253 W/View ( 2005): requestLayout() improperly called by android.widget.FrameLayout{904d2d6 I.E...... ......ID 0,0-780,330 #2bc} during layout: running second layout pass
02-09 05:06:33.253 W/View ( 2005): requestLayout() improperly called by com.android.systemui.statusbar.AlphaOptimizedImageView{a46de98 VFED..C.. ......ID 0,0-140,132} during layout: running second layout pass
02-09 05:06:33.253 W/View ( 2005): requestLayout() improperly called by com.android.systemui.statusbar.AlphaOptimizedImageView{98f46f1 VFED..C.. ......ID 0,0-140,132} during layout: running second layout pass
02-09 05:06:33.253 W/View ( 2005): requestLayout() improperly called by android.widget.FrameLayout{bc0edc1 I.E...... ......ID 0,0-780,198 #2bc} during layout: running second layout pass
02-09 05:06:33.253 W/View ( 2005): requestLayout() improperly called by com.android.systemui.statusbar.AlphaOptimizedImageView{84e9ea8 VFED..C.. ......ID 0,0-140,84} during layout: running second layout pass
02-09 05:06:33.254 W/View ( 2005): requestLayout() improperly called by android.widget.FrameLayout{1607d4e I.E...... ......ID 0,0-780,198 #2bc} during second layout pass: posting in next frame
02-09 05:06:33.254 W/View ( 2005): requestLayout() improperly called by com.android.systemui.statusbar.AlphaOptimizedImageView{bedb049 VFED..C.. ......ID 0,0-140,198} during second layout pass: posting in next frame
02-09 05:06:33.254 W/View ( 2005): requestLayout() improperly called by android.widget.FrameLayout{904d2d6 I.E...... ......ID 0,0-780,330 #2bc} during second layout pass: posting in next frame
02-09 05:06:33.254 W/View ( 2005): requestLayout() improperly called by com.android.systemui.statusbar.AlphaOptimizedImageView{a46de98 VFED..C.. ......ID 0,0-140,132} during second layout pass: posting in next frame
02-09 05:06:33.254 W/View ( 2005): requestLayout() improperly called by com.android.systemui.statusbar.AlphaOptimizedImageView{98f46f1 VFED..C.. ......ID 0,0-140,132} during second layout pass: posting in next frame
02-09 05:06:33.254 W/View ( 2005): requestLayout() improperly called by android.widget.FrameLayout{bc0edc1 I.E...... ......ID 0,0-780,198 #2bc} during second layout pass: posting in next frame
02-09 05:06:33.254 W/View ( 2005): requestLayout() improperly called by com.android.systemui.statusbar.AlphaOptimizedImageView{84e9ea8 VFED..C.. ......ID 0,0-140,84} during second layout pass: posting in next frame
02-09 05:06:33.270 W/View ( 2005): requestLayout() improperly called by android.widget.FrameLayout{1607d4e I.E...... ......ID 0,0-780,198 #2bc} during layout: running second layout pass
02-09 05:06:33.270 W/View ( 2005): requestLayout() improperly called by com.android.systemui.statusbar.AlphaOptimizedImageView{bedb049 VFED..C.. ......ID 0,0-140,198} during layout: running second layout pass
02-09 05:06:33.270 W/View ( 2005): requestLayout() improperly called by android.widget.FrameLayout{904d2d6 I.E...... ......ID 0,0-780,330 #2bc} during layout: running second layout pass
02-09 05:06:33.270 W/View ( 2005): requestLayout() improperly called by com.android.systemui.statusbar.AlphaOptimizedImageView{a46de98 VFED..C.. ......ID 0,0-140,132} during layout: running second layout pass
02-09 05:06:33.270 W/View ( 2005): requestLayout() improperly called by com.android.systemui.statusbar.AlphaOptimizedImageView{98f46f1 VFED..C.. ......ID 0,0-140,132} during layout: running second layout pass
02-09 05:06:33.270 W/View ( 2005): requestLayout() improperly called by android.widget.FrameLayout{bc0edc1 I.E...... ......ID 0,0-780,198 #2bc} during layout: running second layout pass
02-09 05:06:33.270 W/View ( 2005): requestLayout() improperly called by com.android.systemui.statusbar.AlphaOptimizedImageView{84e9ea8 VFED..C.. ......ID 0,0-140,84} during layout: running second layout pass
02-09 05:06:33.270 W/View ( 2005): requestLayout() improperly called by android.widget.FrameLayout{1607d4e I.E...... ......ID 0,0-780,198 #2bc} during second layout pass: posting in next frame
02-09 05:06:33.271 W/View ( 2005): requestLayout() improperly called by com.android.systemui.statusbar.AlphaOptimizedImageView{bedb049 VFED..C.. ......ID 0,0-140,198} during second layout pass: posting in next frame
02-09 05:06:33.271 W/View ( 2005): requestLayout() improperly called by android.widget.FrameLayout{904d2d6 I.E...... ......ID 0,0-780,330 #2bc} during second layout pass: posting in next frame
02-09 05:06:33.271 W/View ( 2005): requestLayout() improperly called by com.android.systemui.statusbar.AlphaOptimizedImageView{a46de98 VFED..C.. ......ID 0,0-140,132} during second layout pass: posting in next frame
02-09 05:06:33.271 W/View ( 2005): requestLayout() improperly called by com.android.systemui.statusbar.AlphaOptimizedImageView{98f46f1 VFED..C.. ......ID 0,0-140,132} during second layout pass: posting in next frame
02-09 05:06:33.271 W/View ( 2005): requestLayout() improperly called by android.widget.FrameLayout{bc0edc1 I.E...... ......ID 0,0-780,198 #2bc} during second layout pass: posting in next frame
02-09 05:06:33.271 W/View ( 2005): requestLayout() improperly called by com.android.systemui.statusbar.AlphaOptimizedImageView{84e9ea8 VFED..C.. ......ID 0,0-140,84} during second layout pass: posting in next frame
02-09 05:06:33.287 W/View ( 2005): requestLayout() improperly called by android.widget.FrameLayout{1607d4e I.E...... ......ID 0,0-780,198 #2bc} during layout: running second layout pass
02-09 05:06:33.287 W/View ( 2005): requestLayout() improperly called by com.android.systemui.statusbar.AlphaOptimizedImageView{bedb049 VFED..C.. ......ID 0,0-140,198} during layout: running second layout pass
02-09 05:06:33.287 W/View ( 2005): requestLayout() improperly called by android.widget.FrameLayout{904d2d6 I.E...... ......ID 0,0-780,330 #2bc} during layout: running second layout pass
02-09 05:06:33.287 W/View ( 2005): requestLayout() improperly called by com.android.systemui.statusbar.AlphaOptimizedImageView{a46de98 VFED..C.. ......ID 0,0-140,132} during layout: running second layout pass
02-09 05:06:33.287 W/View ( 2005): requestLayout() improperly called by com.android.systemui.statusbar.AlphaOptimizedImageView{98f46f1 VFED..C.. ......ID 0,0-140,132} during layout: running second layout pass
02-09 05:06:33.287 W/View ( 2005): requestLayout() improperly called by android.widget.FrameLayout{bc0edc1 I.E...... ......ID 0,0-780,198 #2bc} during layout: running second layout pass
02-09 05:06:33.287 W/View ( 2005): requestLayout() improperly called by com.android.systemui.statusbar.AlphaOptimizedImageView{84e9ea8 VFED..C.. ......ID 0,0-140,84} during layout: running second layout pass
02-09 05:06:33.287 W/View ( 2005): requestLayout() improperly called by android.widget.FrameLayout{1607d4e I.E...... ......ID 0,0-780,198 #2bc} during second layout pass: posting in next frame
02-09 05:06:33.287 W/View ( 2005): requestLayout() improperly called by com.android.systemui.statusbar.AlphaOptimizedImageView{bedb049 VFED..C.. ......ID 0,0-140,198} during second layout pass: posting in next frame
02-09 05:06:33.287 W/View ( 2005): requestLayout() improperly called by android.widget.FrameLayout{904d2d6 I.E...... ......ID 0,0-780,330 #2bc} during second layout pass: posting in next frame
02-09 05:06:33.287 W/View ( 2005): requestLayout() improperly called by com.android.systemui.statusbar.AlphaOptimizedImageView{a46de98 VFED..C.. ......ID 0,0-140,132} during second layout pass: posting in next frame
02-09 05:06:33.287 W/View ( 2005): requestLayout() improperly called by com.android.systemui.statusbar.AlphaOptimizedImageView{98f46f1 VFED..C.. ......ID 0,0-140,132} during second layout pass: posting in next frame
02-09 05:06:33.287 W/View ( 2005): requestLayout() improperly called by android.widget.FrameLayout{bc0edc1 I.E...... ......ID 0,0-780,198 #2bc} during second layout pass: posting in next frame
02-09 05:06:33.287 W/View ( 2005): requestLayout() improperly called by com.android.systemui.statusbar.AlphaOptimizedImageView{84e9ea8 VFED..C.. ......ID 0,0-140,84} during second layout pass: posting in next frame
02-09 05:06:33.303 W/View ( 2005): requestLayout() improperly called by android.widget.FrameLayout{1607d4e I.E...... ......ID 0,0-780,198 #2bc} during layout: running second layout pass
02-09 05:06:33.303 W/View ( 2005): requestLayout() improperly called by com.android.systemui.statusbar.AlphaOptimizedImageView{bedb049 VFED..C.. ......ID 0,0-140,198} during layout: running second layout pass
02-09 05:06:33.303 W/View ( 2005): requestLayout() improperly called by android.widget.FrameLayout{904d2d6 I.E...... ......ID 0,0-780,330 #2bc} during layout: running second layout pass
02-09 05:06:33.303 W/View ( 2005): requestLayout() improperly called by com.android.systemui.statusbar.AlphaOptimizedImageView{a46de98 VFED..C.. ......ID 0,0-140,132} during layout: running second layout pass
02-09 05:06:33.303 W/View ( 2005): requestLayout() improperly called by com.android.systemui.statusbar.AlphaOptimizedImageView{98f46f1 VFED..C.. ......ID 0,0-140,132} during layout: running second layout pass
02-09 05:06:33.303 W/View ( 2005): requestLayout() improperly called by android.widget.FrameLayout{bc0edc1 I.E...... ......ID 0,0-780,198 #2bc} during layout: running second layout pass
02-09 05:06:33.303 W/View ( 2005): requestLayout() improperly called by com.android.systemui.statusbar.AlphaOptimizedImageView{84e9ea8 VFED..C.. ......ID 0,0-140,84} during layout: running second layout pass
02-09 05:06:33.499 I/input_interaction( 1240): Interaction with: 30cf221 com.android.systemui/com.android.systemui.screenrecord.ScreenRecordDialog (server), swipe-up (server), edge-swipe (server), PointerEventDispatcher0 (server),
01-04 09:35:08.961 E/DTC_ETH,link_delay_work_func( 0): 3003, SQI=0, link=0
02-09 05:06:33.635 I/wm_finish_activity( 1240): [0,231327598,101,com.android.systemui/.screenrecord.ScreenRecordDialog,app-request]
02-09 05:06:33.635 I/wm_task_moved( 1240): [60,1,6]
02-09 05:06:33.636 I/wm_task_moved( 1240): [61,1,2147483647]
02-09 05:06:33.636 I/wm_task_to_front( 1240): [0,61]
02-09 05:06:33.636 I/wm_focused_root_task( 1240): [0,0,60,-1,finish-top adjustFocusToNextFocusableTask]
02-09 05:06:33.639 D/ActivityTrigger( 1240): ActivityTrigger activityPauseTrigger
02-09 05:06:33.639 I/wm_pause_activity( 1240): [0,231327598,com.android.systemui/.screenrecord.ScreenRecordDialog,userLeaving=false,finish]
02-09 05:06:33.641 I/input_focus( 1240): [Focus request 1abb98b com.android.launcher3/com.android.launcher3.uioverrides.QuickstepLauncher,reason=UpdateInputWindows]
02-09 05:06:33.643 I/wm_on_top_resumed_lost_called( 2005): [231327598,com.android.systemui.screenrecord.ScreenRecordDialog,topStateChangedWhenResumed]
02-09 05:06:33.644 I/wm_on_paused_called( 2005): [231327598,com.android.systemui.screenrecord.ScreenRecordDialog,performPause]
02-09 05:06:33.645 I/ActivityTaskManager( 1240): FOREGROUND_APPLICATION_CHANGED to com.android.launcher3.uioverrides.QuickstepLauncher
02-09 05:06:33.645 I/wm_set_resumed_activity( 1240): [0,com.android.launcher3/.uioverrides.QuickstepLauncher,resumeTopActivityInnerLocked]
02-09 05:06:33.647 I/wm_resume_activity( 1240): [0,208887896,61,com.android.launcher3/.uioverrides.QuickstepLauncher]
02-09 05:06:33.647 I/wm_on_resume_called( 6009): [208887896,com.android.launcher3.uioverrides.QuickstepLauncher,RESUME_ACTIVITY]
02-09 05:06:33.647 I/wm_on_top_resumed_gained_called( 6009): [208887896,com.android.launcher3.uioverrides.QuickstepLauncher,topWhenResuming]
02-09 05:06:33.652 I/sysui_multi_action( 1240): [757,803,799,window_time_0,802,2]
02-09 05:06:33.656 W/View ( 2005): requestLayout() improperly called by android.widget.FrameLayout{1607d4e I.E...... ......ID 0,0-780,198 #2bc} during second layout pass: posting in next frame
02-09 05:06:33.656 W/View ( 2005): requestLayout() improperly called by com.android.systemui.statusbar.AlphaOptimizedImageView{bedb049 VFED..C.. ......ID 0,0-140,198} during second layout pass: posting in next frame
02-09 05:06:33.656 W/View ( 2005): requestLayout() improperly called by android.widget.FrameLayout{904d2d6 I.E...... ......ID 0,0-780,330 #2bc} during second layout pass: posting in next frame
02-09 05:06:33.656 W/View ( 2005): requestLayout() improperly called by com.android.systemui.statusbar.AlphaOptimizedImageView{a46de98 VFED..C.. ......ID 0,0-140,132} during second layout pass: posting in next frame
02-09 05:06:33.656 W/View ( 2005): requestLayout() improperly called by com.android.systemui.statusbar.AlphaOptimizedImageView{98f46f1 VFED..C.. ......ID 0,0-140,132} during second layout pass: posting in next frame
02-09 05:06:33.656 W/View ( 2005): requestLayout() improperly called by android.widget.FrameLayout{bc0edc1 I.E...... ......ID 0,0-780,198 #2bc} during second layout pass: posting in next frame
02-09 05:06:33.656 W/View ( 2005): requestLayout() improperly called by com.android.systemui.statusbar.AlphaOptimizedImageView{84e9ea8 VFED..C.. ......ID 0,0-140,84} during second layout pass: posting in next frame
02-09 05:06:33.656 I/input_focus( 1240): [Focus leaving 30cf221 com.android.systemui/com.android.systemui.screenrecord.ScreenRecordDialog (server),reason=NO_WINDOW]
02-09 05:06:33.656 I/input_focus( 1240): [Focus entering 1abb98b com.android.launcher3/com.android.launcher3.uioverrides.QuickstepLauncher (server),reason=setFocusedWindow]
02-09 05:06:33.659 I/wm_destroy_activity( 1240): [0,231327598,101,com.android.systemui/.screenrecord.ScreenRecordDialog,finish-idle]
02-09 05:06:33.671 W/View ( 2005): requestLayout() improperly called by android.widget.FrameLayout{1607d4e I.E...... ......ID 0,0-780,198 #2bc} during layout: running second layout pass
02-09 05:06:33.671 W/View ( 2005): requestLayout() improperly called by com.android.systemui.statusbar.AlphaOptimizedImageView{bedb049 VFED..C.. ......ID 0,0-140,198} during layout: running second layout pass
02-09 05:06:33.671 W/View ( 2005): requestLayout() improperly called by android.widget.FrameLayout{904d2d6 I.E...... ......ID 0,0-780,330 #2bc} during layout: running second layout pass
02-09 05:06:33.671 W/View ( 2005): requestLayout() improperly called by com.android.systemui.statusbar.AlphaOptimizedImageView{a46de98 VFED..C.. ......ID 0,0-140,132} during layout: running second layout pass
02-09 05:06:33.671 W/View ( 2005): requestLayout() improperly called by com.android.systemui.statusbar.AlphaOptimizedImageView{98f46f1 VFED..C.. ......ID 0,0-140,132} during layout: running second layout pass
02-09 05:06:33.671 W/View ( 2005): requestLayout() improperly called by android.widget.FrameLayout{bc0edc1 I.E...... ......ID 0,0-780,198 #2bc} during layout: running second layout pass
02-09 05:06:33.671 W/View ( 2005): requestLayout() improperly called by com.android.systemui.statusbar.AlphaOptimizedImageView{84e9ea8 VFED..C.. ......ID 0,0-140,84} during layout: running second layout pass
02-09 05:06:33.672 I/wm_on_stop_called( 2005): [231327598,com.android.systemui.screenrecord.ScreenRecordDialog,LIFECYCLER_STOP_ACTIVITY]
02-09 05:06:33.672 I/wm_on_destroy_called( 2005): [231327598,com.android.systemui.screenrecord.ScreenRecordDialog,performDestroy]
02-09 05:06:33.673 W/InputManager-JNI( 1240): Input channel object '30cf221 com.android.systemui/com.android.systemui.screenrecord.ScreenRecordDialog (client)' was disposed without first being removed with the input manager!
02-09 05:06:33.687 W/View ( 2005): requestLayout() improperly called by android.widget.FrameLayout{1607d4e I.E...... ......ID 0,0-780,198 #2bc} during second layout pass: posting in next frame
02-09 05:06:33.687 W/View ( 2005): requestLayout() improperly called by com.android.systemui.statusbar.AlphaOptimizedImageView{bedb049 VFED..C.. ......ID 0,0-140,198} during second layout pass: posting in next frame
02-09 05:06:33.687 W/View ( 2005): requestLayout() improperly called by android.widget.FrameLayout{904d2d6 I.E...... ......ID 0,0-780,330 #2bc} during second layout pass: posting in next frame
02-09 05:06:33.687 W/View ( 2005): requestLayout() improperly called by com.android.systemui.statusbar.AlphaOptimizedImageView{a46de98 VFED..C.. ......ID 0,0-140,132} during second layout pass: posting in next frame
02-09 05:06:33.687 W/View ( 2005): requestLayout() improperly called by com.android.systemui.statusbar.AlphaOptimizedImageView{98f46f1 VFED..C.. ......ID 0,0-140,132} during second layout pass: posting in next frame
02-09 05:06:33.687 W/View ( 2005): requestLayout() improperly called by android.widget.FrameLayout{bc0edc1 I.E...... ......ID 0,0-780,198 #2bc} during second layout pass: posting in next frame
02-09 05:06:33.687 W/View ( 2005): requestLayout() improperly called by com.android.systemui.statusbar.AlphaOptimizedImageView{84e9ea8 VFED..C.. ......ID 0,0-140,84} during second layout pass: posting in next frame
02-09 05:06:33.704 W/View ( 2005): requestLayout() improperly called by android.widget.FrameLayout{1607d4e I.E...... ......ID 0,0-780,198 #2bc} during layout: running second layout pass
02-09 05:06:33.704 W/View ( 2005): requestLayout() improperly called by com.android.systemui.statusbar.AlphaOptimizedImageView{bedb049 VFED..C.. ......ID 0,0-140,198} during layout: running second layout pass
02-09 05:06:33.704 W/View ( 2005): requestLayout() improperly called by android.widget.FrameLayout{904d2d6 I.E...... ......ID 0,0-780,330 #2bc} during layout: running second layout pass
02-09 05:06:33.704 W/View ( 2005): requestLayout() improperly called by com.android.systemui.statusbar.AlphaOptimizedImageView{a46de98 VFED..C.. ......ID 0,0-140,132} during layout: running second layout pass
02-09 05:06:33.704 W/View ( 2005): requestLayout() improperly called by com.android.systemui.statusbar.AlphaOptimizedImageView{98f46f1 VFED..C.. ......ID 0,0-140,132} during layout: running second layout pass
02-09 05:06:33.704 W/View ( 2005): requestLayout() improperly called by android.widget.FrameLayout{bc0edc1 I.E...... ......ID 0,0-780,198 #2bc} during layout: running second layout pass
02-09 05:06:33.704 W/View ( 2005): requestLayout() improperly called by com.android.systemui.statusbar.AlphaOptimizedImageView{84e9ea8 VFED..C.. ......ID 0,0-140,84} during layout: running second layout pass
02-09 05:06:33.705 W/View ( 2005): requestLayout() improperly called by android.widget.FrameLayout{1607d4e I.E...... ......ID 0,0-780,198 #2bc} during second layout pass: posting in next frame
02-09 05:06:33.705 W/View ( 2005): requestLayout() improperly called by com.android.systemui.statusbar.AlphaOptimizedImageView{bedb049 VFED..C.. ......ID 0,0-140,198} during second layout pass: posting in next frame
02-09 05:06:33.705 W/View ( 2005): requestLayout() improperly called by android.widget.FrameLayout{904d2d6 I.E...... ......ID 0,0-780,330 #2bc} during second layout pass: posting in next frame
02-09 05:06:33.705 W/View ( 2005): requestLayout() improperly called by com.android.systemui.statusbar.AlphaOptimizedImageView{a46de98 VFED..C.. ......ID 0,0-140,132} during second layout pass: posting in next frame
02-09 05:06:33.705 W/View ( 2005): requestLayout() improperly called by com.android.systemui.statusbar.AlphaOptimizedImageView{98f46f1 VFED..C.. ......ID 0,0-140,132} during second layout pass: posting in next frame
02-09 05:06:33.705 W/View ( 2005): requestLayout() improperly called by android.widget.FrameLayout{bc0edc1 I.E...... ......ID 0,0-780,198 #2bc} during second layout pass: posting in next frame
02-09 05:06:33.705 W/View ( 2005): requestLayout() improperly called by com.android.systemui.statusbar.AlphaOptimizedImageView{84e9ea8 VFED..C.. ......ID 0,0-140,84} during second layout pass: posting in next frame
02-09 05:06:33.720 W/View ( 2005): requestLayout() improperly called by android.widget.FrameLayout{1607d4e I.E...... ......ID 0,0-780,198 #2bc} during layout: running second layout pass
02-09 05:06:33.720 W/View ( 2005): requestLayout() improperly called by com.android.systemui.statusbar.AlphaOptimizedImageView{bedb049 VFED..C.. ......ID 0,0-140,198} during layout: running second layout pass
02-09 05:06:33.720 W/View ( 2005): requestLayout() improperly called by android.widget.FrameLayout{904d2d6 I.E...... ......ID 0,0-780,330 #2bc} during layout: running second layout pass
02-09 05:06:33.720 W/View ( 2005): requestLayout() improperly called by com.android.systemui.statusbar.AlphaOptimizedImageView{a46de98 VFED..C.. ......ID 0,0-140,132} during layout: running second layout pass
02-09 05:06:33.721 W/View ( 2005): requestLayout() improperly called by com.android.systemui.statusbar.AlphaOptimizedImageView{98f46f1 VFED..C.. ......ID 0,0-140,132} during layout: running second layout pass
02-09 05:06:33.721 W/View ( 2005): requestLayout() improperly called by android.widget.FrameLayout{bc0edc1 I.E...... ......ID 0,0-780,198 #2bc} during layout: running second layout pass
02-09 05:06:33.721 W/View ( 2005): requestLayout() improperly called by com.android.systemui.statusbar.AlphaOptimizedImageView{84e9ea8 VFED..C.. ......ID 0,0-140,84} during layout: running second layout pass
02-09 05:06:33.721 W/View ( 2005): requestLayout() improperly called by android.widget.FrameLayout{1607d4e I.E...... ......ID 0,0-780,198 #2bc} during second layout pass: posting in next frame
02-09 05:06:33.721 W/View ( 2005): requestLayout() improperly called by com.android.systemui.statusbar.AlphaOptimizedImageView{bedb049 VFED..C.. ......ID 0,0-140,198} during second layout pass: posting in next frame
02-09 05:06:33.721 W/View ( 2005): requestLayout() improperly called by android.widget.FrameLayout{904d2d6 I.E...... ......ID 0,0-780,330 #2bc} during second layout pass: posting in next frame
02-09 05:06:33.721 W/View ( 2005): requestLayout() improperly called by com.android.systemui.statusbar.AlphaOptimizedImageView{a46de98 VFED..C.. ......ID 0,0-140,132} during second layout pass: posting in next frame
02-09 05:06:33.721 W/View ( 2005): requestLayout() improperly called by com.android.systemui.statusbar.AlphaOptimizedImageView{98f46f1 VFED..C.. ......ID 0,0-140,132} during second layout pass: posting in next frame
02-09 05:06:33.721 W/View ( 2005): requestLayout() improperly called by android.widget.FrameLayout{bc0edc1 I.E...... ......ID 0,0-780,198 #2bc} during second layout pass: posting in next frame
02-09 05:06:33.721 W/View ( 2005): requestLayout() improperly called by com.android.systemui.statusbar.AlphaOptimizedImageView{84e9ea8 VFED..C.. ......ID 0,0-140,84} during second layout pass: posting in next frame
02-09 05:06:33.737 W/View ( 2005): requestLayout() improperly called by android.widget.FrameLayout{1607d4e I.E...... ......ID 0,0-780,198 #2bc} during layout: running second layout pass
02-09 05:06:33.737 W/View ( 2005): requestLayout() improperly called by com.android.systemui.statusbar.AlphaOptimizedImageView{bedb049 VFED..C.. ......ID 0,0-140,198} during layout: running second layout pass
02-09 05:06:33.737 W/View ( 2005): requestLayout() improperly called by android.widget.FrameLayout{904d2d6 I.E...... ......ID 0,0-780,330 #2bc} during layout: running second layout pass
02-09 05:06:33.737 W/View ( 2005): requestLayout() improperly called by com.android.systemui.statusbar.AlphaOptimizedImageView{a46de98 VFED..C.. ......ID 0,0-140,132} during layout: running second layout pass
02-09 05:06:33.737 W/View ( 2005): requestLayout() improperly called by com.android.systemui.statusbar.AlphaOptimizedImageView{98f46f1 VFED..C.. ......ID 0,0-140,132} during layout: running second layout pass
02-09 05:06:33.737 W/View ( 2005): requestLayout() improperly called by android.widget.FrameLayout{bc0edc1 I.E...... ......ID 0,0-780,198 #2bc} during layout: running second layout pass
02-09 05:06:33.737 W/View ( 2005): requestLayout() improperly called by com.android.systemui.statusbar.AlphaOptimizedImageView{84e9ea8 VFED..C.. ......ID 0,0-140,84} during layout: running second layout pass
02-09 05:06:33.738 W/View ( 2005): requestLayout() improperly called by android.widget.FrameLayout{1607d4e I.E...... ......ID 0,0-780,198 #2bc} during second layout pass: posting in next frame
02-09 05:06:33.738 W/View ( 2005): requestLayout() improperly called by com.android.systemui.statusbar.AlphaOptimizedImageView{bedb049 VFED..C.. ......ID 0,0-140,198} during second layout pass: posting in next frame
02-09 05:06:33.738 W/View ( 2005): requestLayout() improperly called by android.widget.FrameLayout{904d2d6 I.E...... ......ID 0,0-780,330 #2bc} during second layout pass: posting in next frame
02-09 05:06:33.738 W/View ( 2005): requestLayout() improperly called by com.android.systemui.statusbar.AlphaOptimizedImageView{a46de98 VFED..C.. ......ID 0,0-140,132} during second layout pass: posting in next frame
02-09 05:06:33.738 W/View ( 2005): requestLayout() improperly called by com.android.systemui.statusbar.AlphaOptimizedImageView{98f46f1 VFED..C.. ......ID 0,0-140,132} during second layout pass: posting in next frame
02-09 05:06:33.738 W/View ( 2005): requestLayout() improperly called by android.widget.FrameLayout{bc0edc1 I.E...... ......ID 0,0-780,198 #2bc} during second layout pass: posting in next frame
02-09 05:06:33.738 W/View ( 2005): requestLayout() improperly called by com.android.systemui.statusbar.AlphaOptimizedImageView{84e9ea8 VFED..C.. ......ID 0,0-140,84} during second layout pass: posting in next frame
02-09 05:06:33.747 I/GameMode_ActivityMonitoringService( 2082): onTaskStackChanged
02-09 05:06:33.749 I/GameMode_ActivityMonitoringService( 2082): Updating top task to: TaskInfoContainer [topActivity=ComponentInfo{com.android.launcher3/com.android.launcher3.uioverrides.QuickstepLauncher}, taskId=61, stackId=60, userId=0, displayId=0, position=6
02-09 05:06:33.749 I/GameMode_ActivityMonitoringService( 2082): Notifying about top task: TaskInfoContainer [topActivity=ComponentInfo{com.android.launcher3/com.android.launcher3.uioverrides.QuickstepLauncher}, taskId=61, stackId=60, userId=0, displayId=0, position=6
02-09 05:06:33.749 I/GameMode_ActivityMonitoringService( 2082): WindowMode: 1
02-09 05:06:33.749 E/GameMode_ActivityMonitoringService( 2082): onActivityLaunch:com.android.launcher3
02-09 05:06:33.749 V/GameMode_GameTypeUtils( 2082): judge isGame:com.android.launcher3
02-09 05:06:33.749 V/GameMode_GpuUtils( 2082): fps:60
02-09 05:06:33.749 D/GameMode_GameModeActionUtils( 2082): Show GameMode entry by service!
02-09 05:06:33.749 W/ContextImpl( 2082): Calling a method in the system process without a qualified user: android.app.ContextImpl.startService:1816 android.content.ContextWrapper.startService:774 com.thundercomm.gamemode.ingame.services.GameModeActionUtils.startGameModeService:111 com.thundercomm.gamemode.ingame.services.GameModeActionUtils.startGameModeEntry:22 com.thundercomm.gamemode.ingame.services.ActivityMonitoringService$1.onActivityLaunch:139
02-09 05:06:33.750 D/GameModeIF_GameModeSettings( 2082): getUriFor setting_content_uri_root = content://com.thundercomm.gamemode.api/gamemode_settings , name = gamemode_isgaming
02-09 05:06:33.750 D/GameMode_GameModeService( 2082): type=hide_entry
02-09 05:06:33.751 I/GameModeConfig( 1240): Current uri is uri = content://com.thundercomm.gamemode.api/gamemode_settings/gamemode_isgaming
02-09 05:06:33.751 D/GameModeIF_GameModeSettings( 1240): getUriFor setting_content_uri_root = content://com.thundercomm.gamemode.api/gamemode_settings , name = gamemode_isgaming
02-09 05:06:33.751 D/GameMode_GameSettingsObserver( 2082): Game Data change!!!! uri = content://com.thundercomm.gamemode.api/gamemode_settings/gamemode_isgaming
02-09 05:06:33.751 D/GameModeIF_GameModeSettings( 2082): getUriFor setting_content_uri_root = content://com.thundercomm.gamemode.api/gamemode_settings , name = gamemode_isgaming
02-09 05:06:33.751 D/GameModeIF_GameModeSettings( 2082): gamemode_isgaming set to 0
02-09 05:06:33.751 I/GameMode_ActivityMonitoringService( 2082): [Perf]-lastSession=
02-09 05:06:33.751 D/GameModeIF_GameModeSettings( 2082): getUriFor setting_content_uri_root = content://com.thundercomm.gamemode.api/gamemode_settings , name = gamemode_enable
02-09 05:06:33.751 I/GameModeConfig( 1240): isGameModeOn = false
02-09 05:06:33.751 D/GameMode_GameModeService( 2082): updateGlobalSettings = gamemode_isgaming
02-09 05:06:33.752 I/GameModeConfig( 1240): isGameModeOn = false
02-09 05:06:33.752 I/GameModeConfig( 1240): isDisableVoice = true
02-09 05:06:33.754 W/View ( 2005): requestLayout() improperly called by android.widget.FrameLayout{1607d4e I.E...... ......ID 0,0-780,198 #2bc} during layout: running second layout pass
02-09 05:06:33.754 W/View ( 2005): requestLayout() improperly called by com.android.systemui.statusbar.AlphaOptimizedImageView{bedb049 VFED..C.. ......ID 0,0-140,198} during layout: running second layout pass
02-09 05:06:33.754 W/View ( 2005): requestLayout() improperly called by android.widget.FrameLayout{904d2d6 I.E...... ......ID 0,0-780,330 #2bc} during layout: running second layout pass
02-09 05:06:33.754 W/View ( 2005): requestLayout() improperly called by com.android.systemui.statusbar.AlphaOptimizedImageView{a46de98 VFED..C.. ......ID 0,0-140,132} during layout: running second layout pass
02-09 05:06:33.754 W/View ( 2005): requestLayout() improperly called by com.android.systemui.statusbar.AlphaOptimizedImageView{98f46f1 VFED..C.. ......ID 0,0-140,132} during layout: running second layout pass
02-09 05:06:33.754 W/View ( 2005): requestLayout() improperly called by android.widget.FrameLayout{bc0edc1 I.E...... ......ID 0,0-780,198 #2bc} during layout: running second layout pass
02-09 05:06:33.754 W/View ( 2005): requestLayout() improperly called by com.android.systemui.statusbar.AlphaOptimizedImageView{84e9ea8 VFED..C.. ......ID 0,0-140,84} during layout: running second layout pass
02-09 05:06:33.756 W/View ( 2005): requestLayout() improperly called by android.widget.FrameLayout{1607d4e I.E...... ......ID 0,0-780,198 #2bc} during second layout pass: posting in next frame
02-09 05:06:33.756 W/View ( 2005): requestLayout() improperly called by com.android.systemui.statusbar.AlphaOptimizedImageView{bedb049 VFED..C.. ......ID 0,0-140,198} during second layout pass: posting in next frame
02-09 05:06:33.756 W/View ( 2005): requestLayout() improperly called by android.widget.FrameLayout{904d2d6 I.E...... ......ID 0,0-780,330 #2bc} during second layout pass: posting in next frame
02-09 05:06:33.756 W/View ( 2005): requestLayout() improperly called by com.android.systemui.statusbar.AlphaOptimizedImageView{a46de98 VFED..C.. ......ID 0,0-140,132} during second layout pass: posting in next frame
02-09 05:06:33.756 W/View ( 2005): requestLayout() improperly called by com.android.systemui.statusbar.AlphaOptimizedImageView{98f46f1 VFED..C.. ......ID 0,0-140,132} during second layout pass: posting in next frame
02-09 05:06:33.756 W/View ( 2005): requestLayout() improperly called by android.widget.FrameLayout{bc0edc1 I.E...... ......ID 0,0-780,198 #2bc} during second layout pass: posting in next frame
02-09 05:06:33.756 W/View ( 2005): requestLayout() improperly called by com.android.systemui.statusbar.AlphaOptimizedImageView{84e9ea8 VFED..C.. ......ID 0,0-140,84} during second layout pass: posting in next frame
02-09 05:06:33.771 W/View ( 2005): requestLayout() improperly called by android.widget.FrameLayout{1607d4e I.E...... ......ID 0,0-780,198 #2bc} during layout: running second layout pass
02-09 05:06:33.771 W/View ( 2005): requestLayout() improperly called by com.android.systemui.statusbar.AlphaOptimizedImageView{bedb049 VFED..C.. ......ID 0,0-140,198} during layout: running second layout pass
02-09 05:06:33.771 W/View ( 2005): requestLayout() improperly called by android.widget.FrameLayout{904d2d6 I.E...... ......ID 0,0-780,330 #2bc} during layout: running second layout pass
02-09 05:06:33.771 W/View ( 2005): requestLayout() improperly called by com.android.systemui.statusbar.AlphaOptimizedImageView{a46de98 VFED..C.. ......ID 0,0-140,132} during layout: running second layout pass
02-09 05:06:33.771 W/View ( 2005): requestLayout() improperly called by com.android.systemui.statusbar.AlphaOptimizedImageView{98f46f1 VFED..C.. ......ID 0,0-140,132} during layout: running second layout pass
02-09 05:06:33.771 W/View ( 2005): requestLayout() improperly called by android.widget.FrameLayout{bc0edc1 I.E...... ......ID 0,0-780,198 #2bc} during layout: running second layout pass
02-09 05:06:33.771 W/View ( 2005): requestLayout() improperly called by com.android.systemui.statusbar.AlphaOptimizedImageView{84e9ea8 VFED..C.. ......ID 0,0-140,84} during layout: running second layout pass
02-09 05:06:33.772 W/View ( 2005): requestLayout() improperly called by android.widget.FrameLayout{1607d4e I.E...... ......ID 0,0-780,198 #2bc} during second layout pass: posting in next frame
02-09 05:06:33.772 W/View ( 2005): requestLayout() improperly called by com.android.systemui.statusbar.AlphaOptimizedImageView{bedb049 VFED..C.. ......ID 0,0-140,198} during second layout pass: posting in next frame
02-09 05:06:33.772 W/View ( 2005): requestLayout() improperly called by android.widget.FrameLayout{904d2d6 I.E...... ......ID 0,0-780,330 #2bc} during second layout pass: posting in next frame
02-09 05:06:33.772 W/View ( 2005): requestLayout() improperly called by com.android.systemui.statusbar.AlphaOptimizedImageView{a46de98 VFED..C.. ......ID 0,0-140,132} during second layout pass: posting in next frame
02-09 05:06:33.772 W/View ( 2005): requestLayout() improperly called by com.android.systemui.statusbar.AlphaOptimizedImageView{98f46f1 VFED..C.. ......ID 0,0-140,132} during second layout pass: posting in next frame
02-09 05:06:33.772 W/View ( 2005): requestLayout() improperly called by android.widget.FrameLayout{bc0edc1 I.E...... ......ID 0,0-780,198 #2bc} during second layout pass: posting in next frame
02-09 05:06:33.772 W/View ( 2005): requestLayout() improperly called by com.android.systemui.statusbar.AlphaOptimizedImageView{84e9ea8 VFED..C.. ......ID 0,0-140,84} during second layout pass: posting in next frame
02-09 05:06:33.785 I/mpu_uart( 645): [MSG-P:RECV]:No message received in 1000 ms
02-09 05:06:33.788 W/View ( 2005): requestLayout() improperly called by android.widget.FrameLayout{1607d4e I.E...... ......ID 0,0-780,198 #2bc} during layout: running second layout pass
02-09 05:06:33.788 W/View ( 2005): requestLayout() improperly called by com.android.systemui.statusbar.AlphaOptimizedImageView{bedb049 VFED..C.. ......ID 0,0-140,198} during layout: running second layout pass
02-09 05:06:33.788 W/View ( 2005): requestLayout() improperly called by android.widget.FrameLayout{904d2d6 I.E...... ......ID 0,0-780,330 #2bc} during layout: running second layout pass
02-09 05:06:33.788 W/View ( 2005): requestLayout() improperly called by com.android.systemui.statusbar.AlphaOptimizedImageView{a46de98 VFED..C.. ......ID 0,0-140,132} during layout: running second layout pass
02-09 05:06:33.788 W/View ( 2005): requestLayout() improperly called by com.android.systemui.statusbar.AlphaOptimizedImageView{98f46f1 VFED..C.. ......ID 0,0-140,132} during layout: running second layout pass
02-09 05:06:33.788 W/View ( 2005): requestLayout() improperly called by android.widget.FrameLayout{bc0edc1 I.E...... ......ID 0,0-780,198 #2bc} during layout: running second layout pass
02-09 05:06:33.788 W/View ( 2005): requestLayout() improperly called by com.android.systemui.statusbar.AlphaOptimizedImageView{84e9ea8 VFED..C.. ......ID 0,0-140,84} during layout: running second layout pass
02-09 05:06:33.788 W/View ( 2005): requestLayout() improperly called by android.widget.FrameLayout{1607d4e I.E...... ......ID 0,0-780,198 #2bc} during second layout pass: posting in next frame
02-09 05:06:33.788 W/View ( 2005): requestLayout() improperly called by com.android.systemui.statusbar.AlphaOptimizedImageView{bedb049 VFED..C.. ......ID 0,0-140,198} during second layout pass: posting in next frame
02-09 05:06:33.788 W/View ( 2005): requestLayout() improperly called by android.widget.FrameLayout{904d2d6 I.E...... ......ID 0,0-780,330 #2bc} during second layout pass: posting in next frame
02-09 05:06:33.788 W/View ( 2005): requestLayout() improperly called by com.android.systemui.statusbar.AlphaOptimizedImageView{a46de98 VFED..C.. ......ID 0,0-140,132} during second layout pass: posting in next frame
02-09 05:06:33.788 W/View ( 2005): requestLayout() improperly called by com.android.systemui.statusbar.AlphaOptimizedImageView{98f46f1 VFED..C.. ......ID 0,0-140,132} during second layout pass: posting in next frame
02-09 05:06:33.788 W/View ( 2005): requestLayout() improperly called by android.widget.FrameLayout{bc0edc1 I.E...... ......ID 0,0-780,198 #2bc} during second layout pass: posting in next frame
02-09 05:06:33.788 W/View ( 2005): requestLayout() improperly called by com.android.systemui.statusbar.AlphaOptimizedImageView{84e9ea8 VFED..C.. ......ID 0,0-140,84} during second layout pass: posting in next frame
02-09 05:06:33.804 W/View ( 2005): requestLayout() improperly called by android.widget.FrameLayout{1607d4e I.E...... ......ID 0,0-780,198 #2bc} during layout: running second layout pass
02-09 05:06:33.804 W/View ( 2005): requestLayout() improperly called by com.android.systemui.statusbar.AlphaOptimizedImageView{bedb049 VFED..C.. ......ID 0,0-140,198} during layout: running second layout pass
02-09 05:06:33.804 W/View ( 2005): requestLayout() improperly called by android.widget.FrameLayout{904d2d6 I.E...... ......ID 0,0-780,330 #2bc} during layout: running second layout pass
02-09 05:06:33.804 W/View ( 2005): requestLayout() improperly called by com.android.systemui.statusbar.AlphaOptimizedImageView{a46de98 VFED..C.. ......ID 0,0-140,132} during layout: running second layout pass
02-09 05:06:33.804 W/View ( 2005): requestLayout() improperly called by com.android.systemui.statusbar.AlphaOptimizedImageView{98f46f1 VFED..C.. ......ID 0,0-140,132} during layout: running second layout pass
02-09 05:06:33.804 W/View ( 2005): requestLayout() improperly called by android.widget.FrameLayout{bc0edc1 I.E...... ......ID 0,0-780,198 #2bc} during layout: running second layout pass
02-09 05:06:33.804 W/View ( 2005): requestLayout() improperly called by com.android.systemui.statusbar.AlphaOptimizedImageView{84e9ea8 VFED..C.. ......ID 0,0-140,84} during layout: running second layout pass
02-09 05:06:33.805 W/View ( 2005): requestLayout() improperly called by android.widget.FrameLayout{1607d4e I.E...... ......ID 0,0-780,198 #2bc} during second layout pass: posting in next frame
02-09 05:06:33.805 W/View ( 2005): requestLayout() improperly called by com.android.systemui.statusbar.AlphaOptimizedImageView{bedb049 VFED..C.. ......ID 0,0-140,198} during second layout pass: posting in next frame
02-09 05:06:33.805 W/View ( 2005): requestLayout() improperly called by android.widget.FrameLayout{904d2d6 I.E...... ......ID 0,0-780,330 #2bc} during second layout pass: posting in next frame
02-09 05:06:33.805 W/View ( 2005): requestLayout() improperly called by com.android.systemui.statusbar.AlphaOptimizedImageView{a46de98 VFED..C.. ......ID 0,0-140,132} during second layout pass: posting in next frame
02-09 05:06:33.805 W/View ( 2005): requestLayout() improperly called by com.android.systemui.statusbar.AlphaOptimizedImageView{98f46f1 VFED..C.. ......ID 0,0-140,132} during second layout pass: posting in next frame
02-09 05:06:33.805 W/View ( 2005): requestLayout() improperly called by android.widget.FrameLayout{bc0edc1 I.E...... ......ID 0,0-780,198 #2bc} during second layout pass: posting in next frame
02-09 05:06:33.805 W/View ( 2005): requestLayout() improperly called by com.android.systemui.statusbar.AlphaOptimizedImageView{84e9ea8 VFED..C.. ......ID 0,0-140,84} during second layout pass: posting in next frame
02-09 05:06:33.821 W/View ( 2005): requestLayout() improperly called by android.widget.FrameLayout{1607d4e I.E...... ......ID 0,0-780,198 #2bc} during layout: running second layout pass
02-09 05:06:33.821 W/View ( 2005): requestLayout() improperly called by com.android.systemui.statusbar.AlphaOptimizedImageView{bedb049 VFED..C.. ......ID 0,0-140,198} during layout: running second layout pass
02-09 05:06:33.821 W/View ( 2005): requestLayout() improperly called by android.widget.FrameLayout{904d2d6 I.E...... ......ID 0,0-780,330 #2bc} during layout: running second layout pass
02-09 05:06:33.821 W/View ( 2005): requestLayout() improperly called by com.android.systemui.statusbar.AlphaOptimizedImageView{a46de98 VFED..C.. ......ID 0,0-140,132} during layout: running second layout pass
02-09 05:06:33.821 W/View ( 2005): requestLayout() improperly called by com.android.systemui.statusbar.AlphaOptimizedImageView{98f46f1 VFED..C.. ......ID 0,0-140,132} during layout: running second layout pass
02-09 05:06:33.821 W/View ( 2005): requestLayout() improperly called by android.widget.FrameLayout{bc0edc1 I.E...... ......ID 0,0-780,198 #2bc} during layout: running second layout pass
02-09 05:06:33.821 W/View ( 2005): requestLayout() improperly called by com.android.systemui.statusbar.AlphaOptimizedImageView{84e9ea8 VFED..C.. ......ID 0,0-140,84} during layout: running second layout pass
02-09 05:06:33.821 W/View ( 2005): requestLayout() improperly called by android.widget.FrameLayout{1607d4e I.E...... ......ID 0,0-780,198 #2bc} during second layout pass: posting in next frame
02-09 05:06:33.821 W/View ( 2005): requestLayout() improperly called by com.android.systemui.statusbar.AlphaOptimizedImageView{bedb049 VFED..C.. ......ID 0,0-140,198} during second layout pass: posting in next frame
02-09 05:06:33.821 W/View ( 2005): requestLayout() improperly called by android.widget.FrameLayout{904d2d6 I.E...... ......ID 0,0-780,330 #2bc} during second layout pass: posting in next frame
02-09 05:06:33.822 W/View ( 2005): requestLayout() improperly called by com.android.systemui.statusbar.AlphaOptimizedImageView{a46de98 VFED..C.. ......ID 0,0-140,132} during second layout pass: posting in next frame
02-09 05:06:33.822 W/View ( 2005): requestLayout() improperly called by com.android.systemui.statusbar.AlphaOptimizedImageView{98f46f1 VFED..C.. ......ID 0,0-140,132} during second layout pass: posting in next frame
02-09 05:06:33.822 W/View ( 2005): requestLayout() improperly called by android.widget.FrameLayout{bc0edc1 I.E...... ......ID 0,0-780,198 #2bc} during second layout pass: posting in next frame
02-09 05:06:33.822 W/View ( 2005): requestLayout() improperly called by com.android.systemui.statusbar.AlphaOptimizedImageView{84e9ea8 VFED..C.. ......ID 0,0-140,84} during second layout pass: posting in next frame
02-09 05:06:33.837 W/View ( 2005): requestLayout() improperly called by android.widget.FrameLayout{1607d4e I.E...... ......ID 0,0-780,198 #2bc} during layout: running second layout pass
02-09 05:06:33.837 W/View ( 2005): requestLayout() improperly called by com.android.systemui.statusbar.AlphaOptimizedImageView{bedb049 VFED..C.. ......ID 0,0-140,198} during layout: running second layout pass
02-09 05:06:33.837 W/View ( 2005): requestLayout() improperly called by android.widget.FrameLayout{904d2d6 I.E...... ......ID 0,0-780,330 #2bc} during layout: running second layout pass
02-09 05:06:33.837 W/View ( 2005): requestLayout() improperly called by com.android.systemui.statusbar.AlphaOptimizedImageView{a46de98 VFED..C.. ......ID 0,0-140,132} during layout: running second layout pass
02-09 05:06:33.837 W/View ( 2005): requestLayout() improperly called by com.android.systemui.statusbar.AlphaOptimizedImageView{98f46f1 VFED..C.. ......ID 0,0-140,132} during layout: running second layout pass
02-09 05:06:33.837 W/View ( 2005): requestLayout() improperly called by android.widget.FrameLayout{bc0edc1 I.E...... ......ID 0,0-780,198 #2bc} during layout: running second layout pass
02-09 05:06:33.838 W/View ( 2005): requestLayout() improperly called by com.android.systemui.statusbar.AlphaOptimizedImageView{84e9ea8 VFED..C.. ......ID 0,0-140,84} during layout: running second layout pass
02-09 05:06:33.838 W/View ( 2005): requestLayout() improperly called by android.widget.FrameLayout{1607d4e I.E...... ......ID 0,0-780,198 #2bc} during second layout pass: posting in next frame
02-09 05:06:33.838 W/View ( 2005): requestLayout() improperly called by com.android.systemui.statusbar.AlphaOptimizedImageView{bedb049 VFED..C.. ......ID 0,0-140,198} during second layout pass: posting in next frame
02-09 05:06:33.838 W/View ( 2005): requestLayout() improperly called by android.widget.FrameLayout{904d2d6 I.E...... ......ID 0,0-780,330 #2bc} during second layout pass: posting in next frame
02-09 05:06:33.838 W/View ( 2005): requestLayout() improperly called by com.android.systemui.statusbar.AlphaOptimizedImageView{a46de98 VFED..C.. ......ID 0,0-140,132} during second layout pass: posting in next frame
02-09 05:06:33.838 W/View ( 2005): requestLayout() improperly called by com.android.systemui.statusbar.AlphaOptimizedImageView{98f46f1 VFED..C.. ......ID 0,0-140,132} during second layout pass: posting in next frame
02-09 05:06:33.838 W/View ( 2005): requestLayout() improperly called by android.widget.FrameLayout{bc0edc1 I.E...... ......ID 0,0-780,198 #2bc} during second layout pass: posting in next frame
02-09 05:06:33.838 W/View ( 2005): requestLayout() improperly called by com.android.systemui.statusbar.AlphaOptimizedImageView{84e9ea8 VFED..C.. ......ID 0,0-140,84} during second layout pass: posting in next frame
02-09 05:06:33.854 W/View ( 2005): requestLayout() improperly called by android.widget.FrameLayout{1607d4e I.E...... ......ID 0,0-780,198 #2bc} during layout: running second layout pass
02-09 05:06:33.854 W/View ( 2005): requestLayout() improperly called by com.android.systemui.statusbar.AlphaOptimizedImageView{bedb049 VFED..C.. ......ID 0,0-140,198} during layout: running second layout pass
02-09 05:06:33.854 W/View ( 2005): requestLayout() improperly called by android.widget.FrameLayout{904d2d6 I.E...... ......ID 0,0-780,330 #2bc} during layout: running second layout pass
02-09 05:06:33.854 W/View ( 2005): requestLayout() improperly called by com.android.systemui.statusbar.AlphaOptimizedImageView{a46de98 VFED..C.. ......ID 0,0-140,132} during layout: running second layout pass
02-09 05:06:33.854 W/View ( 2005): requestLayout() improperly called by com.android.systemui.statusbar.AlphaOptimizedImageView{98f46f1 VFED..C.. ......ID 0,0-140,132} during layout: running second layout pass
02-09 05:06:33.854 W/View ( 2005): requestLayout() improperly called by android.widget.FrameLayout{bc0edc1 I.E...... ......ID 0,0-780,198 #2bc} during layout: running second layout pass
02-09 05:06:33.854 W/View ( 2005): requestLayout() improperly called by com.android.systemui.statusbar.AlphaOptimizedImageView{84e9ea8 VFED..C.. ......ID 0,0-140,84} during layout: running second layout pass
02-09 05:06:33.855 W/View ( 2005): requestLayout() improperly called by android.widget.FrameLayout{1607d4e I.E...... ......ID 0,0-780,198 #2bc} during second layout pass: posting in next frame
02-09 05:06:33.855 W/View ( 2005): requestLayout() improperly called by com.android.systemui.statusbar.AlphaOptimizedImageView{bedb049 VFED..C.. ......ID 0,0-140,198} during second layout pass: posting in next frame
02-09 05:06:33.855 W/View ( 2005): requestLayout() improperly called by android.widget.FrameLayout{904d2d6 I.E...... ......ID 0,0-780,330 #2bc} during second layout pass: posting in next frame
02-09 05:06:33.855 W/View ( 2005): requestLayout() improperly called by com.android.systemui.statusbar.AlphaOptimizedImageView{a46de98 VFED..C.. ......ID 0,0-140,132} during second layout pass: posting in next frame
02-09 05:06:33.855 W/View ( 2005): requestLayout() improperly called by com.android.systemui.statusbar.AlphaOptimizedImageView{98f46f1 VFED..C.. ......ID 0,0-140,132} during second layout pass: posting in next frame
02-09 05:06:33.855 W/View ( 2005): requestLayout() improperly called by android.widget.FrameLayout{bc0edc1 I.E...... ......ID 0,0-780,198 #2bc} during second layout pass: posting in next frame
