02-14 14:51:02.058 D/WifiNetworkFactory( 1257): got request NetworkRequest [ REQUEST id=59, [ Capabilities: INTERNET&NOT_RESTRICTED&TRUSTED&NOT_VCN_MANAGED Uid: 1000 RequestorUid: 1000 RequestorPkg: com.android.settings] ]
02-14 14:51:02.059 D/UntrustedWifiNetworkFactory( 1257): got request NetworkRequest [ REQUEST id=59, [ Capabilities: INTERNET&NOT_RESTRICTED&TRUSTED&NOT_VCN_MANAGED Uid: 1000 RequestorUid: 1000 RequestorPkg: com.android.settings] ]
02-14 14:51:02.059 D/OemPaidWifiNetworkFactory( 1257): got request NetworkRequest [ REQUEST id=59, [ Capabilities: INTERNET&NOT_RESTRICTED&TRUSTED&NOT_VCN_MANAGED Uid: 1000 RequestorUid: 1000 RequestorPkg: com.android.settings] ]
02-14 14:51:02.059 D/BluetoothPan( 5019): Binding service...
02-14 14:51:02.061 I/sysui_multi_action( 5019): [757,746,758,1,833,0,1089,34]
02-14 14:51:02.061 D/SubscriptionsChangeListener( 5019): Start
02-14 14:51:02.062 D/ConnectivityService( 1257): NetReassign [no changes]
02-14 14:51:02.062 D/TelephonyRegistry( 1257): listen oscl: mHasNotifySubscriptionInfoChangedOccurred==false no callback
02-14 14:51:02.062 D/MobileNetworkSummaryStatus( 5019): network summary query
02-14 14:51:02.063 E/TelephonyManager( 5019): Error in getUiccCardsInfo: unable to connect to Telephony service.
02-14 14:51:02.064 W/SelectableSubscriptions( 5019): Fail to request subIdList
02-14 14:51:02.064 W/SelectableSubscriptions( 5019): java.lang.NullPointerException: Attempt to invoke interface method 'int java.util.List.size()' on a null object reference
02-14 14:51:02.064 W/SelectableSubscriptions( 5019): at com.android.settings.network.helper.SelectableSubscriptions.call(SelectableSubscriptions.java:128)
02-14 14:51:02.064 W/SelectableSubscriptions( 5019): at com.android.settings.network.MobileNetworkSummaryStatus.getSubscriptions(MobileNetworkSummaryStatus.java:158)
02-14 14:51:02.064 W/SelectableSubscriptions( 5019): at com.android.settings.network.MobileNetworkSummaryStatus.update(MobileNetworkSummaryStatus.java:88)
02-14 14:51:02.064 W/SelectableSubscriptions( 5019): at com.android.settings.network.MobileNetworkSummaryController.update(MobileNetworkSummaryController.java:170)
02-14 14:51:02.064 W/SelectableSubscriptions( 5019): at com.android.settings.network.MobileNetworkSummaryController.onResume(MobileNetworkSummaryController.java:95)
02-14 14:51:02.064 W/SelectableSubscriptions( 5019): at java.lang.reflect.Method.invoke(Native Method)
02-14 14:51:02.064 W/SelectableSubscriptions( 5019): at androidx.lifecycle.ClassesInfoCache$MethodReference.invokeCallback(ClassesInfoCache.java:216)
02-14 14:51:02.064 W/SelectableSubscriptions( 5019): at androidx.lifecycle.ClassesInfoCache$CallbackInfo.invokeMethodsForEvent(ClassesInfoCache.java:194)
02-14 14:51:02.064 W/SelectableSubscriptions( 5019): at androidx.lifecycle.ClassesInfoCache$CallbackInfo.invokeCallbacks(ClassesInfoCache.java:185)
02-14 14:51:02.064 W/SelectableSubscriptions( 5019): at androidx.lifecycle.ReflectiveGenericLifecycleObserver.onStateChanged(ReflectiveGenericLifecycleObserver.java:37)
02-14 14:51:02.064 W/SelectableSubscriptions( 5019): at androidx.lifecycle.LifecycleRegistry$ObserverWithState.dispatchEvent(LifecycleRegistry.java:354)
02-14 14:51:02.064 W/SelectableSubscriptions( 5019): at androidx.lifecycle.LifecycleRegistry.forwardPass(LifecycleRegistry.java:265)
02-14 14:51:02.064 W/SelectableSubscriptions( 5019): at androidx.lifecycle.LifecycleRegistry.sync(LifecycleRegistry.java:307)
02-14 14:51:02.064 W/SelectableSubscriptions( 5019): at androidx.lifecycle.LifecycleRegistry.moveToState(LifecycleRegistry.java:148)
02-14 14:51:02.064 W/SelectableSubscriptions( 5019): at androidx.lifecycle.LifecycleRegistry.handleLifecycleEvent(LifecycleRegistry.java:134)
02-14 14:51:02.064 W/SelectableSubscriptions( 5019): at com.android.settingslib.core.lifecycle.ObservablePreferenceFragment.onResume(ObservablePreferenceFragment.java:87)
02-14 14:51:02.064 W/SelectableSubscriptions( 5019): at com.android.settings.core.InstrumentedPreferenceFragment.onResume(InstrumentedPreferenceFragment.java:77)
02-14 14:51:02.064 W/SelectableSubscriptions( 5019): at com.android.settings.SettingsPreferenceFragment.onResume(SettingsPreferenceFragment.java:198)
02-14 14:51:02.064 W/SelectableSubscriptions( 5019): at com.android.settings.dashboard.DashboardFragment.onResume(DashboardFragment.java:220)
02-14 14:51:02.064 W/SelectableSubscriptions( 5019): at androidx.fragment.app.Fragment.performResume(Fragment.java:3029)
02-14 14:51:02.064 W/SelectableSubscriptions( 5019): at androidx.fragment.app.FragmentStateManager.resume(FragmentStateManager.java:583)
02-14 14:51:02.064 W/SelectableSubscriptions( 5019): at androidx.fragment.app.FragmentStateManager.moveToExpectedState(FragmentStateManager.java:282)
02-14 14:51:02.064 W/SelectableSubscriptions( 5019): at androidx.fragment.app.SpecialEffectsController$FragmentStateManagerOperation.complete(SpecialEffectsController.java:742)
02-14 14:51:02.064 W/SelectableSubscriptions( 5019): at androidx.fragment.app.SpecialEffectsController$Operation.completeSpecialEffect(SpecialEffectsController.java:669)
02-14 14:51:02.064 W/SelectableSubscriptions( 5019): at androidx.fragment.app.DefaultSpecialEffectsController$SpecialEffectsInfo.completeSpecialEffect(DefaultSpecialEffectsController.java:755)
02-14 14:51:02.064 W/SelectableSubscriptions( 5019): at androidx.fragment.app.DefaultSpecialEffectsController.startAnimations(DefaultSpecialEffectsController.java:147)
02-14 14:51:02.064 W/SelectableSubscriptions( 5019): at androidx.fragment.app.DefaultSpecialEffectsController.executeOperations(DefaultSpecialEffectsController.java:120)
02-14 14:51:02.064 W/SelectableSubscriptions( 5019): at androidx.fragment.app.SpecialEffectsController.executePendingOperations(SpecialEffectsController.java:294)
02-14 14:51:02.064 W/SelectableSubscriptions( 5019): at androidx.fragment.app.FragmentManager.executeOpsTogether(FragmentManager.java:2222)
02-14 14:51:02.064 W/SelectableSubscriptions( 5019): at androidx.fragment.app.FragmentManager.removeRedundantOperationsAndExecute(FragmentManager.java:2120)
02-14 14:51:02.064 W/SelectableSubscriptions( 5019): at androidx.fragment.app.FragmentManager.execPendingActions(FragmentManager.java:2022)
02-14 14:51:02.064 W/SelectableSubscriptions( 5019): at androidx.fragment.app.FragmentManager.executePendingTransactions(FragmentManager.java:603)
02-14 14:51:02.064 W/SelectableSubscriptions( 5019): at com.android.settings.homepage.SettingsHomepageActivity.addFragment(SettingsHomepageActivity.java:424)
02-14 14:51:02.064 W/SelectableSubscriptions( 5019): at com.android.settings.homepage.SettingsHomepageActivity.lambda$changeSettingsDetailsFragment$4(SettingsHomepageActivity.java:395)
02-14 14:51:02.064 W/SelectableSubscriptions( 5019): at com.android.settings.homepage.SettingsHomepageActivity.$r8$lambda$CqOfnAceDxvOR2buhHdxOyMQieE(Unknown Source:0)
02-14 14:51:02.064 W/SelectableSubscriptions( 5019): at com.android.settings.homepage.SettingsHomepageActivity$$ExternalSyntheticLambda3.run(Unknown Source:10)
02-14 14:51:02.064 W/SelectableSubscriptions( 5019): at android.os.Handler.handleCallback(Handler.java:938)
02-14 14:51:02.064 W/SelectableSubscriptions( 5019): at android.os.Handler.dispatchMessage(Handler.java:99)
02-14 14:51:02.064 W/SelectableSubscriptions( 5019): at android.os.Looper.loopOnce(Looper.java:201)
02-14 14:51:02.064 W/SelectableSubscriptions( 5019): at android.os.Looper.loop(Looper.java:288)
02-14 14:51:02.064 W/SelectableSubscriptions( 5019): at android.app.ActivityThread.main(ActivityThread.java:7880)
02-14 14:51:02.064 W/SelectableSubscriptions( 5019): at java.lang.reflect.Method.invoke(Native Method)
02-14 14:51:02.064 W/SelectableSubscriptions( 5019): at com.android.internal.os.RuntimeInit$MethodAndArgsCaller.run(RuntimeInit.java:548)
02-14 14:51:02.064 W/SelectableSubscriptions( 5019): at com.android.internal.os.ZygoteInit.main(ZygoteInit.java:1009)
02-14 14:51:02.064 D/MobileNetworkSummaryStatus( 5019): network summary query ignored
02-14 14:51:02.064 W/MobileNetworkUtils( 5019): EuiccManager is not enabled.
02-14 14:51:02.064 D/SubscriptionsChangeListener( 5019): Start
02-14 14:51:02.065 D/TelephonyRegistry( 1257): listen oscl: mHasNotifySubscriptionInfoChangedOccurred==false no callback
02-14 14:51:02.065 W/ScanResultUtil( 1257): Empty or null ScanResult list
02-14 14:51:02.065 W/WifiService( 1257): Attempt to retrieve WifiConfiguration with invalid scanResult List
02-14 14:51:02.065 W/ScanResultUtil( 1257): Empty or null ScanResult list
02-14 14:51:02.065 E/WifiService( 1257): Attempt to retrieve passpoint with invalid scanResult List
02-14 14:51:02.065 W/ScanResultUtil( 1257): Empty or null ScanResult list
02-14 14:51:02.065 W/WifiService( 1257): Attempt to retrieve OsuProviders with invalid scanResult List
02-14 14:51:02.066 D/ConnectivityService( 1257): NetReassign [no changes]
02-14 14:51:02.068 I/WifiService( 1257): startScan uid=1000
02-14 14:51:02.069 I/sysui_multi_action( 5019): [757,1729,758,4,854,isParalleledControllers:false,1089,42]
02-14 14:51:02.071 D/LOWI-9.0.0.87.a( 1409): [LOWI-Scan] wait_event:Wait done with Cmd 33
02-14 14:51:02.071 D/LOWI-9.0.0.87.a( 1409): [LOWI-Scan] do_listen_events: Rcvd valid Netlink Cmd 0 Err 0
02-14 14:51:02.071 W/ScanResultUtil( 1257): Empty or null ScanResult list
02-14 14:51:02.071 W/WifiService( 1257): Attempt to retrieve WifiConfiguration with invalid scanResult List
02-14 14:51:02.071 W/ScanResultUtil( 1257): Empty or null ScanResult list
02-14 14:51:02.071 E/WifiService( 1257): Attempt to retrieve passpoint with invalid scanResult List
02-14 14:51:02.071 W/ScanResultUtil( 1257): Empty or null ScanResult list
02-14 14:51:02.071 W/WifiService( 1257): Attempt to retrieve OsuProviders with invalid scanResult List
02-14 14:51:02.091 D/BluetoothPan( 5019): Proxy object connected
02-14 14:51:02.095 D/BluetoothPan( 5019): Proxy object connected
02-14 14:51:02.118 I/[schedu][0x719619689][14:51:02.118439] wlan( 0): [3385:I:OSIF] scan start scan id 40970
02-14 14:51:02.190 W/hpplay-java( 2772): [main]:IPManager:getActiveNets invalid networkInfo:null
02-14 14:51:02.190 I/hpplay-java( 2772): [main]:IPManager:getActiveNets eth0:false wifi:false mobile:false ap:false
02-14 14:51:02.190 I/hpplay-java( 2772): [main]:ServerTaskManager:get local ip:null
02-14 14:51:02.244 I/wm_stop_activity( 1257): [0,190679017,com.android.launcher3/.uioverrides.QuickstepLauncher]
02-14 14:51:02.264 D/StateManager( 2598): goToState: Normal
02-14 14:51:02.265 I/wm_on_stop_called( 2598): [190679017,com.android.launcher3.uioverrides.QuickstepLauncher,STOP_ACTIVITY_ITEM]
02-14 14:51:02.277 I/GameMode_ActivityMonitoringService( 2109): onForegroundActivitiesChanged uid 10079 pid 2598 fg false
02-14 14:51:02.279 I/GameMode_ActivityMonitoringService( 2109): Updating top task to: TaskInfoContainer [topActivity=ComponentInfo{com.android.settings/com.android.settings.Settings}, taskId=19, stackId=19, userId=0, displayId=0, position=6
02-14 14:51:02.279 I/GameMode_ActivityMonitoringService( 2109): Notifying about top task: TaskInfoContainer [topActivity=ComponentInfo{com.android.settings/com.android.settings.Settings}, taskId=19, stackId=19, userId=0, displayId=0, position=6
02-14 14:51:02.279 I/GameMode_ActivityMonitoringService( 2109): WindowMode: 1
02-14 14:51:02.279 E/GameMode_ActivityMonitoringService( 2109): onActivityLaunch:com.android.settings
02-14 14:51:02.279 V/GameMode_GameTypeUtils( 2109): judge isGame:com.android.settings
02-14 14:51:02.279 V/GameMode_GpuUtils( 2109): fps:60
02-14 14:51:02.280 D/GameMode_GameModeActionUtils( 2109): Show GameMode entry by service!
02-14 14:51:02.280 W/ContextImpl( 2109): Calling a method in the system process without a qualified user: android.app.ContextImpl.startService:1816 android.content.ContextWrapper.startService:774 com.thundercomm.gamemode.ingame.services.GameModeActionUtils.startGameModeService:111 com.thundercomm.gamemode.ingame.services.GameModeActionUtils.startGameModeEntry:22 com.thundercomm.gamemode.ingame.services.ActivityMonitoringService$1.onActivityLaunch:139
02-14 14:51:02.280 D/GameModeIF_GameModeSettings( 2109): getUriFor setting_content_uri_root = content://com.thundercomm.gamemode.api/gamemode_settings , name = gamemode_isgaming
02-14 14:51:02.280 D/GameMode_GameModeService( 2109): type=hide_entry
02-14 14:51:02.281 D/GameMode_GameSettingsObserver( 2109): Game Data change!!!! uri = content://com.thundercomm.gamemode.api/gamemode_settings/gamemode_isgaming
02-14 14:51:02.281 I/GameModeConfig( 1257): Current uri is uri = content://com.thundercomm.gamemode.api/gamemode_settings/gamemode_isgaming
02-14 14:51:02.281 D/GameModeIF_GameModeSettings( 1257): getUriFor setting_content_uri_root = content://com.thundercomm.gamemode.api/gamemode_settings , name = gamemode_isgaming
02-14 14:51:02.281 D/GameModeIF_GameModeSettings( 2109): getUriFor setting_content_uri_root = content://com.thundercomm.gamemode.api/gamemode_settings , name = gamemode_isgaming
02-14 14:51:02.281 D/GameModeIF_GameModeSettings( 2109): gamemode_isgaming set to 0
02-14 14:51:02.281 I/GameMode_ActivityMonitoringService( 2109): [Perf]-lastSession=
02-14 14:51:02.281 D/GameModeIF_GameModeSettings( 2109): getUriFor setting_content_uri_root = content://com.thundercomm.gamemode.api/gamemode_settings , name = gamemode_enable
02-14 14:51:02.282 I/GameModeConfig( 1257): isGameModeOn = true
02-14 14:51:02.282 I/GameModeConfig( 1257): isGaming = false
02-14 14:51:02.282 I/GameModeConfig( 1257): isGameModeOn = true
02-14 14:51:02.282 D/GameMode_GameModeService( 2109): updateGlobalSettings = gamemode_isgaming
02-14 14:51:02.282 I/GameModeConfig( 1257): isGaming = false
02-14 14:51:02.282 I/GameModeConfig( 1257): isDisableVoice = true
02-14 14:51:02.309 W/Choreographer( 1257): Frame time is 0.354659 ms in the future! Check that graphics HAL is generating vsync timestamps using the correct timebase.
02-14 14:51:02.309 W/Choreographer( 2598): Frame time is 0.343461 ms in the future! Check that graphics HAL is generating vsync timestamps using the correct timebase.
02-14 14:51:02.309 W/Choreographer( 5019): Frame time is 0.328565 ms in the future! Check that graphics HAL is generating vsync timestamps using the correct timebase.
02-14 14:51:02.309 W/Choreographer( 2009): Frame time is 0.224607 ms in the future! Check that graphics HAL is generating vsync timestamps using the correct timebase.
02-14 14:51:02.363 W/InputManager-JNI( 1257): Input channel object '194bd6f Splash Screen com.android.settings (client)' was disposed without first being removed with the input manager!
02-14 14:51:02.953 I/mpu_uart( 646): [MSG-P:RECV]:No message received in 1000 ms
02-14 14:51:03.058 I/input_interaction( 1257): Interaction with: 51913a4 com.android.settings/com.android.settings.Settings (server), edge-swipe (server), swipe-up (server), PointerEventDispatcher0 (server),
02-14 14:51:03.191 W/hpplay-java( 2772): [main]:IPManager:getActiveNets invalid networkInfo:null
02-14 14:51:03.191 I/hpplay-java( 2772): [main]:IPManager:getActiveNets eth0:false wifi:false mobile:false ap:false
02-14 14:51:03.191 I/hpplay-java( 2772): [main]:ServerTaskManager:get local ip:null
02-14 14:51:03.314 D/LOWI-9.0.0.87.a( 1409): [LOWI-Scan] wait_event:Wait done with Cmd 34
02-14 14:51:03.314 D/LOWI-9.0.0.87.a( 1409): [LOWI-Scan] do_listen_events: Rcvd valid Netlink Cmd 34 Err 0
02-14 14:51:03.315 I/[schedu][0x71ac02ae1][14:51:03.315083] wlan( 0): [3385:I:OSIF] vdev 0, scan id 40970 type COMPLETED(1) reason COMPLETED(1) scan found 94 bss
02-14 14:51:03.315 D/LOWI-9.0.0.87.a( 1409): [LOWI-Scan]
02-14 14:51:03.315 D/LOWI-9.0.0.87.a( 1409): [LOWI-Scan] print_bss_handler: Report Probe TSF 1585906400 as it greater than Beacon TSF 1585905247
02-14 14:51:03.315 D/LOWI-9.0.0.87.a( 1409): [LOWI-Scan] is_qcom_ie, bss_age: 0
02-14 14:51:03.315 D/LOWI-9.0.0.87.a( 1409): [LOWI-Scan] BSS 38:a9:1c:35:03:04 LOWI_PHY_MODE_11NG_HT20(5), Beacon Interval: 100, LOWI_ENCRYPTION_TYPE_OPEN 11mcRanging: No, ANQP: No, LCI: No, Civic: No, capability(0x0401): ESS ShortSlotTime
02-14 14:51:03.315 D/LOWI-9.0.0.87.a( 1409): [LOWI-Scan] BSS 38:a9:1c:35:03:04 FREQ: 2412, cFreq1[40:80:160] = [0:0:0] cFreq2 = 0 Country Code =
02-14 14:51:03.315 D/LOWI-9.0.0.87.a( 1409): [LOWI-Scan] BSS 38:a9:1c:35:03:04 (wlan0) ASSO: NO AddInfo: 0x0, TSF 0, 00:26:25.906, RSSI: -34, CPL: 127, AGE: 1128, SSID , TSFDelta: 0x245de707, TXRate: 0
02-14 14:51:03.315 D/LOWI-9.0.0.87.a( 1409): [LOWI-Scan]
02-14 14:51:03.315 D/LOWI-9.0.0.87.a( 1409): [LOWI-Scan] print_bss_handler: Report Probe TSF 1585916448 as it greater than Beacon TSF 1381248814
02-14 14:51:03.315 D/WifiNl80211Manager( 1257): Scan result ready event
02-14 14:51:03.315 D/LOWI-9.0.0.87.a( 1409): [LOWI-Scan] decode_rsn_wpa_ie: LOWI_ENCRYPTION_TYPE_WPA_PSK
02-14 14:51:03.315 D/LOWI-9.0.0.87.a( 1409): [LOWI-Scan] is_qcom_ie, bss_age: 0
02-14 14:51:03.315 D/LOWI-9.0.0.87.a( 1409): [LOWI-Scan] BSS 38:a9:1c:35:03:06 LOWI_PHY_MODE_11NG_HT20(5), Beacon Interval: 100, LOWI_ENCRYPTION_TYPE_WPA_PSK 11mcRanging: No, ANQP: No, LCI: No, Civic: No, capability(0x0411): ESS Privacy ShortSlotTime
02-14 14:51:03.315 D/LOWI-9.0.0.87.a( 1409): [LOWI-Scan] BSS 38:a9:1c:35:03:06 FREQ: 2412, cFreq1[40:80:160] = [0:0:0] cFreq2 = 0 Country Code =
02-14 14:51:03.315 D/LOWI-9.0.0.87.a( 1409): [LOWI-Scan] BSS 38:a9:1c:35:03:06 (wlan0) ASSO: NO AddInfo: 0x0, TSF 0, 00:26:25.916, RSSI: -38, CPL: 127, AGE: 1116, SSID H3C_350304, TSFDelta: 0x24a3735a, TXRate: 0
02-14 14:51:03.315 D/LOWI-9.0.0.87.a( 1409): [LOWI-Scan]
02-14 14:51:03.315 D/LOWI-9.0.0.87.a( 1409): [LOWI-Scan] print_bss_handler: Report Probe TSF 1586065569 as it greater than Beacon TSF 1381401786
02-14 14:51:03.315 D/WifiNative( 1257): Scan result ready event
02-14 14:51:03.315 D/LOWI-9.0.0.87.a( 1409): [LOWI-Scan] decode_rsn_wpa_ie: LOWI_ENCRYPTION_TYPE_WPA_PSK
02-14 14:51:03.315 D/LOWI-9.0.0.87.a( 1409): [LOWI-Scan] is_qcom_ie, bss_age: 0
02-14 14:51:03.315 D/LOWI-9.0.0.87.a( 1409): [LOWI-Scan] BSS f4:84:8d:21:25:a9 LOWI_PHY_MODE_11AC_VHT80(10), Beacon Interval: 100, LOWI_ENCRYPTION_TYPE_WPA_PSK 11mcRanging: No, ANQP: No, LCI: No, Civic: No, capability(0x1011): ESS Privacy
02-14 14:51:03.315 D/LOWI-9.0.0.87.a( 1409): [LOWI-Scan] BSS f4:84:8d:21:25:a9 FREQ: 5745, cFreq1[40:80:160] = [5755:5775:0] cFreq2 = 0 Country Code = CN
02-14 14:51:03.315 D/LOWI-9.0.0.87.a( 1409): [LOWI-Scan] BSS f4:84:8d:21:25:a9 (wlan0) ASSO: NO AddInfo: 0x0, TSF 0, 00:26:26.065, RSSI: -128, CPL: 127, AGE: 968, SSID hht, TSFDelta: 0x77318ee1, TXRate: 0
02-14 14:51:03.315 D/LOWI-9.0.0.87.a( 1409): [LOWI-Scan]
02-14 14:51:03.315 D/LOWI-9.0.0.87.a( 1409): [LOWI-Scan] print_bss_handler: Report Probe TSF 1586084533 as it greater than Beacon TSF 1381430393
02-14 14:51:03.315 D/LOWI-9.0.0.87.a( 1409): [LOWI-Scan] decode_rsn_wpa_ie: LOWI_ENCRYPTION_TYPE_WPA_PSK
02-14 14:51:03.315 D/LOWI-9.0.0.87.a( 1409): [LOWI-Scan] is_qcom_ie, bss_age: 0
02-14 14:51:03.315 D/LOWI-9.0.0.87.a( 1409): [LOWI-Scan] BSS 5c:02:14:f9:4f:d3 LOWI_PHY_MODE_11AC_VHT80(10), Beacon Interval: 100, LOWI_ENCRYPTION_TYPE_WPA_PSK 11mcRanging: No, ANQP: Yes, LCI: No, Civic: No, capability(0x1931): ESS Privacy ShortPreamble SpectrumMgmt APSD
02-14 14:51:03.315 D/LOWI-9.0.0.87.a( 1409): [LOWI-Scan] BSS 5c:02:14:f9:4f:d3 FREQ: 5745, cFreq1[40:80:160] = [5755:5775:0] cFreq2 = 0 Country Code = CN
02-14 14:51:03.315 D/LOWI-9.0.0.87.a( 1409): [LOWI-Scan] BSS 5c:02:14:f9:4f:d3 (wlan0) ASSO: NO AddInfo: 0x0, TSF 0, 00:26:26.084, RSSI: -98, CPL: 127, AGE: 948, SSID ThunderSoft_XTS_5G, TSFDelta: 0xb93d9082, TXRate: 0
02-14 14:51:03.315 D/LOWI-9.0.0.87.a( 1409): [LOWI-Scan]
02-14 14:51:03.315 D/LOWI-9.0.0.87.a( 1409): [LOWI-Scan] print_bss_handler: Report Probe TSF 1586199277 as it greater than Beacon TSF 1381505368
02-14 14:51:03.315 D/LOWI-9.0.0.87.a( 1409): [LOWI-Scan] decode_rsn_wpa_ie: LOWI_ENCRYPTION_TYPE_WPA_PSK
02-14 14:51:03.315 D/LOWI-9.0.0.87.a( 1409): [LOWI-Scan] is_qcom_ie, bss_age: 0
02-14 14:51:03.315 D/LOWI-9.0.0.87.a( 1409): [LOWI-Scan] BSS 18:6f:2d:0a:b8:50 LOWI_PHY_MODE_11AC_VHT20(8), Beacon Interval: 100, LOWI_ENCRYPTION_TYPE_WPA_PSK 11mcRanging: No, ANQP: No, LCI: No, Civic: No, capability(0x0111): ESS Privacy SpectrumMgmt
02-14 14:51:03.315 D/LOWI-9.0.0.87.a( 1409): [LOWI-Scan] BSS 18:6f:2d:0a:b8:50 FREQ: 5785, cFreq1[40:80:160] = [5785:0:0] cFreq2 = 0 Country Code = CN
02-14 14:51:03.315 D/LOWI-9.0.0.87.a( 1409): [LOWI-Scan] BSS 18:6f:2d:0a:b8:50 (wlan0) ASSO: NO AddInfo: 0x0, TSF 0, 00:26:26.199, RSSI: -144, CPL: 127, AGE: 836, SSID Testing , TSFDelta: 0x21fa61dc, TXRate: 0
02-14 14:51:03.315 D/LOWI-9.0.0.87.a( 1409): [LOWI-Scan]
02-14 14:51:03.315 D/LOWI-9.0.0.87.a( 1409): [LOWI-Scan] print_bss_handler: Report beacon TSF 1586262912 as it greater than probe TSF 1101584759
02-14 14:51:03.315 D/LOWI-9.0.0.87.a( 1409): [LOWI-Scan] decode_rsn_wpa_ie: LOWI_ENCRYPTION_TYPE_WPA_PSK
02-14 14:51:03.315 D/LOWI-9.0.0.87.a( 1409): [LOWI-Scan] is_qcom_ie, bss_age: 0
02-14 14:51:03.315 D/LOWI-9.0.0.87.a( 1409): [LOWI-Scan] BSS 18:6f:2d:81:18:40 LOWI_PHY_MODE_11NG_HT20(5), Beacon Interval: 100, LOWI_ENCRYPTION_TYPE_WPA_PSK 11mcRanging: No, ANQP: No, LCI: No, Civic: No, capability(0x0531): ESS Privacy ShortPreamble SpectrumMgmt ShortSlotTime
02-14 14:51:03.315 D/LOWI-9.0.0.87.a( 1409): [LOWI-Scan] BSS 18:6f:2d:81:18:40 FREQ: 2432, cFreq1[40:80:160] = [2432:0:0] cFreq2 = 0 Country Code = CN
02-14 14:51:03.315 D/LOWI-9.0.0.87.a( 1409): [LOWI-Scan] BSS 18:6f:2d:81:18:40 (wlan0) ASSO: NO AddInfo: 0x1, TSF 0, 00:26:26.262, RSSI: -132, CPL: 127, AGE: 772, SSID Testing , TSFDelta: 0xb66f7a41, TXRate: 0
02-14 14:51:03.315 D/LOWI-9.0.0.87.a( 1409): [LOWI-Scan]
02-14 14:51:03.315 D/LOWI-9.0.0.87.a( 1409): [LOWI-Scan] print_bss_handler: Report beacon TSF 1586266809 as it greater than probe TSF 1101592127
02-14 14:51:03.315 D/LOWI-9.0.0.87.a( 1409): [LOWI-Scan] decode_rsn_wpa_ie: LOWI_ENCRYPTION_TYPE_WPA_PSK
02-14 14:51:03.315 D/LOWI-9.0.0.87.a( 1409): [LOWI-Scan] is_qcom_ie, bss_age: 0
02-14 14:51:03.315 D/LOWI-9.0.0.87.a( 1409): [LOWI-Scan] BSS 18:6f:2d:81:18:42 LOWI_PHY_MODE_11NG_HT20(5), Beacon Interval: 100, LOWI_ENCRYPTION_TYPE_WPA_PSK 11mcRanging: No, ANQP: No, LCI: No, Civic: No, capability(0x0531): ESS Privacy ShortPreamble SpectrumMgmt ShortSlotTime
02-14 14:51:03.315 D/LOWI-9.0.0.87.a( 1409): [LOWI-Scan] BSS 18:6f:2d:81:18:42 FREQ: 2432, cFreq1[40:80:160] = [2432:0:0] cFreq2 = 0 Country Code = CN
02-14 14:51:03.315 D/LOWI-9.0.0.87.a( 1409): [LOWI-Scan] BSS 18:6f:2d:81:18:42 (wlan0) ASSO: NO AddInfo: 0x1, TSF 0, 00:26:26.266, RSSI: -128, CPL: 127, AGE: 768, SSID ThunderSoft_2.4G, TSFDelta: 0xb6a5ebc7, TXRate: 0
02-14 14:51:03.315 D/LOWI-9.0.0.87.a( 1409): [LOWI-Scan]
02-14 14:51:03.315 D/LOWI-9.0.0.87.a( 1409): [LOWI-Scan] print_bss_handler: Report beacon TSF 1586266886 as it greater than probe TSF 1381629688
02-14 14:51:03.315 D/LOWI-9.0.0.87.a( 1409): [LOWI-Scan] decode_rsn_wpa_ie: LOWI_ENCRYPTION_TYPE_WPA_PSK
02-14 14:51:03.315 D/LOWI-9.0.0.87.a( 1409): [LOWI-Scan] is_qcom_ie, bss_age: 0
02-14 14:51:03.315 D/LOWI-9.0.0.87.a( 1409): [LOWI-Scan] BSS 18:6f:2d:81:18:44 LOWI_PHY_MODE_11NG_HT20(5), Beacon Interval: 100, LOWI_ENCRYPTION_TYPE_WPA_PSK 11mcRanging: No, ANQP: No, LCI: No, Civic: No, capability(0x0531): ESS Privacy ShortPreamble SpectrumMgmt ShortSlotTime
02-14 14:51:03.315 D/LOWI-9.0.0.87.a( 1409): [LOWI-Scan] BSS 18:6f:2d:81:18:44 FREQ: 2432, cFreq1[40:80:160] = [2432:0:0] cFreq2 = 0 Country Code = CN
02-14 14:51:03.315 D/LOWI-9.0.0.87.a( 1409): [LOWI-Scan] BSS 18:6f:2d:81:18:44 (wlan0) ASSO: NO AddInfo: 0x1, TSF 0, 00:26:26.266, RSSI: -122, CPL: 127, AGE: 768, SSID Fanya, TSFDelta: 0xa6ca0046, TXRate: 0
02-14 14:51:03.315 D/LOWI-9.0.0.87.a( 1409): [LOWI-Scan]
02-14 14:51:03.315 D/LOWI-9.0.0.87.a( 1409): [LOWI-Scan] print_bss_handler: Report Probe TSF 1586378389 as it greater than Beacon TSF 1381693586
02-14 14:51:03.315 D/LOWI-9.0.0.87.a( 1409): [LOWI-Scan] decode_rsn_wpa_ie: LOWI_ENCRYPTION_TYPE_WPA_PSK
02-14 14:51:03.315 D/LOWI-9.0.0.87.a( 1409): [LOWI-Scan] is_qcom_ie, bss_age: 0
02-14 14:51:03.315 D/LOWI-9.0.0.87.a( 1409): [LOWI-Scan] BSS 18:6f:2d:81:25:40 LOWI_PHY_MODE_11NG_HT20(5), Beacon Interval: 100, LOWI_ENCRYPTION_TYPE_WPA_PSK 11mcRanging: No, ANQP: No, LCI: No, Civic: No, capability(0x0531): ESS Privacy ShortPreamble SpectrumMgmt ShortSlotTime
02-14 14:51:03.315 D/LOWI-9.0.0.87.a( 1409): [LOWI-Scan] BSS 18:6f:2d:81:25:40 FREQ: 2437, cFreq1[40:80:160] = [2437:0:0] cFreq2 = 0 Country Code = CN
02-14 14:51:03.315 D/LOWI-9.0.0.87.a( 1409): [LOWI-Scan] BSS 18:6f:2d:81:25:40 (wlan0) ASSO: NO AddInfo: 0x0, TSF 0, 00:26:26.378, RSSI: -90, CPL: 127, AGE: 656, SSID Testing , TSFDelta: 0x8d74f5d1, TXRate: 0
02-14 14:51:03.315 D/LOWI-9.0.0.87.a( 1409): [LOWI-Scan]
02-14 14:51:03.315 D/LOWI-9.0.0.87.a( 1409): [LOWI-Scan] print_bss_handler: Report Probe TSF 1586380078 as it greater than Beacon TSF 1381700931
02-14 14:51:03.315 D/LOWI-9.0.0.87.a( 1409): [LOWI-Scan] is_qcom_ie, bss_age: 0
02-14 14:51:03.315 D/LOWI-9.0.0.87.a( 1409): [LOWI-Scan] BSS 18:6f:2d:81:25:41 LOWI_PHY_MODE_11NG_HT20(5), Beacon Interval: 100, LOWI_ENCRYPTION_TYPE_OPEN 11mcRanging: No, ANQP: No, LCI: No, Civic: No, capability(0x0521): ESS ShortPreamble SpectrumMgmt ShortSlotTime
02-14 14:51:03.315 D/LOWI-9.0.0.87.a( 1409): [LOWI-Scan] BSS 18:6f:2d:81:25:41 FREQ: 2437, cFreq1[40:80:160] = [2437:0:0] cFreq2 = 0 Country Code = CN
02-14 14:51:03.315 D/LOWI-9.0.0.87.a( 1409): [LOWI-Scan] BSS 18:6f:2d:81:25:41 (wlan0) ASSO: NO AddInfo: 0x0, TSF 0, 00:26:26.380, RSSI: -90, CPL: 127, AGE: 652, SSID Guest, TSFDelta: 0x8d82ee1a, TXRate: 0
02-14 14:51:03.315 D/LOWI-9.0.0.87.a( 1409): [LOWI-Scan]
02-14 14:51:03.315 D/LOWI-9.0.0.87.a( 1409): [LOWI-Scan] print_bss_handler: Report Probe TSF 1586382059 as it greater than Beacon TSF 1381713663
02-14 14:51:03.315 D/LOWI-9.0.0.87.a( 1409): [LOWI-Scan] decode_rsn_wpa_ie: LOWI_ENCRYPTION_TYPE_WPA_PSK
02-14 14:51:03.315 D/LOWI-9.0.0.87.a( 1409): [LOWI-Scan] is_qcom_ie, bss_age: 0
02-14 14:51:03.315 D/LOWI-9.0.0.87.a( 1409): [LOWI-Scan] BSS 18:6f:2d:81:25:42 LOWI_PHY_MODE_11NG_HT20(5), Beacon Interval: 100, LOWI_ENCRYPTION_TYPE_WPA_PSK 11mcRanging: No, ANQP: No, LCI: No, Civic: No, capability(0x0531): ESS Privacy ShortPreamble SpectrumMgmt ShortSlotTime
02-14 14:51:03.315 D/LOWI-9.0.0.87.a( 1409): [LOWI-Scan] BSS 18:6f:2d:81:25:42 FREQ: 2437, cFreq1[40:80:160] = [2437:0:0] cFreq2 = 0 Country Code = CN
02-14 14:51:03.315 D/LOWI-9.0.0.87.a( 1409): [LOWI-Scan] BSS 18:6f:2d:81:25:42 (wlan0) ASSO: NO AddInfo: 0x0, TSF 0, 00:26:26.382, RSSI: -90, CPL: 127, AGE: 652, SSID ThunderSoft_2.4G, TSFDelta: 0x8d8faf00, TXRate: 0
02-14 14:51:03.315 D/LOWI-9.0.0.87.a( 1409): [LOWI-Scan]
02-14 14:51:03.315 D/LOWI-9.0.0.87.a( 1409): [LOWI-Scan] print_bss_handler: Report Probe TSF 1586384094 as it greater than Beacon TSF 1381714813
02-14 14:51:03.315 D/LOWI-9.0.0.87.a( 1409): [LOWI-Scan] decode_rsn_wpa_ie: LOWI_ENCRYPTION_TYPE_WPA_PSK
02-14 14:51:03.315 D/LOWI-9.0.0.87.a( 1409): [LOWI-Scan] is_qcom_ie, bss_age: 0
02-14 14:51:03.315 D/LOWI-9.0.0.87.a( 1409): [LOWI-Scan] BSS 18:6f:2d:81:25:43 LOWI_PHY_MODE_11NG_HT20(5), Beacon Interval: 100, LOWI_ENCRYPTION_TYPE_WPA_PSK 11mcRanging: No, ANQP: No, LCI: No, Civic: No, capability(0x0531): ESS Privacy ShortPreamble SpectrumMgmt ShortSlotTime
02-14 14:51:03.315 D/LOWI-9.0.0.87.a( 1409): [LOWI-Scan] BSS 18:6f:2d:81:25:43 FREQ: 2437, cFreq1[40:80:160] = [2437:0:0] cFreq2 = 0 Country Code = CN
02-14 14:51:03.315 D/LOWI-9.0.0.87.a( 1409): [LOWI-Scan] BSS 18:6f:2d:81:25:43 (wlan0) ASSO: NO AddInfo: 0x0, TSF 0, 00:26:26.384, RSSI: -90, CPL: 127, AGE: 648, SSID ZXHY, TSFDelta: 0x8d9e22a4, TXRate: 0
02-14 14:51:03.315 D/LOWI-9.0.0.87.a( 1409): [LOWI-Scan]
02-14 14:51:03.315 D/LOWI-9.0.0.87.a( 1409): [LOWI-Scan] print_bss_handler: Report Probe TSF 1586386005 as it greater than Beacon TSF 1381718576
02-14 14:51:03.315 D/LOWI-9.0.0.87.a( 1409): [LOWI-Scan] decode_rsn_wpa_ie: LOWI_ENCRYPTION_TYPE_WPA_PSK
02-14 14:51:03.315 D/LOWI-9.0.0.87.a( 1409): [LOWI-Scan] is_qcom_ie, bss_age: 0
02-14 14:51:03.315 D/LOWI-9.0.0.87.a( 1409): [LOWI-Scan] BSS 18:6f:2d:81:25:44 LOWI_PHY_MODE_11NG_HT20(5), Beacon Interval: 100, LOWI_ENCRYPTION_TYPE_WPA_PSK 11mcRanging: No, ANQP: No, LCI: No, Civic: No, capability(0x0531): ESS Privacy ShortPreamble SpectrumMgmt ShortSlotTime
02-14 14:51:03.315 D/LOWI-9.0.0.87.a( 1409): [LOWI-Scan] BSS 18:6f:2d:81:25:44 FREQ: 2437, cFreq1[40:80:160] = [2437:0:0] cFreq2 = 0 Country Code = CN
02-14 14:51:03.315 D/LOWI-9.0.0.87.a( 1409): [LOWI-Scan] BSS 18:6f:2d:81:25:44 (wlan0) ASSO: NO AddInfo: 0x0, TSF 0, 00:26:26.386, RSSI: -90, CPL: 127, AGE: 648, SSID Fanya, TSFDelta: 0x8dac2cd6, TXRate: 0
02-14 14:51:03.315 D/LOWI-9.0.0.87.a( 1409): [LOWI-Scan]
02-14 14:51:03.315 D/LOWI-9.0.0.87.a( 1409): [LOWI-Scan] print_bss_handler: Report Probe TSF 1586403941 as it greater than Beacon TSF 1586354459
02-14 14:51:03.315 D/LOWI-9.0.0.87.a( 1409): [LOWI-Scan] decode_rsn_wpa_ie: LOWI_ENCRYPTION_TYPE_WPA_PSK
02-14 14:51:03.315 D/LOWI-9.0.0.87.a( 1409): [LOWI-Scan] is_qcom_ie, bss_age: 0
02-14 14:51:03.315 D/LOWI-9.0.0.87.a( 1409): [LOWI-Scan] BSS 18:6f:2d:81:16:f0 LOWI_PHY_MODE_11AC_VHT20(8), Beacon Interval: 100, LOWI_ENCRYPTION_TYPE_WPA_PSK 11mcRanging: No, ANQP: No, LCI: No, Civic: No, capability(0x0111): ESS Privacy SpectrumMgmt
02-14 14:51:03.315 D/LOWI-9.0.0.87.a( 1409): [LOWI-Scan] BSS 18:6f:2d:81:16:f0 FREQ: 5260, cFreq1[40:80:160] = [5260:0:0] cFreq2 = 0 Country Code = CN
02-14 14:51:03.315 D/LOWI-9.0.0.87.a( 1409): [LOWI-Scan] BSS 18:6f:2d:81:16:f0 (wlan0) ASSO: NO AddInfo: 0x0, TSF 0, 00:26:26.403, RSSI: -134, CPL: 127, AGE: 632, SSID Testing , TSFDelta: 0xa23b33ed, TXRate: 0
02-14 14:51:03.315 D/LOWI-9.0.0.87.a( 1409): [LOWI-Scan]
02-14 14:51:03.315 D/LOWI-9.0.0.87.a( 1409): [LOWI-Scan] print_bss_handler: Report Probe TSF 1586403984 as it greater than Beacon TSF 1586354783
02-14 14:51:03.315 D/LOWI-9.0.0.87.a( 1409): [LOWI-Scan] is_qcom_ie, bss_age: 0
02-14 14:51:03.315 D/LOWI-9.0.0.87.a( 1409): [LOWI-Scan] BSS 18:6f:2d:81:16:f1 LOWI_PHY_MODE_11AC_VHT20(8), Beacon Interval: 100, LOWI_ENCRYPTION_TYPE_OPEN 11mcRanging: No, ANQP: No, LCI: No, Civic: No, capability(0x0101): ESS SpectrumMgmt
02-14 14:51:03.315 D/LOWI-9.0.0.87.a( 1409): [LOWI-Scan] BSS 18:6f:2d:81:16:f1 FREQ: 5260, cFreq1[40:80:160] = [5260:0:0] cFreq2 = 0 Country Code = CN
02-14 14:51:03.315 D/LOWI-9.0.0.87.a( 1409): [LOWI-Scan] BSS 18:6f:2d:81:16:f1 (wlan0) ASSO: NO AddInfo: 0x0, TSF 0, 00:26:26.403, RSSI: -132, CPL: 127, AGE: 632, SSID Guest, TSFDelta: 0xa23e146b, TXRate: 0
02-14 14:51:03.315 D/LOWI-9.0.0.87.a( 1409): [LOWI-Scan]
02-14 14:51:03.315 D/LOWI-9.0.0.87.a( 1409): [LOWI-Scan] print_bss_handler: Report Probe TSF 1586404196 as it greater than Beacon TSF 1586354977
02-14 14:51:03.315 D/LOWI-9.0.0.87.a( 1409): [LOWI-Scan] decode_rsn_wpa_ie: LOWI_ENCRYPTION_TYPE_WPA_PSK
02-14 14:51:03.315 D/LOWI-9.0.0.87.a( 1409): [LOWI-Scan] is_qcom_ie, bss_age: 0
02-14 14:51:03.315 D/LOWI-9.0.0.87.a( 1409): [LOWI-Scan] BSS 18:6f:2d:81:16:f2 LOWI_PHY_MODE_11AC_VHT20(8), Beacon Interval: 100, LOWI_ENCRYPTION_TYPE_WPA_PSK 11mcRanging: No, ANQP: No, LCI: No, Civic: No, capability(0x0111): ESS Privacy SpectrumMgmt
02-14 14:51:03.315 D/LOWI-9.0.0.87.a( 1409): [LOWI-Scan] BSS 18:6f:2d:81:16:f2 FREQ: 5260, cFreq1[40:80:160] = [5260:0:0] cFreq2 = 0 Country Code = CN
02-14 14:51:03.315 D/LOWI-9.0.0.87.a( 1409): [LOWI-Scan] BSS 18:6f:2d:81:16:f2 (wlan0) ASSO: NO AddInfo: 0x0, TSF 0, 00:26:26.404, RSSI: -132, CPL: 127, AGE: 628, SSID ZXHY, TSFDelta: 0xa2477c65, TXRate: 0
02-14 14:51:03.315 D/LOWI-9.0.0.87.a( 1409): [LOWI-Scan]
02-14 14:51:03.315 D/LOWI-9.0.0.87.a( 1409): [LOWI-Scan] print_bss_handler: Report Probe TSF 1586677666 as it greater than Beacon TSF 1586637248
02-14 14:51:03.315 D/LOWI-9.0.0.87.a( 1409): [LOWI-Scan] decode_rsn_wpa_ie: LOWI_ENCRYPTION_TYPE_WPA_PSK
02-14 14:51:03.315 D/LOWI-9.0.0.87.a( 1409): [LOWI-Scan] is_qcom_ie, bss_age: 0
02-14 14:51:03.315 D/LOWI-9.0.0.87.a( 1409): [LOWI-Scan] BSS 5c:02:14:f9:4f:d2 LOWI_PHY_MODE_11AC_VHT20_2G(11), Beacon Interval: 100, LOWI_ENCRYPTION_TYPE_WPA_PSK 11mcRanging: No, ANQP: Yes, LCI: No, Civic: No, capability(0x1431): ESS Privacy ShortPreamble ShortSlotTime
02-14 14:51:03.315 D/LOWI-9.0.0.87.a( 1409): [LOWI-Scan] BSS 5c:02:14:f9:4f:d2 FREQ: 2452, cFreq1[40:80:160] = [0:0:0] cFreq2 = 0 Country Code = CN
02-14 14:51:03.315 D/LOWI-9.0.0.87.a( 1409): [LOWI-Scan] BSS 5c:02:14:f9:4f:d2 (wlan0) ASSO: NO AddInfo: 0x0, TSF 0, 00:26:26.677, RSSI: -78, CPL: 127, AGE: 356, SSID ThunderSoft_XTS_2.4G, TSFDelta: 0xc71f405f, TXRate: 0
02-14 14:51:03.315 D/LOWI-9.0.0.87.a( 1409): [LOWI-Scan]
02-14 14:51:03.315 D/LOWI-9.0.0.87.a( 1409): [LOWI-Scan] print_bss_handler: Report Probe TSF 1586624052 as it greater than Beacon TSF 541945456
02-14 14:51:03.315 D/LOWI-9.0.0.87.a( 1409): [LOWI-Scan] is_qcom_ie, bss_age: 0
02-14 14:51:03.315 D/LOWI-9.0.0.87.a( 1409): [LOWI-Scan] BSS 18:6f:2d:81:23:c1 LOWI_PHY_MODE_11NG_HT20(5), Beacon Interval: 100, LOWI_ENCRYPTION_TYPE_OPEN 11mcRanging: No, ANQP: No, LCI: No, Civic: No, capability(0x0521): ESS ShortPreamble SpectrumMgmt ShortSlotTime
02-14 14:51:03.315 D/LOWI-9.0.0.87.a( 1409): [LOWI-Scan] BSS 18:6f:2d:81:23:c1 FREQ: 2452, cFreq1[40:80:160] = [2452:0:0] cFreq2 = 0 Country Code = CN
02-14 14:51:03.315 D/LOWI-9.0.0.87.a( 1409): [LOWI-Scan] BSS 18:6f:2d:81:23:c1 (wlan0) ASSO: NO AddInfo: 0x0, TSF 0, 00:26:26.624, RSSI: -150, CPL: 127, AGE: 408, SSID Guest, TSFDelta: 0x9746f4f9, TXRate: 0
02-14 14:51:03.315 D/LOWI-9.0.0.87.a( 1409): [LOWI-Scan]
02-14 14:51:03.315 D/LOWI-9.0.0.87.a( 1409): [LOWI-Scan] print_bss_handler: Report Probe TSF 1587016528 as it greater than Beacon TSF 1587011925
02-14 14:51:03.315 D/LOWI-9.0.0.87.a( 1409): [LOWI-Scan] decode_rsn_wpa_ie: LOWI_ENCRYPTION_TYPE_WPA_PSK
02-14 14:51:03.315 D/LOWI-9.0.0.87.a( 1409): [LOWI-Scan] is_qcom_ie, bss_age: 0
02-14 14:51:03.315 D/LOWI-9.0.0.87.a( 1409): [LOWI-Scan] BSS 18:6f:2d:80:dd:60 LOWI_PHY_MODE_11NG_HT20(5), Beacon Interval: 100, LOWI_ENCRYPTION_TYPE_WPA_PSK 11mcRanging: No, ANQP: No, LCI: No, Civic: No, capability(0x0531): ESS Privacy ShortPreamble SpectrumMgmt ShortSlotTime
02-14 14:51:03.315 D/LOWI-9.0.0.87.a( 1409): [LOWI-Scan] BSS 18:6f:2d:80:dd:60 FREQ: 2472, cFreq1[40:80:160] = [2472:0:0] cFreq2 = 0 Country Code = CN
02-14 14:51:03.315 D/LOWI-9.0.0.87.a( 1409): [LOWI-Scan] BSS 18:6f:2d:80:dd:60 (wlan0) ASSO: NO AddInfo: 0x0, TSF 0, 00:26:27.016, RSSI: -118, CPL: 127, AGE: 16, SSID Testing , TSFDelta: 0xa1da0eb7, TXRate: 0
02-14 14:51:03.315 D/LOWI-9.0.0.87.a( 1409): [LOWI-Scan]
02-14 14:51:03.315 D/LOWI-9.0.0.87.a( 1409): [LOWI-Scan] print_bss_handler: Report Probe TSF 1587017629 as it greater than Beacon TSF 1587014218
02-14 14:51:03.315 D/LOWI-9.0.0.87.a( 1409): [LOWI-Scan] is_qcom_ie, bss_age: 0
02-14 14:51:03.315 D/LOWI-9.0.0.87.a( 1409): [LOWI-Scan] BSS 18:6f:2d:80:dd:61 LOWI_PHY_MODE_11NG_HT20(5), Beacon Interval: 100, LOWI_ENCRYPTION_TYPE_OPEN 11mcRanging: No, ANQP: No, LCI: No, Civic: No, capability(0x0521): ESS ShortPreamble SpectrumMgmt ShortSlotTime
02-14 14:51:03.315 D/LOWI-9.0.0.87.a( 1409): [LOWI-Scan] BSS 18:6f:2d:80:dd:61 FREQ: 2472, cFreq1[40:80:160] = [2472:0:0] cFreq2 = 0 Country Code = CN
02-14 14:51:03.315 D/LOWI-9.0.0.87.a( 1409): [LOWI-Scan] BSS 18:6f:2d:80:dd:61 (wlan0) ASSO: NO AddInfo: 0x0, TSF 0, 00:26:27.017, RSSI: -112, CPL: 127, AGE: 16, SSID Guest, TSFDelta: 0xa1e23997, TXRate: 0
02-14 14:51:03.315 D/LOWI-9.0.0.87.a( 1409): [LOWI-Scan]
02-14 14:51:03.315 D/LOWI-9.0.0.87.a( 1409): [LOWI-Scan] print_bss_handler: Report Probe TSF 1587018376 as it greater than Beacon TSF 1587014671
02-14 14:51:03.315 D/LOWI-9.0.0.87.a( 1409): [LOWI-Scan] decode_rsn_wpa_ie: LOWI_ENCRYPTION_TYPE_WPA_PSK
02-14 14:51:03.315 D/LOWI-9.0.0.87.a( 1409): [LOWI-Scan] is_qcom_ie, bss_age: 0
02-14 14:51:03.315 D/LOWI-9.0.0.87.a( 1409): [LOWI-Scan] BSS 18:6f:2d:80:dd:62 LOWI_PHY_MODE_11NG_HT20(5), Beacon Interval: 100, LOWI_ENCRYPTION_TYPE_WPA_PSK 11mcRanging: No, ANQP: No, LCI: No, Civic: No, capability(0x0531): ESS Privacy ShortPreamble SpectrumMgmt ShortSlotTime
02-14 14:51:03.315 D/LOWI-9.0.0.87.a( 1409): [LOWI-Scan] BSS 18:6f:2d:80:dd:62 FREQ: 2472, cFreq1[40:80:160] = [2472:0:0] cFreq2 = 0 Country Code = CN
02-14 14:51:03.315 D/LOWI-9.0.0.87.a( 1409): [LOWI-Scan] BSS 18:6f:2d:80:dd:62 (wlan0) ASSO: NO AddInfo: 0x0, TSF 0, 00:26:27.018, RSSI: -108, CPL: 127, AGE: 16, SSID ThunderSoft_2.4G, TSFDelta: 0xa1e7b3f0, TXRate: 0
02-14 14:51:03.315 D/LOWI-9.0.0.87.a( 1409): [LOWI-Scan]
02-14 14:51:03.315 D/LOWI-9.0.0.87.a( 1409): [LOWI-Scan] print_bss_handler: Report Probe TSF 1587022209 as it greater than Beacon TSF 1587015630
02-14 14:51:03.315 D/LOWI-9.0.0.87.a( 1409): [LOWI-Scan] decode_rsn_wpa_ie: LOWI_ENCRYPTION_TYPE_WPA_PSK
02-14 14:51:03.315 D/LOWI-9.0.0.87.a( 1409): [LOWI-Scan] is_qcom_ie, bss_age: 0
02-14 14:51:03.315 D/LOWI-9.0.0.87.a( 1409): [LOWI-Scan] BSS 18:6f:2d:80:dd:64 LOWI_PHY_MODE_11NG_HT20(5), Beacon Interval: 100, LOWI_ENCRYPTION_TYPE_WPA_PSK 11mcRanging: No, ANQP: No, LCI: No, Civic: No, capability(0x0531): ESS Privacy ShortPreamble SpectrumMgmt ShortSlotTime
02-14 14:51:03.316 D/LOWI-9.0.0.87.a( 1409): [LOWI-Scan] BSS 18:6f:2d:80:dd:64 FREQ: 2472, cFreq1[40:80:160] = [2472:0:0] cFreq2 = 0 Country Code = CN
02-14 14:51:03.316 D/LOWI-9.0.0.87.a( 1409): [LOWI-Scan] BSS 18:6f:2d:80:dd:64 (wlan0) ASSO: NO AddInfo: 0x0, TSF 0, 00:26:27.022, RSSI: -122, CPL: 127, AGE: 12, SSID Fanya, TSFDelta: 0xa2036b97, TXRate: 0
02-14 14:51:03.316 D/LOWI-9.0.0.87.a( 1409): [LOWI-Scan]
02-14 14:51:03.316 D/LOWI-9.0.0.87.a( 1409): [LOWI-Scan] print_bss_handler: Report Probe TSF 1587019252 as it greater than Beacon TSF 1587015310
02-14 14:51:03.316 D/LOWI-9.0.0.87.a( 1409): [LOWI-Scan] decode_rsn_wpa_ie: LOWI_ENCRYPTION_TYPE_WPA_PSK
02-14 14:51:03.316 D/LOWI-9.0.0.87.a( 1409): [LOWI-Scan] is_qcom_ie, bss_age: 0
02-14 14:51:03.316 D/LOWI-9.0.0.87.a( 1409): [LOWI-Scan] BSS 18:6f:2d:80:dd:63 LOWI_PHY_MODE_11NG_HT20(5), Beacon Interval: 100, LOWI_ENCRYPTION_TYPE_WPA_PSK 11mcRanging: No, ANQP: No, LCI: No, Civic: No, capability(0x0531): ESS Privacy ShortPreamble SpectrumMgmt ShortSlotTime
02-14 14:51:03.316 D/LOWI-9.0.0.87.a( 1409): [LOWI-Scan] BSS 18:6f:2d:80:dd:63 FREQ: 2472, cFreq1[40:80:160] = [2472:0:0] cFreq2 = 0 Country Code = CN
02-14 14:51:03.316 D/LOWI-9.0.0.87.a( 1409): [LOWI-Scan] BSS 18:6f:2d:80:dd:63 (wlan0) ASSO: NO AddInfo: 0x0, TSF 0, 00:26:27.019, RSSI: -110, CPL: 127, AGE: 16, SSID ZXHY, TSFDelta: 0xa1edd943, TXRate: 0
02-14 14:51:03.316 D/LOWI-9.0.0.87.a( 1409): [LOWI-Scan]
02-14 14:51:03.316 D/LOWI-9.0.0.87.a( 1409): [LOWI-Scan] print_bss_handler: Report Probe TSF 1585882264 as it greater than Beacon TSF 261219042
02-14 14:51:03.316 D/LOWI-9.0.0.87.a( 1409): [LOWI-Scan] decode_rsn_wpa_ie: LOWI_ENCRYPTION_TYPE_WPA_PSK
02-14 14:51:03.316 D/LOWI-9.0.0.87.a( 1409): [LOWI-Scan] is_qcom_ie, bss_age: 0
02-14 14:51:03.316 D/LOWI-9.0.0.87.a( 1409): [LOWI-Scan] BSS 38:a9:1c:35:03:09 LOWI_PHY_MODE_11AC_VHT80(10), Beacon Interval: 100, LOWI_ENCRYPTION_TYPE_WPA_PSK 11mcRanging: No, ANQP: No, LCI: No, Civic: No, capability(0x0511): ESS Privacy SpectrumMgmt ShortSlotTime
02-14 14:51:03.316 D/LOWI-9.0.0.87.a( 1409): [LOWI-Scan] BSS 38:a9:1c:35:03:09 FREQ: 5180, cFreq1[40:80:160] = [5190:5210:0] cFreq2 = 0 Country Code = US
02-14 14:51:03.316 D/LOWI-9.0.0.87.a( 1409): [LOWI-Scan] BSS 38:a9:1c:35:03:09 (wlan0) ASSO: NO AddInfo: 0x0, TSF 0, 00:26:25.882, RSSI: -36, CPL: 127, AGE: 1152, SSID H3C_350304_5G, TSFDelta: 0x236ecee8, TXRate: 0
02-14 14:51:03.316 D/LOWI-9.0.0.87.a( 1409): [LOWI-Scan]
02-14 14:51:03.316 D/LOWI-9.0.0.87.a( 1409): [LOWI-Scan] print_bss_handler: Report Probe TSF 1586406006 as it greater than Beacon TSF 1586357587
02-14 14:51:03.316 D/LOWI-9.0.0.87.a( 1409): [LOWI-Scan] decode_rsn_wpa_ie: LOWI_ENCRYPTION_TYPE_WPA_PSK
02-14 14:51:03.316 D/LOWI-9.0.0.87.a( 1409): [LOWI-Scan] is_qcom_ie, bss_age: 0
02-14 14:51:03.316 D/LOWI-9.0.0.87.a( 1409): [LOWI-Scan] BSS 18:6f:2d:80:dd:74 LOWI_PHY_MODE_11AC_VHT20(8), Beacon Interval: 100, LOWI_ENCRYPTION_TYPE_WPA_PSK 11mcRanging: No, ANQP: No, LCI: No, Civic: No, capability(0x0111): ESS Privacy SpectrumMgmt
02-14 14:51:03.316 D/LOWI-9.0.0.87.a( 1409): [LOWI-Scan] BSS 18:6f:2d:80:dd:74 FREQ: 5260, cFreq1[40:80:160] = [5260:0:0] cFreq2 = 0 Country Code = CN
02-14 14:51:03.316 D/LOWI-9.0.0.87.a( 1409): [LOWI-Scan] BSS 18:6f:2d:80:dd:74 (wlan0) ASSO: NO AddInfo: 0x0, TSF 0, 00:26:26.406, RSSI: -122, CPL: 127, AGE: 628, SSID ThunderSoft, TSFDelta: 0xa2fef11f, TXRate: 0
02-14 14:51:03.316 D/LOWI-9.0.0.87.a( 1409): [LOWI-Scan]
02-14 14:51:03.316 D/LOWI-9.0.0.87.a( 1409): [LOWI-Scan] print_bss_handler: Report Probe TSF 1586407461 as it greater than Beacon TSF 1586357930
02-14 14:51:03.316 D/LOWI-9.0.0.87.a( 1409): [LOWI-Scan] decode_rsn_wpa_ie: LOWI_ENCRYPTION_TYPE_WPA_PSK
02-14 14:51:03.316 D/LOWI-9.0.0.87.a( 1409): [LOWI-Scan] is_qcom_ie, bss_age: 0
02-14 14:51:03.316 D/LOWI-9.0.0.87.a( 1409): [LOWI-Scan] BSS 18:6f:2d:80:dd:75 LOWI_PHY_MODE_11AC_VHT20(8), Beacon Interval: 100, LOWI_ENCRYPTION_TYPE_WPA_PSK 11mcRanging: No, ANQP: No, LCI: No, Civic: No, capability(0x0111): ESS Privacy SpectrumMgmt
02-14 14:51:03.316 D/LOWI-9.0.0.87.a( 1409): [LOWI-Scan] BSS 18:6f:2d:80:dd:75 FREQ: 5260, cFreq1[40:80:160] = [5260:0:0] cFreq2 = 0 Country Code = CN
02-14 14:51:03.316 D/LOWI-9.0.0.87.a( 1409): [LOWI-Scan] BSS 18:6f:2d:80:dd:75 (wlan0) ASSO: NO AddInfo: 0x0, TSF 0, 00:26:26.407, RSSI: -124, CPL: 127, AGE: 628, SSID GM, TSFDelta: 0xa309b361, TXRate: 0
02-14 14:51:03.316 D/LOWI-9.0.0.87.a( 1409): [LOWI-Scan]
02-14 14:51:03.316 D/LOWI-9.0.0.87.a( 1409): [LOWI-Scan] print_bss_handler: Report Probe TSF 1586403912 as it greater than Beacon TSF 1586356410
02-14 14:51:03.316 D/LOWI-9.0.0.87.a( 1409): [LOWI-Scan] decode_rsn_wpa_ie: LOWI_ENCRYPTION_TYPE_WPA_PSK
02-14 14:51:03.316 D/LOWI-9.0.0.87.a( 1409): [LOWI-Scan] is_qcom_ie, bss_age: 0
02-14 14:51:03.316 D/LOWI-9.0.0.87.a( 1409): [LOWI-Scan] BSS 18:6f:2d:80:dd:70 LOWI_PHY_MODE_11AC_VHT20(8), Beacon Interval: 100, LOWI_ENCRYPTION_TYPE_WPA_PSK 11mcRanging: No, ANQP: No, LCI: No, Civic: No, capability(0x0111): ESS Privacy SpectrumMgmt
02-14 14:51:03.316 D/LOWI-9.0.0.87.a( 1409): [LOWI-Scan] BSS 18:6f:2d:80:dd:70 FREQ: 5260, cFreq1[40:80:160] = [5260:0:0] cFreq2 = 0 Country Code = CN
02-14 14:51:03.316 D/LOWI-9.0.0.87.a( 1409): [LOWI-Scan] BSS 18:6f:2d:80:dd:70 (wlan0) ASSO: NO AddInfo: 0x0, TSF 0, 00:26:26.403, RSSI: -122, CPL: 127, AGE: 632, SSID Testing , TSFDelta: 0xa2e2c815, TXRate: 0
02-14 14:51:03.316 D/LOWI-9.0.0.87.a( 1409): [LOWI-Scan]
02-14 14:51:03.316 D/LOWI-9.0.0.87.a( 1409): [LOWI-Scan] print_bss_handler: Report Probe TSF 1586404031 as it greater than Beacon TSF 1586356679
02-14 14:51:03.316 D/LOWI-9.0.0.87.a( 1409): [LOWI-Scan] is_qcom_ie, bss_age: 0
02-14 14:51:03.316 D/LOWI-9.0.0.87.a( 1409): [LOWI-Scan] BSS 18:6f:2d:80:dd:71 LOWI_PHY_MODE_11AC_VHT20(8), Beacon Interval: 100, LOWI_ENCRYPTION_TYPE_OPEN 11mcRanging: No, ANQP: No, LCI: No, Civic: No, capability(0x0101): ESS SpectrumMgmt
02-14 14:51:03.316 D/LOWI-9.0.0.87.a( 1409): [LOWI-Scan] BSS 18:6f:2d:80:dd:71 FREQ: 5260, cFreq1[40:80:160] = [5260:0:0] cFreq2 = 0 Country Code = CN
02-14 14:51:03.316 D/LOWI-9.0.0.87.a( 1409): [LOWI-Scan] BSS 18:6f:2d:80:dd:71 (wlan0) ASSO: NO AddInfo: 0x0, TSF 0, 00:26:26.404, RSSI: -124, CPL: 127, AGE: 628, SSID Guest, TSFDelta: 0xa2eaae1c, TXRate: 0
02-14 14:51:03.316 D/LOWI-9.0.0.87.a( 1409): [LOWI-Scan]
02-14 14:51:03.316 D/LOWI-9.0.0.87.a( 1409): [LOWI-Scan] print_bss_handler: Report Probe TSF 1586404103 as it greater than Beacon TSF 1101681309
02-14 14:51:03.316 D/LOWI-9.0.0.87.a( 1409): [LOWI-Scan] decode_rsn_wpa_ie: LOWI_ENCRYPTION_TYPE_WPA_PSK
02-14 14:51:03.316 D/LOWI-9.0.0.87.a( 1409): [LOWI-Scan] is_qcom_ie, bss_age: 0
02-14 14:51:03.316 D/LOWI-9.0.0.87.a( 1409): [LOWI-Scan] BSS 18:6f:2d:80:dd:72 LOWI_PHY_MODE_11AC_VHT20(8), Beacon Interval: 100, LOWI_ENCRYPTION_TYPE_WPA_PSK 11mcRanging: No, ANQP: No, LCI: No, Civic: No, capability(0x0111): ESS Privacy SpectrumMgmt
02-14 14:51:03.316 D/LOWI-9.0.0.87.a( 1409): [LOWI-Scan] BSS 18:6f:2d:80:dd:72 FREQ: 5260, cFreq1[40:80:160] = [5260:0:0] cFreq2 = 0 Country Code = CN
02-14 14:51:03.316 D/LOWI-9.0.0.87.a( 1409): [LOWI-Scan] BSS 18:6f:2d:80:dd:72 (wlan0) ASSO: NO AddInfo: 0x0, TSF 0, 00:26:26.404, RSSI: -124, CPL: 127, AGE: 628, SSID ZXHY, TSFDelta: 0xa2eefa01, TXRate: 0
02-14 14:51:03.316 D/LOWI-9.0.0.87.a( 1409): [LOWI-Scan]
02-14 14:51:03.316 D/LOWI-9.0.0.87.a( 1409): [LOWI-Scan] print_bss_handler: Report Probe TSF 1586404865 as it greater than Beacon TSF 1586355804
02-14 14:51:03.316 D/LOWI-9.0.0.87.a( 1409): [LOWI-Scan] decode_rsn_wpa_ie: LOWI_ENCRYPTION_TYPE_WPA_PSK
02-14 14:51:03.316 D/LOWI-9.0.0.87.a( 1409): [LOWI-Scan] is_qcom_ie, bss_age: 0
02-14 14:51:03.316 D/LOWI-9.0.0.87.a( 1409): [LOWI-Scan] BSS 18:6f:2d:81:16:f3 LOWI_PHY_MODE_11AC_VHT20(8), Beacon Interval: 100, LOWI_ENCRYPTION_TYPE_WPA_PSK 11mcRanging: No, ANQP: No, LCI: No, Civic: No, capability(0x0111): ESS Privacy SpectrumMgmt
02-14 14:51:03.316 D/LOWI-9.0.0.87.a( 1409): [LOWI-Scan] BSS 18:6f:2d:81:16:f3 FREQ: 5260, cFreq1[40:80:160] = [5260:0:0] cFreq2 = 0 Country Code = CN
02-14 14:51:03.316 D/LOWI-9.0.0.87.a( 1409): [LOWI-Scan] BSS 18:6f:2d:81:16:f3 (wlan0) ASSO: NO AddInfo: 0x0, TSF 0, 00:26:26.404, RSSI: -134, CPL: 127, AGE: 628, SSID Fanya, TSFDelta: 0xa24c9f36, TXRate: 0
02-14 14:51:03.316 D/LOWI-9.0.0.87.a( 1409): [LOWI-Scan]
02-14 14:51:03.316 D/LOWI-9.0.0.87.a( 1409): [LOWI-Scan] print_bss_handler: Report Probe TSF 1586405623 as it greater than Beacon TSF 1101681580
02-14 14:51:03.316 D/LOWI-9.0.0.87.a( 1409): [LOWI-Scan] decode_rsn_wpa_ie: LOWI_ENCRYPTION_TYPE_WPA_PSK
02-14 14:51:03.316 D/LOWI-9.0.0.87.a( 1409): [LOWI-Scan] is_qcom_ie, bss_age: 0
02-14 14:51:03.316 D/LOWI-9.0.0.87.a( 1409): [LOWI-Scan] BSS 18:6f:2d:80:dd:73 LOWI_PHY_MODE_11AC_VHT20(8), Beacon Interval: 100, LOWI_ENCRYPTION_TYPE_WPA_PSK 11mcRanging: No, ANQP: No, LCI: No, Civic: No, capability(0x0111): ESS Privacy SpectrumMgmt
02-14 14:51:03.316 D/LOWI-9.0.0.87.a( 1409): [LOWI-Scan] BSS 18:6f:2d:80:dd:73 FREQ: 5260, cFreq1[40:80:160] = [5260:0:0] cFreq2 = 0 Country Code = CN
02-14 14:51:03.316 D/LOWI-9.0.0.87.a( 1409): [LOWI-Scan] BSS 18:6f:2d:80:dd:73 (wlan0) ASSO: NO AddInfo: 0x0, TSF 0, 00:26:26.405, RSSI: -124, CPL: 127, AGE: 628, SSID Fanya, TSFDelta: 0xa2fc1d92, TXRate: 0
02-14 14:51:03.316 D/LOWI-9.0.0.87.a( 1409): [LOWI-Scan]
02-14 14:51:03.316 D/LOWI-9.0.0.87.a( 1409): [LOWI-Scan] print_bss_handler: Report Probe TSF 1586219321 as it greater than Beacon TSF 1381505574
02-14 14:51:03.316 D/LOWI-9.0.0.87.a( 1409): [LOWI-Scan] is_qcom_ie, bss_age: 0
02-14 14:51:03.316 D/LOWI-9.0.0.87.a( 1409): [LOWI-Scan] BSS 18:6f:2d:0a:b8:51 LOWI_PHY_MODE_11AC_VHT20(8), Beacon Interval: 100, LOWI_ENCRYPTION_TYPE_OPEN 11mcRanging: No, ANQP: No, LCI: No, Civic: No, capability(0x0101): ESS SpectrumMgmt
02-14 14:51:03.316 D/LOWI-9.0.0.87.a( 1409): [LOWI-Scan] BSS 18:6f:2d:0a:b8:51 FREQ: 5785, cFreq1[40:80:160] = [5785:0:0] cFreq2 = 0 Country Code = CN
02-14 14:51:03.316 D/LOWI-9.0.0.87.a( 1409): [LOWI-Scan] BSS 18:6f:2d:0a:b8:51 (wlan0) ASSO: NO AddInfo: 0x0, TSF 0, 00:26:26.219, RSSI: -144, CPL: 127, AGE: 816, SSID Guest, TSFDelta: 0x21fcf1ce, TXRate: 0
02-14 14:51:03.316 D/LOWI-9.0.0.87.a( 1409): [LOWI-Scan]
02-14 14:51:03.316 D/LOWI-9.0.0.87.a( 1409): [LOWI-Scan] print_bss_handler: Report Probe TSF 1585905347 as it greater than Beacon TSF 1101278276
02-14 14:51:03.316 D/LOWI-9.0.0.87.a( 1409): [LOWI-Scan] decode_rsn_wpa_ie: LOWI_ENCRYPTION_TYPE_WPA_PSK
02-14 14:51:03.316 D/LOWI-9.0.0.87.a( 1409): [LOWI-Scan] is_qcom_ie, bss_age: 0
02-14 14:51:03.316 D/LOWI-9.0.0.87.a( 1409): [LOWI-Scan] BSS 6c:b0:ce:42:57:6f LOWI_PHY_MODE_11NG_HT20(5), Beacon Interval: 100, LOWI_ENCRYPTION_TYPE_WPA_PSK 11mcRanging: No, ANQP: No, LCI: No, Civic: No, capability(0x1411): ESS Privacy ShortSlotTime
02-14 14:51:03.316 D/LOWI-9.0.0.87.a( 1409): [LOWI-Scan] BSS 6c:b0:ce:42:57:6f FREQ: 2412, cFreq1[40:80:160] = [0:0:0] cFreq2 = 0 Country Code =
02-14 14:51:03.316 D/LOWI-9.0.0.87.a( 1409): [LOWI-Scan] BSS 6c:b0:ce:42:57:6f (wlan0) ASSO: NO AddInfo: 0x0, TSF 0, 00:26:25.905, RSSI: -126, CPL: 127, AGE: 1128, SSID NETGEAR60, TSFDelta: 0x564f51a5, TXRate: 0
02-14 14:51:03.316 D/LOWI-9.0.0.87.a( 1409): [LOWI-Scan]
02-14 14:51:03.316 D/LOWI-9.0.0.87.a( 1409): [LOWI-Scan] print_bss_handler: Report Probe TSF 1586405209 as it greater than Beacon TSF 1586355844
02-14 14:51:03.316 D/LOWI-9.0.0.87.a( 1409): [LOWI-Scan] decode_rsn_wpa_ie: LOWI_ENCRYPTION_TYPE_WPA_PSK
02-14 14:51:03.316 D/LOWI-9.0.0.87.a( 1409): [LOWI-Scan] is_qcom_ie, bss_age: 0
02-14 14:51:03.316 D/LOWI-9.0.0.87.a( 1409): [LOWI-Scan] BSS 18:6f:2d:81:16:f4 LOWI_PHY_MODE_11AC_VHT20(8), Beacon Interval: 100, LOWI_ENCRYPTION_TYPE_WPA_PSK 11mcRanging: No, ANQP: No, LCI: No, Civic: No, capability(0x0111): ESS Privacy SpectrumMgmt
02-14 14:51:03.316 D/LOWI-9.0.0.87.a( 1409): [LOWI-Scan] BSS 18:6f:2d:81:16:f4 FREQ: 5260, cFreq1[40:80:160] = [5260:0:0] cFreq2 = 0 Country Code = CN
02-14 14:51:03.316 D/LOWI-9.0.0.87.a( 1409): [LOWI-Scan] BSS 18:6f:2d:81:16:f4 (wlan0) ASSO: NO AddInfo: 0x0, TSF 0, 00:26:26.405, RSSI: -132, CPL: 127, AGE: 628, SSID ThunderSoft, TSFDelta: 0xa24f2f7f, TXRate: 0
02-14 14:51:03.316 D/LOWI-9.0.0.87.a( 1409): [LOWI-Scan]
02-14 14:51:03.316 D/LOWI-9.0.0.87.a( 1409): [LOWI-Scan] print_bss_handler: Report Probe TSF 1586406670 as it greater than Beacon TSF 1586356067
02-14 14:51:03.316 D/LOWI-9.0.0.87.a( 1409): [LOWI-Scan] decode_rsn_wpa_ie: LOWI_ENCRYPTION_TYPE_WPA_PSK
02-14 14:51:03.316 D/LOWI-9.0.0.87.a( 1409): [LOWI-Scan] is_qcom_ie, bss_age: 0
02-14 14:51:03.316 D/LOWI-9.0.0.87.a( 1409): [LOWI-Scan] BSS 18:6f:2d:81:16:f5 LOWI_PHY_MODE_11AC_VHT20(8), Beacon Interval: 100, LOWI_ENCRYPTION_TYPE_WPA_PSK 11mcRanging: No, ANQP: No, LCI: No, Civic: No, capability(0x0111): ESS Privacy SpectrumMgmt
