02-14 14:51:15.043 V/GameMode_GameTypeUtils( 2109): judge isGame:com.android.settings
02-14 14:51:15.043 I/FgBoostPerfService( 2109): [GetGpuDpiType] isMode=1 isGame=false mGpuDpiType=0
02-14 14:51:15.043 I/thunderperf( 1257): Current app pkgName=com.android.settings bm:com.thundercomm.perf.BoostPerfManager@ac0cef7 gpuMode=-1 gpuType=-1
02-14 14:51:15.043 I/ThunderBoostPerfService( 1257): Resolution: Uid=10079 Pid=2598 gMode=-1 dType=-1
02-14 14:51:15.045 I/thunderperf( 1257): PlatormCompat.setOverrides: Uid1=10079 Pid1=2598 Uid2=10079 Pid2=2598
02-14 14:51:15.045 I/thunderperf( 1257): PlatormCompat.setOverrides: needCheck:false
02-14 14:51:15.047 D/audio_hw_primary( 812): out_set_parameters: enter: usecase(1: low-latency-playback) kvpairs: suspend_playback=true
02-14 14:51:15.047 D/audio_hw_extn( 812): audio_extn_fm_set_parameters: Enter
02-14 14:51:15.048 D/msm8974_platform( 812): platform_split_snd_device: snd_device(2) num devices(1) new_snd_devices(0)
02-14 14:51:15.048 D/ACDB-LOADER( 812): ACDB -> send_audvoltable
02-14 14:51:15.048 D/ACDB-LOADER( 812): ACDB -> ACDB_CMD_GET_AUDPROC_INSTANCE_GAIN_DEP_STEP_TABLE_SIZE
02-14 14:51:15.048 D/ACDB-LOADER( 812): ACDB -> ACDB_CMD_GET_AUDPROC_INSTANCE_GAIN_DEP_STEP_TABLE, vol index 0
02-14 14:51:15.048 D/ACDB-LOADER( 812): ACDB -> AUDIO_SET_VOL_CAL cal type = 40
02-14 14:51:15.049 D/msm8974_platform( 812): platform_split_snd_device: snd_device(2) num devices(1) new_snd_devices(0)
02-14 14:51:15.049 I/thunderperf( 1257): CompatConfig.addOverrideUnsafe: bef-state=1
02-14 14:51:15.049 I/thunderperf( 1257): CompatConfig.addOverrideUnsafe: aft-state=0
02-14 14:51:15.053 I/thunderperf( 1257): CompatConfig.addOverrideUnsafe: bef-state=1
02-14 14:51:15.053 I/thunderperf( 1257): CompatConfig.addOverrideUnsafe: aft-state=0
02-14 14:51:15.054 I/thunderperf( 1257): CompatConfig.addOverrideUnsafe: bef-state=1
02-14 14:51:15.054 I/thunderperf( 1257): CompatConfig.addOverrideUnsafe: aft-state=0
02-14 14:51:15.054 I/thunderperf( 1257): CompatConfig.addOverrideUnsafe: bef-state=1
02-14 14:51:15.055 I/thunderperf( 1257): CompatConfig.addOverrideUnsafe: aft-state=0
02-14 14:51:15.055 I/thunderperf( 1257): CompatConfig.addOverrideUnsafe: bef-state=1
02-14 14:51:15.055 I/thunderperf( 1257): CompatConfig.addOverrideUnsafe: aft-state=0
02-14 14:51:15.057 I/thunderperf( 1257): CompatConfig.addOverrideUnsafe: bef-state=1
02-14 14:51:15.057 I/thunderperf( 1257): CompatConfig.addOverrideUnsafe: aft-state=0
02-14 14:51:15.058 I/thunderperf( 1257): CompatConfig.addOverrideUnsafe: bef-state=1
02-14 14:51:15.058 I/thunderperf( 1257): CompatConfig.addOverrideUnsafe: aft-state=0
02-14 14:51:15.058 I/thunderperf( 1257): CompatConfig.addOverrideUnsafe: bef-state=1
02-14 14:51:15.058 I/thunderperf( 1257): CompatConfig.addOverrideUnsafe: aft-state=0
02-14 14:51:15.059 I/thunderperf( 1257): CompatConfig.addOverrideUnsafe: bef-state=1
02-14 14:51:15.059 I/thunderperf( 1257): CompatConfig.addOverrideUnsafe: aft-state=0
02-14 14:51:15.059 I/thunderperf( 1257): CompatConfig.addOverrideUnsafe: bef-state=1
02-14 14:51:15.060 I/thunderperf( 1257): CompatConfig.addOverrideUnsafe: aft-state=0
02-14 14:51:15.060 I/thunderperf( 1257): CompatConfig.addOverrideUnsafe: bef-state=1
02-14 14:51:15.060 I/thunderperf( 1257): CompatConfig.addOverrideUnsafe: aft-state=0
02-14 14:51:15.060 I/thunderperf( 1257): CompatConfig.addOverrideUnsafe: bef-state=1
02-14 14:51:15.061 I/thunderperf( 1257): CompatConfig.addOverrideUnsafe: aft-state=0
02-14 14:51:15.061 I/thunderperf( 1257): CompatConfig.addOverrideUnsafe: bef-state=1
02-14 14:51:15.061 I/thunderperf( 1257): CompatConfig.addOverrideUnsafe: aft-state=0
02-14 14:51:15.062 I/thunderperf( 1257): CompatConfig.addOverrideUnsafe: bef-state=1
02-14 14:51:15.062 I/thunderperf( 1257): CompatConfig.addOverrideUnsafe: aft-state=0
02-14 14:51:15.065 I/ThunderBoostPerfService( 1257): Disable downscaling com.android.settings to 2380x1020
02-14 14:51:15.067 I/EventSequenceValidator( 1257): inc AccIntentStartedEvents to 2
02-14 14:51:15.067 I/ActivityTaskManager( 1257): START u0 {act=android.intent.action.MAIN cat=[android.intent.category.LAUNCHER] flg=0x10200000 cmp=com.android.settings/.Settings bnds=[2128,710][2314,910]} from uid 10079
02-14 14:51:15.069 I/wm_task_moved( 1257): [19,1,6]
02-14 14:51:15.069 I/wm_task_to_front( 1257): [0,19]
02-14 14:51:15.070 I/wm_focused_root_task( 1257): [0,0,19,12,bringingFoundTaskToFront]
02-14 14:51:15.070 I/wm_set_resumed_activity( 1257): [0,com.android.settings/.Settings,bringingFoundTaskToFront]
02-14 14:51:15.070 I/wm_new_intent( 1257): [0,8998402,19,com.android.settings/.Settings,android.intent.action.MAIN,NULL,NULL,270532608]
02-14 14:51:15.071 D/CompatibilityChangeReporter( 1257): Compat change id reported: 168419799; UID 1000; state: DISABLED
02-14 14:51:15.071 D/CompatibilityInfo( 1257): mCompatibilityFlags - 4
02-14 14:51:15.071 D/CompatibilityInfo( 1257): applicationDensity - 240
02-14 14:51:15.071 D/CompatibilityInfo( 1257): applicationScale - 1.0
02-14 14:51:15.072 D/ActivityTrigger( 1257): ActivityTrigger activityPauseTrigger
02-14 14:51:15.073 I/wm_pause_activity( 1257): [0,190679017,com.android.launcher3/.uioverrides.QuickstepLauncher,userLeaving=true,pauseBackTasks]
02-14 14:51:15.079 I/wm_on_top_resumed_lost_called( 2598): [190679017,com.android.launcher3.uioverrides.QuickstepLauncher,topStateChangedWhenResumed]
02-14 14:51:15.080 I/wm_on_paused_called( 2598): [190679017,com.android.launcher3.uioverrides.QuickstepLauncher,performPause]
02-14 14:51:15.085 I/ActivityTaskManager( 1257): FOREGROUND_APPLICATION_CHANGED to com.android.settings.homepage.SettingsHomepageActivity
02-14 14:51:15.087 I/wm_set_resumed_activity( 1257): [0,com.android.settings/.Settings,resumeTopActivityInnerLocked]
02-14 14:51:15.087 I/wm_add_to_stopping( 1257): [0,190679017,com.android.launcher3/.uioverrides.QuickstepLauncher,makeInvisible]
02-14 14:51:15.088 D/CompatibilityChangeReporter( 1257): Compat change id reported: 174042980; UID 1000; state: DISABLED
02-14 14:51:15.089 I/wm_resume_activity( 1257): [0,8998402,19,com.android.settings/.Settings]
02-14 14:51:15.101 I/GameMode_ActivityMonitoringService( 2109): onForegroundActivitiesChanged uid 1000 pid 5019 fg true
02-14 14:51:15.109 I/sysui_multi_action( 1257): [757,803,799,window_time_0,802,6]
02-14 14:51:15.110 I/input_focus( 1257): [Focus leaving eca6b19 com.android.launcher3/com.android.launcher3.uioverrides.QuickstepLauncher (server),reason=NO_WINDOW]
02-14 14:51:15.113 I/wm_on_restart_called( 5019): [8998402,com.android.settings.Settings,performRestartActivity]
02-14 14:51:15.114 W/BatteryBroadcastRcvr( 5019): Problem reading the battery meter.
02-14 14:51:15.117 D/ConnectivityService( 1257): requestNetwork for uid/pid:1000/5019 activeRequest: null callbackRequest: 62 [NetworkRequest [ REQUEST id=63, [ Capabilities: INTERNET&NOT_RESTRICTED&TRUSTED&NOT_VCN_MANAGED Uid: 1000 RequestorUid: 1000 RequestorPkg: com.android.settings] ]] callback flags: 0 priority: 2147483647
02-14 14:51:15.117 I/GameMode_ActivityMonitoringService( 2109): Updating top task to: TaskInfoContainer [topActivity=ComponentInfo{com.android.settings/com.android.settings.Settings}, taskId=19, stackId=19, userId=0, displayId=0, position=6
02-14 14:51:15.117 I/GameMode_ActivityMonitoringService( 2109): Notifying about top task: TaskInfoContainer [topActivity=ComponentInfo{com.android.settings/com.android.settings.Settings}, taskId=19, stackId=19, userId=0, displayId=0, position=6
02-14 14:51:15.117 I/GameMode_ActivityMonitoringService( 2109): WindowMode: 1
02-14 14:51:15.117 D/ConnectivityService( 1257): NetReassign [no changes]
02-14 14:51:15.117 E/GameMode_ActivityMonitoringService( 2109): onActivityLaunch:com.android.settings
02-14 14:51:15.117 V/GameMode_GameTypeUtils( 2109): judge isGame:com.android.settings
02-14 14:51:15.118 V/GameMode_GpuUtils( 2109): fps:60
02-14 14:51:15.118 D/Ethernet( 1257): got request NetworkRequest [ REQUEST id=63, [ Capabilities: INTERNET&NOT_RESTRICTED&TRUSTED&NOT_VCN_MANAGED Uid: 1000 RequestorUid: 1000 RequestorPkg: com.android.settings] ]
02-14 14:51:15.118 D/EthernetNetworkFactory( 1257): acceptRequest, request: NetworkRequest [ REQUEST id=63, [ Capabilities: INTERNET&NOT_RESTRICTED&TRUSTED&NOT_VCN_MANAGED Uid: 1000 RequestorUid: 1000 RequestorPkg: com.android.settings] ]
02-14 14:51:15.118 D/ConnectivityService( 1257): requestNetwork for uid/pid:1000/5019 activeRequest: null callbackRequest: 65 [NetworkRequest [ REQUEST id=66, [ Capabilities: INTERNET&NOT_RESTRICTED&TRUSTED&NOT_VCN_MANAGED Uid: 1000 RequestorUid: 1000 RequestorPkg: com.android.settings] ]] callback flags: 0 priority: 2147483647
02-14 14:51:15.118 I/EthernetNetworkFactory( 1257): networkForRequest, request: NetworkRequest [ REQUEST id=63, [ Capabilities: INTERNET&NOT_RESTRICTED&TRUSTED&NOT_VCN_MANAGED Uid: 1000 RequestorUid: 1000 RequestorPkg: com.android.settings] ], network: null
02-14 14:51:15.118 D/WifiNetworkFactory( 1257): got request NetworkRequest [ REQUEST id=63, [ Capabilities: INTERNET&NOT_RESTRICTED&TRUSTED&NOT_VCN_MANAGED Uid: 1000 RequestorUid: 1000 RequestorPkg: com.android.settings] ]
02-14 14:51:15.118 D/UntrustedWifiNetworkFactory( 1257): got request NetworkRequest [ REQUEST id=63, [ Capabilities: INTERNET&NOT_RESTRICTED&TRUSTED&NOT_VCN_MANAGED Uid: 1000 RequestorUid: 1000 RequestorPkg: com.android.settings] ]
02-14 14:51:15.118 D/OemPaidWifiNetworkFactory( 1257): got request NetworkRequest [ REQUEST id=63, [ Capabilities: INTERNET&NOT_RESTRICTED&TRUSTED&NOT_VCN_MANAGED Uid: 1000 RequestorUid: 1000 RequestorPkg: com.android.settings] ]
02-14 14:51:15.118 D/ConnectivityService( 1257): NetReassign [no changes]
02-14 14:51:15.119 D/ConnectivityService( 1257): NetReassign [no changes]
02-14 14:51:15.119 I/TetheringManager( 5019): registerTetheringEventCallback caller:com.android.settings
02-14 14:51:15.119 D/Ethernet( 1257): got request NetworkRequest [ REQUEST id=66, [ Capabilities: INTERNET&NOT_RESTRICTED&TRUSTED&NOT_VCN_MANAGED Uid: 1000 RequestorUid: 1000 RequestorPkg: com.android.settings] ]
02-14 14:51:15.119 D/EthernetNetworkFactory( 1257): acceptRequest, request: NetworkRequest [ REQUEST id=66, [ Capabilities: INTERNET&NOT_RESTRICTED&TRUSTED&NOT_VCN_MANAGED Uid: 1000 RequestorUid: 1000 RequestorPkg: com.android.settings] ]
02-14 14:51:15.119 I/EthernetNetworkFactory( 1257): networkForRequest, request: NetworkRequest [ REQUEST id=66, [ Capabilities: INTERNET&NOT_RESTRICTED&TRUSTED&NOT_VCN_MANAGED Uid: 1000 RequestorUid: 1000 RequestorPkg: com.android.settings] ], network: null
02-14 14:51:15.120 D/WifiNetworkFactory( 1257): got request NetworkRequest [ REQUEST id=66, [ Capabilities: INTERNET&NOT_RESTRICTED&TRUSTED&NOT_VCN_MANAGED Uid: 1000 RequestorUid: 1000 RequestorPkg: com.android.settings] ]
02-14 14:51:15.120 D/UntrustedWifiNetworkFactory( 1257): got request NetworkRequest [ REQUEST id=66, [ Capabilities: INTERNET&NOT_RESTRICTED&TRUSTED&NOT_VCN_MANAGED Uid: 1000 RequestorUid: 1000 RequestorPkg: com.android.settings] ]
02-14 14:51:15.120 D/OemPaidWifiNetworkFactory( 1257): got request NetworkRequest [ REQUEST id=66, [ Capabilities: INTERNET&NOT_RESTRICTED&TRUSTED&NOT_VCN_MANAGED Uid: 1000 RequestorUid: 1000 RequestorPkg: com.android.settings] ]
02-14 14:51:15.121 I/wm_on_start_called( 5019): [8998402,com.android.settings.Settings,handleStartActivity]
02-14 14:51:15.121 D/GameMode_GameModeActionUtils( 2109): Show GameMode entry by service!
02-14 14:51:15.121 W/ContextImpl( 2109): Calling a method in the system process without a qualified user: android.app.ContextImpl.startService:1816 android.content.ContextWrapper.startService:774 com.thundercomm.gamemode.ingame.services.GameModeActionUtils.startGameModeService:111 com.thundercomm.gamemode.ingame.services.GameModeActionUtils.startGameModeEntry:22 com.thundercomm.gamemode.ingame.services.ActivityMonitoringService$1.onActivityLaunch:139
02-14 14:51:15.121 I/snet_event_log( 5019): [120484087,-1,]
02-14 14:51:15.122 I/wm_on_resume_called( 5019): [8998402,com.android.settings.Settings,RESUME_ACTIVITY]
02-14 14:51:15.122 I/sysui_multi_action( 5019): [757,35,758,1,833,0,1089,0]
02-14 14:51:15.123 D/GameMode_GameModeService( 2109): type=hide_entry
02-14 14:51:15.123 D/GameModeIF_GameModeSettings( 2109): getUriFor setting_content_uri_root = content://com.thundercomm.gamemode.api/gamemode_settings , name = gamemode_isgaming
02-14 14:51:15.125 D/UsageGraph( 5019): No enabled state changed, skipping updateCategory call
02-14 14:51:15.128 I/GameModeConfig( 1257): Current uri is uri = content://com.thundercomm.gamemode.api/gamemode_settings/gamemode_isgaming
02-14 14:51:15.128 D/GameMode_GameSettingsObserver( 2109): Game Data change!!!! uri = content://com.thundercomm.gamemode.api/gamemode_settings/gamemode_isgaming
02-14 14:51:15.128 D/GameModeIF_GameModeSettings( 1257): getUriFor setting_content_uri_root = content://com.thundercomm.gamemode.api/gamemode_settings , name = gamemode_isgaming
02-14 14:51:15.128 D/GameModeIF_GameModeSettings( 2109): getUriFor setting_content_uri_root = content://com.thundercomm.gamemode.api/gamemode_settings , name = gamemode_isgaming
02-14 14:51:15.130 I/GameModeConfig( 1257): isGameModeOn = true
02-14 14:51:15.130 I/GameModeConfig( 1257): isGaming = false
02-14 14:51:15.130 I/GameModeConfig( 1257): isGameModeOn = true
02-14 14:51:15.130 I/GameModeConfig( 1257): isGaming = false
02-14 14:51:15.130 I/GameModeConfig( 1257): isDisableVoice = true
02-14 14:51:15.130 D/GameModeIF_GameModeSettings( 2109): gamemode_isgaming set to 0
02-14 14:51:15.130 D/AF::TrackHandle( 950): OpPlayAudio: track:57 usage:5 not muted
02-14 14:51:15.130 I/GameMode_ActivityMonitoringService( 2109): [Perf]-lastSession=
02-14 14:51:15.130 D/GameMode_GameModeService( 2109): updateGlobalSettings = gamemode_isgaming
02-14 14:51:15.130 D/GameModeIF_GameModeSettings( 2109): getUriFor setting_content_uri_root = content://com.thundercomm.gamemode.api/gamemode_settings , name = gamemode_enable
02-14 14:51:15.130 D/AF::TrackHandle( 950): OpPlayAudio: track:57 usage:5 not muted
02-14 14:51:15.131 D/AF::TrackHandle( 950): OpPlayAudio: track:57 usage:5 not muted
02-14 14:51:15.131 D/AF::TrackHandle( 950): OpPlayAudio: track:57 usage:5 not muted
02-14 14:51:15.131 D/AF::TrackHandle( 950): OpPlayAudio: track:57 usage:5 not muted
02-14 14:51:15.131 D/BatteryInfo( 5019): time for getStats: 0ms
02-14 14:51:15.131 D/BatteryInfo( 5019): time for regular BatteryInfo: 0ms
02-14 14:51:15.132 D/BatteryInfo( 5019): time for getBatteryInfo: 1ms
02-14 14:51:15.132 D/AF::TrackHandle( 950): OpPlayAudio: track:57 usage:5 not muted
02-14 14:51:15.132 D/AF::TrackHandle( 950): OpPlayAudio: track:57 usage:5 not muted
02-14 14:51:15.132 D/AF::TrackHandle( 950): OpPlayAudio: track:57 usage:5 not muted
02-14 14:51:15.132 D/AF::TrackHandle( 950): OpPlayAudio: track:57 usage:5 not muted
02-14 14:51:15.132 D/AF::TrackHandle( 950): OpPlayAudio: track:57 usage:5 not muted
02-14 14:51:15.132 D/AF::TrackHandle( 950): OpPlayAudio: track:57 usage:5 not muted
02-14 14:51:15.132 D/AF::TrackHandle( 950): OpPlayAudio: track:57 usage:5 not muted
02-14 14:51:15.132 D/AF::TrackHandle( 950): OpPlayAudio: track:57 usage:5 not muted
02-14 14:51:15.133 D/AF::TrackHandle( 950): OpPlayAudio: track:57 usage:5 not muted
02-14 14:51:15.133 D/AF::TrackHandle( 950): OpPlayAudio: track:57 usage:5 not muted
02-14 14:51:15.133 D/AF::TrackHandle( 950): OpPlayAudio: track:57 usage:5 not muted
02-14 14:51:15.135 D/ConnectivityService( 1257): requestNetwork for uid/pid:1000/5019 activeRequest: null callbackRequest: 68 [NetworkRequest [ REQUEST id=69, [ Capabilities: INTERNET&NOT_RESTRICTED&TRUSTED&NOT_VCN_MANAGED Uid: 1000 RequestorUid: 1000 RequestorPkg: com.android.settings] ]] callback flags: 1 priority: 2147483647
02-14 14:51:15.135 D/ConnectivityService( 1257): NetReassign [no changes]
02-14 14:51:15.136 D/ConnectivityService( 1257): NetReassign [no changes]
02-14 14:51:15.136 D/BluetoothPan( 5019): Binding service...
02-14 14:51:15.136 D/Ethernet( 1257): got request NetworkRequest [ REQUEST id=69, [ Capabilities: INTERNET&NOT_RESTRICTED&TRUSTED&NOT_VCN_MANAGED Uid: 1000 RequestorUid: 1000 RequestorPkg: com.android.settings] ]
02-14 14:51:15.136 D/EthernetNetworkFactory( 1257): acceptRequest, request: NetworkRequest [ REQUEST id=69, [ Capabilities: INTERNET&NOT_RESTRICTED&TRUSTED&NOT_VCN_MANAGED Uid: 1000 RequestorUid: 1000 RequestorPkg: com.android.settings] ]
02-14 14:51:15.136 I/EthernetNetworkFactory( 1257): networkForRequest, request: NetworkRequest [ REQUEST id=69, [ Capabilities: INTERNET&NOT_RESTRICTED&TRUSTED&NOT_VCN_MANAGED Uid: 1000 RequestorUid: 1000 RequestorPkg: com.android.settings] ], network: null
02-14 14:51:15.136 D/WifiNetworkFactory( 1257): got request NetworkRequest [ REQUEST id=69, [ Capabilities: INTERNET&NOT_RESTRICTED&TRUSTED&NOT_VCN_MANAGED Uid: 1000 RequestorUid: 1000 RequestorPkg: com.android.settings] ]
02-14 14:51:15.136 D/UntrustedWifiNetworkFactory( 1257): got request NetworkRequest [ REQUEST id=69, [ Capabilities: INTERNET&NOT_RESTRICTED&TRUSTED&NOT_VCN_MANAGED Uid: 1000 RequestorUid: 1000 RequestorPkg: com.android.settings] ]
02-14 14:51:15.136 D/OemPaidWifiNetworkFactory( 1257): got request NetworkRequest [ REQUEST id=69, [ Capabilities: INTERNET&NOT_RESTRICTED&TRUSTED&NOT_VCN_MANAGED Uid: 1000 RequestorUid: 1000 RequestorPkg: com.android.settings] ]
02-14 14:51:15.137 D/ConnectivityService( 1257): NetReassign [no changes]
02-14 14:51:15.137 I/sysui_multi_action( 5019): [757,746,758,1,833,0,1089,0]
02-14 14:51:15.138 D/SubscriptionsChangeListener( 5019): Start
02-14 14:51:15.138 D/TelephonyRegistry( 1257): listen oscl: mHasNotifySubscriptionInfoChangedOccurred==false no callback
02-14 14:51:15.138 D/MobileNetworkSummaryStatus( 5019): network summary query
02-14 14:51:15.140 D/BatteryTipLoader( 5019): BatteryInfoLoader post query: 0ms
02-14 14:51:15.140 D/BatteryInfo( 5019): time for getBatteryInfo: 0ms
02-14 14:51:15.140 D/BatteryTipLoader( 5019): BatteryInfoLoader.loadInBackground: 0ms
02-14 14:51:15.141 W/MobileNetworkUtils( 5019): EuiccManager is not enabled.
02-14 14:51:15.141 E/TelephonyManager( 5019): Error in getUiccCardsInfo: unable to connect to Telephony service.
02-14 14:51:15.141 W/SelectableSubscriptions( 5019): Fail to request subIdList
02-14 14:51:15.141 W/SelectableSubscriptions( 5019): java.lang.NullPointerException: Attempt to invoke interface method 'int java.util.List.size()' on a null object reference
02-14 14:51:15.141 W/SelectableSubscriptions( 5019): at com.android.settings.network.helper.SelectableSubscriptions.call(SelectableSubscriptions.java:128)
02-14 14:51:15.141 W/SelectableSubscriptions( 5019): at com.android.settings.network.MobileNetworkSummaryStatus.getSubscriptions(MobileNetworkSummaryStatus.java:158)
02-14 14:51:15.141 W/SelectableSubscriptions( 5019): at com.android.settings.network.MobileNetworkSummaryStatus.update(MobileNetworkSummaryStatus.java:88)
02-14 14:51:15.141 W/SelectableSubscriptions( 5019): at com.android.settings.network.MobileNetworkSummaryController.update(MobileNetworkSummaryController.java:170)
02-14 14:51:15.141 W/SelectableSubscriptions( 5019): at com.android.settings.network.MobileNetworkSummaryController.onResume(MobileNetworkSummaryController.java:95)
02-14 14:51:15.141 W/SelectableSubscriptions( 5019): at java.lang.reflect.Method.invoke(Native Method)
02-14 14:51:15.141 W/SelectableSubscriptions( 5019): at androidx.lifecycle.ClassesInfoCache$MethodReference.invokeCallback(ClassesInfoCache.java:216)
02-14 14:51:15.141 W/SelectableSubscriptions( 5019): at androidx.lifecycle.ClassesInfoCache$CallbackInfo.invokeMethodsForEvent(ClassesInfoCache.java:194)
02-14 14:51:15.141 W/SelectableSubscriptions( 5019): at androidx.lifecycle.ClassesInfoCache$CallbackInfo.invokeCallbacks(ClassesInfoCache.java:185)
02-14 14:51:15.141 W/SelectableSubscriptions( 5019): at androidx.lifecycle.ReflectiveGenericLifecycleObserver.onStateChanged(ReflectiveGenericLifecycleObserver.java:37)
02-14 14:51:15.141 W/SelectableSubscriptions( 5019): at androidx.lifecycle.LifecycleRegistry$ObserverWithState.dispatchEvent(LifecycleRegistry.java:354)
02-14 14:51:15.141 W/SelectableSubscriptions( 5019): at androidx.lifecycle.LifecycleRegistry.forwardPass(LifecycleRegistry.java:265)
02-14 14:51:15.141 W/SelectableSubscriptions( 5019): at androidx.lifecycle.LifecycleRegistry.sync(LifecycleRegistry.java:307)
02-14 14:51:15.141 W/SelectableSubscriptions( 5019): at androidx.lifecycle.LifecycleRegistry.moveToState(LifecycleRegistry.java:148)
02-14 14:51:15.141 W/SelectableSubscriptions( 5019): at androidx.lifecycle.LifecycleRegistry.handleLifecycleEvent(LifecycleRegistry.java:134)
02-14 14:51:15.141 W/SelectableSubscriptions( 5019): at com.android.settingslib.core.lifecycle.ObservablePreferenceFragment.onResume(ObservablePreferenceFragment.java:87)
02-14 14:51:15.141 W/SelectableSubscriptions( 5019): at com.android.settings.core.InstrumentedPreferenceFragment.onResume(InstrumentedPreferenceFragment.java:77)
02-14 14:51:15.141 W/SelectableSubscriptions( 5019): at com.android.settings.SettingsPreferenceFragment.onResume(SettingsPreferenceFragment.java:198)
02-14 14:51:15.141 W/SelectableSubscriptions( 5019): at com.android.settings.dashboard.DashboardFragment.onResume(DashboardFragment.java:220)
02-14 14:51:15.141 W/SelectableSubscriptions( 5019): at androidx.fragment.app.Fragment.performResume(Fragment.java:3029)
02-14 14:51:15.141 W/SelectableSubscriptions( 5019): at androidx.fragment.app.FragmentStateManager.resume(FragmentStateManager.java:583)
02-14 14:51:15.141 W/SelectableSubscriptions( 5019): at androidx.fragment.app.FragmentStateManager.moveToExpectedState(FragmentStateManager.java:282)
02-14 14:51:15.141 W/SelectableSubscriptions( 5019): at androidx.fragment.app.FragmentStore.moveToExpectedState(FragmentStore.java:112)
02-14 14:51:15.141 W/SelectableSubscriptions( 5019): at androidx.fragment.app.FragmentManager.moveToState(FragmentManager.java:1667)
02-14 14:51:15.141 W/SelectableSubscriptions( 5019): at androidx.fragment.app.FragmentManager.dispatchStateChange(FragmentManager.java:3234)
02-14 14:51:15.141 W/SelectableSubscriptions( 5019): at androidx.fragment.app.FragmentManager.dispatchResume(FragmentManager.java:3192)
02-14 14:51:15.141 W/SelectableSubscriptions( 5019): at androidx.fragment.app.FragmentController.dispatchResume(FragmentController.java:273)
02-14 14:51:15.141 W/SelectableSubscriptions( 5019): at androidx.fragment.app.FragmentActivity.onResumeFragments(FragmentActivity.java:434)
02-14 14:51:15.141 W/SelectableSubscriptions( 5019): at androidx.fragment.app.FragmentActivity.onPostResume(FragmentActivity.java:423)
02-14 14:51:15.141 W/SelectableSubscriptions( 5019): at android.app.Activity.performResume(Activity.java:8241)
02-14 14:51:15.141 W/SelectableSubscriptions( 5019): at android.app.ActivityThread.performResumeActivity(ActivityThread.java:4748)
02-14 14:51:15.141 W/SelectableSubscriptions( 5019): at android.app.ActivityThread.handleResumeActivity(ActivityThread.java:4791)
02-14 14:51:15.141 W/SelectableSubscriptions( 5019): at android.app.servertransaction.ResumeActivityItem.execute(ResumeActivityItem.java:54)
02-14 14:51:15.141 W/SelectableSubscriptions( 5019): at android.app.servertransaction.ActivityTransactionItem.execute(ActivityTransactionItem.java:45)
02-14 14:51:15.141 W/SelectableSubscriptions( 5019): at android.app.servertransaction.TransactionExecutor.executeLifecycleState(TransactionExecutor.java:176)
02-14 14:51:15.141 W/SelectableSubscriptions( 5019): at android.app.servertransaction.TransactionExecutor.execute(TransactionExecutor.java:97)
02-14 14:51:15.141 W/SelectableSubscriptions( 5019): at android.app.ActivityThread$H.handleMessage(ActivityThread.java:2211)
02-14 14:51:15.141 W/SelectableSubscriptions( 5019): at android.os.Handler.dispatchMessage(Handler.java:106)
02-14 14:51:15.141 W/SelectableSubscriptions( 5019): at android.os.Looper.loopOnce(Looper.java:201)
02-14 14:51:15.141 W/SelectableSubscriptions( 5019): at android.os.Looper.loop(Looper.java:288)
02-14 14:51:15.141 W/SelectableSubscriptions( 5019): at android.app.ActivityThread.main(ActivityThread.java:7880)
02-14 14:51:15.141 W/SelectableSubscriptions( 5019): at java.lang.reflect.Method.invoke(Native Method)
02-14 14:51:15.141 W/SelectableSubscriptions( 5019): at com.android.internal.os.RuntimeInit$MethodAndArgsCaller.run(RuntimeInit.java:548)
02-14 14:51:15.141 W/SelectableSubscriptions( 5019): at com.android.internal.os.ZygoteInit.main(ZygoteInit.java:1009)
02-14 14:51:15.141 D/MobileNetworkSummaryStatus( 5019): network summary query ignored
02-14 14:51:15.141 D/SubscriptionsChangeListener( 5019): Start
02-14 14:51:15.142 D/TelephonyRegistry( 1257): listen oscl: mHasNotifySubscriptionInfoChangedOccurred==false no callback
02-14 14:51:15.143 D/ConnectivityService( 1257): NetReassign [no changes]
02-14 14:51:15.148 I/wm_on_top_resumed_gained_called( 5019): [8998402,com.android.settings.Settings,topWhenResuming]
02-14 14:51:15.151 I/input_focus( 1257): [Focus request 51913a4 com.android.settings/com.android.settings.Settings,reason=UpdateInputWindows]
02-14 14:51:15.157 W/BatteryBroadcastRcvr( 5019): Problem reading the battery meter.
02-14 14:51:15.158 D/BatteryInfo( 5019): time for callback: 0ms
02-14 14:51:15.160 D/BluetoothPan( 5019): Proxy object connected
02-14 14:51:15.162 I/EventSequenceValidator( 1257): dec AccIntentStartedEvents to 1
02-14 14:51:15.164 D/BatteryInfo( 5019): time for getStats: 0ms
02-14 14:51:15.164 D/BatteryInfo( 5019): time for regular BatteryInfo: 0ms
02-14 14:51:15.165 D/BatteryInfo( 5019): time for getBatteryInfo: 1ms
02-14 14:51:15.165 D/BatteryInfo( 5019): time for callback: 0ms
02-14 14:51:15.167 D/BatteryTipLoader( 5019): BatteryInfoLoader post query: 0ms
02-14 14:51:15.168 D/BatteryInfo( 5019): time for getBatteryInfo: 1ms
02-14 14:51:15.168 D/BatteryTipLoader( 5019): BatteryInfoLoader.loadInBackground: 1ms
02-14 14:51:15.169 I/OpenGLRenderer( 5019): Davey! duration=9223370438013ms; Flags=1, FrameTimelineVsyncId=27554, IntendedVsync=1598841667626, Vsync=1598858334292, InputEventId=0, HandleInputStart=1598866348242, AnimationStart=1598866349284, PerformTraversalsStart=1598866349805, DrawStart=1598870500221, FrameDeadline=1598858334292, FrameInterval=1598866344336, FrameStartTime=16666666, SyncQueued=1598872052617, SyncStart=1598872108294, IssueDrawCommandsStart=1598872258138, SwapBuffers=1598873092878, FrameCompleted=9223372036854775807, DequeueBufferDuration=9115, QueueBufferDuration=867188, GpuCompleted=9223372036854775807, SwapBuffersCompleted=1598874188555, DisplayPresentTime=0,
02-14 14:51:15.173 I/sysui_multi_action( 1257): [319,37,321,35,322,94,325,1598,757,761,758,9,759,4,806,com.android.settings,871,com.android.settings.Settings,904,com.android.launcher3,905,0,1320,4,1321,1]
02-14 14:51:15.181 I/input_focus( 1257): [Focus entering 51913a4 com.android.settings/com.android.settings.Settings (server),reason=setFocusedWindow]
02-14 14:51:15.183 I/WifiService( 1257): startScan uid=1000
02-14 14:51:15.190 I/GameMode_ActivityMonitoringService( 2109): onTaskStackChanged
02-14 14:51:15.196 D/LOWI-9.0.0.87.a( 1409): [LOWI-Scan] wait_event:Wait done with Cmd 33
02-14 14:51:15.196 D/LOWI-9.0.0.87.a( 1409): [LOWI-Scan] do_listen_events: Rcvd valid Netlink Cmd 0 Err 0
02-14 14:51:15.198 I/GameMode_ActivityMonitoringService( 2109): Updating top task to: TaskInfoContainer [topActivity=ComponentInfo{com.android.settings/com.android.settings.Settings}, taskId=19, stackId=19, userId=0, displayId=0, position=6
02-14 14:51:15.198 I/GameMode_ActivityMonitoringService( 2109): Notifying about top task: TaskInfoContainer [topActivity=ComponentInfo{com.android.settings/com.android.settings.Settings}, taskId=19, stackId=19, userId=0, displayId=0, position=6
02-14 14:51:15.198 I/GameMode_ActivityMonitoringService( 2109): WindowMode: 1
02-14 14:51:15.198 E/GameMode_ActivityMonitoringService( 2109): onActivityLaunch:com.android.settings
02-14 14:51:15.198 V/GameMode_GameTypeUtils( 2109): judge isGame:com.android.settings
02-14 14:51:15.198 V/GameMode_GpuUtils( 2109): fps:60
02-14 14:51:15.199 D/GameMode_GameModeActionUtils( 2109): Show GameMode entry by service!
02-14 14:51:15.200 W/ContextImpl( 2109): Calling a method in the system process without a qualified user: android.app.ContextImpl.startService:1816 android.content.ContextWrapper.startService:774 com.thundercomm.gamemode.ingame.services.GameModeActionUtils.startGameModeService:111 com.thundercomm.gamemode.ingame.services.GameModeActionUtils.startGameModeEntry:22 com.thundercomm.gamemode.ingame.services.ActivityMonitoringService$1.onActivityLaunch:139
02-14 14:51:15.201 D/GameModeIF_GameModeSettings( 2109): getUriFor setting_content_uri_root = content://com.thundercomm.gamemode.api/gamemode_settings , name = gamemode_isgaming
02-14 14:51:15.201 D/GameMode_GameModeService( 2109): type=hide_entry
02-14 14:51:15.206 I/GameModeConfig( 1257): Current uri is uri = content://com.thundercomm.gamemode.api/gamemode_settings/gamemode_isgaming
02-14 14:51:15.206 D/GameMode_GameSettingsObserver( 2109): Game Data change!!!! uri = content://com.thundercomm.gamemode.api/gamemode_settings/gamemode_isgaming
02-14 14:51:15.206 D/GameModeIF_GameModeSettings( 1257): getUriFor setting_content_uri_root = content://com.thundercomm.gamemode.api/gamemode_settings , name = gamemode_isgaming
02-14 14:51:15.206 D/GameModeIF_GameModeSettings( 2109): getUriFor setting_content_uri_root = content://com.thundercomm.gamemode.api/gamemode_settings , name = gamemode_isgaming
02-14 14:51:15.207 D/GameModeIF_GameModeSettings( 2109): gamemode_isgaming set to 0
02-14 14:51:15.207 I/GameMode_ActivityMonitoringService( 2109): [Perf]-lastSession=
02-14 14:51:15.207 D/GameModeIF_GameModeSettings( 2109): getUriFor setting_content_uri_root = content://com.thundercomm.gamemode.api/gamemode_settings , name = gamemode_enable
02-14 14:51:15.207 D/GameMode_GameModeService( 2109): updateGlobalSettings = gamemode_isgaming
02-14 14:51:15.208 I/GameModeConfig( 1257): isGameModeOn = true
02-14 14:51:15.208 I/GameModeConfig( 1257): isGaming = false
02-14 14:51:15.208 I/GameModeConfig( 1257): isGameModeOn = true
02-14 14:51:15.208 I/GameModeConfig( 1257): isGaming = false
02-14 14:51:15.208 I/GameModeConfig( 1257): isDisableVoice = true
02-14 14:51:15.209 D/AF::TrackHandle( 950): OpPlayAudio: track:57 usage:5 not muted
02-14 14:51:15.209 D/AF::TrackHandle( 950): OpPlayAudio: track:57 usage:5 not muted
02-14 14:51:15.209 D/AF::TrackHandle( 950): OpPlayAudio: track:57 usage:5 not muted
02-14 14:51:15.209 D/AF::TrackHandle( 950): OpPlayAudio: track:57 usage:5 not muted
02-14 14:51:15.209 D/AF::TrackHandle( 950): OpPlayAudio: track:57 usage:5 not muted
02-14 14:51:15.209 D/AF::TrackHandle( 950): OpPlayAudio: track:57 usage:5 not muted
02-14 14:51:15.209 D/AF::TrackHandle( 950): OpPlayAudio: track:57 usage:5 not muted
02-14 14:51:15.210 D/AF::TrackHandle( 950): OpPlayAudio: track:57 usage:5 not muted
02-14 14:51:15.210 D/AF::TrackHandle( 950): OpPlayAudio: track:57 usage:5 not muted
02-14 14:51:15.210 D/AF::TrackHandle( 950): OpPlayAudio: track:57 usage:5 not muted
02-14 14:51:15.210 D/AF::TrackHandle( 950): OpPlayAudio: track:57 usage:5 not muted
02-14 14:51:15.210 D/AF::TrackHandle( 950): OpPlayAudio: track:57 usage:5 not muted
02-14 14:51:15.210 D/AF::TrackHandle( 950): OpPlayAudio: track:57 usage:5 not muted
02-14 14:51:15.210 D/AF::TrackHandle( 950): OpPlayAudio: track:57 usage:5 not muted
02-14 14:51:15.211 D/AF::TrackHandle( 950): OpPlayAudio: track:57 usage:5 not muted
02-14 14:51:15.211 D/AF::TrackHandle( 950): OpPlayAudio: track:57 usage:5 not muted
02-14 14:51:15.216 W/hpplay-java( 2772): [main]:IPManager:getActiveNets invalid networkInfo:null
02-14 14:51:15.216 I/hpplay-java( 2772): [main]:IPManager:getActiveNets eth0:false wifi:false mobile:false ap:false
02-14 14:51:15.216 I/hpplay-java( 2772): [main]:ServerTaskManager:get local ip:null
02-14 14:51:15.245 I/[schedu][0x728675f4a][14:51:15.245382] wlan( 0): [3385:I:OSIF] scan start scan id 40971
02-14 14:51:15.262 W/InputManager-JNI( 1257): Input channel object '2462934 SnapshotStartingWindow for taskId=19 (client)' was disposed without first being removed with the input manager!
02-14 14:51:15.400 E/tlogd ( 1378): [TzLogger](isPathReadable) file /sys/kernel/debug/tzdbg/qsee_log isn't exist or no permission, err: No such file or directory
02-14 14:51:15.400 E/tlogd ( 1378): [TzLogger](saveTzlogAsync) /sys/kernel/debug/tzdbg/qsee_log can not read.
02-14 14:51:15.400 E/tlogd ( 1378): [TzLogger](isPathReadable) file /sys/kernel/debug/tzdbg/log isn't exist or no permission, err: No such file or directory
02-14 14:51:15.400 E/tlogd ( 1378): [TzLogger](saveTzlogAsync) /sys/kernel/debug/tzdbg/log can not read.
02-14 14:51:15.475 I/OMX-VENC: venc_dev( 1286): stats: avg. fps 30.64, bitrate 3456711
02-14 14:51:15.634 I/wm_stop_activity( 1257): [0,190679017,com.android.launcher3/.uioverrides.QuickstepLauncher]
02-14 14:51:15.662 D/StateManager( 2598): goToState: Normal
02-14 14:51:15.664 I/wm_on_stop_called( 2598): [190679017,com.android.launcher3.uioverrides.QuickstepLauncher,STOP_ACTIVITY_ITEM]
02-14 14:51:15.669 I/GameMode_ActivityMonitoringService( 2109): onForegroundActivitiesChanged uid 10079 pid 2598 fg false
02-14 14:51:15.672 I/GameMode_ActivityMonitoringService( 2109): Updating top task to: TaskInfoContainer [topActivity=ComponentInfo{com.android.settings/com.android.settings.Settings}, taskId=19, stackId=19, userId=0, displayId=0, position=6
02-14 14:51:15.672 I/GameMode_ActivityMonitoringService( 2109): Notifying about top task: TaskInfoContainer [topActivity=ComponentInfo{com.android.settings/com.android.settings.Settings}, taskId=19, stackId=19, userId=0, displayId=0, position=6
02-14 14:51:15.673 I/GameMode_ActivityMonitoringService( 2109): WindowMode: 1
02-14 14:51:15.673 E/GameMode_ActivityMonitoringService( 2109): onActivityLaunch:com.android.settings
02-14 14:51:15.673 V/GameMode_GameTypeUtils( 2109): judge isGame:com.android.settings
02-14 14:51:15.673 V/GameMode_GpuUtils( 2109): fps:60
02-14 14:51:15.676 D/GameMode_GameModeActionUtils( 2109): Show GameMode entry by service!
02-14 14:51:15.676 W/ContextImpl( 2109): Calling a method in the system process without a qualified user: android.app.ContextImpl.startService:1816 android.content.ContextWrapper.startService:774 com.thundercomm.gamemode.ingame.services.GameModeActionUtils.startGameModeService:111 com.thundercomm.gamemode.ingame.services.GameModeActionUtils.startGameModeEntry:22 com.thundercomm.gamemode.ingame.services.ActivityMonitoringService$1.onActivityLaunch:139
02-14 14:51:15.677 D/GameModeIF_GameModeSettings( 2109): getUriFor setting_content_uri_root = content://com.thundercomm.gamemode.api/gamemode_settings , name = gamemode_isgaming
02-14 14:51:15.677 D/GameMode_GameModeService( 2109): type=hide_entry
02-14 14:51:15.680 I/GameModeConfig( 1257): Current uri is uri = content://com.thundercomm.gamemode.api/gamemode_settings/gamemode_isgaming
02-14 14:51:15.680 D/GameModeIF_GameModeSettings( 1257): getUriFor setting_content_uri_root = content://com.thundercomm.gamemode.api/gamemode_settings , name = gamemode_isgaming
02-14 14:51:15.680 D/GameMode_GameSettingsObserver( 2109): Game Data change!!!! uri = content://com.thundercomm.gamemode.api/gamemode_settings/gamemode_isgaming
02-14 14:51:15.680 D/GameModeIF_GameModeSettings( 2109): getUriFor setting_content_uri_root = content://com.thundercomm.gamemode.api/gamemode_settings , name = gamemode_isgaming
02-14 14:51:15.680 D/GameModeIF_GameModeSettings( 2109): gamemode_isgaming set to 0
02-14 14:51:15.680 I/GameMode_ActivityMonitoringService( 2109): [Perf]-lastSession=
02-14 14:51:15.681 D/GameModeIF_GameModeSettings( 2109): getUriFor setting_content_uri_root = content://com.thundercomm.gamemode.api/gamemode_settings , name = gamemode_enable
02-14 14:51:15.682 I/GameModeConfig( 1257): isGameModeOn = true
02-14 14:51:15.682 I/GameModeConfig( 1257): isGaming = false
02-14 14:51:15.682 I/GameModeConfig( 1257): isGameModeOn = true
02-14 14:51:15.682 I/GameModeConfig( 1257): isGaming = false
02-14 14:51:15.682 I/GameModeConfig( 1257): isDisableVoice = true
02-14 14:51:15.683 D/AF::TrackHandle( 950): OpPlayAudio: track:57 usage:5 not muted
02-14 14:51:15.683 D/AF::TrackHandle( 950): OpPlayAudio: track:57 usage:5 not muted
02-14 14:51:15.684 D/AF::TrackHandle( 950): OpPlayAudio: track:57 usage:5 not muted
02-14 14:51:15.684 D/AF::TrackHandle( 950): OpPlayAudio: track:57 usage:5 not muted
02-14 14:51:15.684 D/AF::TrackHandle( 950): OpPlayAudio: track:57 usage:5 not muted
02-14 14:51:15.684 D/AF::TrackHandle( 950): OpPlayAudio: track:57 usage:5 not muted
02-14 14:51:15.684 D/AF::TrackHandle( 950): OpPlayAudio: track:57 usage:5 not muted
02-14 14:51:15.685 D/AF::TrackHandle( 950): OpPlayAudio: track:57 usage:5 not muted
02-14 14:51:15.685 D/AF::TrackHandle( 950): OpPlayAudio: track:57 usage:5 not muted
02-14 14:51:15.685 D/AF::TrackHandle( 950): OpPlayAudio: track:57 usage:5 not muted
02-14 14:51:15.685 D/AF::TrackHandle( 950): OpPlayAudio: track:57 usage:5 not muted
02-14 14:51:15.685 D/AF::TrackHandle( 950): OpPlayAudio: track:57 usage:5 not muted
02-14 14:51:15.685 D/AF::TrackHandle( 950): OpPlayAudio: track:57 usage:5 not muted
02-14 14:51:15.685 D/AF::TrackHandle( 950): OpPlayAudio: track:57 usage:5 not muted
02-14 14:51:15.686 D/AF::TrackHandle( 950): OpPlayAudio: track:57 usage:5 not muted
02-14 14:51:15.686 D/AF::TrackHandle( 950): OpPlayAudio: track:57 usage:5 not muted
02-14 14:51:15.687 D/GameMode_GameModeService( 2109): updateGlobalSettings = gamemode_isgaming
02-14 14:51:15.905 I/CNSS ( 1180): cnss_open_log_file: directory /data/vendor/wifi/wlan_logs/ created
02-14 14:51:15.958 I/mpu_uart( 646): [MSG-P:RECV]:No message received in 1000 ms
02-14 14:51:15.963 D/RemoteControlService( 2312): startVlanDispatchThread
02-14 14:51:15.989 I/mpu_uart( 646): [MSG-P:R]:recv sync frame timeout
02-14 14:51:16.014 I/selfinstaller( 1281): create socket failed: Network is unreachable 101
02-14 14:51:16.048 D/audio_hw_primary( 812): out_set_parameters: enter: usecase(1: low-latency-playback) kvpairs: suspend_playback=false
02-14 14:51:16.048 D/audio_hw_extn( 812): audio_extn_fm_set_parameters: Enter
02-14 14:51:16.051 W/audio_hw_primary( 812): out_write: underrun(3) frames_by_time(48249) > out->last_fifo_frames_remaining(384)
02-14 14:51:16.092 D/audio_hw_primary( 812): out_set_parameters: enter: usecase(1: low-latency-playback) kvpairs: suspend_playback=true
02-14 14:51:16.092 D/audio_hw_extn( 812): audio_extn_fm_set_parameters: Enter
02-14 14:51:16.219 W/hpplay-java( 2772): [main]:IPManager:getActiveNets invalid networkInfo:null
02-14 14:51:16.219 I/hpplay-java( 2772): [main]:IPManager:getActiveNets eth0:false wifi:false mobile:false ap:false
02-14 14:51:16.219 I/hpplay-java( 2772): [main]:ServerTaskManager:get local ip:null
02-14 14:51:16.432 D/LOWI-9.0.0.87.a( 1409): [LOWI-Scan] wait_event:Wait done with Cmd 34
02-14 14:51:16.432 D/LOWI-9.0.0.87.a( 1409): [LOWI-Scan] do_listen_events: Rcvd valid Netlink Cmd 34 Err 0
02-14 14:51:16.431 I/[schedu][0x729c2f0ee][14:51:16.431751] wlan( 0): [3385:I:OSIF] vdev 0, scan id 40971 type COMPLETED(1) reason COMPLETED(1) scan found 108 bss
02-14 14:51:16.434 D/WifiNl80211Manager( 1257): Scan result ready event
02-14 14:51:16.434 D/LOWI-9.0.0.87.a( 1409): [LOWI-Scan]
02-14 14:51:16.434 D/LOWI-9.0.0.87.a( 1409): [LOWI-Scan] print_bss_handler: Report Probe TSF 1599050672 as it greater than Beacon TSF 1599005593
02-14 14:51:16.434 D/LOWI-9.0.0.87.a( 1409): [LOWI-Scan] is_qcom_ie, bss_age: 0
02-14 14:51:16.434 D/LOWI-9.0.0.87.a( 1409): [LOWI-Scan] BSS 38:a9:1c:35:03:04 LOWI_PHY_MODE_11NG_HT20(5), Beacon Interval: 100, LOWI_ENCRYPTION_TYPE_OPEN 11mcRanging: No, ANQP: No, LCI: No, Civic: No, capability(0x0401): ESS ShortSlotTime
02-14 14:51:16.434 D/LOWI-9.0.0.87.a( 1409): [LOWI-Scan] BSS 38:a9:1c:35:03:04 FREQ: 2412, cFreq1[40:80:160] = [0:0:0] cFreq2 = 0 Country Code =
02-14 14:51:16.434 D/LOWI-9.0.0.87.a( 1409): [LOWI-Scan] BSS 38:a9:1c:35:03:04 (wlan0) ASSO: NO AddInfo: 0x0, TSF 0, 00:26:39.050, RSSI: -32, CPL: 127, AGE: 1100, SSID , TSFDelta: 0x242338e1, TXRate: 0
02-14 14:51:16.434 D/LOWI-9.0.0.87.a( 1409): [LOWI-Scan]
02-14 14:51:16.434 D/LOWI-9.0.0.87.a( 1409): [LOWI-Scan] print_bss_handler: Report Probe TSF 1599053409 as it greater than Beacon TSF 1381248814
02-14 14:51:16.434 D/LOWI-9.0.0.87.a( 1409): [LOWI-Scan] decode_rsn_wpa_ie: LOWI_ENCRYPTION_TYPE_WPA_PSK
02-14 14:51:16.434 D/LOWI-9.0.0.87.a( 1409): [LOWI-Scan] is_qcom_ie, bss_age: 0
02-14 14:51:16.434 D/LOWI-9.0.0.87.a( 1409): [LOWI-Scan] BSS 38:a9:1c:35:03:06 LOWI_PHY_MODE_11NG_HT20(5), Beacon Interval: 100, LOWI_ENCRYPTION_TYPE_WPA_PSK 11mcRanging: No, ANQP: No, LCI: No, Civic: No, capability(0x0411): ESS Privacy ShortSlotTime
02-14 14:51:16.434 D/LOWI-9.0.0.87.a( 1409): [LOWI-Scan] BSS 38:a9:1c:35:03:06 FREQ: 2412, cFreq1[40:80:160] = [0:0:0] cFreq2 = 0 Country Code =
02-14 14:51:16.434 D/LOWI-9.0.0.87.a( 1409): [LOWI-Scan] BSS 38:a9:1c:35:03:06 (wlan0) ASSO: NO AddInfo: 0x0, TSF 0, 00:26:39.053, RSSI: -36, CPL: 127, AGE: 1096, SSID H3C_350304, TSFDelta: 0x243105c7, TXRate: 0
02-14 14:51:16.434 D/LOWI-9.0.0.87.a( 1409): [LOWI-Scan]
02-14 14:51:16.434 D/LOWI-9.0.0.87.a( 1409): [LOWI-Scan] print_bss_handler: Report Probe TSF 1586065569 as it greater than Beacon TSF 1381401786
02-14 14:51:16.434 D/LOWI-9.0.0.87.a( 1409): [LOWI-Scan] decode_rsn_wpa_ie: LOWI_ENCRYPTION_TYPE_WPA_PSK
02-14 14:51:16.434 D/LOWI-9.0.0.87.a( 1409): [LOWI-Scan] is_qcom_ie, bss_age: 0
02-14 14:51:16.434 D/LOWI-9.0.0.87.a( 1409): [LOWI-Scan] adjust_age:AP AGE upper limit reached. Dont store
02-14 14:51:16.434 D/LOWI-9.0.0.87.a( 1409): [LOWI-Scan] BSS f4:84:8d:21:25:a9 LOWI_PHY_MODE_11AC_VHT80(10), Beacon Interval: 100, LOWI_ENCRYPTION_TYPE_WPA_PSK 11mcRanging: No, ANQP: No, LCI: No, Civic: No, capability(0x1011): ESS Privacy
02-14 14:51:16.434 D/LOWI-9.0.0.87.a( 1409): [LOWI-Scan] BSS f4:84:8d:21:25:a9 FREQ: 5745, cFreq1[40:80:160] = [5755:5775:0] cFreq2 = 0 Country Code = CN
02-14 14:51:16.434 D/LOWI-9.0.0.87.a( 1409): [LOWI-Scan] BSS f4:84:8d:21:25:a9 (wlan0) ASSO: NO AddInfo: 0x0, TSF 0, 00:26:26.065, RSSI: -128, CPL: 127, AGE: 14084, SSID hht, TSFDelta: 0x77318ee1, TXRate: 0
02-14 14:51:16.434 D/LOWI-9.0.0.87.a( 1409): [LOWI-Scan]
02-14 14:51:16.434 D/LOWI-9.0.0.87.a( 1409): [LOWI-Scan] print_bss_handler: Report Probe TSF 1599208449 as it greater than Beacon TSF 1381430393
02-14 14:51:16.434 D/LOWI-9.0.0.87.a( 1409): [LOWI-Scan] decode_rsn_wpa_ie: LOWI_ENCRYPTION_TYPE_WPA_PSK
02-14 14:51:16.434 D/LOWI-9.0.0.87.a( 1409): [LOWI-Scan] is_qcom_ie, bss_age: 0
02-14 14:51:16.434 D/LOWI-9.0.0.87.a( 1409): [LOWI-Scan] BSS 5c:02:14:f9:4f:d3 LOWI_PHY_MODE_11AC_VHT80(10), Beacon Interval: 100, LOWI_ENCRYPTION_TYPE_WPA_PSK 11mcRanging: No, ANQP: Yes, LCI: No, Civic: No, capability(0x1931): ESS Privacy ShortPreamble SpectrumMgmt APSD
02-14 14:51:16.434 D/LOWI-9.0.0.87.a( 1409): [LOWI-Scan] BSS 5c:02:14:f9:4f:d3 FREQ: 5745, cFreq1[40:80:160] = [5755:5775:0] cFreq2 = 0 Country Code = CN
02-14 14:51:16.434 D/LOWI-9.0.0.87.a( 1409): [LOWI-Scan] BSS 5c:02:14:f9:4f:d3 (wlan0) ASSO: NO AddInfo: 0x0, TSF 0, 00:26:39.208, RSSI: -94, CPL: 127, AGE: 940, SSID ThunderSoft_XTS_5G, TSFDelta: 0xb86de83c, TXRate: 0
02-14 14:51:16.434 D/LOWI-9.0.0.87.a( 1409): [LOWI-Scan]
02-14 14:51:16.434 D/WifiNative( 1257): Scan result ready event
02-14 14:51:16.434 D/LOWI-9.0.0.87.a( 1409): [LOWI-Scan] print_bss_handler: Report Probe TSF 1599291464 as it greater than Beacon TSF 1381505368
02-14 14:51:16.434 D/LOWI-9.0.0.87.a( 1409): [LOWI-Scan] decode_rsn_wpa_ie: LOWI_ENCRYPTION_TYPE_WPA_PSK
02-14 14:51:16.434 D/LOWI-9.0.0.87.a( 1409): [LOWI-Scan] is_qcom_ie, bss_age: 0
02-14 14:51:16.434 D/LOWI-9.0.0.87.a( 1409): [LOWI-Scan] BSS 18:6f:2d:0a:b8:50 LOWI_PHY_MODE_11AC_VHT20(8), Beacon Interval: 100, LOWI_ENCRYPTION_TYPE_WPA_PSK 11mcRanging: No, ANQP: No, LCI: No, Civic: No, capability(0x0111): ESS Privacy SpectrumMgmt
02-14 14:51:16.434 D/LOWI-9.0.0.87.a( 1409): [LOWI-Scan] BSS 18:6f:2d:0a:b8:50 FREQ: 5785, cFreq1[40:80:160] = [5785:0:0] cFreq2 = 0 Country Code = CN
02-14 14:51:16.434 D/LOWI-9.0.0.87.a( 1409): [LOWI-Scan] BSS 18:6f:2d:0a:b8:50 (wlan0) ASSO: NO AddInfo: 0x0, TSF 0, 00:26:39.291, RSSI: -146, CPL: 127, AGE: 860, SSID Testing , TSFDelta: 0x2041509d, TXRate: 0
02-14 14:51:16.434 D/LOWI-9.0.0.87.a( 1409): [LOWI-Scan]
02-14 14:51:16.435 D/LOWI-9.0.0.87.a( 1409): [LOWI-Scan] print_bss_handler: Report Probe TSF 1599410031 as it greater than Beacon TSF 1586262912
02-14 14:51:16.435 D/LOWI-9.0.0.87.a( 1409): [LOWI-Scan] decode_rsn_wpa_ie: LOWI_ENCRYPTION_TYPE_WPA_PSK
02-14 14:51:16.435 D/LOWI-9.0.0.87.a( 1409): [LOWI-Scan] is_qcom_ie, bss_age: 0
02-14 14:51:16.435 D/LOWI-9.0.0.87.a( 1409): [LOWI-Scan] BSS 18:6f:2d:81:18:40 LOWI_PHY_MODE_11NG_HT20(5), Beacon Interval: 100, LOWI_ENCRYPTION_TYPE_WPA_PSK 11mcRanging: No, ANQP: No, LCI: No, Civic: No, capability(0x0531): ESS Privacy ShortPreamble SpectrumMgmt ShortSlotTime
02-14 14:51:16.435 D/LOWI-9.0.0.87.a( 1409): [LOWI-Scan] BSS 18:6f:2d:81:18:40 FREQ: 2432, cFreq1[40:80:160] = [2432:0:0] cFreq2 = 0 Country Code = CN
02-14 14:51:16.435 D/LOWI-9.0.0.87.a( 1409): [LOWI-Scan] BSS 18:6f:2d:81:18:40 (wlan0) ASSO: NO AddInfo: 0x0, TSF 0, 00:26:39.410, RSSI: -132, CPL: 127, AGE: 740, SSID Testing , TSFDelta: 0x99f94fa7, TXRate: 0
02-14 14:51:16.435 D/LOWI-9.0.0.87.a( 1409): [LOWI-Scan]
02-14 14:51:16.435 D/LOWI-9.0.0.87.a( 1409): [LOWI-Scan] print_bss_handler: Report Probe TSF 1599411374 as it greater than Beacon TSF 1586266809
02-14 14:51:16.435 D/LOWI-9.0.0.87.a( 1409): [LOWI-Scan] decode_rsn_wpa_ie: LOWI_ENCRYPTION_TYPE_WPA_PSK
02-14 14:51:16.435 D/LOWI-9.0.0.87.a( 1409): [LOWI-Scan] is_qcom_ie, bss_age: 0
02-14 14:51:16.435 D/LOWI-9.0.0.87.a( 1409): [LOWI-Scan] BSS 18:6f:2d:81:18:42 LOWI_PHY_MODE_11NG_HT20(5), Beacon Interval: 100, LOWI_ENCRYPTION_TYPE_WPA_PSK 11mcRanging: No, ANQP: No, LCI: No, Civic: No, capability(0x0531): ESS Privacy ShortPreamble SpectrumMgmt ShortSlotTime
02-14 14:51:16.435 D/LOWI-9.0.0.87.a( 1409): [LOWI-Scan] BSS 18:6f:2d:81:18:42 FREQ: 2432, cFreq1[40:80:160] = [2432:0:0] cFreq2 = 0 Country Code = CN
02-14 14:51:16.435 D/LOWI-9.0.0.87.a( 1409): [LOWI-Scan] BSS 18:6f:2d:81:18:42 (wlan0) ASSO: NO AddInfo: 0x0, TSF 0, 00:26:39.411, RSSI: -132, CPL: 127, AGE: 740, SSID ThunderSoft_2.4G, TSFDelta: 0x9a03757d, TXRate: 0
02-14 14:51:16.435 D/LOWI-9.0.0.87.a( 1409): [LOWI-Scan]
02-14 14:51:16.435 D/LOWI-9.0.0.87.a( 1409): [LOWI-Scan] print_bss_handler: Report Probe TSF 1599434605 as it greater than Beacon TSF 1586266886
02-14 14:51:16.435 D/LOWI-9.0.0.87.a( 1409): [LOWI-Scan] decode_rsn_wpa_ie: LOWI_ENCRYPTION_TYPE_WPA_PSK
02-14 14:51:16.435 D/LOWI-9.0.0.87.a( 1409): [LOWI-Scan] is_qcom_ie, bss_age: 0
02-14 14:51:16.435 D/LOWI-9.0.0.87.a( 1409): [LOWI-Scan] BSS 18:6f:2d:81:18:44 LOWI_PHY_MODE_11NG_HT20(5), Beacon Interval: 100, LOWI_ENCRYPTION_TYPE_WPA_PSK 11mcRanging: No, ANQP: No, LCI: No, Civic: No, capability(0x0531): ESS Privacy ShortPreamble SpectrumMgmt ShortSlotTime
02-14 14:51:16.435 D/LOWI-9.0.0.87.a( 1409): [LOWI-Scan] BSS 18:6f:2d:81:18:44 FREQ: 2432, cFreq1[40:80:160] = [2432:0:0] cFreq2 = 0 Country Code = CN
02-14 14:51:16.435 D/LOWI-9.0.0.87.a( 1409): [LOWI-Scan] BSS 18:6f:2d:81:18:44 (wlan0) ASSO: NO AddInfo: 0x0, TSF 0, 00:26:39.434, RSSI: -136, CPL: 127, AGE: 716, SSID Fanya, TSFDelta: 0x9a3e55d4, TXRate: 0
02-14 14:51:16.435 D/LOWI-9.0.0.87.a( 1409): [LOWI-Scan]
02-14 14:51:16.435 D/LOWI-9.0.0.87.a( 1409): [LOWI-Scan] print_bss_handler: Report beacon TSF 1599506613 as it greater than probe TSF 1599458557
02-14 14:51:16.435 D/LOWI-9.0.0.87.a( 1409): [LOWI-Scan] decode_rsn_wpa_ie: LOWI_ENCRYPTION_TYPE_WPA_PSK
02-14 14:51:16.435 D/LOWI-9.0.0.87.a( 1409): [LOWI-Scan] is_qcom_ie, bss_age: 0
02-14 14:51:16.435 D/LOWI-9.0.0.87.a( 1409): [LOWI-Scan] BSS 18:6f:2d:81:25:40 LOWI_PHY_MODE_11NG_HT20(5), Beacon Interval: 100, LOWI_ENCRYPTION_TYPE_WPA_PSK 11mcRanging: No, ANQP: No, LCI: No, Civic: No, capability(0x0531): ESS Privacy ShortPreamble SpectrumMgmt ShortSlotTime
02-14 14:51:16.435 D/LOWI-9.0.0.87.a( 1409): [LOWI-Scan] BSS 18:6f:2d:81:25:40 FREQ: 2437, cFreq1[40:80:160] = [2437:0:0] cFreq2 = 0 Country Code = CN
02-14 14:51:16.439 D/LOWI-9.0.0.87.a( 1409): [LOWI-Scan] BSS 18:6f:2d:81:25:40 (wlan0) ASSO: NO AddInfo: 0x1, TSF 0, 00:26:39.506, RSSI: -86, CPL: 127, AGE: 644, SSID Testing , TSFDelta: 0x8b63207c, TXRate: 0
02-14 14:51:16.439 D/LOWI-9.0.0.87.a( 1409): [LOWI-Scan]
02-14 14:51:16.439 D/LOWI-9.0.0.87.a( 1409): [LOWI-Scan] print_bss_handler: Report beacon TSF 1599510174 as it greater than probe TSF 1599463998
02-14 14:51:16.439 D/LOWI-9.0.0.87.a( 1409): [LOWI-Scan] is_qcom_ie, bss_age: 0
02-14 14:51:16.439 D/LOWI-9.0.0.87.a( 1409): [LOWI-Scan] BSS 18:6f:2d:81:25:41 LOWI_PHY_MODE_11NG_HT20(5), Beacon Interval: 100, LOWI_ENCRYPTION_TYPE_OPEN 11mcRanging: No, ANQP: No, LCI: No, Civic: No, capability(0x0521): ESS ShortPreamble SpectrumMgmt ShortSlotTime
02-14 14:51:16.439 D/LOWI-9.0.0.87.a( 1409): [LOWI-Scan] BSS 18:6f:2d:81:25:41 FREQ: 2437, cFreq1[40:80:160] = [2437:0:0] cFreq2 = 0 Country Code = CN
02-14 14:51:16.439 D/LOWI-9.0.0.87.a( 1409): [LOWI-Scan] BSS 18:6f:2d:81:25:41 (wlan0) ASSO: NO AddInfo: 0x1, TSF 0, 00:26:39.510, RSSI: -86, CPL: 127, AGE: 640, SSID Guest, TSFDelta: 0x8b8d3397, TXRate: 0
02-14 14:51:16.439 D/LOWI-9.0.0.87.a( 1409): [LOWI-Scan]
02-14 14:51:16.439 D/LOWI-9.0.0.87.a( 1409): [LOWI-Scan] print_bss_handler: Report beacon TSF 1599524804 as it greater than probe TSF 1599466816
02-14 14:51:16.439 D/LOWI-9.0.0.87.a( 1409): [LOWI-Scan] decode_rsn_wpa_ie: LOWI_ENCRYPTION_TYPE_WPA_PSK
02-14 14:51:16.439 D/LOWI-9.0.0.87.a( 1409): [LOWI-Scan] is_qcom_ie, bss_age: 0
