02-14 14:51:36.062 I/Glide ( 4042): at com.bumptech.glide.load.engine.DecodeJob.decodeFromRetrievedData(DecodeJob.java:430)
02-14 14:51:36.062 I/Glide ( 4042): at com.bumptech.glide.load.engine.DecodeJob.onDataFetcherReady(DecodeJob.java:394)
02-14 14:51:36.062 I/Glide ( 4042): at com.bumptech.glide.load.engine.SourceGenerator.onDataReadyInternal(SourceGenerator.java:210)
02-14 14:51:36.062 I/Glide ( 4042): at com.bumptech.glide.load.engine.SourceGenerator$1.onDataReady(SourceGenerator.java:101)
02-14 14:51:36.062 I/Glide ( 4042): at com.bumptech.glide.load.model.MultiModelLoader$MultiFetcher.onDataReady(MultiModelLoader.java:145)
02-14 14:51:36.062 I/Glide ( 4042): at com.bumptech.glide.load.data.LocalUriFetcher.loadData(LocalUriFetcher.java:45)
02-14 14:51:36.062 I/Glide ( 4042): at com.bumptech.glide.load.model.MultiModelLoader$MultiFetcher.loadData(MultiModelLoader.java:100)
02-14 14:51:36.062 I/Glide ( 4042): at com.bumptech.glide.load.engine.SourceGenerator.startNextLoad(SourceGenerator.java:95)
02-14 14:51:36.062 I/Glide ( 4042): at com.bumptech.glide.load.engine.SourceGenerator.startNext(SourceGenerator.java:88)
02-14 14:51:36.062 I/Glide ( 4042): at com.bumptech.glide.load.engine.DecodeJob.runGenerators(DecodeJob.java:311)
02-14 14:51:36.062 I/Glide ( 4042): at com.bumptech.glide.load.engine.DecodeJob.decodeFromRetrievedData(DecodeJob.java:438)
02-14 14:51:36.062 I/Glide ( 4042): at com.bumptech.glide.load.engine.DecodeJob.onDataFetcherReady(DecodeJob.java:394)
02-14 14:51:36.062 I/Glide ( 4042): at com.bumptech.glide.load.engine.SourceGenerator.onDataReadyInternal(SourceGenerator.java:210)
02-14 14:51:36.062 I/Glide ( 4042): at com.bumptech.glide.load.engine.SourceGenerator$1.onDataReady(SourceGenerator.java:101)
02-14 14:51:36.062 I/Glide ( 4042): at com.bumptech.glide.load.model.MultiModelLoader$MultiFetcher.onDataReady(MultiModelLoader.java:145)
02-14 14:51:36.062 I/Glide ( 4042): at com.bumptech.glide.load.data.LocalUriFetcher.loadData(LocalUriFetcher.java:45)
02-14 14:51:36.062 I/Glide ( 4042): at com.bumptech.glide.load.model.MultiModelLoader$MultiFetcher.loadData(MultiModelLoader.java:100)
02-14 14:51:36.062 I/Glide ( 4042): at com.bumptech.glide.load.engine.SourceGenerator.startNextLoad(SourceGenerator.java:95)
02-14 14:51:36.062 I/Glide ( 4042): at com.bumptech.glide.load.engine.SourceGenerator.startNext(SourceGenerator.java:88)
02-14 14:51:36.062 I/Glide ( 4042): at com.bumptech.glide.load.engine.DecodeJob.runGenerators(DecodeJob.java:311)
02-14 14:51:36.062 I/Glide ( 4042): at com.bumptech.glide.load.engine.DecodeJob.decodeFromRetrievedData(DecodeJob.java:438)
02-14 14:51:36.062 I/Glide ( 4042): at com.bumptech.glide.load.engine.DecodeJob.onDataFetcherReady(DecodeJob.java:394)
02-14 14:51:36.062 I/Glide ( 4042): at com.bumptech.glide.load.engine.SourceGenerator.onDataReadyInternal(SourceGenerator.java:210)
02-14 14:51:36.062 I/Glide ( 4042): at com.bumptech.glide.load.engine.SourceGenerator$1.onDataReady(SourceGenerator.java:101)
02-14 14:51:36.062 I/Glide ( 4042): at com.bumptech.glide.load.model.MultiModelLoader$MultiFetcher.onDataReady(MultiModelLoader.java:145)
02-14 14:51:36.062 I/Glide ( 4042): at com.bumptech.glide.load.data.LocalUriFetcher.loadData(LocalUriFetcher.java:45)
02-14 14:51:36.062 I/Glide ( 4042): at com.bumptech.glide.load.model.MultiModelLoader$MultiFetcher.loadData(MultiModelLoader.java:100)
02-14 14:51:36.062 I/Glide ( 4042): at com.bumptech.glide.load.engine.SourceGenerator.startNextLoad(SourceGenerator.java:95)
02-14 14:51:36.062 I/Glide ( 4042): at com.bumptech.glide.load.engine.SourceGenerator.startNext(SourceGenerator.java:88)
02-14 14:51:36.062 I/Glide ( 4042): at com.bumptech.glide.load.engine.DecodeJob.runGenerators(DecodeJob.java:311)
02-14 14:51:36.062 I/Glide ( 4042): at com.bumptech.glide.load.engine.DecodeJob.runWrapped(DecodeJob.java:280)
02-14 14:51:36.062 I/Glide ( 4042): at com.bumptech.glide.load.engine.DecodeJob.run(DecodeJob.java:235)
02-14 14:51:36.062 I/Glide ( 4042): at java.util.concurrent.ThreadPoolExecutor.runWorker(ThreadPoolExecutor.java:1167)
02-14 14:51:36.062 I/Glide ( 4042): at java.util.concurrent.ThreadPoolExecutor$Worker.run(ThreadPoolExecutor.java:641)
02-14 14:51:36.062 I/Glide ( 4042): at com.bumptech.glide.load.engine.executor.GlideExecutor$DefaultThreadFactory$1.run(GlideExecutor.java:413)
02-14 14:51:36.062 I/Glide ( 4042): at java.lang.Thread.run(Thread.java:920)
02-14 14:51:36.062 I/Glide ( 4042): at com.bumptech.glide.load.engine.executor.GlideExecutor$DefaultPriorityThreadFactory$1.run(GlideExecutor.java:372)
02-14 14:51:36.267 W/hpplay-java( 2772): [main]:IPManager:getActiveNets invalid networkInfo:null
02-14 14:51:36.267 I/hpplay-java( 2772): [main]:IPManager:getActiveNets eth0:false wifi:false mobile:false ap:false
02-14 14:51:36.267 I/hpplay-java( 2772): [main]:ServerTaskManager:get local ip:null
02-14 14:51:36.966 I/mpu_uart( 646): [MSG-P:RECV]:No message received in 1000 ms
02-14 14:51:36.999 I/OMX-VENC: venc_dev( 1286): stats: avg. fps 29.60, bitrate 1675196
02-14 14:51:37.009 I/mpu_uart( 646): [MSG-P:R]:recv sync frame timeout
02-14 14:51:37.269 W/hpplay-java( 2772): [main]:IPManager:getActiveNets invalid networkInfo:null
02-14 14:51:37.269 I/hpplay-java( 2772): [main]:IPManager:getActiveNets eth0:false wifi:false mobile:false ap:false
02-14 14:51:37.270 I/hpplay-java( 2772): [main]:ServerTaskManager:get local ip:null
02-14 14:51:37.966 I/mpu_uart( 646): [MSG-P:RECV]:No message received in 1000 ms
02-14 14:51:38.272 W/hpplay-java( 2772): [main]:IPManager:getActiveNets invalid networkInfo:null
02-14 14:51:38.272 I/hpplay-java( 2772): [main]:IPManager:getActiveNets eth0:false wifi:false mobile:false ap:false
02-14 14:51:38.272 I/hpplay-java( 2772): [main]:ServerTaskManager:get local ip:null
02-14 14:51:38.505 I/OMX-VENC: venc_dev( 1286): stats: avg. fps 19.92, bitrate 902713
02-14 14:51:38.967 I/mpu_uart( 646): [MSG-P:RECV]:No message received in 1000 ms
02-14 14:51:39.057 D/skia ( 4042): --- Failed to create image decoder with message 'incomplete input'
02-14 14:51:39.057 D/skia ( 4042): --- Failed to create image decoder with message 'incomplete input'
02-14 14:51:39.057 D/skia ( 4042): --- Failed to create image decoder with message 'incomplete input'
02-14 14:51:39.057 D/skia ( 4042): --- Failed to create image decoder with message 'incomplete input'
02-14 14:51:39.058 D/skia ( 4042): --- Failed to create image decoder with message 'incomplete input'
02-14 14:51:39.058 D/skia ( 4042): --- Failed to create image decoder with message 'incomplete input'
02-14 14:51:39.058 D/skia ( 4042): --- Failed to create image decoder with message 'incomplete input'
02-14 14:51:39.058 D/skia ( 4042): --- Failed to create image decoder with message 'incomplete input'
02-14 14:51:39.060 I/snet_event_log( 4042): [117838472,-1,]
02-14 14:51:39.060 D/skia ( 4042): --- codec->getAndroidPixels() failed.
02-14 14:51:39.060 I/snet_event_log( 4042): [117838472,-1,]
02-14 14:51:39.060 D/skia ( 4042): --- codec->getAndroidPixels() failed.
02-14 14:51:39.061 I/snet_event_log( 4042): [117838472,-1,]
02-14 14:51:39.061 D/skia ( 4042): --- codec->getAndroidPixels() failed.
02-14 14:51:39.061 I/snet_event_log( 4042): [117838472,-1,]
02-14 14:51:39.061 D/skia ( 4042): --- codec->getAndroidPixels() failed.
02-14 14:51:39.064 D/skia ( 4042): --- Failed to create image decoder with message 'incomplete input'
02-14 14:51:39.064 D/skia ( 4042): --- Failed to create image decoder with message 'incomplete input'
02-14 14:51:39.066 W/MediaProvider( 2896): Failed to fetch original file descriptor
02-14 14:51:39.066 W/MediaProvider( 2896): java.io.FileNotFoundException: Input file descriptor is already original
02-14 14:51:39.066 W/MediaProvider( 2896): at com.android.providers.media.MediaProvider.getOriginalMediaFormatFileDescriptor(MediaProvider.java:5718)
02-14 14:51:39.066 W/MediaProvider( 2896): at com.android.providers.media.MediaProvider.openTypedAssetFileCommon(MediaProvider.java:7134)
02-14 14:51:39.066 W/MediaProvider( 2896): at com.android.providers.media.MediaProvider.openTypedAssetFile(MediaProvider.java:7115)
02-14 14:51:39.066 W/MediaProvider( 2896): at android.content.ContentProvider$Transport.openTypedAssetFile(ContentProvider.java:548)
02-14 14:51:39.066 W/MediaProvider( 2896): at android.content.ContentProviderNative.onTransact(ContentProviderNative.java:327)
02-14 14:51:39.066 W/MediaProvider( 2896): at android.os.Binder.execTransactInternal(Binder.java:1179)
02-14 14:51:39.066 W/MediaProvider( 2896): at android.os.Binder.execTransact(Binder.java:1143)
02-14 14:51:39.066 I/ExtendedUtils( 1280): printFileName fd(23) -> /storage/emulated/0/Pictures/Pictures/xd3n2c08.png
02-14 14:51:39.067 D/skia ( 4042): --- Failed to create image decoder with message 'incomplete input'
02-14 14:51:39.067 D/skia ( 4042): --- Failed to create image decoder with message 'incomplete input'
02-14 14:51:39.068 W/MediaProvider( 2896): Failed to fetch original file descriptor
02-14 14:51:39.068 W/MediaProvider( 2896): java.io.FileNotFoundException: Input file descriptor is already original
02-14 14:51:39.068 W/MediaProvider( 2896): at com.android.providers.media.MediaProvider.getOriginalMediaFormatFileDescriptor(MediaProvider.java:5718)
02-14 14:51:39.068 W/MediaProvider( 2896): at com.android.providers.media.MediaProvider.openTypedAssetFileCommon(MediaProvider.java:7134)
02-14 14:51:39.068 W/MediaProvider( 2896): at com.android.providers.media.MediaProvider.openTypedAssetFile(MediaProvider.java:7115)
02-14 14:51:39.068 W/MediaProvider( 2896): at android.content.ContentProvider$Transport.openTypedAssetFile(ContentProvider.java:548)
02-14 14:51:39.068 W/MediaProvider( 2896): at android.content.ContentProviderNative.onTransact(ContentProviderNative.java:327)
02-14 14:51:39.068 W/MediaProvider( 2896): at android.os.Binder.execTransactInternal(Binder.java:1179)
02-14 14:51:39.068 W/MediaProvider( 2896): at android.os.Binder.execTransact(Binder.java:1143)
02-14 14:51:39.068 I/snet_event_log( 4042): [117838472,-1,]
02-14 14:51:39.068 D/skia ( 4042): --- codec->getAndroidPixels() failed.
02-14 14:51:39.069 I/ExtendedUtils( 1280): printFileName fd(29) -> /storage/emulated/0/Pictures/Pictures/xd0n2c08.png
02-14 14:51:39.069 I/snet_event_log( 4042): [117838472,-1,]
02-14 14:51:39.069 D/skia ( 4042): --- codec->getAndroidPixels() failed.
02-14 14:51:39.070 W/MediaProvider( 2896): Failed to fetch original file descriptor
02-14 14:51:39.070 W/MediaProvider( 2896): java.io.FileNotFoundException: Input file descriptor is already original
02-14 14:51:39.070 W/MediaProvider( 2896): at com.android.providers.media.MediaProvider.getOriginalMediaFormatFileDescriptor(MediaProvider.java:5718)
02-14 14:51:39.070 W/MediaProvider( 2896): at com.android.providers.media.MediaProvider.openTypedAssetFileCommon(MediaProvider.java:7134)
02-14 14:51:39.070 W/MediaProvider( 2896): at com.android.providers.media.MediaProvider.openTypedAssetFile(MediaProvider.java:7115)
02-14 14:51:39.070 W/MediaProvider( 2896): at android.content.ContentProvider$Transport.openTypedAssetFile(ContentProvider.java:548)
02-14 14:51:39.070 W/MediaProvider( 2896): at android.content.ContentProviderNative.onTransact(ContentProviderNative.java:327)
02-14 14:51:39.070 W/MediaProvider( 2896): at android.os.Binder.execTransactInternal(Binder.java:1179)
02-14 14:51:39.070 W/MediaProvider( 2896): at android.os.Binder.execTransact(Binder.java:1143)
02-14 14:51:39.070 I/ExtendedUtils( 1280): printFileName fd(33) -> /storage/emulated/0/Pictures/Pictures/xcsn0g01.png
02-14 14:51:39.070 E/QComExtractorFactory( 1277): Sniff FAIL :: coundn't pull enough data for sniffing
02-14 14:51:39.071 E/QComExtractorFactory( 1277): Sniff FAIL :: coundn't pull enough data for sniffing
02-14 14:51:39.072 E/QComExtractorFactory( 1277): Sniff FAIL :: coundn't pull enough data for sniffing
02-14 14:51:39.072 W/MediaProvider( 2896): Failed to fetch original file descriptor
02-14 14:51:39.072 W/MediaProvider( 2896): java.io.FileNotFoundException: Input file descriptor is already original
02-14 14:51:39.072 W/MediaProvider( 2896): at com.android.providers.media.MediaProvider.getOriginalMediaFormatFileDescriptor(MediaProvider.java:5718)
02-14 14:51:39.072 W/MediaProvider( 2896): at com.android.providers.media.MediaProvider.openTypedAssetFileCommon(MediaProvider.java:7134)
02-14 14:51:39.072 W/MediaProvider( 2896): at com.android.providers.media.MediaProvider.openTypedAssetFile(MediaProvider.java:7115)
02-14 14:51:39.072 W/MediaProvider( 2896): at android.content.ContentProvider$Transport.openTypedAssetFile(ContentProvider.java:548)
02-14 14:51:39.072 W/MediaProvider( 2896): at android.content.ContentProviderNative.onTransact(ContentProviderNative.java:327)
02-14 14:51:39.072 W/MediaProvider( 2896): at android.os.Binder.execTransactInternal(Binder.java:1179)
02-14 14:51:39.072 W/MediaProvider( 2896): at android.os.Binder.execTransact(Binder.java:1143)
02-14 14:51:39.073 I/ExtendedUtils( 1280): printFileName fd(23) -> /storage/emulated/0/Pictures/Pictures/xd0n2c08.png
02-14 14:51:39.074 W/MediaProvider( 2896): Failed to fetch original file descriptor
02-14 14:51:39.074 W/MediaProvider( 2896): java.io.FileNotFoundException: Input file descriptor is already original
02-14 14:51:39.074 W/MediaProvider( 2896): at com.android.providers.media.MediaProvider.getOriginalMediaFormatFileDescriptor(MediaProvider.java:5718)
02-14 14:51:39.074 W/MediaProvider( 2896): at com.android.providers.media.MediaProvider.openTypedAssetFileCommon(MediaProvider.java:7134)
02-14 14:51:39.074 W/MediaProvider( 2896): at com.android.providers.media.MediaProvider.openTypedAssetFile(MediaProvider.java:7115)
02-14 14:51:39.074 W/MediaProvider( 2896): at android.content.ContentProvider$Transport.openTypedAssetFile(ContentProvider.java:548)
02-14 14:51:39.074 W/MediaProvider( 2896): at android.content.ContentProviderNative.onTransact(ContentProviderNative.java:327)
02-14 14:51:39.074 W/MediaProvider( 2896): at android.os.Binder.execTransactInternal(Binder.java:1179)
02-14 14:51:39.074 W/MediaProvider( 2896): at android.os.Binder.execTransact(Binder.java:1143)
02-14 14:51:39.075 I/ExtendedUtils( 1280): printFileName fd(28) -> /storage/emulated/0/Pictures/Pictures/xcsn0g01.png
02-14 14:51:39.075 W/MediaProvider( 2896): Failed to fetch original file descriptor
02-14 14:51:39.075 W/MediaProvider( 2896): java.io.FileNotFoundException: Input file descriptor is already original
02-14 14:51:39.075 W/MediaProvider( 2896): at com.android.providers.media.MediaProvider.getOriginalMediaFormatFileDescriptor(MediaProvider.java:5718)
02-14 14:51:39.075 W/MediaProvider( 2896): at com.android.providers.media.MediaProvider.openTypedAssetFileCommon(MediaProvider.java:7134)
02-14 14:51:39.075 W/MediaProvider( 2896): at com.android.providers.media.MediaProvider.openTypedAssetFile(MediaProvider.java:7115)
02-14 14:51:39.075 W/MediaProvider( 2896): at android.content.ContentProvider$Transport.openTypedAssetFile(ContentProvider.java:548)
02-14 14:51:39.075 W/MediaProvider( 2896): at android.content.ContentProviderNative.onTransact(ContentProviderNative.java:327)
02-14 14:51:39.075 W/MediaProvider( 2896): at android.os.Binder.execTransactInternal(Binder.java:1179)
02-14 14:51:39.075 W/MediaProvider( 2896): at android.os.Binder.execTransact(Binder.java:1143)
02-14 14:51:39.075 I/ExtendedUtils( 1280): printFileName fd(30) -> /storage/emulated/0/Pictures/Pictures/xd3n2c08.png
02-14 14:51:39.077 E/QComExtractorFactory( 1277): Sniff FAIL :: coundn't pull enough data for sniffing
02-14 14:51:39.079 E/QComExtractorFactory( 1277): Sniff FAIL :: coundn't pull enough data for sniffing
02-14 14:51:39.082 W/MediaProvider( 2896): Failed to fetch original file descriptor
02-14 14:51:39.082 W/MediaProvider( 2896): java.io.FileNotFoundException: Input file descriptor is already original
02-14 14:51:39.082 W/MediaProvider( 2896): at com.android.providers.media.MediaProvider.getOriginalMediaFormatFileDescriptor(MediaProvider.java:5718)
02-14 14:51:39.082 W/MediaProvider( 2896): at com.android.providers.media.MediaProvider.openTypedAssetFileCommon(MediaProvider.java:7134)
02-14 14:51:39.082 W/MediaProvider( 2896): at com.android.providers.media.MediaProvider.openTypedAssetFile(MediaProvider.java:7115)
02-14 14:51:39.082 W/MediaProvider( 2896): at android.content.ContentProvider$Transport.openTypedAssetFile(ContentProvider.java:548)
02-14 14:51:39.082 W/MediaProvider( 2896): at android.content.ContentProviderNative.onTransact(ContentProviderNative.java:327)
02-14 14:51:39.082 W/MediaProvider( 2896): at android.os.Binder.execTransactInternal(Binder.java:1179)
02-14 14:51:39.082 W/MediaProvider( 2896): at android.os.Binder.execTransact(Binder.java:1143)
02-14 14:51:39.082 E/QComExtractorFactory( 1277): Sniff FAIL :: coundn't pull enough data for sniffing
02-14 14:51:39.082 I/ExtendedUtils( 1280): printFileName fd(23) -> /storage/emulated/0/Pictures/Pictures/xd3n2c08.png
02-14 14:51:39.082 W/MediaProvider( 2896): Failed to fetch original file descriptor
02-14 14:51:39.082 W/MediaProvider( 2896): java.io.FileNotFoundException: Input file descriptor is already original
02-14 14:51:39.082 W/MediaProvider( 2896): at com.android.providers.media.MediaProvider.getOriginalMediaFormatFileDescriptor(MediaProvider.java:5718)
02-14 14:51:39.082 W/MediaProvider( 2896): at com.android.providers.media.MediaProvider.openTypedAssetFileCommon(MediaProvider.java:7134)
02-14 14:51:39.082 W/MediaProvider( 2896): at com.android.providers.media.MediaProvider.openTypedAssetFile(MediaProvider.java:7115)
02-14 14:51:39.082 W/MediaProvider( 2896): at android.content.ContentProvider$Transport.openTypedAssetFile(ContentProvider.java:548)
02-14 14:51:39.082 W/MediaProvider( 2896): at android.content.ContentProviderNative.onTransact(ContentProviderNative.java:327)
02-14 14:51:39.082 W/MediaProvider( 2896): at android.os.Binder.execTransactInternal(Binder.java:1179)
02-14 14:51:39.082 W/MediaProvider( 2896): at android.os.Binder.execTransact(Binder.java:1143)
02-14 14:51:39.082 I/ExtendedUtils( 1280): printFileName fd(30) -> /storage/emulated/0/Pictures/Pictures/xd0n2c08.png
02-14 14:51:39.083 E/QComExtractorFactory( 1277): Sniff FAIL :: coundn't pull enough data for sniffing
02-14 14:51:39.084 E/QComExtractorFactory( 1277): Sniff FAIL :: coundn't pull enough data for sniffing
02-14 14:51:39.085 W/Glide ( 4042): Load failed for /storage/emulated/0/Pictures/Pictures/xd3n2c08.png with size [294x184]
02-14 14:51:39.085 W/Glide ( 4042): class com.bumptech.glide.load.engine.GlideException: Failed to load resource
02-14 14:51:39.085 W/Glide ( 4042): There were 3 root causes:
02-14 14:51:39.085 W/Glide ( 4042): java.lang.RuntimeException(setDataSource failed: status = 0x80000000)
02-14 14:51:39.085 W/Glide ( 4042): java.lang.RuntimeException(setDataSource failed: status = 0x80000000)
02-14 14:51:39.085 W/Glide ( 4042): java.lang.RuntimeException(setDataSource failed: status = 0x80000000)
02-14 14:51:39.085 W/Glide ( 4042): call GlideException#logRootCauses(String) for more detail
02-14 14:51:39.085 W/Glide ( 4042): Cause (1 of 3): class com.bumptech.glide.load.engine.GlideException: Failed LoadPath{FileInputStream->Object->Drawable}, LOCAL
02-14 14:51:39.085 W/Glide ( 4042): Cause (1 of 3): class com.bumptech.glide.load.engine.GlideException: Failed DecodePath{FileInputStream->GifDrawable->Drawable}
02-14 14:51:39.085 W/Glide ( 4042): Cause (2 of 3): class com.bumptech.glide.load.engine.GlideException: Failed DecodePath{FileInputStream->Bitmap->BitmapDrawable}
02-14 14:51:39.085 W/Glide ( 4042): Cause (3 of 3): class com.bumptech.glide.load.engine.GlideException: Failed DecodePath{FileInputStream->BitmapDrawable->Drawable}
02-14 14:51:39.085 W/Glide ( 4042): Cause (2 of 3): class com.bumptech.glide.load.engine.GlideException: Failed LoadPath{ParcelFileDescriptor->Object->Drawable}, LOCAL
02-14 14:51:39.085 W/Glide ( 4042): There were 2 root causes:
02-14 14:51:39.085 W/Glide ( 4042): java.lang.RuntimeException(setDataSource failed: status = 0x80000000)
02-14 14:51:39.085 W/Glide ( 4042): java.lang.RuntimeException(setDataSource failed: status = 0x80000000)
02-14 14:51:39.085 W/Glide ( 4042): call GlideException#logRootCauses(String) for more detail
02-14 14:51:39.085 W/Glide ( 4042): Cause (1 of 2): class com.bumptech.glide.load.engine.GlideException: Failed DecodePath{ParcelFileDescriptor->Bitmap->BitmapDrawable}
02-14 14:51:39.085 W/Glide ( 4042): There was 1 root cause:
02-14 14:51:39.085 W/Glide ( 4042): java.lang.RuntimeException(setDataSource failed: status = 0x80000000)
02-14 14:51:39.085 W/Glide ( 4042): call GlideException#logRootCauses(String) for more detail
02-14 14:51:39.085 W/Glide ( 4042): Cause (1 of 1): class java.lang.RuntimeException: setDataSource failed: status = 0x80000000
02-14 14:51:39.085 W/Glide ( 4042): Cause (2 of 2): class com.bumptech.glide.load.engine.GlideException: Failed DecodePath{ParcelFileDescriptor->BitmapDrawable->Drawable}
02-14 14:51:39.085 W/Glide ( 4042): There was 1 root cause:
02-14 14:51:39.085 W/Glide ( 4042): java.lang.RuntimeException(setDataSource failed: status = 0x80000000)
02-14 14:51:39.085 W/Glide ( 4042): call GlideException#logRootCauses(String) for more detail
02-14 14:51:39.085 W/Glide ( 4042): Cause (1 of 1): class java.lang.RuntimeException: setDataSource failed: status = 0x80000000
02-14 14:51:39.085 W/Glide ( 4042): Cause (3 of 3): class com.bumptech.glide.load.engine.GlideException: Failed LoadPath{AssetFileDescriptor->Object->Drawable}, LOCAL
02-14 14:51:39.085 W/Glide ( 4042): There was 1 root cause:
02-14 14:51:39.085 W/Glide ( 4042): java.lang.RuntimeException(setDataSource failed: status = 0x80000000)
02-14 14:51:39.085 W/Glide ( 4042): call GlideException#logRootCauses(String) for more detail
02-14 14:51:39.085 W/Glide ( 4042): Cause (1 of 1): class com.bumptech.glide.load.engine.GlideException: Failed DecodePath{AssetFileDescriptor->Bitmap->BitmapDrawable}
02-14 14:51:39.085 W/Glide ( 4042): There was 1 root cause:
02-14 14:51:39.085 W/Glide ( 4042): java.lang.RuntimeException(setDataSource failed: status = 0x80000000)
02-14 14:51:39.085 W/Glide ( 4042): call GlideException#logRootCauses(String) for more detail
02-14 14:51:39.085 W/Glide ( 4042): Cause (1 of 1): class java.lang.RuntimeException: setDataSource failed: status = 0x80000000
02-14 14:51:39.086 I/Glide ( 4042): Root cause (1 of 3)
02-14 14:51:39.086 I/Glide ( 4042): java.lang.RuntimeException: setDataSource failed: status = 0x80000000
02-14 14:51:39.086 I/Glide ( 4042): at android.media.MediaMetadataRetriever._setDataSource(Native Method)
02-14 14:51:39.086 I/Glide ( 4042): at android.media.MediaMetadataRetriever.setDataSource(MediaMetadataRetriever.java:310)
02-14 14:51:39.086 I/Glide ( 4042): at android.media.MediaMetadataRetriever.setDataSource(MediaMetadataRetriever.java:334)
02-14 14:51:39.086 I/Glide ( 4042): at com.bumptech.glide.load.resource.bitmap.VideoDecoder$ParcelFileDescriptorInitializer.initialize(VideoDecoder.java:318)
02-14 14:51:39.086 I/Glide ( 4042): at com.bumptech.glide.load.resource.bitmap.VideoDecoder$ParcelFileDescriptorInitializer.initialize(VideoDecoder.java:313)
02-14 14:51:39.086 I/Glide ( 4042): at com.bumptech.glide.load.resource.bitmap.VideoDecoder.decode(VideoDecoder.java:173)
02-14 14:51:39.086 I/Glide ( 4042): at com.bumptech.glide.load.engine.DecodePath.decodeResourceWithList(DecodePath.java:92)
02-14 14:51:39.086 I/Glide ( 4042): at com.bumptech.glide.load.engine.DecodePath.decodeResource(DecodePath.java:70)
02-14 14:51:39.086 I/Glide ( 4042): at com.bumptech.glide.load.engine.DecodePath.decode(DecodePath.java:59)
02-14 14:51:39.086 I/Glide ( 4042): at com.bumptech.glide.load.engine.LoadPath.loadWithExceptionList(LoadPath.java:76)
02-14 14:51:39.086 I/Glide ( 4042): at com.bumptech.glide.load.engine.LoadPath.load(LoadPath.java:57)
02-14 14:51:39.086 I/Glide ( 4042): at com.bumptech.glide.load.engine.DecodeJob.runLoadPath(DecodeJob.java:535)
02-14 14:51:39.086 I/Glide ( 4042): at com.bumptech.glide.load.engine.DecodeJob.decodeFromFetcher(DecodeJob.java:499)
02-14 14:51:39.086 I/Glide ( 4042): at com.bumptech.glide.load.engine.DecodeJob.decodeFromData(DecodeJob.java:485)
02-14 14:51:39.086 I/Glide ( 4042): at com.bumptech.glide.load.engine.DecodeJob.decodeFromRetrievedData(DecodeJob.java:430)
02-14 14:51:39.086 I/Glide ( 4042): at com.bumptech.glide.load.engine.DecodeJob.onDataFetcherReady(DecodeJob.java:394)
02-14 14:51:39.086 I/Glide ( 4042): at com.bumptech.glide.load.engine.SourceGenerator.onDataReadyInternal(SourceGenerator.java:210)
02-14 14:51:39.086 I/Glide ( 4042): at com.bumptech.glide.load.engine.SourceGenerator$1.onDataReady(SourceGenerator.java:101)
02-14 14:51:39.086 I/Glide ( 4042): at com.bumptech.glide.load.model.MultiModelLoader$MultiFetcher.onDataReady(MultiModelLoader.java:145)
02-14 14:51:39.086 I/Glide ( 4042): at com.bumptech.glide.load.data.LocalUriFetcher.loadData(LocalUriFetcher.java:45)
02-14 14:51:39.086 I/Glide ( 4042): at com.bumptech.glide.load.model.MultiModelLoader$MultiFetcher.loadData(MultiModelLoader.java:100)
02-14 14:51:39.086 I/Glide ( 4042): at com.bumptech.glide.load.engine.SourceGenerator.startNextLoad(SourceGenerator.java:95)
02-14 14:51:39.086 I/Glide ( 4042): at com.bumptech.glide.load.engine.SourceGenerator.startNext(SourceGenerator.java:88)
02-14 14:51:39.086 I/Glide ( 4042): at com.bumptech.glide.load.engine.DecodeJob.runGenerators(DecodeJob.java:311)
02-14 14:51:39.086 I/Glide ( 4042): at com.bumptech.glide.load.engine.DecodeJob.decodeFromRetrievedData(DecodeJob.java:438)
02-14 14:51:39.086 I/Glide ( 4042): at com.bumptech.glide.load.engine.DecodeJob.onDataFetcherReady(DecodeJob.java:394)
02-14 14:51:39.086 I/Glide ( 4042): at com.bumptech.glide.load.engine.SourceGenerator.onDataReadyInternal(SourceGenerator.java:210)
02-14 14:51:39.086 I/Glide ( 4042): at com.bumptech.glide.load.engine.SourceGenerator$1.onDataReady(SourceGenerator.java:101)
02-14 14:51:39.086 I/Glide ( 4042): at com.bumptech.glide.load.model.MultiModelLoader$MultiFetcher.onDataReady(MultiModelLoader.java:145)
02-14 14:51:39.086 I/Glide ( 4042): at com.bumptech.glide.load.data.LocalUriFetcher.loadData(LocalUriFetcher.java:45)
02-14 14:51:39.086 I/Glide ( 4042): at com.bumptech.glide.load.model.MultiModelLoader$MultiFetcher.loadData(MultiModelLoader.java:100)
02-14 14:51:39.086 I/Glide ( 4042): at com.bumptech.glide.load.engine.SourceGenerator.startNextLoad(SourceGenerator.java:95)
02-14 14:51:39.086 I/Glide ( 4042): at com.bumptech.glide.load.engine.SourceGenerator.startNext(SourceGenerator.java:88)
02-14 14:51:39.086 I/Glide ( 4042): at com.bumptech.glide.load.engine.DecodeJob.runGenerators(DecodeJob.java:311)
02-14 14:51:39.086 I/Glide ( 4042): at com.bumptech.glide.load.engine.DecodeJob.runWrapped(DecodeJob.java:280)
02-14 14:51:39.086 I/Glide ( 4042): at com.bumptech.glide.load.engine.DecodeJob.run(DecodeJob.java:235)
02-14 14:51:39.086 I/Glide ( 4042): at java.util.concurrent.ThreadPoolExecutor.runWorker(ThreadPoolExecutor.java:1167)
02-14 14:51:39.086 I/Glide ( 4042): at java.util.concurrent.ThreadPoolExecutor$Worker.run(ThreadPoolExecutor.java:641)
02-14 14:51:39.086 I/Glide ( 4042): at com.bumptech.glide.load.engine.executor.GlideExecutor$DefaultThreadFactory$1.run(GlideExecutor.java:413)
02-14 14:51:39.086 I/Glide ( 4042): at java.lang.Thread.run(Thread.java:920)
02-14 14:51:39.086 I/Glide ( 4042): at com.bumptech.glide.load.engine.executor.GlideExecutor$DefaultPriorityThreadFactory$1.run(GlideExecutor.java:372)
02-14 14:51:39.086 W/MediaProvider( 2896): Failed to fetch original file descriptor
02-14 14:51:39.086 W/MediaProvider( 2896): java.io.FileNotFoundException: Input file descriptor is already original
02-14 14:51:39.086 W/MediaProvider( 2896): at com.android.providers.media.MediaProvider.getOriginalMediaFormatFileDescriptor(MediaProvider.java:5718)
02-14 14:51:39.086 W/MediaProvider( 2896): at com.android.providers.media.MediaProvider.openTypedAssetFileCommon(MediaProvider.java:7134)
02-14 14:51:39.086 W/MediaProvider( 2896): at com.android.providers.media.MediaProvider.openTypedAssetFile(MediaProvider.java:7115)
02-14 14:51:39.086 W/MediaProvider( 2896): at android.content.ContentProvider$Transport.openTypedAssetFile(ContentProvider.java:548)
02-14 14:51:39.086 W/MediaProvider( 2896): at android.content.ContentProviderNative.onTransact(ContentProviderNative.java:327)
02-14 14:51:39.086 W/MediaProvider( 2896): at android.os.Binder.execTransactInternal(Binder.java:1179)
02-14 14:51:39.086 W/MediaProvider( 2896): at android.os.Binder.execTransact(Binder.java:1143)
02-14 14:51:39.086 I/ExtendedUtils( 1280): printFileName fd(23) -> /storage/emulated/0/Pictures/Pictures/xcsn0g01.png
02-14 14:51:39.087 I/Glide ( 4042): Root cause (2 of 3)
02-14 14:51:39.087 I/Glide ( 4042): java.lang.RuntimeException: setDataSource failed: status = 0x80000000
02-14 14:51:39.087 I/Glide ( 4042): at android.media.MediaMetadataRetriever._setDataSource(Native Method)
02-14 14:51:39.087 I/Glide ( 4042): at android.media.MediaMetadataRetriever.setDataSource(MediaMetadataRetriever.java:310)
02-14 14:51:39.087 I/Glide ( 4042): at android.media.MediaMetadataRetriever.setDataSource(MediaMetadataRetriever.java:334)
02-14 14:51:39.087 I/Glide ( 4042): at com.bumptech.glide.load.resource.bitmap.VideoDecoder$ParcelFileDescriptorInitializer.initialize(VideoDecoder.java:318)
02-14 14:51:39.087 I/Glide ( 4042): at com.bumptech.glide.load.resource.bitmap.VideoDecoder$ParcelFileDescriptorInitializer.initialize(VideoDecoder.java:313)
02-14 14:51:39.087 I/Glide ( 4042): at com.bumptech.glide.load.resource.bitmap.VideoDecoder.decode(VideoDecoder.java:173)
02-14 14:51:39.087 I/Glide ( 4042): at com.bumptech.glide.load.resource.bitmap.BitmapDrawableDecoder.decode(BitmapDrawableDecoder.java:58)
02-14 14:51:39.087 I/Glide ( 4042): at com.bumptech.glide.load.engine.DecodePath.decodeResourceWithList(DecodePath.java:92)
02-14 14:51:39.087 I/Glide ( 4042): at com.bumptech.glide.load.engine.DecodePath.decodeResource(DecodePath.java:70)
02-14 14:51:39.087 I/Glide ( 4042): at com.bumptech.glide.load.engine.DecodePath.decode(DecodePath.java:59)
02-14 14:51:39.087 I/Glide ( 4042): at com.bumptech.glide.load.engine.LoadPath.loadWithExceptionList(LoadPath.java:76)
02-14 14:51:39.087 I/Glide ( 4042): at com.bumptech.glide.load.engine.LoadPath.load(LoadPath.java:57)
02-14 14:51:39.087 I/Glide ( 4042): at com.bumptech.glide.load.engine.DecodeJob.runLoadPath(DecodeJob.java:535)
02-14 14:51:39.087 I/Glide ( 4042): at com.bumptech.glide.load.engine.DecodeJob.decodeFromFetcher(DecodeJob.java:499)
02-14 14:51:39.087 I/Glide ( 4042): at com.bumptech.glide.load.engine.DecodeJob.decodeFromData(DecodeJob.java:485)
02-14 14:51:39.087 I/Glide ( 4042): at com.bumptech.glide.load.engine.DecodeJob.decodeFromRetrievedData(DecodeJob.java:430)
02-14 14:51:39.087 I/Glide ( 4042): at com.bumptech.glide.load.engine.DecodeJob.onDataFetcherReady(DecodeJob.java:394)
02-14 14:51:39.087 I/Glide ( 4042): at com.bumptech.glide.load.engine.SourceGenerator.onDataReadyInternal(SourceGenerator.java:210)
02-14 14:51:39.087 I/Glide ( 4042): at com.bumptech.glide.load.engine.SourceGenerator$1.onDataReady(SourceGenerator.java:101)
02-14 14:51:39.087 I/Glide ( 4042): at com.bumptech.glide.load.model.MultiModelLoader$MultiFetcher.onDataReady(MultiModelLoader.java:145)
02-14 14:51:39.087 I/Glide ( 4042): at com.bumptech.glide.load.data.LocalUriFetcher.loadData(LocalUriFetcher.java:45)
02-14 14:51:39.087 I/Glide ( 4042): at com.bumptech.glide.load.model.MultiModelLoader$MultiFetcher.loadData(MultiModelLoader.java:100)
02-14 14:51:39.087 I/Glide ( 4042): at com.bumptech.glide.load.engine.SourceGenerator.startNextLoad(SourceGenerator.java:95)
02-14 14:51:39.087 I/Glide ( 4042): at com.bumptech.glide.load.engine.SourceGenerator.startNext(SourceGenerator.java:88)
02-14 14:51:39.087 I/Glide ( 4042): at com.bumptech.glide.load.engine.DecodeJob.runGenerators(DecodeJob.java:311)
02-14 14:51:39.087 I/Glide ( 4042): at com.bumptech.glide.load.engine.DecodeJob.decodeFromRetrievedData(DecodeJob.java:438)
02-14 14:51:39.087 I/Glide ( 4042): at com.bumptech.glide.load.engine.DecodeJob.onDataFetcherReady(DecodeJob.java:394)
02-14 14:51:39.087 I/Glide ( 4042): at com.bumptech.glide.load.engine.SourceGenerator.onDataReadyInternal(SourceGenerator.java:210)
02-14 14:51:39.087 I/Glide ( 4042): at com.bumptech.glide.load.engine.SourceGenerator$1.onDataReady(SourceGenerator.java:101)
02-14 14:51:39.087 I/Glide ( 4042): at com.bumptech.glide.load.model.MultiModelLoader$MultiFetcher.onDataReady(MultiModelLoader.java:145)
02-14 14:51:39.087 I/Glide ( 4042): at com.bumptech.glide.load.data.LocalUriFetcher.loadData(LocalUriFetcher.java:45)
02-14 14:51:39.087 I/Glide ( 4042): at com.bumptech.glide.load.model.MultiModelLoader$MultiFetcher.loadData(MultiModelLoader.java:100)
02-14 14:51:39.087 I/Glide ( 4042): at com.bumptech.glide.load.engine.SourceGenerator.startNextLoad(SourceGenerator.java:95)
02-14 14:51:39.087 I/Glide ( 4042): at com.bumptech.glide.load.engine.SourceGenerator.startNext(SourceGenerator.java:88)
02-14 14:51:39.087 I/Glide ( 4042): at com.bumptech.glide.load.engine.DecodeJob.runGenerators(DecodeJob.java:311)
02-14 14:51:39.087 I/Glide ( 4042): at com.bumptech.glide.load.engine.DecodeJob.runWrapped(DecodeJob.java:280)
02-14 14:51:39.087 I/Glide ( 4042): at com.bumptech.glide.load.engine.DecodeJob.run(DecodeJob.java:235)
02-14 14:51:39.087 I/Glide ( 4042): at java.util.concurrent.ThreadPoolExecutor.runWorker(ThreadPoolExecutor.java:1167)
02-14 14:51:39.087 I/Glide ( 4042): at java.util.concurrent.ThreadPoolExecutor$Worker.run(ThreadPoolExecutor.java:641)
02-14 14:51:39.087 I/Glide ( 4042): at com.bumptech.glide.load.engine.executor.GlideExecutor$DefaultThreadFactory$1.run(GlideExecutor.java:413)
02-14 14:51:39.087 I/Glide ( 4042): at java.lang.Thread.run(Thread.java:920)
02-14 14:51:39.087 I/Glide ( 4042): at com.bumptech.glide.load.engine.executor.GlideExecutor$DefaultPriorityThreadFactory$1.run(GlideExecutor.java:372)
02-14 14:51:39.087 I/Glide ( 4042): Root cause (3 of 3)
02-14 14:51:39.087 I/Glide ( 4042): java.lang.RuntimeException: setDataSource failed: status = 0x80000000
02-14 14:51:39.087 I/Glide ( 4042): at android.media.MediaMetadataRetriever._setDataSource(Native Method)
02-14 14:51:39.087 I/Glide ( 4042): at android.media.MediaMetadataRetriever.setDataSource(MediaMetadataRetriever.java:310)
02-14 14:51:39.087 I/Glide ( 4042): at com.bumptech.glide.load.resource.bitmap.VideoDecoder$AssetFileDescriptorInitializer.initialize(VideoDecoder.java:308)
02-14 14:51:39.087 I/Glide ( 4042): at com.bumptech.glide.load.resource.bitmap.VideoDecoder$AssetFileDescriptorInitializer.initialize(VideoDecoder.java:303)
02-14 14:51:39.087 I/Glide ( 4042): at com.bumptech.glide.load.resource.bitmap.VideoDecoder.decode(VideoDecoder.java:173)
02-14 14:51:39.087 I/Glide ( 4042): at com.bumptech.glide.load.engine.DecodePath.decodeResourceWithList(DecodePath.java:92)
02-14 14:51:39.087 I/Glide ( 4042): at com.bumptech.glide.load.engine.DecodePath.decodeResource(DecodePath.java:70)
02-14 14:51:39.087 I/Glide ( 4042): at com.bumptech.glide.load.engine.DecodePath.decode(DecodePath.java:59)
02-14 14:51:39.087 I/Glide ( 4042): at com.bumptech.glide.load.engine.LoadPath.loadWithExceptionList(LoadPath.java:76)
02-14 14:51:39.087 I/Glide ( 4042): at com.bumptech.glide.load.engine.LoadPath.load(LoadPath.java:57)
02-14 14:51:39.087 I/Glide ( 4042): at com.bumptech.glide.load.engine.DecodeJob.runLoadPath(DecodeJob.java:535)
02-14 14:51:39.087 I/Glide ( 4042): at com.bumptech.glide.load.engine.DecodeJob.decodeFromFetcher(DecodeJob.java:499)
02-14 14:51:39.087 I/Glide ( 4042): at com.bumptech.glide.load.engine.DecodeJob.decodeFromData(DecodeJob.java:485)
02-14 14:51:39.087 I/Glide ( 4042): at com.bumptech.glide.load.engine.DecodeJob.decodeFromRetrievedData(DecodeJob.java:430)
02-14 14:51:39.087 I/Glide ( 4042): at com.bumptech.glide.load.engine.DecodeJob.onDataFetcherReady(DecodeJob.java:394)
02-14 14:51:39.087 I/Glide ( 4042): at com.bumptech.glide.load.engine.SourceGenerator.onDataReadyInternal(SourceGenerator.java:210)
02-14 14:51:39.087 I/Glide ( 4042): at com.bumptech.glide.load.engine.SourceGenerator$1.onDataReady(SourceGenerator.java:101)
02-14 14:51:39.087 I/Glide ( 4042): at com.bumptech.glide.load.model.MultiModelLoader$MultiFetcher.onDataReady(MultiModelLoader.java:145)
02-14 14:51:39.087 I/Glide ( 4042): at com.bumptech.glide.load.data.LocalUriFetcher.loadData(LocalUriFetcher.java:45)
02-14 14:51:39.087 I/Glide ( 4042): at com.bumptech.glide.load.model.MultiModelLoader$MultiFetcher.loadData(MultiModelLoader.java:100)
02-14 14:51:39.087 I/Glide ( 4042): at com.bumptech.glide.load.engine.SourceGenerator.startNextLoad(SourceGenerator.java:95)
02-14 14:51:39.087 I/Glide ( 4042): at com.bumptech.glide.load.engine.SourceGenerator.startNext(SourceGenerator.java:88)
02-14 14:51:39.087 I/Glide ( 4042): at com.bumptech.glide.load.engine.DecodeJob.runGenerators(DecodeJob.java:311)
02-14 14:51:39.087 I/Glide ( 4042): at com.bumptech.glide.load.engine.DecodeJob.decodeFromRetrievedData(DecodeJob.java:438)
02-14 14:51:39.087 I/Glide ( 4042): at com.bumptech.glide.load.engine.DecodeJob.onDataFetcherReady(DecodeJob.java:394)
02-14 14:51:39.087 I/Glide ( 4042): at com.bumptech.glide.load.engine.SourceGenerator.onDataReadyInternal(SourceGenerator.java:210)
02-14 14:51:39.087 I/Glide ( 4042): at com.bumptech.glide.load.engine.SourceGenerator$1.onDataReady(SourceGenerator.java:101)
02-14 14:51:39.087 I/Glide ( 4042): at com.bumptech.glide.load.model.MultiModelLoader$MultiFetcher.onDataReady(MultiModelLoader.java:145)
02-14 14:51:39.087 I/Glide ( 4042): at com.bumptech.glide.load.data.LocalUriFetcher.loadData(LocalUriFetcher.java:45)
02-14 14:51:39.087 I/Glide ( 4042): at com.bumptech.glide.load.model.MultiModelLoader$MultiFetcher.loadData(MultiModelLoader.java:100)
02-14 14:51:39.087 I/Glide ( 4042): at com.bumptech.glide.load.engine.SourceGenerator.startNextLoad(SourceGenerator.java:95)
02-14 14:51:39.087 I/Glide ( 4042): at com.bumptech.glide.load.engine.SourceGenerator.startNext(SourceGenerator.java:88)
02-14 14:51:39.087 I/Glide ( 4042): at com.bumptech.glide.load.engine.DecodeJob.runGenerators(DecodeJob.java:311)
02-14 14:51:39.087 I/Glide ( 4042): at com.bumptech.glide.load.engine.DecodeJob.decodeFromRetrievedData(DecodeJob.java:438)
02-14 14:51:39.087 I/Glide ( 4042): at com.bumptech.glide.load.engine.DecodeJob.onDataFetcherReady(DecodeJob.java:394)
02-14 14:51:39.087 I/Glide ( 4042): at com.bumptech.glide.load.engine.SourceGenerator.onDataReadyInternal(SourceGenerator.java:210)
02-14 14:51:39.087 I/Glide ( 4042): at com.bumptech.glide.load.engine.SourceGenerator$1.onDataReady(SourceGenerator.java:101)
02-14 14:51:39.087 I/Glide ( 4042): at com.bumptech.glide.load.model.MultiModelLoader$MultiFetcher.onDataReady(MultiModelLoader.java:145)
02-14 14:51:39.087 I/Glide ( 4042): at com.bumptech.glide.load.data.LocalUriFetcher.loadData(LocalUriFetcher.java:45)
02-14 14:51:39.087 I/Glide ( 4042): at com.bumptech.glide.load.model.MultiModelLoader$MultiFetcher.loadData(MultiModelLoader.java:100)
02-14 14:51:39.087 I/Glide ( 4042): at com.bumptech.glide.load.engine.SourceGenerator.startNextLoad(SourceGenerator.java:95)
02-14 14:51:39.087 I/Glide ( 4042): at com.bumptech.glide.load.engine.SourceGenerator.startNext(SourceGenerator.java:88)
02-14 14:51:39.087 I/Glide ( 4042): at com.bumptech.glide.load.engine.DecodeJob.runGenerators(DecodeJob.java:311)
02-14 14:51:39.087 I/Glide ( 4042): at com.bumptech.glide.load.engine.DecodeJob.runWrapped(DecodeJob.java:280)
02-14 14:51:39.088 I/Glide ( 4042): at com.bumptech.glide.load.engine.DecodeJob.run(DecodeJob.java:235)
02-14 14:51:39.088 I/Glide ( 4042): at java.util.concurrent.ThreadPoolExecutor.runWorker(ThreadPoolExecutor.java:1167)
02-14 14:51:39.088 I/Glide ( 4042): at java.util.concurrent.ThreadPoolExecutor$Worker.run(ThreadPoolExecutor.java:641)
02-14 14:51:39.088 I/Glide ( 4042): at com.bumptech.glide.load.engine.executor.GlideExecutor$DefaultThreadFactory$1.run(GlideExecutor.java:413)
02-14 14:51:39.088 I/Glide ( 4042): at java.lang.Thread.run(Thread.java:920)
02-14 14:51:39.088 I/Glide ( 4042): at com.bumptech.glide.load.engine.executor.GlideExecutor$DefaultPriorityThreadFactory$1.run(GlideExecutor.java:372)
02-14 14:51:39.088 E/QComExtractorFactory( 1277): Sniff FAIL :: coundn't pull enough data for sniffing
02-14 14:51:39.091 W/Glide ( 4042): Load failed for /storage/emulated/0/Pictures/Pictures/xd0n2c08.png with size [294x184]
02-14 14:51:39.091 W/Glide ( 4042): class com.bumptech.glide.load.engine.GlideException: Failed to load resource
02-14 14:51:39.091 W/Glide ( 4042): There were 3 root causes:
02-14 14:51:39.091 W/Glide ( 4042): java.lang.RuntimeException(setDataSource failed: status = 0x80000000)
02-14 14:51:39.091 W/Glide ( 4042): java.lang.RuntimeException(setDataSource failed: status = 0x80000000)
02-14 14:51:39.091 W/Glide ( 4042): java.lang.RuntimeException(setDataSource failed: status = 0x80000000)
02-14 14:51:39.091 W/Glide ( 4042): call GlideException#logRootCauses(String) for more detail
02-14 14:51:39.091 W/Glide ( 4042): Cause (1 of 3): class com.bumptech.glide.load.engine.GlideException: Failed LoadPath{FileInputStream->Object->Drawable}, LOCAL
02-14 14:51:39.091 W/Glide ( 4042): Cause (1 of 3): class com.bumptech.glide.load.engine.GlideException: Failed DecodePath{FileInputStream->GifDrawable->Drawable}
02-14 14:51:39.091 W/Glide ( 4042): Cause (2 of 3): class com.bumptech.glide.load.engine.GlideException: Failed DecodePath{FileInputStream->Bitmap->BitmapDrawable}
02-14 14:51:39.091 W/Glide ( 4042): Cause (3 of 3): class com.bumptech.glide.load.engine.GlideException: Failed DecodePath{FileInputStream->BitmapDrawable->Drawable}
02-14 14:51:39.091 W/Glide ( 4042): Cause (2 of 3): class com.bumptech.glide.load.engine.GlideException: Failed LoadPath{ParcelFileDescriptor->Object->Drawable}, LOCAL
02-14 14:51:39.091 W/Glide ( 4042): There were 2 root causes:
02-14 14:51:39.091 W/Glide ( 4042): java.lang.RuntimeException(setDataSource failed: status = 0x80000000)
02-14 14:51:39.091 W/Glide ( 4042): java.lang.RuntimeException(setDataSource failed: status = 0x80000000)
02-14 14:51:39.091 W/Glide ( 4042): call GlideException#logRootCauses(String) for more detail
02-14 14:51:39.091 W/Glide ( 4042): Cause (1 of 2): class com.bumptech.glide.load.engine.GlideException: Failed DecodePath{ParcelFileDescriptor->Bitmap->BitmapDrawable}
02-14 14:51:39.091 W/Glide ( 4042): There was 1 root cause:
02-14 14:51:39.091 W/Glide ( 4042): java.lang.RuntimeException(setDataSource failed: status = 0x80000000)
02-14 14:51:39.091 W/Glide ( 4042): call GlideException#logRootCauses(String) for more detail
02-14 14:51:39.091 W/Glide ( 4042): Cause (1 of 1): class java.lang.RuntimeException: setDataSource failed: status = 0x80000000
02-14 14:51:39.091 W/Glide ( 4042): Cause (2 of 2): class com.bumptech.glide.load.engine.GlideException: Failed DecodePath{ParcelFileDescriptor->BitmapDrawable->Drawable}
02-14 14:51:39.091 W/Glide ( 4042): There was 1 root cause:
02-14 14:51:39.091 W/Glide ( 4042): java.lang.RuntimeException(setDataSource failed: status = 0x80000000)
02-14 14:51:39.091 W/Glide ( 4042): call GlideException#logRootCauses(String) for more detail
02-14 14:51:39.091 W/Glide ( 4042): Cause (1 of 1): class java.lang.RuntimeException: setDataSource failed: status = 0x80000000
02-14 14:51:39.091 W/Glide ( 4042): Cause (3 of 3): class com.bumptech.glide.load.engine.GlideException: Failed LoadPath{AssetFileDescriptor->Object->Drawable}, LOCAL
02-14 14:51:39.091 W/Glide ( 4042): There was 1 root cause:
02-14 14:51:39.091 W/Glide ( 4042): java.lang.RuntimeException(setDataSource failed: status = 0x80000000)
02-14 14:51:39.091 W/Glide ( 4042): call GlideException#logRootCauses(String) for more detail
02-14 14:51:39.091 W/Glide ( 4042): Cause (1 of 1): class com.bumptech.glide.load.engine.GlideException: Failed DecodePath{AssetFileDescriptor->Bitmap->BitmapDrawable}
02-14 14:51:39.091 W/Glide ( 4042): There was 1 root cause:
02-14 14:51:39.091 W/Glide ( 4042): java.lang.RuntimeException(setDataSource failed: status = 0x80000000)
02-14 14:51:39.091 W/Glide ( 4042): call GlideException#logRootCauses(String) for more detail
02-14 14:51:39.091 W/Glide ( 4042): Cause (1 of 1): class java.lang.RuntimeException: setDataSource failed: status = 0x80000000
02-14 14:51:39.091 I/Glide ( 4042): Root cause (1 of 3)
02-14 14:51:39.091 I/Glide ( 4042): java.lang.RuntimeException: setDataSource failed: status = 0x80000000
02-14 14:51:39.091 I/Glide ( 4042): at android.media.MediaMetadataRetriever._setDataSource(Native Method)
02-14 14:51:39.091 I/Glide ( 4042): at android.media.MediaMetadataRetriever.setDataSource(MediaMetadataRetriever.java:310)
02-14 14:51:39.091 I/Glide ( 4042): at android.media.MediaMetadataRetriever.setDataSource(MediaMetadataRetriever.java:334)
02-14 14:51:39.091 I/Glide ( 4042): at com.bumptech.glide.load.resource.bitmap.VideoDecoder$ParcelFileDescriptorInitializer.initialize(VideoDecoder.java:318)
02-14 14:51:39.091 I/Glide ( 4042): at com.bumptech.glide.load.resource.bitmap.VideoDecoder$ParcelFileDescriptorInitializer.initialize(VideoDecoder.java:313)
02-14 14:51:39.091 I/Glide ( 4042): at com.bumptech.glide.load.resource.bitmap.VideoDecoder.decode(VideoDecoder.java:173)
02-14 14:51:39.091 I/Glide ( 4042): at com.bumptech.glide.load.engine.DecodePath.decodeResourceWithList(DecodePath.java:92)
02-14 14:51:39.091 I/Glide ( 4042): at com.bumptech.glide.load.engine.DecodePath.decodeResource(DecodePath.java:70)
02-14 14:51:39.091 I/Glide ( 4042): at com.bumptech.glide.load.engine.DecodePath.decode(DecodePath.java:59)
02-14 14:51:39.091 I/Glide ( 4042): at com.bumptech.glide.load.engine.LoadPath.loadWithExceptionList(LoadPath.java:76)
02-14 14:51:39.091 I/Glide ( 4042): at com.bumptech.glide.load.engine.LoadPath.load(LoadPath.java:57)
02-14 14:51:39.091 I/Glide ( 4042): at com.bumptech.glide.load.engine.DecodeJob.runLoadPath(DecodeJob.java:535)
02-14 14:51:39.091 I/Glide ( 4042): at com.bumptech.glide.load.engine.DecodeJob.decodeFromFetcher(DecodeJob.java:499)
02-14 14:51:39.091 I/Glide ( 4042): at com.bumptech.glide.load.engine.DecodeJob.decodeFromData(DecodeJob.java:485)
02-14 14:51:39.091 I/Glide ( 4042): at com.bumptech.glide.load.engine.DecodeJob.decodeFromRetrievedData(DecodeJob.java:430)
02-14 14:51:39.091 I/Glide ( 4042): at com.bumptech.glide.load.engine.DecodeJob.onDataFetcherReady(DecodeJob.java:394)
02-14 14:51:39.091 I/Glide ( 4042): at com.bumptech.glide.load.engine.SourceGenerator.onDataReadyInternal(SourceGenerator.java:210)
02-14 14:51:39.091 I/Glide ( 4042): at com.bumptech.glide.load.engine.SourceGenerator$1.onDataReady(SourceGenerator.java:101)
02-14 14:51:39.091 I/Glide ( 4042): at com.bumptech.glide.load.model.MultiModelLoader$MultiFetcher.onDataReady(MultiModelLoader.java:145)
02-14 14:51:39.091 I/Glide ( 4042): at com.bumptech.glide.load.data.LocalUriFetcher.loadData(LocalUriFetcher.java:45)
02-14 14:51:39.091 I/Glide ( 4042): at com.bumptech.glide.load.model.MultiModelLoader$MultiFetcher.loadData(MultiModelLoader.java:100)
02-14 14:51:39.091 I/Glide ( 4042): at com.bumptech.glide.load.engine.SourceGenerator.startNextLoad(SourceGenerator.java:95)
02-14 14:51:39.091 I/Glide ( 4042): at com.bumptech.glide.load.engine.SourceGenerator.startNext(SourceGenerator.java:88)
02-14 14:51:39.091 I/Glide ( 4042): at com.bumptech.glide.load.engine.DecodeJob.runGenerators(DecodeJob.java:311)
02-14 14:51:39.091 I/Glide ( 4042): at com.bumptech.glide.load.engine.DecodeJob.decodeFromRetrievedData(DecodeJob.java:438)
02-14 14:51:39.091 I/Glide ( 4042): at com.bumptech.glide.load.engine.DecodeJob.onDataFetcherReady(DecodeJob.java:394)
02-14 14:51:39.091 I/Glide ( 4042): at com.bumptech.glide.load.engine.SourceGenerator.onDataReadyInternal(SourceGenerator.java:210)
02-14 14:51:39.091 I/Glide ( 4042): at com.bumptech.glide.load.engine.SourceGenerator$1.onDataReady(SourceGenerator.java:101)
02-14 14:51:39.091 I/Glide ( 4042): at com.bumptech.glide.load.model.MultiModelLoader$MultiFetcher.onDataReady(MultiModelLoader.java:145)
02-14 14:51:39.091 I/Glide ( 4042): at com.bumptech.glide.load.data.LocalUriFetcher.loadData(LocalUriFetcher.java:45)
02-14 14:51:39.091 I/Glide ( 4042): at com.bumptech.glide.load.model.MultiModelLoader$MultiFetcher.loadData(MultiModelLoader.java:100)
02-14 14:51:39.091 I/Glide ( 4042): at com.bumptech.glide.load.engine.SourceGenerator.startNextLoad(SourceGenerator.java:95)
02-14 14:51:39.091 I/Glide ( 4042): at com.bumptech.glide.load.engine.SourceGenerator.startNext(SourceGenerator.java:88)
02-14 14:51:39.091 I/Glide ( 4042): at com.bumptech.glide.load.engine.DecodeJob.runGenerators(DecodeJob.java:311)
02-14 14:51:39.091 I/Glide ( 4042): at com.bumptech.glide.load.engine.DecodeJob.runWrapped(DecodeJob.java:280)
02-14 14:51:39.091 I/Glide ( 4042): at com.bumptech.glide.load.engine.DecodeJob.run(DecodeJob.java:235)
02-14 14:51:39.091 I/Glide ( 4042): at java.util.concurrent.ThreadPoolExecutor.runWorker(ThreadPoolExecutor.java:1167)
02-14 14:51:39.091 I/Glide ( 4042): at java.util.concurrent.ThreadPoolExecutor$Worker.run(ThreadPoolExecutor.java:641)
02-14 14:51:39.091 I/Glide ( 4042): at com.bumptech.glide.load.engine.executor.GlideExecutor$DefaultThreadFactory$1.run(GlideExecutor.java:413)
02-14 14:51:39.091 I/Glide ( 4042): at java.lang.Thread.run(Thread.java:920)
02-14 14:51:39.091 I/Glide ( 4042): at com.bumptech.glide.load.engine.executor.GlideExecutor$DefaultPriorityThreadFactory$1.run(GlideExecutor.java:372)
02-14 14:51:39.092 I/Glide ( 4042): Root cause (2 of 3)
02-14 14:51:39.092 I/Glide ( 4042): java.lang.RuntimeException: setDataSource failed: status = 0x80000000
02-14 14:51:39.092 I/Glide ( 4042): at android.media.MediaMetadataRetriever._setDataSource(Native Method)
