02-14 14:51:16.462 D/LOWI-9.0.0.87.a( 1409): [LOWI-Scan] BSS 18:6f:2d:81:16:42 (wlan0) ASSO: NO AddInfo: 0x1, TSF 0, 00:26:39.557, RSSI: -158, CPL: 127, AGE: 616, SSID ThunderSoft_2.4G, TSFDelta: 0x8faf358e, TXRate: 0
02-14 14:51:16.462 D/LOWI-9.0.0.87.a( 1409): [LOWI-Scan]
02-14 14:51:16.462 D/LOWI-9.0.0.87.a( 1409): [LOWI-Scan] print_bss_handler: Report beacon TSF 1599797232 as it greater than probe TSF 1599730552
02-14 14:51:16.462 D/LOWI-9.0.0.87.a( 1409): [LOWI-Scan] decode_rsn_wpa_ie: LOWI_ENCRYPTION_TYPE_WPA_PSK
02-14 14:51:16.462 D/LOWI-9.0.0.87.a( 1409): [LOWI-Scan] is_qcom_ie, bss_age: 0
02-14 14:51:16.462 D/LOWI-9.0.0.87.a( 1409): [LOWI-Scan] BSS 18:6f:2d:81:23:c2 LOWI_PHY_MODE_11NG_HT20(5), Beacon Interval: 100, LOWI_ENCRYPTION_TYPE_WPA_PSK 11mcRanging: No, ANQP: No, LCI: No, Civic: No, capability(0x0531): ESS Privacy ShortPreamble SpectrumMgmt ShortSlotTime
02-14 14:51:16.462 D/LOWI-9.0.0.87.a( 1409): [LOWI-Scan] BSS 18:6f:2d:81:23:c2 FREQ: 2452, cFreq1[40:80:160] = [2452:0:0] cFreq2 = 0 Country Code = CN
02-14 14:51:16.462 D/LOWI-9.0.0.87.a( 1409): [LOWI-Scan] BSS 18:6f:2d:81:23:c2 (wlan0) ASSO: NO AddInfo: 0x1, TSF 0, 00:26:39.797, RSSI: -136, CPL: 127, AGE: 376, SSID ThunderSoft_2.4G, TSFDelta: 0x95f7376f, TXRate: 0
02-14 14:51:16.463 D/LOWI-9.0.0.87.a( 1409): [LOWI-Scan]
02-14 14:51:16.463 D/LOWI-9.0.0.87.a( 1409): [LOWI-Scan] print_bss_handler: Report Probe TSF 1599778052 as it greater than Beacon TSF 0
02-14 14:51:16.463 D/LOWI-9.0.0.87.a( 1409): [LOWI-Scan] decode_rsn_wpa_ie: LOWI_ENCRYPTION_TYPE_WPA_PSK
02-14 14:51:16.463 D/LOWI-9.0.0.87.a( 1409): [LOWI-Scan] is_qcom_ie, bss_age: 0
02-14 14:51:16.463 D/LOWI-9.0.0.87.a( 1409): [LOWI-Scan] BSS 18:6f:2d:81:23:c0 LOWI_PHY_MODE_11NG_HT20(5), Beacon Interval: 100, LOWI_ENCRYPTION_TYPE_WPA_PSK 11mcRanging: No, ANQP: No, LCI: No, Civic: No, capability(0x0531): ESS Privacy ShortPreamble SpectrumMgmt ShortSlotTime
02-14 14:51:16.463 D/LOWI-9.0.0.87.a( 1409): [LOWI-Scan] BSS 18:6f:2d:81:23:c0 FREQ: 2452, cFreq1[40:80:160] = [2452:0:0] cFreq2 = 0 Country Code = CN
02-14 14:51:16.463 D/LOWI-9.0.0.87.a( 1409): [LOWI-Scan] BSS 18:6f:2d:81:23:c0 (wlan0) ASSO: NO AddInfo: 0x0, TSF 0, 00:26:39.778, RSSI: -148, CPL: 127, AGE: 396, SSID Testing , TSFDelta: 0x97508b23, TXRate: 0
02-14 14:51:16.463 D/LOWI-9.0.0.87.a( 1409): [LOWI-Scan]
02-14 14:51:16.463 D/LOWI-9.0.0.87.a( 1409): [LOWI-Scan] print_bss_handler: Report Probe TSF 1599839716 as it greater than Beacon TSF 0
02-14 14:51:16.463 D/LOWI-9.0.0.87.a( 1409): [LOWI-Scan] decode_rsn_wpa_ie: LOWI_ENCRYPTION_TYPE_WPA_PSK
02-14 14:51:16.463 D/LOWI-9.0.0.87.a( 1409): [LOWI-Scan] is_qcom_ie, bss_age: 0
02-14 14:51:16.463 D/LOWI-9.0.0.87.a( 1409): [LOWI-Scan] BSS cc:2d:21:6a:c3:68 LOWI_PHY_MODE_11NG_HT20(5), Beacon Interval: 100, LOWI_ENCRYPTION_TYPE_WPA_PSK 11mcRanging: No, ANQP: No, LCI: No, Civic: No, capability(0x0411): ESS Privacy ShortSlotTime
02-14 14:51:16.463 D/LOWI-9.0.0.87.a( 1409): [LOWI-Scan] BSS cc:2d:21:6a:c3:68 FREQ: 2457, cFreq1[40:80:160] = [0:0:0] cFreq2 = 0 Country Code =
02-14 14:51:16.463 D/LOWI-9.0.0.87.a( 1409): [LOWI-Scan] BSS cc:2d:21:6a:c3:68 (wlan0) ASSO: NO AddInfo: 0x0, TSF 0, 00:26:39.839, RSSI: -114, CPL: 127, AGE: 336, SSID Tenda_6AC368, TSFDelta: 0xe3549935, TXRate: 0
02-14 14:51:16.463 D/LOWI-9.0.0.87.a( 1409): [LOWI-Scan]
02-14 14:51:16.463 D/LOWI-9.0.0.87.a( 1409): [LOWI-Scan] print_bss_handler: Report beacon TSF 1599890780 as it greater than probe TSF 1599890780
02-14 14:51:16.463 D/LOWI-9.0.0.87.a( 1409): [LOWI-Scan] decode_rsn_wpa_ie: LOWI_ENCRYPTION_TYPE_WPA_PSK
02-14 14:51:16.463 D/LOWI-9.0.0.87.a( 1409): [LOWI-Scan] is_qcom_ie, bss_age: 0
02-14 14:51:16.463 D/LOWI-9.0.0.87.a( 1409): [LOWI-Scan] BSS 7c:d9:5c:9d:f7:e0 LOWI_PHY_MODE_11NG_HT20(5), Beacon Interval: 100, LOWI_ENCRYPTION_TYPE_WPA_PSK 11mcRanging: No, ANQP: No, LCI: No, Civic: No, capability(0x1431): ESS Privacy ShortPreamble ShortSlotTime
02-14 14:51:16.463 D/LOWI-9.0.0.87.a( 1409): [LOWI-Scan] BSS 7c:d9:5c:9d:f7:e0 FREQ: 2462, cFreq1[40:80:160] = [0:0:0] cFreq2 = 0 Country Code = US
02-14 14:51:16.463 D/LOWI-9.0.0.87.a( 1409): [LOWI-Scan] BSS 7c:d9:5c:9d:f7:e0 (wlan0) ASSO: NO AddInfo: 0x1, TSF 0, 00:26:39.890, RSSI: -122, CPL: 127, AGE: 284, SSID Google nest wifi, TSFDelta: 0x8aefbe22, TXRate: 0
02-14 14:51:16.463 D/LOWI-9.0.0.87.a( 1409): [LOWI-Scan]
02-14 14:51:16.463 D/LOWI-9.0.0.87.a( 1409): [LOWI-Scan] print_bss_handler: Report Probe TSF 1599951244 as it greater than Beacon TSF 1599932669
02-14 14:51:16.463 D/LOWI-9.0.0.87.a( 1409): [LOWI-Scan] decode_rsn_wpa_ie: LOWI_ENCRYPTION_TYPE_WPA_PSK
02-14 14:51:16.463 D/LOWI-9.0.0.87.a( 1409): [LOWI-Scan] is_qcom_ie, bss_age: 0
02-14 14:51:16.463 D/LOWI-9.0.0.87.a( 1409): [LOWI-Scan] BSS dc:fe:18:77:4e:9a LOWI_PHY_MODE_11NG_HT40(7), Beacon Interval: 100, LOWI_ENCRYPTION_TYPE_WPA_PSK 11mcRanging: No, ANQP: No, LCI: No, Civic: No, capability(0x0431): ESS Privacy ShortPreamble ShortSlotTime
02-14 14:51:16.463 D/LOWI-9.0.0.87.a( 1409): [LOWI-Scan] BSS dc:fe:18:77:4e:9a FREQ: 2462, cFreq1[40:80:160] = [2452:0:0] cFreq2 = 0 Country Code =
02-14 14:51:16.463 D/LOWI-9.0.0.87.a( 1409): [LOWI-Scan] BSS dc:fe:18:77:4e:9a (wlan0) ASSO: NO AddInfo: 0x0, TSF 0, 00:26:39.951, RSSI: -128, CPL: 127, AGE: 224, SSID TP-LINK_4E9A, TSFDelta: 0xfbbfefe6, TXRate: 0
02-14 14:51:16.463 D/LOWI-9.0.0.87.a( 1409): [LOWI-Scan]
02-14 14:51:16.463 D/LOWI-9.0.0.87.a( 1409): [LOWI-Scan] print_bss_handler: Report beacon TSF 1599918199 as it greater than probe TSF 1599918199
02-14 14:51:16.463 D/LOWI-9.0.0.87.a( 1409): [LOWI-Scan] decode_rsn_wpa_ie: LOWI_ENCRYPTION_TYPE_WPA_PSK
02-14 14:51:16.463 D/LOWI-9.0.0.87.a( 1409): [LOWI-Scan] is_qcom_ie, bss_age: 0
02-14 14:51:16.463 D/LOWI-9.0.0.87.a( 1409): [LOWI-Scan] BSS a4:1a:3a:00:9f:35 LOWI_PHY_MODE_11NG_HT40(7), Beacon Interval: 100, LOWI_ENCRYPTION_TYPE_WPA_PSK 11mcRanging: No, ANQP: No, LCI: No, Civic: No, capability(0x1411): ESS Privacy ShortSlotTime
02-14 14:51:16.463 D/LOWI-9.0.0.87.a( 1409): [LOWI-Scan] BSS a4:1a:3a:00:9f:35 FREQ: 2462, cFreq1[40:80:160] = [2452:0:0] cFreq2 = 0 Country Code = CN
02-14 14:51:16.463 D/LOWI-9.0.0.87.a( 1409): [LOWI-Scan] BSS a4:1a:3a:00:9f:35 (wlan0) ASSO: NO AddInfo: 0x1, TSF 0, 00:26:39.918, RSSI: -124, CPL: 127, AGE: 256, SSID TP-LINK_9F35, TSFDelta: 0x8b9be92d, TXRate: 0
02-14 14:51:16.463 D/LOWI-9.0.0.87.a( 1409): [LOWI-Scan]
02-14 14:51:16.463 D/LOWI-9.0.0.87.a( 1409): [LOWI-Scan] print_bss_handler: Report beacon TSF 1600031017 as it greater than probe TSF 1600005273
02-14 14:51:16.463 D/LOWI-9.0.0.87.a( 1409): [LOWI-Scan] is_qcom_ie, bss_age: 0
02-14 14:51:16.463 D/LOWI-9.0.0.87.a( 1409): [LOWI-Scan] BSS 18:6f:2d:0a:b8:41 LOWI_PHY_MODE_11NG_HT20(5), Beacon Interval: 100, LOWI_ENCRYPTION_TYPE_OPEN 11mcRanging: No, ANQP: No, LCI: No, Civic: No, capability(0x0521): ESS ShortPreamble SpectrumMgmt ShortSlotTime
02-14 14:51:16.463 D/LOWI-9.0.0.87.a( 1409): [LOWI-Scan] BSS 18:6f:2d:0a:b8:41 FREQ: 2467, cFreq1[40:80:160] = [2467:0:0] cFreq2 = 0 Country Code = CN
02-14 14:51:16.463 D/LOWI-9.0.0.87.a( 1409): [LOWI-Scan] BSS 18:6f:2d:0a:b8:41 (wlan0) ASSO: NO AddInfo: 0x1, TSF 0, 00:26:40.031, RSSI: -132, CPL: 127, AGE: 144, SSID Guest, TSFDelta: 0x26973053, TXRate: 0
02-14 14:51:16.463 D/LOWI-9.0.0.87.a( 1409): [LOWI-Scan]
02-14 14:51:16.463 D/LOWI-9.0.0.87.a( 1409): [LOWI-Scan] print_bss_handler: Report beacon TSF 1600031624 as it greater than probe TSF 1600006164
02-14 14:51:16.463 D/LOWI-9.0.0.87.a( 1409): [LOWI-Scan] decode_rsn_wpa_ie: LOWI_ENCRYPTION_TYPE_WPA_PSK
02-14 14:51:16.463 D/LOWI-9.0.0.87.a( 1409): [LOWI-Scan] is_qcom_ie, bss_age: 0
02-14 14:51:16.463 D/LOWI-9.0.0.87.a( 1409): [LOWI-Scan] BSS 18:6f:2d:0a:b8:42 LOWI_PHY_MODE_11NG_HT20(5), Beacon Interval: 100, LOWI_ENCRYPTION_TYPE_WPA_PSK 11mcRanging: No, ANQP: No, LCI: No, Civic: No, capability(0x0531): ESS Privacy ShortPreamble SpectrumMgmt ShortSlotTime
02-14 14:51:16.463 D/LOWI-9.0.0.87.a( 1409): [LOWI-Scan] BSS 18:6f:2d:0a:b8:42 FREQ: 2467, cFreq1[40:80:160] = [2467:0:0] cFreq2 = 0 Country Code = CN
02-14 14:51:16.463 D/LOWI-9.0.0.87.a( 1409): [LOWI-Scan] BSS 18:6f:2d:0a:b8:42 (wlan0) ASSO: NO AddInfo: 0x1, TSF 0, 00:26:40.031, RSSI: -132, CPL: 127, AGE: 144, SSID ThunderSoft_2.4G, TSFDelta: 0x269c123c, TXRate: 0
02-14 14:51:16.463 D/LOWI-9.0.0.87.a( 1409): [LOWIDiagLog] Log: lowiMeasResult->request: invalid null argument
02-14 14:51:16.463 I/LOWI-9.0.0.87.a( 1409): [LOWI-Scan] lowi_close_record:Scan done in 1584800ms, 75 APs in scan results
02-14 14:51:16.463 D/LOWI-9.0.0.87.a( 1409): [LOWI-Scan] WipsScanUsingNL: passive scan cached 0, took 13146 ms, err 0
02-14 14:51:16.463 D/LOWI-9.0.0.87.a( 1409): [LOWI-Scan] lowi_proc_req_passive_scan_with_live_meas - No WLAN Frames to be parsed
02-14 14:51:16.463 D/LOWI-9.0.0.87.a( 1409): [LOWIScanResultReceiver] Send scan meas to listener
02-14 14:51:16.464 D/LOWI-9.0.0.87.a( 1409): [LOWIScanResultReceiver] Enter passive listening mode
02-14 14:51:16.464 D/LOWI-9.0.0.87.a( 1409): [LOWIWifiDriverInterface] getMeasurements - Passive listening mode
02-14 14:51:16.464 D/LOWI-9.0.0.87.a( 1409): [LOWI-Scan] WipsScanUsingNL:wait -1 sec for netlink message
02-14 14:51:16.464 D/LOWI-9.0.0.87.a( 1409): [LOWIEventReceiver] handleEvent:FROM:NA, TO:NA, REQ:NA, IREQ:NA, REQ_ID:0, RESP:NA, INFO:NA
02-14 14:51:16.464 D/LOWI-9.0.0.87.a( 1409): [LOWIBackgroundScanMgr] isRspForBgScanMgr: evt(LOWI_NO_EVT) - not handled
02-14 14:51:16.464 D/LOWI-9.0.0.87.a( 1409): [LOWIScheduler] manageMsg: NULL results or NULL request in results
02-14 14:51:16.464 D/LOWI-9.0.0.87.a( 1409): [LOWIController] Measurements received
02-14 14:51:16.464 D/LOWI-9.0.0.87.a( 1409): [LOWICacheManager] putInCache:Num of Meas to add: 75
02-14 14:51:16.464 D/LOWI-9.0.0.87.a( 1409): [LOWIController] processMeasurementResults: No current Request. Cache measurements
02-14 14:51:16.464 D/LOWI-9.0.0.87.a( 1409): [LOWIController] sendAsyncScanResponse: Request FreeWifiScanObserver_0 is from a different client.
02-14 14:51:16.464 D/LOWI-9.0.0.87.a( 1409): [LOWIController] generateResponse: Type (ASYNC_DISCOVERY_SCAN_RESULTS) ScanStatus (1) request FreeWifiScanObserver_0
02-14 14:51:16.464 D/LOWI-9.0.0.87.a( 1409): [LOWIEventDispatcher] sendResponse - originator = FreeWifiScanObserver
02-14 14:51:16.464 D/LOWI-9.0.0.87.a( 1409): [LOWIUtils] injectScanMeasurements - num of APs = 75
02-14 14:51:16.465 I/LOWI-9.0.0.87.a( 1409): [LOWIUtils] responseToOutPostcard - TO: FreeWifiScanObserver, FROM: LOWI-SERVER, RESP: LOWI_ASYNC_DISCOVERY_SCAN_RESULTS
02-14 14:51:16.465 D/LOWI-9.0.0.87.a( 1409): [LOWIControllerExtn] sendLOWILpDiscoveryScanResponse: Not a discovery scan response
02-14 14:51:16.474 D/WificondScannerImpl( 1257): Filtering out 13 scan results.
02-14 14:51:16.513 I/system_server( 1257): Explicit concurrent copying GC freed 119354(4913KB) AllocSpace objects, 14(488KB) LOS objects, 49% free, 13MB/26MB, paused 307us,53us total 114.714ms
02-14 14:51:16.515 W/System ( 1257): A resource failed to call close.
02-14 14:51:16.515 W/System ( 1257): A resource failed to call close.
02-14 14:51:16.559 W/WifiDebugService( 2367): Can not find target wifi network : hht_test_wifi_fc4318c9
02-14 14:51:16.802 I/OMX-VENC: venc_dev( 1286): stats: avg. fps 12.06, bitrate 1025289
02-14 14:51:16.958 I/mpu_uart( 646): [MSG-P:RECV]:No message received in 1000 ms
02-14 14:51:17.043 I/input_interaction( 1257): Interaction with: 51913a4 com.android.settings/com.android.settings.Settings (server), edge-swipe (server), swipe-up (server), PointerEventDispatcher0 (server),
02-14 14:51:17.092 D/audio_hw_primary( 812): out_set_parameters: enter: usecase(1: low-latency-playback) kvpairs: suspend_playback=false
02-14 14:51:17.092 D/audio_hw_extn( 812): audio_extn_fm_set_parameters: Enter
02-14 14:51:17.093 W/audio_hw_primary( 812): out_write: underrun(4) frames_by_time(48213) > out->last_fifo_frames_remaining(384)
02-14 14:51:17.134 D/audio_hw_primary( 812): out_set_parameters: enter: usecase(1: low-latency-playback) kvpairs: suspend_playback=true
02-14 14:51:17.134 D/audio_hw_extn( 812): audio_extn_fm_set_parameters: Enter
02-14 14:51:17.221 W/hpplay-java( 2772): [main]:IPManager:getActiveNets invalid networkInfo:null
02-14 14:51:17.221 I/hpplay-java( 2772): [main]:IPManager:getActiveNets eth0:false wifi:false mobile:false ap:false
02-14 14:51:17.221 I/hpplay-java( 2772): [main]:ServerTaskManager:get local ip:null
02-14 14:51:17.814 I/OMX-VENC: venc_dev( 1286): stats: avg. fps 51.36, bitrate 3402781
02-14 14:51:17.958 I/mpu_uart( 646): [MSG-P:RECV]:No message received in 1000 ms
02-14 14:51:18.093 E/TaskPersister( 1257): File error accessing recents directory (directory doesn't exist?).
02-14 14:51:18.135 D/audio_hw_primary( 812): out_set_parameters: enter: usecase(1: low-latency-playback) kvpairs: suspend_playback=false
02-14 14:51:18.135 D/audio_hw_extn( 812): audio_extn_fm_set_parameters: Enter
02-14 14:51:18.135 D/audio_hw_primary( 812): out_standby: enter: stream (0xebd40010) usecase(1: low-latency-playback)
02-14 14:51:18.148 I/afe_close( 0): port_id = 0x9000
02-14 14:51:18.155 D/audio_hw_primary( 812): disable_audio_route: reset and update mixer path: low-latency-playback
02-14 14:51:18.156 E/soundtrigger( 812): audio_extn_sound_trigger_update_stream_status: invalid input device 0x0, for event 2
02-14 14:51:18.156 D/soundtrigger( 812): audio_extn_sound_trigger_update_stream_status: uc_info->id 1 of type 0 for Event 2, with Raise=0
02-14 14:51:18.156 D/msm8974_platform( 812): platform_split_snd_device: snd_device(2) num devices(0) new_snd_devices(0)
02-14 14:51:18.156 I/msm8974_platform( 812): platform_get_custom_mtmx_params: no matching param with id 0 ip_ch 2 op_ch 2 uc_id 1 snd_dev 2
02-14 14:51:18.156 D/hardware_info( 812): hw_info_append_hw_type : device_name = speaker
02-14 14:51:18.156 D/audio_hw_primary( 812): disable_snd_device: snd_device(2: speaker)
02-14 14:51:18.156 D/msm8974_platform( 812): platform_split_snd_device: snd_device(2) num devices(0) new_snd_devices(0)
02-14 14:51:18.156 I/soundtrigger( 812): audio_extn_sound_trigger_update_device_status: device 0x2 of type 0 for Event 0, with Raise=0
02-14 14:51:18.156 D/audio_hw_primary( 812): out_standby: exit
02-14 14:51:18.161 D/BufferPoolAccessor2.0( 1332): evictor expired: 1, evicted: 0
02-14 14:51:18.161 D/BufferPoolAccessor2.0( 1280): evictor expired: 1, evicted: 0
02-14 14:51:18.161 D/BufferPoolAccessor2.0( 2109): evictor expired: 1, evicted: 0
02-14 14:51:18.223 W/hpplay-java( 2772): [main]:IPManager:getActiveNets invalid networkInfo:null
02-14 14:51:18.223 I/hpplay-java( 2772): [main]:IPManager:getActiveNets eth0:false wifi:false mobile:false ap:false
02-14 14:51:18.223 I/hpplay-java( 2772): [main]:ServerTaskManager:get local ip:null
02-14 14:51:18.257 I/GameModeConfig( 1257): isGameModeOn = true
02-14 14:51:18.257 I/GameModeConfig( 1257): isGaming = false
02-14 14:51:18.274 D/InterruptionStateProvider( 2009): No bubble up: not allowed to bubble: 0|com.android.systemui|4274|null|10080
02-14 14:51:18.275 D/InterruptionStateProvider( 2009): No bubble up: not allowed to bubble: -1|android|26|null|1000
02-14 14:51:18.275 D/InterruptionStateProvider( 2009): No alerting: filtered notification: 0|com.android.systemui|1|empty_media|10080
02-14 14:51:18.275 D/InterruptionStateProvider( 2009): No bubble up: not allowed to bubble: 0|com.android.systemui|2048|null|10080
02-14 14:51:18.275 D/InterruptionStateProvider( 2009): No bubble up: not allowed to bubble: 0|android|17303299|com.android.wifi|1000
02-14 14:51:18.275 D/InterruptionStateProvider( 2009): No bubble up: not allowed to bubble: -1|android|32|null|1000
02-14 14:51:18.959 I/mpu_uart( 646): [MSG-P:RECV]:No message received in 1000 ms
02-14 14:51:18.993 I/mpu_uart( 646): [MSG-P:R]:recv sync frame timeout
02-14 14:51:19.225 W/hpplay-java( 2772): [main]:IPManager:getActiveNets invalid networkInfo:null
02-14 14:51:19.225 I/hpplay-java( 2772): [main]:IPManager:getActiveNets eth0:false wifi:false mobile:false ap:false
02-14 14:51:19.225 I/hpplay-java( 2772): [main]:ServerTaskManager:get local ip:null
02-14 14:51:19.474 I/OMX-VENC: venc_dev( 1286): stats: avg. fps 29.53, bitrate 1771538
02-14 14:51:19.510 I/perf ( 0): interrupt took too long (2501 > 2500), lowering kernel.perf_event_max_sample_rate to 79750
02-14 14:51:19.624 I/DashboardFragment( 5019): onPreferenceTreeClick: onPreferenceTreeClick::com.android.settings.DisplaySettings
02-14 14:51:19.626 I/sysui_multi_action( 5019): [757,830,758,4,833,0,854,top_level_display,1089,0]
02-14 14:51:19.628 I/TopLevelSettings( 5019): TopLevelSettings: TopLevelSettings::com.android.settings.DisplaySettings
02-14 14:51:19.737 I/sysui_multi_action( 5019): [757,746,758,2,1089,4599]
02-14 14:51:19.740 D/BluetoothPan( 5019): Unbinding service...
02-14 14:51:19.744 I/TetheringManager( 5019): unregisterTetheringEventCallback caller:com.android.settings
02-14 14:51:19.752 D/BluetoothPan( 5019): Unbinding service...
02-14 14:51:19.758 D/PrefCtrlListHelper( 5019): Could not find Context-only controller for pref: com.android.settings.display.AutoBrightnessPreferenceController
02-14 14:51:19.759 D/PrefCtrlListHelper( 5019): Could not find Context-only controller for pref: com.android.settings.security.screenlock.LockScreenPreferenceController
02-14 14:51:19.759 D/PrefCtrlListHelper( 5019): Could not find Context-only controller for pref: com.android.settings.display.DarkUIPreferenceController
02-14 14:51:19.760 D/PrefCtrlListHelper( 5019): Could not find Context-only controller for pref: com.android.settings.display.FontSizePreferenceController
02-14 14:51:19.760 D/PrefCtrlListHelper( 5019): Could not find Context-only controller for pref: com.android.settings.display.NightDisplayPreferenceController
02-14 14:51:19.763 D/PrefCtrlListHelper( 5019): Could not find Context-only controller for pref: com.android.settings.display.ColorModePreferenceController
02-14 14:51:19.764 D/PrefCtrlListHelper( 5019): Could not find Context-only controller for pref: com.android.settings.display.AutoRotatePreferenceController
02-14 14:51:19.764 D/PrefCtrlListHelper( 5019): Could not find Context-only controller for pref: com.android.settings.display.DisplayWhiteBalancePreferenceController
02-14 14:51:19.764 D/PrefCtrlListHelper( 5019): Could not find Context-only controller for pref: com.android.settings.display.PeakRefreshRatePreferenceController
02-14 14:51:19.764 D/RefreshRatePrefCtr( 5019): DEFAULT_REFRESH_RATE : 60.0 mPeakRefreshRate : 60.0
02-14 14:51:19.764 D/PrefCtrlListHelper( 5019): Could not find Context-only controller for pref: com.android.settings.display.HotSeatDirPreferenceController
02-14 14:51:19.768 E/UserRestrictionsUtils( 1257): Unknown restriction queried by uid 1000 (vendor.qti.qesdk.sysservice et al): null
02-14 14:51:19.769 E/UserRestrictionsUtils( 1257): Unknown restriction queried by uid 1000 (vendor.qti.qesdk.sysservice et al): null
02-14 14:51:19.769 E/UserRestrictionsUtils( 1257): Unknown restriction queried by uid 1000 (vendor.qti.qesdk.sysservice et al): null
02-14 14:51:19.770 E/UserRestrictionsUtils( 1257): Unknown restriction queried by uid 1000 (vendor.qti.qesdk.sysservice et al): null
02-14 14:51:19.771 E/UserRestrictionsUtils( 1257): Unknown restriction queried by uid 1000 (vendor.qti.qesdk.sysservice et al): null
02-14 14:51:19.777 D/DisplaySettings( 5019): NO dashboard tiles for DisplaySettings
02-14 14:51:19.777 D/DisplaySettings( 5019): All preferences added, reporting fully drawn
02-14 14:51:19.790 I/sysui_multi_action( 5019): [757,46,758,1,833,0,1089,35]
02-14 14:51:19.797 I/sysui_multi_action( 5019): [757,1729,758,4,854,isParalleledControllers:false,1089,42]
02-14 14:51:19.834 E/DTC_ETH,link_delay_work_func( 0): 3003, SQI=0, link=0
02-14 14:51:19.962 I/mpu_uart( 646): [MSG-P:RECV]:No message received in 1000 ms
02-14 14:51:20.163 D/BufferPoolAccessor2.0( 1332): bufferpool2 0xb400007d48163ed8 : 0(0 size) total buffers - 0(0 size) used buffers - 94/97 (recycle/alloc) - 3/96 (fetch/transfer)
02-14 14:51:20.163 D/BufferPoolAccessor2.0( 1332): evictor expired: 1, evicted: 1
02-14 14:51:20.163 D/BufferPoolAccessor2.0( 1280): bufferpool2 0xf3342d28 : 0(0 size) total buffers - 0(0 size) used buffers - 94/102 (recycle/alloc) - 8/198 (fetch/transfer)
02-14 14:51:20.163 D/BufferPoolAccessor2.0( 1280): evictor expired: 1, evicted: 1
02-14 14:51:20.228 W/hpplay-java( 2772): [main]:IPManager:getActiveNets invalid networkInfo:null
02-14 14:51:20.228 I/hpplay-java( 2772): [main]:IPManager:getActiveNets eth0:false wifi:false mobile:false ap:false
02-14 14:51:20.228 I/hpplay-java( 2772): [main]:ServerTaskManager:get local ip:null
02-14 14:51:20.400 E/tlogd ( 1378): [TzLogger](isPathReadable) file /sys/kernel/debug/tzdbg/qsee_log isn't exist or no permission, err: No such file or directory
02-14 14:51:20.400 E/tlogd ( 1378): [TzLogger](saveTzlogAsync) /sys/kernel/debug/tzdbg/qsee_log can not read.
02-14 14:51:20.400 E/tlogd ( 1378): [TzLogger](isPathReadable) file /sys/kernel/debug/tzdbg/log isn't exist or no permission, err: No such file or directory
02-14 14:51:20.400 E/tlogd ( 1378): [TzLogger](saveTzlogAsync) /sys/kernel/debug/tzdbg/log can not read.
02-14 14:51:20.478 I/OMX-VENC: venc_dev( 1286): stats: avg. fps 50.78, bitrate 2274204
02-14 14:51:20.962 I/mpu_uart( 646): [MSG-P:RECV]:No message received in 1000 ms
02-14 14:51:20.974 D/RemoteControlService( 2312): startVlanDispatchThread
02-14 14:51:21.230 W/hpplay-java( 2772): [main]:IPManager:getActiveNets invalid networkInfo:null
02-14 14:51:21.230 I/hpplay-java( 2772): [main]:IPManager:getActiveNets eth0:false wifi:false mobile:false ap:false
02-14 14:51:21.230 I/hpplay-java( 2772): [main]:ServerTaskManager:get local ip:null
02-14 14:51:21.482 I/OMX-VENC: venc_dev( 1286): stats: avg. fps 27.89, bitrate 2486770
02-14 14:51:21.962 I/mpu_uart( 646): [MSG-P:RECV]:No message received in 1000 ms
02-14 14:51:21.996 I/mpu_uart( 646): [MSG-P:R]:recv sync frame timeout
02-14 14:51:22.197 I/commit_sys_config_file( 1257): [appops,1584876]
02-14 14:51:22.232 W/hpplay-java( 2772): [main]:IPManager:getActiveNets invalid networkInfo:null
02-14 14:51:22.232 I/hpplay-java( 2772): [main]:IPManager:getActiveNets eth0:false wifi:false mobile:false ap:false
02-14 14:51:22.232 I/hpplay-java( 2772): [main]:ServerTaskManager:get local ip:null
02-14 14:51:22.307 I/DashboardFragment( 5019): onPreferenceTreeClick: onPreferenceTreeClick::com.android.settings.dream.DreamSettings
02-14 14:51:22.308 I/sysui_multi_action( 5019): [757,830,758,4,833,0,854,screensaver,1089,0]
02-14 14:51:22.310 W/PreferenceFragment( 5019): onPreferenceStartFragment is not implemented in the parent activity - attempting to use a fallback implementation. You should implement this method so that you can configure the new fragment that will be displayed, and set a transition between the fragments.
02-14 14:51:22.315 I/sysui_multi_action( 5019): [757,46,758,2,1089,2525]
02-14 14:51:22.328 D/PrefCtrlListHelper( 5019): Could not find Context-only controller for pref: com.android.settings.dream.CurrentDreamPreferenceController
02-14 14:51:22.329 D/PrefCtrlListHelper( 5019): Could not find Context-only controller for pref: com.android.settings.dream.ScreenTimeoutPreferenceController
02-14 14:51:22.334 E/UserRestrictionsUtils( 1257): Unknown restriction queried by uid 1000 (vendor.qti.qesdk.sysservice et al): null
02-14 14:51:22.335 E/UserRestrictionsUtils( 1257): Unknown restriction queried by uid 1000 (vendor.qti.qesdk.sysservice et al): null
02-14 14:51:22.361 D/DreamSettings( 5019): NO dashboard tiles for DreamSettings
02-14 14:51:22.361 D/DreamSettings( 5019): All preferences added, reporting fully drawn
02-14 14:51:22.381 I/sysui_multi_action( 5019): [757,47,758,1,833,0,1089,55]
02-14 14:51:22.382 D/DashboardFragment( 5019): Cannot find preference with key when_to_start in Controller WhenToDreamPreferenceController
02-14 14:51:22.389 I/sysui_multi_action( 5019): [757,1729,758,4,854,isParalleledControllers:false,1089,62]
02-14 14:51:22.493 I/OMX-VENC: venc_dev( 1286): stats: avg. fps 25.72, bitrate 1319669
02-14 14:51:22.589 I/GameModeConfig( 1257): isGameModeOn = true
02-14 14:51:22.590 I/GameModeConfig( 1257): isGaming = false
02-14 14:51:22.962 I/mpu_uart( 646): [MSG-P:RECV]:No message received in 1000 ms
02-14 14:51:23.234 W/hpplay-java( 2772): [main]:IPManager:getActiveNets invalid networkInfo:null
02-14 14:51:23.234 I/hpplay-java( 2772): [main]:IPManager:getActiveNets eth0:false wifi:false mobile:false ap:false
02-14 14:51:23.234 I/hpplay-java( 2772): [main]:ServerTaskManager:get local ip:null
02-14 14:51:23.963 I/mpu_uart( 646): [MSG-P:RECV]:No message received in 1000 ms
02-14 14:51:24.039 I/OMX-VENC: venc_dev( 1286): stats: avg. fps 3.24, bitrate 95112
02-14 14:51:24.237 W/hpplay-java( 2772): [main]:IPManager:getActiveNets invalid networkInfo:null
02-14 14:51:24.237 I/hpplay-java( 2772): [main]:IPManager:getActiveNets eth0:false wifi:false mobile:false ap:false
02-14 14:51:24.237 I/hpplay-java( 2772): [main]:ServerTaskManager:get local ip:null
02-14 14:51:24.954 E/DTC_ETH,link_delay_work_func( 0): 3003, SQI=0, link=0
02-14 14:51:24.963 I/mpu_uart( 646): [MSG-P:RECV]:No message received in 1000 ms
02-14 14:51:24.999 I/mpu_uart( 646): [MSG-P:R]:recv sync frame timeout
02-14 14:51:25.239 W/hpplay-java( 2772): [main]:IPManager:getActiveNets invalid networkInfo:null
02-14 14:51:25.240 I/hpplay-java( 2772): [main]:IPManager:getActiveNets eth0:false wifi:false mobile:false ap:false
02-14 14:51:25.240 I/hpplay-java( 2772): [main]:ServerTaskManager:get local ip:null
02-14 14:51:25.400 E/tlogd ( 1378): [TzLogger](isPathReadable) file /sys/kernel/debug/tzdbg/qsee_log isn't exist or no permission, err: No such file or directory
02-14 14:51:25.401 E/tlogd ( 1378): [TzLogger](saveTzlogAsync) /sys/kernel/debug/tzdbg/qsee_log can not read.
02-14 14:51:25.401 E/tlogd ( 1378): [TzLogger](isPathReadable) file /sys/kernel/debug/tzdbg/log isn't exist or no permission, err: No such file or directory
02-14 14:51:25.401 E/tlogd ( 1378): [TzLogger](saveTzlogAsync) /sys/kernel/debug/tzdbg/log can not read.
02-14 14:51:25.489 I/OMX-VENC: venc_dev( 1286): stats: avg. fps 12.42, bitrate 958097
02-14 14:51:25.963 I/mpu_uart( 646): [MSG-P:RECV]:No message received in 1000 ms
02-14 14:51:25.982 D/RemoteControlService( 2312): startVlanDispatchThread
02-14 14:51:26.242 W/hpplay-java( 2772): [main]:IPManager:getActiveNets invalid networkInfo:null
02-14 14:51:26.243 I/hpplay-java( 2772): [main]:IPManager:getActiveNets eth0:false wifi:false mobile:false ap:false
02-14 14:51:26.243 I/hpplay-java( 2772): [main]:ServerTaskManager:get local ip:null
02-14 14:51:26.491 I/OMX-VENC: venc_dev( 1286): stats: avg. fps 1.00, bitrate 39145
02-14 14:51:26.639 I/thunderperf( 1257): Maybe need boostperf for current app!
02-14 14:51:26.639 D/FgBoostPerfService( 2109): [FgBoostPerfService.perfBoostAcq]start: stat=true pkgName=com.thundercomm.screensaver
02-14 14:51:26.639 V/GameMode_GameTypeUtils( 2109): judge isGame:com.thundercomm.screensaver
02-14 14:51:26.639 I/FgBoostPerfService( 2109): [FgBoostPerfService.perfBoostAcq] not game-mode or game app!
02-14 14:51:26.639 I/ThunderPerfManager( 1257): PerfAcq error : state=true pkgName=com.thundercomm.screensaver
02-14 14:51:26.639 V/GameMode_GameTypeUtils( 2109): judge isGame:com.thundercomm.screensaver
02-14 14:51:26.640 I/FgBoostPerfService( 2109): [GetGpuMode] isMode=1 isGame=false mGpuMode=0
02-14 14:51:26.640 V/GameMode_GameTypeUtils( 2109): judge isGame:com.thundercomm.screensaver
02-14 14:51:26.640 I/FgBoostPerfService( 2109): [GetGpuDpiType] isMode=1 isGame=false mGpuDpiType=0
02-14 14:51:26.641 I/thunderperf( 1257): Current app pkgName=com.thundercomm.screensaver bm:com.thundercomm.perf.BoostPerfManager@ac0cef7 gpuMode=-1 gpuType=-1
02-14 14:51:26.641 I/ThunderBoostPerfService( 1257): Resolution: Uid=1000 Pid=5019 gMode=-1 dType=-1
02-14 14:51:26.641 I/thunderperf( 1257): PlatormCompat.setOverrides: Uid1=1000 Pid1=5019 Uid2=1000 Pid2=5019
02-14 14:51:26.641 I/thunderperf( 1257): PlatormCompat.setOverrides: needCheck:false
02-14 14:51:26.641 I/thunderperf( 1257): CompatConfig.addOverrideUnsafe: bef-state=0
02-14 14:51:26.642 I/thunderperf( 1257): CompatConfig.addOverrideUnsafe: aft-state=0
02-14 14:51:26.642 I/thunderperf( 1257): CompatConfig.addOverrideUnsafe: bef-state=0
02-14 14:51:26.643 I/thunderperf( 1257): CompatConfig.addOverrideUnsafe: aft-state=0
02-14 14:51:26.643 I/thunderperf( 1257): CompatConfig.addOverrideUnsafe: bef-state=0
02-14 14:51:26.643 I/thunderperf( 1257): CompatConfig.addOverrideUnsafe: aft-state=0
02-14 14:51:26.644 I/thunderperf( 1257): CompatConfig.addOverrideUnsafe: bef-state=0
02-14 14:51:26.644 I/thunderperf( 1257): CompatConfig.addOverrideUnsafe: aft-state=0
02-14 14:51:26.644 I/thunderperf( 1257): CompatConfig.addOverrideUnsafe: bef-state=0
02-14 14:51:26.644 I/thunderperf( 1257): CompatConfig.addOverrideUnsafe: aft-state=0
02-14 14:51:26.645 I/thunderperf( 1257): CompatConfig.addOverrideUnsafe: bef-state=0
02-14 14:51:26.645 I/thunderperf( 1257): CompatConfig.addOverrideUnsafe: aft-state=0
02-14 14:51:26.646 I/thunderperf( 1257): CompatConfig.addOverrideUnsafe: bef-state=0
02-14 14:51:26.646 I/thunderperf( 1257): CompatConfig.addOverrideUnsafe: aft-state=0
02-14 14:51:26.646 I/thunderperf( 1257): CompatConfig.addOverrideUnsafe: bef-state=0
02-14 14:51:26.646 I/thunderperf( 1257): CompatConfig.addOverrideUnsafe: aft-state=0
02-14 14:51:26.647 I/thunderperf( 1257): CompatConfig.addOverrideUnsafe: bef-state=0
02-14 14:51:26.647 I/thunderperf( 1257): CompatConfig.addOverrideUnsafe: aft-state=0
02-14 14:51:26.647 I/thunderperf( 1257): CompatConfig.addOverrideUnsafe: bef-state=0
02-14 14:51:26.647 I/thunderperf( 1257): CompatConfig.addOverrideUnsafe: aft-state=0
02-14 14:51:26.648 I/thunderperf( 1257): CompatConfig.addOverrideUnsafe: bef-state=0
02-14 14:51:26.648 I/thunderperf( 1257): CompatConfig.addOverrideUnsafe: aft-state=0
02-14 14:51:26.648 I/thunderperf( 1257): CompatConfig.addOverrideUnsafe: bef-state=0
02-14 14:51:26.648 I/thunderperf( 1257): CompatConfig.addOverrideUnsafe: aft-state=0
02-14 14:51:26.649 I/thunderperf( 1257): CompatConfig.addOverrideUnsafe: bef-state=0
02-14 14:51:26.649 I/thunderperf( 1257): CompatConfig.addOverrideUnsafe: aft-state=0
02-14 14:51:26.649 I/thunderperf( 1257): CompatConfig.addOverrideUnsafe: bef-state=0
02-14 14:51:26.649 I/thunderperf( 1257): CompatConfig.addOverrideUnsafe: aft-state=0
02-14 14:51:26.653 I/ThunderBoostPerfService( 1257): Disable downscaling com.thundercomm.screensaver to 2380x1020
02-14 14:51:26.653 I/ActivityTaskManager( 1257): START u0 {cmp=com.thundercomm.screensaver/.ui.page.MainActivity} from uid 1000
02-14 14:51:26.654 I/EventSequenceValidator( 1257): inc AccIntentStartedEvents to 2
02-14 14:51:26.659 I/wm_task_moved( 1257): [19,1,6]
02-14 14:51:26.659 I/wm_set_resumed_activity( 1257): [0,com.android.settings/.Settings,positionChildAt]
02-14 14:51:26.659 I/wm_create_activity( 1257): [0,148301861,19,com.thundercomm.screensaver/.ui.page.MainActivity,NULL,NULL,NULL,0]
02-14 14:51:26.659 D/CompatibilityInfo( 1257): mCompatibilityFlags - 4
02-14 14:51:26.659 D/CompatibilityInfo( 1257): applicationDensity - 240
02-14 14:51:26.659 D/CompatibilityInfo( 1257): applicationScale - 1.0
02-14 14:51:26.659 D/ActivityTrigger( 1257): ActivityTrigger activityPauseTrigger
02-14 14:51:26.660 I/wm_pause_activity( 1257): [0,8998402,com.android.settings/.Settings,userLeaving=true,resumeTopActivityInnerLocked]
02-14 14:51:26.661 I/DashboardFragment( 5019): onPreferenceTreeClick: onPreferenceTreeClick::null
02-14 14:51:26.661 I/sysui_multi_action( 5019): [757,830,758,4,833,0,854,current_screensaver,1089,0]
02-14 14:51:26.662 I/wm_on_top_resumed_lost_called( 5019): [8998402,com.android.settings.Settings,topStateChangedWhenResumed]
02-14 14:51:26.663 I/sysui_multi_action( 5019): [757,35,758,2,1089,11541]
02-14 14:51:26.664 I/sysui_multi_action( 5019): [757,47,758,2,1089,4282]
02-14 14:51:26.664 I/wm_on_paused_called( 5019): [8998402,com.android.settings.Settings,performPause]
02-14 14:51:26.665 I/ActivityTaskManager( 1257): FOREGROUND_APPLICATION_CHANGED to com.thundercomm.screensaver.ui.page.MainActivity
02-14 14:51:26.665 I/ActivityTaskManager( 1257): The Process com.thundercomm.screensaver Already Exists in BG. So sending its PID: 4042
02-14 14:51:26.665 W/ActivityTaskManager( 1257): Tried to set launchTime (0) < mLastActivityLaunchTime (1314753)
02-14 14:51:26.665 I/wm_add_to_stopping( 1257): [0,8998402,com.android.settings/.Settings,makeInvisible]
02-14 14:51:26.666 I/wm_restart_activity( 1257): [0,148301861,19,com.thundercomm.screensaver/.ui.page.MainActivity]
02-14 14:51:26.666 D/CompatibilityInfo( 1257): mCompatibilityFlags - 4
02-14 14:51:26.666 D/CompatibilityInfo( 1257): applicationDensity - 240
02-14 14:51:26.666 D/CompatibilityInfo( 1257): applicationScale - 1.0
02-14 14:51:26.667 I/wm_set_resumed_activity( 1257): [0,com.thundercomm.screensaver/.ui.page.MainActivity,minimalResumeActivityLocked]
02-14 14:51:26.668 I/am_uid_active( 1257): 10047
02-14 14:51:26.669 I/sysui_multi_action( 1257): [757,803,799,window_time_0,802,12]
02-14 14:51:26.669 I/GameMode_ActivityMonitoringService( 2109): onForegroundActivitiesChanged uid 10047 pid 4042 fg true
02-14 14:51:26.672 I/GameMode_ActivityMonitoringService( 2109): Updating top task to: TaskInfoContainer [topActivity=ComponentInfo{com.thundercomm.screensaver/com.thundercomm.screensaver.ui.page.MainActivity}, taskId=19, stackId=19, userId=0, displayId=0, position=6
02-14 14:51:26.672 I/GameMode_ActivityMonitoringService( 2109): Notifying about top task: TaskInfoContainer [topActivity=ComponentInfo{com.thundercomm.screensaver/com.thundercomm.screensaver.ui.page.MainActivity}, taskId=19, stackId=19, userId=0, displayId=0, position=6
02-14 14:51:26.672 I/GameMode_ActivityMonitoringService( 2109): WindowMode: 1
02-14 14:51:26.672 E/GameMode_ActivityMonitoringService( 2109): onActivityLaunch:com.thundercomm.screensaver
02-14 14:51:26.672 V/GameMode_GameTypeUtils( 2109): judge isGame:com.thundercomm.screensaver
02-14 14:51:26.672 V/GameMode_GpuUtils( 2109): fps:60
02-14 14:51:26.673 D/GameMode_GameModeActionUtils( 2109): Show GameMode entry by service!
02-14 14:51:26.673 W/ContextImpl( 2109): Calling a method in the system process without a qualified user: android.app.ContextImpl.startService:1816 android.content.ContextWrapper.startService:774 com.thundercomm.gamemode.ingame.services.GameModeActionUtils.startGameModeService:111 com.thundercomm.gamemode.ingame.services.GameModeActionUtils.startGameModeEntry:22 com.thundercomm.gamemode.ingame.services.ActivityMonitoringService$1.onActivityLaunch:139
02-14 14:51:26.674 D/GameMode_GameModeService( 2109): type=hide_entry
02-14 14:51:26.674 D/GameModeIF_GameModeSettings( 2109): getUriFor setting_content_uri_root = content://com.thundercomm.gamemode.api/gamemode_settings , name = gamemode_isgaming
02-14 14:51:26.675 I/GameModeConfig( 1257): Current uri is uri = content://com.thundercomm.gamemode.api/gamemode_settings/gamemode_isgaming
02-14 14:51:26.675 D/GameModeIF_GameModeSettings( 1257): getUriFor setting_content_uri_root = content://com.thundercomm.gamemode.api/gamemode_settings , name = gamemode_isgaming
02-14 14:51:26.675 D/GameModeIF_GameModeSettings( 2109): gamemode_isgaming set to 0
02-14 14:51:26.675 D/GameMode_GameSettingsObserver( 2109): Game Data change!!!! uri = content://com.thundercomm.gamemode.api/gamemode_settings/gamemode_isgaming
02-14 14:51:26.675 D/GameModeIF_GameModeSettings( 2109): getUriFor setting_content_uri_root = content://com.thundercomm.gamemode.api/gamemode_settings , name = gamemode_isgaming
02-14 14:51:26.675 I/GameMode_ActivityMonitoringService( 2109): [Perf]-lastSession=
02-14 14:51:26.675 D/GameModeIF_GameModeSettings( 2109): getUriFor setting_content_uri_root = content://com.thundercomm.gamemode.api/gamemode_settings , name = gamemode_enable
02-14 14:51:26.676 I/GameModeConfig( 1257): isGameModeOn = true
02-14 14:51:26.676 I/GameModeConfig( 1257): isGaming = false
02-14 14:51:26.676 I/GameModeConfig( 1257): isGameModeOn = true
02-14 14:51:26.676 I/GameModeConfig( 1257): isGaming = false
02-14 14:51:26.676 I/GameModeConfig( 1257): isDisableVoice = true
02-14 14:51:26.677 D/GameMode_GameModeService( 2109): updateGlobalSettings = gamemode_isgaming
02-14 14:51:26.682 I/am_pss ( 1257): [5019,1000,com.android.settings,160335872,150228992,0,281796608,0,2,10]
02-14 14:51:26.686 I/input_focus( 1257): [Focus leaving 51913a4 com.android.settings/com.android.settings.Settings (server),reason=NO_WINDOW]
02-14 14:51:26.687 I/am_pss ( 1257): [5054,10082,com.qualcomm.qti.qccauthmgr,7216128,4550656,0,93405184,0,19,5]
02-14 14:51:26.693 I/am_pss ( 1257): [4982,10065,com.android.gallery3d,8372224,5459968,0,92385280,0,19,4]
02-14 14:51:26.734 D/ScreenSaver_12( 4042): [FragmentNavigator] navigate:180 --isSingleTopReplacement --- false
02-14 14:51:26.734 D/ScreenSaver_12( 4042): [FragmentNavigator] navigate:182 --mBackStack.size:0 getFragments().size():0
02-14 14:51:26.734 D/ScreenSaver_12( 4042): [FragmentNavigator] navigate:199 --Replace --- MainFragment{1bfb06b} (285f78ce-8cc4-4fd3-97e6-96f38b9677f5)}
02-14 14:51:26.735 I/wm_on_create_called( 4042): [148301861,com.thundercomm.screensaver.ui.page.MainActivity,performCreate]
02-14 14:51:26.746 I/ScreenSaver_12( 4042): [MainFragment]
02-14 14:51:26.746 I/wm_on_start_called( 4042): [148301861,com.thundercomm.screensaver.ui.page.MainActivity,handleStartActivity]
02-14 14:51:26.746 I/wm_on_resume_called( 4042): [148301861,com.thundercomm.screensaver.ui.page.MainActivity,RESUME_ACTIVITY]
02-14 14:51:26.748 I/wm_on_top_resumed_gained_called( 4042): [148301861,com.thundercomm.screensaver.ui.page.MainActivity,topStateChangedWhenResumed]
02-14 14:51:26.763 I/input_focus( 1257): [Focus request ecceab4 com.thundercomm.screensaver/com.thundercomm.screensaver.ui.page.MainActivity,reason=UpdateInputWindows]
02-14 14:51:26.767 I/GameMode_ActivityMonitoringService( 2109): onTaskStackChanged
02-14 14:51:26.768 I/GameMode_ActivityMonitoringService( 2109): Updating top task to: TaskInfoContainer [topActivity=ComponentInfo{com.thundercomm.screensaver/com.thundercomm.screensaver.ui.page.MainActivity}, taskId=19, stackId=19, userId=0, displayId=0, position=6
02-14 14:51:26.769 I/GameMode_ActivityMonitoringService( 2109): Notifying about top task: TaskInfoContainer [topActivity=ComponentInfo{com.thundercomm.screensaver/com.thundercomm.screensaver.ui.page.MainActivity}, taskId=19, stackId=19, userId=0, displayId=0, position=6
02-14 14:51:26.769 I/GameMode_ActivityMonitoringService( 2109): WindowMode: 1
02-14 14:51:26.769 E/GameMode_ActivityMonitoringService( 2109): onActivityLaunch:com.thundercomm.screensaver
02-14 14:51:26.769 V/GameMode_GameTypeUtils( 2109): judge isGame:com.thundercomm.screensaver
02-14 14:51:26.769 V/GameMode_GpuUtils( 2109): fps:60
02-14 14:51:26.769 D/ScreenSaver_12( 4042): [ScreensaverManager] getCustomScreensaverList:288 getCustomScreensaverList
02-14 14:51:26.769 D/ScreenSaver_12( 4042): [ScreensaverServiceBinder] getCustomScreensaverList:74 getCustomThemeResources
02-14 14:51:26.770 D/ScreenSaver_12( 4042): [ScreensaverManager] onCustomScreensaverData:70 onCustomScreensaverData: 0
02-14 14:51:26.771 D/GameMode_GameModeActionUtils( 2109): Show GameMode entry by service!
02-14 14:51:26.771 W/ContextImpl( 2109): Calling a method in the system process without a qualified user: android.app.ContextImpl.startService:1816 android.content.ContextWrapper.startService:774 com.thundercomm.gamemode.ingame.services.GameModeActionUtils.startGameModeService:111 com.thundercomm.gamemode.ingame.services.GameModeActionUtils.startGameModeEntry:22 com.thundercomm.gamemode.ingame.services.ActivityMonitoringService$1.onActivityLaunch:139
02-14 14:51:26.772 D/GameMode_GameModeService( 2109): type=hide_entry
02-14 14:51:26.772 D/GameModeIF_GameModeSettings( 2109): getUriFor setting_content_uri_root = content://com.thundercomm.gamemode.api/gamemode_settings , name = gamemode_isgaming
02-14 14:51:26.773 I/GameModeConfig( 1257): Current uri is uri = content://com.thundercomm.gamemode.api/gamemode_settings/gamemode_isgaming
02-14 14:51:26.773 D/GameModeIF_GameModeSettings( 1257): getUriFor setting_content_uri_root = content://com.thundercomm.gamemode.api/gamemode_settings , name = gamemode_isgaming
02-14 14:51:26.773 D/GameMode_GameSettingsObserver( 2109): Game Data change!!!! uri = content://com.thundercomm.gamemode.api/gamemode_settings/gamemode_isgaming
02-14 14:51:26.773 D/GameModeIF_GameModeSettings( 2109): getUriFor setting_content_uri_root = content://com.thundercomm.gamemode.api/gamemode_settings , name = gamemode_isgaming
02-14 14:51:26.773 I/GameModeConfig( 1257): isGameModeOn = true
02-14 14:51:26.773 I/GameModeConfig( 1257): isGaming = false
02-14 14:51:26.773 D/GameMode_GameModeService( 2109): updateGlobalSettings = gamemode_isgaming
02-14 14:51:26.774 I/GameModeConfig( 1257): isGameModeOn = true
02-14 14:51:26.774 I/GameModeConfig( 1257): isGaming = false
02-14 14:51:26.774 I/GameModeConfig( 1257): isDisableVoice = true
02-14 14:51:26.774 D/GameModeIF_GameModeSettings( 2109): gamemode_isgaming set to 0
02-14 14:51:26.774 I/GameMode_ActivityMonitoringService( 2109): [Perf]-lastSession=
02-14 14:51:26.774 D/GameModeIF_GameModeSettings( 2109): getUriFor setting_content_uri_root = content://com.thundercomm.gamemode.api/gamemode_settings , name = gamemode_enable
02-14 14:51:26.795 I/ScreenSaver_12( 4042): [AlbumSettings] readSubscribedThemesLocked readSubscribedThemesLocked.size: 1
02-14 14:51:26.795 I/ScreenSaver_12( 4042): [AlbumSettings] readMoreThemesLocked mMoreThemes.size: 0
02-14 14:51:26.796 I/ScreenSaver_12( 4042): [AlbumSettings] readSubscribedThemesLocked readSubscribedThemesLocked.size: 1
02-14 14:51:26.796 I/ScreenSaver_12( 4042): [AlbumSettings] readMoreThemesLocked mMoreThemes.size: 0
02-14 14:51:26.811 D/ConnectivityService( 1257): requestNetwork for uid/pid:10047/4042 activeRequest: null callbackRequest: 72 [NetworkRequest [ REQUEST id=73, [ Capabilities: INTERNET&NOT_RESTRICTED&TRUSTED&NOT_VCN_MANAGED Uid: 10047 RequestorUid: 10047 RequestorPkg: com.thundercomm.screensaver] ]] callback flags: 0 priority: 2147483647
02-14 14:51:26.812 D/ConnectivityService( 1257): NetReassign [no changes]
02-14 14:51:26.812 D/Ethernet( 1257): got request NetworkRequest [ REQUEST id=73, [ Capabilities: INTERNET&NOT_RESTRICTED&TRUSTED&NOT_VCN_MANAGED Uid: 10047 RequestorUid: 10047 RequestorPkg: com.thundercomm.screensaver] ]
02-14 14:51:26.812 D/EthernetNetworkFactory( 1257): acceptRequest, request: NetworkRequest [ REQUEST id=73, [ Capabilities: INTERNET&NOT_RESTRICTED&TRUSTED&NOT_VCN_MANAGED Uid: 10047 RequestorUid: 10047 RequestorPkg: com.thundercomm.screensaver] ]
02-14 14:51:26.812 I/EthernetNetworkFactory( 1257): networkForRequest, request: NetworkRequest [ REQUEST id=73, [ Capabilities: INTERNET&NOT_RESTRICTED&TRUSTED&NOT_VCN_MANAGED Uid: 10047 RequestorUid: 10047 RequestorPkg: com.thundercomm.screensaver] ], network: null
02-14 14:51:26.812 D/WifiNetworkFactory( 1257): got request NetworkRequest [ REQUEST id=73, [ Capabilities: INTERNET&NOT_RESTRICTED&TRUSTED&NOT_VCN_MANAGED Uid: 10047 RequestorUid: 10047 RequestorPkg: com.thundercomm.screensaver] ]
02-14 14:51:26.812 D/UntrustedWifiNetworkFactory( 1257): got request NetworkRequest [ REQUEST id=73, [ Capabilities: INTERNET&NOT_RESTRICTED&TRUSTED&NOT_VCN_MANAGED Uid: 10047 RequestorUid: 10047 RequestorPkg: com.thundercomm.screensaver] ]
02-14 14:51:26.812 D/OemPaidWifiNetworkFactory( 1257): got request NetworkRequest [ REQUEST id=73, [ Capabilities: INTERNET&NOT_RESTRICTED&TRUSTED&NOT_VCN_MANAGED Uid: 10047 RequestorUid: 10047 RequestorPkg: com.thundercomm.screensaver] ]
02-14 14:51:26.814 I/sysui_multi_action( 1257): [319,159,322,159,325,1610,757,761,758,8,759,2,806,com.thundercomm.screensaver,871,com.thundercomm.screensaver.ui.page.MainActivity,904,com.android.settings,905,0,1320,4,1321,2]
02-14 14:51:26.814 I/EventSequenceValidator( 1257): dec AccIntentStartedEvents to 1
02-14 14:51:26.814 I/wm_activity_launch_time( 1257): [0,148301861,com.thundercomm.screensaver/.ui.page.MainActivity,159]
02-14 14:51:26.814 I/ActivityTaskManager( 1257): Displayed com.thundercomm.screensaver/.ui.page.MainActivity: +159ms
02-14 14:51:26.820 I/input_focus( 1257): [Focus entering ecceab4 com.thundercomm.screensaver/com.thundercomm.screensaver.ui.page.MainActivity (server),reason=Window became focusable. Previous reason: NOT_VISIBLE]
02-14 14:51:26.964 I/mpu_uart( 646): [MSG-P:RECV]:No message received in 1000 ms
02-14 14:51:27.210 I/wm_stop_activity( 1257): [0,8998402,com.android.settings/.Settings]
02-14 14:51:27.227 D/OpenGLRenderer( 5019): endAllActiveAnimators on 0xb400007c8e4bfdf0 (RippleDrawable) with handle 0xb400007b9e4928e0
02-14 14:51:27.227 D/OpenGLRenderer( 5019): endAllActiveAnimators on 0xb400007c8e49b420 (RippleDrawable) with handle 0xb400007b9e491950
02-14 14:51:27.238 I/wm_on_stop_called( 5019): [8998402,com.android.settings.Settings,STOP_ACTIVITY_ITEM]
02-14 14:51:27.243 W/hpplay-java( 2772): [main]:IPManager:getActiveNets invalid networkInfo:null
02-14 14:51:27.243 I/hpplay-java( 2772): [main]:IPManager:getActiveNets eth0:false wifi:false mobile:false ap:false
02-14 14:51:27.243 I/hpplay-java( 2772): [main]:ServerTaskManager:get local ip:null
02-14 14:51:27.250 I/GameMode_ActivityMonitoringService( 2109): onForegroundActivitiesChanged uid 1000 pid 5019 fg false
02-14 14:51:27.253 I/GameMode_ActivityMonitoringService( 2109): Updating top task to: TaskInfoContainer [topActivity=ComponentInfo{com.thundercomm.screensaver/com.thundercomm.screensaver.ui.page.MainActivity}, taskId=19, stackId=19, userId=0, displayId=0, position=6
02-14 14:51:27.254 I/GameMode_ActivityMonitoringService( 2109): Notifying about top task: TaskInfoContainer [topActivity=ComponentInfo{com.thundercomm.screensaver/com.thundercomm.screensaver.ui.page.MainActivity}, taskId=19, stackId=19, userId=0, displayId=0, position=6
02-14 14:51:27.254 I/GameMode_ActivityMonitoringService( 2109): WindowMode: 1
02-14 14:51:27.254 E/GameMode_ActivityMonitoringService( 2109): onActivityLaunch:com.thundercomm.screensaver
02-14 14:51:27.254 V/GameMode_GameTypeUtils( 2109): judge isGame:com.thundercomm.screensaver
02-14 14:51:27.254 V/GameMode_GpuUtils( 2109): fps:60
02-14 14:51:27.255 D/GameMode_GameModeActionUtils( 2109): Show GameMode entry by service!
02-14 14:51:27.256 W/ContextImpl( 2109): Calling a method in the system process without a qualified user: android.app.ContextImpl.startService:1816 android.content.ContextWrapper.startService:774 com.thundercomm.gamemode.ingame.services.GameModeActionUtils.startGameModeService:111 com.thundercomm.gamemode.ingame.services.GameModeActionUtils.startGameModeEntry:22 com.thundercomm.gamemode.ingame.services.ActivityMonitoringService$1.onActivityLaunch:139
02-14 14:51:27.257 D/GameMode_GameModeService( 2109): type=hide_entry
02-14 14:51:27.257 D/GameModeIF_GameModeSettings( 2109): getUriFor setting_content_uri_root = content://com.thundercomm.gamemode.api/gamemode_settings , name = gamemode_isgaming
02-14 14:51:27.259 I/GameModeConfig( 1257): Current uri is uri = content://com.thundercomm.gamemode.api/gamemode_settings/gamemode_isgaming
02-14 14:51:27.259 D/GameModeIF_GameModeSettings( 1257): getUriFor setting_content_uri_root = content://com.thundercomm.gamemode.api/gamemode_settings , name = gamemode_isgaming
02-14 14:51:27.261 I/GameModeConfig( 1257): isGameModeOn = true
02-14 14:51:27.261 I/GameModeConfig( 1257): isGaming = false
02-14 14:51:27.261 I/GameModeConfig( 1257): isGameModeOn = true
02-14 14:51:27.261 I/GameModeConfig( 1257): isGaming = false
02-14 14:51:27.261 I/GameModeConfig( 1257): isDisableVoice = true
02-14 14:51:27.262 D/GameModeIF_GameModeSettings( 2109): gamemode_isgaming set to 0
02-14 14:51:27.262 D/GameMode_GameSettingsObserver( 2109): Game Data change!!!! uri = content://com.thundercomm.gamemode.api/gamemode_settings/gamemode_isgaming
02-14 14:51:27.262 D/GameModeIF_GameModeSettings( 2109): getUriFor setting_content_uri_root = content://com.thundercomm.gamemode.api/gamemode_settings , name = gamemode_isgaming
02-14 14:51:27.263 D/GameMode_GameModeService( 2109): updateGlobalSettings = gamemode_isgaming
02-14 14:51:27.264 I/GameMode_ActivityMonitoringService( 2109): [Perf]-lastSession=
02-14 14:51:27.264 D/GameModeIF_GameModeSettings( 2109): getUriFor setting_content_uri_root = content://com.thundercomm.gamemode.api/gamemode_settings , name = gamemode_enable
02-14 14:51:27.495 I/OMX-VENC: venc_dev( 1286): stats: avg. fps 37.86, bitrate 3462443
02-14 14:51:27.964 I/mpu_uart( 646): [MSG-P:RECV]:No message received in 1000 ms
02-14 14:51:28.002 I/mpu_uart( 646): [MSG-P:R]:recv sync frame timeout
02-14 14:51:28.246 W/hpplay-java( 2772): [main]:IPManager:getActiveNets invalid networkInfo:null
02-14 14:51:28.246 I/hpplay-java( 2772): [main]:IPManager:getActiveNets eth0:false wifi:false mobile:false ap:false
02-14 14:51:28.246 I/hpplay-java( 2772): [main]:ServerTaskManager:get local ip:null
02-14 14:51:28.495 I/OMX-VENC: venc_dev( 1286): stats: avg. fps 2.00, bitrate 131867
02-14 14:51:28.873 I/input_interaction( 1257): Interaction with: ecceab4 com.thundercomm.screensaver/com.thundercomm.screensaver.ui.page.MainActivity (server), edge-swipe (server), swipe-up (server), PointerEventDispatcher0 (server),
02-14 14:51:28.964 I/mpu_uart( 646): [MSG-P:RECV]:No message received in 1000 ms
02-14 14:51:29.249 W/hpplay-java( 2772): [main]:IPManager:getActiveNets invalid networkInfo:null
02-14 14:51:29.249 I/hpplay-java( 2772): [main]:IPManager:getActiveNets eth0:false wifi:false mobile:false ap:false
02-14 14:51:29.249 I/hpplay-java( 2772): [main]:ServerTaskManager:get local ip:null
02-14 14:51:29.499 I/OMX-VENC: venc_dev( 1286): stats: avg. fps 1.00, bitrate 158031
02-14 14:51:29.667 E/TaskPersister( 1257): File error accessing recents directory (directory doesn't exist?).
