02-14 14:24:46.060 I/auditd ( 1305): type=1400 audit(0.0:208): avc: denied { write } for comm="sh" name="tcp_synack_retries" dev="proc" ino=20958 scontext=u:r:ethernet:s0 tcontext=u:object_r:proc_net:s0 tclass=file permissive=0
02-14 14:24:46.060 I/auditd ( 1305): type=1400 audit(0.0:209): avc: denied { write } for comm="sh" name="tcp_syn_retries" dev="proc" ino=20957 scontext=u:r:ethernet:s0 tcontext=u:object_r:proc_net:s0 tclass=file permissive=0
02-14 14:24:46.060 I/auditd ( 1305): type=1400 audit(0.0:210): avc: denied { write } for comm="sh" name="tcp_max_tw_buckets" dev="proc" ino=26882 scontext=u:r:ethernet:s0 tcontext=u:object_r:proc_net:s0 tclass=file permissive=0
02-14 14:24:46.060 I/auditd ( 1305): type=1400 audit(0.0:211): avc: denied { write } for comm="sh" name="tcp_retries2" dev="proc" ino=20960 scontext=u:r:ethernet:s0 tcontext=u:object_r:proc_net:s0 tclass=file permissive=0
02-14 14:24:46.060 I/auditd ( 1305): type=1400 audit(0.0:212): avc: denied { write } for comm="sh" name="icmp_echo_ignore_all" dev="proc" ino=26883 scontext=u:r:ethernet:s0 tcontext=u:object_r:proc_net:s0 tclass=file permissive=0
02-14 14:24:46.060 I/auditd ( 1305): type=1400 audit(0.0:213): avc: denied { write } for comm="sh" name="icmp_echo_ignore_broadcasts" dev="proc" ino=26884 scontext=u:r:ethernet:s0 tcontext=u:object_r:proc_net:s0 tclass=file permissive=0
02-14 14:24:46.060 I/auditd ( 1305): type=1400 audit(0.0:214): avc: denied { write } for comm="sh" name="tcp_window_scaling" dev="proc" ino=26885 scontext=u:r:ethernet:s0 tcontext=u:object_r:proc_net:s0 tclass=file permissive=0
02-14 14:24:46.060 I/auditd ( 1305): type=1400 audit(0.0:215): avc: denied { write } for comm="sh" name="drop_gratuitous_arp" dev="proc" ino=26886 scontext=u:r:ethernet:s0 tcontext=u:object_r:proc_net:s0 tclass=file permissive=0
02-14 14:24:46.060 I/auditd ( 1305): type=1400 audit(0.0:216): avc: denied { write } for comm="sh" name="arp_accept" dev="proc" ino=26887 scontext=u:r:ethernet:s0 tcontext=u:object_r:proc_net:s0 tclass=file permissive=0
02-14 14:24:46.060 I/auditd ( 1305): type=1400 audit(0.0:217): avc: denied { write } for comm="sh" name="arp_notify" dev="proc" ino=26888 scontext=u:r:ethernet:s0 tcontext=u:object_r:proc_net:s0 tclass=file permissive=0
02-14 14:24:46.060 I/auditd ( 1305): type=1400 audit(0.0:218): avc: denied { write } for comm="sh" name="arp_ignore" dev="proc" ino=26889 scontext=u:r:ethernet:s0 tcontext=u:object_r:proc_net:s0 tclass=file permissive=0
02-14 14:24:46.100 I/auditd ( 986): type=1400 audit(0.0:219): avc: denied { read write } for comm="sensors.qti" name="diag" dev="tmpfs" ino=11682 scontext=u:r:vendor_sensors_qti:s0 tcontext=u:object_r:vendor_diag_device:s0 tclass=chr_file permissive=0
02-14 14:24:46.300 I/auditd ( 986): type=1400 audit(0.0:220): avc: denied { read write } for comm="sensors.qti" name="diag" dev="tmpfs" ino=11682 scontext=u:r:vendor_sensors_qti:s0 tcontext=u:object_r:vendor_diag_device:s0 tclass=chr_file permissive=0
02-14 14:24:46.409 I/boot_progress_pms_data_scan_start( 1257): 10127
02-14 14:24:46.419 I/boot_progress_pms_scan_end( 1257): 10137
02-14 14:24:46.474 I/commit_sys_config_file( 1257): [package-user-0,0]
02-14 14:24:46.474 I/commit_sys_config_file( 1257): [package,16]
02-14 14:24:46.474 I/boot_progress_pms_ready( 1257): 10192
02-14 14:24:46.484 I/am_uid_running( 1257): 1000
02-14 14:24:46.484 I/am_uid_active( 1257): 1000
02-14 14:24:46.503 I/commit_sys_config_file( 1257): [overlays,0]
02-14 14:24:46.500 I/auditd ( 986): type=1400 audit(0.0:221): avc: denied { read write } for comm="sensors.qti" name="diag" dev="tmpfs" ino=11682 scontext=u:r:vendor_sensors_qti:s0 tcontext=u:object_r:vendor_diag_device:s0 tclass=chr_file permissive=0
02-14 14:24:46.515 I/battery_status( 1257): [1,1,0,0,]
02-14 14:24:46.520 I/auditd ( 1185): type=1400 audit(0.0:222): avc: denied { read } for comm="Binder:1185_2" name="persist" dev="tmpfs" ino=12312 scontext=u:r:installd:s0 tcontext=u:object_r:tmpfs:s0 tclass=lnk_file permissive=0
02-14 14:24:46.520 I/auditd ( 1185): type=1400 audit(0.0:223): avc: denied { read } for comm="Binder:1185_2" name="persist" dev="tmpfs" ino=12312 scontext=u:r:installd:s0 tcontext=u:object_r:tmpfs:s0 tclass=lnk_file permissive=0
02-14 14:24:46.595 I/wm_task_created( 1257): [1,-1]
02-14 14:24:46.600 I/sysui_multi_action( 1257): [757,1594,758,4,759,0,806,NULL]
02-14 14:24:46.604 I/auditd ( 1257): type=1400 audit(0.0:224): avc: denied { read } for comm="InputReader" name="virtualkeys.cyttsp7_mt" dev="sysfs" ino=63200 scontext=u:r:system_server:s0 tcontext=u:object_r:sysfs:s0 tclass=file permissive=0
02-14 14:24:46.619 I/configuration_changed( 1257): 536894968
02-14 14:24:46.620 I/sysui_multi_action( 1257): [757,1659,758,4,759,2,1660,0]
02-14 14:24:46.622 I/configuration_changed( 1257): 8
02-14 14:24:46.624 I/auditd ( 1185): type=1400 audit(0.0:225): avc: denied { read } for comm="Binder:1185_2" name="persist" dev="tmpfs" ino=12312 scontext=u:r:installd:s0 tcontext=u:object_r:tmpfs:s0 tclass=lnk_file permissive=0
02-14 14:24:46.624 I/auditd ( 1185): type=1400 audit(0.0:226): avc: denied { read } for comm="Binder:1185_2" name="persist" dev="tmpfs" ino=12312 scontext=u:r:installd:s0 tcontext=u:object_r:tmpfs:s0 tclass=lnk_file permissive=0
02-14 14:24:46.628 I/auditd ( 1185): type=1400 audit(0.0:227): avc: denied { read } for comm="Binder:1185_2" name="persist" dev="tmpfs" ino=12312 scontext=u:r:installd:s0 tcontext=u:object_r:tmpfs:s0 tclass=lnk_file permissive=0
02-14 14:24:46.628 I/auditd ( 1185): type=1400 audit(0.0:228): avc: denied { read } for comm="Binder:1185_2" name="persist" dev="tmpfs" ino=12312 scontext=u:r:installd:s0 tcontext=u:object_r:tmpfs:s0 tclass=lnk_file permissive=0
02-14 14:24:46.628 I/auditd ( 1185): type=1400 audit(0.0:229): avc: denied { read } for comm="Binder:1185_4" name="persist" dev="tmpfs" ino=12312 scontext=u:r:installd:s0 tcontext=u:object_r:tmpfs:s0 tclass=lnk_file permissive=0
02-14 14:24:46.628 I/auditd ( 1185): type=1400 audit(0.0:230): avc: denied { read } for comm="Binder:1185_4" name="persist" dev="tmpfs" ino=12312 scontext=u:r:installd:s0 tcontext=u:object_r:tmpfs:s0 tclass=lnk_file permissive=0
02-14 14:24:46.704 I/auditd ( 986): type=1400 audit(0.0:231): avc: denied { read write } for comm="sensors.qti" name="diag" dev="tmpfs" ino=11682 scontext=u:r:vendor_sensors_qti:s0 tcontext=u:object_r:vendor_diag_device:s0 tclass=chr_file permissive=0
02-14 14:24:46.781 I/snet_event_log( 1257): [172655291,-1,]
02-14 14:24:46.781 I/am_wtf ( 1257): [0,1257,system_server,-1,PowerManagerService,Tried to acquire wake lock for invalid display: 0] --------- beginning of radio
02-14 14:24:46.793 D/TelephonyRegistry( 1257): listen oscl: mHasNotifySubscriptionInfoChangedOccurred==false no callback
02-14 14:24:46.813 I/commit_sys_config_file( 1257): [settings-0-0,1]
02-14 14:24:46.904 I/auditd ( 986): type=1400 audit(0.0:232): avc: denied { read write } for comm="sensors.qti" name="diag" dev="tmpfs" ino=11682 scontext=u:r:vendor_sensors_qti:s0 tcontext=u:object_r:vendor_diag_device:s0 tclass=chr_file permissive=0
02-14 14:24:46.949 I/storage_state( 1257): [41217664-9172-527a-b3d5-edabb50a7d69,0,0,113869410304,118610538496]
02-14 14:24:47.040 I/auditd ( 1257): type=1400 audit(0.0:233): avc: denied { read } for comm="system_server" name="u:object_r:vendor_default_prop:s0" dev="tmpfs" ino=12617 scontext=u:r:system_server:s0 tcontext=u:object_r:vendor_default_prop:s0 tclass=file permissive=0
02-14 14:24:47.104 I/auditd ( 986): type=1400 audit(0.0:234): avc: denied { read write } for comm="sensors.qti" name="diag" dev="tmpfs" ino=11682 scontext=u:r:vendor_sensors_qti:s0 tcontext=u:object_r:vendor_diag_device:s0 tclass=chr_file permissive=0
02-14 14:24:47.134 I/stream_devices_changed( 1257): [3,0,2]
02-14 14:24:47.136 I/commit_sys_config_file( 1257): [settings-2-0,1]
02-14 14:24:47.155 I/stream_devices_changed( 1257): [6,0,1]
02-14 14:24:47.182 I/commit_sys_config_file( 1257): [settings-1-0,3]
02-14 14:24:47.185 I/configuration_changed( 1257): 512
02-14 14:24:47.187 I/commit_sys_config_file( 1257): [notification-policy,2]
02-14 14:24:47.284 I/commit_sys_config_file( 1257): [package-session,13]
02-14 14:24:47.304 I/auditd ( 1257): type=1400 audit(0.0:235): avc: denied { read } for comm="android.display" name="u:object_r:vendor_wfd_sys_debug_prop:s0" dev="tmpfs" ino=12684 scontext=u:r:system_server:s0 tcontext=u:object_r:vendor_wfd_sys_debug_prop:s0 tclass=file permissive=0
02-14 14:24:47.304 I/auditd ( 1257): type=1400 audit(0.0:236): avc: denied { read } for comm="android.display" name="u:object_r:vendor_wfd_sys_debug_prop:s0" dev="tmpfs" ino=12684 scontext=u:r:system_server:s0 tcontext=u:object_r:vendor_wfd_sys_debug_prop:s0 tclass=file permissive=0
02-14 14:24:47.304 I/auditd ( 986): type=1400 audit(0.0:237): avc: denied { read write } for comm="sensors.qti" name="diag" dev="tmpfs" ino=11682 scontext=u:r:vendor_sensors_qti:s0 tcontext=u:object_r:vendor_diag_device:s0 tclass=chr_file permissive=0
02-14 14:24:47.324 I/boot_progress_ams_ready( 1257): 11042
02-14 14:24:47.328 I/configuration_changed( 1257): 268435456
02-14 14:24:47.341 I/am_uid_running( 1257): 1002
02-14 14:24:47.348 I/am_proc_start( 1257): [0,1989,1002,com.android.bluetooth,service,{com.android.bluetooth/com.android.bluetooth.btservice.AdapterService}]
02-14 14:24:47.377 I/am_proc_bound( 1257): [0,1989,com.android.bluetooth]
02-14 14:24:47.387 I/am_uid_active( 1257): 1002
02-14 14:24:47.393 I/am_uid_running( 1257): 10080
02-14 14:24:47.398 I/am_proc_start( 1257): [0,2009,10080,com.android.systemui,service,{com.android.systemui/com.android.systemui.ImageWallpaper}]
02-14 14:24:47.420 I/am_proc_bound( 1257): [0,2009,com.android.systemui]
02-14 14:24:47.424 I/am_uid_active( 1257): 10080
02-14 14:24:47.454 I/am_uid_running( 1257): 1037
02-14 14:24:47.458 I/commit_sys_config_file( 1257): [net-policy,1]
02-14 14:24:47.468 D/TelephonyRegistry( 1257): listen oscl: mHasNotifySubscriptionInfoChangedOccurred==false no callback
02-14 14:24:47.486 D/TelephonyRegistry( 1257): listen oscl: mHasNotifySubscriptionInfoChangedOccurred==false no callback
02-14 14:24:47.487 D/TelephonyRegistry( 1257): listen oscl: mHasNotifySubscriptionInfoChangedOccurred==false no callback
02-14 14:24:47.504 I/auditd ( 986): type=1400 audit(0.0:238): avc: denied { read write } for comm="sensors.qti" name="diag" dev="tmpfs" ino=11682 scontext=u:r:vendor_sensors_qti:s0 tcontext=u:object_r:vendor_diag_device:s0 tclass=chr_file permissive=0
02-14 14:24:47.515 D/TelephonyRegistry( 1257): listen oscl: mHasNotifySubscriptionInfoChangedOccurred==false no callback
02-14 14:24:47.533 I/am_proc_start( 1257): [0,2057,1037,WebViewLoader-armeabi-v7a,NULL,]
02-14 14:24:47.540 I/am_uid_running( 1257): 1073
02-14 14:24:47.542 I/am_proc_start( 1257): [0,2058,1037,WebViewLoader-arm64-v8a,NULL,]
02-14 14:24:47.547 I/am_proc_start( 1257): [0,2061,1073,com.android.networkstack.process,service,{com.android.networkstack/com.android.server.NetworkStackService}]
02-14 14:24:47.549 I/configuration_changed( 1257): 16384
02-14 14:24:47.552 D/TelephonyRegistry( 1257): systemRunning register for intents
02-14 14:24:47.553 I/ssm_user_starting( 1257): 0
02-14 14:24:47.563 I/netstats_mobile_sample( 1257): [0,0,0,0,0,0,0,0,0,0,0,0,1676355887563]
02-14 14:24:47.563 I/netstats_wifi_sample( 1257): [0,0,0,0,0,0,0,0,0,0,0,0,1676355887563]
02-14 14:24:47.571 W/CarrierConfigManager( 1257): Error getting config for subId -1 ICarrierConfigLoader is null
02-14 14:24:47.572 I/am_proc_bound( 1257): [0,2057,WebViewLoader-armeabi-v7a]
02-14 14:24:47.575 I/am_uid_active( 1257): 1037
02-14 14:24:47.578 I/netstats_mobile_sample( 1257): [0,0,0,0,0,0,0,0,0,0,0,0,1676355887578]
02-14 14:24:47.579 I/netstats_wifi_sample( 1257): [0,0,0,0,0,0,0,0,0,0,0,0,1676355887578]
02-14 14:24:47.586 I/am_uid_running( 1257): 1001
02-14 14:24:47.588 I/am_uid_running( 1257): 10054
02-14 14:24:47.592 I/netstats_mobile_sample( 1257): [0,0,0,0,0,0,0,0,0,0,0,0,1676355887592]
02-14 14:24:47.593 I/netstats_wifi_sample( 1257): [0,0,0,0,0,0,0,0,0,0,0,0,1676355887592]
02-14 14:24:47.594 I/am_uid_running( 1257): 10085
02-14 14:24:47.595 I/am_uid_running( 1257): 1068
02-14 14:24:47.598 I/am_uid_running( 1257): 10062
02-14 14:24:47.600 I/netstats_mobile_sample( 1257): [0,0,0,0,0,0,0,0,0,0,0,0,1676355887600]
02-14 14:24:47.600 I/netstats_wifi_sample( 1257): [0,0,0,0,0,0,0,0,0,0,0,0,1676355887600]
02-14 14:24:47.601 I/commit_sys_config_file( 1257): [settings-0-0,3]
02-14 14:24:47.604 I/netstats_mobile_sample( 1257): [0,0,0,0,0,0,0,0,0,0,0,0,1676355887604]
02-14 14:24:47.604 I/netstats_wifi_sample( 1257): [0,0,0,0,0,0,0,0,0,0,0,0,1676355887604]
02-14 14:24:47.609 I/netstats_mobile_sample( 1257): [0,0,0,0,0,0,0,0,0,0,0,0,1676355887609]
02-14 14:24:47.609 I/netstats_wifi_sample( 1257): [0,0,0,0,0,0,0,0,0,0,0,0,1676355887609]
02-14 14:24:47.614 I/netstats_mobile_sample( 1257): [0,0,0,0,0,0,0,0,0,0,0,0,1676355887614]
02-14 14:24:47.614 I/netstats_wifi_sample( 1257): [0,0,0,0,0,0,0,0,0,0,0,0,1676355887614]
02-14 14:24:47.616 I/wm_task_created( 1257): [2,-1]
02-14 14:24:47.617 I/wm_task_moved( 1257): [2,1,2147483647]
02-14 14:24:47.617 I/netstats_mobile_sample( 1257): [0,0,0,0,0,0,0,0,0,0,0,0,1676355887617]
02-14 14:24:47.617 I/netstats_wifi_sample( 1257): [0,0,0,0,0,0,0,0,0,0,0,0,1676355887617]
02-14 14:24:47.618 I/wm_task_moved( 1257): [1,1,0]
02-14 14:24:47.618 I/wm_create_task( 1257): [0,2]
02-14 14:24:47.618 I/wm_create_activity( 1257): [0,109867889,2,com.android.settings/.FallbackHome,android.intent.action.MAIN,NULL,NULL,276824320]
02-14 14:24:47.619 I/wm_task_moved( 1257): [1,1,0]
02-14 14:24:47.619 I/wm_task_moved( 1257): [2,1,2147483647]
02-14 14:24:47.619 I/wm_task_to_front( 1257): [0,2]
02-14 14:24:47.620 I/netstats_mobile_sample( 1257): [0,0,0,0,0,0,0,0,0,0,0,0,1676355887620]
02-14 14:24:47.620 I/netstats_wifi_sample( 1257): [0,0,0,0,0,0,0,0,0,0,0,0,1676355887620]
02-14 14:24:47.623 I/netstats_mobile_sample( 1257): [0,0,0,0,0,0,0,0,0,0,0,0,1676355887623]
02-14 14:24:47.623 I/netstats_wifi_sample( 1257): [0,0,0,0,0,0,0,0,0,0,0,0,1676355887623]
02-14 14:24:47.626 I/netstats_mobile_sample( 1257): [0,0,0,0,0,0,0,0,0,0,0,0,1676355887626]
02-14 14:24:47.626 I/netstats_wifi_sample( 1257): [0,0,0,0,0,0,0,0,0,0,0,0,1676355887626]
02-14 14:24:47.630 I/netstats_mobile_sample( 1257): [0,0,0,0,0,0,0,0,0,0,0,0,1676355887630]
02-14 14:24:47.630 I/netstats_wifi_sample( 1257): [0,0,0,0,0,0,0,0,0,0,0,0,1676355887630]
02-14 14:24:47.632 I/netstats_mobile_sample( 1257): [0,0,0,0,0,0,0,0,0,0,0,0,1676355887632]
02-14 14:24:47.632 I/netstats_wifi_sample( 1257): [0,0,0,0,0,0,0,0,0,0,0,0,1676355887632]
02-14 14:24:47.634 I/netstats_mobile_sample( 1257): [0,0,0,0,0,0,0,0,0,0,0,0,1676355887634]
02-14 14:24:47.634 I/netstats_wifi_sample( 1257): [0,0,0,0,0,0,0,0,0,0,0,0,1676355887634]
02-14 14:24:47.638 I/netstats_mobile_sample( 1257): [0,0,0,0,0,0,0,0,0,0,0,0,1676355887638]
02-14 14:24:47.638 I/netstats_wifi_sample( 1257): [0,0,0,0,0,0,0,0,0,0,0,0,1676355887638]
02-14 14:24:47.639 D/TelephonyRegistry( 1257): listen oscl: mHasNotifySubscriptionInfoChangedOccurred==false no callback
02-14 14:24:47.655 I/uc_send_user_broadcast( 1257): [0,android.intent.action.USER_FOREGROUND]
02-14 14:24:47.655 I/uc_send_user_broadcast( 1257): [0,android.intent.action.USER_SWITCHED]
02-14 14:24:47.658 I/am_drop_process( 1257): 2061
02-14 14:24:47.658 I/am_proc_start( 1257): [0,2109,1000,com.thundercomm.gamemode,added application,com.thundercomm.gamemode]
02-14 14:24:47.658 I/am_proc_bound( 1257): [0,2058,WebViewLoader-arm64-v8a]
02-14 14:24:47.663 I/am_proc_bound( 1257): [0,2109,com.thundercomm.gamemode]
02-14 14:24:47.671 I/am_proc_died( 1257): [0,2057,WebViewLoader-armeabi-v7a,-700,0]
02-14 14:24:47.672 I/am_low_memory( 1257): 5
02-14 14:24:47.675 I/am_proc_start( 1257): [0,2140,1000,com.thundercomm.microservice,added application,com.thundercomm.microservice]
02-14 14:24:47.681 I/am_proc_start( 1257): [0,2155,1000,com.thundercomm.microsettings,added application,com.thundercomm.microsettings]
02-14 14:24:47.687 I/am_proc_start( 1257): [0,2159,1001,.dataservices,added application,.dataservices]
02-14 14:24:47.689 I/am_proc_bound( 1257): [0,2140,com.thundercomm.microservice]
02-14 14:24:47.696 I/am_proc_start( 1257): [0,2162,10054,.qtidataservices,added application,.qtidataservices]
02-14 14:24:47.696 I/notification_cancel_all( 1257): [1000,1257,android,0,0,0,20,NULL]
02-14 14:24:47.697 I/bt_config_source( 1989): 1
02-14 14:24:47.697 I/am_uid_running( 1257): 10094
02-14 14:24:47.697 I/bt_config_source( 1989): 3
02-14 14:24:47.704 I/auditd ( 986): type=1400 audit(0.0:239): avc: denied { read write } for comm="sensors.qti" name="diag" dev="tmpfs" ino=11682 scontext=u:r:vendor_sensors_qti:s0 tcontext=u:object_r:vendor_diag_device:s0 tclass=chr_file permissive=0
02-14 14:24:47.702 I/wm_task_created( 1257): [3,-1]
02-14 14:24:47.703 I/wm_task_created( 1257): [4,-1]
02-14 14:24:47.710 I/liblog ( 1989): 30
02-14 14:24:47.711 I/am_proc_start( 1257): [0,2181,1000,com.thundercomm.tchttpserver,added application,com.thundercomm.tchttpserver]
02-14 14:24:47.719 I/am_proc_start( 1257): [0,2202,1000,com.tc.logclient,added application,com.tc.logclient]
02-14 14:24:47.723 I/am_proc_bound( 1257): [0,2159,.dataservices]
02-14 14:24:47.725 I/am_uid_active( 1257): 1001
02-14 14:24:47.730 I/am_proc_bound( 1257): [0,2155,com.thundercomm.microsettings]
02-14 14:24:47.734 I/am_proc_bound( 1257): [0,2162,.qtidataservices]
02-14 14:24:47.736 I/am_uid_active( 1257): 10054
02-14 14:24:47.741 I/am_proc_start( 1257): [0,2221,1073,com.android.networkstack.process,added application,com.android.networkstack.process]
02-14 14:24:47.742 I/wm_task_created( 1257): [5,-1]
02-14 14:24:47.745 I/wm_task_created( 1257): [6,-1]
02-14 14:24:47.747 I/wm_task_created( 1257): [7,-1]
02-14 14:24:47.752 I/am_proc_start( 1257): [0,2246,1000,com.thundercomm.tcsetupwizard,added application,com.thundercomm.tcsetupwizard]
02-14 14:24:47.757 I/am_uid_running( 1257): 10066
02-14 14:24:47.759 I/am_proc_bound( 1257): [0,2202,com.tc.logclient]
02-14 14:24:47.761 I/am_proc_start( 1257): [0,2248,1000,vendor.qti.qesdk.sysservice,added application,vendor.qti.qesdk.sysservice]
02-14 14:24:47.769 I/am_proc_start( 1257): [0,2265,10085,com.qti.qualcomm.mstatssystemservice,added application,com.qti.qualcomm.mstatssystemservice]
02-14 14:24:47.778 I/am_proc_bound( 1257): [0,2181,com.thundercomm.tchttpserver]
02-14 14:24:47.780 I/am_proc_start( 1257): [0,2286,1068,com.android.se,added application,com.android.se]
02-14 14:24:47.787 I/am_proc_bound( 1257): [0,2246,com.thundercomm.tcsetupwizard]
02-14 14:24:47.795 I/am_proc_start( 1257): [0,2312,1000,com.thundercomm.remotecontrolservice,added application,com.thundercomm.remotecontrolservice]
02-14 14:24:47.801 I/am_proc_bound( 1257): [0,2221,com.android.networkstack.process]
02-14 14:24:47.806 I/am_uid_active( 1257): 1073
02-14 14:24:47.814 I/am_proc_bound( 1257): [0,2265,com.qti.qualcomm.mstatssystemservice]
02-14 14:24:47.815 I/am_uid_active( 1257): 10085
02-14 14:24:47.817 I/am_proc_died( 1257): [0,2058,WebViewLoader-arm64-v8a,-700,0]
02-14 14:24:47.818 I/am_uid_stopped( 1257): 1037
02-14 14:24:47.818 I/am_low_memory( 1257): 13
02-14 14:24:47.820 I/am_proc_bound( 1257): [0,2248,vendor.qti.qesdk.sysservice]
02-14 14:24:47.824 I/am_proc_bound( 1257): [0,2286,com.android.se]
02-14 14:24:47.829 I/am_uid_active( 1257): 1068
02-14 14:24:47.829 I/am_proc_start( 1257): [0,2367,1000,com.thundercomm.tcservice,added application,com.thundercomm.tcservice]
02-14 14:24:47.837 I/am_proc_start( 1257): [0,2382,10062,com.qualcomm.qti.devicestatisticsservice,added application,com.qualcomm.qti.devicestatisticsservice]
02-14 14:24:47.847 I/am_proc_start( 1257): [0,2394,1000,com.qualcomm.qti.qdma,added application,com.qualcomm.qti.qdma]
02-14 14:24:47.857 I/am_proc_bound( 1257): [0,2312,com.thundercomm.remotecontrolservice]
02-14 14:24:47.870 I/am_proc_bound( 1257): [0,2367,com.thundercomm.tcservice]
02-14 14:24:47.883 I/am_proc_start( 1257): [0,2429,1000,com.android.settings,top-activity,{com.android.settings/com.android.settings.FallbackHome}]
02-14 14:24:47.888 I/am_proc_bound( 1257): [0,2382,com.qualcomm.qti.devicestatisticsservice]
02-14 14:24:47.891 I/am_uid_active( 1257): 10062
02-14 14:24:47.893 I/am_proc_bound( 1257): [0,2394,com.qualcomm.qti.qdma]
02-14 14:24:47.898 I/am_proc_start( 1257): [0,2448,10094,android.ext.services,service,{android.ext.services/android.ext.services.autofill.InlineSuggestionRenderServiceImpl}]
02-14 14:24:47.905 I/am_proc_bound( 1257): [0,2429,com.android.settings]
02-14 14:24:47.904 I/auditd ( 986): type=1400 audit(0.0:240): avc: denied { read write } for comm="sensors.qti" name="diag" dev="tmpfs" ino=11682 scontext=u:r:vendor_sensors_qti:s0 tcontext=u:object_r:vendor_diag_device:s0 tclass=chr_file permissive=0
02-14 14:24:47.909 I/commit_sys_config_file( 1257): [settings-0-0,14]
02-14 14:24:47.914 I/wm_restart_activity( 1257): [0,109867889,2,com.android.settings/.FallbackHome]
02-14 14:24:47.916 I/wm_set_resumed_activity( 1257): [0,com.android.settings/.FallbackHome,minimalResumeActivityLocked]
02-14 14:24:47.924 I/am_proc_start( 1257): [0,2467,10066,com.thundercomm.gamemode.provider,content provider,{com.thundercomm.gamemode.provider/com.thundercomm.gamemode.provider.SettingsProvider}]
02-14 14:24:47.928 I/am_proc_bound( 1257): [0,2448,android.ext.services]
02-14 14:24:47.929 I/am_uid_active( 1257): 10094
02-14 14:24:47.962 I/am_proc_bound( 1257): [0,2467,com.thundercomm.gamemode.provider]
02-14 14:24:47.963 D/TelephonyRegistry( 1257): listen oscl: mHasNotifySubscriptionInfoChangedOccurred==false no callback
02-14 14:24:47.966 I/am_uid_active( 1257): 10066
02-14 14:24:47.999 I/am_wtf ( 1257): [0,2429,com.android.settings,952647173,RoleParser,com.android.permissioncontroller.role.model.AssistantRoleBehavior]
02-14 14:24:48.000 I/am_wtf ( 1257): [0,2429,com.android.settings,952647173,RoleParser,com.android.permissioncontroller.role.model.BrowserRoleBehavior]
02-14 14:24:48.001 I/am_wtf ( 1257): [0,2429,com.android.settings,952647173,RoleParser,com.android.permissioncontroller.role.model.DialerRoleBehavior]
02-14 14:24:48.002 I/am_wtf ( 1257): [0,2429,com.android.settings,952647173,RoleParser,com.android.permissioncontroller.role.model.SmsRoleBehavior]
02-14 14:24:48.003 I/am_wtf ( 1257): [0,2429,com.android.settings,952647173,RoleParser,com.android.permissioncontroller.role.model.EmergencyRoleBehavior]
02-14 14:24:48.004 I/am_wtf ( 1257): [0,2429,com.android.settings,952647173,RoleParser,com.android.permissioncontroller.role.model.HomeRoleBehavior]
02-14 14:24:48.006 I/am_wtf ( 1257): [0,2429,com.android.settings,952647173,RoleParser,com.android.permissioncontroller.role.model.SystemAutomotiveClusterRoleBehavior]
02-14 14:24:48.007 I/am_wtf ( 1257): [0,2429,com.android.settings,952647173,RoleParser,com.android.permissioncontroller.role.model.CompanionDeviceWatchRoleBehavior]
02-14 14:24:48.008 I/am_wtf ( 1257): [0,2429,com.android.settings,952647173,RoleParser,com.android.permissioncontroller.role.model.SystemShellRoleBehavior]
02-14 14:24:48.010 I/am_wtf ( 1257): [0,2429,com.android.settings,952647173,RoleParser,com.android.permissioncontroller.role.model.TelevisionRoleBehavior]
02-14 14:24:48.012 I/am_wtf ( 1257): [0,2429,com.android.settings,952647173,RoleParser,com.android.permissioncontroller.role.model.TelevisionRoleBehavior]
02-14 14:24:48.021 D/TelephonyRegistry( 1257): listen oscl: mHasNotifySubscriptionInfoChangedOccurred==false no callback
02-14 14:24:48.026 I/wm_on_create_called( 2429): [109867889,com.android.settings.FallbackHome,performCreate]
02-14 14:24:48.026 I/wm_on_start_called( 2429): [109867889,com.android.settings.FallbackHome,handleStartActivity]
02-14 14:24:48.027 I/wm_on_resume_called( 2429): [109867889,com.android.settings.FallbackHome,RESUME_ACTIVITY]
02-14 14:24:48.033 I/wm_on_top_resumed_gained_called( 2429): [109867889,com.android.settings.FallbackHome,topStateChangedWhenResumed]
02-14 14:24:48.034 D/TelephonyRegistry( 1257): notifyCellLocationForSubscriber: subId=2147483647 cellIdentity=null
02-14 14:24:48.035 I/notification_enqueue( 1257): [1000,1257,android,32,NULL,-1,Notification(channel=USB shortcut=null contentView=null vibrate=null sound=null tick defaults=0x0 flags=0x2 color=0x00000000 vis=PUBLIC),0]
02-14 14:24:48.044 I/sysui_multi_action( 1257): [757,1501,758,1,793,68,794,0,795,68,796,32,806,android,857,USB,858,1,947,0,1500,0]
02-14 14:24:48.044 I/sysui_multi_action( 1257): [757,804,799,note_interruptive,801,0,802,1]
02-14 14:24:48.046 I/notification_enqueue( 1257): [10080,2009,com.android.systemui,1,empty_media,0,Notification(channel=empty_media_style_id shortcut=null contentView=null vibrate=null sound=null defaults=0x0 flags=0x20 color=0x00000000 category=transport actions=4 vis=PRIVATE),0]
02-14 14:24:48.048 I/input_focus( 1257): [Focus request 4f70d79 com.android.settings/com.android.settings.FallbackHome,reason=UpdateInputWindows]
02-14 14:24:48.050 I/am_uid_running( 1257): 10082
02-14 14:24:48.057 I/am_proc_start( 1257): [0,2555,10082,com.qualcomm.qti.qccauthmgr,content provider,{com.qualcomm.qti.qccauthmgr/com.qualcomm.qti.qccauthmgr.providers.SMQContentProvider}]
02-14 14:24:48.072 I/notification_cancel_all( 1257): [1000,1257,com.android.systemui,0,0,0,20,NULL]
02-14 14:24:48.080 I/am_proc_bound( 1257): [0,2555,com.qualcomm.qti.qccauthmgr]
02-14 14:24:48.084 I/am_uid_active( 1257): 10082
02-14 14:24:48.085 I/boot_progress_enable_screen( 1257): 11803
02-14 14:24:48.085 I/screen_toggled( 1257): 1
02-14 14:24:48.104 I/am_uid_running( 1257): 10079
02-14 14:24:48.104 I/auditd ( 986): type=1400 audit(0.0:241): avc: denied { read write } for comm="sensors.qti" name="diag" dev="tmpfs" ino=11682 scontext=u:r:vendor_sensors_qti:s0 tcontext=u:object_r:vendor_diag_device:s0 tclass=chr_file permissive=0
02-14 14:24:48.113 I/am_proc_start( 1257): [0,2598,10079,com.android.launcher3,service,{com.android.launcher3/com.android.quickstep.TouchInteractionService}]
02-14 14:24:48.146 I/am_proc_bound( 1257): [0,2598,com.android.launcher3]
02-14 14:24:48.148 I/am_uid_active( 1257): 10079
02-14 14:24:48.149 I/commit_sys_config_file( 1257): [settings-0-0,6]
02-14 14:24:48.159 I/sysui_multi_action( 2009): [757,213,758,4,759,-1]
02-14 14:24:48.197 W/CarrierConfigManager( 2009): Error getting config for subId -1 ICarrierConfigLoader is null
02-14 14:24:48.203 D/TelephonyRegistry( 1257): listen oscl: mHasNotifySubscriptionInfoChangedOccurred==false no callback
02-14 14:24:48.247 I/sysui_multi_action( 1257): [757,1501,758,1,793,207,794,0,795,207,796,1,797,empty_media,806,com.android.systemui,857,empty_media_style_id,858,4,947,0,1500,0,1641,transport,1688,1,1745,1043716538]
02-14 14:24:48.247 I/sysui_multi_action( 1257): [757,804,799,note_interruptive,801,0,802,1]
02-14 14:24:48.297 I/commit_sys_config_file( 1257): [settings-2-0,1]
02-14 14:24:48.304 I/auditd ( 986): type=1400 audit(0.0:242): avc: denied { read write } for comm="sensors.qti" name="diag" dev="tmpfs" ino=11682 scontext=u:r:vendor_sensors_qti:s0 tcontext=u:object_r:vendor_diag_device:s0 tclass=chr_file permissive=0
02-14 14:24:48.504 I/auditd ( 986): type=1400 audit(0.0:243): avc: denied { read write } for comm="sensors.qti" name="diag" dev="tmpfs" ino=11682 scontext=u:r:vendor_sensors_qti:s0 tcontext=u:object_r:vendor_diag_device:s0 tclass=chr_file permissive=0
02-14 14:24:48.698 I/commit_sys_config_file( 1257): [settings-1-0,0]
02-14 14:24:48.704 I/auditd ( 986): type=1400 audit(0.0:244): avc: denied { read write } for comm="sensors.qti" name="diag" dev="tmpfs" ino=11682 scontext=u:r:vendor_sensors_qti:s0 tcontext=u:object_r:vendor_diag_device:s0 tclass=chr_file permissive=0
02-14 14:24:48.814 I/wm_boot_animation_done( 1257): 12532
02-14 14:24:48.844 I/notification_enqueue( 1257): [1000,1257,android,26,NULL,-1,Notification(channel=DEVELOPER_IMPORTANT shortcut=null contentView=null vibrate=null sound=null tick defaults=0x0 flags=0x2 color=0x00000000 vis=PUBLIC),0]
02-14 14:24:48.850 I/uc_finish_user_boot( 1257): 0
02-14 14:24:48.850 I/am_user_state_changed( 1257): [0,1]
02-14 14:24:48.852 I/uc_send_user_broadcast( 1257): [0,android.intent.action.LOCKED_BOOT_COMPLETED]
02-14 14:24:48.859 I/wm_task_created( 1257): [8,-1]
02-14 14:24:48.864 I/wm_task_moved( 1257): [8,1,6]
02-14 14:24:48.864 I/wm_task_to_front( 1257): [0,8]
02-14 14:24:48.864 I/wm_create_task( 1257): [0,8]
02-14 14:24:48.864 I/wm_create_activity( 1257): [0,237526992,8,com.android.systemui/.usb.UsbDebuggingActivity,NULL,NULL,NULL,276824064]
02-14 14:24:48.864 I/wm_on_top_resumed_lost_called( 2429): [109867889,com.android.settings.FallbackHome,topStateChangedWhenResumed]
02-14 14:24:48.864 I/wm_task_moved( 1257): [8,1,6]
02-14 14:24:48.865 I/wm_pause_activity( 1257): [0,109867889,com.android.settings/.FallbackHome,userLeaving=true,pauseBackTasks]
02-14 14:24:48.868 I/wm_on_paused_called( 2429): [109867889,com.android.settings.FallbackHome,performPause]
02-14 14:24:48.869 I/wm_restart_activity( 1257): [0,237526992,8,com.android.systemui/.usb.UsbDebuggingActivity]
02-14 14:24:48.870 I/wm_set_resumed_activity( 1257): [0,com.android.systemui/.usb.UsbDebuggingActivity,minimalResumeActivityLocked]
02-14 14:24:48.878 I/uc_finish_user_unlocking( 1257): 0
02-14 14:24:48.880 I/am_uid_running( 1257): 10067
02-14 14:24:48.891 I/am_proc_start( 1257): [0,2685,10067,com.android.deskclock,broadcast,{com.android.deskclock/com.android.deskclock.AlarmInitReceiver}]
02-14 14:24:48.892 I/sysui_multi_action( 1257): [757,803,799,window_time_0,802,3]
02-14 14:24:48.896 I/auditd ( 2691): type=1400 audit(0.0:245): avc: denied { ptrace } for comm="crash_dump64" scontext=u:r:crash_dump:s0 tcontext=u:r:init:s0 tclass=process permissive=0
02-14 14:24:48.922 I/am_proc_bound( 1257): [0,2685,com.android.deskclock]
02-14 14:24:48.924 I/am_uid_active( 1257): 10067
02-14 14:24:48.932 I/wm_on_create_called( 2009): [237526992,com.android.systemui.usb.UsbDebuggingActivity,performCreate]
02-14 14:24:48.933 I/wm_on_start_called( 2009): [237526992,com.android.systemui.usb.UsbDebuggingActivity,handleStartActivity]
02-14 14:24:48.933 I/wm_on_resume_called( 2009): [237526992,com.android.systemui.usb.UsbDebuggingActivity,RESUME_ACTIVITY]
02-14 14:24:48.936 I/wm_on_top_resumed_gained_called( 2009): [237526992,com.android.systemui.usb.UsbDebuggingActivity,topStateChangedWhenResumed]
02-14 14:24:48.936 I/auditd ( 475): type=1400 audit(0.0:246): avc: denied { create } for comm="init" name="key" scontext=u:r:vendor_init:s0 tcontext=u:object_r:mnt_product_file:s0 tclass=dir permissive=0
02-14 14:24:48.971 I/input_focus( 1257): [Focus request a70c7e2 com.android.systemui/com.android.systemui.usb.UsbDebuggingActivity,reason=UpdateInputWindows]
02-14 14:24:48.980 I/auditd ( 821): type=1400 audit(0.0:247): avc: denied { read } for comm="Loc_hal_worker" name="u:object_r:vendor_pd_locater_dbg_prop:s0" dev="tmpfs" ino=12648 scontext=u:r:vendor_hal_gnss_qti:s0 tcontext=u:object_r:vendor_pd_locater_dbg_prop:s0 tclass=file permissive=0
02-14 14:24:49.069 I/am_user_state_changed( 1257): [0,2]
02-14 14:24:49.070 I/ssm_user_unlocking( 1257): 0
02-14 14:24:49.082 I/sysui_multi_action( 1257): [319,1379,322,1379,325,11,757,761,758,7,759,2,806,com.android.systemui,871,com.android.systemui.usb.UsbDebuggingActivity,904,android,905,0,945,309,1320,4,1321,1]
02-14 14:24:49.088 I/uc_finish_user_unlocked( 1257): 0
02-14 14:24:49.088 I/am_user_state_changed( 1257): [0,3]
02-14 14:24:49.088 I/wm_activity_launch_time( 1257): [0,237526992,com.android.systemui/.usb.UsbDebuggingActivity,1379]
02-14 14:24:49.092 I/am_uid_running( 1257): 10083
02-14 14:24:49.092 I/am_uid_running( 1257): 10057
02-14 14:24:49.100 I/wm_task_created( 1257): [11,-1]
02-14 14:24:49.102 I/am_uid_running( 1257): 10055
02-14 14:24:49.103 I/am_uid_running( 1257): 10072
02-14 14:24:49.103 I/am_uid_running( 1257): 10084
02-14 14:24:49.104 I/am_uid_running( 1257): 10081
02-14 14:24:49.104 I/am_uid_running( 1257): 10075
02-14 14:24:49.105 I/am_proc_start( 1257): [0,2772,10083,com.hht.lebocast,added application,com.hht.lebocast]
02-14 14:24:49.113 I/am_proc_start( 1257): [0,2776,10057,ts.car.uart,added application,ts.car.uart]
02-14 14:24:49.114 I/uc_send_user_broadcast( 1257): [0,android.intent.action.USER_UNLOCKED]
02-14 14:24:49.119 I/uc_finish_user_unlocked_completed( 1257): 0
02-14 14:24:49.123 I/am_uid_active( 1257): 10075
02-14 14:24:49.125 I/ssm_user_unlocked( 1257): 0
02-14 14:24:49.132 I/am_proc_start( 1257): [0,2789,1000,com.hryt.hiphishowfsecontrol,added application,com.hryt.hiphishowfsecontrol]
02-14 14:24:49.134 I/wm_finish_activity( 1257): [0,109867889,2,com.android.settings/.FallbackHome,app-request]
02-14 14:24:49.134 I/uc_send_user_broadcast( 1257): [0,android.intent.action.BOOT_COMPLETED]
02-14 14:24:49.137 I/wm_destroy_activity( 1257): [0,109867889,2,com.android.settings/.FallbackHome,finish-imm:finishIfPossible]
02-14 14:24:49.146 I/wm_on_stop_called( 2429): [109867889,com.android.settings.FallbackHome,LIFECYCLER_STOP_ACTIVITY]
02-14 14:24:49.152 I/am_uid_running( 1257): 10093
02-14 14:24:49.159 I/am_proc_start( 1257): [0,2813,10055,.pasr,added application,.pasr]
02-14 14:24:49.159 I/wm_on_destroy_called( 2429): [109867889,com.android.settings.FallbackHome,performDestroy]
02-14 14:24:49.160 I/am_proc_bound( 1257): [0,2776,ts.car.uart]
02-14 14:24:49.168 I/am_uid_active( 1257): 10057
02-14 14:24:49.169 I/am_proc_bound( 1257): [0,2772,com.hht.lebocast]
02-14 14:24:49.176 I/am_uid_active( 1257): 10083
02-14 14:24:49.180 I/am_proc_bound( 1257): [0,2789,com.hryt.hiphishowfsecontrol]
02-14 14:24:49.187 I/am_proc_bound( 1257): [0,2813,.pasr]
02-14 14:24:49.191 I/am_uid_active( 1257): 10055
02-14 14:24:49.197 I/am_proc_start( 1257): [0,2848,10072,com.qualcomm.qti.services.systemhelper:systemhelper_service,added application,com.qualcomm.qti.services.systemhelper:systemhelper_service]
02-14 14:24:49.219 I/am_proc_bound( 1257): [0,2848,com.qualcomm.qti.services.systemhelper:systemhelper_service]
02-14 14:24:49.222 I/am_uid_active( 1257): 10072
02-14 14:24:49.222 I/am_proc_start( 1257): [0,2868,10084,com.qualcomm.qti.qccnetstat,added application,com.qualcomm.qti.qccnetstat]
02-14 14:24:49.240 I/am_proc_start( 1257): [0,2879,10081,com.qualcomm.qti.workloadclassifier,added application,com.qualcomm.qti.workloadclassifier]
02-14 14:24:49.250 I/am_proc_start( 1257): [0,2890,10075,com.qualcomm.location,added application,com.qualcomm.location]
02-14 14:24:49.255 I/am_proc_bound( 1257): [0,2868,com.qualcomm.qti.qccnetstat]
02-14 14:24:49.258 I/am_uid_active( 1257): 10084
02-14 14:24:49.259 I/am_proc_start( 1257): [0,2896,10093,com.android.providers.media.module,service,{com.android.providers.media.module/com.android.providers.media.fuse.ExternalStorageServiceImpl}]
02-14 14:24:49.264 I/auditd ( 818): type=1400 audit(0.0:248): avc: denied { read write } for comm="bluetooth@1.0-s" name="diag" dev="tmpfs" ino=11682 scontext=u:r:hal_bluetooth_default:s0 tcontext=u:object_r:vendor_diag_device:s0 tclass=chr_file permissive=0
02-14 14:24:49.278 I/am_proc_start( 1257): [0,2928,1000,com.android.keychain,service,{com.android.keychain/com.android.keychain.KeyChainService}]
02-14 14:24:49.279 I/am_proc_bound( 1257): [0,2890,com.qualcomm.location]
02-14 14:24:49.282 I/sysui_multi_action( 1257): [757,1501,758,1,793,442,794,0,795,442,796,26,806,android,857,DEVELOPER_IMPORTANT,858,4,947,0,1500,0]
02-14 14:24:49.282 I/sysui_multi_action( 1257): [757,804,799,note_interruptive,801,0,802,1]
02-14 14:24:49.283 I/sysui_multi_action( 1257): [757,1501,758,1,793,442,794,0,795,442,796,26,806,android,857,DEVELOPER_IMPORTANT,858,4,947,0,1500,0,1688,1]
02-14 14:24:49.283 I/sysui_multi_action( 1257): [757,804,799,note_interruptive,801,0,802,1]
02-14 14:24:49.283 I/sysui_multi_action( 1257): [757,199,758,1,759,2,793,443,794,0,795,443,796,26,806,android,857,DEVELOPER_IMPORTANT,858,4,947,0,1500,1,1688,1]
02-14 14:24:49.283 I/notification_alert( 1257): [-1|android|26|null|1000,0,1,0]
02-14 14:24:49.292 I/am_proc_bound( 1257): [0,2879,com.qualcomm.qti.workloadclassifier]
02-14 14:24:49.296 I/am_uid_active( 1257): 10081
02-14 14:24:49.310 I/am_proc_bound( 1257): [0,2896,com.android.providers.media.module]
02-14 14:24:49.315 I/am_uid_active( 1257): 10093
02-14 14:24:49.328 I/auditd ( 2953): type=1400 audit(0.0:249): avc: denied { read } for comm="ip" name="rt_tables" dev="dm-10" ino=344 scontext=u:r:ethernet:s0 tcontext=u:object_r:net_data_file:s0 tclass=file permissive=0
02-14 14:24:49.332 I/auditd ( 2980): type=1400 audit(0.0:250): avc: denied { read } for comm="ip" name="rt_tables" dev="dm-10" ino=344 scontext=u:r:ethernet:s0 tcontext=u:object_r:net_data_file:s0 tclass=file permissive=0
02-14 14:24:49.329 I/am_proc_bound( 1257): [0,2928,com.android.keychain]
02-14 14:24:49.371 I/am_uid_running( 1257): 10019
02-14 14:24:49.380 I/am_proc_start( 1257): [0,2995,10019,android.process.media,broadcast,{com.android.mtp/com.android.mtp.MtpReceiver}]
02-14 14:24:49.414 I/am_proc_bound( 1257): [0,2995,android.process.media]
02-14 14:24:49.420 I/am_uid_running( 1257): 10071
02-14 14:24:49.427 I/am_proc_start( 1257): [0,3037,10071,com.qualcomm.location.XT,service,{com.qualcomm.location.XT/com.qualcomm.location.XT.XTSrv}]
02-14 14:24:49.437 I/am_uid_running( 1257): 10086
02-14 14:24:49.444 I/am_proc_start( 1257): [0,3063,10086,com.qualcomm.qtil.aptxui,broadcast,{com.qualcomm.qtil.aptxui/com.qualcomm.qtil.aptxui.aptxuiBootReceiver}]
02-14 14:24:49.447 D/TelephonyRegistry( 1257): listen oscl: mHasNotifySubscriptionInfoChangedOccurred==false no callback
02-14 14:24:49.450 I/am_proc_bound( 1257): [0,3037,com.qualcomm.location.XT]
02-14 14:24:49.453 I/am_uid_active( 1257): 10071
02-14 14:24:49.485 I/am_proc_bound( 1257): [0,3063,com.qualcomm.qtil.aptxui]
02-14 14:24:49.487 I/am_uid_active( 1257): 10086
02-14 14:24:49.584 I/am_uid_running( 1257): 10035
02-14 14:24:49.591 I/am_proc_start( 1257): [0,3124,10035,com.android.traceur,broadcast,{com.android.traceur/com.android.traceur.Receiver}]
02-14 14:24:49.608 I/am_proc_bound( 1257): [0,3124,com.android.traceur]
02-14 14:24:49.613 I/am_uid_active( 1257): 10035
02-14 14:24:49.636 I/auditd ( 3139): type=1400 audit(0.0:251): avc: denied { read } for comm="ip" name="rt_tables" dev="dm-10" ino=344 scontext=u:r:ethernet:s0 tcontext=u:object_r:net_data_file:s0 tclass=file permissive=0
02-14 14:24:49.646 I/wm_task_removed( 1257): [2,cleanUpResourcesForDestroy]
02-14 14:24:49.646 I/wm_task_removed( 1257): [1,removeChild:removeChild last r=Task{392337b #2 type=home A=1000:com.android.settings.FallbackHome U=0 visible=false mode=fullscreen translucent=true sz=0} in t=Task{942e90e #1 type=home ?? U=0 visible=true mode=fullscreen translucent=true sz=0}]
02-14 14:24:49.646 I/wm_task_removed( 1257): [1,removeChild]
02-14 14:24:49.647 I/wm_task_removed( 1257): [2,removeChild:removeChild last r=ActivityRecord{68c7371 u0 com.android.settings/.FallbackHome t-1 f}} in t=Task{392337b #2 type=home A=1000:com.android.settings.FallbackHome U=0 visible=false mode=fullscreen translucent=true sz=0}]
02-14 14:24:49.647 I/wm_task_removed( 1257): [2,removeChild]
02-14 14:24:49.656 I/auditd ( 3142): type=1400 audit(0.0:252): avc: denied { read } for comm="ip" name="rt_tables" dev="dm-10" ino=344 scontext=u:r:ethernet:s0 tcontext=u:object_r:net_data_file:s0 tclass=file permissive=0
02-14 14:24:49.701 D/TelephonyRegistry( 1257): listen oscl: mHasNotifySubscriptionInfoChangedOccurred==false no callback
02-14 14:24:49.720 I/am_crash( 1257): [2382,0,com.qualcomm.qti.devicestatisticsservice,814235213,java.lang.ClassNotFoundException,android.hidl.manager.V1_0.IServiceNotification$Stub,DeviceStatisticsService.java,83]
02-14 14:24:49.725 I/am_wtf ( 1257): [0,1257,system_server,-1,BootReceiver,open failed: ENOENT (No such file or directory)]
02-14 14:24:49.727 I/sysui_multi_action( 1257): [757,316,758,4,759,-1]
02-14 14:24:49.744 I/commit_sys_config_file( 1257): [log-files,1]
02-14 14:24:49.745 I/am_uid_active( 1257): 10019
02-14 14:24:49.797 I/liblog ( 1989): 729
02-14 14:24:49.799 I/am_uid_running( 1257): 10020
02-14 14:24:49.810 I/am_proc_start( 1257): [0,3178,10020,android.process.acore,content provider,{com.android.providers.contacts/com.android.providers.contacts.ContactsProvider2}]
02-14 14:24:49.822 D/TelephonyRegistry( 1257): listen oscl: mHasNotifySubscriptionInfoChangedOccurred==false no callback
02-14 14:24:49.836 I/am_proc_bound( 1257): [0,3178,android.process.acore]
02-14 14:24:49.844 I/am_uid_active( 1257): 10020
02-14 14:24:49.846 I/am_proc_start( 1257): [0,3199,1000,com.qti.diagservices,broadcast,{com.qti.diagservices/com.qti.diagservices.Diag_OnBoot}]
02-14 14:24:49.846 I/am_proc_died( 1257): [0,2382,com.qualcomm.qti.devicestatisticsservice,-800,0]
02-14 14:24:49.847 I/am_schedule_service_restart( 1257): [0,com.qualcomm.qti.devicestatisticsservice/.DeviceStatisticsService,0]
02-14 14:24:49.847 I/am_uid_stopped( 1257): 10062
02-14 14:24:49.847 I/am_uid_running( 1257): 10062
02-14 14:24:49.848 I/am_uid_active( 1257): 10062
02-14 14:24:49.854 I/am_proc_start( 1257): [0,3203,10062,com.qualcomm.qti.devicestatisticsservice,restart,com.qualcomm.qti.devicestatisticsservice]
02-14 14:24:49.865 I/am_proc_bound( 1257): [0,3199,com.qti.diagservices]
02-14 14:24:49.875 I/am_proc_bound( 1257): [0,3203,com.qualcomm.qti.devicestatisticsservice]
02-14 14:24:49.924 I/auditd ( 3199): type=1400 audit(0.0:253): avc: denied { read write } for comm="ti.diagservices" name="diag" dev="tmpfs" ino=11682 scontext=u:r:system_app:s0 tcontext=u:object_r:vendor_diag_device:s0 tclass=chr_file permissive=0
02-14 14:24:49.952 I/am_meminfo( 1257): [2814828544,3092545536,12288,309309440,602100736]
02-14 14:24:49.958 I/am_pss ( 1257): [2555,10082,com.qualcomm.qti.qccauthmgr,6688768,4276224,0,94916608,2,5,5]
02-14 14:24:49.964 I/am_pss ( 1257): [2467,10066,com.thundercomm.gamemode.provider,8382464,6021120,0,95752192,2,5,6]
02-14 14:24:49.964 I/auditd ( 3253): type=1400 audit(0.0:254): avc: denied { read } for comm="ip" name="rt_tables" dev="dm-10" ino=344 scontext=u:r:ethernet:s0 tcontext=u:object_r:net_data_file:s0 tclass=file permissive=0
02-14 14:24:49.970 I/am_pss ( 1257): [2448,10094,android.ext.services,7441408,5054464,0,94900224,2,5,5]
02-14 14:24:49.972 I/auditd ( 3262): type=1400 audit(0.0:255): avc: denied { read } for comm="ip" name="rt_tables" dev="dm-10" ino=344 scontext=u:r:ethernet:s0 tcontext=u:object_r:net_data_file:s0 tclass=file permissive=0
02-14 14:24:49.977 I/am_pss ( 1257): [2598,10079,com.android.launcher3,17945600,13950976,0,113242112,2,5,6]
02-14 14:24:49.985 I/am_pss ( 1257): [1989,1002,com.android.bluetooth,32711680,22863872,0,145129472,2,0,7]
02-14 14:24:49.993 I/am_pss ( 1257): [2394,1000,com.qualcomm.qti.qdma,10364928,6705152,0,104996864,2,0,6]
02-14 14:24:49.999 I/am_pss ( 1257): [2367,1000,com.thundercomm.tcservice,8136704,5910528,0,94564352,2,0,5]
02-14 14:24:50.006 I/am_pss ( 1257): [2312,1000,com.thundercomm.remotecontrolservice,9818112,6991872,0,100864000,2,0,5]
02-14 14:24:50.012 I/am_pss ( 1257): [2286,1068,com.android.se,6211584,4100096,0,91328512,2,0,4]
02-14 14:24:50.018 I/am_pss ( 1257): [2248,1000,vendor.qti.qesdk.sysservice,5908480,3788800,0,90742784,2,0,5]
02-14 14:24:50.024 I/am_pss ( 1257): [2265,10085,com.qti.qualcomm.mstatssystemservice,5859328,3825664,0,89370624,2,0,5]
02-14 14:24:50.031 I/am_pss ( 1257): [2221,1073,com.android.networkstack.process,10231808,7213056,0,102703104,2,0,5]
02-14 14:24:50.037 I/am_pss ( 1257): [2246,1000,com.thundercomm.tcsetupwizard,7173120,5152768,0,90816512,2,0,5]
02-14 14:24:50.043 I/am_pss ( 1257): [2181,1000,com.thundercomm.tchttpserver,7528448,5509120,0,91172864,2,0,4]
02-14 14:24:50.049 I/am_pss ( 1257): [2202,1000,com.tc.logclient,6862848,4829184,0,90415104,2,0,4]
02-14 14:24:50.054 I/am_pss ( 1257): [2162,10054,.qtidataservices,6293504,4210688,0,91238400,2,0,4]
02-14 14:24:50.060 I/am_pss ( 1257): [2155,1000,com.thundercomm.microsettings,35203072,31928320,0,123596800,2,0,5]
02-14 14:24:50.066 I/am_pss ( 1257): [2159,1001,.dataservices,8146944,5922816,0,93663232,2,0,5]
02-14 14:24:50.072 I/am_pss ( 1257): [2140,1000,com.thundercomm.microservice,9232384,7073792,0,94953472,2,0,5]
02-14 14:24:50.078 I/am_pss ( 1257): [2109,1000,com.thundercomm.gamemode,9560064,7249920,0,96612352,2,0,5]
02-14 14:24:50.089 I/am_pss ( 1257): [2009,10080,com.android.systemui,167961600,144609280,0,320131072,2,1,10]
02-14 14:24:50.107 I/am_pss ( 1257): [1257,1000,system,198582272,99831808,0,506671104,2,0,15]
02-14 14:24:51.093 I/commit_sys_config_file( 1257): [jobs,5]
02-14 14:24:51.650 I/service_manager_stats( 1257): [726,282,5921]
02-14 14:24:51.656 I/netstats_mobile_sample( 1257): [0,0,0,0,0,0,0,0,0,0,0,0,1676355891656]
02-14 14:24:51.656 I/netstats_wifi_sample( 1257): [0,0,0,0,0,0,0,0,0,0,0,0,1676355891656]
02-14 14:24:51.668 I/netstats_mobile_sample( 1257): [0,0,0,0,0,0,0,0,0,0,0,0,1676355891668]
02-14 14:24:51.668 I/netstats_wifi_sample( 1257): [0,0,0,0,0,0,0,0,0,0,0,0,1676355891668]
02-14 14:24:51.896 I/commit_sys_config_file( 1257): [settings-0-0,3]
02-14 14:24:52.149 I/sysui_multi_action( 1257): [757,1717,758,1,759,0]
02-14 14:24:52.150 I/sysui_multi_action( 1257): [757,1717,758,2,759,0]
02-14 14:24:52.150 I/sysui_multi_action( 1257): [757,1717,758,3,759,0]
02-14 14:24:52.163 I/backup_transport_lifecycle( 1257): [com.android.localtransport/.LocalTransportService,1]
02-14 14:24:52.170 I/am_proc_start( 1257): [0,3412,1000,com.android.localtransport,service,{com.android.localtransport/com.android.localtransport.LocalTransportService}]
02-14 14:24:52.189 I/am_proc_bound( 1257): [0,3412,com.android.localtransport]
02-14 14:24:52.358 I/backup_transport_connection( 1257): [com.android.localtransport/.LocalTransportService,1]
02-14 14:24:52.361 I/backup_transport_lifecycle( 1257): [com.android.localtransport/.LocalTransportService,0]
02-14 14:24:52.361 I/backup_transport_connection( 1257): [com.android.localtransport/.LocalTransportService,0]
02-14 14:24:52.364 I/am_uid_running( 1257): 10064
02-14 14:24:52.373 I/am_proc_start( 1257): [0,3430,10064,com.android.calendar,broadcast,{com.android.calendar/com.android.calendar.alerts.AlertReceiver}]
02-14 14:24:52.377 I/notification_cancel_all( 1257): [1002,1989,com.android.bluetooth,0,0,64,9,NULL]
02-14 14:24:52.396 I/am_proc_bound( 1257): [0,3430,com.android.calendar]
02-14 14:24:52.399 I/am_uid_active( 1257): 10064
02-14 14:24:52.477 I/am_proc_start( 1257): [0,3455,1000,com.android.dynsystem,broadcast,{com.android.dynsystem/com.android.dynsystem.BootCompletedReceiver}]
02-14 14:24:52.503 I/am_proc_bound( 1257): [0,3455,com.android.dynsystem]
02-14 14:24:52.515 I/sysui_multi_action( 2009): [757,803,799,note_peek,802,1]
02-14 14:24:52.518 I/sysui_multi_action( 1257): [757,127,758,1]
02-14 14:24:52.518 I/sysui_multi_action( 1257): [757,804,799,note_load,801,1,802,1]
02-14 14:24:52.518 I/notification_panel_revealed( 1257): 1
02-14 14:24:52.519 I/sysui_heads_up_status( 2009): [-1|android|26|null|1000,1]
02-14 14:24:52.523 I/sysui_multi_action( 1257): [757,128,758,1,793,4547,794,0,795,4547,796,32,798,1,806,android,857,USB,858,1,947,0,1395,2,1500,4479,1688,1]
02-14 14:24:52.523 I/sysui_multi_action( 1257): [757,804,799,note_freshness,801,4547,802,1]
02-14 14:24:52.523 I/notification_visibility( 1257): [-1|android|32|null|1000,1,4547,4547,0,1]
02-14 14:24:52.541 I/wm_task_created( 1257): [12,-1]
02-14 14:24:52.542 I/wm_task_created( 1257): [13,-1]
02-14 14:24:52.543 I/wm_task_moved( 1257): [13,0,-2147483648]
02-14 14:24:52.544 I/wm_create_task( 1257): [0,13]
02-14 14:24:52.544 I/wm_create_activity( 1257): [0,190679017,13,com.android.launcher3/.uioverrides.QuickstepLauncher,android.intent.action.MAIN,NULL,NULL,268500992]
02-14 14:24:52.546 I/wm_restart_activity( 1257): [0,190679017,13,com.android.launcher3/.uioverrides.QuickstepLauncher]
02-14 14:24:52.546 I/wm_add_to_stopping( 1257): [0,190679017,com.android.launcher3/.uioverrides.QuickstepLauncher,preloadRecents]
02-14 14:24:52.549 I/am_uid_running( 1257): 10069
02-14 14:24:52.560 I/am_proc_start( 1257): [0,3481,1000,com.android.dynsystem:dynsystem,service,{com.android.dynsystem/com.android.dynsystem.DynamicSystemInstallationService}]
02-14 14:24:52.566 I/am_proc_start( 1257): [0,3485,10069,com.android.inputmethod.latin,broadcast,{com.android.inputmethod.latin/com.android.inputmethod.latin.SystemBroadcastReceiver}]
02-14 14:24:52.575 I/am_proc_bound( 1257): [0,3481,com.android.dynsystem:dynsystem]
02-14 14:24:52.583 I/am_uid_active( 1257): 10069
02-14 14:24:52.590 I/am_proc_bound( 1257): [0,3485,com.android.inputmethod.latin]
02-14 14:24:52.659 I/am_proc_died( 1257): [0,3485,com.android.inputmethod.latin,0,11]
02-14 14:24:52.659 I/am_broadcast_discard_app( 1257): [0,141443274,android.intent.action.BOOT_COMPLETED,17,ResolveInfo{dff693d com.android.inputmethod.latin/.SystemBroadcastReceiver m=0x108000}]
02-14 14:24:52.659 I/am_uid_stopped( 1257): 10069
02-14 14:24:52.662 I/am_uid_running( 1257): 10030
02-14 14:24:52.670 I/am_proc_start( 1257): [0,3523,10030,com.android.managedprovisioning,broadcast,{com.android.managedprovisioning/com.android.managedprovisioning.BootReminder}]
02-14 14:24:52.683 I/am_proc_bound( 1257): [0,3523,com.android.managedprovisioning]
02-14 14:24:52.685 I/am_uid_active( 1257): 10030
02-14 14:24:52.726 I/wm_on_create_called( 2598): [190679017,com.android.launcher3.uioverrides.QuickstepLauncher,performCreate]
02-14 14:24:52.727 I/wm_on_start_called( 2598): [190679017,com.android.launcher3.uioverrides.QuickstepLauncher,handleStartActivity]
02-14 14:24:52.727 I/wm_on_resume_called( 2598): [190679017,com.android.launcher3.uioverrides.QuickstepLauncher,LIFECYCLER_RESUME_ACTIVITY]
02-14 14:24:52.731 I/wm_on_paused_called( 2598): [190679017,com.android.launcher3.uioverrides.QuickstepLauncher,performPause]
02-14 14:24:52.739 I/am_uid_running( 1257): 10087
