02-14 14:51:12.352 I/DisplayDeviceRepository( 1257): Display device added: DisplayDeviceInfo{"Recording Display": uniqueId="virtual:com.android.systemui,10080,Recording Display,0", 2380 x 1020, modeId 4, defaultModeId 4, supportedModes [{id=4, width=2380, height=1020, fps=60.0, alternativeRefreshRates=[]}], colorMode 0, supportedColorModes [0], hdrCapabilities null, allmSupported false, gameContentTypeSupported false, density 240, 240.0 x 240.0 dpi, appVsyncOff 0, presDeadline 16666666, touch NONE, rotation 0, type VIRTUAL, deviceProductInfo null, state ON, owner com.android.systemui (uid 10080), frameRateOverride , brightnessMinimum 0.0, brightnessMaximum 0.0, brightnessDefault 0.0, FLAG_PRIVATE, FLAG_PRESENTATION}
02-14 14:51:12.354 I/LogicalDisplayMapper( 1257): Applying layout: [{addr: {port=129, model=0x40446d3026322d}, dispId: 0(ON)}], Previous layout: [{addr: {port=129, model=0x40446d3026322d}, dispId: 0(ON)}]
02-14 14:51:12.354 I/LogicalDisplayMapper( 1257): Adding new display: 2: DisplayInfo{"Recording Display", displayId 2", displayGroupId -1, FLAG_PRIVATE, FLAG_PRESENTATION, real 2380 x 1020, largest app 2380 x 1020, smallest app 2380 x 1020, appVsyncOff 0, presDeadline 16666666, mode 4, defaultMode 4, modes [{id=4, width=2380, height=1020, fps=60.0, alternativeRefreshRates=[]}], hdrCapabilities null, userDisabledHdrTypes [], minimalPostProcessingSupported false, rotation 0, state ON, type VIRTUAL, uniqueId "virtual:com.android.systemui,10080,Recording Display,0", app 2380 x 1020, density 240 (240.0 x 240.0) dpi, layerStack 2, colorMode 0, supportedColorModes [0], deviceProductInfo null, owner com.android.systemui (uid 10080), removeMode 1, refreshRateOverride 0.0, brightnessMinimum 0.0, brightnessMaximum 0.0, brightnessDefault 0.0}
02-14 14:51:12.354 I/LogicalDisplayMapper( 1257): Setting new display group 0 for display 2, from previous group: null
02-14 14:51:12.356 W/DisplayPowerController[2]( 1257): Screen brightness nits configuration is unavailable; falling back
02-14 14:51:12.357 D/MPEG4Writer( 1280): fpathconf _PC_FILESIZEBITS:64
02-14 14:51:12.358 D/MPEG4Writer( 1280): MP4WtrCtrlHlpLooper Started
02-14 14:51:12.358 I/MPEG4Writer( 1280): limits: 5000000000/3600000000 bytes/us, bit rate: 29131200 bps and the estimated moov size 405120 bytes
02-14 14:51:12.359 I/InputDispatcher( 1257): Created monitor PointerEventDispatcher2 for display 2, gesture=false, pid=1257
02-14 14:51:12.359 I/MediaCodecSource( 1280): MediaCodecSource (video) starting
02-14 14:51:12.359 W/MediaCodec( 1280): mapFormat: no mediaType information
02-14 14:51:12.360 I/MediaCodecSource( 1280): MediaCodecSource (video) started
02-14 14:51:12.364 E/ActivityManager( 1257): Sending non-protected broadcast com.android.systemui.screenrecord.UPDATE_STATE_OUTSIDE from system 2009:com.android.systemui/u0a80 pkg com.android.systemui
02-14 14:51:12.364 E/ActivityManager( 1257): java.lang.Throwable
02-14 14:51:12.364 E/ActivityManager( 1257): at com.android.server.am.ActivityManagerService.checkBroadcastFromSystem(ActivityManagerService.java:12877)
02-14 14:51:12.364 E/ActivityManager( 1257): at com.android.server.am.ActivityManagerService.broadcastIntentLocked(ActivityManagerService.java:13477)
02-14 14:51:12.364 E/ActivityManager( 1257): at com.android.server.am.ActivityManagerService.broadcastIntentLocked(ActivityManagerService.java:12894)
02-14 14:51:12.364 E/ActivityManager( 1257): at com.android.server.am.ActivityManagerService.broadcastIntentWithFeature(ActivityManagerService.java:13729)
02-14 14:51:12.364 E/ActivityManager( 1257): at android.app.IActivityManager$Stub.onTransact(IActivityManager.java:2326)
02-14 14:51:12.364 E/ActivityManager( 1257): at com.android.server.am.ActivityManagerService.onTransact(ActivityManagerService.java:2528)
02-14 14:51:12.364 E/ActivityManager( 1257): at android.os.Binder.execTransactInternal(Binder.java:1184)
02-14 14:51:12.364 E/ActivityManager( 1257): at android.os.Binder.execTransact(Binder.java:1143)
02-14 14:51:12.365 I/am_wtf ( 1257): [0,1257,system_server,-1,ActivityManager,Sending non-protected broadcast com.android.systemui.screenrecord.UPDATE_STATE_OUTSIDE from system 2009:com.android.systemui/u0a80 pkg com.android.systemui]
02-14 14:51:12.365 E/ActivityManager( 1257): Sending non-protected broadcast com.android.systemui.screenrecord.UPDATE_STATE_OUTSIDE from system 2009:com.android.systemui/u0a80 pkg com.android.systemui
02-14 14:51:12.365 E/ActivityManager( 1257): java.lang.Throwable
02-14 14:51:12.365 E/ActivityManager( 1257): at com.android.server.am.ActivityManagerService.checkBroadcastFromSystem(ActivityManagerService.java:12877)
02-14 14:51:12.365 E/ActivityManager( 1257): at com.android.server.am.ActivityManagerService.broadcastIntentLocked(ActivityManagerService.java:13572)
02-14 14:51:12.365 E/ActivityManager( 1257): at com.android.server.am.ActivityManagerService.broadcastIntentLocked(ActivityManagerService.java:12894)
02-14 14:51:12.365 E/ActivityManager( 1257): at com.android.server.am.ActivityManagerService.broadcastIntentWithFeature(ActivityManagerService.java:13729)
02-14 14:51:12.365 E/ActivityManager( 1257): at android.app.IActivityManager$Stub.onTransact(IActivityManager.java:2326)
02-14 14:51:12.365 E/ActivityManager( 1257): at com.android.server.am.ActivityManagerService.onTransact(ActivityManagerService.java:2528)
02-14 14:51:12.365 E/ActivityManager( 1257): at android.os.Binder.execTransactInternal(Binder.java:1184)
02-14 14:51:12.365 E/ActivityManager( 1257): at android.os.Binder.execTransact(Binder.java:1143)
02-14 14:51:12.365 I/DropBoxManagerService( 1257): add tag=system_server_wtf isTagEnabled=true flags=0x2
02-14 14:51:12.367 I/am_wtf ( 1257): [0,1257,system_server,-1,ActivityManager,Sending non-protected broadcast com.android.systemui.screenrecord.UPDATE_STATE_OUTSIDE from system 2009:com.android.systemui/u0a80 pkg com.android.systemui]
02-14 14:51:12.367 D/GameMode_GameModeService( 2109): Received recording state update intent: true
02-14 14:51:12.367 I/DropBoxManagerService( 1257): add tag=system_server_wtf isTagEnabled=true flags=0x2
02-14 14:51:12.368 I/sysui_multi_action( 1257): [757,856,758,1,806,com.android.systemui,857,screen_record,858,3]
02-14 14:51:12.374 I/notification_enqueue( 1257): [10080,2009,com.android.systemui,4274,NULL,0,Notification(channel=screen_record shortcut=null contentView=null vibrate=null sound=null defaults=0x0 flags=0x42 color=0xffc5221f actions=1 vis=PRIVATE),0]
02-14 14:51:12.375 W/DisplayManagerService( 1257): Display DisplayDeviceInfo{"Recording Display": uniqueId="virtual:com.android.systemui,10080,Recording Display,0", 2380 x 1020, modeId 4, defaultModeId 4, supportedModes [{id=4, width=2380, height=1020, fps=60.0, alternativeRefreshRates=[]}], colorMode 0, supportedColorModes [0], hdrCapabilities null, allmSupported false, gameContentTypeSupported false, density 240, 240.0 x 240.0 dpi, appVsyncOff 0, presDeadline 16666666, touch NONE, rotation 0, type VIRTUAL, deviceProductInfo null, state ON, owner com.android.systemui (uid 10080), frameRateOverride , brightnessMinimum 0.0, brightnessMaximum 0.0, brightnessDefault 0.0, FLAG_PRIVATE, FLAG_PRESENTATION} does not support input device matching.
02-14 14:51:12.376 W/DisplayManagerService( 1257): Display DisplayDeviceInfo{"Recording Display": uniqueId="virtual:com.android.systemui,10080,Recording Display,0", 2380 x 1020, modeId 4, defaultModeId 4, supportedModes [{id=4, width=2380, height=1020, fps=60.0, alternativeRefreshRates=[]}], colorMode 0, supportedColorModes [0], hdrCapabilities null, allmSupported false, gameContentTypeSupported false, density 240, 240.0 x 240.0 dpi, appVsyncOff 0, presDeadline 16666666, touch NONE, rotation 0, type VIRTUAL, deviceProductInfo null, state ON, owner com.android.systemui (uid 10080), frameRateOverride , brightnessMinimum 0.0, brightnessMaximum 0.0, brightnessDefault 0.0, FLAG_PRIVATE, FLAG_PRESENTATION} does not support input device matching.
02-14 14:51:12.382 W/ImageReader_JNI( 1257): Unable to acquire a buffer item, very likely client tried to acquire more than maxImages buffers
02-14 14:51:12.389 I/commit_sys_config_file( 1257): [settings-1-0,11]
02-14 14:51:12.390 I/WindowManager( 1257): Override config changes=20005df8 {0.0 ?mcc?mnc ?localeList ?layoutDir sw680dp w1586dp h680dp 240dpi lrg long land ?uimode ?night -touch -keyb/v/h -nav/h winConfig={ mBounds=Rect(0, 0 - 2380, 1020) mAppBounds=Rect(0, 0 - 2380, 1020) mMaxBounds=Rect(0, 0 - 2380, 1020) mWindowingMode=fullscreen mDisplayWindowingMode=fullscreen mActivityType=undefined mAlwaysOnTop=undefined mRotation=ROTATION_0} ?fontWeightAdjustment} for displayId=2
02-14 14:51:12.390 I/sysui_multi_action( 1257): [757,1659,758,4,759,2,1660,2]
02-14 14:51:12.391 W/DisplayManagerService( 1257): Display DisplayDeviceInfo{"Recording Display": uniqueId="virtual:com.android.systemui,10080,Recording Display,0", 2380 x 1020, modeId 4, defaultModeId 4, supportedModes [{id=4, width=2380, height=1020, fps=60.0, alternativeRefreshRates=[]}], colorMode 0, supportedColorModes [0], hdrCapabilities null, allmSupported false, gameContentTypeSupported false, density 240, 240.0 x 240.0 dpi, appVsyncOff 0, presDeadline 16666666, touch NONE, rotation 0, type VIRTUAL, deviceProductInfo null, state ON, owner com.android.systemui (uid 10080), frameRateOverride , brightnessMinimum 0.0, brightnessMaximum 0.0, brightnessDefault 0.0, FLAG_PRIVATE, FLAG_PRESENTATION} does not support input device matching.
02-14 14:51:12.392 I/WindowManager( 1257): Screen frozen for +15ms due to new-config
02-14 14:51:12.397 V/DisplayPowerController[2]( 1257): Brightness [0.0] reason changing to: 'manual', previous reason: '0'.
02-14 14:51:12.400 W/PowerManagerService( 1257): Screen on took 564426 ms
02-14 14:51:12.401 W/DisplayManagerService( 1257): Display DisplayDeviceInfo{"Recording Display": uniqueId="virtual:com.android.systemui,10080,Recording Display,0", 2380 x 1020, modeId 4, defaultModeId 4, supportedModes [{id=4, width=2380, height=1020, fps=60.0, alternativeRefreshRates=[]}], colorMode 0, supportedColorModes [0], hdrCapabilities null, allmSupported false, gameContentTypeSupported false, density 240, 240.0 x 240.0 dpi, appVsyncOff 0, presDeadline 16666666, touch NONE, rotation 0, type VIRTUAL, deviceProductInfo null, state ON, owner com.android.systemui (uid 10080), frameRateOverride , brightnessMinimum 0.0, brightnessMaximum 0.0, brightnessDefault 0.0, FLAG_PRIVATE, FLAG_PRESENTATION} does not support input device matching.
02-14 14:51:12.404 W/H2BGraphicBufferProducer( 981): getConsumerUsage is not fully supported
02-14 14:51:12.405 I/libdisplayconfigqti( 837): Register client name: Recording Display981 device client: 0xb400007099de3d90
02-14 14:51:12.405 I/CompositionEngine( 981): Display::setConfiguration: mDisplayExtnIntf: 0xb400006e9951e470
02-14 14:51:12.415 I/hwservicemanager( 507): getTransport: Cannot find entry android.hardware.graphics.allocator@4.0::IAllocator/default in either framework or device VINTF manifest.
02-14 14:51:12.415 W/Gralloc4( 1286): allocator 3.x is not supported
02-14 14:51:12.421 D/GraphicBufferSource( 1286): got buffer with new dataSpace #104
02-14 14:51:12.422 I/OMX-VENC( 1286): get_config (dataspace changed): ColorSpace: Recommend 601 for RGBA8888
02-14 14:51:12.422 D/OMXNodeInstance( 1286): Codec resolved it to (R:2(??), P:3(??), M:3(??), T:3(??)) err=0(NO_ERROR)
02-14 14:51:12.422 E/OMXNodeInstance( 1286): setConfig(0xefdcc1c4:qcom.encoder.avc, ??(0x7f000062)) ERROR: UnsupportedSetting(0x80001019)
02-14 14:51:12.423 D/ACodec ( 1280): dataspace changed to 0x10c10000 (R:2(Limited), P:3(BT601_6_625), M:3(BT601_6), T:3(SMPTE170M)) (R:2(Limited), S:2(BT601_625), T:3(SMPTE_170M))
02-14 14:51:12.426 W/DisplayController( 2009): Skipping Display Configuration change on non-added display.
02-14 14:51:12.427 W/C2DColorConvert( 1286): calcYSize: Format not supported , 6
02-14 14:51:12.434 W/AppOps ( 1257): Noting op not finished: uid 10080 pkg com.android.systemui code 24 startTime of in progress event=1676355887845
02-14 14:51:12.453 I/MPEG4Writer( 1280): setStartTimestampUs: 62459
02-14 14:51:12.453 I/MPEG4Writer( 1280): Earliest track starting time: 62459
02-14 14:51:12.575 I/sysui_multi_action( 1257): [757,1501,758,1,793,202,794,0,795,202,796,4274,806,com.android.systemui,857,screen_record,858,3,947,0,1500,0,1688,1]
02-14 14:51:12.576 I/sysui_multi_action( 1257): [757,804,799,note_interruptive,801,0,802,1]
02-14 14:51:12.576 I/GameModeConfig( 1257): isGameModeOn = true
02-14 14:51:12.576 I/GameModeConfig( 1257): isGaming = false
02-14 14:51:12.579 I/sysui_multi_action( 1257): [757,1501,758,1,793,206,794,0,795,206,796,4274,806,com.android.systemui,857,screen_record,858,3,947,0,1500,0,1688,1]
02-14 14:51:12.580 I/sysui_multi_action( 1257): [757,804,799,note_interruptive,801,0,802,1]
02-14 14:51:12.580 I/sysui_multi_action( 1257): [757,199,758,1,759,3,793,207,794,0,795,207,796,4274,806,com.android.systemui,857,screen_record,858,3,947,0,1500,1,1688,1]
02-14 14:51:12.580 I/notification_alert( 1257): [0|com.android.systemui|4274|null|10080,1,1,0]
02-14 14:51:12.584 W/NotificationHistory( 1257): Attempted to add notif for locked/gone/disabled user 0
02-14 14:51:12.591 D/Avrcp_ext( 1989): AudioManager Player: AudioPlaybackConfiguration piid:71 deviceId:0 type:android.media.SoundPool u/pid:10080/2009 state:idle attr:AudioAttributes: usage=USAGE_ASSISTANCE_SONIFICATION content=CONTENT_TYPE_SONIFICATION flags=0x800 tags= bundle=null sessionId:0
02-14 14:51:12.592 D/Avrcp_ext( 1989): AudioManager Player: AudioPlaybackConfiguration piid:87 deviceId:0 type:android.media.SoundPool u/pid:1000/2109 state:idle attr:AudioAttributes: usage=USAGE_ASSISTANCE_SONIFICATION content=CONTENT_TYPE_SONIFICATION flags=0x801 tags= bundle=null sessionId:0
02-14 14:51:12.592 D/Avrcp_ext( 1989): AudioManager Player: AudioPlaybackConfiguration piid:63 deviceId:0 type:android.media.SoundPool u/pid:1000/1257 state:idle attr:AudioAttributes: usage=USAGE_ASSISTANCE_SONIFICATION content=CONTENT_TYPE_SONIFICATION flags=0x800 tags= bundle=null sessionId:0
02-14 14:51:12.592 D/Avrcp_ext( 1989): AudioManager Player: AudioPlaybackConfiguration piid:95 deviceId:0 type:android.media.MediaPlayer u/pid:10080/2009 state:idle attr:AudioAttributes: usage=USAGE_NOTIFICATION content=CONTENT_TYPE_SONIFICATION flags=0x800 tags= bundle=null sessionId:0
02-14 14:51:12.592 D/Avrcp_ext( 1989): AudioManager isPlaying: false, mAudioPlaybackIsActive = false
02-14 14:51:12.592 D/Avrcp_ext( 1989): AudioManager Reset Active Player
02-14 14:51:12.594 V/GameMode_GameTypeUtils( 2109): judge isGame:com.android.launcher3
02-14 14:51:12.595 E/GameMode_GameModeNotificationListenerService( 2109): title :正在录制屏幕content :null,PackageName:com.android.systemui,isGameModeOn:true,isBulletScreenOn:false,isBulletScreenPackage:false
02-14 14:51:12.595 W/FileSource( 2009): offset/length adjusted from 0/576460752303423487 to 0/16905
02-14 14:51:12.601 I/MMParserExtractor( 1277): Created(0xb4000079133bb270)
02-14 14:51:12.602 E/MM_OSAL ( 1277): FileSource::FileSource
02-14 14:51:12.602 E/MM_OSAL ( 1277): FileSource::FileSource m_bEveryThingOK 1
02-14 14:51:12.606 W/MediaProvider( 2896): Failed to fetch original file descriptor
02-14 14:51:12.606 W/MediaProvider( 2896): java.io.IOException: stat failed: EACCES (Permission denied)
02-14 14:51:12.606 W/MediaProvider( 2896): at com.android.providers.media.MediaProvider.getFileFromFileDescriptor(MediaProvider.java:5794)
02-14 14:51:12.606 W/MediaProvider( 2896): at com.android.providers.media.MediaProvider.getOriginalMediaFormatFileDescriptor(MediaProvider.java:5711)
02-14 14:51:12.606 W/MediaProvider( 2896): at com.android.providers.media.MediaProvider.openTypedAssetFileCommon(MediaProvider.java:7134)
02-14 14:51:12.606 W/MediaProvider( 2896): at com.android.providers.media.MediaProvider.openTypedAssetFile(MediaProvider.java:7115)
02-14 14:51:12.606 W/MediaProvider( 2896): at android.content.ContentProvider$Transport.openTypedAssetFile(ContentProvider.java:548)
02-14 14:51:12.606 W/MediaProvider( 2896): at android.content.ContentProviderNative.onTransact(ContentProviderNative.java:327)
02-14 14:51:12.606 W/MediaProvider( 2896): at android.os.Binder.execTransactInternal(Binder.java:1184)
02-14 14:51:12.606 W/MediaProvider( 2896): at android.os.Binder.execTransact(Binder.java:1143)
02-14 14:51:12.606 W/MediaProvider( 2896): Caused by: android.system.ErrnoException: stat failed: EACCES (Permission denied)
02-14 14:51:12.606 W/MediaProvider( 2896): at libcore.io.Linux.stat(Native Method)
02-14 14:51:12.606 W/MediaProvider( 2896): at libcore.io.ForwardingOs.stat(ForwardingOs.java:853)
02-14 14:51:12.606 W/MediaProvider( 2896): at libcore.io.BlockGuardOs.stat(BlockGuardOs.java:420)
02-14 14:51:12.606 W/MediaProvider( 2896): at libcore.io.ForwardingOs.stat(ForwardingOs.java:853)
02-14 14:51:12.606 W/MediaProvider( 2896): at android.app.ActivityThread$AndroidOs.stat(ActivityThread.java:7780)
02-14 14:51:12.606 W/MediaProvider( 2896): at android.system.Os.stat(Os.java:919)
02-14 14:51:12.606 W/MediaProvider( 2896): at com.android.providers.media.MediaProvider.getFileFromFileDescriptor(MediaProvider.java:5788)
02-14 14:51:12.606 W/MediaProvider( 2896): ... 7 more
02-14 14:51:12.610 D/NuPlayerDriver( 1280): NuPlayerDriver(0xf36c0c90) created, clientPid(2009)
02-14 14:51:12.614 I/ExtendedNuUtils( 1280): printFileName fd(8) -> /data/system_de/0/ringtones/notification_sound_cache
02-14 14:51:12.617 D/GenericSource( 1280): FileSource remote
02-14 14:51:12.619 D/InterruptionStateProvider( 2009): No bubble up: not allowed to bubble: 0|com.android.systemui|4274|null|10080
02-14 14:51:12.619 I/MMParserExtractor( 1277): Created(0xb4000079133bb270)
02-14 14:51:12.619 E/MM_OSAL ( 1277): FileSource::FileSource
02-14 14:51:12.619 E/MM_OSAL ( 1277): FileSource::FileSource m_bEveryThingOK 1
02-14 14:51:12.620 D/InterruptionStateProvider( 2009): No heads up: unimportant notification: 0|com.android.systemui|4274|null|10080
02-14 14:51:12.620 D/PeopleSpaceWidgetMgr( 2009): Sbn doesn't contain valid PeopleTileKey: null/0/com.android.systemui
02-14 14:51:12.621 D/MediaBufferGroup( 1277): creating MemoryDealer
02-14 14:51:12.625 I/commit_sys_config_file( 1257): [notification-policy,1585440]
02-14 14:51:12.627 I/MediaFocusControl( 1257): requestAudioFocus() from uid/pid 10080/2009 AA=USAGE_NOTIFICATION/CONTENT_TYPE_SONIFICATION clientId=android.media.AudioManager@24e086c callingPack=com.android.systemui req=3 flags=0x0 sdk=31
02-14 14:51:12.628 I/AudioService.FadeOutManager( 1257): unfadeOutUid() uid:10080
02-14 14:51:12.957 I/mpu_uart( 646): [MSG-P:RECV]:No message received in 1000 ms
02-14 14:51:12.986 I/mpu_uart( 646): [MSG-P:R]:recv sync frame timeout
02-14 14:51:13.086 D/vendor.qti.vibrator( 872): Vibrator on for timeoutMs: 350
02-14 14:51:13.087 D/vendor.qti.vibrator( 872): Starting on on another thread
02-14 14:51:13.129 W/AudioIDCMicroNegotiator( 1257): idcm_warn: idcm control is not enable
02-14 14:51:13.130 I/GenericSource( 1280): start
02-14 14:51:13.131 D/Avrcp_ext( 1989): AudioManager Player: AudioPlaybackConfiguration piid:71 deviceId:0 type:android.media.SoundPool u/pid:10080/2009 state:idle attr:AudioAttributes: usage=USAGE_ASSISTANCE_SONIFICATION content=CONTENT_TYPE_SONIFICATION flags=0x800 tags= bundle=null sessionId:0
02-14 14:51:13.131 D/Avrcp_ext( 1989): AudioManager Player: AudioPlaybackConfiguration piid:87 deviceId:0 type:android.media.SoundPool u/pid:1000/2109 state:idle attr:AudioAttributes: usage=USAGE_ASSISTANCE_SONIFICATION content=CONTENT_TYPE_SONIFICATION flags=0x801 tags= bundle=null sessionId:0
02-14 14:51:13.131 D/Avrcp_ext( 1989): AudioManager Player: AudioPlaybackConfiguration piid:63 deviceId:0 type:android.media.SoundPool u/pid:1000/1257 state:idle attr:AudioAttributes: usage=USAGE_ASSISTANCE_SONIFICATION content=CONTENT_TYPE_SONIFICATION flags=0x800 tags= bundle=null sessionId:0
02-14 14:51:13.131 D/Avrcp_ext( 1989): AudioManager Player: AudioPlaybackConfiguration piid:95 deviceId:0 type:android.media.MediaPlayer u/pid:10080/2009 state:started attr:AudioAttributes: usage=USAGE_NOTIFICATION content=CONTENT_TYPE_SONIFICATION flags=0x800 tags= bundle=null sessionId:0
02-14 14:51:13.132 D/MediaRouter( 2009): onRestoreRoute() : route=RouteInfo{ name=平板电脑, description=null, status=null, category=RouteCategory{ name=系统 types=ROUTE_TYPE_LIVE_AUDIO ROUTE_TYPE_LIVE_VIDEO groupable=false }, supportedTypes=ROUTE_TYPE_LIVE_AUDIO ROUTE_TYPE_LIVE_VIDEO , presentationDisplay=Display id 2: DisplayInfo{"Recording Display", displayId 2", displayGroupId 0, FLAG_PRIVATE, FLAG_PRESENTATION, real 2380 x 1020, largest app 2380 x 2380, smallest app 1020 x 1020, appVsyncOff 0, presDeadline 16666666, mode 4, defaultMode 4, modes [{id=4, width=2380, height=1020, fps=60.0, alternativeRefreshRates=[]}], hdrCapabilities null, userDisabledHdrTypes [], minimalPostProcessingSupported false, rotation 0, state ON}, DisplayMetrics{density=1.5, width=2380, height=1020, scaledDensity=1.5, xdpi=240.0, ydpi=240.0}, isValid=true }
02-14 14:51:13.132 V/MediaRouter( 2009): Selecting route: RouteInfo{ name=平板电脑, description=null, status=null, category=RouteCategory{ name=系统 types=ROUTE_TYPE_LIVE_AUDIO ROUTE_TYPE_LIVE_VIDEO groupable=false }, supportedTypes=ROUTE_TYPE_LIVE_AUDIO ROUTE_TYPE_LIVE_VIDEO , presentationDisplay=Display id 2: DisplayInfo{"Recording Display", displayId 2", displayGroupId 0, FLAG_PRIVATE, FLAG_PRESENTATION, real 2380 x 1020, largest app 2380 x 2380, smallest app 1020 x 1020, appVsyncOff 0, presDeadline 16666666, mode 4, defaultMode 4, modes [{id=4, width=2380, height=1020, fps=60.0, alternativeRefreshRates=[]}], hdrCapabilities null, userDisabledHdrTypes [], minimalPostProcessingSupported false, rotation 0, state ON}, DisplayMetrics{density=1.5, width=2380, height=1020, scaledDensity=1.5, xdpi=240.0, ydpi=240.0}, isValid=true }
02-14 14:51:13.132 W/Utils ( 1280): track of type 'audio/vorbis' does not publish channel mask, channel count 1
02-14 14:51:13.134 D/Avrcp_ext( 1989): AudioManager Player in started state: com.android.systemui
02-14 14:51:13.134 D/Avrcp_ext( 1989): AudioManager Active Player: com.android.systemui
02-14 14:51:13.134 D/Avrcp_ext( 1989): AudioManager isPlaying: true, mAudioPlaybackIsActive = false
02-14 14:51:13.136 W/Utils ( 1280): track of type 'audio/vorbis' does not publish channel mask, channel count 1
02-14 14:51:13.137 V/Avrcp_ext( 1989): updateCurrentMediaState: mMediaController: MediaController (com.android.systemui@9984a80) null
02-14 14:51:13.137 W/Avrcp_ext( 1989): isMusicActive: false getBluetoothPlayState: 2 A2dp State: 11 mAudioPlaybackIsActive: true
02-14 14:51:13.137 D/Avrcp_ext( 1989): isMusicActive = false mAudioPlaybackIsActive = true player state = null
02-14 14:51:13.137 D/audio_hw_primary( 812): adev_get_parameters:is_hw_dec_session_available
02-14 14:51:13.137 I/Avrcp_ext( 1989): Skipping update due to invalid playback state
02-14 14:51:13.137 D/audio_hw_spkr_prot( 812): fbsp_get_parameters: Speaker protection disabled
02-14 14:51:13.137 V/Avrcp_ext( 1989): updatePlaybackState, state: null device: null
02-14 14:51:13.137 D/soundtrigger( 812): audio_extn_sound_trigger_get_parameters input string
02-14 14:51:13.137 D/soundtrigger( 812): extract_sm_handle input string param string
02-14 14:51:13.137 D/audio_hw_extn( 812): audio_extn_fm_get_parameters: Enter
02-14 14:51:13.137 D/audio_hw_extn( 812): audio_extn_get_parameters: returns
02-14 14:51:13.137 V/Avrcp_ext( 1989): Device: no name:
02-14 14:51:13.137 V/Avrcp_ext( 1989): Device: no name:
02-14 14:51:13.137 V/Avrcp_ext( 1989): Device: no name:
02-14 14:51:13.137 D/audio_hw_primary( 812): adev_get_parameters: exit: returns -
02-14 14:51:13.137 V/Avrcp_ext( 1989): Device: no name:
02-14 14:51:13.137 V/Avrcp_ext( 1989): Device: no name:
02-14 14:51:13.138 V/Avrcp_ext( 1989): updatePlayerStateAndPosition, old=PlaybackState {state=2, position=-1, buffered position=0, speed=1.0, updated=15577, actions=0, custom actions=[], active item id=-1, error=null}, state=null
02-14 14:51:13.138 I/Avrcp_ext( 1989): updatePlayerStateAndPosition: device: state = null
02-14 14:51:13.138 I/hash_map_utils( 950): system/bt/osi/src/hash_map_utils.cc:81 hash_map_utils_dump_string_keys_string_values: key: 'is_hw_dec_session_available' value: 'audio/vorbis'
02-14 14:51:13.140 D/CCodec ( 1280): allocate(c2.android.vorbis.decoder)
02-14 14:51:13.144 I/CCodec ( 1280): setting up 'default' as default (vendor) store
02-14 14:51:13.145 V/C2Store ( 1332): in init
02-14 14:51:13.145 V/C2Store ( 1332): loading dll
02-14 14:51:13.148 I/CCodec ( 1280): Created component [c2.android.vorbis.decoder]
02-14 14:51:13.149 D/CCodecConfig( 1280): read media type: audio/vorbis
02-14 14:51:13.151 D/ReflectedParamUpdater( 1280): extent() != 1 for single value type: algo.buffers.max-count.values
02-14 14:51:13.151 D/ReflectedParamUpdater( 1280): extent() != 1 for single value type: output.subscribed-indices.values
02-14 14:51:13.152 D/ReflectedParamUpdater( 1280): extent() != 1 for single value type: input.buffers.allocator-ids.values
02-14 14:51:13.152 D/ReflectedParamUpdater( 1280): extent() != 1 for single value type: output.buffers.allocator-ids.values
02-14 14:51:13.152 D/ReflectedParamUpdater( 1280): extent() != 1 for single value type: algo.buffers.allocator-ids.values
02-14 14:51:13.152 D/ReflectedParamUpdater( 1280): extent() != 1 for single value type: output.buffers.pool-ids.values
02-14 14:51:13.152 D/ReflectedParamUpdater( 1280): extent() != 1 for single value type: algo.buffers.pool-ids.values
02-14 14:51:13.154 I/CCodecConfig( 1280): query failed after returning 7 values (BAD_INDEX)
02-14 14:51:13.154 D/CCodecConfig( 1280): c2 config diff is Dict {
02-14 14:51:13.154 D/CCodecConfig( 1280): c2::u32 coded.bitrate.value = 64000
02-14 14:51:13.154 D/CCodecConfig( 1280): c2::u32 input.buffers.max-size.value = 32768
02-14 14:51:13.154 D/CCodecConfig( 1280): c2::u32 input.delay.value = 0
02-14 14:51:13.154 D/CCodecConfig( 1280): string input.media-type.value = "audio/vorbis"
02-14 14:51:13.154 D/CCodecConfig( 1280): string output.media-type.value = "audio/raw"
02-14 14:51:13.154 D/CCodecConfig( 1280): c2::u32 raw.channel-count.value = 1
02-14 14:51:13.154 D/CCodecConfig( 1280): c2::u32 raw.sample-rate.value = 48000
02-14 14:51:13.154 D/CCodecConfig( 1280): }
02-14 14:51:13.156 D/CCodec ( 1280): [c2.android.vorbis.decoder] buffers are bound to CCodec for this session
02-14 14:51:13.156 D/CCodecConfig( 1280): no c2 equivalents for durationUs
02-14 14:51:13.156 D/CCodecConfig( 1280): no c2 equivalents for csd-1
02-14 14:51:13.156 D/CCodecConfig( 1280): no c2 equivalents for language
02-14 14:51:13.156 D/CCodecConfig( 1280): no c2 equivalents for file-format
02-14 14:51:13.156 D/CCodecConfig( 1280): no c2 equivalents for flags
02-14 14:51:13.156 D/CCodecConfig( 1280): config failed => CORRUPTED
02-14 14:51:13.156 D/CCodecConfig( 1280): c2 config diff is c2::u32 coded.bitrate.value = 70000
02-14 14:51:13.157 W/Codec2Client( 1280): query -- param skipped: index = 1107298332.
02-14 14:51:13.157 D/CCodec ( 1280): setup formats input: AMessage(what = 0x00000000) = {
02-14 14:51:13.157 D/CCodec ( 1280): int32_t bitrate = 70000
02-14 14:51:13.157 D/CCodec ( 1280): int32_t channel-count = 1
02-14 14:51:13.157 D/CCodec ( 1280): int32_t max-input-size = 65307
02-14 14:51:13.157 D/CCodec ( 1280): string mime = "audio/vorbis"
02-14 14:51:13.157 D/CCodec ( 1280): int32_t sample-rate = 48000
02-14 14:51:13.157 D/CCodec ( 1280): }
02-14 14:51:13.157 D/CCodec ( 1280): setup formats output: AMessage(what = 0x00000000) = {
02-14 14:51:13.157 D/CCodec ( 1280): int32_t channel-count = 1
02-14 14:51:13.157 D/CCodec ( 1280): string mime = "audio/raw"
02-14 14:51:13.157 D/CCodec ( 1280): int32_t sample-rate = 48000
02-14 14:51:13.157 D/CCodec ( 1280): int32_t android._config-pcm-encoding = 2
02-14 14:51:13.157 D/CCodec ( 1280): }
02-14 14:51:13.157 I/CCodecConfig( 1280): query failed after returning 7 values (BAD_INDEX)
02-14 14:51:13.158 I/MediaCodec( 1280): MediaCodec will operate in async mode
02-14 14:51:13.158 D/MediaCodec( 1280): keep callback message for reclaim
02-14 14:51:13.158 W/Codec2Client( 1280): query -- param skipped: index = 1342179345.
02-14 14:51:13.158 W/Codec2Client( 1280): query -- param skipped: index = 2415921170.
02-14 14:51:13.159 D/CCodecBufferChannel( 1280): [c2.android.vorbis.decoder#257] Created input block pool with allocatorID 16 => poolID 18 - OK (0)
02-14 14:51:13.159 D/BufferPoolAccessor2.0( 1332): bufferpool2 0xb400007d48163ed8 : 0(0 size) total buffers - 0(0 size) used buffers - 93/97 (recycle/alloc) - 4/96 (fetch/transfer)
02-14 14:51:13.160 D/BufferPoolAccessor2.0( 1332): Destruction - bufferpool2 0xb400007d48163ed8 cached: 0/0M, 0/0% in use; allocs: 97, 96% recycled; transfers: 96, 96% unfetched
02-14 14:51:13.160 D/BufferPoolAccessor2.0( 1280): bufferpool2 0xf3341b28 : 0(0 size) total buffers - 0(0 size) used buffers - 94/102 (recycle/alloc) - 8/198 (fetch/transfer)
02-14 14:51:13.160 D/BufferPoolAccessor2.0( 1280): Destruction - bufferpool2 0xf3341b28 cached: 0/0M, 0/0% in use; allocs: 102, 92% recycled; transfers: 198, 96% unfetched
02-14 14:51:13.161 D/BufferPoolAccessor2.0( 2109): bufferpool2 0xb400007c5e437818 : 0(0 size) total buffers - 0(0 size) used buffers - 2/7 (recycle/alloc) - 5/74 (fetch/transfer)
02-14 14:51:13.161 I/CCodecBufferChannel( 1280): [c2.android.vorbis.decoder#257] Created output block pool with allocatorID 16 => poolID 28 - OK
02-14 14:51:13.161 D/BufferPoolAccessor2.0( 2109): Destruction - bufferpool2 0xb400007c5e437818 cached: 0/0M, 0/0% in use; allocs: 7, 29% recycled; transfers: 74, 93% unfetched
02-14 14:51:13.161 D/CCodecBufferChannel( 1280): [c2.android.vorbis.decoder#257] Configured output block pool ids 28 => OK
02-14 14:51:13.161 D/CCodecBufferChannel( 1280): [c2.android.vorbis.decoder#257] start: updating output delay 0
02-14 14:51:13.162 I/CCodecBufferChannel( 1280): pipelineRoom(3) is <= numClientBuffers(3). Not signalling any more buffers to client
02-14 14:51:13.162 D/SimpleC2Component( 1332): Using output block pool with poolID 28 => got 28 - 0
02-14 14:51:13.163 I/CCodecBufferChannel( 1280): pipelineRoom(2) is <= numClientBuffers(2). Not signalling any more buffers to client
02-14 14:51:13.164 I/CCodecBufferChannel( 1280): pipelineRoom(1) is <= numClientBuffers(1). Not signalling any more buffers to client
02-14 14:51:13.168 I/ExtendedNuUtils( 1280): Both src and dst missing for bit-width
02-14 14:51:13.168 I/ExtendedNuUtils( 1280): Overriding durationUs: with 64 bit src value 1728000
02-14 14:51:13.168 I/ExtendedNuUtils( 1280): Both src and dst missing for channel-mask
02-14 14:51:13.171 D/audio_hw_primary( 812): adev_get_parameters:vr_audio_mode_on
02-14 14:51:13.171 I/audio_hw_primary( 812): getting vr mode to 0
02-14 14:51:13.171 D/audio_hw_primary( 812): adev_get_parameters: exit: returns - vr_audio_mode_on=false
02-14 14:51:13.171 I/hash_map_utils( 950): system/bt/osi/src/hash_map_utils.cc:81 hash_map_utils_dump_string_keys_string_values: key: 'vr_audio_mode_on' value: ''
02-14 14:51:13.172 D/AudioFlinger( 950): Client defaulted notificationFrames to 12000 for frameCount 24000
02-14 14:51:13.173 D/AF::TrackHandle( 950): OpPlayAudio: track:57 usage:5 not muted
02-14 14:51:13.179 I/EffectsFactory( 812): EffectCreate() create_effect
02-14 14:51:13.181 E/volume_listener( 812): check_and_set_gain_dep_cal: Failed to set gain dep cal level
02-14 14:51:13.181 D/audio_hw_primary( 812): start_output_stream: enter: stream(0xebd40010)usecase(1: low-latency-playback) devices(0x2) is_haptic_usecase(0)
02-14 14:51:13.182 D/audio_hw_primary( 812): select_devices for use case (low-latency-playback)
02-14 14:51:13.182 I/msm8974_platform( 812): platform_check_and_set_codec_backend_cfg:becf: afe: bitwidth 16, samplerate 48000 channels 2, backend_idx 0 usecase = 1 device (speaker)
02-14 14:51:13.182 D/msm8974_platform( 812): platform_split_snd_device: snd_device(2) num devices(1) new_snd_devices(0)
02-14 14:51:13.182 I/msm8974_platform( 812): platform_check_and_set_codec_backend_cfg: new_snd_devices[0] is 2
02-14 14:51:13.182 I/msm8974_platform( 812): platform_check_codec_backend_cfg:becf: afe: bitwidth 16, samplerate 48000 channels 2, backend_idx 0 usecase = 1 device (speaker)
02-14 14:51:13.183 D/audio_hw_extn( 812): audio_extn_enable_hifi_filter: mixer_value set 0
02-14 14:51:13.183 D/msm8974_platform( 812): platform_check_codec_backend_cfg:becf: updated afe: bitwidth 16, samplerate 48000 channels 2,backend_idx 0 usecase = 1 device (speaker)
02-14 14:51:13.183 D/msm8974_platform( 812): platform_check_codec_backend_cfg:becf: afe: playback on codec device not supporting native playback set default Sample Rate(48k)
02-14 14:51:13.183 I/msm8974_platform( 812): platform_check_codec_backend_cfg:becf: afe: Codec selected backend: 0 updated bit width: 16 and sample rate: 48000
02-14 14:51:13.183 D/audio_hw_primary( 812): check_usecases_codec_backend:becf: force routing 0
02-14 14:51:13.183 E/msm8974_platform( 812): platform_check_backends_match: Invalid snd_device =
02-14 14:51:13.183 D/audio_hw_primary( 812): check_usecases_codec_backend:becf: (78) check_usecases curr device: speaker, usecase device: backends match 0
02-14 14:51:13.183 D/audio_hw_primary( 812): check_usecases_codec_backend:becf: check_usecases num.of Usecases to switch 0
02-14 14:51:13.183 D/hardware_info( 812): hw_info_append_hw_type : device_name = speaker
02-14 14:51:13.183 D/msm8974_platform( 812): platform_split_snd_device: snd_device(2) num devices(0) new_snd_devices(0)
02-14 14:51:13.183 D/audio_hw_primary( 812): enable_snd_device: snd_device(2: speaker)
02-14 14:51:13.183 D/msm8974_platform( 812): platform_get_island_cfg_on_device:island cfg status on snd_device = (speaker 0)
02-14 14:51:13.183 I/soundtrigger( 812): audio_extn_sound_trigger_update_device_status: device 0x2 of type 0 for Event 1, with Raise=0
02-14 14:51:13.183 D/audio_route( 812): Apply path: speaker
02-14 14:51:13.183 I/audio_hw_utils( 812): audio_extn_utils_update_stream_output_app_type_cfg Allowing 24 and above bits playback on speaker ONLY at default sampling rate
02-14 14:51:13.183 E/soundtrigger( 812): audio_extn_sound_trigger_update_stream_status: invalid input device 0x0, for event 3
02-14 14:51:13.183 D/soundtrigger( 812): audio_extn_sound_trigger_update_stream_status: uc_info->id 1 of type 0 for Event 3, with Raise=0
02-14 14:51:13.183 D/audio_hw_utils( 812): audio_extn_utils_send_app_type_cfg: usecase->out_snd_device speaker
02-14 14:51:13.183 D/msm8974_platform( 812): platform_split_snd_device: snd_device(2) num devices(0) new_snd_devices(0)
02-14 14:51:13.184 D/audio_hw_utils( 812): audio_extn_btsco_get_sample_rate:Not a BT SCO device, need not update sampling rate
02-14 14:51:13.184 I/audio_hw_utils( 812): send_app_type_cfg_for_device PLAYBACK app_type 69937, acdb_dev_id 15, sample_rate 48000, snd_device_be_idx 179
02-14 14:51:13.184 D/msm8974_platform( 812): platform_split_snd_device: snd_device(2) num devices(1) new_snd_devices(0)
02-14 14:51:13.184 D/audio_hw_utils( 812): audio_extn_btsco_get_sample_rate:Not a BT SCO device, need not update sampling rate
02-14 14:51:13.184 D/ACDB-LOADER( 812): ACDB -> send_audio_cal, acdb_id = 15, path = 0, app id = 0x11131, sample rate = 48000, afe_sample_rate = 48000
02-14 14:51:13.184 D/ACDB-LOADER( 812): ACDB -> send_asm_topology
02-14 14:51:13.184 D/ACDB-LOADER( 812): ACDB -> ACDB_CMD_GET_AUDPROC_STREAM_TOPOLOGY_ID
02-14 14:51:13.184 D/ACDB-LOADER( 812): ACDB -> send_adm_topology
02-14 14:51:13.184 D/ACDB-LOADER( 812): ACDB -> ACDB_CMD_GET_AUDPROC_COMMON_TOPOLOGY_ID
02-14 14:51:13.184 D/ACDB-LOADER( 812): ACDB -> send_audtable
02-14 14:51:13.184 D/ACDB-LOADER( 812): ACDB -> ACDB_CMD_GET_AUDPROC_INSTANCE_COMMON_TABLE_SIZE
02-14 14:51:13.184 D/ACDB-LOADER( 812): ACDB -> ACDB_CMD_GET_AUDPROC_INSTANCE_COMMON_TABLE
02-14 14:51:13.184 D/ACDB-LOADER( 812): ACDB -> AUDIO_SET_AUDPROC_CAL cal_type[11] acdb_id[15] app_type[69937]
02-14 14:51:13.184 D/ACDB-LOADER( 812): ACDB -> send_audvoltable
02-14 14:51:13.184 D/ACDB-LOADER( 812): ACDB -> ACDB_CMD_GET_AUDPROC_INSTANCE_GAIN_DEP_STEP_TABLE_SIZE
02-14 14:51:13.184 D/ACDB-LOADER( 812): ACDB -> ACDB_CMD_GET_AUDPROC_INSTANCE_GAIN_DEP_STEP_TABLE, vol index 5
02-14 14:51:13.184 D/ACDB-LOADER( 812): ACDB -> AUDIO_SET_VOL_CAL cal type = 12
02-14 14:51:13.184 D/ACDB-LOADER( 812): ACDB -> ACDB_CMD_GET_AUDPROC_INSTANCE_STREAM_TABLE_SIZE
02-14 14:51:13.184 D/ACDB-LOADER( 812): ACDB -> send_audstrmtable
02-14 14:51:13.184 D/ACDB-LOADER( 812): ACDB -> ACDB_CMD_GET_AUDPROC_INSTANCE_STREAM_TABLE
02-14 14:51:13.184 D/ACDB-LOADER( 812): ACDB -> audstrm_cal->cal_type.cal_data.cal_size = 20
02-14 14:51:13.184 D/ACDB-LOADER( 812): ACDB -> send_afe_topology
02-14 14:51:13.184 D/ACDB-LOADER( 812): ACDB -> ACDB_CMD_GET_AFE_TOPOLOGY_ID
02-14 14:51:13.184 D/ACDB-LOADER( 812): ACDB -> GET_AFE_TOPOLOGY_ID for adcd_id 15, Topology Id 112fc
02-14 14:51:13.184 D/ACDB-LOADER( 812): ACDB -> send_afe_cal
02-14 14:51:13.184 D/ACDB-LOADER( 812): ACDB -> ACDB_CMD_GET_AFE_INSTANCE_COMMON_TABLE_SIZE
02-14 14:51:13.184 D/android.hardware.audio.service( 812): Failed to fetch the lookup information of the device 0000000F
02-14 14:51:13.184 D/ACDB-LOADER( 812): Error: ACDB_CMD_GET_AFE_INSTANCE_COMMON_TABLE_SIZE Returned = -19
02-14 14:51:13.184 D/ACDB-LOADER( 812): ACDB -> ACDB_CMD_GET_AFE_INSTANCE_COMMON_TABLE
02-14 14:51:13.184 D/android.hardware.audio.service( 812): Failed to fetch the lookup information of the device 0000000F
02-14 14:51:13.184 D/ACDB-LOADER( 812): Error: ACDB AFE returned = -19
02-14 14:51:13.184 D/ACDB-LOADER( 812): ACDB -> AUDIO_SET_AFE_CAL cal_type[16] acdb_id[15]
02-14 14:51:13.184 D/ACDB-LOADER( 812): ACDB -> send_hw_delay : acdb_id = 15 path = 0
02-14 14:51:13.184 D/ACDB-LOADER( 812): ACDB -> ACDB_AVSYNC_INFO: ACDB_CMD_GET_DEVICE_PROPERTY
02-14 14:51:13.184 D/msm8974_platform( 812): platform_split_snd_device: snd_device(2) num devices(0) new_snd_devices(0)
02-14 14:51:13.184 I/msm8974_platform( 812): platform_get_custom_mtmx_params: no matching param with id 0 ip_ch 2 op_ch 2 uc_id 1 snd_dev 2
02-14 14:51:13.184 D/audio_hw_primary( 812): enable_audio_route: apply mixer and update path: low-latency-playback
02-14 14:51:13.184 D/audio_route( 812): Apply path: low-latency-playback
02-14 14:51:13.185 D/audio_hw_primary( 812): select_devices: done
02-14 14:51:13.188 I/afe_find_cal_topo_id_by_port( 0): port id: 0x9000, dev_acdb_id: 0
02-14 14:51:13.188 I/afe_find_cal_topo_id_by_port( 0): top_id:112fc acdb_id:15 afe_port:0x9000
02-14 14:51:13.188 I/afe_get_cal_topology_id( 0): port_id = 0x9000 acdb_id = 15 topology_id = 0x112fc cal_type_index=8 ret=0
02-14 14:51:13.189 I/afe_send_port_topology_id( 0): AFE set topology id 0x112fc enable for port 0x9000 ret 0
02-14 14:51:13.189 I/send_afe_cal_type( 0): cal_index is 0
02-14 14:51:13.189 I/send_afe_cal_type( 0): dev_acdb_id[55] is 0
02-14 14:51:13.189 I/send_afe_cal_type( 0): Sending cal_index cal 0
02-14 14:51:13.189 E/send_afe_cal_type( 0): No cal sent for cal_index 0, port_id = 0x9000! ret -22
02-14 14:51:13.189 I/afe_send_hw_delay( 0): port_id 0x9000 rate 48000 delay_usec 474 status 0
02-14 14:51:13.188 W/AudioIDCMicroNegotiator( 1257): idcm_warn: idcm control is not enable
02-14 14:51:13.190 D/Avrcp_ext( 1989): AudioManager Player: AudioPlaybackConfiguration piid:71 deviceId:0 type:android.media.SoundPool u/pid:10080/2009 state:idle attr:AudioAttributes: usage=USAGE_ASSISTANCE_SONIFICATION content=CONTENT_TYPE_SONIFICATION flags=0x800 tags= bundle=null sessionId:0
02-14 14:51:13.191 D/Avrcp_ext( 1989): AudioManager Player: AudioPlaybackConfiguration piid:87 deviceId:0 type:android.media.SoundPool u/pid:1000/2109 state:idle attr:AudioAttributes: usage=USAGE_ASSISTANCE_SONIFICATION content=CONTENT_TYPE_SONIFICATION flags=0x801 tags= bundle=null sessionId:0
02-14 14:51:13.191 D/Avrcp_ext( 1989): AudioManager Player: AudioPlaybackConfiguration piid:63 deviceId:0 type:android.media.SoundPool u/pid:1000/1257 state:idle attr:AudioAttributes: usage=USAGE_ASSISTANCE_SONIFICATION content=CONTENT_TYPE_SONIFICATION flags=0x800 tags= bundle=null sessionId:0
02-14 14:51:13.191 D/Avrcp_ext( 1989): AudioManager Player: AudioPlaybackConfiguration piid:95 deviceId:3 type:android.media.MediaPlayer u/pid:10080/2009 state:started attr:AudioAttributes: usage=USAGE_NOTIFICATION content=CONTENT_TYPE_SONIFICATION flags=0x800 tags= bundle=null sessionId:0
02-14 14:51:13.192 D/Avrcp_ext( 1989): AudioManager Player in started state: com.android.systemui
02-14 14:51:13.192 D/Avrcp_ext( 1989): AudioManager Active Player: com.android.systemui
02-14 14:51:13.192 D/Avrcp_ext( 1989): AudioManager isPlaying: true, mAudioPlaybackIsActive = true
02-14 14:51:13.210 D/msm8974_platform( 812): platform_set_channel_map mixer_ctl_name:Playback Channel Map9
02-14 14:51:13.210 D/msm8974_platform( 812): platform_set_channel_map: set mapping(1 2 0 0 0 0 0 0) for channel:2
02-14 14:51:13.212 D/audio_hw_primary( 812): start_output_stream: exit
02-14 14:51:13.212 D/audio_hw_primary( 812): out_write: retry previous failed cal level set
02-14 14:51:13.212 D/msm8974_platform( 812): platform_split_snd_device: snd_device(2) num devices(1) new_snd_devices(0)
02-14 14:51:13.212 W/hpplay-java( 2772): [main]:IPManager:getActiveNets invalid networkInfo:null
02-14 14:51:13.212 I/hpplay-java( 2772): [main]:IPManager:getActiveNets eth0:false wifi:false mobile:false ap:false
02-14 14:51:13.212 I/hpplay-java( 2772): [main]:ServerTaskManager:get local ip:null
02-14 14:51:13.223 D/msm8974_platform( 812): platform_split_snd_device: snd_device(2) num devices(1) new_snd_devices(0)
02-14 14:51:13.435 D/vendor.qti.vibrator( 872): QTI Vibrator off
02-14 14:51:13.437 D/vendor.qti.vibrator( 872): Notifying on complete
02-14 14:51:13.463 I/OMX-VENC: venc_dev( 1286): stats: avg. fps 32.55, bitrate 1627004
02-14 14:51:13.685 D/vendor.qti.vibrator( 872): Vibrator on for timeoutMs: 350
02-14 14:51:13.686 D/vendor.qti.vibrator( 872): Starting on on another thread
02-14 14:51:13.957 I/mpu_uart( 646): [MSG-P:RECV]:No message received in 1000 ms
02-14 14:51:14.036 D/vendor.qti.vibrator( 872): Notifying on complete
02-14 14:51:14.036 D/vendor.qti.vibrator( 872): QTI Vibrator off
02-14 14:51:14.215 W/hpplay-java( 2772): [main]:IPManager:getActiveNets invalid networkInfo:null
02-14 14:51:14.215 I/hpplay-java( 2772): [main]:IPManager:getActiveNets eth0:false wifi:false mobile:false ap:false
02-14 14:51:14.215 I/hpplay-java( 2772): [main]:ServerTaskManager:get local ip:null
02-14 14:51:14.463 I/OMX-VENC: venc_dev( 1286): stats: avg. fps 1.00, bitrate 33769
02-14 14:51:14.525 D/CCodecBufferChannel( 1280): [c2.android.vorbis.decoder#257] buffers after EOS ignored (0 us)
02-14 14:51:14.526 D/AudioTrack( 1280): stop(35): called with 82980 frames delivered
02-14 14:51:14.714 E/DTC_ETH,link_delay_work_func( 0): 3003, SQI=0, link=0
02-14 14:51:14.914 I/input_interaction( 1257): Interaction with: eca6b19 com.android.launcher3/com.android.launcher3.uioverrides.QuickstepLauncher (server), 68d96d6 com.android.systemui.ImageWallpaper (server), edge-swipe (server), swipe-up (server), PointerEventDispatcher0 (server),
02-14 14:51:14.957 I/mpu_uart( 646): [MSG-P:RECV]:No message received in 1000 ms
02-14 14:51:14.963 D/audio_hw_primary( 812): out_set_parameters: enter: usecase(1: low-latency-playback) kvpairs: suspend_playback=true
02-14 14:51:14.963 D/audio_hw_extn( 812): audio_extn_fm_set_parameters: Enter
02-14 14:51:14.973 D/audio_hw_primary( 812): out_set_parameters: enter: usecase(1: low-latency-playback) kvpairs: suspend_playback=false
02-14 14:51:14.974 D/audio_hw_extn( 812): audio_extn_fm_set_parameters: Enter
02-14 14:51:14.978 D/audio_hw_primary( 812): out_set_parameters: enter: usecase(1: low-latency-playback) kvpairs: suspend_playback=true
02-14 14:51:14.978 D/audio_hw_extn( 812): audio_extn_fm_set_parameters: Enter
02-14 14:51:14.988 D/audio_hw_primary( 812): out_set_parameters: enter: usecase(1: low-latency-playback) kvpairs: suspend_playback=false
02-14 14:51:14.988 D/audio_hw_extn( 812): audio_extn_fm_set_parameters: Enter
02-14 14:51:14.994 I/MediaFocusControl( 1257): abandonAudioFocus() from uid/pid 10080/2009 clientId=android.media.AudioManager@24e086c
02-14 14:51:14.994 W/AudioIDCMicroNegotiator( 1257): idcm_warn: idcm control is not enable
02-14 14:51:14.994 V/MediaPlayer( 2009): resetDrmState: mDrmInfo=null mDrmProvisioningThread=null mPrepareDrmInProgress=false mActiveDrmScheme=false
02-14 14:51:14.994 V/MediaPlayer( 2009): cleanDrmObj: mDrmObj=null mDrmSessionId=null
02-14 14:51:14.995 D/Avrcp_ext( 1989): AudioManager Player: AudioPlaybackConfiguration piid:71 deviceId:0 type:android.media.SoundPool u/pid:10080/2009 state:idle attr:AudioAttributes: usage=USAGE_ASSISTANCE_SONIFICATION content=CONTENT_TYPE_SONIFICATION flags=0x800 tags= bundle=null sessionId:0
02-14 14:51:14.995 D/NuPlayerDriver( 1280): reset(0xf36c0c90) at state 6
02-14 14:51:14.995 D/Avrcp_ext( 1989): AudioManager Player: AudioPlaybackConfiguration piid:87 deviceId:0 type:android.media.SoundPool u/pid:1000/2109 state:idle attr:AudioAttributes: usage=USAGE_ASSISTANCE_SONIFICATION content=CONTENT_TYPE_SONIFICATION flags=0x801 tags= bundle=null sessionId:0
02-14 14:51:14.995 D/Avrcp_ext( 1989): AudioManager Player: AudioPlaybackConfiguration piid:63 deviceId:0 type:android.media.SoundPool u/pid:1000/1257 state:idle attr:AudioAttributes: usage=USAGE_ASSISTANCE_SONIFICATION content=CONTENT_TYPE_SONIFICATION flags=0x800 tags= bundle=null sessionId:0
02-14 14:51:14.995 D/Avrcp_ext( 1989): AudioManager Player: AudioPlaybackConfiguration piid:95 deviceId:3 type:android.media.MediaPlayer u/pid:10080/2009 state:stopped attr:AudioAttributes: usage=USAGE_NOTIFICATION content=CONTENT_TYPE_SONIFICATION flags=0x800 tags= bundle=null sessionId:0
02-14 14:51:14.995 D/Avrcp_ext( 1989): AudioManager isPlaying: false, mAudioPlaybackIsActive = true
02-14 14:51:14.995 D/Avrcp_ext( 1989): AudioManager Reset Active Player
02-14 14:51:14.997 V/Avrcp_ext( 1989): updateCurrentMediaState: mMediaController: MediaController (com.android.systemui@9984a80) null
02-14 14:51:14.997 W/Avrcp_ext( 1989): isMusicActive: false getBluetoothPlayState: 2 A2dp State: 11 mAudioPlaybackIsActive: false
02-14 14:51:14.998 D/Avrcp_ext( 1989): isMusicActive = false mAudioPlaybackIsActive = false player state = null
02-14 14:51:14.998 D/audio_hw_primary( 812): out_set_parameters: enter: usecase(1: low-latency-playback) kvpairs: suspend_playback=true
02-14 14:51:14.998 D/audio_hw_extn( 812): audio_extn_fm_set_parameters: Enter
02-14 14:51:14.998 I/Avrcp_ext( 1989): Skipping update due to invalid playback state
02-14 14:51:14.998 V/Avrcp_ext( 1989): updatePlaybackState, state: null device: null
02-14 14:51:14.998 V/Avrcp_ext( 1989): Device: no name:
02-14 14:51:14.998 V/Avrcp_ext( 1989): Device: no name:
02-14 14:51:14.998 V/Avrcp_ext( 1989): Device: no name:
02-14 14:51:14.998 V/Avrcp_ext( 1989): Device: no name:
02-14 14:51:14.998 V/Avrcp_ext( 1989): Device: no name:
02-14 14:51:14.998 V/Avrcp_ext( 1989): updatePlayerStateAndPosition, old=PlaybackState {state=2, position=-1, buffered position=0, speed=1.0, updated=15577, actions=0, custom actions=[], active item id=-1, error=null}, state=null
02-14 14:51:14.999 I/Avrcp_ext( 1989): updatePlayerStateAndPosition: device: state = null
02-14 14:51:14.999 D/Avrcp_ext( 1989): AudioManager Player: AudioPlaybackConfiguration piid:71 deviceId:0 type:android.media.SoundPool u/pid:10080/2009 state:idle attr:AudioAttributes: usage=USAGE_ASSISTANCE_SONIFICATION content=CONTENT_TYPE_SONIFICATION flags=0x800 tags= bundle=null sessionId:0
02-14 14:51:14.999 D/Avrcp_ext( 1989): AudioManager Player: AudioPlaybackConfiguration piid:87 deviceId:0 type:android.media.SoundPool u/pid:1000/2109 state:idle attr:AudioAttributes: usage=USAGE_ASSISTANCE_SONIFICATION content=CONTENT_TYPE_SONIFICATION flags=0x801 tags= bundle=null sessionId:0
02-14 14:51:14.999 D/Avrcp_ext( 1989): AudioManager Player: AudioPlaybackConfiguration piid:63 deviceId:0 type:android.media.SoundPool u/pid:1000/1257 state:idle attr:AudioAttributes: usage=USAGE_ASSISTANCE_SONIFICATION content=CONTENT_TYPE_SONIFICATION flags=0x800 tags= bundle=null sessionId:0
02-14 14:51:14.999 D/Avrcp_ext( 1989): AudioManager isPlaying: false, mAudioPlaybackIsActive = false
02-14 14:51:14.999 D/Avrcp_ext( 1989): AudioManager Reset Active Player
02-14 14:51:15.003 I/hw-BpHwBinder( 1280): onLastStrongRef automatically unlinking death recipients
02-14 14:51:15.003 I/hw-BpHwBinder( 1332): onLastStrongRef automatically unlinking death recipients
02-14 14:51:15.004 V/C2Store ( 1332): in ~ComponentModule
02-14 14:51:15.004 V/C2Store ( 1332): unloading dll
02-14 14:51:15.007 D/NuPlayerDriver( 1280): notifyResetComplete(0xf36c0c90)
02-14 14:51:15.007 W/AMessage( 1280): failed to post message as target looper for handler 0 is gone.
02-14 14:51:15.008 D/audio_hw_primary( 812): out_set_parameters: enter: usecase(1: low-latency-playback) kvpairs: suspend_playback=false
02-14 14:51:15.008 D/audio_hw_extn( 812): audio_extn_fm_set_parameters: Enter
02-14 14:51:15.041 I/thunderperf( 1257): Maybe need boostperf for current app!
02-14 14:51:15.041 D/FgBoostPerfService( 2109): [FgBoostPerfService.perfBoostAcq]start: stat=true pkgName=com.android.settings
02-14 14:51:15.041 V/GameMode_GameTypeUtils( 2109): judge isGame:com.android.settings
02-14 14:51:15.042 I/FgBoostPerfService( 2109): [FgBoostPerfService.perfBoostAcq] not game-mode or game app!
02-14 14:51:15.042 I/ThunderPerfManager( 1257): PerfAcq error : state=true pkgName=com.android.settings
02-14 14:51:15.042 V/GameMode_GameTypeUtils( 2109): judge isGame:com.android.settings
02-14 14:51:15.042 I/FgBoostPerfService( 2109): [GetGpuMode] isMode=1 isGame=false mGpuMode=0
