02-14 14:51:03.316 D/LOWI-9.0.0.87.a( 1409): [LOWI-Scan] BSS 18:6f:2d:81:16:f5 FREQ: 5260, cFreq1[40:80:160] = [5260:0:0] cFreq2 = 0 Country Code = CN
02-14 14:51:03.316 D/LOWI-9.0.0.87.a( 1409): [LOWI-Scan] BSS 18:6f:2d:81:16:f5 (wlan0) ASSO: NO AddInfo: 0x0, TSF 0, 00:26:26.406, RSSI: -134, CPL: 127, AGE: 628, SSID GM, TSFDelta: 0xa259df0a, TXRate: 0
02-14 14:51:03.316 D/LOWI-9.0.0.87.a( 1409): [LOWI-Scan]
02-14 14:51:03.316 D/LOWI-9.0.0.87.a( 1409): [LOWI-Scan] print_bss_handler: Report beacon TSF 1586471654 as it greater than probe TSF 1101818188
02-14 14:51:03.316 D/LOWI-9.0.0.87.a( 1409): [LOWI-Scan] decode_rsn_wpa_ie: LOWI_ENCRYPTION_TYPE_WPA_PSK
02-14 14:51:03.316 D/LOWI-9.0.0.87.a( 1409): [LOWI-Scan] is_qcom_ie, bss_age: 0
02-14 14:51:03.316 D/LOWI-9.0.0.87.a( 1409): [LOWI-Scan] BSS 18:6f:2d:81:1f:d3 LOWI_PHY_MODE_11AC_VHT20(8), Beacon Interval: 100, LOWI_ENCRYPTION_TYPE_WPA_PSK 11mcRanging: No, ANQP: No, LCI: No, Civic: No, capability(0x0111): ESS Privacy SpectrumMgmt
02-14 14:51:03.316 D/LOWI-9.0.0.87.a( 1409): [LOWI-Scan] BSS 18:6f:2d:81:1f:d3 FREQ: 5280, cFreq1[40:80:160] = [5280:0:0] cFreq2 = 0 Country Code = CN
02-14 14:51:03.316 D/LOWI-9.0.0.87.a( 1409): [LOWI-Scan] BSS 18:6f:2d:81:1f:d3 (wlan0) ASSO: NO AddInfo: 0x1, TSF 0, 00:26:26.471, RSSI: -174, CPL: 127, AGE: 564, SSID Fanya, TSFDelta: 0xbea2fdf2, TXRate: 0
02-14 14:51:03.316 D/LOWI-9.0.0.87.a( 1409): [LOWI-Scan]
02-14 14:51:03.316 D/LOWI-9.0.0.87.a( 1409): [LOWI-Scan] print_bss_handler: Report beacon TSF 1586472165 as it greater than probe TSF 1101822210
02-14 14:51:03.316 D/LOWI-9.0.0.87.a( 1409): [LOWI-Scan] decode_rsn_wpa_ie: LOWI_ENCRYPTION_TYPE_WPA_PSK
02-14 14:51:03.316 D/LOWI-9.0.0.87.a( 1409): [LOWI-Scan] is_qcom_ie, bss_age: 0
02-14 14:51:03.316 D/LOWI-9.0.0.87.a( 1409): [LOWI-Scan] BSS 18:6f:2d:81:1f:d5 LOWI_PHY_MODE_11AC_VHT20(8), Beacon Interval: 100, LOWI_ENCRYPTION_TYPE_WPA_PSK 11mcRanging: No, ANQP: No, LCI: No, Civic: No, capability(0x0111): ESS Privacy SpectrumMgmt
02-14 14:51:03.316 D/LOWI-9.0.0.87.a( 1409): [LOWI-Scan] BSS 18:6f:2d:81:1f:d5 FREQ: 5280, cFreq1[40:80:160] = [5280:0:0] cFreq2 = 0 Country Code = CN
02-14 14:51:03.316 D/LOWI-9.0.0.87.a( 1409): [LOWI-Scan] BSS 18:6f:2d:81:1f:d5 (wlan0) ASSO: NO AddInfo: 0x1, TSF 0, 00:26:26.472, RSSI: -172, CPL: 127, AGE: 560, SSID GM, TSFDelta: 0xbebf5863, TXRate: 0
02-14 14:51:03.316 D/LOWI-9.0.0.87.a( 1409): [LOWI-Scan]
02-14 14:51:03.316 D/LOWI-9.0.0.87.a( 1409): [LOWI-Scan] print_bss_handler: Report Probe TSF 1586677710 as it greater than Beacon TSF 1381975681
02-14 14:51:03.316 D/LOWI-9.0.0.87.a( 1409): [LOWI-Scan] decode_rsn_wpa_ie: LOWI_ENCRYPTION_TYPE_WPA_PSK
02-14 14:51:03.316 D/LOWI-9.0.0.87.a( 1409): [LOWI-Scan] is_qcom_ie, bss_age: 0
02-14 14:51:03.316 D/LOWI-9.0.0.87.a( 1409): [LOWI-Scan] BSS 18:6f:2d:81:23:c4 LOWI_PHY_MODE_11NG_HT20(5), Beacon Interval: 100, LOWI_ENCRYPTION_TYPE_WPA_PSK 11mcRanging: No, ANQP: No, LCI: No, Civic: No, capability(0x0531): ESS Privacy ShortPreamble SpectrumMgmt ShortSlotTime
02-14 14:51:03.316 D/LOWI-9.0.0.87.a( 1409): [LOWI-Scan] BSS 18:6f:2d:81:23:c4 FREQ: 2452, cFreq1[40:80:160] = [2452:0:0] cFreq2 = 0 Country Code = CN
02-14 14:51:03.316 D/LOWI-9.0.0.87.a( 1409): [LOWI-Scan] BSS 18:6f:2d:81:23:c4 (wlan0) ASSO: NO AddInfo: 0x0, TSF 0, 00:26:26.677, RSSI: -146, CPL: 127, AGE: 356, SSID Fanya, TSFDelta: 0x9886f498, TXRate: 0
02-14 14:51:03.316 D/LOWI-9.0.0.87.a( 1409): [LOWI-Scan]
02-14 14:51:03.316 D/LOWI-9.0.0.87.a( 1409): [LOWI-Scan] print_bss_handler: Report beacon TSF 1586373213 as it greater than probe TSF 1101653064
02-14 14:51:03.316 D/LOWI-9.0.0.87.a( 1409): [LOWI-Scan] decode_rsn_wpa_ie: LOWI_ENCRYPTION_TYPE_WPA_PSK
02-14 14:51:03.316 D/LOWI-9.0.0.87.a( 1409): [LOWI-Scan] is_qcom_ie, bss_age: 0
02-14 14:51:03.316 I/liblog ( 1409): 17
02-14 14:51:03.316 I/liblog ( 1409): 1
02-14 14:51:03.316 I/liblog ( 1409): 14
02-14 14:51:03.316 I/liblog ( 1409): 2
02-14 14:51:03.316 I/liblog ( 1409): 1
02-14 14:51:03.316 I/liblog ( 1409): 1
02-14 14:51:03.316 D/LOWI-9.0.0.87.a( 1409): [LOWI-Scan] BSS 18:6f:2d:81:18:91 (wlan0) ASSO: NO AddInfo: 0x0, TSF 0, 00:26:25.882, RSSI: -156, CPL: 127, AGE: 1152, SSID Guest, TSFDelta: 0x90c533cd, TXRate: 0
02-14 14:51:03.316 D/LOWI-9.0.0.87.a( 1409): [LOWI-Scan]
02-14 14:51:03.316 D/LOWI-9.0.0.87.a( 1409): [LOWI-Scan] print_bss_handler: Report Probe TSF 1585883337 as it greater than Beacon TSF 0
02-14 14:51:03.316 D/LOWI-9.0.0.87.a( 1409): [LOWI-Scan] decode_rsn_wpa_ie: LOWI_ENCRYPTION_TYPE_WPA_PSK
02-14 14:51:03.316 D/LOWI-9.0.0.87.a( 1409): [LOWI-Scan] is_qcom_ie, bss_age: 0
02-14 14:51:03.316 D/LOWI-9.0.0.87.a( 1409): [LOWI-Scan] BSS 18:6f:2d:81:18:92 LOWI_PHY_MODE_11AC_VHT20(8), Beacon Interval: 100, LOWI_ENCRYPTION_TYPE_WPA_PSK 11mcRanging: No, ANQP: No, LCI: No, Civic: No, capability(0x0111): ESS Privacy SpectrumMgmt
02-14 14:51:03.316 I/liblog ( 1409): 1
02-14 14:51:03.316 I/liblog ( 1409): 1
02-14 14:51:03.316 D/LOWI-9.0.0.87.a( 1409): [LOWI-Scan]
02-14 14:51:03.316 D/LOWI-9.0.0.87.a( 1409): [LOWI-Scan] print_bss_handler: Report Probe TSF 1585884119 as it greater than Beacon TSF 1381228903
02-14 14:51:03.316 D/LOWI-9.0.0.87.a( 1409): [LOWI-Scan] decode_rsn_wpa_ie: LOWI_ENCRYPTION_TYPE_WPA_PSK
02-14 14:51:03.316 D/LOWI-9.0.0.87.a( 1409): [LOWI-Scan] is_qcom_ie, bss_age: 0
02-14 14:51:03.316 D/LOWI-9.0.0.87.a( 1409): [LOWI-Scan] BSS 18:6f:2d:81:18:93 LOWI_PHY_MODE_11AC_VHT20(8), Beacon Interval: 100, LOWI_ENCRYPTION_TYPE_WPA_PSK 11mcRanging: No, ANQP: No, LCI: No, Civic: No, capability(0x0111): ESS Privacy SpectrumMgmt
02-14 14:51:03.316 D/LOWI-9.0.0.87.a( 1409): [LOWI-Scan] BSS 18:6f:2d:81:18:93 FREQ: 5180, cFreq1[40:80:160] = [5180:0:0] cFreq2 = 0 Country Code = CN
02-14 14:51:03.316 I/liblog ( 1409): 1
02-14 14:51:03.316 D/LOWI-9.0.0.87.a( 1409): [LOWI-Scan]
02-14 14:51:03.316 I/liblog ( 1409): 6
02-14 14:51:03.316 D/LOWI-9.0.0.87.a( 1409): [LOWI-Scan]
02-14 14:51:03.316 D/LOWI-9.0.0.87.a( 1409): [LOWI-Scan] print_bss_handler: Report Probe TSF 1585885986 as it greater than Beacon TSF 1381229027
02-14 14:51:03.316 I/liblog ( 1409): 1
02-14 14:51:03.316 I/liblog ( 1409): 1
02-14 14:51:03.316 I/liblog ( 1409): 7
02-14 14:51:03.316 I/liblog ( 1409): 1
02-14 14:51:03.316 I/liblog ( 1409): 1
02-14 14:51:03.316 D/LOWI-9.0.0.87.a( 1409): [LOWI-Scan] BSS 44:94:fc:3d:da:95 (wlan0) ASSO: NO AddInfo: 0x1, TSF 0, 00:26:26.018, RSSI: -126, CPL: 127, AGE: 1016, SSID ______________, TSFDelta: 0xb7e1eb71, TXRate: 0
02-14 14:51:03.316 D/LOWI-9.0.0.87.a( 1409): [LOWI-Scan]
02-14 14:51:03.316 D/LOWI-9.0.0.87.a( 1409): [LOWI-Scan] print_bss_handler: Report beacon TSF 1586266854 as it greater than probe TSF 1381629618
02-14 14:51:03.316 D/LOWI-9.0.0.87.a( 1409): [LOWI-Scan] decode_rsn_wpa_ie: LOWI_ENCRYPTION_TYPE_WPA_PSK
02-14 14:51:03.316 I/liblog ( 1409): 1
02-14 14:51:03.316 D/LOWI-9.0.0.87.a( 1409): [LOWI-Scan] BSS 18:6f:2d:81:18:43 LOWI_PHY_MODE_11NG_HT20(5), Beacon Interval: 100, LOWI_ENCRYPTION_TYPE_WPA_PSK 11mcRanging: No, ANQP: No, LCI: No, Civic: No, capability(0x0531): ESS Privacy ShortPreamble SpectrumMgmt ShortSlotTime
02-14 14:51:03.316 I/liblog ( 1409): 2
02-14 14:51:03.316 D/LOWI-9.0.0.87.a( 1409): [LOWI-Scan]
02-14 14:51:03.316 D/LOWI-9.0.0.87.a( 1409): [LOWI-Scan] print_bss_handler: Report Probe TSF 1586986157 as it greater than Beacon TSF 0
02-14 14:51:03.316 D/LOWI-9.0.0.87.a( 1409): [LOWI-Scan] decode_rsn_wpa_ie: LOWI_ENCRYPTION_TYPE_WPA_PSK
02-14 14:51:03.316 D/LOWI-9.0.0.87.a( 1409): [LOWI-Scan] is_qcom_ie, bss_age: 0
02-14 14:51:03.316 I/liblog ( 1409): 1
02-14 14:51:03.316 I/liblog ( 1409): 1
02-14 14:51:03.316 I/liblog ( 1409): 1
02-14 14:51:03.316 D/LOWI-9.0.0.87.a( 1409): [LOWI-Scan]
02-14 14:51:03.316 D/LOWI-9.0.0.87.a( 1409): [LOWI-Scan] print_bss_handler: Report Probe TSF 1585881393 as it greater than Beacon TSF 1585855608
02-14 14:51:03.316 D/LOWI-9.0.0.87.a( 1409): [LOWI-Scan] is_qcom_ie, bss_age: 0
02-14 14:51:03.316 D/LOWI-9.0.0.87.a( 1409): [LOWI-Scan] BSS 38:a9:1c:35:03:0b LOWI_PHY_MODE_11AC_VHT80(10), Beacon Interval: 100, LOWI_ENCRYPTION_TYPE_OPEN 11mcRanging: No, ANQP: No, LCI: No, Civic: No, capability(0x0501): ESS SpectrumMgmt ShortSlotTime
02-14 14:51:03.316 I/liblog ( 1409): 1
02-14 14:51:03.316 I/liblog ( 1409): 1
02-14 14:51:03.316 D/LOWI-9.0.0.87.a( 1409): [LOWI-Scan]
02-14 14:51:03.316 D/LOWI-9.0.0.87.a( 1409): [LOWI-Scan] print_bss_handler: Report beacon TSF 1585867823 as it greater than probe TSF 1585867823
02-14 14:51:03.316 D/LOWI-9.0.0.87.a( 1409): [LOWI-Scan] decode_rsn_wpa_ie: LOWI_ENCRYPTION_TYPE_WPA_PSK
02-14 14:51:03.316 D/LOWI-9.0.0.87.a( 1409): [LOWI-Scan] is_qcom_ie, bss_age: 0
02-14 14:51:03.316 D/LOWI-9.0.0.87.a( 1409): [LOWI-Scan] BSS 18:6f:2d:81:20:60 LOWI_PHY_MODE_11NG_HT20(5), Beacon Interval: 100, LOWI_ENCRYPTION_TYPE_WPA_PSK 11mcRanging: No, ANQP: No, LCI: No, Civic: No, capability(0x0531): ESS Privacy ShortPreamble SpectrumMgmt ShortSlotTime
02-14 14:51:03.316 I/liblog ( 1409): 2
02-14 14:51:03.316 I/liblog ( 1409): 3
02-14 14:51:03.316 I/liblog ( 1409): 1
02-14 14:51:03.316 D/LOWI-9.0.0.87.a( 1409): [LOWI-Scan] BSS 18:6f:2d:81:16:e0 LOWI_PHY_MODE_11NG_HT20(5), Beacon Interval: 100, LOWI_ENCRYPTION_TYPE_WPA_PSK 11mcRanging: No, ANQP: No, LCI: No, Civic: No, capability(0x0531): ESS Privacy ShortPreamble SpectrumMgmt ShortSlotTime
02-14 14:51:03.316 I/liblog ( 1409): 2
02-14 14:51:03.316 D/LOWI-9.0.0.87.a( 1409): [LOWI-Scan]
02-14 14:51:03.316 D/LOWI-9.0.0.87.a( 1409): [LOWI-Scan] print_bss_handler: Report Probe TSF 1585912270 as it greater than Beacon TSF 1585905062
02-14 14:51:03.316 D/LOWI-9.0.0.87.a( 1409): [LOWI-Scan] decode_rsn_wpa_ie: LOWI_ENCRYPTION_TYPE_WPA_PSK
02-14 14:51:03.316 D/LOWI-9.0.0.87.a( 1409): [LOWI-Scan] is_qcom_ie, bss_age: 0
02-14 14:51:03.316 I/liblog ( 1409): 1
02-14 14:51:03.316 I/liblog ( 1409): 1
02-14 14:51:03.316 D/LOWI-9.0.0.87.a( 1409): [LOWI-Scan] BSS 18:6f:2d:81:16:e2 (wlan0) ASSO: NO AddInfo: 0x0, TSF 0, 00:26:25.912, RSSI: -118, CPL: 127, AGE: 1120, SSID ThunderSoft_2.4G, TSFDelta: 0x8ecc93ea, TXRate: 0
02-14 14:51:03.316 D/LOWI-9.0.0.87.a( 1409): [LOWI-Scan]
02-14 14:51:03.316 D/LOWI-9.0.0.87.a( 1409): [LOWI-Scan] print_bss_handler: Report Probe TSF 1585914017 as it greater than Beacon TSF 1585905115
02-14 14:51:03.316 D/LOWI-9.0.0.87.a( 1409): [LOWI-Scan] decode_rsn_wpa_ie: LOWI_ENCRYPTION_TYPE_WPA_PSK
02-14 14:51:03.316 I/liblog ( 1409): 1
02-14 14:51:03.316 I/liblog ( 1409): 1
02-14 14:51:03.316 I/liblog ( 1409): 1
02-14 14:51:03.316 D/LOWI-9.0.0.87.a( 1409): [LOWI-Scan] BSS 18:6f:2d:81:16:e3 (wlan0) ASSO: NO AddInfo: 0x0, TSF 0, 00:26:25.914, RSSI: -120, CPL: 127, AGE: 1120, SSID ZXHY, TSFDelta: 0x8edb970e, TXRate: 0
02-14 14:51:03.316 D/LOWI-9.0.0.87.a( 1409): [LOWI-Scan]
02-14 14:51:03.316 D/LOWI-9.0.0.87.a( 1409): [LOWI-Scan] print_bss_handler: Report Probe TSF 1585927771 as it greater than Beacon TSF 1585905520
02-14 14:51:03.316 D/LOWI-9.0.0.87.a( 1409): [LOWI-Scan] decode_rsn_wpa_ie: LOWI_ENCRYPTION_TYPE_WPA_PSK
02-14 14:51:03.316 D/LOWI-9.0.0.87.a( 1409): [LOWI-Scan] is_qcom_ie, bss_age: 0
02-14 14:51:03.316 D/LOWI-9.0.0.87.a( 1409): [LOWI-Scan] BSS 18:6f:2d:81:16:e4 LOWI_PHY_MODE_11NG_HT20(5), Beacon Interval: 100, LOWI_ENCRYPTION_TYPE_WPA_PSK 11mcRanging: No, ANQP: No, LCI: No, Civic: No, capability(0x0531): ESS Privacy ShortPreamble SpectrumMgmt ShortSlotTime
02-14 14:51:03.316 I/liblog ( 1409): 2
02-14 14:51:03.316 D/LOWI-9.0.0.87.a( 1409): [LOWI-Scan]
02-14 14:51:03.316 D/LOWI-9.0.0.87.a( 1409): [LOWI-Scan] print_bss_handler: Report Probe TSF 1585910086 as it greater than Beacon TSF 0
02-14 14:51:03.316 D/LOWI-9.0.0.87.a( 1409): [LOWI-Scan] is_qcom_ie, bss_age: 0
02-14 14:51:03.316 D/LOWI-9.0.0.87.a( 1409): [LOWI-Scan] BSS 18:6f:2d:81:16:e1 LOWI_PHY_MODE_11NG_HT20(5), Beacon Interval: 100, LOWI_ENCRYPTION_TYPE_OPEN 11mcRanging: No, ANQP: No, LCI: No, Civic: No, capability(0x0521): ESS ShortPreamble SpectrumMgmt ShortSlotTime
02-14 14:51:03.316 D/LOWI-9.0.0.87.a( 1409): [LOWI-Scan] BSS 18:6f:2d:81:16:e1 FREQ: 2412, cFreq1[40:80:160] = [2412:0:0] cFreq2 = 0 Country Code = CN
02-14 14:51:03.316 I/liblog ( 1409): 2
02-14 14:51:03.316 I/liblog ( 1409): 2
02-14 14:51:03.316 I/liblog ( 1409): 1
02-14 14:51:03.316 I/liblog ( 1409): 1
02-14 14:51:03.316 D/LOWI-9.0.0.87.a( 1409): [LOWI-Scan] BSS 64:6e:97:5a:7e:e0 (wlan0) ASSO: NO AddInfo: 0x0, TSF 0, 00:26:25.919, RSSI: -154, CPL: 127, AGE: 1116, SSID DMC, TSFDelta: 0xca22e8cc, TXRate: 0
02-14 14:51:03.316 I/liblog ( 1409): 1
02-14 14:51:03.316 D/LOWI-9.0.0.87.a( 1409): [LOWI-Scan]
02-14 14:51:03.316 I/liblog ( 1409): 1
02-14 14:51:03.316 I/liblog ( 1409): 2
02-14 14:51:03.316 D/LOWI-9.0.0.87.a( 1409): [LOWI-Scan] BSS d8:32:14:df:f6:03 LOWI_PHY_MODE_11AC_VHT40_2G(12), Beacon Interval: 100, LOWI_ENCRYPTION_TYPE_WPA_PSK 11mcRanging: No, ANQP: Yes, LCI: No, Civic: No, capability(0x1431): ESS Privacy ShortPreamble ShortSlotTime
02-14 14:51:03.316 I/liblog ( 1409): 2
02-14 14:51:03.316 D/LOWI-9.0.0.87.a( 1409): [LOWI-Scan]
02-14 14:51:03.316 D/LOWI-9.0.0.87.a( 1409): [LOWI-Scan] print_bss_handler: Report beacon TSF 1586136616 as it greater than probe TSF 1586136616
02-14 14:51:03.316 D/LOWI-9.0.0.87.a( 1409): [LOWI-Scan] is_qcom_ie, bss_age: 0
02-14 14:51:03.316 D/LOWI-9.0.0.87.a( 1409): [LOWI-Scan] BSS 18:6f:2d:0a:ae:01 LOWI_PHY_MODE_11NG_HT20(5), Beacon Interval: 100, LOWI_ENCRYPTION_TYPE_OPEN 11mcRanging: No, ANQP: No, LCI: No, Civic: No, capability(0x0521): ESS ShortPreamble SpectrumMgmt ShortSlotTime
02-14 14:51:03.316 D/LOWI-9.0.0.87.a( 1409): [LOWI-Scan] BSS 18:6f:2d:0a:ae:01 FREQ: 2427, cFreq1[40:80:160] = [2427:0:0] cFreq2 = 0 Country Code = CN
02-14 14:51:03.316 D/LOWI-9.0.0.87.a( 1409): [LOWI-Scan] BSS 18:6f:2d:0a:ae:01 (wlan0) ASSO: NO AddInfo: 0x1, TSF 0, 00:26:26.136, RSSI: -138, CPL: 127, AGE: 896, SSID Guest, TSFDelta: 0x1b533533, TXRate: 0
02-14 14:51:03.316 D/LOWI-9.0.0.87.a( 1409): [LOWI-Scan] decode_rsn_wpa_ie: LOWI_ENCRYPTION_TYPE_WPA_PSK
02-14 14:51:03.316 I/liblog ( 1409): 2
02-14 14:51:03.317 I/liblog ( 1409): 1
02-14 14:51:03.317 I/liblog ( 1409): 1
02-14 14:51:03.317 I/liblog ( 1409): 1
02-14 14:51:03.317 I/liblog ( 1409): 1
02-14 14:51:03.317 D/LOWI-9.0.0.87.a( 1409): [LOWI-Scan]
02-14 14:51:03.317 D/LOWI-9.0.0.87.a( 1409): [LOWI-Scan] print_bss_handler: Report beacon TSF 1586137063 as it greater than probe TSF 1586137063
02-14 14:51:03.317 D/LOWI-9.0.0.87.a( 1409): [LOWI-Scan] decode_rsn_wpa_ie: LOWI_ENCRYPTION_TYPE_WPA_PSK
02-14 14:51:03.317 D/LOWI-9.0.0.87.a( 1409): [LOWI-Scan] is_qcom_ie, bss_age: 0
02-14 14:51:03.317 D/LOWI-9.0.0.87.a( 1409): [LOWI-Scan] BSS 18:6f:2d:0a:ae:03 LOWI_PHY_MODE_11NG_HT20(5), Beacon Interval: 100, LOWI_ENCRYPTION_TYPE_WPA_PSK 11mcRanging: No, ANQP: No, LCI: No, Civic: No, capability(0x0531): ESS Privacy ShortPreamble SpectrumMgmt ShortSlotTime
02-14 14:51:03.317 I/liblog ( 1409): 2
02-14 14:51:03.317 D/LOWI-9.0.0.87.a( 1409): [LOWI-Scan]
02-14 14:51:03.317 D/LOWI-9.0.0.87.a( 1409): [LOWI-Scan] print_bss_handler: Report beacon TSF 1586137622 as it greater than probe TSF 1586137622
02-14 14:51:03.317 D/LOWI-9.0.0.87.a( 1409): [LOWI-Scan] decode_rsn_wpa_ie: LOWI_ENCRYPTION_TYPE_WPA_PSK
02-14 14:51:03.317 D/LOWI-9.0.0.87.a( 1409): [LOWI-Scan] is_qcom_ie, bss_age: 0
02-14 14:51:03.317 D/LOWI-9.0.0.87.a( 1409): [LOWI-Scan] BSS 18:6f:2d:0a:ae:04 LOWI_PHY_MODE_11NG_HT20(5), Beacon Interval: 100, LOWI_ENCRYPTION_TYPE_WPA_PSK 11mcRanging: No, ANQP: No, LCI: No, Civic: No, capability(0x0531): ESS Privacy ShortPreamble SpectrumMgmt ShortSlotTime
02-14 14:51:03.317 D/LOWI-9.0.0.87.a( 1409): [LOWI-Scan] BSS 18:6f:2d:0a:ae:04 FREQ: 2427, cFreq1[40:80:160] = [2427:0:0] cFreq2 = 0 Country Code = CN
02-14 14:51:03.317 D/LOWI-9.0.0.87.a( 1409): [LOWI-Scan] BSS 18:6f:2d:0a:ae:04 (wlan0) ASSO: NO AddInfo: 0x1, TSF 0, 00:26:26.137, RSSI: -136, CPL: 127, AGE: 896, SSID Fanya, TSFDelta: 0x1b5d9ee5, TXRate: 0
02-14 14:51:03.317 D/LOWI-9.0.0.87.a( 1409): [LOWI-Scan]
02-14 14:51:03.317 D/LOWI-9.0.0.87.a( 1409): [LOWI-Scan] print_bss_handler: Report beacon TSF 1586171000 as it greater than probe TSF 1586171000
02-14 14:51:03.317 D/LOWI-9.0.0.87.a( 1409): [LOWI-Scan] decode_rsn_wpa_ie: LOWI_ENCRYPTION_TYPE_WPA_PSK
02-14 14:51:03.317 I/liblog ( 1409): 1
02-14 14:51:03.317 D/LOWI-9.0.0.87.a( 1409): [LOWI-Scan] BSS f0:55:01:67:de:f2 LOWI_PHY_MODE_11AC_VHT80(10), Beacon Interval: 100, LOWI_ENCRYPTION_TYPE_WPA_PSK 11mcRanging: No, ANQP: No, LCI: No, Civic: No, capability(0x1931): ESS Privacy ShortPreamble SpectrumMgmt APSD
02-14 14:51:03.317 I/liblog ( 1409): 1
02-14 14:51:03.317 I/liblog ( 1409): 1
02-14 14:51:03.317 D/LOWI-9.0.0.87.a( 1409): [LOWI-Scan]
02-14 14:51:03.317 D/LOWI-9.0.0.87.a( 1409): [LOWI-Scan] print_bss_handler: Report beacon TSF 1586388185 as it greater than probe TSF 1586388185
02-14 14:51:03.317 D/LOWI-9.0.0.87.a( 1409): [LOWI-Scan] decode_rsn_wpa_ie: LOWI_ENCRYPTION_TYPE_WPA_PSK
02-14 14:51:03.317 D/LOWI-9.0.0.87.a( 1409): [LOWI-Scan] is_qcom_ie, bss_age: 0
02-14 14:51:03.317 I/liblog ( 1409): 3
02-14 14:51:03.317 D/LOWI-9.0.0.87.a( 1409): [LOWI-Scan]
02-14 14:51:03.317 I/liblog ( 1409): 1
02-14 14:51:03.317 I/liblog ( 1409): 1
02-14 14:51:03.317 I/liblog ( 1409): 1
02-14 14:51:03.317 D/LOWI-9.0.0.87.a( 1409): [LOWI-Scan] BSS 18:6f:2d:81:16:43 LOWI_PHY_MODE_11NG_HT20(5), Beacon Interval: 100, LOWI_ENCRYPTION_TYPE_WPA_PSK 11mcRanging: No, ANQP: No, LCI: No, Civic: No, capability(0x0531): ESS Privacy ShortPreamble SpectrumMgmt ShortSlotTime
02-14 14:51:03.317 I/liblog ( 1409): 2
02-14 14:51:03.317 D/LOWI-9.0.0.87.a( 1409): [LOWI-Scan]
02-14 14:51:03.317 D/LOWI-9.0.0.87.a( 1409): [LOWI-Scan] print_bss_handler: Report beacon TSF 1586455814 as it greater than probe TSF 1586455814
02-14 14:51:03.317 D/LOWI-9.0.0.87.a( 1409): [LOWI-Scan] decode_rsn_wpa_ie: LOWI_ENCRYPTION_TYPE_WPA_PSK
02-14 14:51:03.317 I/liblog ( 1409): 1
02-14 14:51:03.317 I/liblog ( 1409): 1
02-14 14:51:03.317 D/LOWI-9.0.0.87.a( 1409): [LOWI-Scan] BSS 18:6f:2d:81:16:44 FREQ: 2442, cFreq1[40:80:160] = [2442:0:0] cFreq2 = 0 Country Code = CN
02-14 14:51:03.317 I/liblog ( 1409): 1
02-14 14:51:03.317 D/LOWI-9.0.0.87.a( 1409): [LOWI-Scan]
02-14 14:51:03.317 D/LOWI-9.0.0.87.a( 1409): [LOWI-Scan] print_bss_handler: Report Probe TSF 1586501329 as it greater than Beacon TSF 0
02-14 14:51:03.317 D/LOWI-9.0.0.87.a( 1409): [LOWI-Scan] decode_rsn_wpa_ie: LOWI_ENCRYPTION_TYPE_WPA_PSK
02-14 14:51:03.317 I/liblog ( 1409): 1
02-14 14:51:03.317 I/liblog ( 1409): 1
02-14 14:51:03.317 I/liblog ( 1409): 2
02-14 14:51:03.317 D/LOWI-9.0.0.87.a( 1409): [LOWI-Scan]
02-14 14:51:03.317 D/LOWI-9.0.0.87.a( 1409): [LOWI-Scan] print_bss_handler: Report Probe TSF 1586502052 as it greater than Beacon TSF 0
02-14 14:51:03.317 D/LOWI-9.0.0.87.a( 1409): [LOWI-Scan] is_qcom_ie, bss_age: 0
02-14 14:51:03.317 D/LOWI-9.0.0.87.a( 1409): [LOWI-Scan] BSS 18:6f:2d:81:18:51 LOWI_PHY_MODE_11AC_VHT20(8), Beacon Interval: 100, LOWI_ENCRYPTION_TYPE_OPEN 11mcRanging: No, ANQP: No, LCI: No, Civic: No, capability(0x0101): ESS SpectrumMgmt
02-14 14:51:03.317 I/liblog ( 1409): 2
02-14 14:51:03.317 D/LOWI-9.0.0.87.a( 1409): [LOWI-Scan]
02-14 14:51:03.317 I/liblog ( 1409): 1
02-14 14:51:03.317 D/LOWI-9.0.0.87.a( 1409): [LOWI-Scan] decode_rsn_wpa_ie: LOWI_ENCRYPTION_TYPE_WPA_PSK
02-14 14:51:03.317 I/liblog ( 1409): 4
02-14 14:51:03.317 D/LOWI-9.0.0.87.a( 1409): [LOWI-Scan]
02-14 14:51:03.317 D/LOWI-9.0.0.87.a( 1409): [LOWI-Scan] print_bss_handler: Report Probe TSF 1586503935 as it greater than Beacon TSF 0
02-14 14:51:03.317 D/LOWI-9.0.0.87.a( 1409): [LOWI-Scan] decode_rsn_wpa_ie: LOWI_ENCRYPTION_TYPE_WPA_PSK
02-14 14:51:03.317 I/liblog ( 1409): 1
02-14 14:51:03.317 I/liblog ( 1409): 1
02-14 14:51:03.317 I/liblog ( 1409): 1
02-14 14:51:03.317 I/liblog ( 1409): 1
02-14 14:51:03.317 D/LOWI-9.0.0.87.a( 1409): [LOWI-Scan]
02-14 14:51:03.317 D/LOWI-9.0.0.87.a( 1409): [LOWI-Scan] print_bss_handler: Report Probe TSF 1586504278 as it greater than Beacon TSF 1586493508
02-14 14:51:03.317 I/liblog ( 1409): 1
02-14 14:51:03.317 I/liblog ( 1409): 1
02-14 14:51:03.317 I/liblog ( 1409): 1
02-14 14:51:03.317 I/liblog ( 1409): 1
02-14 14:51:03.317 I/liblog ( 1409): 1
02-14 14:51:03.317 D/LOWI-9.0.0.87.a( 1409): [LOWI-Scan]
02-14 14:51:03.317 D/LOWI-9.0.0.87.a( 1409): [LOWI-Scan] print_bss_handler: Report Probe TSF 1586505419 as it greater than Beacon TSF 1586493694
02-14 14:51:03.317 D/LOWI-9.0.0.87.a( 1409): [LOWI-Scan] decode_rsn_wpa_ie: LOWI_ENCRYPTION_TYPE_WPA_PSK
02-14 14:51:03.317 D/LOWI-9.0.0.87.a( 1409): [LOWI-Scan] is_qcom_ie, bss_age: 0
02-14 14:51:03.317 I/liblog ( 1409): 3
02-14 14:51:03.317 D/LOWI-9.0.0.87.a( 1409): [LOWI-Scan]
02-14 14:51:03.317 I/liblog ( 1409): 1
02-14 14:51:03.317 I/liblog ( 1409): 1
02-14 14:51:03.317 I/liblog ( 1409): 1
02-14 14:51:03.317 I/liblog ( 1409): 1
02-14 14:51:03.317 I/liblog ( 1409): 1
02-14 14:51:03.317 I/liblog ( 1409): 1
02-14 14:51:03.317 D/LOWI-9.0.0.87.a( 1409): [LOWI-Scan]
02-14 14:51:03.317 D/LOWI-9.0.0.87.a( 1409): [LOWI-Scan] print_bss_handler: Report Probe TSF 1586644068 as it greater than Beacon TSF 1586620308
02-14 14:51:03.317 D/LOWI-9.0.0.87.a( 1409): [LOWI-Scan] decode_rsn_wpa_ie: LOWI_ENCRYPTION_TYPE_WPA_PSK
02-14 14:51:03.317 D/LOWI-9.0.0.87.a( 1409): [LOWI-Scan] is_qcom_ie, bss_age: 0
02-14 14:51:03.317 D/LOWI-9.0.0.87.a( 1409): [LOWI-Scan] BSS 18:6f:2d:81:20:70 LOWI_PHY_MODE_11AC_VHT20(8), Beacon Interval: 100, LOWI_ENCRYPTION_TYPE_WPA_PSK 11mcRanging: No, ANQP: No, LCI: No, Civic: No, capability(0x0111): ESS Privacy SpectrumMgmt
02-14 14:51:03.317 I/liblog ( 1409): 2
02-14 14:51:03.317 D/LOWI-9.0.0.87.a( 1409): [LOWI-Scan]
02-14 14:51:03.317 D/LOWI-9.0.0.87.a( 1409): [LOWI-Scan] print_bss_handler: Report Probe TSF 1586644785 as it greater than Beacon TSF 1586620413
02-14 14:51:03.317 D/LOWI-9.0.0.87.a( 1409): [LOWI-Scan] is_qcom_ie, bss_age: 0
02-14 14:51:03.317 D/LOWI-9.0.0.87.a( 1409): [LOWI-Scan] BSS 18:6f:2d:81:20:71 LOWI_PHY_MODE_11AC_VHT20(8), Beacon Interval: 100, LOWI_ENCRYPTION_TYPE_OPEN 11mcRanging: No, ANQP: No, LCI: No, Civic: No, capability(0x0101): ESS SpectrumMgmt
02-14 14:51:03.317 I/liblog ( 1409): 1
02-14 14:51:03.317 I/liblog ( 1409): 1
02-14 14:51:03.317 D/LOWI-9.0.0.87.a( 1409): [LOWI-Scan]
02-14 14:51:03.317 D/LOWI-9.0.0.87.a( 1409): [LOWI-Scan] print_bss_handler: Report Probe TSF 1586645605 as it greater than Beacon TSF 1586620715
02-14 14:51:03.317 I/liblog ( 1409): 1
02-14 14:51:03.317 I/liblog ( 1409): 1
02-14 14:51:03.317 D/LOWI-9.0.0.87.a( 1409): [LOWI-Scan] BSS 18:6f:2d:81:20:72 FREQ: 5300, cFreq1[40:80:160] = [5300:0:0] cFreq2 = 0 Country Code = CN
02-14 14:51:03.317 I/liblog ( 1409): 1
02-14 14:51:03.317 I/liblog ( 1409): 1
02-14 14:51:03.317 I/liblog ( 1409): 4
02-14 14:51:03.317 I/liblog ( 1409): 1
02-14 14:51:03.317 I/liblog ( 1409): 2
02-14 14:51:03.317 D/LOWI-9.0.0.87.a( 1409): [LOWI-Scan]
02-14 14:51:03.317 D/LOWI-9.0.0.87.a( 1409): [LOWI-Scan] print_bss_handler: Report Probe TSF 1586647008 as it greater than Beacon TSF 1586621436
02-14 14:51:03.317 D/LOWI-9.0.0.87.a( 1409): [LOWI-Scan] decode_rsn_wpa_ie: LOWI_ENCRYPTION_TYPE_WPA_PSK
02-14 14:51:03.317 D/LOWI-9.0.0.87.a( 1409): [LOWI-Scan] is_qcom_ie, bss_age: 0
02-14 14:51:03.317 D/LOWI-9.0.0.87.a( 1409): [LOWI-Scan] BSS 18:6f:2d:81:20:74 LOWI_PHY_MODE_11AC_VHT20(8), Beacon Interval: 100, LOWI_ENCRYPTION_TYPE_WPA_PSK 11mcRanging: No, ANQP: No, LCI: No, Civic: No, capability(0x0111): ESS Privacy SpectrumMgmt
02-14 14:51:03.317 I/liblog ( 1409): 2
02-14 14:51:03.317 D/LOWI-9.0.0.87.a( 1409): [LOWI-Scan]
02-14 14:51:03.317 I/liblog ( 1409): 5
02-14 14:51:03.317 I/liblog ( 1409): 1
02-14 14:51:03.317 D/LOWI-9.0.0.87.a( 1409): [LOWI-Scan]
02-14 14:51:03.317 D/LOWI-9.0.0.87.a( 1409): [LOWI-Scan] print_bss_handler: Report Probe TSF 1586628288 as it greater than Beacon TSF 0
02-14 14:51:03.317 D/LOWI-9.0.0.87.a( 1409): [LOWI-Scan] decode_rsn_wpa_ie: LOWI_ENCRYPTION_TYPE_WPA_PSK
02-14 14:51:03.317 I/liblog ( 1409): 1
02-14 14:51:03.317 I/liblog ( 1409): 1
02-14 14:51:03.317 I/liblog ( 1409): 1
02-14 14:51:03.317 I/liblog ( 1409): 1
02-14 14:51:03.317 D/LOWI-9.0.0.87.a( 1409): [LOWI-Scan]
02-14 14:51:03.317 D/LOWI-9.0.0.87.a( 1409): [LOWI-Scan] print_bss_handler: Report beacon TSF 1586825609 as it greater than probe TSF 1586791218
02-14 14:51:03.317 D/LOWI-9.0.0.87.a( 1409): [LOWI-Scan] decode_rsn_wpa_ie: LOWI_ENCRYPTION_TYPE_WPA_PSK
02-14 14:51:03.317 D/LOWI-9.0.0.87.a( 1409): [LOWI-Scan] is_qcom_ie, bss_age: 0
02-14 14:51:03.317 D/LOWI-9.0.0.87.a( 1409): [LOWI-Scan] BSS 18:6f:2d:25:0e:60 LOWI_PHY_MODE_11G(1), Beacon Interval: 100, LOWI_ENCRYPTION_TYPE_WPA_PSK 11mcRanging: No, ANQP: No, LCI: No, Civic: No, capability(0x0531): ESS Privacy ShortPreamble SpectrumMgmt ShortSlotTime
02-14 14:51:03.317 D/LOWI-9.0.0.87.a( 1409): [LOWI-Scan] BSS 18:6f:2d:25:0e:60 FREQ: 2462, cFreq1[40:80:160] = [0:0:0] cFreq2 = 0 Country Code = CN
02-14 14:51:03.317 D/LOWI-9.0.0.87.a( 1409): [LOWI-Scan] BSS 18:6f:2d:25:0e:60 (wlan0) ASSO: NO AddInfo: 0x1, TSF 0, 00:26:26.825, RSSI: -150, CPL: 127, AGE: 208, SSID Testing , TSFDelta: 0x25c4280c, TXRate: 0
02-14 14:51:03.317 D/LOWI-9.0.0.87.a( 1409): [LOWI-Scan]
02-14 14:51:03.317 D/LOWI-9.0.0.87.a( 1409): [LOWI-Scan] print_bss_handler: Report Probe TSF 1586791896 as it greater than Beacon TSF 0
02-14 14:51:03.317 D/LOWI-9.0.0.87.a( 1409): [LOWI-Scan] is_qcom_ie, bss_age: 0
02-14 14:51:03.317 D/LOWI-9.0.0.87.a( 1409): [LOWI-Scan] BSS 18:6f:2d:25:0e:61 LOWI_PHY_MODE_11G(1), Beacon Interval: 100, LOWI_ENCRYPTION_TYPE_OPEN 11mcRanging: No, ANQP: No, LCI: No, Civic: No, capability(0x0521): ESS ShortPreamble SpectrumMgmt ShortSlotTime
02-14 14:51:03.317 I/liblog ( 1409): 1
02-14 14:51:03.317 I/liblog ( 1409): 1
02-14 14:51:03.317 D/LOWI-9.0.0.87.a( 1409): [LOWI-Scan]
02-14 14:51:03.317 D/LOWI-9.0.0.87.a( 1409): [LOWI-Scan] print_bss_handler: Report beacon TSF 1586826644 as it greater than probe TSF 1586792467
02-14 14:51:03.317 D/LOWI-9.0.0.87.a( 1409): [LOWI-Scan] decode_rsn_wpa_ie: LOWI_ENCRYPTION_TYPE_WPA_PSK
02-14 14:51:03.317 I/liblog ( 1409): 1
02-14 14:51:03.317 I/liblog ( 1409): 1
02-14 14:51:03.317 I/liblog ( 1409): 1
02-14 14:51:03.317 I/liblog ( 1409): 6
02-14 14:51:03.317 I/liblog ( 1409): 1
02-14 14:51:03.317 I/liblog ( 1409): 1
02-14 14:51:03.317 I/liblog ( 1409): 1
02-14 14:51:03.317 D/LOWI-9.0.0.87.a( 1409): [LOWI-Scan] print_bss_handler: Report beacon TSF 1586930626 as it greater than probe TSF 1586930626
02-14 14:51:03.317 D/LOWI-9.0.0.87.a( 1409): [LOWI-Scan] is_qcom_ie, bss_age: 0
02-14 14:51:03.317 D/LOWI-9.0.0.87.a( 1409): [LOWI-Scan] BSS 18:6f:2d:0a:b8:43 LOWI_PHY_MODE_11NG_HT20(5), Beacon Interval: 100, LOWI_ENCRYPTION_TYPE_WPA_PSK 11mcRanging: No, ANQP: No, LCI: No, Civic: No, capability(0x0531): ESS Privacy ShortPreamble SpectrumMgmt ShortSlotTime
02-14 14:51:03.317 I/liblog ( 1409): 13
02-14 14:51:03.317 I/liblog ( 1409): 1
02-14 14:51:03.317 I/liblog ( 1409): 1
02-14 14:51:03.317 I/liblog ( 1409): 2
02-14 14:51:03.317 D/LOWI-9.0.0.87.a( 1409): [LOWI-Scan]
02-14 14:51:03.317 D/LOWI-9.0.0.87.a( 1409): [LOWI-Scan] print_bss_handler: Report Probe TSF 1586961789 as it greater than Beacon TSF 0
02-14 14:51:03.317 D/LOWI-9.0.0.87.a( 1409): [LOWI-Scan] decode_rsn_wpa_ie: LOWI_ENCRYPTION_TYPE_WPA_PSK
02-14 14:51:03.317 D/LOWI-9.0.0.87.a( 1409): [LOWI-Scan] is_qcom_ie, bss_age: 0
02-14 14:51:03.317 I/liblog ( 1409): 1
02-14 14:51:03.317 I/liblog ( 1409): 1
02-14 14:51:03.317 I/liblog ( 1409): 1
02-14 14:51:03.317 D/LOWI-9.0.0.87.a( 1409): [LOWI-Scan]
02-14 14:51:03.317 I/liblog ( 1409): 3
02-14 14:51:03.317 D/LOWI-9.0.0.87.a( 1409): [LOWI-Scan] BSS 18:6f:2d:81:18:81 FREQ: 2472, cFreq1[40:80:160] = [2472:0:0] cFreq2 = 0 Country Code = CN
02-14 14:51:03.317 I/liblog ( 1409): 2
02-14 14:51:03.317 D/LOWI-9.0.0.87.a( 1409): [LOWI-Scan]
02-14 14:51:03.317 D/LOWI-9.0.0.87.a( 1409): [LOWI-Scan] print_bss_handler: Report Probe TSF 1586971978 as it greater than Beacon TSF 0
02-14 14:51:03.317 D/LOWI-9.0.0.87.a( 1409): [LOWI-Scan] is_qcom_ie, bss_age: 0
02-14 14:51:03.317 D/LOWI-9.0.0.87.a( 1409): [LOWI-Scan] BSS 18:6f:2d:81:18:82 FREQ: 2472, cFreq1[40:80:160] = [2472:0:0] cFreq2 = 0 Country Code = CN
02-14 14:51:03.317 I/liblog ( 1409): 2
02-14 14:51:03.317 D/LOWI-9.0.0.87.a( 1409): [LOWI-Scan]
02-14 14:51:03.317 D/LOWI-9.0.0.87.a( 1409): [LOWI-Scan] print_bss_handler: Report Probe TSF 1586976510 as it greater than Beacon TSF 0
02-14 14:51:03.317 D/LOWI-9.0.0.87.a( 1409): [LOWI-Scan] decode_rsn_wpa_ie: LOWI_ENCRYPTION_TYPE_WPA_PSK
02-14 14:51:03.317 I/liblog ( 1409): 1
02-14 14:51:03.317 I/liblog ( 1409): 2
02-14 14:51:03.317 I/liblog ( 1409): 1
02-14 14:51:03.317 D/LOWI-9.0.0.87.a( 1409): [LOWI-Scan]
02-14 14:51:03.317 I/liblog ( 1409): 1
02-14 14:51:03.317 I/liblog ( 1409): 2
02-14 14:51:03.317 D/LOWI-9.0.0.87.a( 1409): [LOWI-Scan] BSS 18:6f:2d:81:18:85 LOWI_PHY_MODE_11NG_HT20(5), Beacon Interval: 100, LOWI_ENCRYPTION_TYPE_WPA_PSK 11mcRanging: No, ANQP: No, LCI: No, Civic: No, capability(0x0531): ESS Privacy ShortPreamble SpectrumMgmt ShortSlotTime
02-14 14:51:03.317 I/liblog ( 1409): 1
02-14 14:51:03.317 I/liblog ( 1409): 1
02-14 14:51:03.317 D/LOWI-9.0.0.87.a( 1409): [LOWIDiagLog] Log: lowiMeasResult->request: invalid null argument
02-14 14:51:03.317 I/liblog ( 1409): 1
02-14 14:51:03.317 D/LOWI-9.0.0.87.a( 1409): [LOWI-Scan] WipsScanUsingNL: passive scan cached 0, took 204650 ms, err 0
02-14 14:51:03.317 D/LOWI-9.0.0.87.a( 1409): [LOWI-Scan] lowi_proc_req_passive_scan_with_live_meas - No WLAN Frames to be parsed
02-14 14:51:03.317 D/LOWI-9.0.0.87.a( 1409): [LOWIScanResultReceiver] Send scan meas to listener
02-14 14:51:03.317 D/LOWI-9.0.0.87.a( 1409): [LOWIScanResultReceiver] Enter passive listening mode
02-14 14:51:03.317 D/LOWI-9.0.0.87.a( 1409): [LOWIWifiDriverInterface] getMeasurements - Passive listening mode
02-14 14:51:03.317 D/LOWI-9.0.0.87.a( 1409): [LOWIEventReceiver] handleEvent:FROM:NA, TO:NA, REQ:NA, IREQ:NA, REQ_ID:0, RESP:NA, INFO:NA
02-14 14:51:03.317 D/LOWI-9.0.0.87.a( 1409): [LOWIBackgroundScanMgr] isRspForBgScanMgr: evt(LOWI_NO_EVT) - not handled
02-14 14:51:03.317 D/LOWI-9.0.0.87.a( 1409): [LOWIScheduler] manageMsg: NULL results or NULL request in results
02-14 14:51:03.317 D/LOWI-9.0.0.87.a( 1409): [LOWIController] Measurements received
02-14 14:51:03.317 D/LOWI-9.0.0.87.a( 1409): [LOWICacheManager] putInCache:Num of Meas to add: 75
02-14 14:51:03.318 D/LOWI-9.0.0.87.a( 1409): [LOWI-Scan] WipsScanUsingNL:wait -1 sec for netlink message
02-14 14:51:03.318 D/LOWI-9.0.0.87.a( 1409): [LOWIController] processMeasurementResults: No current Request. Cache measurements
02-14 14:51:03.318 D/LOWI-9.0.0.87.a( 1409): [LOWIController] sendAsyncScanResponse: Request FreeWifiScanObserver_0 is from a different client.
02-14 14:51:03.318 D/LOWI-9.0.0.87.a( 1409): [LOWIController] generateResponse: Type (ASYNC_DISCOVERY_SCAN_RESULTS) ScanStatus (1) request FreeWifiScanObserver_0
02-14 14:51:03.318 D/LOWI-9.0.0.87.a( 1409): [LOWIEventDispatcher] sendResponse - originator = FreeWifiScanObserver
02-14 14:51:03.318 D/LOWI-9.0.0.87.a( 1409): [LOWIUtils] injectScanMeasurements - num of APs = 75
02-14 14:51:03.318 I/LOWI-9.0.0.87.a( 1409): [LOWIUtils] responseToOutPostcard - TO: FreeWifiScanObserver, FROM: LOWI-SERVER, RESP: LOWI_ASYNC_DISCOVERY_SCAN_RESULTS
02-14 14:51:03.319 D/LOWI-9.0.0.87.a( 1409): [LOWIControllerExtn] sendLOWILpDiscoveryScanResponse: Not a discovery scan response
02-14 14:51:03.332 D/PasspointManager( 1257): ANQP entry not found for: d8:32:14:df:f6:03:
02-14 14:51:03.367 W/WifiDebugService( 2367): Can not find target wifi network : hht_test_wifi_fc4318c9
02-14 14:51:03.954 I/mpu_uart( 646): [MSG-P:RECV]:No message received in 1000 ms
02-14 14:51:03.979 I/mpu_uart( 646): [MSG-P:R]:recv sync frame timeout
02-14 14:51:04.194 W/hpplay-java( 2772): [main]:IPManager:getActiveNets invalid networkInfo:null
02-14 14:51:04.195 I/hpplay-java( 2772): [main]:IPManager:getActiveNets eth0:false wifi:false mobile:false ap:false
02-14 14:51:04.195 I/hpplay-java( 2772): [main]:ServerTaskManager:get local ip:null
02-14 14:51:04.474 E/DTC_ETH,link_delay_work_func( 0): 3003, SQI=0, link=0
02-14 14:51:04.707 E/TaskPersister( 1257): File error accessing recents directory (directory doesn't exist?).
02-14 14:51:04.954 I/mpu_uart( 646): [MSG-P:RECV]:No message received in 1000 ms
02-14 14:51:05.196 W/hpplay-java( 2772): [main]:IPManager:getActiveNets invalid networkInfo:null
02-14 14:51:05.197 I/hpplay-java( 2772): [main]:IPManager:getActiveNets eth0:false wifi:false mobile:false ap:false
02-14 14:51:05.197 I/hpplay-java( 2772): [main]:ServerTaskManager:get local ip:null
02-14 14:51:05.240 W/FreeFormWindowHelper( 1257): Current Display FreeFormTask is null
02-14 14:51:05.242 W/FreeFormWindowHelper( 1257): Current Display FreeFormTask is null
02-14 14:51:05.243 W/FreeFormWindowHelper( 1257): Current Display FreeFormTask is null
02-14 14:51:05.246 I/wm_task_moved( 1257): [12,0,0]
02-14 14:51:05.246 W/FreeFormWindowHelper( 1257): Current Display FreeFormTask is null
02-14 14:51:05.247 I/wm_task_moved( 1257): [12,0,5]
02-14 14:51:05.247 I/EventSequenceValidator( 1257): inc AccIntentStartedEvents to 2
02-14 14:51:05.257 I/GameMode_ActivityMonitoringService( 2109): onForegroundActivitiesChanged uid 10079 pid 2598 fg true
02-14 14:51:05.258 I/InputDispatcher( 1257): Monitor swipe-up (server) is stealing touch from [51913a4 com.android.settings/com.android.settings.Settings (server), ]
02-14 14:51:05.261 I/view_enqueue_input_event( 5019): [Motion - Cancel,com.android.settings/com.android.settings.Settings]
02-14 14:51:05.262 I/input_focus( 1257): [Focus request recents_animation_input_consumer,reason=UpdateInputWindows]
02-14 14:51:05.263 I/GameMode_ActivityMonitoringService( 2109): Updating top task to: TaskInfoContainer [topActivity=ComponentInfo{com.android.settings/com.android.settings.Settings}, taskId=19, stackId=19, userId=0, displayId=0, position=6
02-14 14:51:05.263 I/GameMode_ActivityMonitoringService( 2109): Notifying about top task: TaskInfoContainer [topActivity=ComponentInfo{com.android.settings/com.android.settings.Settings}, taskId=19, stackId=19, userId=0, displayId=0, position=6
02-14 14:51:05.263 I/GameMode_ActivityMonitoringService( 2109): WindowMode: 1
02-14 14:51:05.263 E/GameMode_ActivityMonitoringService( 2109): onActivityLaunch:com.android.settings
02-14 14:51:05.263 V/GameMode_GameTypeUtils( 2109): judge isGame:com.android.settings
02-14 14:51:05.263 V/GameMode_GpuUtils( 2109): fps:60
02-14 14:51:05.264 D/GameMode_GameModeActionUtils( 2109): Show GameMode entry by service!
02-14 14:51:05.264 W/ContextImpl( 2109): Calling a method in the system process without a qualified user: android.app.ContextImpl.startService:1816 android.content.ContextWrapper.startService:774 com.thundercomm.gamemode.ingame.services.GameModeActionUtils.startGameModeService:111 com.thundercomm.gamemode.ingame.services.GameModeActionUtils.startGameModeEntry:22 com.thundercomm.gamemode.ingame.services.ActivityMonitoringService$1.onActivityLaunch:139
02-14 14:51:05.265 V/ShadeControllerImpl( 2009): NotificationShadeWindow: com.android.systemui.statusbar.phone.NotificationShadeWindowView{fbb743b I.E...... ......ID 0,0-2380,1020} canPanelBeCollapsed(): false
02-14 14:51:05.265 D/GameModeIF_GameModeSettings( 2109): getUriFor setting_content_uri_root = content://com.thundercomm.gamemode.api/gamemode_settings , name = gamemode_isgaming
02-14 14:51:05.265 I/input_interaction( 1257): Interaction with: edge-swipe (server), swipe-up (server), PointerEventDispatcher0 (server),
02-14 14:51:05.265 D/GameMode_GameModeService( 2109): type=hide_entry
02-14 14:51:05.267 I/GameModeConfig( 1257): Current uri is uri = content://com.thundercomm.gamemode.api/gamemode_settings/gamemode_isgaming
02-14 14:51:05.267 D/GameModeIF_GameModeSettings( 1257): getUriFor setting_content_uri_root = content://com.thundercomm.gamemode.api/gamemode_settings , name = gamemode_isgaming
02-14 14:51:05.267 D/GameModeIF_GameModeSettings( 2109): gamemode_isgaming set to 0
02-14 14:51:05.267 I/GameMode_ActivityMonitoringService( 2109): [Perf]-lastSession=
02-14 14:51:05.267 D/GameModeIF_GameModeSettings( 2109): getUriFor setting_content_uri_root = content://com.thundercomm.gamemode.api/gamemode_settings , name = gamemode_enable
02-14 14:51:05.269 D/GameMode_GameSettingsObserver( 2109): Game Data change!!!! uri = content://com.thundercomm.gamemode.api/gamemode_settings/gamemode_isgaming
02-14 14:51:05.269 D/GameModeIF_GameModeSettings( 2109): getUriFor setting_content_uri_root = content://com.thundercomm.gamemode.api/gamemode_settings , name = gamemode_isgaming
02-14 14:51:05.270 I/GameModeConfig( 1257): isGameModeOn = true
02-14 14:51:05.270 I/GameModeConfig( 1257): isGaming = false
02-14 14:51:05.270 I/GameModeConfig( 1257): isGameModeOn = true
02-14 14:51:05.270 I/GameModeConfig( 1257): isGaming = false
02-14 14:51:05.270 I/GameModeConfig( 1257): isDisableVoice = true
02-14 14:51:05.271 I/wm_on_restart_called( 2598): [190679017,com.android.launcher3.uioverrides.QuickstepLauncher,performRestartActivity]
02-14 14:51:05.271 D/StateManager( 2598): goToState: Background
02-14 14:51:05.272 D/GameMode_GameModeService( 2109): updateGlobalSettings = gamemode_isgaming
02-14 14:51:05.272 W/FreeFormWindowHelper( 1257): Current Display FreeFormTask is null
02-14 14:51:05.272 W/FreeFormWindowHelper( 1257): Current Display FreeFormTask is null
02-14 14:51:05.272 D/FreeWindowContainer( 2598): reloadTask: null
02-14 14:51:05.272 W/FreeFormWindowHelper( 1257): Current Display FreeFormTask is null
02-14 14:51:05.275 V/GameTypeUtils( 2598): judge isGame:com.android.calendar
02-14 14:51:05.275 V/GameTypeUtils( 2598): judge isGame:com.android.deskclock
02-14 14:51:05.275 V/GameTypeUtils( 2598): judge isGame:com.android.gallery3d
02-14 14:51:05.275 V/GameTypeUtils( 2598): judge isGame:com.android.music
02-14 14:51:05.275 V/GameTypeUtils( 2598): judge isGame:com.android.music
02-14 14:51:05.276 V/GameTypeUtils( 2598): judge isGame:com.microsoft.emmx
02-14 14:51:05.276 V/GameTypeUtils( 2598): judge isGame:com.android.documentsui
02-14 14:51:05.276 V/GameTypeUtils( 2598): judge isGame:com.hht.lebocast
02-14 14:51:05.276 V/GameTypeUtils( 2598): judge isGame:com.sohu.inputmethod.sogou.car
02-14 14:51:05.276 V/GameTypeUtils( 2598): judge isGame:com.tencent.tmgp.sgame
02-14 14:51:05.281 D/EditModeHelper( 2598): setHotseatVisibility: 8
02-14 14:51:05.284 I/BpBinder( 981): onLastStrongRef automatically unlinking death recipients:
02-14 14:51:05.285 I/input_focus( 1257): [Focus leaving 51913a4 com.android.settings/com.android.settings.Settings (server),reason=NOT_FOCUSABLE]
02-14 14:51:05.285 I/input_focus( 1257): [Focus entering recents_animation_input_consumer (server),reason=setFocusedWindow]
02-14 14:51:05.287 D/BaseIconFactory( 2598): normalizeAndWrapToAdaptiveIcon: scale=0.8095241
02-14 14:51:05.288 W/ActivityTaskManager( 1257): getTaskSnapshot: taskId=1019 not found
02-14 14:51:05.288 I/wm_on_start_called( 2598): [190679017,com.android.launcher3.uioverrides.QuickstepLauncher,handleStartActivity]
02-14 14:51:05.289 W/FreeFormWindowHelper( 1257): Current Display FreeFormTask is null
02-14 14:51:05.289 D/BaseIconFactory( 2598): normalizeAndWrapToAdaptiveIcon: scale=0.8095241
02-14 14:51:05.289 W/ActivityTaskManager( 1257): getTaskSnapshot: taskId=2019 not found
02-14 14:51:05.291 W/ActivityTaskManager( 1257): getTaskSnapshot: taskId=1019 not found
02-14 14:51:05.291 W/ActivityTaskManager( 1257): getTaskSnapshot: taskId=2019 not found
02-14 14:51:05.292 D/BaseIconFactory( 2598): normalizeAndWrapToAdaptiveIcon: scale=0.8095241
02-14 14:51:05.292 W/ActivityTaskManager( 1257): getTaskSnapshot: taskId=3019 not found
02-14 14:51:05.293 D/BaseIconFactory( 2598): normalizeAndWrapToAdaptiveIcon: scale=0.8095241
02-14 14:51:05.295 W/ActivityTaskManager( 1257): getTaskSnapshot: taskId=4019 not found
02-14 14:51:05.295 D/BaseIconFactory( 2598): normalizeAndWrapToAdaptiveIcon: scale=0.8095241
02-14 14:51:05.296 W/ActivityTaskManager( 1257): getTaskSnapshot: taskId=5019 not found
02-14 14:51:05.296 W/FreeFormWindowHelper( 1257): Current Display FreeFormTask is null
02-14 14:51:05.297 D/BaseIconFactory( 2598): normalizeAndWrapToAdaptiveIcon: scale=0.8095241
02-14 14:51:05.297 W/FreeFormWindowHelper( 1257): Current Display FreeFormTask is null
02-14 14:51:05.297 W/ActivityTaskManager( 1257): getTaskSnapshot: taskId=1019 not found
02-14 14:51:05.297 W/ActivityTaskManager( 1257): getTaskSnapshot: taskId=2019 not found
02-14 14:51:05.297 W/ActivityTaskManager( 1257): getTaskSnapshot: taskId=3019 not found
02-14 14:51:05.297 W/ActivityTaskManager( 1257): getTaskSnapshot: taskId=4019 not found
02-14 14:51:05.298 W/ActivityTaskManager( 1257): getTaskSnapshot: taskId=5019 not found
02-14 14:51:05.298 I/LatencyTracker( 2598): ACTION_TOGGLE_RECENTS latency=72
02-14 14:51:05.298 I/sysui_latency( 2598): [1,72]
02-14 14:51:05.299 W/ActivityTaskManager( 1257): getTaskSnapshot: taskId=1019 not found
02-14 14:51:05.299 W/ActivityTaskManager( 1257): getTaskSnapshot: taskId=2019 not found
02-14 14:51:05.299 W/ActivityTaskManager( 1257): getTaskSnapshot: taskId=3019 not found
02-14 14:51:05.299 W/ActivityTaskManager( 1257): getTaskSnapshot: taskId=4019 not found
02-14 14:51:05.299 W/ActivityTaskManager( 1257): getTaskSnapshot: taskId=5019 not found
02-14 14:51:05.313 I/sysui_multi_action( 1257): [319,8,322,64,325,1588,757,761,758,9,759,5,806,com.android.launcher3,871,com.android.launcher3.uioverrides.QuickstepLauncher,904,com.android.launcher3,905,0,1320,4,1321,1]
02-14 14:51:05.313 I/EventSequenceValidator( 1257): dec AccIntentStartedEvents to 1
02-14 14:51:05.318 W/FreeFormWindowHelper( 1257): Current Display FreeFormTask is null
02-14 14:51:05.318 W/FreeFormWindowHelper( 1257): Current Display FreeFormTask is null
02-14 14:51:05.377 W/OrientationEventListener( 2598): Cannot detect sensors. Invalid disable
02-14 14:51:05.381 D/FreeWindowHelper( 2598): enterOrExitRecentTasks: isEnterRecentTasks=false,mExitFlag=0
02-14 14:51:05.381 W/FreeFormWindowHelper( 1257): exitRecentTasks type=0
02-14 14:51:05.381 D/EditModeHelper( 2598): setHotseatVisibility: 0
02-14 14:51:05.387 W/FreeFormWindowHelper( 1257): Current Display FreeFormTask is null
02-14 14:51:05.388 W/FreeFormWindowHelper( 1257): Current Display FreeFormTask is null
02-14 14:51:05.389 W/View ( 2598): requestLayout() improperly called by com.android.launcher3.views.NoInsetView{495d9ca V.ED..... ......ID 2038,0-2380,1020 #7f09007c app:id/bg_hotseat} during layout: running second layout pass
02-14 14:51:05.398 E/tlogd ( 1378): [TzLogger](isPathReadable) file /sys/kernel/debug/tzdbg/qsee_log isn't exist or no permission, err: No such file or directory
02-14 14:51:05.398 E/tlogd ( 1378): [TzLogger](saveTzlogAsync) /sys/kernel/debug/tzdbg/qsee_log can not read.
02-14 14:51:05.398 E/tlogd ( 1378): [TzLogger](isPathReadable) file /sys/kernel/debug/tzdbg/log isn't exist or no permission, err: No such file or directory
02-14 14:51:05.399 E/tlogd ( 1378): [TzLogger](saveTzlogAsync) /sys/kernel/debug/tzdbg/log can not read.
02-14 14:51:05.488 I/commit_sys_config_file( 1257): [settings-1-0,5]
02-14 14:51:05.611 I/LatencyTracker( 1257): ACTION_START_RECENTS_ANIMATION latency=80
02-14 14:51:05.611 I/sysui_latency( 1257): [8,80]
02-14 14:51:05.927 I/input_interaction( 1257): Interaction with: a1239 StatusBar (server), edge-swipe (server), swipe-up (server), PointerEventDispatcher0 (server),
02-14 14:51:05.933 I/sysui_multi_action( 2009): [757,803,799,panel_open,802,1]
02-14 14:51:05.936 I/sysui_multi_action( 2009): [757,1328,758,4,1326,41,1327,2,1329,0]
02-14 14:51:05.946 D/RemoteControlService( 2312): startVlanDispatchThread
02-14 14:51:05.954 I/mpu_uart( 646): [MSG-P:RECV]:No message received in 1000 ms
02-14 14:51:05.980 D/StatusBar( 2009): disable disable2
02-14 14:51:05.980 I/sysui_multi_action( 1257): [757,127,758,1]
02-14 14:51:05.980 I/sysui_multi_action( 1257): [757,804,799,note_load,801,3,802,1]
02-14 14:51:05.980 I/notification_panel_revealed( 1257): 3
02-14 14:51:05.988 W/RingtonePlayer( 2009): STOP command without a player
02-14 14:51:05.995 I/input_focus( 1257): [Focus request d8c1894 NotificationShade,reason=UpdateInputWindows]
02-14 14:51:06.006 I/sysui_multi_action( 1257): [757,128,758,1,793,1577165,794,0,795,1577165,796,26,798,0,806,android,857,DEVELOPER_IMPORTANT,858,4,947,0,1395,3,1500,1576723,1688,1]
02-14 14:51:06.006 I/sysui_multi_action( 1257): [757,804,799,note_freshness,801,1577165,802,1]
02-14 14:51:06.006 I/notification_visibility( 1257): [-1|android|26|null|1000,1,1577165,1577165,0,0]
02-14 14:51:06.006 I/sysui_multi_action( 1257): [757,128,758,1,793,1572441,794,0,795,1572441,796,17303299,797,com.android.wifi,798,1,806,android,857,NETWORK_AVAILABLE,858,2,947,0,1395,3,1500,1572241,1688,1]
02-14 14:51:06.006 I/sysui_multi_action( 1257): [757,804,799,note_freshness,801,1572441,802,1]
02-14 14:51:06.006 I/notification_visibility( 1257): [0|android|17303299|com.android.wifi|1000,1,1572441,1572441,0,1]
02-14 14:51:06.006 I/sysui_multi_action( 1257): [757,128,758,1,793,1578030,794,0,795,1578030,796,32,798,2,806,android,857,USB,858,1,947,0,1395,3,1500,1577962,1688,1]
02-14 14:51:06.006 I/sysui_multi_action( 1257): [757,804,799,note_freshness,801,1578030,802,1]
02-14 14:51:06.006 I/notification_visibility( 1257): [-1|android|32|null|1000,1,1578030,1578030,0,2]
02-14 14:51:06.016 D/EditModeHelper( 2598): setHotseatVisibility: 0
02-14 14:51:06.020 W/FreeFormWindowHelper( 1257): Current Display FreeFormTask is null
02-14 14:51:06.020 W/FreeFormWindowHelper( 1257): Current Display FreeFormTask is null
02-14 14:51:06.021 I/input_focus( 1257): [Focus leaving recents_animation_input_consumer (server),reason=setFocusedWindow]
02-14 14:51:06.021 I/input_focus( 1257): [Focus entering d8c1894 NotificationShade (server),reason=setFocusedWindow]
02-14 14:51:06.022 I/wm_task_moved( 1257): [12,1,6]
02-14 14:51:06.023 I/wm_task_moved( 1257): [13,1,2147483647]
02-14 14:51:06.023 I/wm_task_to_front( 1257): [0,13]
02-14 14:51:06.023 I/wm_focused_root_task( 1257): [0,0,12,19,RecentsAnimation.onAnimationFinished()]
02-14 14:51:06.023 I/wm_set_resumed_activity( 1257): [0,com.android.launcher3/.uioverrides.QuickstepLauncher,RecentsAnimation.onAnimationFinished()]
02-14 14:51:06.023 I/wm_on_top_resumed_lost_called( 5019): [8998402,com.android.settings.Settings,topStateChangedWhenResumed]
02-14 14:51:06.023 D/ActivityTrigger( 1257): ActivityTrigger activityPauseTrigger
02-14 14:51:06.023 I/wm_pause_activity( 1257): [0,8998402,com.android.settings/.Settings,userLeaving=true,pauseBackTasks]
02-14 14:51:06.024 I/wm_add_to_stopping( 1257): [0,8998402,com.android.settings/.Settings,makeInvisible]
02-14 14:51:06.024 I/ActivityTaskManager( 1257): FOREGROUND_APPLICATION_CHANGED to com.android.launcher3.uioverrides.QuickstepLauncher
02-14 14:51:06.024 I/wm_set_resumed_activity( 1257): [0,com.android.launcher3/.uioverrides.QuickstepLauncher,resumeTopActivityInnerLocked]
02-14 14:51:06.027 I/wm_resume_activity( 1257): [0,190679017,13,com.android.launcher3/.uioverrides.QuickstepLauncher]
02-14 14:51:06.028 I/wm_on_resume_called( 2598): [190679017,com.android.launcher3.uioverrides.QuickstepLauncher,RESUME_ACTIVITY]
02-14 14:51:06.033 I/wm_on_top_resumed_gained_called( 2598): [190679017,com.android.launcher3.uioverrides.QuickstepLauncher,topStateChangedWhenResumed]
02-14 14:51:06.034 I/sysui_multi_action( 5019): [757,35,758,2,1089,4116]
02-14 14:51:06.036 I/wm_stop_activity( 1257): [0,8998402,com.android.settings/.Settings]
02-14 14:51:06.037 I/sysui_multi_action( 5019): [757,746,758,2,1089,3976]
02-14 14:51:06.039 D/BluetoothPan( 5019): Unbinding service...
02-14 14:51:06.043 I/wm_on_paused_called( 5019): [8998402,com.android.settings.Settings,performPause]
02-14 14:51:06.048 I/TetheringManager( 5019): unregisterTetheringEventCallback caller:com.android.settings
02-14 14:51:06.049 I/sysui_multi_action( 1257): [757,803,799,window_time_0,802,4]
02-14 14:51:06.050 I/sysui_multi_action( 1257): [757,803,799,window_time_0,802,0]
02-14 14:51:06.053 W/System ( 2009): A resource failed to call release.
02-14 14:51:06.053 W/System ( 2009): A resource failed to call release.
02-14 14:51:06.053 I/sysui_multi_action( 2009): [757,111,758,1]
02-14 14:51:06.053 I/sysui_multi_action( 2009): [757,126,758,1,759,126,927,0,928,1,1593,0]
02-14 14:51:06.053 I/sysui_multi_action( 2009): [757,113,758,1,759,113,927,1,928,1,1593,0]
02-14 14:51:06.054 I/sysui_multi_action( 2009): [757,0,758,1,759,0,927,2,928,0,1593,0]
02-14 14:51:06.054 I/sysui_multi_action( 2009): [757,0,758,1,759,0,927,3,928,0,1593,0]
02-14 14:51:06.054 I/sysui_multi_action( 2009): [757,491,758,1,759,491,927,4,928,0,1311,-1,1593,0]
02-14 14:51:06.054 I/sysui_multi_action( 2009): [757,0,758,1,759,0,927,5,928,0,1593,0]
02-14 14:51:06.054 I/sysui_multi_action( 2009): [757,111,758,1]
02-14 14:51:06.054 I/sysui_multi_action( 2009): [757,126,758,1,759,126,927,0,928,1,1593,0]
02-14 14:51:06.054 I/sysui_multi_action( 2009): [757,113,758,1,759,113,927,1,928,1,1593,0]
02-14 14:51:06.054 I/sysui_multi_action( 2009): [757,0,758,1,759,0,927,2,928,0,1593,0]
02-14 14:51:06.054 I/sysui_multi_action( 2009): [757,0,758,1,759,0,927,3,928,0,1593,0]
02-14 14:51:06.054 W/System ( 2009): A resource failed to call close.
02-14 14:51:06.055 W/System ( 2009): A resource failed to call close.
02-14 14:51:06.056 I/wm_on_stop_called( 5019): [8998402,com.android.settings.Settings,STOP_ACTIVITY_ITEM]
02-14 14:51:06.072 I/GameMode_ActivityMonitoringService( 2109): onForegroundActivitiesChanged uid 1000 pid 5019 fg false
02-14 14:51:06.073 I/GameMode_ActivityMonitoringService( 2109): Updating top task to: TaskInfoContainer [topActivity=ComponentInfo{com.android.launcher3/com.android.launcher3.uioverrides.QuickstepLauncher}, taskId=13, stackId=12, userId=0, displayId=0, position=6
02-14 14:51:06.073 I/GameMode_ActivityMonitoringService( 2109): Notifying about top task: TaskInfoContainer [topActivity=ComponentInfo{com.android.launcher3/com.android.launcher3.uioverrides.QuickstepLauncher}, taskId=13, stackId=12, userId=0, displayId=0, position=6
