--------- beginning of events
01-02 04:39:08.209 I/snet_event_log( 506): [121035042,-1,]
01-02 04:39:08.212 I/snet_event_log( 508): [121035042,-1,]
01-02 04:39:08.215 I/auditd ( 506): SELinux: Loaded service_contexts from:
01-02 04:39:08.215 I/auditd ( 506): /system/etc/selinux/plat_service_contexts
01-02 04:39:08.215 I/auditd ( 506): /system_ext/etc/selinux/system_ext_service_contexts
01-02 04:39:08.215 I/auditd ( 506): /product/etc/selinux/product_service_contexts
01-02 04:39:08.215 I/auditd ( 506): /vendor/etc/selinux/vendor_service_contexts
01-01 08:00:00.103 I/auditd ( 504): type=2000 audit(0.0:1): state=initialized audit_enabled=0 res=1
01-02 04:39:07.527 I/auditd ( 504): type=1403 audit(0.0:2): auid=4294967295 ses=4294967295 lsm=selinux res=1
01-02 04:39:07.527 I/auditd ( 504): type=1404 audit(0.0:3): enforcing=1 old_enforcing=0 auid=4294967295 ses=4294967295 enabled=1 old-enabled=1 lsm=selinux res=1
01-02 04:39:07.571 I/auditd ( 1): type=1400 audit(0.0:4): avc: denied { relabelto } for comm="init" name="persist" dev="tmpfs" ino=12312 scontext=u:r:init:s0 tcontext=u:object_r:vendor_persist_block_device:s0 tclass=lnk_file permissive=0
01-02 04:39:07.591 I/auditd ( 1): type=1107 audit(0.0:5): uid=0 auid=4294967295 ses=4294967295 subj=u:r:init:s0 msg='avc: denied { read } for property=persist.debug.trace pid=0 uid=0 gid=0 scontext=u:r:vendor_init:s0 tcontext=u:object_r:persist_debug_prop:s0 tclass=file permissive=0'
01-02 04:39:07.835 I/auditd ( 480): type=1400 audit(0.0:6): avc: denied { read } for comm="ueventd" name="persist" dev="tmpfs" ino=12312 scontext=u:r:ueventd:s0 tcontext=u:object_r:tmpfs:s0 tclass=lnk_file permissive=0
01-02 04:39:07.955 I/auditd ( 1): type=1400 audit(0.0:7): avc: denied { mounton } for comm="init" path="/sys/kernel/tracing" dev="tracefs" ino=1 scontext=u:r:init:s0 tcontext=u:object_r:debugfs_tracing_debug:s0 tclass=dir permissive=0
01-02 04:39:08.211 I/auditd ( 512): type=1400 audit(0.0:8): avc: denied { ptrace } for comm="crash_dump64" scontext=u:r:crash_dump:s0 tcontext=u:r:init:s0 tclass=process permissive=0
01-02 04:39:08.231 I/auditd ( 522): type=1400 audit(0.0:9): avc: denied { read write } for comm="fsck_msdos" name="sde51" dev="tmpfs" ino=11710 scontext=u:r:fsck:s0 tcontext=u:object_r:block_device:s0 tclass=blk_file permissive=0
01-02 04:39:08.231 I/auditd ( 522): type=1400 audit(0.0:10): avc: denied { read } for comm="fsck_msdos" name="sde51" dev="tmpfs" ino=11710 scontext=u:r:fsck:s0 tcontext=u:object_r:block_device:s0 tclass=blk_file permissive=0
01-02 04:39:08.231 I/auditd ( 522): type=1400 audit(0.0:11): avc: denied { kill } for comm="fsck_msdos" capability=5 scontext=u:r:fsck:s0 tcontext=u:r:fsck:s0 tclass=capability permissive=0
01-02 04:39:08.247 I/auditd ( 549): type=1400 audit(0.0:12): avc: denied { read } for comm="e2fsck" name="persist" dev="tmpfs" ino=12312 scontext=u:r:fsck:s0 tcontext=u:object_r:tmpfs:s0 tclass=lnk_file permissive=0
01-02 04:39:08.247 I/auditd ( 549): type=1400 audit(0.0:13): avc: denied { read } for comm="e2fsck" name="persist" dev="tmpfs" ino=12312 scontext=u:r:fsck:s0 tcontext=u:object_r:tmpfs:s0 tclass=lnk_file permissive=0
01-02 04:39:08.247 I/auditd ( 549): type=1400 audit(0.0:14): avc: denied { read } for comm="e2fsck" name="persist" dev="tmpfs" ino=12312 scontext=u:r:fsck:s0 tcontext=u:object_r:tmpfs:s0 tclass=lnk_file permissive=0
01-02 04:39:08.247 I/auditd ( 549): type=1400 audit(0.0:15): avc: denied { read } for comm="e2fsck" name="persist" dev="tmpfs" ino=12312 scontext=u:r:fsck:s0 tcontext=u:object_r:tmpfs:s0 tclass=lnk_file permissive=0
01-02 04:39:08.247 I/auditd ( 549): type=1400 audit(0.0:16): avc: denied { read } for comm="e2fsck" name="persist" dev="tmpfs" ino=12312 scontext=u:r:fsck:s0 tcontext=u:object_r:tmpfs:s0 tclass=lnk_file permissive=0
01-02 04:39:08.247 I/auditd ( 549): type=1400 audit(0.0:17): avc: denied { read } for comm="e2fsck" name="persist" dev="tmpfs" ino=12312 scontext=u:r:fsck:s0 tcontext=u:object_r:tmpfs:s0 tclass=lnk_file permissive=0
01-02 04:39:08.247 I/auditd ( 549): type=1400 audit(0.0:18): avc: denied { read } for comm="e2fsck" name="persist" dev="tmpfs" ino=12312 scontext=u:r:fsck:s0 tcontext=u:object_r:tmpfs:s0 tclass=lnk_file permissive=0
01-02 04:39:08.247 I/auditd ( 549): type=1400 audit(0.0:19): avc: denied { kill } for comm="e2fsck" capability=5 scontext=u:r:fsck:s0 tcontext=u:r:fsck:s0 tclass=capability permissive=0
01-02 04:39:08.359 I/auditd ( 477): type=1400 audit(0.0:20): avc: denied { read } for comm="ueventd" name="persist" dev="tmpfs" ino=12312 scontext=u:r:ueventd:s0 tcontext=u:object_r:tmpfs:s0 tclass=lnk_file permissive=0
01-02 04:39:09.319 I/auditd ( 609): type=1400 audit(0.0:21): avc: denied { kill } for comm="vdc" capability=5 scontext=u:r:vdc:s0 tcontext=u:r:vdc:s0 tclass=capability permissive=0
01-02 04:39:09.337 I/auditd ( 569): SELinux: Loaded keystore2_key_contexts from:
01-02 04:39:09.337 I/auditd ( 569): /system/etc/selinux/plat_keystore2_key_contexts
01-02 04:39:09.351 I/auditd ( 612): type=1400 audit(0.0:22): avc: denied { kill } for comm="fsck.f2fs" capability=5 scontext=u:r:fsck:s0 tcontext=u:r:fsck:s0 tclass=capability permissive=0
01-02 04:39:09.375 I/auditd ( 611): type=1400 audit(0.0:23): avc: denied { kill } for comm="vdc" capability=5 scontext=u:r:vdc:s0 tcontext=u:r:vdc:s0 tclass=capability permissive=0
01-02 04:39:09.579 I/auditd ( 1): type=1400 audit(0.0:24): avc: denied { getattr } for comm="init" path="/product/bin/init.qti.display.sh" dev="dm-7" ino=68 scontext=u:r:init:s0 tcontext=u:object_r:vendor_sys_qti_display_exec:s0 tclass=file permissive=0
02-14 14:24:43.292 I/liblog ( 658): 208
02-14 14:24:43.292 I/liblog ( 658): 1
02-14 14:24:43.293 I/liblog ( 658): 63
02-14 14:24:43.297 I/liblog ( 658): 304
02-14 14:24:43.298 I/liblog ( 658): 46
02-14 14:24:43.298 I/liblog ( 658): 2
02-14 14:24:43.298 I/liblog ( 658): 1
02-14 14:24:43.298 I/liblog ( 658): 72
02-14 14:24:43.298 I/liblog ( 658): 1
02-14 14:24:43.537 I/boot_progress_start( 667): 7254
02-14 14:24:43.780 I/auditd ( 835): type=1400 audit(0.0:25): avc: denied { read } for comm="vendor.qti.hard" name="u:object_r:vendor_cap_configstore_dbg_prop:s0" dev="tmpfs" ino=12592 scontext=u:r:vendor_hal_capabilityconfigstore_qti_default:s0 tcontext=u:object_r:vendor_cap_configstore_dbg_prop:s0 tclass=file permissive=0
02-14 14:24:43.816 I/auditd ( 7): type=1400 audit(0.0:26): avc: denied { create } for comm="kworker/u16:0" scontext=u:r:kernel:s0 tcontext=u:r:kernel:s0 tclass=qipcrtr_socket permissive=0
02-14 14:24:43.820 I/auditd ( 278): type=1400 audit(0.0:27): avc: denied { create } for comm="kworker/u16:5" scontext=u:r:kernel:s0 tcontext=u:r:kernel:s0 tclass=qipcrtr_socket permissive=0
02-14 14:24:43.820 I/auditd ( 80): type=1400 audit(0.0:28): avc: denied { create } for comm="kworker/u16:1" scontext=u:r:kernel:s0 tcontext=u:r:kernel:s0 tclass=qipcrtr_socket permissive=0
02-14 14:24:43.820 I/auditd ( 282): type=1400 audit(0.0:29): avc: denied { create } for comm="kworker/u16:7" scontext=u:r:kernel:s0 tcontext=u:r:kernel:s0 tclass=qipcrtr_socket permissive=0
02-14 14:24:43.820 I/auditd ( 282): type=1400 audit(0.0:31): avc: denied { create } for comm="kworker/u16:7" scontext=u:r:kernel:s0 tcontext=u:r:kernel:s0 tclass=qipcrtr_socket permissive=0
02-14 14:24:43.820 I/auditd ( 282): type=1400 audit(0.0:32): avc: denied { create } for comm="kworker/u16:7" scontext=u:r:kernel:s0 tcontext=u:r:kernel:s0 tclass=qipcrtr_socket permissive=0
02-14 14:24:43.820 I/auditd ( 80): type=1400 audit(0.0:30): avc: denied { create } for comm="kworker/u16:1" scontext=u:r:kernel:s0 tcontext=u:r:kernel:s0 tclass=qipcrtr_socket permissive=0
02-14 14:24:43.820 I/auditd ( 282): type=1400 audit(0.0:34): avc: denied { create } for comm="kworker/u16:7" scontext=u:r:kernel:s0 tcontext=u:r:kernel:s0 tclass=qipcrtr_socket permissive=0
02-14 14:24:43.820 I/auditd ( 278): type=1400 audit(0.0:33): avc: denied { create } for comm="kworker/u16:5" scontext=u:r:kernel:s0 tcontext=u:r:kernel:s0 tclass=qipcrtr_socket permissive=0
02-14 14:24:43.820 I/auditd ( 282): type=1400 audit(0.0:36): avc: denied { create } for comm="kworker/u16:7" scontext=u:r:kernel:s0 tcontext=u:r:kernel:s0 tclass=qipcrtr_socket permissive=0
02-14 14:24:43.820 I/auditd ( 80): type=1400 audit(0.0:35): avc: denied { create } for comm="kworker/u16:1" scontext=u:r:kernel:s0 tcontext=u:r:kernel:s0 tclass=qipcrtr_socket permissive=0
02-14 14:24:43.820 I/auditd ( 282): type=1400 audit(0.0:38): avc: denied { create } for comm="kworker/u16:7" scontext=u:r:kernel:s0 tcontext=u:r:kernel:s0 tclass=qipcrtr_socket permissive=0
02-14 14:24:43.820 I/auditd ( 455): type=1400 audit(0.0:37): avc: denied { create } for comm="kworker/u16:15" scontext=u:r:kernel:s0 tcontext=u:r:kernel:s0 tclass=qipcrtr_socket permissive=0
02-14 14:24:43.820 I/auditd ( 278): type=1400 audit(0.0:39): avc: denied { create } for comm="kworker/u16:5" scontext=u:r:kernel:s0 tcontext=u:r:kernel:s0 tclass=qipcrtr_socket permissive=0
02-14 14:24:43.820 I/auditd ( 7): type=1400 audit(0.0:40): avc: denied { create } for comm="kworker/u16:0" scontext=u:r:kernel:s0 tcontext=u:r:kernel:s0 tclass=qipcrtr_socket permissive=0
02-14 14:24:43.820 I/auditd ( 80): type=1400 audit(0.0:41): avc: denied { create } for comm="kworker/u16:1" scontext=u:r:kernel:s0 tcontext=u:r:kernel:s0 tclass=qipcrtr_socket permissive=0
02-14 14:24:43.820 I/auditd ( 455): type=1400 audit(0.0:42): avc: denied { create } for comm="kworker/u16:15" scontext=u:r:kernel:s0 tcontext=u:r:kernel:s0 tclass=qipcrtr_socket permissive=0
02-14 14:24:43.820 I/auditd ( 272): type=1400 audit(0.0:43): avc: denied { create } for comm="kworker/u16:2" scontext=u:r:kernel:s0 tcontext=u:r:kernel:s0 tclass=qipcrtr_socket permissive=0
02-14 14:24:43.820 I/auditd ( 274): type=1400 audit(0.0:44): avc: denied { create } for comm="kworker/u16:3" scontext=u:r:kernel:s0 tcontext=u:r:kernel:s0 tclass=qipcrtr_socket permissive=0
02-14 14:24:43.820 I/auditd ( 276): type=1400 audit(0.0:45): avc: denied { create } for comm="kworker/u16:4" scontext=u:r:kernel:s0 tcontext=u:r:kernel:s0 tclass=qipcrtr_socket permissive=0
02-14 14:24:43.820 I/auditd ( 280): type=1400 audit(0.0:46): avc: denied { create } for comm="kworker/u16:6" scontext=u:r:kernel:s0 tcontext=u:r:kernel:s0 tclass=qipcrtr_socket permissive=0
02-14 14:24:43.881 I/snet_event_log( 668): [200284993,-1,]
02-14 14:24:43.883 I/snet_event_log( 667): [200284993,-1,]
02-14 14:24:43.888 I/auditd ( 475): type=1400 audit(0.0:47): avc: denied { create } for comm="init" name="drm" scontext=u:r:vendor_init:s0 tcontext=u:object_r:mnt_product_file:s0 tclass=dir permissive=0
02-14 14:24:43.888 I/auditd ( 475): type=1400 audit(0.0:48): avc: denied { create } for comm="init" name="bluetooth" scontext=u:r:vendor_init:s0 tcontext=u:object_r:mnt_product_file:s0 tclass=dir permissive=0
02-14 14:24:43.892 I/auditd ( 475): type=1400 audit(0.0:49): avc: denied { create } for comm="init" name="misc" scontext=u:r:vendor_init:s0 tcontext=u:object_r:mnt_product_file:s0 tclass=dir permissive=0
02-14 14:24:43.892 I/auditd ( 475): type=1400 audit(0.0:50): avc: denied { create } for comm="init" name="alarm" scontext=u:r:vendor_init:s0 tcontext=u:object_r:mnt_product_file:s0 tclass=dir permissive=0
02-14 14:24:43.900 I/auditd ( 986): type=1400 audit(0.0:51): avc: denied { read write } for comm="sensors.qti" name="diag" dev="tmpfs" ino=11682 scontext=u:r:vendor_sensors_qti:s0 tcontext=u:object_r:vendor_diag_device:s0 tclass=chr_file permissive=0
02-14 14:24:43.900 I/auditd ( 475): type=1400 audit(0.0:52): avc: denied { setattr } for comm="init" name="rawdump" dev="tmpfs" ino=12875 scontext=u:r:vendor_init:s0 tcontext=u:object_r:block_device:s0 tclass=lnk_file permissive=0
02-14 14:24:43.900 I/auditd ( 475): type=1400 audit(0.0:53): avc: denied { setattr } for comm="init" name="rawdump" dev="tmpfs" ino=12875 scontext=u:r:vendor_init:s0 tcontext=u:object_r:block_device:s0 tclass=lnk_file permissive=0
02-14 14:24:43.956 I/auditd ( 837): type=1400 audit(0.0:54): avc: denied { read write } for comm="vendor.qti.hard" name="diag" dev="tmpfs" ino=11682 scontext=u:r:hal_graphics_composer_default:s0 tcontext=u:object_r:vendor_diag_device:s0 tclass=chr_file permissive=0
02-14 14:24:43.991 I/boot_progress_preload_start( 667): 7708
02-14 14:24:44.050 I/auditd ( 506): avc: denied { find } for pid=981 uid=1000 name=vendor.qti.hardware.display.config.IDisplayConfig/default scontext=u:r:surfaceflinger:s0 tcontext=u:object_r:default_android_service:s0 tclass=service_manager permissive=0
02-14 14:24:44.054 I/auditd ( 506): avc: denied { find } for pid=981 uid=1000 name=vendor.qti.hardware.display.config.IDisplayConfig/default scontext=u:r:surfaceflinger:s0 tcontext=u:object_r:default_android_service:s0 tclass=service_manager permissive=0
02-14 14:24:44.100 I/auditd ( 986): type=1400 audit(0.0:55): avc: denied { read write } for comm="sensors.qti" name="diag" dev="tmpfs" ino=11682 scontext=u:r:vendor_sensors_qti:s0 tcontext=u:object_r:vendor_diag_device:s0 tclass=chr_file permissive=0
02-14 14:24:44.160 I/auditd ( 1045): type=1400 audit(0.0:56): avc: denied { write } for comm="init.qcom.usb.s" name="uvc.0" dev="configfs" ino=18686 scontext=u:r:vendor_qti_init_shell:s0 tcontext=u:object_r:configfs:s0 tclass=dir permissive=0
02-14 14:24:44.160 I/auditd ( 1045): type=1400 audit(0.0:57): avc: denied { write } for comm="init.qcom.usb.s" name="uvc.0" dev="configfs" ino=18686 scontext=u:r:vendor_qti_init_shell:s0 tcontext=u:object_r:configfs:s0 tclass=dir permissive=0
02-14 14:24:44.168 I/auditd ( 1120): type=1400 audit(0.0:58): avc: denied { write } for comm="mkdir" name="header" dev="configfs" ino=18688 scontext=u:r:vendor_qti_init_shell:s0 tcontext=u:object_r:configfs:s0 tclass=dir permissive=0
02-14 14:24:44.172 I/auditd ( 1121): type=1400 audit(0.0:59): avc: denied { write } for comm="ln" name="fs" dev="configfs" ino=18697 scontext=u:r:vendor_qti_init_shell:s0 tcontext=u:object_r:configfs:s0 tclass=dir permissive=0
02-14 14:24:44.176 I/auditd ( 1122): type=1400 audit(0.0:60): avc: denied { write } for comm="ln" name="ss" dev="configfs" ino=18698 scontext=u:r:vendor_qti_init_shell:s0 tcontext=u:object_r:configfs:s0 tclass=dir permissive=0
02-14 14:24:44.184 I/auditd ( 1123): type=1400 audit(0.0:61): avc: denied { write } for comm="mkdir" name="uncompressed" dev="configfs" ino=18701 scontext=u:r:vendor_qti_init_shell:s0 tcontext=u:object_r:configfs:s0 tclass=dir permissive=0
02-14 14:24:44.188 I/auditd ( 1124): type=1400 audit(0.0:62): avc: denied { write } for comm="mkdir" name="uncompressed" dev="configfs" ino=18701 scontext=u:r:vendor_qti_init_shell:s0 tcontext=u:object_r:configfs:s0 tclass=dir permissive=0
02-14 14:24:44.192 I/auditd ( 1127): type=1400 audit(0.0:63): avc: denied { write } for comm="mkdir" name="mjpeg" dev="configfs" ino=18702 scontext=u:r:vendor_qti_init_shell:s0 tcontext=u:object_r:configfs:s0 tclass=dir permissive=0
02-14 14:24:44.200 I/auditd ( 1129): type=1400 audit(0.0:64): avc: denied { write } for comm="mkdir" name="mjpeg" dev="configfs" ino=18702 scontext=u:r:vendor_qti_init_shell:s0 tcontext=u:object_r:configfs:s0 tclass=dir permissive=0
02-14 14:24:44.204 I/auditd ( 1130): type=1400 audit(0.0:65): avc: denied { write } for comm="mkdir" name="h264" dev="configfs" ino=18703 scontext=u:r:vendor_qti_init_shell:s0 tcontext=u:object_r:configfs:s0 tclass=dir permissive=0
02-14 14:24:44.220 I/auditd ( 1131): type=1400 audit(0.0:66): avc: denied { write } for comm="mkdir" name="h264" dev="configfs" ino=18703 scontext=u:r:vendor_qti_init_shell:s0 tcontext=u:object_r:configfs:s0 tclass=dir permissive=0
02-14 14:24:44.224 I/auditd ( 1132): type=1400 audit(0.0:67): avc: denied { write } for comm="mkdir" name="header" dev="configfs" ino=18700 scontext=u:r:vendor_qti_init_shell:s0 tcontext=u:object_r:configfs:s0 tclass=dir permissive=0
02-14 14:24:44.228 I/auditd ( 1133): type=1400 audit(0.0:68): avc: denied { write } for comm="ln" name="header" dev="configfs" ino=18700 scontext=u:r:vendor_qti_init_shell:s0 tcontext=u:object_r:configfs:s0 tclass=dir permissive=0
02-14 14:24:44.236 I/auditd ( 1134): type=1400 audit(0.0:69): avc: denied { write } for comm="ln" name="header" dev="configfs" ino=18700 scontext=u:r:vendor_qti_init_shell:s0 tcontext=u:object_r:configfs:s0 tclass=dir permissive=0
02-14 14:24:44.240 I/auditd ( 1135): type=1400 audit(0.0:70): avc: denied { write } for comm="ln" name="header" dev="configfs" ino=18700 scontext=u:r:vendor_qti_init_shell:s0 tcontext=u:object_r:configfs:s0 tclass=dir permissive=0
02-14 14:24:44.244 I/auditd ( 1136): type=1400 audit(0.0:71): avc: denied { write } for comm="ln" name="fs" dev="configfs" ino=18707 scontext=u:r:vendor_qti_init_shell:s0 tcontext=u:object_r:configfs:s0 tclass=dir permissive=0
02-14 14:24:44.248 I/auditd ( 1137): type=1400 audit(0.0:72): avc: denied { write } for comm="ln" name="hs" dev="configfs" ino=18708 scontext=u:r:vendor_qti_init_shell:s0 tcontext=u:object_r:configfs:s0 tclass=dir permissive=0
02-14 14:24:44.252 I/auditd ( 1138): type=1400 audit(0.0:73): avc: denied { write } for comm="ln" name="ss" dev="configfs" ino=18709 scontext=u:r:vendor_qti_init_shell:s0 tcontext=u:object_r:configfs:s0 tclass=dir permissive=0
02-14 14:24:44.300 I/auditd ( 986): type=1400 audit(0.0:74): avc: denied { read write } for comm="sensors.qti" name="diag" dev="tmpfs" ino=11682 scontext=u:r:vendor_sensors_qti:s0 tcontext=u:object_r:vendor_diag_device:s0 tclass=chr_file permissive=0
02-14 14:24:44.396 I/auditd ( 1169): type=1400 audit(0.0:75): avc: denied { read write } for comm="dpmd" name="diag" dev="tmpfs" ino=11682 scontext=u:r:vendor_dpmd:s0 tcontext=u:object_r:vendor_diag_device:s0 tclass=chr_file permissive=0
02-14 14:24:44.396 I/auditd ( 1193): type=1400 audit(0.0:76): avc: denied { read write } for comm="dpmd" name="diag" dev="tmpfs" ino=11682 scontext=u:r:vendor_dpmd:s0 tcontext=u:object_r:vendor_diag_device:s0 tclass=chr_file permissive=0
02-14 14:24:44.500 I/auditd ( 986): type=1400 audit(0.0:77): avc: denied { read write } for comm="sensors.qti" name="diag" dev="tmpfs" ino=11682 scontext=u:r:vendor_sensors_qti:s0 tcontext=u:object_r:vendor_diag_device:s0 tclass=chr_file permissive=0
02-14 14:24:44.658 I/boot_progress_preload_end( 667): 8376
02-14 14:24:44.700 I/auditd ( 986): type=1400 audit(0.0:78): avc: denied { read write } for comm="sensors.qti" name="diag" dev="tmpfs" ino=11682 scontext=u:r:vendor_sensors_qti:s0 tcontext=u:object_r:vendor_diag_device:s0 tclass=chr_file permissive=0
02-14 14:24:44.788 I/auditd ( 822): type=1400 audit(0.0:79): avc: denied { read } for comm="android.hardwar" name="type" dev="sysfs" ino=63844 scontext=u:r:hal_health_default:s0 tcontext=u:object_r:sysfs:s0 tclass=file permissive=0
02-14 14:24:44.900 I/auditd ( 986): type=1400 audit(0.0:80): avc: denied { read write } for comm="sensors.qti" name="diag" dev="tmpfs" ino=11682 scontext=u:r:vendor_sensors_qti:s0 tcontext=u:object_r:vendor_diag_device:s0 tclass=chr_file permissive=0
02-14 14:24:45.055 I/system_server_start( 1257): [1,8558,8558]
02-14 14:24:45.055 I/boot_progress_system_run( 1257): 8773
02-14 14:24:45.100 I/auditd ( 986): type=1400 audit(0.0:81): avc: denied { read write } for comm="sensors.qti" name="diag" dev="tmpfs" ino=11682 scontext=u:r:vendor_sensors_qti:s0 tcontext=u:object_r:vendor_diag_device:s0 tclass=chr_file permissive=0
02-14 14:24:45.132 I/auditd ( 1317): type=1400 audit(0.0:82): avc: denied { read write } for comm="ipacm-diag" name="diag" dev="tmpfs" ino=11682 scontext=u:r:hal_tetheroffload_default:s0 tcontext=u:object_r:vendor_diag_device:s0 tclass=chr_file permissive=0
02-14 14:24:45.136 I/auditd ( 1308): type=1400 audit(0.0:83): avc: denied { read write } for comm="imsqmidaemon" name="diag" dev="tmpfs" ino=11682 scontext=u:r:vendor_ims:s0 tcontext=u:object_r:vendor_diag_device:s0 tclass=chr_file permissive=0
02-14 14:24:45.136 I/auditd ( 1308): type=1400 audit(0.0:84): avc: denied { read write } for comm="imsqmidaemon" name="diag" dev="tmpfs" ino=11682 scontext=u:r:vendor_ims:s0 tcontext=u:object_r:vendor_diag_device:s0 tclass=chr_file permissive=0
02-14 14:24:45.136 I/auditd ( 1308): type=1400 audit(0.0:85): avc: denied { read write } for comm="imsqmidaemon" name="diag" dev="tmpfs" ino=11682 scontext=u:r:vendor_ims:s0 tcontext=u:object_r:vendor_diag_device:s0 tclass=chr_file permissive=0
02-14 14:24:45.136 I/auditd ( 1308): type=1400 audit(0.0:86): avc: denied { read write } for comm="imsqmidaemon" name="diag" dev="tmpfs" ino=11682 scontext=u:r:vendor_ims:s0 tcontext=u:object_r:vendor_diag_device:s0 tclass=chr_file permissive=0
02-14 14:24:45.136 I/auditd ( 1308): type=1400 audit(0.0:87): avc: denied { read write } for comm="imsqmidaemon" name="diag" dev="tmpfs" ino=11682 scontext=u:r:vendor_ims:s0 tcontext=u:object_r:vendor_diag_device:s0 tclass=chr_file permissive=0
02-14 14:24:45.136 I/auditd ( 1308): type=1400 audit(0.0:88): avc: denied { read write } for comm="imsqmidaemon" name="diag" dev="tmpfs" ino=11682 scontext=u:r:vendor_ims:s0 tcontext=u:object_r:vendor_diag_device:s0 tclass=chr_file permissive=0
02-14 14:24:45.136 I/auditd ( 1308): type=1400 audit(0.0:89): avc: denied { read write } for comm="imsqmidaemon" name="diag" dev="tmpfs" ino=11682 scontext=u:r:vendor_ims:s0 tcontext=u:object_r:vendor_diag_device:s0 tclass=chr_file permissive=0
02-14 14:24:45.148 I/auditd ( 1308): type=1400 audit(0.0:90): avc: denied { read write } for comm="imsqmidaemon" name="diag" dev="tmpfs" ino=11682 scontext=u:r:vendor_ims:s0 tcontext=u:object_r:vendor_diag_device:s0 tclass=chr_file permissive=0
02-14 14:24:45.148 I/auditd ( 1308): type=1400 audit(0.0:91): avc: denied { read write } for comm="imsqmidaemon" name="diag" dev="tmpfs" ino=11682 scontext=u:r:vendor_ims:s0 tcontext=u:object_r:vendor_diag_device:s0 tclass=chr_file permissive=0
02-14 14:24:45.148 I/auditd ( 1308): type=1400 audit(0.0:92): avc: denied { read write } for comm="imsqmidaemon" name="diag" dev="tmpfs" ino=11682 scontext=u:r:vendor_ims:s0 tcontext=u:object_r:vendor_diag_device:s0 tclass=chr_file permissive=0
02-14 14:24:45.200 I/auditd ( 1287): type=1400 audit(0.0:93): avc: denied { read write } for comm="cnd" name="diag" dev="tmpfs" ino=11682 scontext=u:r:vendor_cnd:s0 tcontext=u:object_r:vendor_diag_device:s0 tclass=chr_file permissive=0
02-14 14:24:45.220 I/auditd ( 1306): type=1400 audit(0.0:94): avc: denied { read write } for comm="ims_rtp_daemon" name="diag" dev="tmpfs" ino=11682 scontext=u:r:vendor_hal_imsrtp:s0 tcontext=u:object_r:vendor_diag_device:s0 tclass=chr_file permissive=0
02-14 14:24:45.234 I/liblog ( 812): 37
02-14 14:24:45.300 I/auditd ( 986): type=1400 audit(0.0:95): avc: denied { read write } for comm="sensors.qti" name="diag" dev="tmpfs" ino=11682 scontext=u:r:vendor_sensors_qti:s0 tcontext=u:object_r:vendor_diag_device:s0 tclass=chr_file permissive=0
02-14 14:24:45.396 I/auditd ( 1517): type=1400 audit(0.0:96): avc: denied { getattr } for comm="hvdcp_opti" path="/dev/kmsg" dev="tmpfs" ino=13320 scontext=u:r:vendor_hvdcp:s0 tcontext=u:object_r:kmsg_device:s0 tclass=chr_file permissive=0
02-14 14:24:45.396 I/auditd ( 1517): type=1400 audit(0.0:97): avc: denied { write } for comm="hvdcp_opti" name="kmsg" dev="tmpfs" ino=13320 scontext=u:r:vendor_hvdcp:s0 tcontext=u:object_r:kmsg_device:s0 tclass=chr_file permissive=0
02-14 14:24:45.400 I/auditd ( 1517): type=1400 audit(0.0:98): avc: denied { read } for comm="hvdcp_opti" name="devices" dev="sysfs" ino=46880 scontext=u:r:vendor_hvdcp:s0 tcontext=u:object_r:sysfs:s0 tclass=dir permissive=0
02-14 14:24:45.408 I/auditd ( 1518): type=1400 audit(0.0:99): avc: denied { read write } for comm="imsdatadaemon" name="diag" dev="tmpfs" ino=11682 scontext=u:r:vendor_ims:s0 tcontext=u:object_r:vendor_diag_device:s0 tclass=chr_file permissive=0
02-14 14:24:45.408 I/auditd ( 1518): type=1400 audit(0.0:100): avc: denied { read write } for comm="imsdatadaemon" name="diag" dev="tmpfs" ino=11682 scontext=u:r:vendor_ims:s0 tcontext=u:object_r:vendor_diag_device:s0 tclass=chr_file permissive=0
02-14 14:24:45.408 I/auditd ( 1518): type=1400 audit(0.0:101): avc: denied { read write } for comm="imsdatadaemon" name="diag" dev="tmpfs" ino=11682 scontext=u:r:vendor_ims:s0 tcontext=u:object_r:vendor_diag_device:s0 tclass=chr_file permissive=0
02-14 14:24:45.408 I/auditd ( 1518): type=1400 audit(0.0:102): avc: denied { read write } for comm="imsdatadaemon" name="diag" dev="tmpfs" ino=11682 scontext=u:r:vendor_ims:s0 tcontext=u:object_r:vendor_diag_device:s0 tclass=chr_file permissive=0
02-14 14:24:45.408 I/auditd ( 1518): type=1400 audit(0.0:103): avc: denied { read write } for comm="imsdatadaemon" name="diag" dev="tmpfs" ino=11682 scontext=u:r:vendor_ims:s0 tcontext=u:object_r:vendor_diag_device:s0 tclass=chr_file permissive=0
02-14 14:24:45.408 I/auditd ( 1518): type=1400 audit(0.0:104): avc: denied { read write } for comm="imsdatadaemon" name="diag" dev="tmpfs" ino=11682 scontext=u:r:vendor_ims:s0 tcontext=u:object_r:vendor_diag_device:s0 tclass=chr_file permissive=0
02-14 14:24:45.408 I/auditd ( 1518): type=1400 audit(0.0:105): avc: denied { read write } for comm="imsdatadaemon" name="diag" dev="tmpfs" ino=11682 scontext=u:r:vendor_ims:s0 tcontext=u:object_r:vendor_diag_device:s0 tclass=chr_file permissive=0
02-14 14:24:45.408 I/auditd ( 1518): type=1400 audit(0.0:106): avc: denied { read write } for comm="imsdatadaemon" name="diag" dev="tmpfs" ino=11682 scontext=u:r:vendor_ims:s0 tcontext=u:object_r:vendor_diag_device:s0 tclass=chr_file permissive=0
02-14 14:24:45.408 I/auditd ( 1518): type=1400 audit(0.0:107): avc: denied { read write } for comm="imsdatadaemon" name="diag" dev="tmpfs" ino=11682 scontext=u:r:vendor_ims:s0 tcontext=u:object_r:vendor_diag_device:s0 tclass=chr_file permissive=0
02-14 14:24:45.408 I/auditd ( 1518): type=1400 audit(0.0:108): avc: denied { read write } for comm="imsdatadaemon" name="diag" dev="tmpfs" ino=11682 scontext=u:r:vendor_ims:s0 tcontext=u:object_r:vendor_diag_device:s0 tclass=chr_file permissive=0
02-14 14:24:45.408 I/auditd ( 1518): type=1400 audit(0.0:109): avc: denied { read write } for comm="imsdatadaemon" name="diag" dev="tmpfs" ino=11682 scontext=u:r:vendor_ims:s0 tcontext=u:object_r:vendor_diag_device:s0 tclass=chr_file permissive=0
02-14 14:24:45.408 I/auditd ( 1518): type=1400 audit(0.0:110): avc: denied { read write } for comm="imsdatadaemon" name="diag" dev="tmpfs" ino=11682 scontext=u:r:vendor_ims:s0 tcontext=u:object_r:vendor_diag_device:s0 tclass=chr_file permissive=0
02-14 14:24:45.408 I/auditd ( 1518): type=1400 audit(0.0:111): avc: denied { read write } for comm="imsdatadaemon" name="diag" dev="tmpfs" ino=11682 scontext=u:r:vendor_ims:s0 tcontext=u:object_r:vendor_diag_device:s0 tclass=chr_file permissive=0
02-14 14:24:45.408 I/auditd ( 1518): type=1400 audit(0.0:112): avc: denied { read write } for comm="imsdatadaemon" name="diag" dev="tmpfs" ino=11682 scontext=u:r:vendor_ims:s0 tcontext=u:object_r:vendor_diag_device:s0 tclass=chr_file permissive=0
02-14 14:24:45.408 I/auditd ( 1518): type=1400 audit(0.0:113): avc: denied { read write } for comm="imsdatadaemon" name="diag" dev="tmpfs" ino=11682 scontext=u:r:vendor_ims:s0 tcontext=u:object_r:vendor_diag_device:s0 tclass=chr_file permissive=0
02-14 14:24:45.408 I/auditd ( 1518): type=1400 audit(0.0:114): avc: denied { read write } for comm="imsdatadaemon" name="diag" dev="tmpfs" ino=11682 scontext=u:r:vendor_ims:s0 tcontext=u:object_r:vendor_diag_device:s0 tclass=chr_file permissive=0
02-14 14:24:45.408 I/auditd ( 1518): type=1400 audit(0.0:115): avc: denied { read write } for comm="imsdatadaemon" name="diag" dev="tmpfs" ino=11682 scontext=u:r:vendor_ims:s0 tcontext=u:object_r:vendor_diag_device:s0 tclass=chr_file permissive=0
02-14 14:24:45.408 I/auditd ( 1518): type=1400 audit(0.0:116): avc: denied { read write } for comm="imsdatadaemon" name="diag" dev="tmpfs" ino=11682 scontext=u:r:vendor_ims:s0 tcontext=u:object_r:vendor_diag_device:s0 tclass=chr_file permissive=0
02-14 14:24:45.408 I/auditd ( 1518): type=1400 audit(0.0:117): avc: denied { read write } for comm="imsdatadaemon" name="diag" dev="tmpfs" ino=11682 scontext=u:r:vendor_ims:s0 tcontext=u:object_r:vendor_diag_device:s0 tclass=chr_file permissive=0
02-14 14:24:45.408 I/auditd ( 1518): type=1400 audit(0.0:118): avc: denied { read write } for comm="imsdatadaemon" name="diag" dev="tmpfs" ino=11682 scontext=u:r:vendor_ims:s0 tcontext=u:object_r:vendor_diag_device:s0 tclass=chr_file permissive=0
02-14 14:24:45.412 I/auditd ( 1518): type=1400 audit(0.0:119): avc: denied { read write } for comm="imsdatadaemon" name="diag" dev="tmpfs" ino=11682 scontext=u:r:vendor_ims:s0 tcontext=u:object_r:vendor_diag_device:s0 tclass=chr_file permissive=0
02-14 14:24:45.412 I/auditd ( 1518): type=1400 audit(0.0:120): avc: denied { read write } for comm="imsdatadaemon" name="diag" dev="tmpfs" ino=11682 scontext=u:r:vendor_ims:s0 tcontext=u:object_r:vendor_diag_device:s0 tclass=chr_file permissive=0
02-14 14:24:45.412 I/auditd ( 1518): type=1400 audit(0.0:121): avc: denied { read write } for comm="imsdatadaemon" name="diag" dev="tmpfs" ino=11682 scontext=u:r:vendor_ims:s0 tcontext=u:object_r:vendor_diag_device:s0 tclass=chr_file permissive=0
02-14 14:24:45.412 I/auditd ( 1518): type=1400 audit(0.0:122): avc: denied { read write } for comm="imsdatadaemon" name="diag" dev="tmpfs" ino=11682 scontext=u:r:vendor_ims:s0 tcontext=u:object_r:vendor_diag_device:s0 tclass=chr_file permissive=0
02-14 14:24:45.412 I/auditd ( 1518): type=1400 audit(0.0:123): avc: denied { read write } for comm="imsdatadaemon" name="diag" dev="tmpfs" ino=11682 scontext=u:r:vendor_ims:s0 tcontext=u:object_r:vendor_diag_device:s0 tclass=chr_file permissive=0
02-14 14:24:45.412 I/auditd ( 1518): type=1400 audit(0.0:124): avc: denied { read write } for comm="imsdatadaemon" name="diag" dev="tmpfs" ino=11682 scontext=u:r:vendor_ims:s0 tcontext=u:object_r:vendor_diag_device:s0 tclass=chr_file permissive=0
02-14 14:24:45.412 I/auditd ( 1518): type=1400 audit(0.0:125): avc: denied { read write } for comm="imsdatadaemon" name="diag" dev="tmpfs" ino=11682 scontext=u:r:vendor_ims:s0 tcontext=u:object_r:vendor_diag_device:s0 tclass=chr_file permissive=0
02-14 14:24:45.412 I/auditd ( 1518): type=1400 audit(0.0:126): avc: denied { read write } for comm="imsdatadaemon" name="diag" dev="tmpfs" ino=11682 scontext=u:r:vendor_ims:s0 tcontext=u:object_r:vendor_diag_device:s0 tclass=chr_file permissive=0
02-14 14:24:45.412 I/auditd ( 1518): type=1400 audit(0.0:127): avc: denied { read write } for comm="imsdatadaemon" name="diag" dev="tmpfs" ino=11682 scontext=u:r:vendor_ims:s0 tcontext=u:object_r:vendor_diag_device:s0 tclass=chr_file permissive=0
02-14 14:24:45.412 I/auditd ( 1518): type=1400 audit(0.0:128): avc: denied { read write } for comm="imsdatadaemon" name="diag" dev="tmpfs" ino=11682 scontext=u:r:vendor_ims:s0 tcontext=u:object_r:vendor_diag_device:s0 tclass=chr_file permissive=0
02-14 14:24:45.416 I/auditd ( 1518): type=1400 audit(0.0:129): avc: denied { read write } for comm="imsdatadaemon" name="diag" dev="tmpfs" ino=11682 scontext=u:r:vendor_ims:s0 tcontext=u:object_r:vendor_diag_device:s0 tclass=chr_file permissive=0
02-14 14:24:45.416 I/auditd ( 1518): type=1400 audit(0.0:130): avc: denied { read write } for comm="imsdatadaemon" name="diag" dev="tmpfs" ino=11682 scontext=u:r:vendor_ims:s0 tcontext=u:object_r:vendor_diag_device:s0 tclass=chr_file permissive=0
02-14 14:24:45.416 I/auditd ( 1518): type=1400 audit(0.0:131): avc: denied { read write } for comm="imsdatadaemon" name="diag" dev="tmpfs" ino=11682 scontext=u:r:vendor_ims:s0 tcontext=u:object_r:vendor_diag_device:s0 tclass=chr_file permissive=0
02-14 14:24:45.420 I/auditd ( 1527): type=1400 audit(0.0:132): avc: denied { read } for comm="ip" name="rt_tables" dev="dm-10" ino=344 scontext=u:r:ethernet:s0 tcontext=u:object_r:net_data_file:s0 tclass=file permissive=0
02-14 14:24:45.432 I/auditd ( 1534): type=1400 audit(0.0:133): avc: denied { read } for comm="ip" name="rt_tables" dev="dm-10" ino=344 scontext=u:r:ethernet:s0 tcontext=u:object_r:net_data_file:s0 tclass=file permissive=0
02-14 14:24:45.500 I/auditd ( 986): type=1400 audit(0.0:134): avc: denied { read write } for comm="sensors.qti" name="diag" dev="tmpfs" ino=11682 scontext=u:r:vendor_sensors_qti:s0 tcontext=u:object_r:vendor_diag_device:s0 tclass=chr_file permissive=0
02-14 14:24:45.596 I/auditd ( 1407): type=1400 audit(0.0:135): avc: denied { read write } for comm="qfp-daemon" name="diag" dev="tmpfs" ino=11682 scontext=u:r:vendor_qfp-daemon:s0 tcontext=u:object_r:vendor_diag_device:s0 tclass=chr_file permissive=0
02-14 14:24:45.600 I/auditd ( 1560): type=1400 audit(0.0:136): avc: denied { read } for comm="ip" name="rt_tables" dev="dm-10" ino=344 scontext=u:r:ethernet:s0 tcontext=u:object_r:net_data_file:s0 tclass=file permissive=0
02-14 14:24:45.616 I/auditd ( 1562): type=1400 audit(0.0:137): avc: denied { read } for comm="ip" name="rt_tables" dev="dm-10" ino=344 scontext=u:r:ethernet:s0 tcontext=u:object_r:net_data_file:s0 tclass=file permissive=0
02-14 14:24:45.628 I/auditd ( 1185): type=1400 audit(0.0:138): avc: denied { read } for comm="Binder:1185_1" name="persist" dev="tmpfs" ino=12312 scontext=u:r:installd:s0 tcontext=u:object_r:tmpfs:s0 tclass=lnk_file permissive=0
02-14 14:24:45.628 I/auditd ( 1185): type=1400 audit(0.0:139): avc: denied { read } for comm="Binder:1185_1" name="persist" dev="tmpfs" ino=12312 scontext=u:r:installd:s0 tcontext=u:object_r:tmpfs:s0 tclass=lnk_file permissive=0
02-14 14:24:45.691 I/commit_sys_config_file( 1257): [batterystats-daily,0]
02-14 14:24:45.692 I/auditd ( 568): type=1400 audit(0.0:140): avc: denied { read } for comm="Binder:568_2" name="wakeup58" dev="sysfs" ino=71818 scontext=u:r:system_suspend:s0 tcontext=u:object_r:sysfs:s0 tclass=dir permissive=0
02-14 14:24:45.692 I/auditd ( 568): type=1400 audit(0.0:141): avc: denied { read } for comm="Binder:568_2" name="wakeup4" dev="sysfs" ino=47054 scontext=u:r:system_suspend:s0 tcontext=u:object_r:sysfs:s0 tclass=dir permissive=0
02-14 14:24:45.692 I/auditd ( 568): type=1400 audit(0.0:142): avc: denied { read } for comm="Binder:568_2" name="wakeup76" dev="sysfs" ino=76746 scontext=u:r:system_suspend:s0 tcontext=u:object_r:sysfs:s0 tclass=dir permissive=0
02-14 14:24:45.692 I/auditd ( 568): type=1400 audit(0.0:143): avc: denied { read } for comm="Binder:568_2" name="wakeup28" dev="sysfs" ino=53259 scontext=u:r:system_suspend:s0 tcontext=u:object_r:sysfs:s0 tclass=dir permissive=0
02-14 14:24:45.692 I/auditd ( 568): type=1400 audit(0.0:144): avc: denied { read } for comm="Binder:568_2" name="wakeup56" dev="sysfs" ino=71746 scontext=u:r:system_suspend:s0 tcontext=u:object_r:sysfs:s0 tclass=dir permissive=0
02-14 14:24:45.692 I/auditd ( 568): type=1400 audit(0.0:145): avc: denied { read } for comm="Binder:568_2" name="wakeup2" dev="sysfs" ino=46578 scontext=u:r:system_suspend:s0 tcontext=u:object_r:sysfs:s0 tclass=dir permissive=0
02-14 14:24:45.692 I/auditd ( 568): type=1400 audit(0.0:146): avc: denied { read } for comm="Binder:568_2" name="wakeup36" dev="sysfs" ino=62492 scontext=u:r:system_suspend:s0 tcontext=u:object_r:sysfs:s0 tclass=dir permissive=0
02-14 14:24:45.692 I/auditd ( 568): type=1400 audit(0.0:147): avc: denied { read } for comm="Binder:568_2" name="wakeup64" dev="sysfs" ino=72046 scontext=u:r:system_suspend:s0 tcontext=u:object_r:sysfs:s0 tclass=dir permissive=0
02-14 14:24:45.692 I/auditd ( 568): type=1400 audit(0.0:148): avc: denied { read } for comm="Binder:568_2" name="wakeup54" dev="sysfs" ino=71674 scontext=u:r:system_suspend:s0 tcontext=u:object_r:sysfs:s0 tclass=dir permissive=0
02-14 14:24:45.692 I/auditd ( 568): type=1400 audit(0.0:149): avc: denied { read } for comm="Binder:568_2" name="wakeup44" dev="sysfs" ino=66344 scontext=u:r:system_suspend:s0 tcontext=u:object_r:sysfs:s0 tclass=dir permissive=0
02-14 14:24:45.692 I/auditd ( 568): type=1400 audit(0.0:150): avc: denied { read } for comm="Binder:568_2" name="wakeup0" dev="sysfs" ino=43786 scontext=u:r:system_suspend:s0 tcontext=u:object_r:sysfs:s0 tclass=dir permissive=0
02-14 14:24:45.692 I/auditd ( 568): type=1400 audit(0.0:151): avc: denied { read } for comm="Binder:568_2" name="wakeup62" dev="sysfs" ino=71974 scontext=u:r:system_suspend:s0 tcontext=u:object_r:sysfs:s0 tclass=dir permissive=0
02-14 14:24:45.692 I/auditd ( 568): type=1400 audit(0.0:152): avc: denied { read } for comm="Binder:568_2" name="wakeup52" dev="sysfs" ino=71602 scontext=u:r:system_suspend:s0 tcontext=u:object_r:sysfs:s0 tclass=dir permissive=0
02-14 14:24:45.692 I/auditd ( 568): type=1400 audit(0.0:153): avc: denied { read } for comm="Binder:568_2" name="wakeup9" dev="sysfs" ino=52243 scontext=u:r:system_suspend:s0 tcontext=u:object_r:sysfs:s0 tclass=dir permissive=0
02-14 14:24:45.692 I/auditd ( 568): type=1400 audit(0.0:154): avc: denied { read } for comm="Binder:568_2" name="wakeup42" dev="sysfs" ino=63863 scontext=u:r:system_suspend:s0 tcontext=u:object_r:sysfs:s0 tclass=dir permissive=0
02-14 14:24:45.692 I/auditd ( 568): type=1400 audit(0.0:155): avc: denied { read } for comm="Binder:568_2" name="wakeup32" dev="sysfs" ino=53649 scontext=u:r:system_suspend:s0 tcontext=u:object_r:sysfs:s0 tclass=dir permissive=0
02-14 14:24:45.692 I/auditd ( 568): type=1400 audit(0.0:156): avc: denied { read } for comm="Binder:568_2" name="wakeup60" dev="sysfs" ino=71902 scontext=u:r:system_suspend:s0 tcontext=u:object_r:sysfs:s0 tclass=dir permissive=0
02-14 14:24:45.692 I/auditd ( 568): type=1400 audit(0.0:157): avc: denied { read } for comm="Binder:568_2" name="wakeup7" dev="sysfs" ino=52155 scontext=u:r:system_suspend:s0 tcontext=u:object_r:sysfs:s0 tclass=dir permissive=0
02-14 14:24:45.692 I/auditd ( 568): type=1400 audit(0.0:158): avc: denied { read } for comm="Binder:568_2" name="wakeup40" dev="sysfs" ino=63161 scontext=u:r:system_suspend:s0 tcontext=u:object_r:sysfs:s0 tclass=dir permissive=0
02-14 14:24:45.692 I/auditd ( 568): type=1400 audit(0.0:159): avc: denied { read } for comm="Binder:568_2" name="wakeup30" dev="sysfs" ino=53470 scontext=u:r:system_suspend:s0 tcontext=u:object_r:sysfs:s0 tclass=dir permissive=0
02-14 14:24:45.692 I/auditd ( 568): type=1400 audit(0.0:160): avc: denied { read } for comm="Binder:568_2" name="wakeup59" dev="sysfs" ino=71854 scontext=u:r:system_suspend:s0 tcontext=u:object_r:sysfs:s0 tclass=dir permissive=0
02-14 14:24:45.692 I/auditd ( 568): type=1400 audit(0.0:161): avc: denied { read } for comm="Binder:568_2" name="wakeup49" dev="sysfs" ino=67512 scontext=u:r:system_suspend:s0 tcontext=u:object_r:sysfs:s0 tclass=dir permissive=0
02-14 14:24:45.692 I/auditd ( 568): type=1400 audit(0.0:162): avc: denied { read } for comm="Binder:568_2" name="wakeup5" dev="sysfs" ino=47086 scontext=u:r:system_suspend:s0 tcontext=u:object_r:sysfs:s0 tclass=dir permissive=0
02-14 14:24:45.692 I/auditd ( 568): type=1400 audit(0.0:163): avc: denied { read } for comm="Binder:568_2" name="wakeup77" dev="sysfs" ino=76797 scontext=u:r:system_suspend:s0 tcontext=u:object_r:sysfs:s0 tclass=dir permissive=0
02-14 14:24:45.692 I/auditd ( 568): type=1400 audit(0.0:164): avc: denied { read } for comm="Binder:568_2" name="wakeup39" dev="sysfs" ino=63125 scontext=u:r:system_suspend:s0 tcontext=u:object_r:sysfs:s0 tclass=dir permissive=0
02-14 14:24:45.692 I/auditd ( 568): type=1400 audit(0.0:165): avc: denied { read } for comm="Binder:568_2" name="wakeup29" dev="sysfs" ino=53368 scontext=u:r:system_suspend:s0 tcontext=u:object_r:sysfs:s0 tclass=dir permissive=0
02-14 14:24:45.692 I/auditd ( 568): type=1400 audit(0.0:166): avc: denied { read } for comm="Binder:568_2" name="wakeup57" dev="sysfs" ino=71782 scontext=u:r:system_suspend:s0 tcontext=u:object_r:sysfs:s0 tclass=dir permissive=0
02-14 14:24:45.692 I/auditd ( 568): type=1400 audit(0.0:167): avc: denied { read } for comm="Binder:568_2" name="wakeup19" dev="sysfs" ino=52688 scontext=u:r:system_suspend:s0 tcontext=u:object_r:sysfs:s0 tclass=dir permissive=0
02-14 14:24:45.696 I/auditd ( 568): type=1400 audit(0.0:168): avc: denied { read } for comm="Binder:568_2" name="wakeup37" dev="sysfs" ino=62528 scontext=u:r:system_suspend:s0 tcontext=u:object_r:sysfs:s0 tclass=dir permissive=0
02-14 14:24:45.696 I/auditd ( 568): type=1400 audit(0.0:169): avc: denied { read } for comm="Binder:568_2" name="wakeup27" dev="sysfs" ino=53225 scontext=u:r:system_suspend:s0 tcontext=u:object_r:sysfs:s0 tclass=dir permissive=0
02-14 14:24:45.696 I/auditd ( 568): type=1400 audit(0.0:170): avc: denied { read } for comm="Binder:568_2" name="wakeup55" dev="sysfs" ino=71710 scontext=u:r:system_suspend:s0 tcontext=u:object_r:sysfs:s0 tclass=dir permissive=0
02-14 14:24:45.696 I/auditd ( 568): type=1400 audit(0.0:171): avc: denied { read } for comm="Binder:568_2" name="wakeup17" dev="sysfs" ino=52612 scontext=u:r:system_suspend:s0 tcontext=u:object_r:sysfs:s0 tclass=dir permissive=0
02-14 14:24:45.696 I/auditd ( 568): type=1400 audit(0.0:172): avc: denied { read } for comm="Binder:568_2" name="wakeup45" dev="sysfs" ino=66362 scontext=u:r:system_suspend:s0 tcontext=u:object_r:sysfs:s0 tclass=dir permissive=0
02-14 14:24:45.696 I/auditd ( 568): type=1400 audit(0.0:173): avc: denied { read } for comm="Binder:568_2" name="wakeup1" dev="sysfs" ino=43814 scontext=u:r:system_suspend:s0 tcontext=u:object_r:sysfs:s0 tclass=dir permissive=0
02-14 14:24:45.696 I/auditd ( 568): type=1400 audit(0.0:174): avc: denied { read } for comm="Binder:568_2" name="wakeup63" dev="sysfs" ino=72010 scontext=u:r:system_suspend:s0 tcontext=u:object_r:sysfs:s0 tclass=dir permissive=0
02-14 14:24:45.696 I/auditd ( 568): type=1400 audit(0.0:175): avc: denied { read } for comm="Binder:568_2" name="wakeup25" dev="sysfs" ino=53022 scontext=u:r:system_suspend:s0 tcontext=u:object_r:sysfs:s0 tclass=dir permissive=0
02-14 14:24:45.696 I/auditd ( 568): type=1400 audit(0.0:176): avc: denied { read } for comm="Binder:568_2" name="wakeup53" dev="sysfs" ino=71638 scontext=u:r:system_suspend:s0 tcontext=u:object_r:sysfs:s0 tclass=dir permissive=0
02-14 14:24:45.696 I/auditd ( 568): type=1400 audit(0.0:177): avc: denied { read } for comm="Binder:568_2" name="wakeup15" dev="sysfs" ino=52512 scontext=u:r:system_suspend:s0 tcontext=u:object_r:sysfs:s0 tclass=dir permissive=0
02-14 14:24:45.696 I/auditd ( 568): type=1400 audit(0.0:178): avc: denied { read } for comm="Binder:568_2" name="wakeup33" dev="sysfs" ino=57128 scontext=u:r:system_suspend:s0 tcontext=u:object_r:sysfs:s0 tclass=dir permissive=0
02-14 14:24:45.696 I/auditd ( 568): type=1400 audit(0.0:179): avc: denied { read } for comm="Binder:568_2" name="wakeup61" dev="sysfs" ino=71938 scontext=u:r:system_suspend:s0 tcontext=u:object_r:sysfs:s0 tclass=dir permissive=0
02-14 14:24:45.696 I/auditd ( 568): type=1400 audit(0.0:180): avc: denied { read } for comm="Binder:568_2" name="wakeup23" dev="sysfs" ino=52923 scontext=u:r:system_suspend:s0 tcontext=u:object_r:sysfs:s0 tclass=dir permissive=0
02-14 14:24:45.696 I/auditd ( 568): type=1400 audit(0.0:181): avc: denied { read } for comm="Binder:568_2" name="wakeup51" dev="sysfs" ino=71566 scontext=u:r:system_suspend:s0 tcontext=u:object_r:sysfs:s0 tclass=dir permissive=0
02-14 14:24:45.696 I/auditd ( 568): type=1400 audit(0.0:182): avc: denied { read } for comm="Binder:568_2" name="wakeup8" dev="sysfs" ino=52181 scontext=u:r:system_suspend:s0 tcontext=u:object_r:sysfs:s0 tclass=dir permissive=0
02-14 14:24:45.696 I/auditd ( 568): type=1400 audit(0.0:183): avc: denied { read } for comm="Binder:568_2" name="wakeup13" dev="sysfs" ino=52404 scontext=u:r:system_suspend:s0 tcontext=u:object_r:sysfs:s0 tclass=dir permissive=0
02-14 14:24:45.696 I/auditd ( 568): type=1400 audit(0.0:184): avc: denied { read } for comm="Binder:568_2" name="wakeup41" dev="sysfs" ino=63225 scontext=u:r:system_suspend:s0 tcontext=u:object_r:sysfs:s0 tclass=dir permissive=0
02-14 14:24:45.696 I/auditd ( 568): type=1400 audit(0.0:185): avc: denied { read } for comm="Binder:568_2" name="wakeup31" dev="sysfs" ino=53527 scontext=u:r:system_suspend:s0 tcontext=u:object_r:sysfs:s0 tclass=dir permissive=0
02-14 14:24:45.696 I/auditd ( 568): type=1400 audit(0.0:186): avc: denied { read } for comm="Binder:568_2" name="wakeup21" dev="sysfs" ino=52763 scontext=u:r:system_suspend:s0 tcontext=u:object_r:sysfs:s0 tclass=dir permissive=0
02-14 14:24:45.696 I/auditd ( 568): type=1400 audit(0.0:187): avc: denied { read } for comm="Binder:568_2" name="wakeup6" dev="sysfs" ino=52129 scontext=u:r:system_suspend:s0 tcontext=u:object_r:sysfs:s0 tclass=dir permissive=0
02-14 14:24:45.696 I/auditd ( 568): type=1400 audit(0.0:188): avc: denied { read } for comm="Binder:568_2" name="wakeup78" dev="sysfs" ino=76861 scontext=u:r:system_suspend:s0 tcontext=u:object_r:sysfs:s0 tclass=dir permissive=0
02-14 14:24:45.696 I/auditd ( 568): type=1400 audit(0.0:189): avc: denied { read } for comm="Binder:568_2" name="wakeup11" dev="sysfs" ino=52319 scontext=u:r:system_suspend:s0 tcontext=u:object_r:sysfs:s0 tclass=dir permissive=0
02-14 14:24:45.704 I/commit_sys_config_file( 1257): [batterystats,2]
02-14 14:24:45.700 I/auditd ( 986): type=1400 audit(0.0:190): avc: denied { read write } for comm="sensors.qti" name="diag" dev="tmpfs" ino=11682 scontext=u:r:vendor_sensors_qti:s0 tcontext=u:object_r:vendor_diag_device:s0 tclass=chr_file permissive=0
02-14 14:24:45.717 I/commit_sys_config_file( 1257): [batterystats,13]
02-14 14:24:45.729 I/service_manager_stats( 1257): [100,14,9447]
02-14 14:24:45.728 I/auditd ( 1588): type=1400 audit(0.0:191): avc: denied { read } for comm="ip" name="rt_tables" dev="dm-10" ino=344 scontext=u:r:ethernet:s0 tcontext=u:object_r:net_data_file:s0 tclass=file permissive=0
02-14 14:24:45.732 I/auditd ( 1589): type=1400 audit(0.0:192): avc: denied { read } for comm="ip" name="rt_tables" dev="dm-10" ino=344 scontext=u:r:ethernet:s0 tcontext=u:object_r:net_data_file:s0 tclass=file permissive=0
02-14 14:24:45.769 I/rescue_note( 1257): [0,1,9486]
02-14 14:24:45.787 I/am_wtf ( 1257): [0,1257,system_server,-1,DisplayDeviceConfig,requesting nits when no mapping exists.]
02-14 14:24:45.787 I/am_wtf ( 1257): [0,1257,system_server,-1,DisplayDeviceConfig,requesting nits when no mapping exists.]
02-14 14:24:45.795 I/boot_progress_pms_start( 1257): 9512
02-14 14:24:45.828 I/auditd ( 812): type=1400 audit(0.0:193): avc: denied { read write } for comm="HwBinder:812_2" name="diag" dev="tmpfs" ino=11682 scontext=u:r:hal_audio_default:s0 tcontext=u:object_r:vendor_diag_device:s0 tclass=chr_file permissive=0
02-14 14:24:45.832 I/auditd ( 1619): type=1400 audit(0.0:194): avc: denied { read } for comm="ip" name="rt_tables" dev="dm-10" ino=344 scontext=u:r:ethernet:s0 tcontext=u:object_r:net_data_file:s0 tclass=file permissive=0
02-14 14:24:45.836 I/auditd ( 1620): type=1400 audit(0.0:195): avc: denied { read } for comm="ip" name="rt_tables" dev="dm-10" ino=344 scontext=u:r:ethernet:s0 tcontext=u:object_r:net_data_file:s0 tclass=file permissive=0
02-14 14:24:45.891 I/boot_progress_pms_system_scan_start( 1257): 9609
02-14 14:24:45.900 I/auditd ( 986): type=1400 audit(0.0:196): avc: denied { read write } for comm="sensors.qti" name="diag" dev="tmpfs" ino=11682 scontext=u:r:vendor_sensors_qti:s0 tcontext=u:object_r:vendor_diag_device:s0 tclass=chr_file permissive=0
02-14 14:24:45.916 I/auditd ( 1642): type=1400 audit(0.0:197): avc: denied { read } for comm="ip" name="rt_tables" dev="dm-10" ino=344 scontext=u:r:ethernet:s0 tcontext=u:object_r:net_data_file:s0 tclass=file permissive=0
02-14 14:24:45.920 I/auditd ( 1643): type=1400 audit(0.0:198): avc: denied { read } for comm="ip" name="rt_tables" dev="dm-10" ino=344 scontext=u:r:ethernet:s0 tcontext=u:object_r:net_data_file:s0 tclass=file permissive=0
02-14 14:24:46.048 I/auditd ( 1661): type=1400 audit(0.0:199): avc: denied { read } for comm="ip" name="rt_tables" dev="dm-10" ino=344 scontext=u:r:ethernet:s0 tcontext=u:object_r:net_data_file:s0 tclass=file permissive=0
02-14 14:24:46.056 I/auditd ( 1662): type=1400 audit(0.0:200): avc: denied { read } for comm="ip" name="rt_tables" dev="dm-10" ino=344 scontext=u:r:ethernet:s0 tcontext=u:object_r:net_data_file:s0 tclass=file permissive=0
02-14 14:24:46.060 I/auditd ( 1305): type=1400 audit(0.0:201): avc: denied { write } for comm="sh" name="ip_forward" dev="proc" ino=16491 scontext=u:r:ethernet:s0 tcontext=u:object_r:proc_net:s0 tclass=file permissive=0
02-14 14:24:46.060 I/auditd ( 1305): type=1400 audit(0.0:202): avc: denied { write } for comm="sh" name="ip_default_ttl" dev="proc" ino=26876 scontext=u:r:ethernet:s0 tcontext=u:object_r:proc_net:s0 tclass=file permissive=0
02-14 14:24:46.060 I/auditd ( 1305): type=1400 audit(0.0:203): avc: denied { write } for comm="sh" name="tcp_keepalive_probes" dev="proc" ino=26877 scontext=u:r:ethernet:s0 tcontext=u:object_r:proc_net:s0 tclass=file permissive=0
02-14 14:24:46.060 I/auditd ( 1305): type=1400 audit(0.0:204): avc: denied { write } for comm="sh" name="tcp_keepalive_intvl" dev="proc" ino=26878 scontext=u:r:ethernet:s0 tcontext=u:object_r:proc_net:s0 tclass=file permissive=0
02-14 14:24:46.060 I/auditd ( 1305): type=1400 audit(0.0:205): avc: denied { write } for comm="sh" name="tcp_keepalive_time" dev="proc" ino=26879 scontext=u:r:ethernet:s0 tcontext=u:object_r:proc_net:s0 tclass=file permissive=0
02-14 14:24:46.060 I/auditd ( 1305): type=1400 audit(0.0:206): avc: denied { write } for comm="sh" name="tcp_rmem" dev="proc" ino=26880 scontext=u:r:ethernet:s0 tcontext=u:object_r:proc_net:s0 tclass=file permissive=0
02-14 14:24:46.060 I/auditd ( 1305): type=1400 audit(0.0:207): avc: denied { write } for comm="sh" name="tcp_wmem" dev="proc" ino=26881 scontext=u:r:ethernet:s0 tcontext=u:object_r:proc_net:s0 tclass=file permissive=0
