02-14 14:29:24.017 I/wm_task_to_front( 1257): [0,14]
02-14 14:29:24.018 I/wm_focused_root_task( 1257): [0,0,14,12,bringingFoundTaskToFront]
02-14 14:29:24.019 I/wm_set_resumed_activity( 1257): [0,com.thundercomm.screensaver/.ui.page.MainActivity,bringingFoundTaskToFront]
02-14 14:29:24.020 I/wm_finish_activity( 1257): [0,208658262,14,com.thundercomm.screensaver/.ui.page.MainActivity,clear-task-stack]
02-14 14:29:24.020 I/wm_destroy_activity( 1257): [0,208658262,14,com.thundercomm.screensaver/.ui.page.MainActivity,finish-imm:finishIfPossible]
02-14 14:29:24.021 I/wm_new_intent( 1257): [0,231479723,14,com.android.settings/.Settings,android.intent.action.MAIN,NULL,NULL,270532608]
02-14 14:29:24.028 I/wm_pause_activity( 1257): [0,190679017,com.android.launcher3/.uioverrides.QuickstepLauncher,userLeaving=true,pauseBackTasks]
02-14 14:29:24.031 I/wm_on_destroy_called( 4042): [208658262,com.thundercomm.screensaver.ui.page.MainActivity,performDestroy]
02-14 14:29:24.035 I/wm_on_top_resumed_lost_called( 2598): [190679017,com.android.launcher3.uioverrides.QuickstepLauncher,topStateChangedWhenResumed]
02-14 14:29:24.039 I/wm_on_paused_called( 2598): [190679017,com.android.launcher3.uioverrides.QuickstepLauncher,performPause]
02-14 14:29:24.042 I/wm_set_resumed_activity( 1257): [0,com.android.settings/.Settings,resumeTopActivityInnerLocked]
02-14 14:29:24.043 I/wm_add_to_stopping( 1257): [0,190679017,com.android.launcher3/.uioverrides.QuickstepLauncher,makeInvisible]
02-14 14:29:24.045 I/wm_resume_activity( 1257): [0,231479723,14,com.android.settings/.Settings]
02-14 14:29:24.050 I/sysui_multi_action( 1257): [757,803,799,window_time_0,802,2]
02-14 14:29:24.059 I/wm_on_restart_called( 2429): [231479723,com.android.settings.Settings,performRestartActivity]
02-14 14:29:24.061 I/wm_on_start_called( 2429): [231479723,com.android.settings.Settings,handleStartActivity]
02-14 14:29:24.062 I/snet_event_log( 2429): [120484087,-1,]
02-14 14:29:24.062 I/wm_on_resume_called( 2429): [231479723,com.android.settings.Settings,RESUME_ACTIVITY]
02-14 14:29:24.063 I/sysui_multi_action( 2429): [757,35,758,1,833,0,1089,0]
02-14 14:29:24.064 I/sysui_multi_action( 2429): [757,47,758,1,833,0,1089,0]
02-14 14:29:24.074 I/input_focus( 1257): [Focus leaving eca6b19 com.android.launcher3/com.android.launcher3.uioverrides.QuickstepLauncher (server),reason=NO_WINDOW]
02-14 14:29:24.074 I/wm_on_top_resumed_gained_called( 2429): [231479723,com.android.settings.Settings,topWhenResuming]
02-14 14:29:24.079 I/input_focus( 1257): [Focus request 3aa456f com.android.settings/com.android.settings.Settings,reason=UpdateInputWindows]
02-14 14:29:24.101 I/sysui_multi_action( 1257): [319,58,321,56,322,80,325,287,757,761,758,9,759,1,806,com.android.settings,871,com.android.settings.Settings,904,com.android.launcher3,905,0,1320,4,1321,1]
02-14 14:29:24.112 I/input_focus( 1257): [Focus entering 3aa456f com.android.settings/com.android.settings.Settings (server),reason=Window became focusable. Previous reason: NOT_VISIBLE]
02-14 14:29:24.614 I/wm_stop_activity( 1257): [0,190679017,com.android.launcher3/.uioverrides.QuickstepLauncher]
02-14 14:29:24.634 I/wm_on_stop_called( 2598): [190679017,com.android.launcher3.uioverrides.QuickstepLauncher,STOP_ACTIVITY_ITEM]
02-14 14:29:26.108 I/input_interaction( 1257): Interaction with: 3aa456f com.android.settings/com.android.settings.Settings (server), edge-swipe (server), swipe-up (server), PointerEventDispatcher0 (server),
02-14 14:29:26.241 I/wm_task_moved( 1257): [14,1,6]
02-14 14:29:26.241 I/wm_set_resumed_activity( 1257): [0,com.android.settings/.Settings,positionChildAt]
02-14 14:29:26.241 I/wm_create_activity( 1257): [0,172096841,14,com.thundercomm.screensaver/.ui.page.MainActivity,NULL,NULL,NULL,0]
02-14 14:29:26.242 I/wm_pause_activity( 1257): [0,231479723,com.android.settings/.Settings,userLeaving=true,resumeTopActivityInnerLocked]
02-14 14:29:26.243 I/sysui_multi_action( 2429): [757,830,758,4,833,0,854,current_screensaver,1089,0]
02-14 14:29:26.244 I/wm_on_top_resumed_lost_called( 2429): [231479723,com.android.settings.Settings,topStateChangedWhenResumed]
02-14 14:29:26.245 I/sysui_multi_action( 2429): [757,35,758,2,1089,2181]
02-14 14:29:26.245 I/sysui_multi_action( 2429): [757,47,758,2,1089,2181]
02-14 14:29:26.246 I/wm_on_paused_called( 2429): [231479723,com.android.settings.Settings,performPause]
02-14 14:29:26.246 I/wm_add_to_stopping( 1257): [0,231479723,com.android.settings/.Settings,makeInvisible]
02-14 14:29:26.247 I/wm_restart_activity( 1257): [0,172096841,14,com.thundercomm.screensaver/.ui.page.MainActivity]
02-14 14:29:26.247 I/wm_set_resumed_activity( 1257): [0,com.thundercomm.screensaver/.ui.page.MainActivity,minimalResumeActivityLocked]
02-14 14:29:26.250 I/sysui_multi_action( 1257): [757,803,799,window_time_0,802,2]
02-14 14:29:26.255 I/wm_on_create_called( 4042): [172096841,com.thundercomm.screensaver.ui.page.MainActivity,performCreate]
02-14 14:29:26.266 I/wm_on_start_called( 4042): [172096841,com.thundercomm.screensaver.ui.page.MainActivity,handleStartActivity]
02-14 14:29:26.266 I/wm_on_resume_called( 4042): [172096841,com.thundercomm.screensaver.ui.page.MainActivity,RESUME_ACTIVITY]
02-14 14:29:26.268 I/wm_on_top_resumed_gained_called( 4042): [172096841,com.thundercomm.screensaver.ui.page.MainActivity,topStateChangedWhenResumed]
02-14 14:29:26.279 I/input_focus( 1257): [Focus leaving 3aa456f com.android.settings/com.android.settings.Settings (server),reason=NO_WINDOW]
02-14 14:29:26.288 I/input_focus( 1257): [Focus request a330068 com.thundercomm.screensaver/com.thundercomm.screensaver.ui.page.MainActivity,reason=UpdateInputWindows]
02-14 14:29:26.337 I/sysui_multi_action( 1257): [319,102,322,101,325,289,757,761,758,8,759,2,806,com.thundercomm.screensaver,871,com.thundercomm.screensaver.ui.page.MainActivity,904,com.android.settings,905,0,1320,4,1321,2]
02-14 14:29:26.337 I/wm_activity_launch_time( 1257): [0,172096841,com.thundercomm.screensaver/.ui.page.MainActivity,101]
02-14 14:29:26.347 I/input_focus( 1257): [Focus entering a330068 com.thundercomm.screensaver/com.thundercomm.screensaver.ui.page.MainActivity (server),reason=Window became focusable. Previous reason: NOT_VISIBLE]
02-14 14:29:26.736 I/wm_stop_activity( 1257): [0,231479723,com.android.settings/.Settings]
02-14 14:29:26.760 I/wm_on_stop_called( 2429): [231479723,com.android.settings.Settings,STOP_ACTIVITY_ITEM]
02-14 14:29:27.908 I/input_interaction( 1257): Interaction with: a330068 com.thundercomm.screensaver/com.thundercomm.screensaver.ui.page.MainActivity (server), edge-swipe (server), swipe-up (server), PointerEventDispatcher0 (server),
02-14 14:29:28.923 I/input_focus( 1257): [Focus request cd0c54f com.thundercomm.screensaver/com.thundercomm.screensaver.ui.page.MainActivity,reason=UpdateInputWindows]
02-14 14:29:28.953 I/input_focus( 1257): [Focus leaving a330068 com.thundercomm.screensaver/com.thundercomm.screensaver.ui.page.MainActivity (server),reason=setFocusedWindow]
02-14 14:29:28.953 I/input_focus( 1257): [Focus entering cd0c54f com.thundercomm.screensaver/com.thundercomm.screensaver.ui.page.MainActivity (server),reason=setFocusedWindow]
02-14 14:29:30.302 I/input_interaction( 1257): Interaction with: cd0c54f com.thundercomm.screensaver/com.thundercomm.screensaver.ui.page.MainActivity (server), edge-swipe (server), swipe-up (server), PointerEventDispatcher0 (server),
02-14 14:29:30.478 I/snet_event_log( 4042): [117838472,-1,]
02-14 14:29:30.478 I/snet_event_log( 4042): [117838472,-1,]
02-14 14:29:30.479 I/snet_event_log( 4042): [117838472,-1,]
02-14 14:29:30.479 I/snet_event_log( 4042): [117838472,-1,]
02-14 14:29:30.483 I/snet_event_log( 4042): [117838472,-1,]
02-14 14:29:30.483 I/snet_event_log( 4042): [117838472,-1,]
02-14 14:29:43.127 I/service_manager_stats( 1257): [100,65,25650]
02-14 14:29:43.238 I/am_uid_idle( 1257): 10082
02-14 14:29:45.201 I/snet_event_log( 4042): [117838472,-1,]
02-14 14:29:45.201 I/snet_event_log( 4042): [117838472,-1,]
02-14 14:29:45.201 I/snet_event_log( 4042): [117838472,-1,]
02-14 14:29:45.202 I/snet_event_log( 4042): [117838472,-1,]
02-14 14:29:45.206 I/snet_event_log( 4042): [117838472,-1,]
02-14 14:29:45.206 I/snet_event_log( 4042): [117838472,-1,]
02-14 14:29:57.098 I/snet_event_log( 4042): [117838472,-1,]
02-14 14:29:57.098 I/snet_event_log( 4042): [117838472,-1,]
02-14 14:29:57.099 I/snet_event_log( 4042): [117838472,-1,]
02-14 14:29:57.099 I/snet_event_log( 4042): [117838472,-1,]
02-14 14:29:57.105 I/snet_event_log( 4042): [117838472,-1,]
02-14 14:29:57.106 I/snet_event_log( 4042): [117838472,-1,]
02-14 14:29:58.285 I/snet_event_log( 4042): [117838472,-1,]
02-14 14:29:58.286 I/snet_event_log( 4042): [117838472,-1,]
02-14 14:29:58.286 I/snet_event_log( 4042): [117838472,-1,]
02-14 14:29:58.286 I/snet_event_log( 4042): [117838472,-1,]
02-14 14:29:58.291 I/snet_event_log( 4042): [117838472,-1,]
02-14 14:29:58.292 I/snet_event_log( 4042): [117838472,-1,]
02-14 14:29:59.458 I/snet_event_log( 4042): [117838472,-1,]
02-14 14:29:59.458 I/snet_event_log( 4042): [117838472,-1,]
02-14 14:29:59.459 I/snet_event_log( 4042): [117838472,-1,]
02-14 14:29:59.459 I/snet_event_log( 4042): [117838472,-1,]
02-14 14:29:59.465 I/snet_event_log( 4042): [117838472,-1,]
02-14 14:29:59.466 I/snet_event_log( 4042): [117838472,-1,]
02-14 14:30:02.319 I/snet_event_log( 4042): [117838472,-1,]
02-14 14:30:02.319 I/snet_event_log( 4042): [117838472,-1,]
02-14 14:30:02.320 I/snet_event_log( 4042): [117838472,-1,]
02-14 14:30:02.320 I/snet_event_log( 4042): [117838472,-1,]
02-14 14:30:02.325 I/snet_event_log( 4042): [117838472,-1,]
02-14 14:30:02.325 I/snet_event_log( 4042): [117838472,-1,]
02-14 14:30:04.784 I/snet_event_log( 4042): [117838472,-1,]
02-14 14:30:04.784 I/snet_event_log( 4042): [117838472,-1,]
02-14 14:30:04.785 I/snet_event_log( 4042): [117838472,-1,]
02-14 14:30:04.785 I/snet_event_log( 4042): [117838472,-1,]
02-14 14:30:04.791 I/snet_event_log( 4042): [117838472,-1,]
02-14 14:30:04.791 I/snet_event_log( 4042): [117838472,-1,]
02-14 14:30:07.718 I/view_enqueue_input_event( 4042): [Motion - Cancel,com.thundercomm.screensaver/com.thundercomm.screensaver.ui.page.MainActivity]
02-14 14:30:07.731 I/input_interaction( 1257): Interaction with: edge-swipe (server), swipe-up (server), PointerEventDispatcher0 (server),
02-14 14:30:07.940 I/sysui_multi_action( 1257): [757,803,799,key_back_press,802,1]
02-14 14:30:07.942 I/input_interaction( 1257): Interaction with: cd0c54f com.thundercomm.screensaver/com.thundercomm.screensaver.ui.page.MainActivity (server), PointerEventDispatcher0 (server),
02-14 14:30:07.970 I/input_focus( 1257): [Focus request a330068 com.thundercomm.screensaver/com.thundercomm.screensaver.ui.page.MainActivity,reason=UpdateInputWindows]
02-14 14:30:07.996 I/input_focus( 1257): [Focus entering a330068 com.thundercomm.screensaver/com.thundercomm.screensaver.ui.page.MainActivity (server),reason=setFocusedWindow]
02-14 14:30:08.652 I/input_interaction( 1257): Interaction with: a330068 com.thundercomm.screensaver/com.thundercomm.screensaver.ui.page.MainActivity (server), edge-swipe (server), swipe-up (server), PointerEventDispatcher0 (server),
02-14 14:30:08.718 I/view_enqueue_input_event( 4042): [Motion - Cancel,com.thundercomm.screensaver/com.thundercomm.screensaver.ui.page.MainActivity]
02-14 14:30:08.731 I/input_interaction( 1257): Interaction with: edge-swipe (server), swipe-up (server), PointerEventDispatcher0 (server),
02-14 14:30:08.885 I/sysui_multi_action( 1257): [757,803,799,key_back_press,802,1]
02-14 14:30:08.887 I/input_interaction( 1257): Interaction with: a330068 com.thundercomm.screensaver/com.thundercomm.screensaver.ui.page.MainActivity (server), PointerEventDispatcher0 (server),
02-14 14:30:08.891 I/wm_finish_activity( 1257): [0,172096841,14,com.thundercomm.screensaver/.ui.page.MainActivity,app-request]
02-14 14:30:08.899 I/wm_pause_activity( 1257): [0,172096841,com.thundercomm.screensaver/.ui.page.MainActivity,userLeaving=false,finish]
02-14 14:30:08.901 I/wm_on_top_resumed_lost_called( 4042): [172096841,com.thundercomm.screensaver.ui.page.MainActivity,topStateChangedWhenResumed]
02-14 14:30:08.903 I/wm_on_paused_called( 4042): [172096841,com.thundercomm.screensaver.ui.page.MainActivity,performPause]
02-14 14:30:08.903 I/wm_add_to_stopping( 1257): [0,172096841,com.thundercomm.screensaver/.ui.page.MainActivity,completeFinishing]
02-14 14:30:08.905 I/wm_set_resumed_activity( 1257): [0,com.android.settings/.Settings,resumeTopActivityInnerLocked]
02-14 14:30:08.911 I/wm_resume_activity( 1257): [0,231479723,14,com.android.settings/.Settings]
02-14 14:30:08.914 I/sysui_multi_action( 1257): [757,803,799,window_time_0,802,43]
02-14 14:30:08.916 I/input_focus( 1257): [Focus leaving a330068 com.thundercomm.screensaver/com.thundercomm.screensaver.ui.page.MainActivity (server),reason=NO_WINDOW]
02-14 14:30:08.917 I/wm_on_restart_called( 2429): [231479723,com.android.settings.Settings,performRestartActivity]
02-14 14:30:08.919 I/wm_on_start_called( 2429): [231479723,com.android.settings.Settings,handleStartActivity]
02-14 14:30:08.920 I/snet_event_log( 2429): [120484087,-1,]
02-14 14:30:08.921 I/wm_on_resume_called( 2429): [231479723,com.android.settings.Settings,RESUME_ACTIVITY]
02-14 14:30:08.921 I/sysui_multi_action( 2429): [757,35,758,1,833,0,1089,0]
02-14 14:30:08.923 I/sysui_multi_action( 2429): [757,47,758,1,833,0,1089,0]
02-14 14:30:08.932 I/am_pss ( 1257): [2598,10079,com.android.launcher3,65198080,56479744,0,191959040,0,5,8]
02-14 14:30:08.937 I/wm_on_top_resumed_gained_called( 2429): [231479723,com.android.settings.Settings,topWhenResuming]
02-14 14:30:08.942 I/input_focus( 1257): [Focus request 3aa456f com.android.settings/com.android.settings.Settings,reason=UpdateInputWindows]
02-14 14:30:08.960 I/auditd ( 568): type=1400 audit(0.0:496): avc: denied { read } for comm="Binder:568_2" name="wakeup58" dev="sysfs" ino=71818 scontext=u:r:system_suspend:s0 tcontext=u:object_r:sysfs:s0 tclass=dir permissive=0
02-14 14:30:08.960 I/auditd ( 568): type=1400 audit(0.0:497): avc: denied { read } for comm="Binder:568_2" name="wakeup4" dev="sysfs" ino=47054 scontext=u:r:system_suspend:s0 tcontext=u:object_r:sysfs:s0 tclass=dir permissive=0
02-14 14:30:08.960 I/auditd ( 568): type=1400 audit(0.0:498): avc: denied { read } for comm="Binder:568_2" name="wakeup76" dev="sysfs" ino=76746 scontext=u:r:system_suspend:s0 tcontext=u:object_r:sysfs:s0 tclass=dir permissive=0
02-14 14:30:08.960 I/auditd ( 568): type=1400 audit(0.0:499): avc: denied { read } for comm="Binder:568_2" name="wakeup28" dev="sysfs" ino=53259 scontext=u:r:system_suspend:s0 tcontext=u:object_r:sysfs:s0 tclass=dir permissive=0
02-14 14:30:08.964 I/auditd ( 568): type=1400 audit(0.0:500): avc: denied { read } for comm="Binder:568_2" name="wakeup56" dev="sysfs" ino=71746 scontext=u:r:system_suspend:s0 tcontext=u:object_r:sysfs:s0 tclass=dir permissive=0
02-14 14:30:08.966 I/input_focus( 1257): [Focus entering 3aa456f com.android.settings/com.android.settings.Settings (server),reason=setFocusedWindow]
02-14 14:30:08.988 I/am_pss ( 1257): [4147,10065,com.android.gallery3d,25657344,18681856,0,143187968,0,18,7]
02-14 14:30:09.355 I/wm_destroy_activity( 1257): [0,172096841,14,com.thundercomm.screensaver/.ui.page.MainActivity,finish-imm:idle]
02-14 14:30:09.388 I/wm_on_stop_called( 4042): [172096841,com.thundercomm.screensaver.ui.page.MainActivity,LIFECYCLER_STOP_ACTIVITY]
02-14 14:30:09.400 I/wm_on_destroy_called( 4042): [172096841,com.thundercomm.screensaver.ui.page.MainActivity,performDestroy]
02-14 14:30:09.854 I/input_interaction( 1257): Interaction with: 3aa456f com.android.settings/com.android.settings.Settings (server), edge-swipe (server), swipe-up (server), PointerEventDispatcher0 (server),
02-14 14:30:09.907 I/view_enqueue_input_event( 2429): [Motion - Cancel,com.android.settings/com.android.settings.Settings]
02-14 14:30:09.919 I/input_interaction( 1257): Interaction with: edge-swipe (server), swipe-up (server), PointerEventDispatcher0 (server),
02-14 14:30:10.073 I/sysui_multi_action( 1257): [757,803,799,key_back_press,802,1]
02-14 14:30:10.076 I/service_manager_stats( 1257): [100,67,26949]
02-14 14:30:10.079 I/input_interaction( 1257): Interaction with: 3aa456f com.android.settings/com.android.settings.Settings (server), PointerEventDispatcher0 (server),
02-14 14:30:10.084 I/sysui_multi_action( 2429): [757,47,758,2,1089,1161]
02-14 14:30:10.101 I/sysui_multi_action( 2429): [757,46,758,1,833,0,1089,0]
02-14 14:30:10.775 I/input_interaction( 1257): Interaction with: 3aa456f com.android.settings/com.android.settings.Settings (server), edge-swipe (server), swipe-up (server), PointerEventDispatcher0 (server),
02-14 14:30:10.855 I/view_enqueue_input_event( 2429): [Motion - Cancel,com.android.settings/com.android.settings.Settings]
02-14 14:30:10.868 I/input_interaction( 1257): Interaction with: edge-swipe (server), swipe-up (server), PointerEventDispatcher0 (server),
02-14 14:30:11.034 I/sysui_multi_action( 1257): [757,803,799,key_back_press,802,1]
02-14 14:30:11.038 I/input_interaction( 1257): Interaction with: 3aa456f com.android.settings/com.android.settings.Settings (server), PointerEventDispatcher0 (server),
02-14 14:30:11.041 I/wm_task_moved( 1257): [14,0,0]
02-14 14:30:11.044 I/wm_focused_root_task( 1257): [0,0,12,14,moveTaskToBackLocked]
02-14 14:30:11.044 I/wm_add_to_stopping( 1257): [0,231479723,com.android.settings/.Settings,makeInvisible]
02-14 14:30:11.047 I/wm_pause_activity( 1257): [0,231479723,com.android.settings/.Settings,userLeaving=false,pauseBackTasks]
02-14 14:30:11.050 I/wm_set_resumed_activity( 1257): [0,com.android.launcher3/.uioverrides.QuickstepLauncher,resumeTopActivityInnerLocked]
02-14 14:30:11.053 I/wm_resume_activity( 1257): [0,190679017,13,com.android.launcher3/.uioverrides.QuickstepLauncher]
02-14 14:30:11.053 I/wm_on_top_resumed_lost_called( 2429): [231479723,com.android.settings.Settings,topStateChangedWhenResumed]
02-14 14:30:11.061 I/sysui_multi_action( 2429): [757,35,758,2,1089,2140]
02-14 14:30:11.063 I/sysui_multi_action( 2429): [757,46,758,2,1089,962]
02-14 14:30:11.066 I/wm_on_restart_called( 2598): [190679017,com.android.launcher3.uioverrides.QuickstepLauncher,performRestartActivity]
02-14 14:30:11.066 I/wm_on_start_called( 2598): [190679017,com.android.launcher3.uioverrides.QuickstepLauncher,handleStartActivity]
02-14 14:30:11.066 I/wm_on_paused_called( 2429): [231479723,com.android.settings.Settings,performPause]
02-14 14:30:11.067 I/wm_on_resume_called( 2598): [190679017,com.android.launcher3.uioverrides.QuickstepLauncher,RESUME_ACTIVITY]
02-14 14:30:11.067 I/wm_on_top_resumed_gained_called( 2598): [190679017,com.android.launcher3.uioverrides.QuickstepLauncher,topStateChangedWhenResumed]
02-14 14:30:11.070 I/input_focus( 1257): [Focus leaving 3aa456f com.android.settings/com.android.settings.Settings (server),reason=NO_WINDOW]
02-14 14:30:11.070 I/sysui_multi_action( 1257): [757,803,799,window_time_0,802,2]
02-14 14:30:11.081 I/input_focus( 1257): [Focus request eca6b19 com.android.launcher3/com.android.launcher3.uioverrides.QuickstepLauncher,reason=UpdateInputWindows]
02-14 14:30:11.105 I/input_focus( 1257): [Focus entering eca6b19 com.android.launcher3/com.android.launcher3.uioverrides.QuickstepLauncher (server),reason=setFocusedWindow]
02-14 14:30:11.458 I/wm_stop_activity( 1257): [0,231479723,com.android.settings/.Settings]
02-14 14:30:11.473 I/wm_on_stop_called( 2429): [231479723,com.android.settings.Settings,STOP_ACTIVITY_ITEM]
02-14 14:30:12.716 I/input_interaction( 1257): Interaction with: eca6b19 com.android.launcher3/com.android.launcher3.uioverrides.QuickstepLauncher (server), 68d96d6 com.android.systemui.ImageWallpaper (server), edge-swipe (server), swipe-up (server), PointerEventDispatcher0 (server),
02-14 14:30:12.888 I/wm_task_created( 1257): [16,-1]
02-14 14:30:12.891 I/wm_task_moved( 1257): [16,1,7]
02-14 14:30:12.891 I/wm_task_to_front( 1257): [0,16]
02-14 14:30:12.891 I/wm_create_task( 1257): [0,16]
02-14 14:30:12.891 I/wm_create_activity( 1257): [0,42067424,16,com.android.gallery3d/.app.GalleryActivity,android.intent.action.MAIN,NULL,NULL,270532608]
02-14 14:30:12.891 I/wm_task_moved( 1257): [16,1,7]
02-14 14:30:12.892 I/wm_pause_activity( 1257): [0,190679017,com.android.launcher3/.uioverrides.QuickstepLauncher,userLeaving=true,pauseBackTasks]
02-14 14:30:12.895 I/wm_on_top_resumed_lost_called( 2598): [190679017,com.android.launcher3.uioverrides.QuickstepLauncher,topStateChangedWhenResumed]
02-14 14:30:12.896 I/wm_on_paused_called( 2598): [190679017,com.android.launcher3.uioverrides.QuickstepLauncher,performPause]
02-14 14:30:12.897 I/wm_add_to_stopping( 1257): [0,190679017,com.android.launcher3/.uioverrides.QuickstepLauncher,makeInvisible]
02-14 14:30:12.898 I/wm_restart_activity( 1257): [0,42067424,16,com.android.gallery3d/.app.GalleryActivity]
02-14 14:30:12.899 I/wm_set_resumed_activity( 1257): [0,com.android.gallery3d/.app.GalleryActivity,minimalResumeActivityLocked]
02-14 14:30:12.901 I/sysui_multi_action( 1257): [757,803,799,window_time_0,802,2]
02-14 14:30:12.910 I/wm_on_create_called( 4147): [42067424,com.android.gallery3d.app.GalleryActivity,performCreate]
02-14 14:30:12.910 I/wm_on_start_called( 4147): [42067424,com.android.gallery3d.app.GalleryActivity,handleStartActivity]
02-14 14:30:12.912 I/wm_on_resume_called( 4147): [42067424,com.android.gallery3d.app.GalleryActivity,RESUME_ACTIVITY]
02-14 14:30:12.918 I/wm_on_top_resumed_gained_called( 4147): [42067424,com.android.gallery3d.app.GalleryActivity,topStateChangedWhenResumed]
02-14 14:30:12.925 I/input_focus( 1257): [Focus leaving eca6b19 com.android.launcher3/com.android.launcher3.uioverrides.QuickstepLauncher (server),reason=NO_WINDOW]
02-14 14:30:12.927 I/input_focus( 1257): [Focus request 7cd1c0e com.android.gallery3d/com.android.gallery3d.app.GalleryActivity,reason=UpdateInputWindows]
02-14 14:30:12.945 I/sysui_multi_action( 1257): [319,29,321,27,322,58,325,336,757,761,758,8,759,1,806,com.android.gallery3d,871,com.android.gallery3d.app.GalleryActivity,904,com.android.launcher3,905,0,1320,4,1321,1]
02-14 14:30:12.945 I/wm_activity_launch_time( 1257): [0,42067424,com.android.gallery3d/.app.GalleryActivity,58]
02-14 14:30:12.958 I/input_focus( 1257): [Focus entering 7cd1c0e com.android.gallery3d/com.android.gallery3d.app.GalleryActivity (server),reason=setFocusedWindow]
02-14 14:30:13.443 I/wm_stop_activity( 1257): [0,190679017,com.android.launcher3/.uioverrides.QuickstepLauncher]
02-14 14:30:13.461 I/wm_on_stop_called( 2598): [190679017,com.android.launcher3.uioverrides.QuickstepLauncher,STOP_ACTIVITY_ITEM]
02-14 14:30:13.727 I/input_interaction( 1257): Interaction with: 7cd1c0e com.android.gallery3d/com.android.gallery3d.app.GalleryActivity (server), edge-swipe (server), swipe-up (server), PointerEventDispatcher0 (server),
02-14 14:30:20.115 I/view_enqueue_input_event( 4147): [Motion - Cancel,com.android.gallery3d/com.android.gallery3d.app.GalleryActivity]
02-14 14:30:20.128 I/input_interaction( 1257): Interaction with: edge-swipe (server), swipe-up (server), PointerEventDispatcher0 (server),
02-14 14:30:20.336 I/sysui_multi_action( 1257): [757,803,799,key_back_press,802,1]
02-14 14:30:20.339 I/input_interaction( 1257): Interaction with: 7cd1c0e com.android.gallery3d/com.android.gallery3d.app.GalleryActivity (server), PointerEventDispatcher0 (server),
02-14 14:30:21.325 I/input_interaction( 1257): Interaction with: 7cd1c0e com.android.gallery3d/com.android.gallery3d.app.GalleryActivity (server), edge-swipe (server), swipe-up (server), PointerEventDispatcher0 (server),
02-14 14:30:22.720 I/view_enqueue_input_event( 4147): [Motion - Cancel,com.android.gallery3d/com.android.gallery3d.app.GalleryActivity]
02-14 14:30:22.733 I/input_interaction( 1257): Interaction with: edge-swipe (server), swipe-up (server), PointerEventDispatcher0 (server),
02-14 14:30:22.858 I/sysui_multi_action( 1257): [757,803,799,key_back_press,802,1]
02-14 14:30:22.861 I/input_interaction( 1257): Interaction with: 7cd1c0e com.android.gallery3d/com.android.gallery3d.app.GalleryActivity (server), PointerEventDispatcher0 (server),
02-14 14:30:23.644 I/input_interaction( 1257): Interaction with: 7cd1c0e com.android.gallery3d/com.android.gallery3d.app.GalleryActivity (server), edge-swipe (server), swipe-up (server), PointerEventDispatcher0 (server),
02-14 14:30:25.044 I/view_enqueue_input_event( 4147): [Motion - Cancel,com.android.gallery3d/com.android.gallery3d.app.GalleryActivity]
02-14 14:30:25.056 I/input_interaction( 1257): Interaction with: edge-swipe (server), swipe-up (server), PointerEventDispatcher0 (server),
02-14 14:30:25.361 I/sysui_multi_action( 1257): [757,803,799,key_back_press,802,1]
02-14 14:30:25.364 I/input_interaction( 1257): Interaction with: 7cd1c0e com.android.gallery3d/com.android.gallery3d.app.GalleryActivity (server), PointerEventDispatcher0 (server),
02-14 14:30:26.039 I/input_interaction( 1257): Interaction with: 7cd1c0e com.android.gallery3d/com.android.gallery3d.app.GalleryActivity (server), edge-swipe (server), swipe-up (server), PointerEventDispatcher0 (server),
02-14 14:30:27.586 I/view_enqueue_input_event( 4147): [Motion - Cancel,com.android.gallery3d/com.android.gallery3d.app.GalleryActivity]
02-14 14:30:27.599 I/input_interaction( 1257): Interaction with: edge-swipe (server), swipe-up (server), PointerEventDispatcher0 (server),
02-14 14:30:27.903 I/sysui_multi_action( 1257): [757,803,799,key_back_press,802,1]
02-14 14:30:27.906 I/input_interaction( 1257): Interaction with: 7cd1c0e com.android.gallery3d/com.android.gallery3d.app.GalleryActivity (server), PointerEventDispatcher0 (server),
02-14 14:30:28.743 I/input_interaction( 1257): Interaction with: 7cd1c0e com.android.gallery3d/com.android.gallery3d.app.GalleryActivity (server), edge-swipe (server), swipe-up (server), PointerEventDispatcher0 (server),
02-14 14:30:29.204 I/snet_event_log( 4147): [117838472,-1,]
02-14 14:30:33.273 I/view_enqueue_input_event( 4147): [Motion - Cancel,com.android.gallery3d/com.android.gallery3d.app.GalleryActivity]
02-14 14:30:33.285 I/input_interaction( 1257): Interaction with: edge-swipe (server), swipe-up (server), PointerEventDispatcher0 (server),
02-14 14:30:33.467 I/sysui_multi_action( 1257): [757,803,799,key_back_press,802,1]
02-14 14:30:33.469 I/input_interaction( 1257): Interaction with: 7cd1c0e com.android.gallery3d/com.android.gallery3d.app.GalleryActivity (server), PointerEventDispatcher0 (server),
02-14 14:30:34.073 I/input_interaction( 1257): Interaction with: 7cd1c0e com.android.gallery3d/com.android.gallery3d.app.GalleryActivity (server), edge-swipe (server), swipe-up (server), PointerEventDispatcher0 (server),
02-14 14:30:34.189 I/snet_event_log( 4147): [117838472,-1,]
02-14 14:30:35.971 I/view_enqueue_input_event( 4147): [Motion - Cancel,com.android.gallery3d/com.android.gallery3d.app.GalleryActivity]
02-14 14:30:35.978 I/input_interaction( 1257): Interaction with: edge-swipe (server), swipe-up (server), PointerEventDispatcher0 (server),
02-14 14:30:36.201 I/sysui_multi_action( 1257): [757,803,799,key_back_press,802,1]
02-14 14:30:36.204 I/input_interaction( 1257): Interaction with: 7cd1c0e com.android.gallery3d/com.android.gallery3d.app.GalleryActivity (server), PointerEventDispatcher0 (server),
02-14 14:30:37.234 I/input_interaction( 1257): Interaction with: 7cd1c0e com.android.gallery3d/com.android.gallery3d.app.GalleryActivity (server), edge-swipe (server), swipe-up (server), PointerEventDispatcher0 (server),
02-14 14:30:37.286 I/view_enqueue_input_event( 4147): [Motion - Cancel,com.android.gallery3d/com.android.gallery3d.app.GalleryActivity]
02-14 14:30:37.299 I/input_interaction( 1257): Interaction with: edge-swipe (server), swipe-up (server), PointerEventDispatcher0 (server),
02-14 14:30:37.520 I/sysui_multi_action( 1257): [757,803,799,key_back_press,802,1]
02-14 14:30:37.524 I/input_interaction( 1257): Interaction with: 7cd1c0e com.android.gallery3d/com.android.gallery3d.app.GalleryActivity (server), PointerEventDispatcher0 (server),
02-14 14:30:37.526 I/wm_finish_activity( 1257): [0,42067424,16,com.android.gallery3d/.app.GalleryActivity,app-request]
02-14 14:30:37.526 I/wm_task_moved( 1257): [12,1,7]
02-14 14:30:37.527 I/wm_task_moved( 1257): [13,1,2147483647]
02-14 14:30:37.527 I/wm_task_to_front( 1257): [0,13]
02-14 14:30:37.527 I/wm_focused_root_task( 1257): [0,0,12,16,finish-top adjustFocusToNextFocusableTask]
02-14 14:30:37.528 I/wm_set_resumed_activity( 1257): [0,com.android.launcher3/.uioverrides.QuickstepLauncher,finish-top adjustFocusToNextFocusableTask]
02-14 14:30:37.536 I/wm_pause_activity( 1257): [0,42067424,com.android.gallery3d/.app.GalleryActivity,userLeaving=false,finish]
02-14 14:30:37.539 I/wm_on_top_resumed_lost_called( 4147): [42067424,com.android.gallery3d.app.GalleryActivity,topStateChangedWhenResumed]
02-14 14:30:37.564 I/wm_on_paused_called( 4147): [42067424,com.android.gallery3d.app.GalleryActivity,performPause]
02-14 14:30:37.565 I/wm_add_to_stopping( 1257): [0,42067424,com.android.gallery3d/.app.GalleryActivity,completeFinishing]
02-14 14:30:37.568 I/wm_set_resumed_activity( 1257): [0,com.android.launcher3/.uioverrides.QuickstepLauncher,resumeTopActivityInnerLocked]
02-14 14:30:37.571 I/input_focus( 1257): [Focus leaving 7cd1c0e com.android.gallery3d/com.android.gallery3d.app.GalleryActivity (server),reason=NO_WINDOW]
02-14 14:30:37.573 I/wm_resume_activity( 1257): [0,190679017,13,com.android.launcher3/.uioverrides.QuickstepLauncher]
02-14 14:30:37.578 I/sysui_multi_action( 1257): [757,803,799,window_time_0,802,25]
02-14 14:30:37.589 I/wm_on_restart_called( 2598): [190679017,com.android.launcher3.uioverrides.QuickstepLauncher,performRestartActivity]
02-14 14:30:37.589 I/wm_on_start_called( 2598): [190679017,com.android.launcher3.uioverrides.QuickstepLauncher,handleStartActivity]
02-14 14:30:37.590 I/wm_on_resume_called( 2598): [190679017,com.android.launcher3.uioverrides.QuickstepLauncher,RESUME_ACTIVITY]
02-14 14:30:37.590 I/wm_on_top_resumed_gained_called( 2598): [190679017,com.android.launcher3.uioverrides.QuickstepLauncher,topWhenResuming]
02-14 14:30:37.598 I/am_pss ( 1257): [4042,10047,com.thundercomm.screensaver,173501440,164990976,0,293818368,0,19,11]
02-14 14:30:37.606 I/input_focus( 1257): [Focus request eca6b19 com.android.launcher3/com.android.launcher3.uioverrides.QuickstepLauncher,reason=UpdateInputWindows]
02-14 14:30:37.619 I/input_focus( 1257): [Focus entering eca6b19 com.android.launcher3/com.android.launcher3.uioverrides.QuickstepLauncher (server),reason=setFocusedWindow]
02-14 14:30:37.956 I/wm_destroy_activity( 1257): [0,42067424,16,com.android.gallery3d/.app.GalleryActivity,finish-imm:idle]
02-14 14:30:37.975 I/wm_on_stop_called( 4147): [42067424,com.android.gallery3d.app.GalleryActivity,LIFECYCLER_STOP_ACTIVITY]
02-14 14:30:37.978 I/wm_on_destroy_called( 4147): [42067424,com.android.gallery3d.app.GalleryActivity,performDestroy]
02-14 14:30:37.984 I/wm_task_removed( 1257): [16,removeChild:removeChild last r=ActivityRecord{281e5e0 u0 com.android.gallery3d/.app.GalleryActivity t-1 f}} in t=Task{92b79d1 #16 type=standard A=10065:com.android.gallery3d U=0 visible=false mode=fullscreen translucent=true sz=0}]
02-14 14:30:37.984 I/wm_task_removed( 1257): [16,removeChild]
02-14 14:30:44.638 I/input_interaction( 1257): Interaction with: eca6b19 com.android.launcher3/com.android.launcher3.uioverrides.QuickstepLauncher (server), 68d96d6 com.android.systemui.ImageWallpaper (server), edge-swipe (server), swipe-up (server), PointerEventDispatcher0 (server),
02-14 14:30:44.784 I/wm_task_moved( 1257): [14,1,6]
02-14 14:30:44.784 I/wm_task_to_front( 1257): [0,14]
02-14 14:30:44.785 I/wm_focused_root_task( 1257): [0,0,14,12,bringingFoundTaskToFront]
02-14 14:30:44.786 I/wm_set_resumed_activity( 1257): [0,com.android.settings/.Settings,bringingFoundTaskToFront]
02-14 14:30:44.786 I/wm_new_intent( 1257): [0,231479723,14,com.android.settings/.Settings,android.intent.action.MAIN,NULL,NULL,270532608]
02-14 14:30:44.788 I/wm_pause_activity( 1257): [0,190679017,com.android.launcher3/.uioverrides.QuickstepLauncher,userLeaving=true,pauseBackTasks]
02-14 14:30:44.795 I/wm_on_top_resumed_lost_called( 2598): [190679017,com.android.launcher3.uioverrides.QuickstepLauncher,topStateChangedWhenResumed]
02-14 14:30:44.797 I/wm_on_paused_called( 2598): [190679017,com.android.launcher3.uioverrides.QuickstepLauncher,performPause]
02-14 14:30:44.800 I/wm_set_resumed_activity( 1257): [0,com.android.settings/.Settings,resumeTopActivityInnerLocked]
02-14 14:30:44.800 I/wm_add_to_stopping( 1257): [0,190679017,com.android.launcher3/.uioverrides.QuickstepLauncher,makeInvisible]
02-14 14:30:44.805 I/wm_resume_activity( 1257): [0,231479723,14,com.android.settings/.Settings]
02-14 14:30:44.808 I/sysui_multi_action( 1257): [757,803,799,window_time_0,802,7]
02-14 14:30:44.818 I/wm_on_restart_called( 2429): [231479723,com.android.settings.Settings,performRestartActivity]
02-14 14:30:44.818 I/input_focus( 1257): [Focus leaving eca6b19 com.android.launcher3/com.android.launcher3.uioverrides.QuickstepLauncher (server),reason=NO_WINDOW]
02-14 14:30:44.825 I/wm_on_start_called( 2429): [231479723,com.android.settings.Settings,handleStartActivity]
02-14 14:30:44.825 I/snet_event_log( 2429): [120484087,-1,]
02-14 14:30:44.826 I/wm_on_resume_called( 2429): [231479723,com.android.settings.Settings,RESUME_ACTIVITY]
02-14 14:30:44.826 I/sysui_multi_action( 2429): [757,35,758,1,833,0,1089,0]
02-14 14:30:44.828 I/sysui_multi_action( 2429): [757,46,758,1,833,0,1089,0]
02-14 14:30:44.832 I/wm_on_top_resumed_gained_called( 2429): [231479723,com.android.settings.Settings,topWhenResuming]
02-14 14:30:44.838 I/input_focus( 1257): [Focus request 3aa456f com.android.settings/com.android.settings.Settings,reason=UpdateInputWindows]
02-14 14:30:44.856 I/sysui_multi_action( 1257): [319,27,321,26,322,67,325,368,757,761,758,9,759,4,806,com.android.settings,871,com.android.settings.Settings,904,com.android.launcher3,905,0,1320,4,1321,1]
02-14 14:30:44.868 I/input_focus( 1257): [Focus entering 3aa456f com.android.settings/com.android.settings.Settings (server),reason=Window became focusable. Previous reason: NOT_VISIBLE]
02-14 14:30:45.340 I/wm_stop_activity( 1257): [0,190679017,com.android.launcher3/.uioverrides.QuickstepLauncher]
02-14 14:30:45.361 I/wm_on_stop_called( 2598): [190679017,com.android.launcher3.uioverrides.QuickstepLauncher,STOP_ACTIVITY_ITEM]
02-14 14:30:45.771 I/input_interaction( 1257): Interaction with: 3aa456f com.android.settings/com.android.settings.Settings (server), edge-swipe (server), swipe-up (server), PointerEventDispatcher0 (server),
02-14 14:30:46.619 I/service_manager_stats( 1257): [100,57,36543]
02-14 14:30:48.885 I/sysui_multi_action( 2429): [757,830,758,4,833,0,854,screensaver,1089,0]
02-14 14:30:48.893 I/sysui_multi_action( 2429): [757,46,758,2,1089,4064]
02-14 14:30:48.948 I/sysui_multi_action( 2429): [757,47,758,1,833,0,1089,43]
02-14 14:30:48.953 I/sysui_multi_action( 2429): [757,1729,758,4,854,isParalleledControllers:false,1089,49]
02-14 14:30:50.022 I/wm_task_moved( 1257): [14,1,6]
02-14 14:30:50.022 I/wm_set_resumed_activity( 1257): [0,com.android.settings/.Settings,positionChildAt]
02-14 14:30:50.022 I/wm_create_activity( 1257): [0,156911647,14,com.thundercomm.screensaver/.ui.page.MainActivity,NULL,NULL,NULL,0]
02-14 14:30:50.023 I/wm_pause_activity( 1257): [0,231479723,com.android.settings/.Settings,userLeaving=true,resumeTopActivityInnerLocked]
02-14 14:30:50.025 I/sysui_multi_action( 2429): [757,830,758,4,833,0,854,current_screensaver,1089,0]
02-14 14:30:50.026 I/wm_on_top_resumed_lost_called( 2429): [231479723,com.android.settings.Settings,topStateChangedWhenResumed]
02-14 14:30:50.026 I/sysui_multi_action( 2429): [757,35,758,2,1089,5200]
02-14 14:30:50.027 I/sysui_multi_action( 2429): [757,47,758,2,1089,1079]
02-14 14:30:50.027 I/wm_on_paused_called( 2429): [231479723,com.android.settings.Settings,performPause]
02-14 14:30:50.028 I/wm_add_to_stopping( 1257): [0,231479723,com.android.settings/.Settings,makeInvisible]
02-14 14:30:50.029 I/wm_restart_activity( 1257): [0,156911647,14,com.thundercomm.screensaver/.ui.page.MainActivity]
02-14 14:30:50.029 I/wm_set_resumed_activity( 1257): [0,com.thundercomm.screensaver/.ui.page.MainActivity,minimalResumeActivityLocked]
02-14 14:30:50.032 I/sysui_multi_action( 1257): [757,803,799,window_time_0,802,5]
02-14 14:30:50.047 I/input_focus( 1257): [Focus leaving 3aa456f com.android.settings/com.android.settings.Settings (server),reason=NO_WINDOW]
02-14 14:30:50.097 I/wm_on_create_called( 4042): [156911647,com.thundercomm.screensaver.ui.page.MainActivity,performCreate]
02-14 14:30:50.108 I/wm_on_start_called( 4042): [156911647,com.thundercomm.screensaver.ui.page.MainActivity,handleStartActivity]
02-14 14:30:50.108 I/wm_on_resume_called( 4042): [156911647,com.thundercomm.screensaver.ui.page.MainActivity,RESUME_ACTIVITY]
02-14 14:30:50.110 I/wm_on_top_resumed_gained_called( 4042): [156911647,com.thundercomm.screensaver.ui.page.MainActivity,topStateChangedWhenResumed]
02-14 14:30:50.125 I/input_focus( 1257): [Focus request 63dd896 com.thundercomm.screensaver/com.thundercomm.screensaver.ui.page.MainActivity,reason=UpdateInputWindows]
02-14 14:30:50.177 I/sysui_multi_action( 1257): [319,159,322,159,325,373,757,761,758,8,759,2,806,com.thundercomm.screensaver,871,com.thundercomm.screensaver.ui.page.MainActivity,904,com.android.settings,905,0,1320,4,1321,2]
02-14 14:30:50.177 I/wm_activity_launch_time( 1257): [0,156911647,com.thundercomm.screensaver/.ui.page.MainActivity,159]
02-14 14:30:50.181 I/input_focus( 1257): [Focus entering 63dd896 com.thundercomm.screensaver/com.thundercomm.screensaver.ui.page.MainActivity (server),reason=Window became focusable. Previous reason: NOT_VISIBLE]
02-14 14:30:50.571 I/wm_stop_activity( 1257): [0,231479723,com.android.settings/.Settings]
02-14 14:30:50.599 I/wm_on_stop_called( 2429): [231479723,com.android.settings.Settings,STOP_ACTIVITY_ITEM]
02-14 14:30:51.823 I/input_interaction( 1257): Interaction with: 63dd896 com.thundercomm.screensaver/com.thundercomm.screensaver.ui.page.MainActivity (server), edge-swipe (server), swipe-up (server), PointerEventDispatcher0 (server),
02-14 14:30:53.698 I/input_focus( 1257): [Focus request 7deff1b com.thundercomm.screensaver/com.thundercomm.screensaver.ui.page.MainActivity,reason=UpdateInputWindows]
02-14 14:30:53.723 I/input_focus( 1257): [Focus leaving 63dd896 com.thundercomm.screensaver/com.thundercomm.screensaver.ui.page.MainActivity (server),reason=setFocusedWindow]
02-14 14:30:53.723 I/input_focus( 1257): [Focus entering 7deff1b com.thundercomm.screensaver/com.thundercomm.screensaver.ui.page.MainActivity (server),reason=setFocusedWindow]
02-14 14:30:55.011 I/input_interaction( 1257): Interaction with: 7deff1b com.thundercomm.screensaver/com.thundercomm.screensaver.ui.page.MainActivity (server), edge-swipe (server), swipe-up (server), PointerEventDispatcher0 (server),
02-14 14:30:55.171 I/snet_event_log( 4042): [117838472,-1,]
02-14 14:30:55.171 I/snet_event_log( 4042): [117838472,-1,]
02-14 14:30:55.172 I/snet_event_log( 4042): [117838472,-1,]
02-14 14:30:55.172 I/snet_event_log( 4042): [117838472,-1,]
02-14 14:30:55.176 I/snet_event_log( 4042): [117838472,-1,]
02-14 14:30:55.177 I/snet_event_log( 4042): [117838472,-1,]
02-14 14:30:59.745 I/snet_event_log( 4042): [117838472,-1,]
02-14 14:30:59.745 I/snet_event_log( 4042): [117838472,-1,]
02-14 14:30:59.746 I/snet_event_log( 4042): [117838472,-1,]
02-14 14:30:59.746 I/snet_event_log( 4042): [117838472,-1,]
02-14 14:30:59.760 I/snet_event_log( 4042): [117838472,-1,]
02-14 14:30:59.760 I/snet_event_log( 4042): [117838472,-1,]
02-14 14:31:02.552 I/snet_event_log( 4042): [117838472,-1,]
02-14 14:31:02.553 I/snet_event_log( 4042): [117838472,-1,]
02-14 14:31:02.553 I/snet_event_log( 4042): [117838472,-1,]
02-14 14:31:02.554 I/snet_event_log( 4042): [117838472,-1,]
02-14 14:31:02.567 I/snet_event_log( 4042): [117838472,-1,]
02-14 14:31:02.567 I/snet_event_log( 4042): [117838472,-1,]
02-14 14:31:07.183 I/snet_event_log( 4042): [117838472,-1,]
02-14 14:31:07.183 I/snet_event_log( 4042): [117838472,-1,]
02-14 14:31:07.184 I/snet_event_log( 4042): [117838472,-1,]
02-14 14:31:07.184 I/snet_event_log( 4042): [117838472,-1,]
02-14 14:31:07.192 I/snet_event_log( 4042): [117838472,-1,]
02-14 14:31:07.192 I/snet_event_log( 4042): [117838472,-1,]
02-14 14:31:14.259 I/snet_event_log( 4042): [117838472,-1,]
02-14 14:31:14.260 I/snet_event_log( 4042): [117838472,-1,]
02-14 14:31:14.261 I/snet_event_log( 4042): [117838472,-1,]
02-14 14:31:14.261 I/snet_event_log( 4042): [117838472,-1,]
02-14 14:31:14.268 I/snet_event_log( 4042): [117838472,-1,]
02-14 14:31:14.269 I/snet_event_log( 4042): [117838472,-1,]
02-14 14:31:23.819 I/input_focus( 1257): [Focus request 63dd896 com.thundercomm.screensaver/com.thundercomm.screensaver.ui.page.MainActivity,reason=UpdateInputWindows]
02-14 14:31:23.845 I/input_focus( 1257): [Focus entering 63dd896 com.thundercomm.screensaver/com.thundercomm.screensaver.ui.page.MainActivity (server),reason=setFocusedWindow]
02-14 14:31:24.453 I/input_interaction( 1257): Interaction with: 63dd896 com.thundercomm.screensaver/com.thundercomm.screensaver.ui.page.MainActivity (server), edge-swipe (server), swipe-up (server), PointerEventDispatcher0 (server),
02-14 14:31:24.479 I/view_enqueue_input_event( 4042): [Motion - Cancel,com.thundercomm.screensaver/com.thundercomm.screensaver.ui.page.MainActivity]
02-14 14:31:24.491 I/input_interaction( 1257): Interaction with: edge-swipe (server), swipe-up (server), PointerEventDispatcher0 (server),
02-14 14:31:24.561 I/service_manager_stats( 1257): [100,57,37942]
02-14 14:31:24.632 I/sysui_multi_action( 1257): [757,803,799,key_back_press,802,1]
02-14 14:31:24.634 I/input_interaction( 1257): Interaction with: 63dd896 com.thundercomm.screensaver/com.thundercomm.screensaver.ui.page.MainActivity (server), PointerEventDispatcher0 (server),
02-14 14:31:24.638 I/wm_finish_activity( 1257): [0,156911647,14,com.thundercomm.screensaver/.ui.page.MainActivity,app-request]
02-14 14:31:24.645 I/wm_pause_activity( 1257): [0,156911647,com.thundercomm.screensaver/.ui.page.MainActivity,userLeaving=false,finish]
02-14 14:31:24.648 I/wm_on_top_resumed_lost_called( 4042): [156911647,com.thundercomm.screensaver.ui.page.MainActivity,topStateChangedWhenResumed]
02-14 14:31:24.651 I/wm_on_paused_called( 4042): [156911647,com.thundercomm.screensaver.ui.page.MainActivity,performPause]
02-14 14:31:24.652 I/wm_add_to_stopping( 1257): [0,156911647,com.thundercomm.screensaver/.ui.page.MainActivity,completeFinishing]
02-14 14:31:24.654 I/wm_set_resumed_activity( 1257): [0,com.android.settings/.Settings,resumeTopActivityInnerLocked]
02-14 14:31:24.661 I/wm_resume_activity( 1257): [0,231479723,14,com.android.settings/.Settings]
02-14 14:31:24.665 I/input_focus( 1257): [Focus leaving 63dd896 com.thundercomm.screensaver/com.thundercomm.screensaver.ui.page.MainActivity (server),reason=NO_WINDOW]
02-14 14:31:24.670 I/sysui_multi_action( 1257): [757,803,799,window_time_0,802,35]
02-14 14:31:24.673 I/wm_on_restart_called( 2429): [231479723,com.android.settings.Settings,performRestartActivity]
02-14 14:31:24.675 I/wm_on_start_called( 2429): [231479723,com.android.settings.Settings,handleStartActivity]
02-14 14:31:24.676 I/snet_event_log( 2429): [120484087,-1,]
02-14 14:31:24.676 I/wm_on_resume_called( 2429): [231479723,com.android.settings.Settings,RESUME_ACTIVITY]
02-14 14:31:24.677 I/sysui_multi_action( 2429): [757,35,758,1,833,0,1089,0]
02-14 14:31:24.679 I/sysui_multi_action( 2429): [757,47,758,1,833,0,1089,0]
02-14 14:31:24.691 I/wm_on_top_resumed_gained_called( 2429): [231479723,com.android.settings.Settings,topWhenResuming]
02-14 14:31:24.695 I/input_focus( 1257): [Focus request 3aa456f com.android.settings/com.android.settings.Settings,reason=UpdateInputWindows]
02-14 14:31:24.731 I/input_focus( 1257): [Focus entering 3aa456f com.android.settings/com.android.settings.Settings (server),reason=Window became focusable. Previous reason: NOT_VISIBLE]
02-14 14:31:25.121 I/wm_destroy_activity( 1257): [0,156911647,14,com.thundercomm.screensaver/.ui.page.MainActivity,finish-imm:idle]
02-14 14:31:25.152 I/wm_on_stop_called( 4042): [156911647,com.thundercomm.screensaver.ui.page.MainActivity,LIFECYCLER_STOP_ACTIVITY]
02-14 14:31:25.164 I/wm_on_destroy_called( 4042): [156911647,com.thundercomm.screensaver.ui.page.MainActivity,performDestroy]
02-14 14:31:25.333 I/input_interaction( 1257): Interaction with: 3aa456f com.android.settings/com.android.settings.Settings (server), edge-swipe (server), swipe-up (server), PointerEventDispatcher0 (server),
02-14 14:31:26.048 I/wm_task_moved( 1257): [12,0,0]
02-14 14:31:26.048 I/wm_task_moved( 1257): [12,0,5]
02-14 14:31:26.060 I/view_enqueue_input_event( 2429): [Motion - Cancel,com.android.settings/com.android.settings.Settings]
02-14 14:31:26.065 I/input_focus( 1257): [Focus request recents_animation_input_consumer,reason=UpdateInputWindows]
02-14 14:31:26.073 I/wm_on_restart_called( 2598): [190679017,com.android.launcher3.uioverrides.QuickstepLauncher,performRestartActivity]
02-14 14:31:26.074 I/input_interaction( 1257): Interaction with: edge-swipe (server), swipe-up (server), PointerEventDispatcher0 (server),
02-14 14:31:26.083 I/input_focus( 1257): [Focus leaving 3aa456f com.android.settings/com.android.settings.Settings (server),reason=NOT_FOCUSABLE]
02-14 14:31:26.083 I/input_focus( 1257): [Focus entering recents_animation_input_consumer (server),reason=setFocusedWindow]
02-14 14:31:26.099 I/wm_on_start_called( 2598): [190679017,com.android.launcher3.uioverrides.QuickstepLauncher,handleStartActivity]
02-14 14:31:26.111 I/sysui_latency( 2598): [1,78]
02-14 14:31:26.128 I/sysui_multi_action( 1257): [319,10,322,74,325,409,757,761,758,9,759,5,806,com.android.launcher3,871,com.android.launcher3.uioverrides.QuickstepLauncher,904,com.android.launcher3,905,0,1320,4,1321,1]
02-14 14:31:26.299 I/commit_sys_config_file( 1257): [settings-1-0,4]
02-14 14:31:26.423 I/sysui_latency( 1257): [8,88]
02-14 14:31:26.871 I/wm_task_moved( 1257): [12,1,6]
02-14 14:31:26.872 I/wm_task_moved( 1257): [13,1,2147483647]
02-14 14:31:26.872 I/wm_task_to_front( 1257): [0,13]
02-14 14:31:26.872 I/wm_focused_root_task( 1257): [0,0,12,14,RecentsAnimation.onAnimationFinished()]
02-14 14:31:26.873 I/wm_set_resumed_activity( 1257): [0,com.android.launcher3/.uioverrides.QuickstepLauncher,RecentsAnimation.onAnimationFinished()]
02-14 14:31:26.873 I/wm_on_top_resumed_lost_called( 2429): [231479723,com.android.settings.Settings,topStateChangedWhenResumed]
02-14 14:31:26.874 I/wm_pause_activity( 1257): [0,231479723,com.android.settings/.Settings,userLeaving=true,pauseBackTasks]
02-14 14:31:26.875 I/wm_add_to_stopping( 1257): [0,231479723,com.android.settings/.Settings,makeInvisible]
02-14 14:31:26.876 I/wm_set_resumed_activity( 1257): [0,com.android.launcher3/.uioverrides.QuickstepLauncher,resumeTopActivityInnerLocked]
02-14 14:31:26.878 I/wm_resume_activity( 1257): [0,190679017,13,com.android.launcher3/.uioverrides.QuickstepLauncher]
02-14 14:31:26.879 I/wm_on_resume_called( 2598): [190679017,com.android.launcher3.uioverrides.QuickstepLauncher,RESUME_ACTIVITY]
02-14 14:31:26.883 I/input_focus( 1257): [Focus request eca6b19 com.android.launcher3/com.android.launcher3.uioverrides.QuickstepLauncher,reason=UpdateInputWindows]
02-14 14:31:26.886 I/input_focus( 1257): [Focus leaving recents_animation_input_consumer (server),reason=NOT_VISIBLE]
02-14 14:31:26.890 I/wm_stop_activity( 1257): [0,231479723,com.android.settings/.Settings]
02-14 14:31:26.890 I/sysui_multi_action( 1257): [757,803,799,window_time_0,802,2]
02-14 14:31:26.892 I/wm_on_top_resumed_gained_called( 2598): [190679017,com.android.launcher3.uioverrides.QuickstepLauncher,topStateChangedWhenResumed]
02-14 14:31:26.894 I/sysui_multi_action( 2429): [757,35,758,2,1089,2218]
02-14 14:31:26.894 I/sysui_multi_action( 1257): [757,803,799,window_time_0,802,0]
02-14 14:31:26.895 I/sysui_multi_action( 2429): [757,47,758,2,1089,2217]
02-14 14:31:26.900 I/wm_on_paused_called( 2429): [231479723,com.android.settings.Settings,performPause]
02-14 14:31:26.903 I/input_focus( 1257): [Focus entering eca6b19 com.android.launcher3/com.android.launcher3.uioverrides.QuickstepLauncher (server),reason=setFocusedWindow]
02-14 14:31:26.913 I/wm_on_stop_called( 2429): [231479723,com.android.settings.Settings,STOP_ACTIVITY_ITEM]
02-14 14:31:28.601 I/input_interaction( 1257): Interaction with: eca6b19 com.android.launcher3/com.android.launcher3.uioverrides.QuickstepLauncher (server), 68d96d6 com.android.systemui.ImageWallpaper (server), edge-swipe (server), swipe-up (server), PointerEventDispatcher0 (server),
02-14 14:31:28.695 I/wm_task_created( 1257): [17,-1]
02-14 14:31:28.697 I/wm_task_moved( 1257): [17,1,7]
02-14 14:31:28.697 I/wm_task_to_front( 1257): [0,17]
02-14 14:31:28.697 I/wm_create_task( 1257): [0,17]
02-14 14:31:28.697 I/wm_create_activity( 1257): [0,79783205,17,com.android.gallery3d/.app.GalleryActivity,android.intent.action.MAIN,NULL,NULL,270532608]
02-14 14:31:28.697 I/wm_task_moved( 1257): [17,1,7]
02-14 14:31:28.698 I/wm_pause_activity( 1257): [0,190679017,com.android.launcher3/.uioverrides.QuickstepLauncher,userLeaving=true,pauseBackTasks]
02-14 14:31:28.700 I/wm_on_top_resumed_lost_called( 2598): [190679017,com.android.launcher3.uioverrides.QuickstepLauncher,topStateChangedWhenResumed]
02-14 14:31:28.701 I/wm_on_paused_called( 2598): [190679017,com.android.launcher3.uioverrides.QuickstepLauncher,performPause]
02-14 14:31:28.702 I/wm_add_to_stopping( 1257): [0,190679017,com.android.launcher3/.uioverrides.QuickstepLauncher,makeInvisible]
02-14 14:31:28.702 I/wm_restart_activity( 1257): [0,79783205,17,com.android.gallery3d/.app.GalleryActivity]
