02-14 14:51:06.073 I/GameMode_ActivityMonitoringService( 2109): WindowMode: 1
02-14 14:51:06.073 E/GameMode_ActivityMonitoringService( 2109): onActivityLaunch:com.android.launcher3
02-14 14:51:06.074 V/GameMode_GameTypeUtils( 2109): judge isGame:com.android.launcher3
02-14 14:51:06.074 V/GameMode_GpuUtils( 2109): fps:60
02-14 14:51:06.076 D/GameMode_GameModeActionUtils( 2109): Show GameMode entry by service!
02-14 14:51:06.076 W/ContextImpl( 2109): Calling a method in the system process without a qualified user: android.app.ContextImpl.startService:1816 android.content.ContextWrapper.startService:774 com.thundercomm.gamemode.ingame.services.GameModeActionUtils.startGameModeService:111 com.thundercomm.gamemode.ingame.services.GameModeActionUtils.startGameModeEntry:22 com.thundercomm.gamemode.ingame.services.ActivityMonitoringService$1.onActivityLaunch:139
02-14 14:51:06.077 I/OpenGLRenderer( 2009): Davey! duration=9223370447101ms; Flags=0, FrameTimelineVsyncId=27101, IntendedVsync=1589753148791, Vsync=1589769815457, InputEventId=0, HandleInputStart=1589770677204, AnimationStart=1589775426475, PerformTraversalsStart=1589775867516, DrawStart=1589780825694, FrameDeadline=1589786482123, FrameInterval=1589770674079, FrameStartTime=16666666, SyncQueued=1589782478766, SyncStart=1589782532881, IssueDrawCommandsStart=1589782786423, SwapBuffers=1589784273454, FrameCompleted=9223372036854775807, DequeueBufferDuration=13906, QueueBufferDuration=454948, GpuCompleted=9223372036854775807, SwapBuffersCompleted=1589785009391, DisplayPresentTime=0,
02-14 14:51:06.077 I/OpenGLRenderer( 2009): Davey! duration=9223370447099ms; Flags=0, FrameTimelineVsyncId=27101, IntendedVsync=1589753148791, Vsync=1589769815457, InputEventId=772374704, HandleInputStart=1589770677204, AnimationStart=1589775426475, PerformTraversalsStart=1589775867516, DrawStart=1589782831527, FrameDeadline=1589786482123, FrameInterval=1589770674079, FrameStartTime=16666666, SyncQueued=1589782842464, SyncStart=1589785052985, IssueDrawCommandsStart=1589785117100, SwapBuffers=1589785717256, FrameCompleted=9223372036854775807, DequeueBufferDuration=10677, QueueBufferDuration=400833, GpuCompleted=9223372036854775807, SwapBuffersCompleted=1589786390329, DisplayPresentTime=0,
02-14 14:51:06.077 D/GameModeIF_GameModeSettings( 2109): getUriFor setting_content_uri_root = content://com.thundercomm.gamemode.api/gamemode_settings , name = gamemode_isgaming
02-14 14:51:06.077 D/GameMode_GameModeService( 2109): type=hide_entry
02-14 14:51:06.078 I/GameModeConfig( 1257): Current uri is uri = content://com.thundercomm.gamemode.api/gamemode_settings/gamemode_isgaming
02-14 14:51:06.078 D/GameMode_GameSettingsObserver( 2109): Game Data change!!!! uri = content://com.thundercomm.gamemode.api/gamemode_settings/gamemode_isgaming
02-14 14:51:06.078 D/GameModeIF_GameModeSettings( 2109): getUriFor setting_content_uri_root = content://com.thundercomm.gamemode.api/gamemode_settings , name = gamemode_isgaming
02-14 14:51:06.078 D/GameModeIF_GameModeSettings( 1257): getUriFor setting_content_uri_root = content://com.thundercomm.gamemode.api/gamemode_settings , name = gamemode_isgaming
02-14 14:51:06.078 D/GameModeIF_GameModeSettings( 2109): gamemode_isgaming set to 0
02-14 14:51:06.078 I/GameMode_ActivityMonitoringService( 2109): [Perf]-lastSession=
02-14 14:51:06.078 D/GameModeIF_GameModeSettings( 2109): getUriFor setting_content_uri_root = content://com.thundercomm.gamemode.api/gamemode_settings , name = gamemode_enable
02-14 14:51:06.079 D/GameMode_GameModeService( 2109): updateGlobalSettings = gamemode_isgaming
02-14 14:51:06.079 I/GameModeConfig( 1257): isGameModeOn = true
02-14 14:51:06.079 I/GameModeConfig( 1257): isGaming = false
02-14 14:51:06.079 I/GameModeConfig( 1257): isGameModeOn = true
02-14 14:51:06.079 I/GameModeConfig( 1257): isGaming = false
02-14 14:51:06.079 I/GameModeConfig( 1257): isDisableVoice = true
02-14 14:51:06.085 W/Choreographer( 1257): Frame time is 0.304731 ms in the future! Check that graphics HAL is generating vsync timestamps using the correct timebase.
02-14 14:51:06.085 W/Choreographer( 2009): Frame time is 0.287283 ms in the future! Check that graphics HAL is generating vsync timestamps using the correct timebase.
02-14 14:51:06.085 W/Choreographer( 2598): Frame time is 0.249418 ms in the future! Check that graphics HAL is generating vsync timestamps using the correct timebase.
02-14 14:51:06.133 I/GameMode_ActivityMonitoringService( 2109): onTaskStackChanged
02-14 14:51:06.135 I/GameMode_ActivityMonitoringService( 2109): Updating top task to: TaskInfoContainer [topActivity=ComponentInfo{com.android.launcher3/com.android.launcher3.uioverrides.QuickstepLauncher}, taskId=13, stackId=12, userId=0, displayId=0, position=6
02-14 14:51:06.136 I/GameMode_ActivityMonitoringService( 2109): Notifying about top task: TaskInfoContainer [topActivity=ComponentInfo{com.android.launcher3/com.android.launcher3.uioverrides.QuickstepLauncher}, taskId=13, stackId=12, userId=0, displayId=0, position=6
02-14 14:51:06.136 I/GameMode_ActivityMonitoringService( 2109): WindowMode: 1
02-14 14:51:06.136 E/GameMode_ActivityMonitoringService( 2109): onActivityLaunch:com.android.launcher3
02-14 14:51:06.136 V/GameMode_GameTypeUtils( 2109): judge isGame:com.android.launcher3
02-14 14:51:06.136 V/GameMode_GpuUtils( 2109): fps:60
02-14 14:51:06.138 D/GameMode_GameModeActionUtils( 2109): Show GameMode entry by service!
02-14 14:51:06.138 W/ContextImpl( 2109): Calling a method in the system process without a qualified user: android.app.ContextImpl.startService:1816 android.content.ContextWrapper.startService:774 com.thundercomm.gamemode.ingame.services.GameModeActionUtils.startGameModeService:111 com.thundercomm.gamemode.ingame.services.GameModeActionUtils.startGameModeEntry:22 com.thundercomm.gamemode.ingame.services.ActivityMonitoringService$1.onActivityLaunch:139
02-14 14:51:06.139 D/GameModeIF_GameModeSettings( 2109): getUriFor setting_content_uri_root = content://com.thundercomm.gamemode.api/gamemode_settings , name = gamemode_isgaming
02-14 14:51:06.139 D/GameMode_GameModeService( 2109): type=hide_entry
02-14 14:51:06.141 D/GameMode_GameSettingsObserver( 2109): Game Data change!!!! uri = content://com.thundercomm.gamemode.api/gamemode_settings/gamemode_isgaming
02-14 14:51:06.141 I/GameModeConfig( 1257): Current uri is uri = content://com.thundercomm.gamemode.api/gamemode_settings/gamemode_isgaming
02-14 14:51:06.141 D/GameModeIF_GameModeSettings( 1257): getUriFor setting_content_uri_root = content://com.thundercomm.gamemode.api/gamemode_settings , name = gamemode_isgaming
02-14 14:51:06.141 D/GameModeIF_GameModeSettings( 2109): getUriFor setting_content_uri_root = content://com.thundercomm.gamemode.api/gamemode_settings , name = gamemode_isgaming
02-14 14:51:06.141 D/GameModeIF_GameModeSettings( 2109): gamemode_isgaming set to 0
02-14 14:51:06.141 I/GameMode_ActivityMonitoringService( 2109): [Perf]-lastSession=
02-14 14:51:06.141 D/GameModeIF_GameModeSettings( 2109): getUriFor setting_content_uri_root = content://com.thundercomm.gamemode.api/gamemode_settings , name = gamemode_enable
02-14 14:51:06.145 I/GameModeConfig( 1257): isGameModeOn = true
02-14 14:51:06.145 I/GameModeConfig( 1257): isGaming = false
02-14 14:51:06.145 I/GameModeConfig( 1257): isGameModeOn = true
02-14 14:51:06.145 I/GameModeConfig( 1257): isGaming = false
02-14 14:51:06.145 I/GameModeConfig( 1257): isDisableVoice = true
02-14 14:51:06.146 D/GameMode_GameModeService( 2109): updateGlobalSettings = gamemode_isgaming
02-14 14:51:06.198 W/hpplay-java( 2772): [main]:IPManager:getActiveNets invalid networkInfo:null
02-14 14:51:06.198 I/hpplay-java( 2772): [main]:IPManager:getActiveNets eth0:false wifi:false mobile:false ap:false
02-14 14:51:06.198 I/hpplay-java( 2772): [main]:ServerTaskManager:get local ip:null
02-14 14:51:06.713 I/perfetto( 1161): ng_service_impl.cc:1821 FlushAndDisableTracing(3) done, success=1
02-14 14:51:06.714 I/perfetto( 1159): probes_producer.cc:340 Producer stop (id=3)
02-14 14:51:06.714 I/perfetto( 1159): ftrace_procfs.cc:213 disabled ftrace in /sys/kernel/tracing/
02-14 14:51:06.714 W/perfetto( 0): disabled ftrace
02-14 14:51:06.720 I/perfetto( 1161): ng_service_impl.cc:2293 Tracing session 3 ended, total sessions:0
02-14 14:51:06.724 I/iorapd ( 1156): Perfetto TraceBuffer saved to file: /data/misc/iorapd/com.android.settings/31/com.android.settings.Settings/raw_traces/1676357466722645750.perfetto_trace.pb
02-14 14:51:06.955 I/mpu_uart( 646): [MSG-P:RECV]:No message received in 1000 ms
02-14 14:51:06.979 I/mpu_uart( 646): [MSG-P:R]:recv sync frame timeout
02-14 14:51:07.201 W/hpplay-java( 2772): [main]:IPManager:getActiveNets invalid networkInfo:null
02-14 14:51:07.201 I/hpplay-java( 2772): [main]:IPManager:getActiveNets eth0:false wifi:false mobile:false ap:false
02-14 14:51:07.201 I/hpplay-java( 2772): [main]:ServerTaskManager:get local ip:null
02-14 14:51:07.553 I/input_interaction( 1257): Interaction with: d8c1894 NotificationShade (server), edge-swipe (server), swipe-up (server), PointerEventDispatcher0 (server),
02-14 14:51:07.683 I/sysui_multi_action( 2009): [757,925,758,4,759,0,927,3,928,0,1592,0,1593,1]
02-14 14:51:07.692 I/thunderperf( 1257): Maybe need boostperf for current app!
02-14 14:51:07.693 D/FgBoostPerfService( 2109): [FgBoostPerfService.perfBoostAcq]start: stat=true pkgName=com.android.systemui
02-14 14:51:07.693 V/GameMode_GameTypeUtils( 2109): judge isGame:com.android.systemui
02-14 14:51:07.694 I/FgBoostPerfService( 2109): [FgBoostPerfService.perfBoostAcq] not game-mode or game app!
02-14 14:51:07.694 I/ThunderPerfManager( 1257): PerfAcq error : state=true pkgName=com.android.systemui
02-14 14:51:07.695 V/GameMode_GameTypeUtils( 2109): judge isGame:com.android.systemui
02-14 14:51:07.695 I/FgBoostPerfService( 2109): [GetGpuMode] isMode=1 isGame=false mGpuMode=0
02-14 14:51:07.695 V/GameMode_GameTypeUtils( 2109): judge isGame:com.android.systemui
02-14 14:51:07.695 I/FgBoostPerfService( 2109): [GetGpuDpiType] isMode=1 isGame=false mGpuDpiType=0
02-14 14:51:07.695 I/thunderperf( 1257): Current app pkgName=com.android.systemui bm:com.thundercomm.perf.BoostPerfManager@ac0cef7 gpuMode=-1 gpuType=-1
02-14 14:51:07.696 I/ThunderBoostPerfService( 1257): Resolution: Uid=10080 Pid=2009 gMode=-1 dType=-1
02-14 14:51:07.696 I/thunderperf( 1257): PlatormCompat.setOverrides: Uid1=10080 Pid1=2009 Uid2=10080 Pid2=2009
02-14 14:51:07.696 I/thunderperf( 1257): PlatormCompat.setOverrides: needCheck:false
02-14 14:51:07.697 I/thunderperf( 1257): CompatConfig.addOverrideUnsafe: bef-state=1
02-14 14:51:07.697 I/thunderperf( 1257): CompatConfig.addOverrideUnsafe: aft-state=0
02-14 14:51:07.698 I/thunderperf( 1257): CompatConfig.addOverrideUnsafe: bef-state=1
02-14 14:51:07.699 I/thunderperf( 1257): CompatConfig.addOverrideUnsafe: aft-state=0
02-14 14:51:07.699 I/thunderperf( 1257): CompatConfig.addOverrideUnsafe: bef-state=1
02-14 14:51:07.700 I/thunderperf( 1257): CompatConfig.addOverrideUnsafe: aft-state=0
02-14 14:51:07.700 I/thunderperf( 1257): CompatConfig.addOverrideUnsafe: bef-state=1
02-14 14:51:07.701 I/thunderperf( 1257): CompatConfig.addOverrideUnsafe: aft-state=0
02-14 14:51:07.701 I/thunderperf( 1257): CompatConfig.addOverrideUnsafe: bef-state=1
02-14 14:51:07.701 I/thunderperf( 1257): CompatConfig.addOverrideUnsafe: aft-state=0
02-14 14:51:07.702 I/thunderperf( 1257): CompatConfig.addOverrideUnsafe: bef-state=1
02-14 14:51:07.702 I/thunderperf( 1257): CompatConfig.addOverrideUnsafe: aft-state=0
02-14 14:51:07.703 I/thunderperf( 1257): CompatConfig.addOverrideUnsafe: bef-state=1
02-14 14:51:07.703 I/thunderperf( 1257): CompatConfig.addOverrideUnsafe: aft-state=0
02-14 14:51:07.704 I/thunderperf( 1257): CompatConfig.addOverrideUnsafe: bef-state=1
02-14 14:51:07.704 I/thunderperf( 1257): CompatConfig.addOverrideUnsafe: aft-state=0
02-14 14:51:07.705 I/thunderperf( 1257): CompatConfig.addOverrideUnsafe: bef-state=1
02-14 14:51:07.705 I/thunderperf( 1257): CompatConfig.addOverrideUnsafe: aft-state=0
02-14 14:51:07.705 I/thunderperf( 1257): CompatConfig.addOverrideUnsafe: bef-state=1
02-14 14:51:07.706 I/thunderperf( 1257): CompatConfig.addOverrideUnsafe: aft-state=0
02-14 14:51:07.706 I/thunderperf( 1257): CompatConfig.addOverrideUnsafe: bef-state=1
02-14 14:51:07.707 I/thunderperf( 1257): CompatConfig.addOverrideUnsafe: aft-state=0
02-14 14:51:07.707 I/thunderperf( 1257): CompatConfig.addOverrideUnsafe: bef-state=1
02-14 14:51:07.707 I/thunderperf( 1257): CompatConfig.addOverrideUnsafe: aft-state=0
02-14 14:51:07.708 I/thunderperf( 1257): CompatConfig.addOverrideUnsafe: bef-state=1
02-14 14:51:07.708 I/thunderperf( 1257): CompatConfig.addOverrideUnsafe: aft-state=0
02-14 14:51:07.710 I/thunderperf( 1257): CompatConfig.addOverrideUnsafe: bef-state=1
02-14 14:51:07.710 I/thunderperf( 1257): CompatConfig.addOverrideUnsafe: aft-state=0
02-14 14:51:07.713 I/ThunderBoostPerfService( 1257): Disable downscaling com.android.systemui to 2380x1020
02-14 14:51:07.714 I/ActivityTaskManager( 1257): START u0 {flg=0x10000000 cmp=com.android.systemui/.screenrecord.ScreenRecordDialog} from uid 10080
02-14 14:51:07.714 I/EventSequenceValidator( 1257): inc AccIntentStartedEvents to 2
02-14 14:51:07.718 E/ANDR-PERF-JNI( 1257): com_qualcomm_qtiperformance_native_perf_io_prefetch_start
02-14 14:51:07.718 I/wm_task_created( 1257): [20,-1]
02-14 14:51:07.718 W/ActivityTaskManager( 1257): Can't find TaskDisplayArea to determine support for multi window. Task id=20 attached=false
02-14 14:51:07.720 E/ANDR-IOP( 839): io prefetch is disabled
02-14 14:51:07.721 I/wm_task_moved( 1257): [20,1,7]
02-14 14:51:07.721 I/wm_task_to_front( 1257): [0,20]
02-14 14:51:07.721 I/wm_create_task( 1257): [0,20]
02-14 14:51:07.721 I/wm_create_activity( 1257): [0,34529417,20,com.android.systemui/.screenrecord.ScreenRecordDialog,NULL,NULL,NULL,276824064]
02-14 14:51:07.721 I/wm_task_moved( 1257): [20,1,7]
02-14 14:51:07.721 I/wm_on_top_resumed_lost_called( 2598): [190679017,com.android.launcher3.uioverrides.QuickstepLauncher,topStateChangedWhenResumed]
02-14 14:51:07.721 D/CompatibilityInfo( 1257): mCompatibilityFlags - 4
02-14 14:51:07.721 D/CompatibilityInfo( 1257): applicationDensity - 240
02-14 14:51:07.721 D/CompatibilityInfo( 1257): applicationScale - 1.0
02-14 14:51:07.721 D/ActivityTrigger( 1257): ActivityTrigger activityPauseTrigger
02-14 14:51:07.722 I/wm_pause_activity( 1257): [0,190679017,com.android.launcher3/.uioverrides.QuickstepLauncher,userLeaving=true,pauseBackTasks]
02-14 14:51:07.724 I/wm_on_paused_called( 2598): [190679017,com.android.launcher3.uioverrides.QuickstepLauncher,performPause]
02-14 14:51:07.725 I/ActivityTaskManager( 1257): FOREGROUND_APPLICATION_CHANGED to com.android.systemui.screenrecord.ScreenRecordDialog
02-14 14:51:07.725 V/ShadeControllerImpl( 2009): NotificationShadeWindow: com.android.systemui.statusbar.phone.NotificationShadeWindowView{fbb743b V.E...... ........ 0,0-2380,1020} canPanelBeCollapsed(): true
02-14 14:51:07.725 I/ActivityTaskManager( 1257): The Process com.android.systemui Already Exists in BG. So sending its PID: 2009
02-14 14:51:07.725 W/ActivityTaskManager( 1257): Tried to set launchTime (0) < mLastActivityLaunchTime (12587)
02-14 14:51:07.726 I/wm_restart_activity( 1257): [0,34529417,20,com.android.systemui/.screenrecord.ScreenRecordDialog]
02-14 14:51:07.726 D/CompatibilityInfo( 1257): mCompatibilityFlags - 4
02-14 14:51:07.726 D/CompatibilityInfo( 1257): applicationDensity - 240
02-14 14:51:07.726 D/CompatibilityInfo( 1257): applicationScale - 1.0
02-14 14:51:07.726 I/wm_set_resumed_activity( 1257): [0,com.android.systemui/.screenrecord.ScreenRecordDialog,minimalResumeActivityLocked]
02-14 14:51:07.728 I/sysui_multi_action( 1257): [757,803,799,window_time_0,802,2]
02-14 14:51:07.739 I/BpBinder( 981): onLastStrongRef automatically unlinking death recipients:
02-14 14:51:07.757 I/input_focus( 1257): [Focus leaving d8c1894 NotificationShade (server),reason=NOT_FOCUSABLE]
02-14 14:51:07.758 I/wm_on_create_called( 2009): [34529417,com.android.systemui.screenrecord.ScreenRecordDialog,performCreate]
02-14 14:51:07.759 I/wm_on_start_called( 2009): [34529417,com.android.systemui.screenrecord.ScreenRecordDialog,handleStartActivity]
02-14 14:51:07.759 I/wm_on_resume_called( 2009): [34529417,com.android.systemui.screenrecord.ScreenRecordDialog,RESUME_ACTIVITY]
02-14 14:51:07.760 D/KeyguardViewMediator( 2009): setOccluded true
02-14 14:51:07.761 I/wm_on_top_resumed_gained_called( 2009): [34529417,com.android.systemui.screenrecord.ScreenRecordDialog,topStateChangedWhenResumed]
02-14 14:51:07.767 D/KeyguardViewMediator( 2009): setOccluded false
02-14 14:51:07.770 I/input_focus( 1257): [Focus request b2130a8 com.android.systemui/com.android.systemui.screenrecord.ScreenRecordDialog,reason=UpdateInputWindows]
02-14 14:51:07.780 I/sysui_multi_action( 1257): [319,65,322,65,325,1591,757,761,758,8,759,2,806,com.android.systemui,871,com.android.systemui.screenrecord.ScreenRecordDialog,904,com.android.systemui,905,0,1320,4,1321,1]
02-14 14:51:07.781 I/EventSequenceValidator( 1257): dec AccIntentStartedEvents to 1
02-14 14:51:07.781 I/wm_activity_launch_time( 1257): [0,34529417,com.android.systemui/.screenrecord.ScreenRecordDialog,65]
02-14 14:51:07.782 I/ActivityTaskManager( 1257): Displayed com.android.systemui/.screenrecord.ScreenRecordDialog: +65ms
02-14 14:51:07.791 I/input_focus( 1257): [Focus entering b2130a8 com.android.systemui/com.android.systemui.screenrecord.ScreenRecordDialog (server),reason=setFocusedWindow]
02-14 14:51:07.828 I/GameMode_ActivityMonitoringService( 2109): onTaskStackChanged
02-14 14:51:07.829 I/GameMode_ActivityMonitoringService( 2109): Updating top task to: TaskInfoContainer [topActivity=ComponentInfo{com.android.systemui/com.android.systemui.screenrecord.ScreenRecordDialog}, taskId=20, stackId=20, userId=0, displayId=0, position=7
02-14 14:51:07.829 I/GameMode_ActivityMonitoringService( 2109): Notifying about top task: TaskInfoContainer [topActivity=ComponentInfo{com.android.systemui/com.android.systemui.screenrecord.ScreenRecordDialog}, taskId=20, stackId=20, userId=0, displayId=0, position=7
02-14 14:51:07.829 I/GameMode_ActivityMonitoringService( 2109): WindowMode: 1
02-14 14:51:07.829 E/GameMode_ActivityMonitoringService( 2109): onActivityLaunch:com.android.systemui
02-14 14:51:07.829 V/GameMode_GameTypeUtils( 2109): judge isGame:com.android.systemui
02-14 14:51:07.829 V/GameMode_GpuUtils( 2109): fps:60
02-14 14:51:07.830 D/GameMode_GameModeActionUtils( 2109): Show GameMode entry by service!
02-14 14:51:07.830 W/ContextImpl( 2109): Calling a method in the system process without a qualified user: android.app.ContextImpl.startService:1816 android.content.ContextWrapper.startService:774 com.thundercomm.gamemode.ingame.services.GameModeActionUtils.startGameModeService:111 com.thundercomm.gamemode.ingame.services.GameModeActionUtils.startGameModeEntry:22 com.thundercomm.gamemode.ingame.services.ActivityMonitoringService$1.onActivityLaunch:139
02-14 14:51:07.831 D/GameMode_GameModeService( 2109): type=hide_entry
02-14 14:51:07.831 D/GameModeIF_GameModeSettings( 2109): getUriFor setting_content_uri_root = content://com.thundercomm.gamemode.api/gamemode_settings , name = gamemode_isgaming
02-14 14:51:07.832 D/GameMode_GameSettingsObserver( 2109): Game Data change!!!! uri = content://com.thundercomm.gamemode.api/gamemode_settings/gamemode_isgaming
02-14 14:51:07.832 I/GameModeConfig( 1257): Current uri is uri = content://com.thundercomm.gamemode.api/gamemode_settings/gamemode_isgaming
02-14 14:51:07.832 D/GameModeIF_GameModeSettings( 1257): getUriFor setting_content_uri_root = content://com.thundercomm.gamemode.api/gamemode_settings , name = gamemode_isgaming
02-14 14:51:07.832 D/GameModeIF_GameModeSettings( 2109): getUriFor setting_content_uri_root = content://com.thundercomm.gamemode.api/gamemode_settings , name = gamemode_isgaming
02-14 14:51:07.832 D/GameModeIF_GameModeSettings( 2109): gamemode_isgaming set to 0
02-14 14:51:07.832 I/GameMode_ActivityMonitoringService( 2109): [Perf]-lastSession=
02-14 14:51:07.832 D/GameModeIF_GameModeSettings( 2109): getUriFor setting_content_uri_root = content://com.thundercomm.gamemode.api/gamemode_settings , name = gamemode_enable
02-14 14:51:07.832 I/GameModeConfig( 1257): isGameModeOn = true
02-14 14:51:07.832 I/GameModeConfig( 1257): isGaming = false
02-14 14:51:07.832 D/GameMode_GameModeService( 2109): updateGlobalSettings = gamemode_isgaming
02-14 14:51:07.833 I/GameModeConfig( 1257): isGameModeOn = true
02-14 14:51:07.833 I/GameModeConfig( 1257): isGaming = false
02-14 14:51:07.833 I/GameModeConfig( 1257): isDisableVoice = true
02-14 14:51:07.955 I/mpu_uart( 646): [MSG-P:RECV]:No message received in 1000 ms
02-14 14:51:08.041 I/GameModeConfig( 1257): isGameModeOn = true
02-14 14:51:08.041 I/GameModeConfig( 1257): isGaming = false
02-14 14:51:08.041 I/GameModeConfig( 1257): isGameModeOn = true
02-14 14:51:08.041 I/GameModeConfig( 1257): isGaming = false
02-14 14:51:08.041 I/GameModeConfig( 1257): isGameModeOn = true
02-14 14:51:08.041 I/GameModeConfig( 1257): isGaming = false
02-14 14:51:08.041 I/GameModeConfig( 1257): isGameModeOn = true
02-14 14:51:08.041 I/GameModeConfig( 1257): isGaming = false
02-14 14:51:08.041 I/notification_enqueue( 1257): [10080,2009,com.android.systemui,2048,NULL,0,Notification(channel=updateNotification shortcut=null contentView=null vibrate=null sound=null defaults=0x0 flags=0x0 color=0x00000000 vis=PRIVATE),0]
02-14 14:51:08.042 I/sysui_multi_action( 2009): [757,111,758,2]
02-14 14:51:08.042 I/sysui_multi_action( 2009): [757,111,758,2]
02-14 14:51:08.140 W/Choreographer( 2009): Frame time is 0.33943 ms in the future! Check that graphics HAL is generating vsync timestamps using the correct timebase.
02-14 14:51:08.202 W/hpplay-java( 2772): [main]:IPManager:getActiveNets invalid networkInfo:null
02-14 14:51:08.202 I/hpplay-java( 2772): [main]:IPManager:getActiveNets eth0:false wifi:false mobile:false ap:false
02-14 14:51:08.202 I/hpplay-java( 2772): [main]:ServerTaskManager:get local ip:null
02-14 14:51:08.242 I/sysui_multi_action( 1257): [757,1501,758,1,793,201,794,0,795,201,796,2048,806,com.android.systemui,857,updateNotification,858,3,947,0,1500,0,1688,1]
02-14 14:51:08.242 I/sysui_multi_action( 1257): [757,804,799,note_interruptive,801,0,802,1]
02-14 14:51:08.242 I/GameModeConfig( 1257): isGameModeOn = true
02-14 14:51:08.242 I/GameModeConfig( 1257): isGaming = false
02-14 14:51:08.243 W/NotificationHistory( 1257): Attempted to add notif for locked/gone/disabled user 0
02-14 14:51:08.243 V/GameMode_GameTypeUtils( 2109): judge isGame:com.android.systemui
02-14 14:51:08.244 E/GameMode_GameModeNotificationListenerService( 2109): title :content :,PackageName:com.android.systemui,isGameModeOn:true,isBulletScreenOn:false,isBulletScreenPackage:false
02-14 14:51:08.250 I/sysui_multi_action( 1257): [757,128,758,2,793,1579409,794,2244,795,1579409,796,26,798,0,806,android,857,DEVELOPER_IMPORTANT,858,4,947,0,1395,3,1500,1578967,1688,1]
02-14 14:51:08.250 I/notification_visibility( 1257): [-1|android|26|null|1000,0,1579409,1579409,0,0]
02-14 14:51:08.250 I/sysui_multi_action( 1257): [757,128,758,2,793,1574685,794,2244,795,1574685,796,17303299,797,com.android.wifi,798,1,806,android,857,NETWORK_AVAILABLE,858,2,947,0,1395,3,1500,1574485,1688,1]
02-14 14:51:08.250 I/notification_visibility( 1257): [0|android|17303299|com.android.wifi|1000,0,1574685,1574685,0,1]
02-14 14:51:08.250 I/sysui_multi_action( 1257): [757,128,758,2,793,1580274,794,2244,795,1580274,796,32,798,2,806,android,857,USB,858,1,947,0,1395,3,1500,1580206,1688,1]
02-14 14:51:08.250 I/notification_visibility( 1257): [-1|android|32|null|1000,0,1580274,1580274,0,2]
02-14 14:51:08.250 I/sysui_multi_action( 1257): [757,127,758,2]
02-14 14:51:08.250 D/StatusBar( 2009): disable disable2
02-14 14:51:08.250 I/notification_panel_hidden( 1257):
02-14 14:51:08.264 D/InterruptionStateProvider( 2009): No bubble up: not allowed to bubble: 0|com.android.systemui|2048|null|10080
02-14 14:51:08.265 D/InterruptionStateProvider( 2009): No heads up: unimportant notification: 0|com.android.systemui|2048|null|10080
02-14 14:51:08.265 D/PeopleSpaceWidgetMgr( 2009): Sbn doesn't contain valid PeopleTileKey: null/0/com.android.systemui
02-14 14:51:08.265 V/KeyguardUpdateMonitor( 2009): *** unregister callback for com.android.keyguard.CarrierTextManager$2@5715b78
02-14 14:51:08.955 I/mpu_uart( 646): [MSG-P:RECV]:No message received in 1000 ms
02-14 14:51:09.047 I/input_interaction( 1257): Interaction with: b2130a8 com.android.systemui/com.android.systemui.screenrecord.ScreenRecordDialog (server), edge-swipe (server), swipe-up (server), PointerEventDispatcher0 (server),
02-14 14:51:09.156 I/wm_finish_activity( 1257): [0,34529417,20,com.android.systemui/.screenrecord.ScreenRecordDialog,app-request]
02-14 14:51:09.156 I/wm_task_moved( 1257): [12,1,7]
02-14 14:51:09.157 I/wm_task_moved( 1257): [13,1,2147483647]
02-14 14:51:09.157 I/wm_task_to_front( 1257): [0,13]
02-14 14:51:09.157 I/wm_focused_root_task( 1257): [0,0,12,-1,finish-top adjustFocusToNextFocusableTask]
02-14 14:51:09.160 D/ActivityTrigger( 1257): ActivityTrigger activityPauseTrigger
02-14 14:51:09.160 I/wm_pause_activity( 1257): [0,34529417,com.android.systemui/.screenrecord.ScreenRecordDialog,userLeaving=false,finish]
02-14 14:51:09.162 I/input_focus( 1257): [Focus request eca6b19 com.android.launcher3/com.android.launcher3.uioverrides.QuickstepLauncher,reason=UpdateInputWindows]
02-14 14:51:09.164 I/wm_on_top_resumed_lost_called( 2009): [34529417,com.android.systemui.screenrecord.ScreenRecordDialog,topStateChangedWhenResumed]
02-14 14:51:09.164 I/wm_on_paused_called( 2009): [34529417,com.android.systemui.screenrecord.ScreenRecordDialog,performPause]
02-14 14:51:09.164 I/ActivityTaskManager( 1257): FOREGROUND_APPLICATION_CHANGED to com.android.launcher3.uioverrides.QuickstepLauncher
02-14 14:51:09.165 I/wm_set_resumed_activity( 1257): [0,com.android.launcher3/.uioverrides.QuickstepLauncher,resumeTopActivityInnerLocked]
02-14 14:51:09.165 I/wm_resume_activity( 1257): [0,190679017,13,com.android.launcher3/.uioverrides.QuickstepLauncher]
02-14 14:51:09.171 I/wm_on_resume_called( 2598): [190679017,com.android.launcher3.uioverrides.QuickstepLauncher,RESUME_ACTIVITY]
02-14 14:51:09.171 I/wm_on_top_resumed_gained_called( 2598): [190679017,com.android.launcher3.uioverrides.QuickstepLauncher,topWhenResuming]
02-14 14:51:09.172 I/sysui_multi_action( 1257): [757,803,799,window_time_0,802,1]
02-14 14:51:09.178 I/input_focus( 1257): [Focus leaving b2130a8 com.android.systemui/com.android.systemui.screenrecord.ScreenRecordDialog (server),reason=NO_WINDOW]
02-14 14:51:09.178 I/input_focus( 1257): [Focus entering eca6b19 com.android.launcher3/com.android.launcher3.uioverrides.QuickstepLauncher (server),reason=setFocusedWindow]
02-14 14:51:09.183 I/wm_destroy_activity( 1257): [0,34529417,20,com.android.systemui/.screenrecord.ScreenRecordDialog,finish-idle]
02-14 14:51:09.186 I/wm_on_stop_called( 2009): [34529417,com.android.systemui.screenrecord.ScreenRecordDialog,LIFECYCLER_STOP_ACTIVITY]
02-14 14:51:09.186 I/wm_on_destroy_called( 2009): [34529417,com.android.systemui.screenrecord.ScreenRecordDialog,performDestroy]
02-14 14:51:09.187 W/InputManager-JNI( 1257): Input channel object 'b2130a8 com.android.systemui/com.android.systemui.screenrecord.ScreenRecordDialog (client)' was disposed without first being removed with the input manager!
02-14 14:51:09.204 W/hpplay-java( 2772): [main]:IPManager:getActiveNets invalid networkInfo:null
02-14 14:51:09.204 I/hpplay-java( 2772): [main]:IPManager:getActiveNets eth0:false wifi:false mobile:false ap:false
02-14 14:51:09.204 I/hpplay-java( 2772): [main]:ServerTaskManager:get local ip:null
02-14 14:51:09.209 I/BpBinder( 981): onLastStrongRef automatically unlinking death recipients:
02-14 14:51:09.238 W/System ( 1257): A resource failed to call release.
02-14 14:51:09.238 W/System ( 1257): A resource failed to call close.
02-14 14:51:09.239 W/System ( 1257): A resource failed to call close.
02-14 14:51:09.239 W/System ( 1257): A resource failed to call release.
02-14 14:51:09.239 W/System ( 1257): A resource failed to call close.
02-14 14:51:09.239 W/System ( 1257): A resource failed to call close.
02-14 14:51:09.239 W/System ( 1257): A resource failed to call close.
02-14 14:51:09.239 W/System ( 1257): A resource failed to call close.
02-14 14:51:09.266 I/GameMode_ActivityMonitoringService( 2109): onTaskStackChanged
02-14 14:51:09.268 I/GameMode_ActivityMonitoringService( 2109): Updating top task to: TaskInfoContainer [topActivity=ComponentInfo{com.android.launcher3/com.android.launcher3.uioverrides.QuickstepLauncher}, taskId=13, stackId=12, userId=0, displayId=0, position=7
02-14 14:51:09.268 I/GameMode_ActivityMonitoringService( 2109): Notifying about top task: TaskInfoContainer [topActivity=ComponentInfo{com.android.launcher3/com.android.launcher3.uioverrides.QuickstepLauncher}, taskId=13, stackId=12, userId=0, displayId=0, position=7
02-14 14:51:09.268 I/GameMode_ActivityMonitoringService( 2109): WindowMode: 1
02-14 14:51:09.268 E/GameMode_ActivityMonitoringService( 2109): onActivityLaunch:com.android.launcher3
02-14 14:51:09.268 V/GameMode_GameTypeUtils( 2109): judge isGame:com.android.launcher3
02-14 14:51:09.268 V/GameMode_GpuUtils( 2109): fps:60
02-14 14:51:09.268 D/GameMode_GameModeActionUtils( 2109): Show GameMode entry by service!
02-14 14:51:09.268 W/ContextImpl( 2109): Calling a method in the system process without a qualified user: android.app.ContextImpl.startService:1816 android.content.ContextWrapper.startService:774 com.thundercomm.gamemode.ingame.services.GameModeActionUtils.startGameModeService:111 com.thundercomm.gamemode.ingame.services.GameModeActionUtils.startGameModeEntry:22 com.thundercomm.gamemode.ingame.services.ActivityMonitoringService$1.onActivityLaunch:139
02-14 14:51:09.269 D/GameModeIF_GameModeSettings( 2109): getUriFor setting_content_uri_root = content://com.thundercomm.gamemode.api/gamemode_settings , name = gamemode_isgaming
02-14 14:51:09.269 D/GameMode_GameModeService( 2109): type=hide_entry
02-14 14:51:09.270 I/GameModeConfig( 1257): Current uri is uri = content://com.thundercomm.gamemode.api/gamemode_settings/gamemode_isgaming
02-14 14:51:09.270 D/GameModeIF_GameModeSettings( 1257): getUriFor setting_content_uri_root = content://com.thundercomm.gamemode.api/gamemode_settings , name = gamemode_isgaming
02-14 14:51:09.270 D/GameModeIF_GameModeSettings( 2109): gamemode_isgaming set to 0
02-14 14:51:09.270 D/GameMode_GameSettingsObserver( 2109): Game Data change!!!! uri = content://com.thundercomm.gamemode.api/gamemode_settings/gamemode_isgaming
02-14 14:51:09.270 D/GameModeIF_GameModeSettings( 2109): getUriFor setting_content_uri_root = content://com.thundercomm.gamemode.api/gamemode_settings , name = gamemode_isgaming
02-14 14:51:09.270 I/GameMode_ActivityMonitoringService( 2109): [Perf]-lastSession=
02-14 14:51:09.270 D/GameModeIF_GameModeSettings( 2109): getUriFor setting_content_uri_root = content://com.thundercomm.gamemode.api/gamemode_settings , name = gamemode_enable
02-14 14:51:09.270 I/GameModeConfig( 1257): isGameModeOn = true
02-14 14:51:09.270 I/GameModeConfig( 1257): isGaming = false
02-14 14:51:09.271 I/GameModeConfig( 1257): isGameModeOn = true
02-14 14:51:09.271 I/GameModeConfig( 1257): isGaming = false
02-14 14:51:09.271 D/GameMode_GameModeService( 2109): updateGlobalSettings = gamemode_isgaming
02-14 14:51:09.271 I/GameModeConfig( 1257): isDisableVoice = true
02-14 14:51:09.443 I/wm_task_removed( 1257): [20,removeChild:removeChild last r=ActivityRecord{20ee089 u0 com.android.systemui/.screenrecord.ScreenRecordDialog t-1 f}} in t=Task{eacaf54 #20 type=standard A=10080:com.android.systemui U=0 visible=false mode=fullscreen translucent=true sz=0}]
02-14 14:51:09.443 I/wm_task_removed( 1257): [20,removeChild]
02-14 14:51:09.444 W/ActivityTaskManager( 1257): Can't find TaskDisplayArea to determine support for multi window. Task id=20 attached=false
02-14 14:51:09.444 W/ActivityTaskManager( 1257): Can't find TaskDisplayArea to determine support for multi window. Task id=20 attached=false
02-14 14:51:09.594 E/DTC_ETH,link_delay_work_func( 0): 3003, SQI=0, link=0
02-14 14:51:09.956 I/mpu_uart( 646): [MSG-P:RECV]:No message received in 1000 ms
02-14 14:51:09.983 I/mpu_uart( 646): [MSG-P:R]:recv sync frame timeout
02-14 14:51:10.206 W/hpplay-java( 2772): [main]:IPManager:getActiveNets invalid networkInfo:null
02-14 14:51:10.206 I/hpplay-java( 2772): [main]:IPManager:getActiveNets eth0:false wifi:false mobile:false ap:false
02-14 14:51:10.206 I/hpplay-java( 2772): [main]:ServerTaskManager:get local ip:null
02-14 14:51:10.399 E/tlogd ( 1378): [TzLogger](isPathReadable) file /sys/kernel/debug/tzdbg/qsee_log isn't exist or no permission, err: No such file or directory
02-14 14:51:10.399 E/tlogd ( 1378): [TzLogger](saveTzlogAsync) /sys/kernel/debug/tzdbg/qsee_log can not read.
02-14 14:51:10.399 E/tlogd ( 1378): [TzLogger](isPathReadable) file /sys/kernel/debug/tzdbg/log isn't exist or no permission, err: No such file or directory
02-14 14:51:10.399 E/tlogd ( 1378): [TzLogger](saveTzlogAsync) /sys/kernel/debug/tzdbg/log can not read.
02-14 14:51:10.954 D/RemoteControlService( 2312): startVlanDispatchThread
02-14 14:51:10.956 I/mpu_uart( 646): [MSG-P:RECV]:No message received in 1000 ms
02-14 14:51:11.209 W/hpplay-java( 2772): [main]:IPManager:getActiveNets invalid networkInfo:null
02-14 14:51:11.209 I/hpplay-java( 2772): [main]:IPManager:getActiveNets eth0:false wifi:false mobile:false ap:false
02-14 14:51:11.209 I/hpplay-java( 2772): [main]:ServerTaskManager:get local ip:null
02-14 14:51:11.957 I/mpu_uart( 646): [MSG-P:RECV]:No message received in 1000 ms
02-14 14:51:12.163 D/CompatibilityInfo( 1257): mCompatibilityFlags - 4
02-14 14:51:12.163 D/CompatibilityInfo( 1257): applicationDensity - 240
02-14 14:51:12.163 D/CompatibilityInfo( 1257): applicationScale - 1.0
02-14 14:51:12.164 I/GameMode_ActivityMonitoringService( 2109): onForegroundServicesChanged uid 10080 pid 2009 fg 0
02-14 14:51:12.168 D/RecordingController( 2009): sent start intent
02-14 14:51:12.166 I/qcom_rpmh DRV( 0): apps_rsc TCS Busy, retrying RPMH message send: addr=0x40d00
02-14 14:51:12.166 I/qcom_rpmh DRV( 0): apps_rsc TCS Busy, retrying RPMH message send: addr=0x50000
02-14 14:51:12.174 D/RecordingService( 2009): onStartCommand com.android.systemui.screenrecord.START
02-14 14:51:12.175 D/RecordingService( 2009): recording with audio sourceNONE
02-14 14:51:12.178 D/ScreenMediaRecorder( 2009): start recording
02-14 14:51:12.191 W/StagefrightRecorder( 1280): stop while neither recording nor paused
02-14 14:51:12.191 I/MediaProfiles( 1280): Profiles xml path: /vendor/etc/media_profiles_kona.xml
02-14 14:51:12.210 W/hpplay-java( 2772): [main]:IPManager:getActiveNets invalid networkInfo:null
02-14 14:51:12.210 I/hpplay-java( 2772): [main]:IPManager:getActiveNets eth0:false wifi:false mobile:false ap:false
02-14 14:51:12.211 I/hpplay-java( 2772): [main]:ServerTaskManager:get local ip:null
02-14 14:51:12.212 D/MediaCodecList( 2009): codecHandlesFormat: no format, so no extra checks
02-14 14:51:12.213 D/MediaCodecList( 2009): codecHandlesFormat: no format, so no extra checks
02-14 14:51:12.213 D/MediaCodecList( 2009): codecHandlesFormat: no format, so no extra checks
02-14 14:51:12.214 D/MediaCodecList( 2009): codecHandlesFormat: no format, so no extra checks
02-14 14:51:12.227 I/OMXClient( 2009): IOmx service obtained
02-14 14:51:12.227 I/OMXMaster( 1286): makeComponentInstance(OMX.qcom.video.decoder.avc) in android.hardwar process
02-14 14:51:12.236 E/android.hardware.media.omx@1.0-service( 1286): Service not available yet
02-14 14:51:12.237 D/PlatformConfig( 1286): getInstance: Enter
02-14 14:51:12.238 D/PlatformConfig( 1286): getConfigStoreBool: vpp/enable=false, returning false
02-14 14:51:12.242 D/PlatformConfig( 1286): getInstance: Enter
02-14 14:51:12.242 D/PlatformConfig( 1286): getInt32 Config name: vidc_dec_log_in value: 0
02-14 14:51:12.242 D/PlatformConfig( 1286): getInstance: Enter
02-14 14:51:12.242 D/PlatformConfig( 1286): getInt32 Config name: vidc_dec_log_out value: 0
02-14 14:51:12.242 D/PlatformConfig( 1286): getInstance: Enter
02-14 14:51:12.243 D/PlatformConfig( 1286): getInt32 Config name: vidc_dec_sec_prefetch_size_internal value: 209715200
02-14 14:51:12.243 D/PlatformConfig( 1286): getInstance: Enter
02-14 14:51:12.243 D/PlatformConfig( 1286): getInt32 Config name: vidc_dec_sec_prefetch_size_output value: 13434880
02-14 14:51:12.243 D/PlatformConfig( 1286): getInstance: Enter
02-14 14:51:12.243 D/PlatformConfig( 1286): getInt32 Config name: vidc_perf_control_enable value: 0
02-14 14:51:12.243 D/PlatformConfig( 1286): getInstance: Enter
02-14 14:51:12.243 D/PlatformConfig( 1286): getInt32 Config name: vidc_dec_thumbnail_yuv_output value: 0
02-14 14:51:12.243 D/PlatformConfig( 1286): getInstance: Enter
02-14 14:51:12.243 D/PlatformConfig( 1286): getInt32: Returning default
02-14 14:51:12.243 D/PlatformConfig( 1286): getInstance: Enter
02-14 14:51:12.243 D/PlatformConfig( 1286): getInt32 Config name: vidc_dec_output_rate value: 120
02-14 14:51:12.243 I/OMX-VDEC-1080P( 1286): component_init: OMX.qcom.video.decoder.avc : fd=7
02-14 14:51:12.243 E/OMX-VDEC-1080P( 1286): Unsupported output color format for c2d (2141391876)
02-14 14:51:12.243 E/OMX-VDEC-1080P( 1286): Setting color format failed
02-14 14:51:12.243 I/msm_vidc( 0): high: 00000001: ....d: Opening video instance: 0000000000000000, 1
02-14 14:51:12.243 I/msm_vidc( 0): err : 00000001: ....d: Failed to create debugfs for msm_vidc
02-14 14:51:12.247 D/PlatformConfig( 1286): getInstance: Enter
02-14 14:51:12.247 D/PlatformConfig( 1286): getInt32: Returning default
02-14 14:51:12.247 D/PlatformConfig( 1286): getInstance: Enter
02-14 14:51:12.247 D/PlatformConfig( 1286): getInt32: Returning default
02-14 14:51:12.247 I/OMX-VDEC-1080P( 1286): omx_vdec::component_init() success : fd=7
02-14 14:51:12.261 I/OMX-VDEC-1080P( 1286): omx_vdec::component_deinit() complete
02-14 14:51:12.262 D/ScreenMediaRecorder( 2009): Screen size supported at rate 60
02-14 14:51:12.262 I/OMX-VDEC-1080P( 1286): Exit OMX vdec Destructor: fd=7
02-14 14:51:12.262 I/msm_vidc( 0): high: 00000001: h264d: Closed video instance: 0000000000000000
02-14 14:51:12.266 D/MPEG4Writer( 1280): PreAllocation enabled
02-14 14:51:12.267 D/MediaCodecList( 1280): codecHandlesFormat: no format, so no extra checks
02-14 14:51:12.267 D/MediaCodecList( 1280): codecHandlesFormat: no format, so no extra checks
02-14 14:51:12.267 D/MediaCodecList( 1280): codecHandlesFormat: no format, so no extra checks
02-14 14:51:12.267 D/MediaCodecList( 1280): codecHandlesFormat: no format, so no extra checks
02-14 14:51:12.270 I/OMXClient( 1280): IOmx service obtained
02-14 14:51:12.270 I/OMXMaster( 1286): makeComponentInstance(OMX.qcom.video.encoder.avc) in android.hardwar process
02-14 14:51:12.284 I/android.hardware.media.omx@1.0-service( 1286): vendor/qcom/proprietary/adsprpc/src/rpcmem_android.c:159: rpcmem_init_internal: opened ION device fd 7, configured heap IDs: system (0x2000000), contig (0x400000), secure (0x200), secure flags (0x80080000)
02-14 14:51:12.284 I/android.hardware.media.omx@1.0-service( 1286): vendor/qcom/proprietary/adsprpc/src/fastrpc_apps_user.c:3087: fastrpc_apps_user_init done with default domain:3 and &fastrpc_trace:0xefb77c1c
02-14 14:51:12.286 D/PlatformConfig( 1286): getInstance: Enter
02-14 14:51:12.286 D/PlatformConfig( 1286): getInt32 Config name: vidc_perf_control_enable value: 0
02-14 14:51:12.286 D/PlatformConfig( 1286): getInstance: Enter
02-14 14:51:12.286 D/PlatformConfig( 1286): getInt32: Returning default
02-14 14:51:12.286 D/PlatformConfig( 1286): getInstance: Enter
02-14 14:51:12.286 D/PlatformConfig( 1286): getInt32 Config name: vidc_enc_log_in value: 0
02-14 14:51:12.286 D/PlatformConfig( 1286): getInstance: Enter
02-14 14:51:12.286 D/PlatformConfig( 1286): getInt32 Config name: vidc_enc_log_out value: 0
02-14 14:51:12.286 D/PlatformConfig( 1286): getInstance: Enter
02-14 14:51:12.287 D/PlatformConfig( 1286): getInt32 Config name: vidc_enc_csc_custom_matrix value: 0
02-14 14:51:12.287 D/PlatformConfig( 1286): getInstance: Enter
02-14 14:51:12.287 D/PlatformConfig( 1286): getInt32 Config name: vidc_enc_auto_blur_disable value: 0
02-14 14:51:12.287 D/PlatformConfig( 1286): getInstance: Enter
02-14 14:51:12.287 D/PlatformConfig( 1286): getInt32: Returning default
02-14 14:51:12.287 D/PlatformConfig( 1286): getInstance: Enter
02-14 14:51:12.287 D/PlatformConfig( 1286): getInt32 Config name: vidc_enc_linear_color_format value: 0
02-14 14:51:12.287 D/PlatformConfig( 1286): getInstance: Enter
02-14 14:51:12.287 D/PlatformConfig( 1286): getInt32 Config name: vidc_enc_bitrate_savings_enable value: 3
02-14 14:51:12.287 D/PlatformConfig( 1286): getInstance: Enter
02-14 14:51:12.287 D/PlatformConfig( 1286): getInt32 Config name: vidc_enc_quality_boost_enable value: 1
02-14 14:51:12.287 I/OMX-VENC( 1286): Component_init : OMX.qcom.video.encoder.avc : return = 0x0
02-14 14:51:12.289 I/MediaCodec( 1280): MediaCodec will operate in async mode
02-14 14:51:12.287 I/msm_vidc( 0): high: 00000001: ....e: Opening video instance: 0000000000000000, 0
02-14 14:51:12.287 I/msm_vidc( 0): err : 00000001: ....e: Failed to create debugfs for msm_vidc
02-14 14:51:12.297 E/SELinux ( 506): avc: denied { find } for pid=1280 uid=1013 name=package_native scontext=u:r:mediaserver:s0 tcontext=u:object_r:package_native_service:s0 tclass=service_manager permissive=0
02-14 14:51:12.297 I/auditd ( 506): avc: denied { find } for pid=1280 uid=1013 name=package_native scontext=u:r:mediaserver:s0 tcontext=u:object_r:package_native_service:s0 tclass=service_manager permissive=0
02-14 14:51:12.298 E/SELinux ( 506): avc: denied { find } for pid=1280 uid=1013 name=package_native scontext=u:r:mediaserver:s0 tcontext=u:object_r:package_native_service:s0 tclass=service_manager permissive=0
02-14 14:51:12.298 I/auditd ( 506): avc: denied { find } for pid=1280 uid=1013 name=package_native scontext=u:r:mediaserver:s0 tcontext=u:object_r:package_native_service:s0 tclass=service_manager permissive=0
02-14 14:51:12.298 D/CodecSeeding( 1280): Seed: codec OMX.qcom.video.encoder.avc, mediatype video/avc, overrideable 1
02-14 14:51:12.298 D/CodecProperties( 1280): setTuningValue(vq-target-bpp,0)
02-14 14:51:12.298 D/CodecProperties( 1280): setTuningValue(vq-target-bpp-1080p,1.90)
02-14 14:51:12.298 D/CodecProperties( 1280): setTuningValue(vq-target-bpp-720p,2.25)
02-14 14:51:12.298 D/CodecProperties( 1280): setTuningValue(vq-target-bpp-540p,2.65)
02-14 14:51:12.298 D/CodecProperties( 1280): setTuningValue(vq-target-bpp-480p,3.00)
02-14 14:51:12.298 D/CodecProperties( 1280): setTuningValue(vq-target-bpp-320x240,0)
02-14 14:51:12.298 D/CodecProperties( 1280): setTuningValue(vq-target-qpmax,-1)
02-14 14:51:12.298 D/CodecProperties( 1280): setTuningValue(vq-target-qpmax-1080p,45)
02-14 14:51:12.298 D/CodecProperties( 1280): setTuningValue(vq-target-qpmax-720p,43)
02-14 14:51:12.298 D/CodecProperties( 1280): setTuningValue(vq-target-qpmax-540p,42)
02-14 14:51:12.298 D/CodecProperties( 1280): setTuningValue(vq-target-qpmax-480p,38)
02-14 14:51:12.298 D/CodecProperties( 1280): setTuningValue(vq-bitrate-phaseout,1.75)
02-14 14:51:12.298 D/CodecProperties( 1280): setTuningValue(vq-boost-missing-qp,0.20)
02-14 14:51:12.298 D/CodecProperties( 1280): setFeatureValue(_vq_eligible.device,1)
02-14 14:51:12.298 D/CodecProperties( 1280): setFeatureValue(_quality.target,1)
02-14 14:51:12.298 D/CodecSeeding( 1280): Seed: codec OMX.qcom.video.encoder.avc, mediatype video/avc, overrideable 0
02-14 14:51:12.300 D/VQApply ( 1280): minquality: 2380x1020 outside of shaping range
02-14 14:51:12.300 D/MediaCodec( 1280): shapeMediaFormat: deltas(1): AMessage(what = 0x00000000) = {
02-14 14:51:12.300 D/MediaCodec( 1280): int32_t android._encoding-quality-level = 0
02-14 14:51:12.300 D/MediaCodec( 1280): }
02-14 14:51:12.302 I/OMX-VENC: venc_dev( 1286): Native recorder encode session 1
02-14 14:51:12.302 I/OMX-VENC( 1286): WARN: Enable/Disable allocate-native-handle allowed only in secure session
02-14 14:51:12.302 E/OMXNodeInstance( 1286): setParameter(0xefdcc1c4:qcom.encoder.avc, OMX.google.android.index.allocateNativeHandle(0x7f00005d): Input:0 en=0) ERROR: UnsupportedSetting(0x80001019)
02-14 14:51:12.303 I/OMX-VENC( 1286): WARN: Enable/Disable allocate-native-handle allowed only in secure session
02-14 14:51:12.303 E/OMXNodeInstance( 1286): setParameter(0xefdcc1c4:qcom.encoder.avc, OMX.google.android.index.allocateNativeHandle(0x7f00005d): Output:1 en=0) ERROR: UnsupportedSetting(0x80001019)
02-14 14:51:12.303 I/OMX-VENC( 1286): WARN: set_parameter: metamode is valid for input port only
02-14 14:51:12.303 W/OMXNodeInstance( 1286): [0xefdcc1c4:qcom.encoder.avc] component does not support metadata mode; using fallback
02-14 14:51:12.303 I/ExtendedACodec( 1280): setupVideoEncoder()
02-14 14:51:12.303 W/OMXUtils( 1280): do not know color format 0x7fa30c06 = 2141391878
02-14 14:51:12.303 W/OMXUtils( 1280): do not know color format 0x7fa30c04 = 2141391876
02-14 14:51:12.304 W/OMXUtils( 1280): do not know color format 0x7fa30c00 = 2141391872
02-14 14:51:12.304 W/OMXUtils( 1280): do not know color format 0x7fa30c09 = 2141391881
02-14 14:51:12.304 W/OMXUtils( 1280): do not know color format 0x7fa30c0a = 2141391882
02-14 14:51:12.305 W/OMXUtils( 1280): do not know color format 0x7fa30c08 = 2141391880
02-14 14:51:12.305 W/OMXUtils( 1280): do not know color format 0x7fa30c07 = 2141391879
02-14 14:51:12.305 W/OMXUtils( 1280): do not know color format 0x7f000789 = 2130708361
02-14 14:51:12.306 I/OMX-VENC: venc_dev( 1286): WARN: Unsupported eColorFormat 0x7f000789
02-14 14:51:12.306 I/OMX-VENC: venc_dev( 1286): v4l2 profile : 1 flags : 131095
02-14 14:51:12.307 I/OMX-VENC: venc_dev( 1286): v4l2 profile : 0 flags : 131095
02-14 14:51:12.307 I/OMX-VENC: venc_dev( 1286): v4l2 profile : 2 flags : 131095
02-14 14:51:12.307 I/OMX-VENC: venc_dev( 1286): v4l2 profile : 17 flags : 131095
02-14 14:51:12.307 I/OMX-VENC: venc_dev( 1286): v4l2 profile : 4 flags : 131095
02-14 14:51:12.307 I/ACodec ( 1280): setupAVCEncoderParameters with [profile: High] [level: Level3]
02-14 14:51:12.308 I/ACodec ( 1280): [OMX.qcom.video.encoder.avc] cannot encode HDR static metadata. Ignoring.
02-14 14:51:12.308 I/ACodec ( 1280): setupVideoEncoder succeeded
02-14 14:51:12.308 I/ExtendedACodec( 1280): [OMX.qcom.video.encoder.avc] configure, AMessage : AMessage(what = 'conf', target = 18) = {
02-14 14:51:12.308 I/ExtendedACodec( 1280): string mime = "video/avc"
02-14 14:51:12.308 I/ExtendedACodec( 1280): int32_t width = 2380
02-14 14:51:12.308 I/ExtendedACodec( 1280): int32_t height = 1020
02-14 14:51:12.308 I/ExtendedACodec( 1280): int32_t stride = 2380
02-14 14:51:12.308 I/ExtendedACodec( 1280): int32_t slice-height = 1020
02-14 14:51:12.308 I/ExtendedACodec( 1280): int32_t color-format = 2130708361
02-14 14:51:12.308 I/ExtendedACodec( 1280): int32_t bitrate = 29131200
02-14 14:51:12.308 I/ExtendedACodec( 1280): int32_t bitrate-mode = 1
02-14 14:51:12.308 I/ExtendedACodec( 1280): int32_t frame-rate = 60
02-14 14:51:12.308 I/ExtendedACodec( 1280): int32_t i-frame-interval = 1
02-14 14:51:12.308 I/ExtendedACodec( 1280): int32_t vendor.qti-ext-enc-info-native_recording.value = 1
02-14 14:51:12.308 I/ExtendedACodec( 1280): int32_t profile = 8
02-14 14:51:12.308 I/ExtendedACodec( 1280): int32_t level = 256
02-14 14:51:12.308 I/ExtendedACodec( 1280): int32_t priority = 0
02-14 14:51:12.308 I/ExtendedACodec( 1280): int32_t feature-nal-length-bitstream = 1
02-14 14:51:12.308 I/ExtendedACodec( 1280): int32_t nal-length-in-bytes = 4
02-14 14:51:12.308 I/ExtendedACodec( 1280): int32_t vendor.qti-ext-enc-nal-length-bs.num-bytes = 4
02-14 14:51:12.308 I/ExtendedACodec( 1280): int32_t isNativeRecorder = 1
02-14 14:51:12.308 I/ExtendedACodec( 1280): int32_t create-input-buffers-suspended = 1
02-14 14:51:12.308 I/ExtendedACodec( 1280): int32_t android._encoding-quality-level = 0
02-14 14:51:12.308 I/ExtendedACodec( 1280): int32_t flags = 3
02-14 14:51:12.308 I/ExtendedACodec( 1280): int32_t encoder = 1
02-14 14:51:12.308 I/ExtendedACodec( 1280): }
02-14 14:51:12.313 W/OMXUtils( 1280): do not know color format 0x7f000789 = 2130708361
02-14 14:51:12.313 E/OMX-VENC( 1286): ERROR: unsupported index 1870659589
02-14 14:51:12.313 E/OMXNodeInstance( 1286): getConfig(0xefdcc1c4:qcom.encoder.avc, ConfigLatency(0x6f800005)) ERROR: UnsupportedIndex(0x8000101a)
02-14 14:51:12.324 E/OMXNodeInstance( 1286): getConfig(0xefdcc1c4:qcom.encoder.avc, ??(0x7f000062)) ERROR: UnsupportedSetting(0x80001019)
02-14 14:51:12.324 I/OMX-VENC: venc_dev( 1286): venc_get_consumer_usage 0x10000000
02-14 14:51:12.324 D/GraphicBufferSource( 1286): setting dataspace: 0x104, acquired=0
02-14 14:51:12.325 I/OMX-VENC: venc_dev( 1286): venc_get_consumer_usage 0x10000000
02-14 14:51:12.326 D/GraphicBufferSource( 1286): requesting color aspects (R:2(Limited), P:1(BT709_5), M:1(BT709_5), T:3(SMPTE170M))
02-14 14:51:12.326 D/MediaCodec( 1280): keep callback message for reclaim
02-14 14:51:12.336 W/ResourceManagerService( 1280): Ignoring request to add new resource entry with value <= 0
02-14 14:51:12.351 I/service_manager_stats( 1257): [100,52,311140]
