02-14 14:51:29.964 I/mpu_uart( 646): [MSG-P:RECV]:No message received in 1000 ms
02-14 14:51:30.074 E/DTC_ETH,link_delay_work_func( 0): 3003, SQI=0, link=0
02-14 14:51:30.251 W/hpplay-java( 2772): [main]:IPManager:getActiveNets invalid networkInfo:null
02-14 14:51:30.251 I/hpplay-java( 2772): [main]:IPManager:getActiveNets eth0:false wifi:false mobile:false ap:false
02-14 14:51:30.251 I/hpplay-java( 2772): [main]:ServerTaskManager:get local ip:null
02-14 14:51:30.401 E/tlogd ( 1378): [TzLogger](isPathReadable) file /sys/kernel/debug/tzdbg/qsee_log isn't exist or no permission, err: No such file or directory
02-14 14:51:30.401 E/tlogd ( 1378): [TzLogger](saveTzlogAsync) /sys/kernel/debug/tzdbg/qsee_log can not read.
02-14 14:51:30.401 E/tlogd ( 1378): [TzLogger](isPathReadable) file /sys/kernel/debug/tzdbg/log isn't exist or no permission, err: No such file or directory
02-14 14:51:30.401 E/tlogd ( 1378): [TzLogger](saveTzlogAsync) /sys/kernel/debug/tzdbg/log can not read.
02-14 14:51:30.465 I/input_focus( 1257): [Focus request dddc481 com.thundercomm.screensaver/com.thundercomm.screensaver.ui.page.MainActivity,reason=UpdateInputWindows]
02-14 14:51:30.481 I/input_focus( 1257): [Focus leaving ecceab4 com.thundercomm.screensaver/com.thundercomm.screensaver.ui.page.MainActivity (server),reason=Waiting for window because NOT_VISIBLE]
02-14 14:51:30.498 I/input_focus( 1257): [Focus entering dddc481 com.thundercomm.screensaver/com.thundercomm.screensaver.ui.page.MainActivity (server),reason=Window became focusable. Previous reason: NOT_VISIBLE]
02-14 14:51:30.514 I/OMX-VENC: venc_dev( 1286): stats: avg. fps 2.95, bitrate 65398
02-14 14:51:30.531 W/ExifInterface( 2896): Invalid image: ExifInterface got an unsupported image format file(ExifInterface supports JPEG and some RAW image formats only) or a corrupted JPEG file to ExifInterface.
02-14 14:51:30.531 W/ExifInterface( 2896): java.io.IOException: Invalid byte order: ffff8950
02-14 14:51:30.531 W/ExifInterface( 2896): at android.media.ExifInterface.readByteOrder(ExifInterface.java:3990)
02-14 14:51:30.531 W/ExifInterface( 2896): at android.media.ExifInterface.parseTiffHeaders(ExifInterface.java:3997)
02-14 14:51:30.531 W/ExifInterface( 2896): at android.media.ExifInterface.getRawAttributes(ExifInterface.java:2963)
02-14 14:51:30.531 W/ExifInterface( 2896): at android.media.ExifInterface.loadAttributes(ExifInterface.java:2024)
02-14 14:51:30.531 W/ExifInterface( 2896): at android.media.ExifInterface.(ExifInterface.java:1570)
02-14 14:51:30.531 W/ExifInterface( 2896): at com.android.providers.media.MediaProvider.getRedactionRanges(MediaProvider.java:7968)
02-14 14:51:30.531 W/ExifInterface( 2896): at com.android.providers.media.MediaProvider.getRedactionRangesForFuse(MediaProvider.java:7945)
02-14 14:51:30.531 W/ExifInterface( 2896): at com.android.providers.media.MediaProvider.onFileOpenForFuse(MediaProvider.java:8144)
02-14 14:51:30.533 D/skia ( 4042): --- Failed to create image decoder with message 'unimplemented'
02-14 14:51:30.533 D/skia ( 4042): --- Failed to create image decoder with message 'unimplemented'
02-14 14:51:30.533 D/skia ( 4042): --- Failed to create image decoder with message 'unimplemented'
02-14 14:51:30.534 D/skia ( 4042): --- Failed to create image decoder with message 'unimplemented'
02-14 14:51:30.538 W/ExifInterface( 2896): Invalid image: ExifInterface got an unsupported image format file(ExifInterface supports JPEG and some RAW image formats only) or a corrupted JPEG file to ExifInterface.
02-14 14:51:30.538 W/ExifInterface( 2896): java.io.IOException: Invalid byte order: ffff8950
02-14 14:51:30.538 W/ExifInterface( 2896): at android.media.ExifInterface.readByteOrder(ExifInterface.java:3990)
02-14 14:51:30.538 W/ExifInterface( 2896): at android.media.ExifInterface.parseTiffHeaders(ExifInterface.java:3997)
02-14 14:51:30.538 W/ExifInterface( 2896): at android.media.ExifInterface.getRawAttributes(ExifInterface.java:2963)
02-14 14:51:30.538 W/ExifInterface( 2896): at android.media.ExifInterface.loadAttributes(ExifInterface.java:2024)
02-14 14:51:30.538 W/ExifInterface( 2896): at android.media.ExifInterface.(ExifInterface.java:1570)
02-14 14:51:30.538 W/ExifInterface( 2896): at com.android.providers.media.MediaProvider.getRedactionRanges(MediaProvider.java:7968)
02-14 14:51:30.538 W/ExifInterface( 2896): at com.android.providers.media.MediaProvider.getRedactionRangesForFuse(MediaProvider.java:7945)
02-14 14:51:30.538 W/ExifInterface( 2896): at com.android.providers.media.MediaProvider.onFileOpenForFuse(MediaProvider.java:8144)
02-14 14:51:30.539 D/skia ( 4042): --- Failed to create image decoder with message 'unimplemented'
02-14 14:51:30.539 D/skia ( 4042): --- Failed to create image decoder with message 'unimplemented'
02-14 14:51:30.540 W/MediaProvider( 2896): Failed to fetch original file descriptor
02-14 14:51:30.540 W/MediaProvider( 2896): java.io.FileNotFoundException: Input file descriptor is already original
02-14 14:51:30.540 W/MediaProvider( 2896): at com.android.providers.media.MediaProvider.getOriginalMediaFormatFileDescriptor(MediaProvider.java:5718)
02-14 14:51:30.540 W/MediaProvider( 2896): at com.android.providers.media.MediaProvider.openTypedAssetFileCommon(MediaProvider.java:7134)
02-14 14:51:30.540 W/MediaProvider( 2896): at com.android.providers.media.MediaProvider.openTypedAssetFile(MediaProvider.java:7115)
02-14 14:51:30.540 W/MediaProvider( 2896): at android.content.ContentProvider$Transport.openTypedAssetFile(ContentProvider.java:548)
02-14 14:51:30.540 W/MediaProvider( 2896): at android.content.ContentProviderNative.onTransact(ContentProviderNative.java:327)
02-14 14:51:30.540 W/MediaProvider( 2896): at android.os.Binder.execTransactInternal(Binder.java:1179)
02-14 14:51:30.540 W/MediaProvider( 2896): at android.os.Binder.execTransact(Binder.java:1143)
02-14 14:51:30.541 I/ExtendedUtils( 1280): printFileName fd(23) -> /storage/emulated/0/Pictures/Pictures/xs7n0g01.png
02-14 14:51:30.545 E/QComExtractorFactory( 1277): Sniff FAIL :: coundn't pull enough data for sniffing
02-14 14:51:30.549 W/MediaProvider( 2896): Failed to fetch original file descriptor
02-14 14:51:30.549 W/MediaProvider( 2896): java.io.FileNotFoundException: Input file descriptor is already original
02-14 14:51:30.549 W/MediaProvider( 2896): at com.android.providers.media.MediaProvider.getOriginalMediaFormatFileDescriptor(MediaProvider.java:5718)
02-14 14:51:30.549 W/MediaProvider( 2896): at com.android.providers.media.MediaProvider.openTypedAssetFileCommon(MediaProvider.java:7134)
02-14 14:51:30.549 W/MediaProvider( 2896): at com.android.providers.media.MediaProvider.openTypedAssetFile(MediaProvider.java:7115)
02-14 14:51:30.549 W/MediaProvider( 2896): at android.content.ContentProvider$Transport.openTypedAssetFile(ContentProvider.java:548)
02-14 14:51:30.549 W/MediaProvider( 2896): at android.content.ContentProviderNative.onTransact(ContentProviderNative.java:327)
02-14 14:51:30.549 W/MediaProvider( 2896): at android.os.Binder.execTransactInternal(Binder.java:1179)
02-14 14:51:30.549 W/MediaProvider( 2896): at android.os.Binder.execTransact(Binder.java:1143)
02-14 14:51:30.549 I/ExtendedUtils( 1280): printFileName fd(23) -> /storage/emulated/0/Pictures/Pictures/xs7n0g01.png
02-14 14:51:30.553 E/QComExtractorFactory( 1277): Sniff FAIL :: coundn't pull enough data for sniffing
02-14 14:51:30.559 W/ExifInterface( 2896): Invalid image: ExifInterface got an unsupported image format file(ExifInterface supports JPEG and some RAW image formats only) or a corrupted JPEG file to ExifInterface.
02-14 14:51:30.559 W/ExifInterface( 2896): java.io.IOException: Invalid byte order: ffff8950
02-14 14:51:30.559 W/ExifInterface( 2896): at android.media.ExifInterface.readByteOrder(ExifInterface.java:3990)
02-14 14:51:30.559 W/ExifInterface( 2896): at android.media.ExifInterface.parseTiffHeaders(ExifInterface.java:3997)
02-14 14:51:30.559 W/ExifInterface( 2896): at android.media.ExifInterface.getRawAttributes(ExifInterface.java:2963)
02-14 14:51:30.559 W/ExifInterface( 2896): at android.media.ExifInterface.loadAttributes(ExifInterface.java:2024)
02-14 14:51:30.559 W/ExifInterface( 2896): at android.media.ExifInterface.(ExifInterface.java:1570)
02-14 14:51:30.559 W/ExifInterface( 2896): at com.android.providers.media.MediaProvider.getRedactionRanges(MediaProvider.java:7968)
02-14 14:51:30.559 W/ExifInterface( 2896): at com.android.providers.media.MediaProvider.getRedactionRangesForFuse(MediaProvider.java:7945)
02-14 14:51:30.559 W/ExifInterface( 2896): at com.android.providers.media.MediaProvider.onFileOpenForFuse(MediaProvider.java:8144)
02-14 14:51:30.561 W/MediaProvider( 2896): Failed to fetch original file descriptor
02-14 14:51:30.561 W/MediaProvider( 2896): java.io.FileNotFoundException: Input file descriptor is already original
02-14 14:51:30.561 W/MediaProvider( 2896): at com.android.providers.media.MediaProvider.getOriginalMediaFormatFileDescriptor(MediaProvider.java:5718)
02-14 14:51:30.561 W/MediaProvider( 2896): at com.android.providers.media.MediaProvider.openTypedAssetFileCommon(MediaProvider.java:7134)
02-14 14:51:30.561 W/MediaProvider( 2896): at com.android.providers.media.MediaProvider.openTypedAssetFile(MediaProvider.java:7115)
02-14 14:51:30.561 W/MediaProvider( 2896): at android.content.ContentProvider$Transport.openTypedAssetFile(ContentProvider.java:548)
02-14 14:51:30.561 W/MediaProvider( 2896): at android.content.ContentProviderNative.onTransact(ContentProviderNative.java:327)
02-14 14:51:30.561 W/MediaProvider( 2896): at android.os.Binder.execTransactInternal(Binder.java:1179)
02-14 14:51:30.561 W/MediaProvider( 2896): at android.os.Binder.execTransact(Binder.java:1143)
02-14 14:51:30.562 I/ExtendedUtils( 1280): printFileName fd(23) -> /storage/emulated/0/Pictures/Pictures/xs7n0g01.png
02-14 14:51:30.566 E/QComExtractorFactory( 1277): Sniff FAIL :: coundn't pull enough data for sniffing
02-14 14:51:30.568 W/Glide ( 4042): Load failed for /storage/emulated/0/Pictures/Pictures/xs7n0g01.png with size [184x184]
02-14 14:51:30.568 W/Glide ( 4042): class com.bumptech.glide.load.engine.GlideException: Failed to load resource
02-14 14:51:30.568 W/Glide ( 4042): There were 3 root causes:
02-14 14:51:30.568 W/Glide ( 4042): java.lang.RuntimeException(setDataSource failed: status = 0x80000000)
02-14 14:51:30.568 W/Glide ( 4042): java.lang.RuntimeException(setDataSource failed: status = 0x80000000)
02-14 14:51:30.568 W/Glide ( 4042): java.lang.RuntimeException(setDataSource failed: status = 0x80000000)
02-14 14:51:30.568 W/Glide ( 4042): call GlideException#logRootCauses(String) for more detail
02-14 14:51:30.568 W/Glide ( 4042): Cause (1 of 3): class com.bumptech.glide.load.engine.GlideException: Failed LoadPath{FileInputStream->Object->Drawable}, LOCAL
02-14 14:51:30.568 W/Glide ( 4042): Cause (1 of 3): class com.bumptech.glide.load.engine.GlideException: Failed DecodePath{FileInputStream->GifDrawable->Drawable}
02-14 14:51:30.568 W/Glide ( 4042): Cause (2 of 3): class com.bumptech.glide.load.engine.GlideException: Failed DecodePath{FileInputStream->Bitmap->BitmapDrawable}
02-14 14:51:30.568 W/Glide ( 4042): Cause (3 of 3): class com.bumptech.glide.load.engine.GlideException: Failed DecodePath{FileInputStream->BitmapDrawable->Drawable}
02-14 14:51:30.568 W/Glide ( 4042): Cause (2 of 3): class com.bumptech.glide.load.engine.GlideException: Failed LoadPath{ParcelFileDescriptor->Object->Drawable}, LOCAL
02-14 14:51:30.568 W/Glide ( 4042): There were 2 root causes:
02-14 14:51:30.568 W/Glide ( 4042): java.lang.RuntimeException(setDataSource failed: status = 0x80000000)
02-14 14:51:30.568 W/Glide ( 4042): java.lang.RuntimeException(setDataSource failed: status = 0x80000000)
02-14 14:51:30.568 W/Glide ( 4042): call GlideException#logRootCauses(String) for more detail
02-14 14:51:30.568 W/Glide ( 4042): Cause (1 of 2): class com.bumptech.glide.load.engine.GlideException: Failed DecodePath{ParcelFileDescriptor->Bitmap->BitmapDrawable}
02-14 14:51:30.568 W/Glide ( 4042): There was 1 root cause:
02-14 14:51:30.568 W/Glide ( 4042): java.lang.RuntimeException(setDataSource failed: status = 0x80000000)
02-14 14:51:30.568 W/Glide ( 4042): call GlideException#logRootCauses(String) for more detail
02-14 14:51:30.568 W/Glide ( 4042): Cause (1 of 1): class java.lang.RuntimeException: setDataSource failed: status = 0x80000000
02-14 14:51:30.568 W/Glide ( 4042): Cause (2 of 2): class com.bumptech.glide.load.engine.GlideException: Failed DecodePath{ParcelFileDescriptor->BitmapDrawable->Drawable}
02-14 14:51:30.568 W/Glide ( 4042): There was 1 root cause:
02-14 14:51:30.568 W/Glide ( 4042): java.lang.RuntimeException(setDataSource failed: status = 0x80000000)
02-14 14:51:30.568 W/Glide ( 4042): call GlideException#logRootCauses(String) for more detail
02-14 14:51:30.568 W/Glide ( 4042): Cause (1 of 1): class java.lang.RuntimeException: setDataSource failed: status = 0x80000000
02-14 14:51:30.568 W/Glide ( 4042): Cause (3 of 3): class com.bumptech.glide.load.engine.GlideException: Failed LoadPath{AssetFileDescriptor->Object->Drawable}, LOCAL
02-14 14:51:30.568 W/Glide ( 4042): There was 1 root cause:
02-14 14:51:30.568 W/Glide ( 4042): java.lang.RuntimeException(setDataSource failed: status = 0x80000000)
02-14 14:51:30.568 W/Glide ( 4042): call GlideException#logRootCauses(String) for more detail
02-14 14:51:30.568 W/Glide ( 4042): Cause (1 of 1): class com.bumptech.glide.load.engine.GlideException: Failed DecodePath{AssetFileDescriptor->Bitmap->BitmapDrawable}
02-14 14:51:30.568 W/Glide ( 4042): There was 1 root cause:
02-14 14:51:30.568 W/Glide ( 4042): java.lang.RuntimeException(setDataSource failed: status = 0x80000000)
02-14 14:51:30.568 W/Glide ( 4042): call GlideException#logRootCauses(String) for more detail
02-14 14:51:30.568 W/Glide ( 4042): Cause (1 of 1): class java.lang.RuntimeException: setDataSource failed: status = 0x80000000
02-14 14:51:30.569 I/Glide ( 4042): Root cause (1 of 3)
02-14 14:51:30.569 I/Glide ( 4042): java.lang.RuntimeException: setDataSource failed: status = 0x80000000
02-14 14:51:30.569 I/Glide ( 4042): at android.media.MediaMetadataRetriever._setDataSource(Native Method)
02-14 14:51:30.569 I/Glide ( 4042): at android.media.MediaMetadataRetriever.setDataSource(MediaMetadataRetriever.java:310)
02-14 14:51:30.569 I/Glide ( 4042): at android.media.MediaMetadataRetriever.setDataSource(MediaMetadataRetriever.java:334)
02-14 14:51:30.569 I/Glide ( 4042): at com.bumptech.glide.load.resource.bitmap.VideoDecoder$ParcelFileDescriptorInitializer.initialize(VideoDecoder.java:318)
02-14 14:51:30.569 I/Glide ( 4042): at com.bumptech.glide.load.resource.bitmap.VideoDecoder$ParcelFileDescriptorInitializer.initialize(VideoDecoder.java:313)
02-14 14:51:30.569 I/Glide ( 4042): at com.bumptech.glide.load.resource.bitmap.VideoDecoder.decode(VideoDecoder.java:173)
02-14 14:51:30.569 I/Glide ( 4042): at com.bumptech.glide.load.engine.DecodePath.decodeResourceWithList(DecodePath.java:92)
02-14 14:51:30.569 I/Glide ( 4042): at com.bumptech.glide.load.engine.DecodePath.decodeResource(DecodePath.java:70)
02-14 14:51:30.569 I/Glide ( 4042): at com.bumptech.glide.load.engine.DecodePath.decode(DecodePath.java:59)
02-14 14:51:30.569 I/Glide ( 4042): at com.bumptech.glide.load.engine.LoadPath.loadWithExceptionList(LoadPath.java:76)
02-14 14:51:30.569 I/Glide ( 4042): at com.bumptech.glide.load.engine.LoadPath.load(LoadPath.java:57)
02-14 14:51:30.569 I/Glide ( 4042): at com.bumptech.glide.load.engine.DecodeJob.runLoadPath(DecodeJob.java:535)
02-14 14:51:30.569 I/Glide ( 4042): at com.bumptech.glide.load.engine.DecodeJob.decodeFromFetcher(DecodeJob.java:499)
02-14 14:51:30.569 I/Glide ( 4042): at com.bumptech.glide.load.engine.DecodeJob.decodeFromData(DecodeJob.java:485)
02-14 14:51:30.569 I/Glide ( 4042): at com.bumptech.glide.load.engine.DecodeJob.decodeFromRetrievedData(DecodeJob.java:430)
02-14 14:51:30.569 I/Glide ( 4042): at com.bumptech.glide.load.engine.DecodeJob.onDataFetcherReady(DecodeJob.java:394)
02-14 14:51:30.569 I/Glide ( 4042): at com.bumptech.glide.load.engine.SourceGenerator.onDataReadyInternal(SourceGenerator.java:210)
02-14 14:51:30.569 I/Glide ( 4042): at com.bumptech.glide.load.engine.SourceGenerator$1.onDataReady(SourceGenerator.java:101)
02-14 14:51:30.569 I/Glide ( 4042): at com.bumptech.glide.load.model.MultiModelLoader$MultiFetcher.onDataReady(MultiModelLoader.java:145)
02-14 14:51:30.569 I/Glide ( 4042): at com.bumptech.glide.load.data.LocalUriFetcher.loadData(LocalUriFetcher.java:45)
02-14 14:51:30.569 I/Glide ( 4042): at com.bumptech.glide.load.model.MultiModelLoader$MultiFetcher.loadData(MultiModelLoader.java:100)
02-14 14:51:30.569 I/Glide ( 4042): at com.bumptech.glide.load.engine.SourceGenerator.startNextLoad(SourceGenerator.java:95)
02-14 14:51:30.569 I/Glide ( 4042): at com.bumptech.glide.load.engine.SourceGenerator.startNext(SourceGenerator.java:88)
02-14 14:51:30.569 I/Glide ( 4042): at com.bumptech.glide.load.engine.DecodeJob.runGenerators(DecodeJob.java:311)
02-14 14:51:30.569 I/Glide ( 4042): at com.bumptech.glide.load.engine.DecodeJob.decodeFromRetrievedData(DecodeJob.java:438)
02-14 14:51:30.569 I/Glide ( 4042): at com.bumptech.glide.load.engine.DecodeJob.onDataFetcherReady(DecodeJob.java:394)
02-14 14:51:30.569 I/Glide ( 4042): at com.bumptech.glide.load.engine.SourceGenerator.onDataReadyInternal(SourceGenerator.java:210)
02-14 14:51:30.569 I/Glide ( 4042): at com.bumptech.glide.load.engine.SourceGenerator$1.onDataReady(SourceGenerator.java:101)
02-14 14:51:30.569 I/Glide ( 4042): at com.bumptech.glide.load.model.MultiModelLoader$MultiFetcher.onDataReady(MultiModelLoader.java:145)
02-14 14:51:30.569 I/Glide ( 4042): at com.bumptech.glide.load.data.LocalUriFetcher.loadData(LocalUriFetcher.java:45)
02-14 14:51:30.569 I/Glide ( 4042): at com.bumptech.glide.load.model.MultiModelLoader$MultiFetcher.loadData(MultiModelLoader.java:100)
02-14 14:51:30.569 I/Glide ( 4042): at com.bumptech.glide.load.engine.SourceGenerator.startNextLoad(SourceGenerator.java:95)
02-14 14:51:30.569 I/Glide ( 4042): at com.bumptech.glide.load.engine.SourceGenerator.startNext(SourceGenerator.java:88)
02-14 14:51:30.569 I/Glide ( 4042): at com.bumptech.glide.load.engine.DecodeJob.runGenerators(DecodeJob.java:311)
02-14 14:51:30.569 I/Glide ( 4042): at com.bumptech.glide.load.engine.DecodeJob.runWrapped(DecodeJob.java:280)
02-14 14:51:30.569 I/Glide ( 4042): at com.bumptech.glide.load.engine.DecodeJob.run(DecodeJob.java:235)
02-14 14:51:30.569 I/Glide ( 4042): at java.util.concurrent.ThreadPoolExecutor.runWorker(ThreadPoolExecutor.java:1167)
02-14 14:51:30.569 I/Glide ( 4042): at java.util.concurrent.ThreadPoolExecutor$Worker.run(ThreadPoolExecutor.java:641)
02-14 14:51:30.569 I/Glide ( 4042): at com.bumptech.glide.load.engine.executor.GlideExecutor$DefaultThreadFactory$1.run(GlideExecutor.java:413)
02-14 14:51:30.569 I/Glide ( 4042): at java.lang.Thread.run(Thread.java:920)
02-14 14:51:30.569 I/Glide ( 4042): at com.bumptech.glide.load.engine.executor.GlideExecutor$DefaultPriorityThreadFactory$1.run(GlideExecutor.java:372)
02-14 14:51:30.569 I/Glide ( 4042): Root cause (2 of 3)
02-14 14:51:30.569 I/Glide ( 4042): java.lang.RuntimeException: setDataSource failed: status = 0x80000000
02-14 14:51:30.569 I/Glide ( 4042): at android.media.MediaMetadataRetriever._setDataSource(Native Method)
02-14 14:51:30.569 I/Glide ( 4042): at android.media.MediaMetadataRetriever.setDataSource(MediaMetadataRetriever.java:310)
02-14 14:51:30.569 I/Glide ( 4042): at android.media.MediaMetadataRetriever.setDataSource(MediaMetadataRetriever.java:334)
02-14 14:51:30.569 I/Glide ( 4042): at com.bumptech.glide.load.resource.bitmap.VideoDecoder$ParcelFileDescriptorInitializer.initialize(VideoDecoder.java:318)
02-14 14:51:30.569 I/Glide ( 4042): at com.bumptech.glide.load.resource.bitmap.VideoDecoder$ParcelFileDescriptorInitializer.initialize(VideoDecoder.java:313)
02-14 14:51:30.569 I/Glide ( 4042): at com.bumptech.glide.load.resource.bitmap.VideoDecoder.decode(VideoDecoder.java:173)
02-14 14:51:30.569 I/Glide ( 4042): at com.bumptech.glide.load.resource.bitmap.BitmapDrawableDecoder.decode(BitmapDrawableDecoder.java:58)
02-14 14:51:30.569 I/Glide ( 4042): at com.bumptech.glide.load.engine.DecodePath.decodeResourceWithList(DecodePath.java:92)
02-14 14:51:30.569 I/Glide ( 4042): at com.bumptech.glide.load.engine.DecodePath.decodeResource(DecodePath.java:70)
02-14 14:51:30.569 I/Glide ( 4042): at com.bumptech.glide.load.engine.DecodePath.decode(DecodePath.java:59)
02-14 14:51:30.569 I/Glide ( 4042): at com.bumptech.glide.load.engine.LoadPath.loadWithExceptionList(LoadPath.java:76)
02-14 14:51:30.569 I/Glide ( 4042): at com.bumptech.glide.load.engine.LoadPath.load(LoadPath.java:57)
02-14 14:51:30.569 I/Glide ( 4042): at com.bumptech.glide.load.engine.DecodeJob.runLoadPath(DecodeJob.java:535)
02-14 14:51:30.569 I/Glide ( 4042): at com.bumptech.glide.load.engine.DecodeJob.decodeFromFetcher(DecodeJob.java:499)
02-14 14:51:30.569 I/Glide ( 4042): at com.bumptech.glide.load.engine.DecodeJob.decodeFromData(DecodeJob.java:485)
02-14 14:51:30.569 I/Glide ( 4042): at com.bumptech.glide.load.engine.DecodeJob.decodeFromRetrievedData(DecodeJob.java:430)
02-14 14:51:30.569 I/Glide ( 4042): at com.bumptech.glide.load.engine.DecodeJob.onDataFetcherReady(DecodeJob.java:394)
02-14 14:51:30.569 I/Glide ( 4042): at com.bumptech.glide.load.engine.SourceGenerator.onDataReadyInternal(SourceGenerator.java:210)
02-14 14:51:30.569 I/Glide ( 4042): at com.bumptech.glide.load.engine.SourceGenerator$1.onDataReady(SourceGenerator.java:101)
02-14 14:51:30.569 I/Glide ( 4042): at com.bumptech.glide.load.model.MultiModelLoader$MultiFetcher.onDataReady(MultiModelLoader.java:145)
02-14 14:51:30.569 I/Glide ( 4042): at com.bumptech.glide.load.data.LocalUriFetcher.loadData(LocalUriFetcher.java:45)
02-14 14:51:30.569 I/Glide ( 4042): at com.bumptech.glide.load.model.MultiModelLoader$MultiFetcher.loadData(MultiModelLoader.java:100)
02-14 14:51:30.569 I/Glide ( 4042): at com.bumptech.glide.load.engine.SourceGenerator.startNextLoad(SourceGenerator.java:95)
02-14 14:51:30.569 I/Glide ( 4042): at com.bumptech.glide.load.engine.SourceGenerator.startNext(SourceGenerator.java:88)
02-14 14:51:30.569 I/Glide ( 4042): at com.bumptech.glide.load.engine.DecodeJob.runGenerators(DecodeJob.java:311)
02-14 14:51:30.569 I/Glide ( 4042): at com.bumptech.glide.load.engine.DecodeJob.decodeFromRetrievedData(DecodeJob.java:438)
02-14 14:51:30.569 I/Glide ( 4042): at com.bumptech.glide.load.engine.DecodeJob.onDataFetcherReady(DecodeJob.java:394)
02-14 14:51:30.569 I/Glide ( 4042): at com.bumptech.glide.load.engine.SourceGenerator.onDataReadyInternal(SourceGenerator.java:210)
02-14 14:51:30.569 I/Glide ( 4042): at com.bumptech.glide.load.engine.SourceGenerator$1.onDataReady(SourceGenerator.java:101)
02-14 14:51:30.569 I/Glide ( 4042): at com.bumptech.glide.load.model.MultiModelLoader$MultiFetcher.onDataReady(MultiModelLoader.java:145)
02-14 14:51:30.569 I/Glide ( 4042): at com.bumptech.glide.load.data.LocalUriFetcher.loadData(LocalUriFetcher.java:45)
02-14 14:51:30.569 I/Glide ( 4042): at com.bumptech.glide.load.model.MultiModelLoader$MultiFetcher.loadData(MultiModelLoader.java:100)
02-14 14:51:30.569 I/Glide ( 4042): at com.bumptech.glide.load.engine.SourceGenerator.startNextLoad(SourceGenerator.java:95)
02-14 14:51:30.569 I/Glide ( 4042): at com.bumptech.glide.load.engine.SourceGenerator.startNext(SourceGenerator.java:88)
02-14 14:51:30.569 I/Glide ( 4042): at com.bumptech.glide.load.engine.DecodeJob.runGenerators(DecodeJob.java:311)
02-14 14:51:30.569 I/Glide ( 4042): at com.bumptech.glide.load.engine.DecodeJob.runWrapped(DecodeJob.java:280)
02-14 14:51:30.569 I/Glide ( 4042): at com.bumptech.glide.load.engine.DecodeJob.run(DecodeJob.java:235)
02-14 14:51:30.569 I/Glide ( 4042): at java.util.concurrent.ThreadPoolExecutor.runWorker(ThreadPoolExecutor.java:1167)
02-14 14:51:30.569 I/Glide ( 4042): at java.util.concurrent.ThreadPoolExecutor$Worker.run(ThreadPoolExecutor.java:641)
02-14 14:51:30.569 I/Glide ( 4042): at com.bumptech.glide.load.engine.executor.GlideExecutor$DefaultThreadFactory$1.run(GlideExecutor.java:413)
02-14 14:51:30.569 I/Glide ( 4042): at java.lang.Thread.run(Thread.java:920)
02-14 14:51:30.569 I/Glide ( 4042): at com.bumptech.glide.load.engine.executor.GlideExecutor$DefaultPriorityThreadFactory$1.run(GlideExecutor.java:372)
02-14 14:51:30.570 I/Glide ( 4042): Root cause (3 of 3)
02-14 14:51:30.570 I/Glide ( 4042): java.lang.RuntimeException: setDataSource failed: status = 0x80000000
02-14 14:51:30.570 I/Glide ( 4042): at android.media.MediaMetadataRetriever._setDataSource(Native Method)
02-14 14:51:30.570 I/Glide ( 4042): at android.media.MediaMetadataRetriever.setDataSource(MediaMetadataRetriever.java:310)
02-14 14:51:30.570 I/Glide ( 4042): at com.bumptech.glide.load.resource.bitmap.VideoDecoder$AssetFileDescriptorInitializer.initialize(VideoDecoder.java:308)
02-14 14:51:30.570 I/Glide ( 4042): at com.bumptech.glide.load.resource.bitmap.VideoDecoder$AssetFileDescriptorInitializer.initialize(VideoDecoder.java:303)
02-14 14:51:30.570 I/Glide ( 4042): at com.bumptech.glide.load.resource.bitmap.VideoDecoder.decode(VideoDecoder.java:173)
02-14 14:51:30.570 I/Glide ( 4042): at com.bumptech.glide.load.engine.DecodePath.decodeResourceWithList(DecodePath.java:92)
02-14 14:51:30.570 I/Glide ( 4042): at com.bumptech.glide.load.engine.DecodePath.decodeResource(DecodePath.java:70)
02-14 14:51:30.570 I/Glide ( 4042): at com.bumptech.glide.load.engine.DecodePath.decode(DecodePath.java:59)
02-14 14:51:30.570 I/Glide ( 4042): at com.bumptech.glide.load.engine.LoadPath.loadWithExceptionList(LoadPath.java:76)
02-14 14:51:30.570 I/Glide ( 4042): at com.bumptech.glide.load.engine.LoadPath.load(LoadPath.java:57)
02-14 14:51:30.570 I/Glide ( 4042): at com.bumptech.glide.load.engine.DecodeJob.runLoadPath(DecodeJob.java:535)
02-14 14:51:30.570 I/Glide ( 4042): at com.bumptech.glide.load.engine.DecodeJob.decodeFromFetcher(DecodeJob.java:499)
02-14 14:51:30.570 I/Glide ( 4042): at com.bumptech.glide.load.engine.DecodeJob.decodeFromData(DecodeJob.java:485)
02-14 14:51:30.570 I/Glide ( 4042): at com.bumptech.glide.load.engine.DecodeJob.decodeFromRetrievedData(DecodeJob.java:430)
02-14 14:51:30.570 I/Glide ( 4042): at com.bumptech.glide.load.engine.DecodeJob.onDataFetcherReady(DecodeJob.java:394)
02-14 14:51:30.570 I/Glide ( 4042): at com.bumptech.glide.load.engine.SourceGenerator.onDataReadyInternal(SourceGenerator.java:210)
02-14 14:51:30.570 I/Glide ( 4042): at com.bumptech.glide.load.engine.SourceGenerator$1.onDataReady(SourceGenerator.java:101)
02-14 14:51:30.570 I/Glide ( 4042): at com.bumptech.glide.load.model.MultiModelLoader$MultiFetcher.onDataReady(MultiModelLoader.java:145)
02-14 14:51:30.570 I/Glide ( 4042): at com.bumptech.glide.load.data.LocalUriFetcher.loadData(LocalUriFetcher.java:45)
02-14 14:51:30.570 I/Glide ( 4042): at com.bumptech.glide.load.model.MultiModelLoader$MultiFetcher.loadData(MultiModelLoader.java:100)
02-14 14:51:30.570 I/Glide ( 4042): at com.bumptech.glide.load.engine.SourceGenerator.startNextLoad(SourceGenerator.java:95)
02-14 14:51:30.570 I/Glide ( 4042): at com.bumptech.glide.load.engine.SourceGenerator.startNext(SourceGenerator.java:88)
02-14 14:51:30.570 I/Glide ( 4042): at com.bumptech.glide.load.engine.DecodeJob.runGenerators(DecodeJob.java:311)
02-14 14:51:30.570 I/Glide ( 4042): at com.bumptech.glide.load.engine.DecodeJob.decodeFromRetrievedData(DecodeJob.java:438)
02-14 14:51:30.570 I/Glide ( 4042): at com.bumptech.glide.load.engine.DecodeJob.onDataFetcherReady(DecodeJob.java:394)
02-14 14:51:30.570 I/Glide ( 4042): at com.bumptech.glide.load.engine.SourceGenerator.onDataReadyInternal(SourceGenerator.java:210)
02-14 14:51:30.570 I/Glide ( 4042): at com.bumptech.glide.load.engine.SourceGenerator$1.onDataReady(SourceGenerator.java:101)
02-14 14:51:30.570 I/Glide ( 4042): at com.bumptech.glide.load.model.MultiModelLoader$MultiFetcher.onDataReady(MultiModelLoader.java:145)
02-14 14:51:30.570 I/Glide ( 4042): at com.bumptech.glide.load.data.LocalUriFetcher.loadData(LocalUriFetcher.java:45)
02-14 14:51:30.570 I/Glide ( 4042): at com.bumptech.glide.load.model.MultiModelLoader$MultiFetcher.loadData(MultiModelLoader.java:100)
02-14 14:51:30.570 I/Glide ( 4042): at com.bumptech.glide.load.engine.SourceGenerator.startNextLoad(SourceGenerator.java:95)
02-14 14:51:30.570 I/Glide ( 4042): at com.bumptech.glide.load.engine.SourceGenerator.startNext(SourceGenerator.java:88)
02-14 14:51:30.570 I/Glide ( 4042): at com.bumptech.glide.load.engine.DecodeJob.runGenerators(DecodeJob.java:311)
02-14 14:51:30.570 I/Glide ( 4042): at com.bumptech.glide.load.engine.DecodeJob.decodeFromRetrievedData(DecodeJob.java:438)
02-14 14:51:30.570 I/Glide ( 4042): at com.bumptech.glide.load.engine.DecodeJob.onDataFetcherReady(DecodeJob.java:394)
02-14 14:51:30.570 I/Glide ( 4042): at com.bumptech.glide.load.engine.SourceGenerator.onDataReadyInternal(SourceGenerator.java:210)
02-14 14:51:30.570 I/Glide ( 4042): at com.bumptech.glide.load.engine.SourceGenerator$1.onDataReady(SourceGenerator.java:101)
02-14 14:51:30.570 I/Glide ( 4042): at com.bumptech.glide.load.model.MultiModelLoader$MultiFetcher.onDataReady(MultiModelLoader.java:145)
02-14 14:51:30.570 I/Glide ( 4042): at com.bumptech.glide.load.data.LocalUriFetcher.loadData(LocalUriFetcher.java:45)
02-14 14:51:30.570 I/Glide ( 4042): at com.bumptech.glide.load.model.MultiModelLoader$MultiFetcher.loadData(MultiModelLoader.java:100)
02-14 14:51:30.570 I/Glide ( 4042): at com.bumptech.glide.load.engine.SourceGenerator.startNextLoad(SourceGenerator.java:95)
02-14 14:51:30.570 I/Glide ( 4042): at com.bumptech.glide.load.engine.SourceGenerator.startNext(SourceGenerator.java:88)
02-14 14:51:30.570 I/Glide ( 4042): at com.bumptech.glide.load.engine.DecodeJob.runGenerators(DecodeJob.java:311)
02-14 14:51:30.570 I/Glide ( 4042): at com.bumptech.glide.load.engine.DecodeJob.runWrapped(DecodeJob.java:280)
02-14 14:51:30.570 I/Glide ( 4042): at com.bumptech.glide.load.engine.DecodeJob.run(DecodeJob.java:235)
02-14 14:51:30.570 I/Glide ( 4042): at java.util.concurrent.ThreadPoolExecutor.runWorker(ThreadPoolExecutor.java:1167)
02-14 14:51:30.570 I/Glide ( 4042): at java.util.concurrent.ThreadPoolExecutor$Worker.run(ThreadPoolExecutor.java:641)
02-14 14:51:30.570 I/Glide ( 4042): at com.bumptech.glide.load.engine.executor.GlideExecutor$DefaultThreadFactory$1.run(GlideExecutor.java:413)
02-14 14:51:30.570 I/Glide ( 4042): at java.lang.Thread.run(Thread.java:920)
02-14 14:51:30.570 I/Glide ( 4042): at com.bumptech.glide.load.engine.executor.GlideExecutor$DefaultPriorityThreadFactory$1.run(GlideExecutor.java:372)
02-14 14:51:30.570 W/Glide ( 4042): Load failed for /storage/emulated/0/Pictures/Pictures/xs7n0g01.png with size [184x184]
02-14 14:51:30.570 W/Glide ( 4042): class com.bumptech.glide.load.engine.GlideException: Failed to load resource
02-14 14:51:30.570 W/Glide ( 4042): There were 3 root causes:
02-14 14:51:30.570 W/Glide ( 4042): java.lang.RuntimeException(setDataSource failed: status = 0x80000000)
02-14 14:51:30.570 W/Glide ( 4042): java.lang.RuntimeException(setDataSource failed: status = 0x80000000)
02-14 14:51:30.570 W/Glide ( 4042): java.lang.RuntimeException(setDataSource failed: status = 0x80000000)
02-14 14:51:30.570 W/Glide ( 4042): call GlideException#logRootCauses(String) for more detail
02-14 14:51:30.570 W/Glide ( 4042): Cause (1 of 3): class com.bumptech.glide.load.engine.GlideException: Failed LoadPath{FileInputStream->Object->Drawable}, LOCAL
02-14 14:51:30.570 W/Glide ( 4042): Cause (1 of 3): class com.bumptech.glide.load.engine.GlideException: Failed DecodePath{FileInputStream->GifDrawable->Drawable}
02-14 14:51:30.570 W/Glide ( 4042): Cause (2 of 3): class com.bumptech.glide.load.engine.GlideException: Failed DecodePath{FileInputStream->Bitmap->BitmapDrawable}
02-14 14:51:30.570 W/Glide ( 4042): Cause (3 of 3): class com.bumptech.glide.load.engine.GlideException: Failed DecodePath{FileInputStream->BitmapDrawable->Drawable}
02-14 14:51:30.570 W/Glide ( 4042): Cause (2 of 3): class com.bumptech.glide.load.engine.GlideException: Failed LoadPath{ParcelFileDescriptor->Object->Drawable}, LOCAL
02-14 14:51:30.570 W/Glide ( 4042): There were 2 root causes:
02-14 14:51:30.570 W/Glide ( 4042): java.lang.RuntimeException(setDataSource failed: status = 0x80000000)
02-14 14:51:30.570 W/Glide ( 4042): java.lang.RuntimeException(setDataSource failed: status = 0x80000000)
02-14 14:51:30.570 W/Glide ( 4042): call GlideException#logRootCauses(String) for more detail
02-14 14:51:30.570 W/Glide ( 4042): Cause (1 of 2): class com.bumptech.glide.load.engine.GlideException: Failed DecodePath{ParcelFileDescriptor->Bitmap->BitmapDrawable}
02-14 14:51:30.570 W/Glide ( 4042): There was 1 root cause:
02-14 14:51:30.570 W/Glide ( 4042): java.lang.RuntimeException(setDataSource failed: status = 0x80000000)
02-14 14:51:30.570 W/Glide ( 4042): call GlideException#logRootCauses(String) for more detail
02-14 14:51:30.570 W/Glide ( 4042): Cause (1 of 1): class java.lang.RuntimeException: setDataSource failed: status = 0x80000000
02-14 14:51:30.570 W/Glide ( 4042): Cause (2 of 2): class com.bumptech.glide.load.engine.GlideException: Failed DecodePath{ParcelFileDescriptor->BitmapDrawable->Drawable}
02-14 14:51:30.570 W/Glide ( 4042): There was 1 root cause:
02-14 14:51:30.570 W/Glide ( 4042): java.lang.RuntimeException(setDataSource failed: status = 0x80000000)
02-14 14:51:30.570 W/Glide ( 4042): call GlideException#logRootCauses(String) for more detail
02-14 14:51:30.570 W/Glide ( 4042): Cause (1 of 1): class java.lang.RuntimeException: setDataSource failed: status = 0x80000000
02-14 14:51:30.570 W/Glide ( 4042): Cause (3 of 3): class com.bumptech.glide.load.engine.GlideException: Failed LoadPath{AssetFileDescriptor->Object->Drawable}, LOCAL
02-14 14:51:30.570 W/Glide ( 4042): There was 1 root cause:
02-14 14:51:30.570 W/Glide ( 4042): java.lang.RuntimeException(setDataSource failed: status = 0x80000000)
02-14 14:51:30.570 W/Glide ( 4042): call GlideException#logRootCauses(String) for more detail
02-14 14:51:30.570 W/Glide ( 4042): Cause (1 of 1): class com.bumptech.glide.load.engine.GlideException: Failed DecodePath{AssetFileDescriptor->Bitmap->BitmapDrawable}
02-14 14:51:30.570 W/Glide ( 4042): There was 1 root cause:
02-14 14:51:30.570 W/Glide ( 4042): java.lang.RuntimeException(setDataSource failed: status = 0x80000000)
02-14 14:51:30.570 W/Glide ( 4042): call GlideException#logRootCauses(String) for more detail
02-14 14:51:30.570 W/Glide ( 4042): Cause (1 of 1): class java.lang.RuntimeException: setDataSource failed: status = 0x80000000
02-14 14:51:30.571 I/Glide ( 4042): Root cause (1 of 3)
02-14 14:51:30.571 I/Glide ( 4042): java.lang.RuntimeException: setDataSource failed: status = 0x80000000
02-14 14:51:30.571 I/Glide ( 4042): at android.media.MediaMetadataRetriever._setDataSource(Native Method)
02-14 14:51:30.571 I/Glide ( 4042): at android.media.MediaMetadataRetriever.setDataSource(MediaMetadataRetriever.java:310)
02-14 14:51:30.571 I/Glide ( 4042): at android.media.MediaMetadataRetriever.setDataSource(MediaMetadataRetriever.java:334)
02-14 14:51:30.571 I/Glide ( 4042): at com.bumptech.glide.load.resource.bitmap.VideoDecoder$ParcelFileDescriptorInitializer.initialize(VideoDecoder.java:318)
02-14 14:51:30.571 I/Glide ( 4042): at com.bumptech.glide.load.resource.bitmap.VideoDecoder$ParcelFileDescriptorInitializer.initialize(VideoDecoder.java:313)
02-14 14:51:30.571 I/Glide ( 4042): at com.bumptech.glide.load.resource.bitmap.VideoDecoder.decode(VideoDecoder.java:173)
02-14 14:51:30.571 I/Glide ( 4042): at com.bumptech.glide.load.engine.DecodePath.decodeResourceWithList(DecodePath.java:92)
02-14 14:51:30.571 I/Glide ( 4042): at com.bumptech.glide.load.engine.DecodePath.decodeResource(DecodePath.java:70)
02-14 14:51:30.571 I/Glide ( 4042): at com.bumptech.glide.load.engine.DecodePath.decode(DecodePath.java:59)
02-14 14:51:30.571 I/Glide ( 4042): at com.bumptech.glide.load.engine.LoadPath.loadWithExceptionList(LoadPath.java:76)
02-14 14:51:30.571 I/Glide ( 4042): at com.bumptech.glide.load.engine.LoadPath.load(LoadPath.java:57)
02-14 14:51:30.571 I/Glide ( 4042): at com.bumptech.glide.load.engine.DecodeJob.runLoadPath(DecodeJob.java:535)
02-14 14:51:30.571 I/Glide ( 4042): at com.bumptech.glide.load.engine.DecodeJob.decodeFromFetcher(DecodeJob.java:499)
02-14 14:51:30.571 I/Glide ( 4042): at com.bumptech.glide.load.engine.DecodeJob.decodeFromData(DecodeJob.java:485)
02-14 14:51:30.571 I/Glide ( 4042): at com.bumptech.glide.load.engine.DecodeJob.decodeFromRetrievedData(DecodeJob.java:430)
02-14 14:51:30.571 I/Glide ( 4042): at com.bumptech.glide.load.engine.DecodeJob.onDataFetcherReady(DecodeJob.java:394)
02-14 14:51:30.571 I/Glide ( 4042): at com.bumptech.glide.load.engine.SourceGenerator.onDataReadyInternal(SourceGenerator.java:210)
02-14 14:51:30.571 I/Glide ( 4042): at com.bumptech.glide.load.engine.SourceGenerator$1.onDataReady(SourceGenerator.java:101)
02-14 14:51:30.571 I/Glide ( 4042): at com.bumptech.glide.load.model.MultiModelLoader$MultiFetcher.onDataReady(MultiModelLoader.java:145)
02-14 14:51:30.571 I/Glide ( 4042): at com.bumptech.glide.load.data.LocalUriFetcher.loadData(LocalUriFetcher.java:45)
02-14 14:51:30.571 I/Glide ( 4042): at com.bumptech.glide.load.model.MultiModelLoader$MultiFetcher.loadData(MultiModelLoader.java:100)
02-14 14:51:30.571 I/Glide ( 4042): at com.bumptech.glide.load.engine.SourceGenerator.startNextLoad(SourceGenerator.java:95)
02-14 14:51:30.571 I/Glide ( 4042): at com.bumptech.glide.load.engine.SourceGenerator.startNext(SourceGenerator.java:88)
02-14 14:51:30.571 I/Glide ( 4042): at com.bumptech.glide.load.engine.DecodeJob.runGenerators(DecodeJob.java:311)
02-14 14:51:30.571 I/Glide ( 4042): at com.bumptech.glide.load.engine.DecodeJob.decodeFromRetrievedData(DecodeJob.java:438)
02-14 14:51:30.571 I/Glide ( 4042): at com.bumptech.glide.load.engine.DecodeJob.onDataFetcherReady(DecodeJob.java:394)
02-14 14:51:30.571 I/Glide ( 4042): at com.bumptech.glide.load.engine.SourceGenerator.onDataReadyInternal(SourceGenerator.java:210)
02-14 14:51:30.571 I/Glide ( 4042): at com.bumptech.glide.load.engine.SourceGenerator$1.onDataReady(SourceGenerator.java:101)
02-14 14:51:30.571 I/Glide ( 4042): at com.bumptech.glide.load.model.MultiModelLoader$MultiFetcher.onDataReady(MultiModelLoader.java:145)
02-14 14:51:30.571 I/Glide ( 4042): at com.bumptech.glide.load.data.LocalUriFetcher.loadData(LocalUriFetcher.java:45)
02-14 14:51:30.571 I/Glide ( 4042): at com.bumptech.glide.load.model.MultiModelLoader$MultiFetcher.loadData(MultiModelLoader.java:100)
02-14 14:51:30.571 I/Glide ( 4042): at com.bumptech.glide.load.engine.SourceGenerator.startNextLoad(SourceGenerator.java:95)
02-14 14:51:30.571 I/Glide ( 4042): at com.bumptech.glide.load.engine.SourceGenerator.startNext(SourceGenerator.java:88)
02-14 14:51:30.571 I/Glide ( 4042): at com.bumptech.glide.load.engine.DecodeJob.runGenerators(DecodeJob.java:311)
02-14 14:51:30.571 I/Glide ( 4042): at com.bumptech.glide.load.engine.DecodeJob.runWrapped(DecodeJob.java:280)
02-14 14:51:30.571 I/Glide ( 4042): at com.bumptech.glide.load.engine.DecodeJob.run(DecodeJob.java:235)
02-14 14:51:30.571 I/Glide ( 4042): at java.util.concurrent.ThreadPoolExecutor.runWorker(ThreadPoolExecutor.java:1167)
02-14 14:51:30.571 I/Glide ( 4042): at java.util.concurrent.ThreadPoolExecutor$Worker.run(ThreadPoolExecutor.java:641)
02-14 14:51:30.571 I/Glide ( 4042): at com.bumptech.glide.load.engine.executor.GlideExecutor$DefaultThreadFactory$1.run(GlideExecutor.java:413)
02-14 14:51:30.571 I/Glide ( 4042): at java.lang.Thread.run(Thread.java:920)
02-14 14:51:30.571 I/Glide ( 4042): at com.bumptech.glide.load.engine.executor.GlideExecutor$DefaultPriorityThreadFactory$1.run(GlideExecutor.java:372)
02-14 14:51:30.571 I/Glide ( 4042): Root cause (2 of 3)
02-14 14:51:30.571 I/Glide ( 4042): java.lang.RuntimeException: setDataSource failed: status = 0x80000000
02-14 14:51:30.571 I/Glide ( 4042): at android.media.MediaMetadataRetriever._setDataSource(Native Method)
02-14 14:51:30.571 I/Glide ( 4042): at android.media.MediaMetadataRetriever.setDataSource(MediaMetadataRetriever.java:310)
02-14 14:51:30.571 I/Glide ( 4042): at android.media.MediaMetadataRetriever.setDataSource(MediaMetadataRetriever.java:334)
02-14 14:51:30.571 I/Glide ( 4042): at com.bumptech.glide.load.resource.bitmap.VideoDecoder$ParcelFileDescriptorInitializer.initialize(VideoDecoder.java:318)
02-14 14:51:30.571 I/Glide ( 4042): at com.bumptech.glide.load.resource.bitmap.VideoDecoder$ParcelFileDescriptorInitializer.initialize(VideoDecoder.java:313)
02-14 14:51:30.571 I/Glide ( 4042): at com.bumptech.glide.load.resource.bitmap.VideoDecoder.decode(VideoDecoder.java:173)
02-14 14:51:30.571 I/Glide ( 4042): at com.bumptech.glide.load.resource.bitmap.BitmapDrawableDecoder.decode(BitmapDrawableDecoder.java:58)
02-14 14:51:30.571 I/Glide ( 4042): at com.bumptech.glide.load.engine.DecodePath.decodeResourceWithList(DecodePath.java:92)
02-14 14:51:30.571 I/Glide ( 4042): at com.bumptech.glide.load.engine.DecodePath.decodeResource(DecodePath.java:70)
02-14 14:51:30.571 I/Glide ( 4042): at com.bumptech.glide.load.engine.DecodePath.decode(DecodePath.java:59)
02-14 14:51:30.571 I/Glide ( 4042): at com.bumptech.glide.load.engine.LoadPath.loadWithExceptionList(LoadPath.java:76)
02-14 14:51:30.571 I/Glide ( 4042): at com.bumptech.glide.load.engine.LoadPath.load(LoadPath.java:57)
02-14 14:51:30.571 I/Glide ( 4042): at com.bumptech.glide.load.engine.DecodeJob.runLoadPath(DecodeJob.java:535)
02-14 14:51:30.571 I/Glide ( 4042): at com.bumptech.glide.load.engine.DecodeJob.decodeFromFetcher(DecodeJob.java:499)
02-14 14:51:30.571 I/Glide ( 4042): at com.bumptech.glide.load.engine.DecodeJob.decodeFromData(DecodeJob.java:485)
02-14 14:51:30.571 I/Glide ( 4042): at com.bumptech.glide.load.engine.DecodeJob.decodeFromRetrievedData(DecodeJob.java:430)
02-14 14:51:30.571 I/Glide ( 4042): at com.bumptech.glide.load.engine.DecodeJob.onDataFetcherReady(DecodeJob.java:394)
02-14 14:51:30.571 I/Glide ( 4042): at com.bumptech.glide.load.engine.SourceGenerator.onDataReadyInternal(SourceGenerator.java:210)
02-14 14:51:30.571 I/Glide ( 4042): at com.bumptech.glide.load.engine.SourceGenerator$1.onDataReady(SourceGenerator.java:101)
02-14 14:51:30.571 I/Glide ( 4042): at com.bumptech.glide.load.model.MultiModelLoader$MultiFetcher.onDataReady(MultiModelLoader.java:145)
02-14 14:51:30.571 I/Glide ( 4042): at com.bumptech.glide.load.data.LocalUriFetcher.loadData(LocalUriFetcher.java:45)
02-14 14:51:30.571 I/Glide ( 4042): at com.bumptech.glide.load.model.MultiModelLoader$MultiFetcher.loadData(MultiModelLoader.java:100)
02-14 14:51:30.571 I/Glide ( 4042): at com.bumptech.glide.load.engine.SourceGenerator.startNextLoad(SourceGenerator.java:95)
02-14 14:51:30.571 I/Glide ( 4042): at com.bumptech.glide.load.engine.SourceGenerator.startNext(SourceGenerator.java:88)
02-14 14:51:30.571 I/Glide ( 4042): at com.bumptech.glide.load.engine.DecodeJob.runGenerators(DecodeJob.java:311)
02-14 14:51:30.571 I/Glide ( 4042): at com.bumptech.glide.load.engine.DecodeJob.decodeFromRetrievedData(DecodeJob.java:438)
02-14 14:51:30.571 I/Glide ( 4042): at com.bumptech.glide.load.engine.DecodeJob.onDataFetcherReady(DecodeJob.java:394)
02-14 14:51:30.571 I/Glide ( 4042): at com.bumptech.glide.load.engine.SourceGenerator.onDataReadyInternal(SourceGenerator.java:210)
02-14 14:51:30.571 I/Glide ( 4042): at com.bumptech.glide.load.engine.SourceGenerator$1.onDataReady(SourceGenerator.java:101)
02-14 14:51:30.571 I/Glide ( 4042): at com.bumptech.glide.load.model.MultiModelLoader$MultiFetcher.onDataReady(MultiModelLoader.java:145)
02-14 14:51:30.571 I/Glide ( 4042): at com.bumptech.glide.load.data.LocalUriFetcher.loadData(LocalUriFetcher.java:45)
02-14 14:51:30.571 I/Glide ( 4042): at com.bumptech.glide.load.model.MultiModelLoader$MultiFetcher.loadData(MultiModelLoader.java:100)
02-14 14:51:30.571 I/Glide ( 4042): at com.bumptech.glide.load.engine.SourceGenerator.startNextLoad(SourceGenerator.java:95)
02-14 14:51:30.571 I/Glide ( 4042): at com.bumptech.glide.load.engine.SourceGenerator.startNext(SourceGenerator.java:88)
02-14 14:51:30.571 I/Glide ( 4042): at com.bumptech.glide.load.engine.DecodeJob.runGenerators(DecodeJob.java:311)
02-14 14:51:30.571 I/Glide ( 4042): at com.bumptech.glide.load.engine.DecodeJob.runWrapped(DecodeJob.java:280)
02-14 14:51:30.571 I/Glide ( 4042): at com.bumptech.glide.load.engine.DecodeJob.run(DecodeJob.java:235)
02-14 14:51:30.571 I/Glide ( 4042): at java.util.concurrent.ThreadPoolExecutor.runWorker(ThreadPoolExecutor.java:1167)
02-14 14:51:30.571 I/Glide ( 4042): at java.util.concurrent.ThreadPoolExecutor$Worker.run(ThreadPoolExecutor.java:641)
02-14 14:51:30.571 I/Glide ( 4042): at com.bumptech.glide.load.engine.executor.GlideExecutor$DefaultThreadFactory$1.run(GlideExecutor.java:413)
02-14 14:51:30.571 I/Glide ( 4042): at java.lang.Thread.run(Thread.java:920)
02-14 14:51:30.571 I/Glide ( 4042): at com.bumptech.glide.load.engine.executor.GlideExecutor$DefaultPriorityThreadFactory$1.run(GlideExecutor.java:372)
02-14 14:51:30.571 I/Glide ( 4042): Root cause (3 of 3)
02-14 14:51:30.571 I/Glide ( 4042): java.lang.RuntimeException: setDataSource failed: status = 0x80000000
02-14 14:51:30.571 I/Glide ( 4042): at android.media.MediaMetadataRetriever._setDataSource(Native Method)
02-14 14:51:30.571 I/Glide ( 4042): at android.media.MediaMetadataRetriever.setDataSource(MediaMetadataRetriever.java:310)
02-14 14:51:30.571 I/Glide ( 4042): at com.bumptech.glide.load.resource.bitmap.VideoDecoder$AssetFileDescriptorInitializer.initialize(VideoDecoder.java:308)
02-14 14:51:30.571 I/Glide ( 4042): at com.bumptech.glide.load.resource.bitmap.VideoDecoder$AssetFileDescriptorInitializer.initialize(VideoDecoder.java:303)
02-14 14:51:30.571 I/Glide ( 4042): at com.bumptech.glide.load.resource.bitmap.VideoDecoder.decode(VideoDecoder.java:173)
02-14 14:51:30.571 I/Glide ( 4042): at com.bumptech.glide.load.engine.DecodePath.decodeResourceWithList(DecodePath.java:92)
02-14 14:51:30.571 I/Glide ( 4042): at com.bumptech.glide.load.engine.DecodePath.decodeResource(DecodePath.java:70)
02-14 14:51:30.571 I/Glide ( 4042): at com.bumptech.glide.load.engine.DecodePath.decode(DecodePath.java:59)
02-14 14:51:30.571 I/Glide ( 4042): at com.bumptech.glide.load.engine.LoadPath.loadWithExceptionList(LoadPath.java:76)
02-14 14:51:30.571 I/Glide ( 4042): at com.bumptech.glide.load.engine.LoadPath.load(LoadPath.java:57)
02-14 14:51:30.571 I/Glide ( 4042): at com.bumptech.glide.load.engine.DecodeJob.runLoadPath(DecodeJob.java:535)
02-14 14:51:30.571 I/Glide ( 4042): at com.bumptech.glide.load.engine.DecodeJob.decodeFromFetcher(DecodeJob.java:499)
02-14 14:51:30.571 I/Glide ( 4042): at com.bumptech.glide.load.engine.DecodeJob.decodeFromData(DecodeJob.java:485)
02-14 14:51:30.571 I/Glide ( 4042): at com.bumptech.glide.load.engine.DecodeJob.decodeFromRetrievedData(DecodeJob.java:430)
02-14 14:51:30.571 I/Glide ( 4042): at com.bumptech.glide.load.engine.DecodeJob.onDataFetcherReady(DecodeJob.java:394)
02-14 14:51:30.571 I/Glide ( 4042): at com.bumptech.glide.load.engine.SourceGenerator.onDataReadyInternal(SourceGenerator.java:210)
02-14 14:51:30.571 I/Glide ( 4042): at com.bumptech.glide.load.engine.SourceGenerator$1.onDataReady(SourceGenerator.java:101)
02-14 14:51:30.571 I/Glide ( 4042): at com.bumptech.glide.load.model.MultiModelLoader$MultiFetcher.onDataReady(MultiModelLoader.java:145)
02-14 14:51:30.571 I/Glide ( 4042): at com.bumptech.glide.load.data.LocalUriFetcher.loadData(LocalUriFetcher.java:45)
02-14 14:51:30.571 I/Glide ( 4042): at com.bumptech.glide.load.model.MultiModelLoader$MultiFetcher.loadData(MultiModelLoader.java:100)
02-14 14:51:30.571 I/Glide ( 4042): at com.bumptech.glide.load.engine.SourceGenerator.startNextLoad(SourceGenerator.java:95)
02-14 14:51:30.571 I/Glide ( 4042): at com.bumptech.glide.load.engine.SourceGenerator.startNext(SourceGenerator.java:88)
02-14 14:51:30.571 I/Glide ( 4042): at com.bumptech.glide.load.engine.DecodeJob.runGenerators(DecodeJob.java:311)
02-14 14:51:30.571 I/Glide ( 4042): at com.bumptech.glide.load.engine.DecodeJob.decodeFromRetrievedData(DecodeJob.java:438)
02-14 14:51:30.571 I/Glide ( 4042): at com.bumptech.glide.load.engine.DecodeJob.onDataFetcherReady(DecodeJob.java:394)
02-14 14:51:30.571 I/Glide ( 4042): at com.bumptech.glide.load.engine.SourceGenerator.onDataReadyInternal(SourceGenerator.java:210)
02-14 14:51:30.571 I/Glide ( 4042): at com.bumptech.glide.load.engine.SourceGenerator$1.onDataReady(SourceGenerator.java:101)
02-14 14:51:30.571 I/Glide ( 4042): at com.bumptech.glide.load.model.MultiModelLoader$MultiFetcher.onDataReady(MultiModelLoader.java:145)
02-14 14:51:30.571 I/Glide ( 4042): at com.bumptech.glide.load.data.LocalUriFetcher.loadData(LocalUriFetcher.java:45)
02-14 14:51:30.571 I/Glide ( 4042): at com.bumptech.glide.load.model.MultiModelLoader$MultiFetcher.loadData(MultiModelLoader.java:100)
02-14 14:51:30.571 I/Glide ( 4042): at com.bumptech.glide.load.engine.SourceGenerator.startNextLoad(SourceGenerator.java:95)
02-14 14:51:30.571 I/Glide ( 4042): at com.bumptech.glide.load.engine.SourceGenerator.startNext(SourceGenerator.java:88)
02-14 14:51:30.571 I/Glide ( 4042): at com.bumptech.glide.load.engine.DecodeJob.runGenerators(DecodeJob.java:311)
02-14 14:51:30.571 I/Glide ( 4042): at com.bumptech.glide.load.engine.DecodeJob.decodeFromRetrievedData(DecodeJob.java:438)
02-14 14:51:30.571 I/Glide ( 4042): at com.bumptech.glide.load.engine.DecodeJob.onDataFetcherReady(DecodeJob.java:394)
02-14 14:51:30.571 I/Glide ( 4042): at com.bumptech.glide.load.engine.SourceGenerator.onDataReadyInternal(SourceGenerator.java:210)
