02-14 14:31:28.703 I/wm_set_resumed_activity( 1257): [0,com.android.gallery3d/.app.GalleryActivity,minimalResumeActivityLocked]
02-14 14:31:28.709 I/sysui_multi_action( 1257): [757,803,799,window_time_0,802,2]
02-14 14:31:28.719 I/wm_on_create_called( 4147): [79783205,com.android.gallery3d.app.GalleryActivity,performCreate]
02-14 14:31:28.720 I/wm_on_start_called( 4147): [79783205,com.android.gallery3d.app.GalleryActivity,handleStartActivity]
02-14 14:31:28.722 I/wm_on_resume_called( 4147): [79783205,com.android.gallery3d.app.GalleryActivity,RESUME_ACTIVITY]
02-14 14:31:28.724 I/input_focus( 1257): [Focus leaving eca6b19 com.android.launcher3/com.android.launcher3.uioverrides.QuickstepLauncher (server),reason=NO_WINDOW]
02-14 14:31:28.724 I/wm_on_top_resumed_gained_called( 4147): [79783205,com.android.gallery3d.app.GalleryActivity,topStateChangedWhenResumed]
02-14 14:31:28.742 I/input_focus( 1257): [Focus request f4ee195 com.android.gallery3d/com.android.gallery3d.app.GalleryActivity,reason=UpdateInputWindows]
02-14 14:31:28.760 I/sysui_multi_action( 1257): [319,22,321,21,322,69,325,412,757,761,758,8,759,1,806,com.android.gallery3d,871,com.android.gallery3d.app.GalleryActivity,904,com.android.launcher3,905,0,1320,4,1321,1]
02-14 14:31:28.761 I/wm_activity_launch_time( 1257): [0,79783205,com.android.gallery3d/.app.GalleryActivity,69]
02-14 14:31:28.774 I/input_focus( 1257): [Focus entering f4ee195 com.android.gallery3d/com.android.gallery3d.app.GalleryActivity (server),reason=setFocusedWindow]
02-14 14:31:29.241 I/wm_stop_activity( 1257): [0,190679017,com.android.launcher3/.uioverrides.QuickstepLauncher]
02-14 14:31:29.259 I/wm_on_stop_called( 2598): [190679017,com.android.launcher3.uioverrides.QuickstepLauncher,STOP_ACTIVITY_ITEM]
02-14 14:31:29.669 I/input_interaction( 1257): Interaction with: f4ee195 com.android.gallery3d/com.android.gallery3d.app.GalleryActivity (server), edge-swipe (server), swipe-up (server), PointerEventDispatcher0 (server),
02-14 14:31:31.033 I/snet_event_log( 4147): [117838472,-1,]
02-14 14:31:45.565 I/service_manager_stats( 1257): [100,55,21004]
02-14 14:32:05.943 I/service_manager_stats( 1257): [100,61,20377]
02-14 14:32:24.724 I/am_uid_idle( 1257): 10047
02-14 14:32:25.516 I/wm_task_moved( 1257): [12,0,0]
02-14 14:32:25.516 I/wm_task_moved( 1257): [12,0,6]
02-14 14:32:25.543 I/wm_on_restart_called( 2598): [190679017,com.android.launcher3.uioverrides.QuickstepLauncher,performRestartActivity]
02-14 14:32:25.574 I/wm_on_start_called( 2598): [190679017,com.android.launcher3.uioverrides.QuickstepLauncher,handleStartActivity]
02-14 14:32:25.589 I/view_enqueue_input_event( 4147): [Motion - Cancel,com.android.gallery3d/com.android.gallery3d.app.GalleryActivity]
02-14 14:32:25.591 I/sysui_latency( 2598): [1,88]
02-14 14:32:25.601 I/input_focus( 1257): [Focus request recents_animation_input_consumer,reason=UpdateInputWindows]
02-14 14:32:25.602 I/sysui_multi_action( 1257): [319,8,322,80,325,469,757,761,758,9,759,5,806,com.android.launcher3,871,com.android.launcher3.uioverrides.QuickstepLauncher,904,com.android.launcher3,905,0,1320,4,1321,1]
02-14 14:32:25.603 I/input_interaction( 1257): Interaction with: edge-swipe (server), swipe-up (server), PointerEventDispatcher0 (server),
02-14 14:32:25.627 I/input_focus( 1257): [Focus leaving f4ee195 com.android.gallery3d/com.android.gallery3d.app.GalleryActivity (server),reason=NOT_FOCUSABLE]
02-14 14:32:25.627 I/input_focus( 1257): [Focus entering recents_animation_input_consumer (server),reason=setFocusedWindow]
02-14 14:32:25.775 I/commit_sys_config_file( 1257): [settings-1-0,4]
02-14 14:32:25.899 I/sysui_latency( 1257): [8,98]
02-14 14:32:26.370 I/wm_task_moved( 1257): [12,1,7]
02-14 14:32:26.373 I/wm_task_moved( 1257): [13,1,2147483647]
02-14 14:32:26.373 I/wm_task_to_front( 1257): [0,13]
02-14 14:32:26.374 I/wm_on_top_resumed_lost_called( 4147): [79783205,com.android.gallery3d.app.GalleryActivity,topStateChangedWhenResumed]
02-14 14:32:26.374 I/wm_focused_root_task( 1257): [0,0,12,17,RecentsAnimation.onAnimationFinished()]
02-14 14:32:26.374 I/wm_set_resumed_activity( 1257): [0,com.android.launcher3/.uioverrides.QuickstepLauncher,RecentsAnimation.onAnimationFinished()]
02-14 14:32:26.376 I/wm_pause_activity( 1257): [0,79783205,com.android.gallery3d/.app.GalleryActivity,userLeaving=true,pauseBackTasks]
02-14 14:32:26.377 I/wm_add_to_stopping( 1257): [0,79783205,com.android.gallery3d/.app.GalleryActivity,makeInvisible]
02-14 14:32:26.378 I/wm_set_resumed_activity( 1257): [0,com.android.launcher3/.uioverrides.QuickstepLauncher,resumeTopActivityInnerLocked]
02-14 14:32:26.380 I/service_manager_stats( 1257): [100,60,20438]
02-14 14:32:26.380 I/wm_resume_activity( 1257): [0,190679017,13,com.android.launcher3/.uioverrides.QuickstepLauncher]
02-14 14:32:26.381 I/wm_on_resume_called( 2598): [190679017,com.android.launcher3.uioverrides.QuickstepLauncher,RESUME_ACTIVITY]
02-14 14:32:26.385 I/input_focus( 1257): [Focus request eca6b19 com.android.launcher3/com.android.launcher3.uioverrides.QuickstepLauncher,reason=UpdateInputWindows]
02-14 14:32:26.392 I/wm_stop_activity( 1257): [0,79783205,com.android.gallery3d/.app.GalleryActivity]
02-14 14:32:26.395 I/wm_on_top_resumed_gained_called( 2598): [190679017,com.android.launcher3.uioverrides.QuickstepLauncher,topStateChangedWhenResumed]
02-14 14:32:26.396 I/input_focus( 1257): [Focus leaving recents_animation_input_consumer (server),reason=NOT_VISIBLE]
02-14 14:32:26.396 I/input_focus( 1257): [Focus entering eca6b19 com.android.launcher3/com.android.launcher3.uioverrides.QuickstepLauncher (server),reason=setFocusedWindow]
02-14 14:32:26.397 I/sysui_multi_action( 1257): [757,803,799,window_time_0,802,58]
02-14 14:32:26.403 I/sysui_multi_action( 1257): [757,803,799,window_time_0,802,0]
02-14 14:32:26.457 I/wm_on_paused_called( 4147): [79783205,com.android.gallery3d.app.GalleryActivity,performPause]
02-14 14:32:26.459 I/wm_on_stop_called( 4147): [79783205,com.android.gallery3d.app.GalleryActivity,STOP_ACTIVITY_ITEM]
02-14 14:33:26.426 I/am_uid_idle( 1257): 10065
02-14 14:33:32.513 I/am_uid_idle( 1257): 10066
02-14 14:34:49.726 I/am_freeze( 1257): [3124,com.android.traceur]
02-14 14:34:49.728 I/am_kill ( 1257): [0,3124,com.android.traceur,975,Unable to freeze binder interface]
02-14 14:34:49.764 I/am_proc_died( 1257): [0,3124,com.android.traceur,975,19]
02-14 14:34:49.765 I/am_uid_stopped( 1257): 10035
02-14 14:34:49.776 I/am_pss ( 1257): [2598,10079,com.android.launcher3,92439552,84844544,0,215392256,0,2,9]
02-14 14:34:49.782 I/am_pss ( 1257): [2467,10066,com.thundercomm.gamemode.provider,7817216,5881856,0,92782592,0,19,5]
02-14 14:34:49.787 I/am_pss ( 1257): [3199,1000,com.qti.diagservices,6640640,2912256,2454528,61788160,0,10,5]
02-14 14:34:52.409 I/am_freeze( 1257): [3412,com.android.localtransport]
02-14 14:34:52.411 I/am_kill ( 1257): [0,3412,com.android.localtransport,975,Unable to freeze binder interface]
02-14 14:34:52.443 I/am_proc_died( 1257): [0,3412,com.android.localtransport,975,19]
02-14 14:34:52.451 I/am_freeze( 1257): [3430,com.android.calendar]
02-14 14:34:52.451 I/am_kill ( 1257): [0,3430,com.android.calendar,965,Unable to freeze binder interface]
02-14 14:34:52.470 I/am_proc_died( 1257): [0,3430,com.android.calendar,965,19]
02-14 14:34:52.471 I/am_uid_stopped( 1257): 10064
02-14 14:34:52.559 I/am_freeze( 1257): [3455,com.android.dynsystem]
02-14 14:34:52.560 I/am_kill ( 1257): [0,3455,com.android.dynsystem,995,Unable to freeze binder interface]
02-14 14:34:52.562 I/am_freeze( 1257): [2928,com.android.keychain]
02-14 14:34:52.563 I/am_kill ( 1257): [0,2928,com.android.keychain,985,Unable to freeze binder interface]
02-14 14:34:52.583 I/am_proc_died( 1257): [0,3455,com.android.dynsystem,995,19]
02-14 14:34:52.587 I/am_proc_died( 1257): [0,2928,com.android.keychain,985,19]
02-14 14:34:52.621 I/am_freeze( 1257): [3481,com.android.dynsystem:dynsystem]
02-14 14:34:52.622 I/am_kill ( 1257): [0,3481,com.android.dynsystem:dynsystem,985,Unable to freeze binder interface]
02-14 14:34:52.641 I/am_proc_died( 1257): [0,3481,com.android.dynsystem:dynsystem,985,19]
02-14 14:34:52.841 I/am_freeze( 1257): [3543,com.android.music]
02-14 14:34:52.842 I/am_kill ( 1257): [0,3543,com.android.music,975,Unable to freeze binder interface]
02-14 14:34:52.865 I/am_freeze( 1257): [3566,com.android.onetimeinitializer]
02-14 14:34:52.866 I/am_kill ( 1257): [0,3566,com.android.onetimeinitializer,965,Unable to freeze binder interface]
02-14 14:34:52.884 I/am_proc_died( 1257): [0,3566,com.android.onetimeinitializer,965,19]
02-14 14:34:52.885 I/am_uid_stopped( 1257): 10059
02-14 14:34:52.887 I/am_proc_died( 1257): [0,3543,com.android.music,975,19]
02-14 14:34:52.887 I/am_uid_stopped( 1257): 10087
02-14 14:34:53.583 I/am_freeze( 1257): [3701,com.qualcomm.qti.qms.service.connectionsecurity]
02-14 14:34:53.585 I/am_freeze( 1257): [3063,com.qualcomm.qtil.aptxui]
02-14 14:34:53.586 I/am_kill ( 1257): [0,3701,com.qualcomm.qti.qms.service.connectionsecurity,955,Unable to freeze binder interface]
02-14 14:34:53.588 I/am_kill ( 1257): [0,3063,com.qualcomm.qtil.aptxui,945,Unable to freeze binder interface]
02-14 14:34:53.605 I/am_proc_died( 1257): [0,3701,com.qualcomm.qti.qms.service.connectionsecurity,955,19]
02-14 14:34:53.605 I/am_uid_stopped( 1257): 10058
02-14 14:34:53.609 I/am_proc_died( 1257): [0,3063,com.qualcomm.qtil.aptxui,945,19]
02-14 14:34:53.611 I/am_uid_stopped( 1257): 10086
02-14 14:34:53.617 I/am_freeze( 1257): [3725,com.android.externalstorage]
02-14 14:34:53.617 I/am_kill ( 1257): [0,3725,com.android.externalstorage,945,Unable to freeze binder interface]
02-14 14:34:53.641 I/am_proc_died( 1257): [0,3725,com.android.externalstorage,945,19]
02-14 14:34:53.642 I/am_uid_stopped( 1257): 10028
02-14 14:34:53.973 I/am_freeze( 1257): [2685,com.android.deskclock]
02-14 14:34:53.976 I/am_kill ( 1257): [0,2685,com.android.deskclock,935,Unable to freeze binder interface]
02-14 14:34:54.006 I/am_proc_died( 1257): [0,2685,com.android.deskclock,935,19]
02-14 14:34:54.007 I/am_uid_stopped( 1257): 10067
02-14 14:34:58.121 I/am_freeze( 1257): [3617,com.android.providers.calendar]
02-14 14:34:58.123 I/am_kill ( 1257): [0,3617,com.android.providers.calendar,925,Unable to freeze binder interface]
02-14 14:34:58.153 I/am_proc_died( 1257): [0,3617,com.android.providers.calendar,925,19]
02-14 14:34:58.153 I/am_uid_stopped( 1257): 10022
02-14 14:34:59.023 I/am_freeze( 1257): [3843,com.qualcomm.qti.qms.service.trustzoneaccess]
02-14 14:34:59.025 I/am_kill ( 1257): [0,3843,com.qualcomm.qti.qms.service.trustzoneaccess,945,Unable to freeze binder interface]
02-14 14:34:59.056 I/am_proc_died( 1257): [0,3843,com.qualcomm.qti.qms.service.trustzoneaccess,945,19]
02-14 14:34:59.057 I/am_uid_stopped( 1257): 10053
02-14 14:35:31.684 I/am_freeze( 1257): [2995,android.process.media]
02-14 14:35:31.688 I/am_freeze( 1257): [3178,android.process.acore]
02-14 14:35:31.690 I/am_kill ( 1257): [0,2995,android.process.media,945,Unable to freeze binder interface]
02-14 14:35:31.692 I/am_kill ( 1257): [0,3178,android.process.acore,985,Unable to freeze binder interface]
02-14 14:35:31.723 I/am_proc_died( 1257): [0,3178,android.process.acore,985,19]
02-14 14:35:31.724 I/am_uid_stopped( 1257): 10020
02-14 14:35:31.726 I/am_proc_died( 1257): [0,2995,android.process.media,945,19]
02-14 14:35:31.727 I/am_uid_stopped( 1257): 10019
02-14 14:35:31.733 I/am_pss ( 1257): [2467,10066,com.thundercomm.gamemode.provider,8184832,5881856,0,92782592,0,19,5]
02-14 14:35:31.740 I/am_pss ( 1257): [1989,1002,com.android.bluetooth,30003200,24002560,0,134004736,0,0,7]
02-14 14:35:31.746 I/am_pss ( 1257): [2448,10094,android.ext.services,10793984,5955584,0,107683840,0,5,5]
02-14 14:35:31.751 I/am_pss ( 1257): [3037,10071,com.qualcomm.location.XT,6879232,4653056,0,91095040,0,6,5]
02-14 14:35:31.756 I/am_pss ( 1257): [2394,1000,com.qualcomm.qti.qdma,9504768,6496256,0,101089280,0,0,4]
02-14 14:35:31.760 I/am_pss ( 1257): [2367,1000,com.thundercomm.tcservice,9294848,7057408,0,93908992,0,0,4]
02-14 14:35:31.765 I/am_pss ( 1257): [2312,1000,com.thundercomm.remotecontrolservice,10936320,8171520,0,99176448,0,0,5]
02-14 14:35:31.770 I/am_pss ( 1257): [2286,1068,com.android.se,6162432,4038656,0,89120768,0,0,4]
02-14 14:35:31.774 I/am_pss ( 1257): [2248,1000,vendor.qti.qesdk.sysservice,5866496,3739648,0,88444928,0,0,4]
02-14 14:35:31.779 I/am_pss ( 1257): [2265,10085,com.qti.qualcomm.mstatssystemservice,5833728,3776512,0,87248896,0,0,4]
02-14 14:35:31.784 I/am_pss ( 1257): [2221,1073,com.android.networkstack.process,11237376,8503296,0,100823040,0,0,5]
02-14 14:35:31.789 I/am_pss ( 1257): [2246,1000,com.thundercomm.tcsetupwizard,7018496,4972544,0,88424448,0,0,5]
02-14 14:35:31.794 I/am_pss ( 1257): [2181,1000,com.thundercomm.tchttpserver,9396224,7303168,0,91893760,0,0,4]
02-14 14:35:31.799 I/am_pss ( 1257): [2202,1000,com.tc.logclient,7918592,5468160,0,95428608,0,0,5]
02-14 14:35:31.803 I/am_pss ( 1257): [2162,10054,.qtidataservices,6249472,4149248,0,89026560,0,0,4]
02-14 14:35:31.809 I/am_pss ( 1257): [2155,1000,com.thundercomm.microsettings,33931264,30453760,0,123740160,0,0,5]
02-14 14:35:31.813 I/am_pss ( 1257): [2159,1001,.dataservices,8248320,6045696,0,91533312,0,0,4]
02-14 14:35:31.819 I/am_pss ( 1257): [2140,1000,com.thundercomm.microservice,8983552,6819840,0,92831744,0,0,5]
02-14 14:35:31.826 I/am_pss ( 1257): [2109,1000,com.thundercomm.gamemode,29455360,24408064,0,131952640,0,0,6]
02-14 14:35:31.839 I/am_pss ( 1257): [2009,10080,com.android.systemui,158839808,143867904,0,303628288,0,0,12]
02-14 14:35:31.858 I/am_pss ( 1257): [1257,1000,system,208117760,126390272,0,505761792,0,0,18]
02-14 14:35:57.489 I/am_freeze( 1257): [3601,com.android.permissioncontroller]
02-14 14:35:57.491 I/am_kill ( 1257): [0,3601,com.android.permissioncontroller,935,Unable to freeze binder interface]
02-14 14:35:57.519 I/am_proc_died( 1257): [0,3601,com.android.permissioncontroller,935,19]
02-14 14:35:57.520 I/am_uid_stopped( 1257): 10092
02-14 14:35:57.530 I/am_pss ( 1257): [2896,10093,com.android.providers.media.module,26027008,21241856,0,128823296,0,0,8]
02-14 14:35:57.536 I/am_pss ( 1257): [2890,10075,com.qualcomm.location,10835968,7675904,0,101675008,0,0,5]
02-14 14:37:18.734 I/sysui_multi_action( 1257): [757,1696,758,6,759,2]
02-14 14:37:18.736 I/am_wtf ( 1257): [0,1257,system_server,-1,DisplayDeviceConfig,requesting nits when no mapping exists.]
02-14 14:37:18.743 I/am_wtf ( 1257): [0,1257,system_server,-1,DisplayDeviceConfig,requesting nits when no mapping exists.]
02-14 14:37:25.737 I/sysui_multi_action( 1257): [757,222,758,1]
02-14 14:37:25.740 I/am_uid_active( 1257): 10047
02-14 14:37:25.742 I/am_pss ( 1257): [2598,10079,com.android.launcher3,93286400,84987904,0,215449600,0,2,14]
02-14 14:37:25.757 I/wm_task_created( 1257): [18,-1]
02-14 14:37:25.761 I/wm_task_moved( 1257): [18,1,8]
02-14 14:37:25.761 I/wm_task_to_front( 1257): [0,18]
02-14 14:37:25.761 I/wm_create_task( 1257): [0,18]
02-14 14:37:25.761 I/wm_create_activity( 1257): [0,250279919,18,com.thundercomm.screensaver/android.service.dreams.DreamActivity,NULL,NULL,NULL,276824064]
02-14 14:37:25.761 I/wm_task_moved( 1257): [18,1,8]
02-14 14:37:25.762 I/wm_on_top_resumed_lost_called( 2598): [190679017,com.android.launcher3.uioverrides.QuickstepLauncher,topStateChangedWhenResumed]
02-14 14:37:25.763 I/wm_pause_activity( 1257): [0,190679017,com.android.launcher3/.uioverrides.QuickstepLauncher,userLeaving=true,pauseBackTasks]
02-14 14:37:25.764 I/wm_on_paused_called( 2598): [190679017,com.android.launcher3.uioverrides.QuickstepLauncher,performPause]
02-14 14:37:25.766 I/wm_add_to_stopping( 1257): [0,190679017,com.android.launcher3/.uioverrides.QuickstepLauncher,makeInvisible]
02-14 14:37:25.766 I/wm_restart_activity( 1257): [0,250279919,18,com.thundercomm.screensaver/android.service.dreams.DreamActivity]
02-14 14:37:25.767 I/wm_set_resumed_activity( 1257): [0,com.thundercomm.screensaver/android.service.dreams.DreamActivity,minimalResumeActivityLocked]
02-14 14:37:25.772 I/sysui_multi_action( 1257): [757,803,799,window_time_0,802,299]
02-14 14:37:25.773 I/wm_on_create_called( 4042): [250279919,android.service.dreams.DreamActivity,performCreate]
02-14 14:37:25.774 I/wm_on_start_called( 4042): [250279919,android.service.dreams.DreamActivity,handleStartActivity]
02-14 14:37:25.774 I/wm_on_resume_called( 4042): [250279919,android.service.dreams.DreamActivity,RESUME_ACTIVITY]
02-14 14:37:25.774 I/am_uid_active( 1257): 10066
02-14 14:37:25.776 I/wm_on_top_resumed_gained_called( 4042): [250279919,android.service.dreams.DreamActivity,topStateChangedWhenResumed]
02-14 14:37:25.781 I/input_focus( 1257): [Focus leaving eca6b19 com.android.launcher3/com.android.launcher3.uioverrides.QuickstepLauncher (server),reason=NO_WINDOW]
02-14 14:37:25.794 I/input_focus( 1257): [Focus request 699240b com.thundercomm.screensaver/android.service.dreams.DreamActivity,reason=UpdateInputWindows]
02-14 14:37:25.795 I/am_wtf ( 1257): [0,2009,com.android.systemui,818462221,KeyguardBouncer,onFullyShown when view was null]
02-14 14:37:25.799 I/sysui_multi_action( 2009): [757,196,758,2,759,0]
02-14 14:37:25.799 I/sysui_status_bar_state( 2009): [0,0,1,0,0,1]
02-14 14:37:25.807 I/sysui_multi_action( 1257): [319,52,322,52,325,769,757,761,758,8,759,2,806,com.thundercomm.screensaver,871,android.service.dreams.DreamActivity,904,com.thundercomm.screensaver,905,0,1320,4,1321,2]
02-14 14:37:25.808 I/wm_activity_launch_time( 1257): [0,250279919,com.thundercomm.screensaver/android.service.dreams.DreamActivity,52]
02-14 14:37:25.808 I/sysui_multi_action( 1257): [757,1696,758,6,759,3]
02-14 14:37:25.814 I/am_wtf ( 1257): [0,1257,system_server,-1,DisplayDeviceConfig,requesting nits when no mapping exists.]
02-14 14:37:25.815 I/am_wtf ( 1257): [0,1257,system_server,-1,DisplayDeviceConfig,requesting nits when no mapping exists.]
02-14 14:37:25.815 I/input_focus( 1257): [Focus entering 699240b com.thundercomm.screensaver/android.service.dreams.DreamActivity (server),reason=setFocusedWindow]
02-14 14:37:25.830 I/am_wtf ( 1257): [0,1257,system_server,-1,DisplayDeviceConfig,requesting nits when no mapping exists.]
02-14 14:37:25.831 I/am_wtf ( 1257): [0,1257,system_server,-1,DisplayDeviceConfig,requesting nits when no mapping exists.]
02-14 14:37:25.847 I/am_wtf ( 1257): [0,1257,system_server,-1,DisplayDeviceConfig,requesting nits when no mapping exists.]
02-14 14:37:25.847 I/am_wtf ( 1257): [0,1257,system_server,-1,DisplayDeviceConfig,requesting nits when no mapping exists.]
02-14 14:37:25.864 I/am_wtf ( 1257): [0,1257,system_server,-1,DisplayDeviceConfig,requesting nits when no mapping exists.]
02-14 14:37:25.864 I/am_wtf ( 1257): [0,1257,system_server,-1,DisplayDeviceConfig,requesting nits when no mapping exists.]
02-14 14:37:25.881 I/am_wtf ( 1257): [0,1257,system_server,-1,DisplayDeviceConfig,requesting nits when no mapping exists.]
02-14 14:37:25.881 I/am_wtf ( 1257): [0,1257,system_server,-1,DisplayDeviceConfig,requesting nits when no mapping exists.]
02-14 14:37:25.897 I/am_wtf ( 1257): [0,1257,system_server,-1,DisplayDeviceConfig,requesting nits when no mapping exists.]
02-14 14:37:25.898 I/am_wtf ( 1257): [0,1257,system_server,-1,DisplayDeviceConfig,requesting nits when no mapping exists.]
02-14 14:37:25.914 I/am_wtf ( 1257): [0,1257,system_server,-1,DisplayDeviceConfig,requesting nits when no mapping exists.]
02-14 14:37:25.914 I/am_wtf ( 1257): [0,1257,system_server,-1,DisplayDeviceConfig,requesting nits when no mapping exists.]
02-14 14:37:25.931 I/am_wtf ( 1257): [0,1257,system_server,-1,DisplayDeviceConfig,requesting nits when no mapping exists.]
02-14 14:37:25.932 I/am_wtf ( 1257): [0,1257,system_server,-1,DisplayDeviceConfig,requesting nits when no mapping exists.]
02-14 14:37:25.947 I/am_wtf ( 1257): [0,1257,system_server,-1,DisplayDeviceConfig,requesting nits when no mapping exists.]
02-14 14:37:25.948 I/am_wtf ( 1257): [0,1257,system_server,-1,DisplayDeviceConfig,requesting nits when no mapping exists.]
02-14 14:37:25.964 I/am_wtf ( 1257): [0,1257,system_server,-1,DisplayDeviceConfig,requesting nits when no mapping exists.]
02-14 14:37:25.964 I/am_wtf ( 1257): [0,1257,system_server,-1,DisplayDeviceConfig,requesting nits when no mapping exists.]
02-14 14:37:25.982 I/am_wtf ( 1257): [0,1257,system_server,-1,DisplayDeviceConfig,requesting nits when no mapping exists.]
02-14 14:37:25.982 I/am_wtf ( 1257): [0,1257,system_server,-1,DisplayDeviceConfig,requesting nits when no mapping exists.]
02-14 14:37:25.999 I/am_wtf ( 1257): [0,1257,system_server,-1,DisplayDeviceConfig,requesting nits when no mapping exists.]
02-14 14:37:25.999 I/am_wtf ( 1257): [0,1257,system_server,-1,DisplayDeviceConfig,requesting nits when no mapping exists.]
02-14 14:37:26.014 I/am_wtf ( 1257): [0,1257,system_server,-1,DisplayDeviceConfig,requesting nits when no mapping exists.]
02-14 14:37:26.015 I/am_wtf ( 1257): [0,1257,system_server,-1,DisplayDeviceConfig,requesting nits when no mapping exists.]
02-14 14:37:26.031 I/am_wtf ( 1257): [0,1257,system_server,-1,DisplayDeviceConfig,requesting nits when no mapping exists.]
02-14 14:37:26.032 I/am_wtf ( 1257): [0,1257,system_server,-1,DisplayDeviceConfig,requesting nits when no mapping exists.]
02-14 14:37:26.049 I/am_wtf ( 1257): [0,1257,system_server,-1,DisplayDeviceConfig,requesting nits when no mapping exists.]
02-14 14:37:26.049 I/am_wtf ( 1257): [0,1257,system_server,-1,DisplayDeviceConfig,requesting nits when no mapping exists.]
02-14 14:37:26.065 I/am_wtf ( 1257): [0,1257,system_server,-1,DisplayDeviceConfig,requesting nits when no mapping exists.]
02-14 14:37:26.065 I/am_wtf ( 1257): [0,1257,system_server,-1,DisplayDeviceConfig,requesting nits when no mapping exists.]
02-14 14:37:26.082 I/am_wtf ( 1257): [0,1257,system_server,-1,DisplayDeviceConfig,requesting nits when no mapping exists.]
02-14 14:37:26.082 I/am_wtf ( 1257): [0,1257,system_server,-1,DisplayDeviceConfig,requesting nits when no mapping exists.]
02-14 14:37:26.099 I/am_wtf ( 1257): [0,1257,system_server,-1,DisplayDeviceConfig,requesting nits when no mapping exists.]
02-14 14:37:26.099 I/am_wtf ( 1257): [0,1257,system_server,-1,DisplayDeviceConfig,requesting nits when no mapping exists.]
02-14 14:37:26.099 I/wm_stop_activity( 1257): [0,190679017,com.android.launcher3/.uioverrides.QuickstepLauncher]
02-14 14:37:26.116 I/am_wtf ( 1257): [0,1257,system_server,-1,DisplayDeviceConfig,requesting nits when no mapping exists.]
02-14 14:37:26.117 I/am_wtf ( 1257): [0,1257,system_server,-1,DisplayDeviceConfig,requesting nits when no mapping exists.]
02-14 14:37:26.118 I/wm_on_stop_called( 2598): [190679017,com.android.launcher3.uioverrides.QuickstepLauncher,STOP_ACTIVITY_ITEM]
02-14 14:37:26.132 I/am_wtf ( 1257): [0,1257,system_server,-1,DisplayDeviceConfig,requesting nits when no mapping exists.]
02-14 14:37:26.132 I/am_wtf ( 1257): [0,1257,system_server,-1,DisplayDeviceConfig,requesting nits when no mapping exists.]
02-14 14:37:26.148 I/am_wtf ( 1257): [0,1257,system_server,-1,DisplayDeviceConfig,requesting nits when no mapping exists.]
02-14 14:37:26.149 I/am_wtf ( 1257): [0,1257,system_server,-1,DisplayDeviceConfig,requesting nits when no mapping exists.]
02-14 14:37:26.165 I/am_wtf ( 1257): [0,1257,system_server,-1,DisplayDeviceConfig,requesting nits when no mapping exists.]
02-14 14:37:26.165 I/am_wtf ( 1257): [0,1257,system_server,-1,DisplayDeviceConfig,requesting nits when no mapping exists.]
02-14 14:37:26.182 I/am_wtf ( 1257): [0,1257,system_server,-1,DisplayDeviceConfig,requesting nits when no mapping exists.]
02-14 14:37:26.183 I/am_wtf ( 1257): [0,1257,system_server,-1,DisplayDeviceConfig,requesting nits when no mapping exists.]
02-14 14:37:26.199 I/am_wtf ( 1257): [0,1257,system_server,-1,DisplayDeviceConfig,requesting nits when no mapping exists.]
02-14 14:37:26.199 I/am_wtf ( 1257): [0,1257,system_server,-1,DisplayDeviceConfig,requesting nits when no mapping exists.]
02-14 14:37:26.215 I/am_wtf ( 1257): [0,1257,system_server,-1,DisplayDeviceConfig,requesting nits when no mapping exists.]
02-14 14:37:26.216 I/am_wtf ( 1257): [0,1257,system_server,-1,DisplayDeviceConfig,requesting nits when no mapping exists.]
02-14 14:37:26.232 I/am_wtf ( 1257): [0,1257,system_server,-1,DisplayDeviceConfig,requesting nits when no mapping exists.]
02-14 14:37:26.232 I/am_wtf ( 1257): [0,1257,system_server,-1,DisplayDeviceConfig,requesting nits when no mapping exists.]
02-14 14:37:26.249 I/am_wtf ( 1257): [0,1257,system_server,-1,DisplayDeviceConfig,requesting nits when no mapping exists.]
02-14 14:37:26.249 I/am_wtf ( 1257): [0,1257,system_server,-1,DisplayDeviceConfig,requesting nits when no mapping exists.]
02-14 14:37:26.265 I/am_wtf ( 1257): [0,1257,system_server,-1,DisplayDeviceConfig,requesting nits when no mapping exists.]
02-14 14:37:26.265 I/am_wtf ( 1257): [0,1257,system_server,-1,DisplayDeviceConfig,requesting nits when no mapping exists.]
02-14 14:37:26.282 I/am_wtf ( 1257): [0,1257,system_server,-1,DisplayDeviceConfig,requesting nits when no mapping exists.]
02-14 14:37:26.283 I/am_wtf ( 1257): [0,1257,system_server,-1,DisplayDeviceConfig,requesting nits when no mapping exists.]
02-14 14:37:26.298 I/am_wtf ( 1257): [0,1257,system_server,-1,DisplayDeviceConfig,requesting nits when no mapping exists.]
02-14 14:37:26.299 I/am_wtf ( 1257): [0,1257,system_server,-1,DisplayDeviceConfig,requesting nits when no mapping exists.]
02-14 14:37:26.316 I/am_wtf ( 1257): [0,1257,system_server,-1,DisplayDeviceConfig,requesting nits when no mapping exists.]
02-14 14:37:26.316 I/am_wtf ( 1257): [0,1257,system_server,-1,DisplayDeviceConfig,requesting nits when no mapping exists.]
02-14 14:37:26.332 I/am_wtf ( 1257): [0,1257,system_server,-1,DisplayDeviceConfig,requesting nits when no mapping exists.]
02-14 14:37:26.332 I/am_wtf ( 1257): [0,1257,system_server,-1,DisplayDeviceConfig,requesting nits when no mapping exists.]
02-14 14:37:26.349 I/am_wtf ( 1257): [0,1257,system_server,-1,DisplayDeviceConfig,requesting nits when no mapping exists.]
02-14 14:37:26.349 I/am_wtf ( 1257): [0,1257,system_server,-1,DisplayDeviceConfig,requesting nits when no mapping exists.]
02-14 14:37:26.365 I/am_wtf ( 1257): [0,1257,system_server,-1,DisplayDeviceConfig,requesting nits when no mapping exists.]
02-14 14:37:26.366 I/am_wtf ( 1257): [0,1257,system_server,-1,DisplayDeviceConfig,requesting nits when no mapping exists.]
02-14 14:37:26.382 I/am_wtf ( 1257): [0,1257,system_server,-1,DisplayDeviceConfig,requesting nits when no mapping exists.]
02-14 14:37:26.382 I/am_wtf ( 1257): [0,1257,system_server,-1,DisplayDeviceConfig,requesting nits when no mapping exists.]
02-14 14:37:26.399 I/am_wtf ( 1257): [0,1257,system_server,-1,DisplayDeviceConfig,requesting nits when no mapping exists.]
02-14 14:37:26.400 I/am_wtf ( 1257): [0,1257,system_server,-1,DisplayDeviceConfig,requesting nits when no mapping exists.]
02-14 14:37:26.416 I/am_wtf ( 1257): [0,1257,system_server,-1,DisplayDeviceConfig,requesting nits when no mapping exists.]
02-14 14:37:26.416 I/am_wtf ( 1257): [0,1257,system_server,-1,DisplayDeviceConfig,requesting nits when no mapping exists.]
02-14 14:37:26.433 I/am_wtf ( 1257): [0,1257,system_server,-1,DisplayDeviceConfig,requesting nits when no mapping exists.]
02-14 14:37:26.433 I/am_wtf ( 1257): [0,1257,system_server,-1,DisplayDeviceConfig,requesting nits when no mapping exists.]
02-14 14:37:26.449 I/am_wtf ( 1257): [0,1257,system_server,-1,DisplayDeviceConfig,requesting nits when no mapping exists.]
02-14 14:37:26.450 I/am_wtf ( 1257): [0,1257,system_server,-1,DisplayDeviceConfig,requesting nits when no mapping exists.]
02-14 14:37:26.466 I/am_wtf ( 1257): [0,1257,system_server,-1,DisplayDeviceConfig,requesting nits when no mapping exists.]
02-14 14:37:26.466 I/am_wtf ( 1257): [0,1257,system_server,-1,DisplayDeviceConfig,requesting nits when no mapping exists.]
02-14 14:37:26.483 I/am_wtf ( 1257): [0,1257,system_server,-1,DisplayDeviceConfig,requesting nits when no mapping exists.]
02-14 14:37:26.483 I/am_wtf ( 1257): [0,1257,system_server,-1,DisplayDeviceConfig,requesting nits when no mapping exists.]
02-14 14:37:26.499 I/am_wtf ( 1257): [0,1257,system_server,-1,DisplayDeviceConfig,requesting nits when no mapping exists.]
02-14 14:37:26.500 I/am_wtf ( 1257): [0,1257,system_server,-1,DisplayDeviceConfig,requesting nits when no mapping exists.]
02-14 14:37:26.500 I/service_manager_stats( 1257): [100,22,300120]
02-14 14:37:26.516 I/am_wtf ( 1257): [0,1257,system_server,-1,DisplayDeviceConfig,requesting nits when no mapping exists.]
02-14 14:37:26.516 I/am_wtf ( 1257): [0,1257,system_server,-1,DisplayDeviceConfig,requesting nits when no mapping exists.]
02-14 14:37:26.533 I/am_wtf ( 1257): [0,1257,system_server,-1,DisplayDeviceConfig,requesting nits when no mapping exists.]
02-14 14:37:26.533 I/am_wtf ( 1257): [0,1257,system_server,-1,DisplayDeviceConfig,requesting nits when no mapping exists.]
02-14 14:37:26.550 I/am_wtf ( 1257): [0,1257,system_server,-1,DisplayDeviceConfig,requesting nits when no mapping exists.]
02-14 14:37:26.550 I/am_wtf ( 1257): [0,1257,system_server,-1,DisplayDeviceConfig,requesting nits when no mapping exists.]
02-14 14:37:26.566 I/am_wtf ( 1257): [0,1257,system_server,-1,DisplayDeviceConfig,requesting nits when no mapping exists.]
02-14 14:37:26.566 I/am_wtf ( 1257): [0,1257,system_server,-1,DisplayDeviceConfig,requesting nits when no mapping exists.]
02-14 14:37:26.583 I/am_wtf ( 1257): [0,1257,system_server,-1,DisplayDeviceConfig,requesting nits when no mapping exists.]
02-14 14:37:26.583 I/am_wtf ( 1257): [0,1257,system_server,-1,DisplayDeviceConfig,requesting nits when no mapping exists.]
02-14 14:37:26.599 I/am_wtf ( 1257): [0,1257,system_server,-1,DisplayDeviceConfig,requesting nits when no mapping exists.]
02-14 14:37:26.599 I/am_wtf ( 1257): [0,1257,system_server,-1,DisplayDeviceConfig,requesting nits when no mapping exists.]
02-14 14:37:26.616 I/am_wtf ( 1257): [0,1257,system_server,-1,DisplayDeviceConfig,requesting nits when no mapping exists.]
02-14 14:37:26.616 I/am_wtf ( 1257): [0,1257,system_server,-1,DisplayDeviceConfig,requesting nits when no mapping exists.]
02-14 14:37:26.633 I/am_wtf ( 1257): [0,1257,system_server,-1,DisplayDeviceConfig,requesting nits when no mapping exists.]
02-14 14:37:26.633 I/am_wtf ( 1257): [0,1257,system_server,-1,DisplayDeviceConfig,requesting nits when no mapping exists.]
02-14 14:37:26.649 I/am_wtf ( 1257): [0,1257,system_server,-1,DisplayDeviceConfig,requesting nits when no mapping exists.]
02-14 14:37:26.650 I/am_wtf ( 1257): [0,1257,system_server,-1,DisplayDeviceConfig,requesting nits when no mapping exists.]
02-14 14:37:26.666 I/am_wtf ( 1257): [0,1257,system_server,-1,DisplayDeviceConfig,requesting nits when no mapping exists.]
02-14 14:37:26.666 I/am_wtf ( 1257): [0,1257,system_server,-1,DisplayDeviceConfig,requesting nits when no mapping exists.]
02-14 14:37:26.683 I/am_wtf ( 1257): [0,1257,system_server,-1,DisplayDeviceConfig,requesting nits when no mapping exists.]
02-14 14:37:26.683 I/am_wtf ( 1257): [0,1257,system_server,-1,DisplayDeviceConfig,requesting nits when no mapping exists.]
02-14 14:37:26.699 I/am_wtf ( 1257): [0,1257,system_server,-1,DisplayDeviceConfig,requesting nits when no mapping exists.]
02-14 14:37:26.700 I/am_wtf ( 1257): [0,1257,system_server,-1,DisplayDeviceConfig,requesting nits when no mapping exists.]
02-14 14:37:26.716 I/am_wtf ( 1257): [0,1257,system_server,-1,DisplayDeviceConfig,requesting nits when no mapping exists.]
02-14 14:37:26.716 I/am_wtf ( 1257): [0,1257,system_server,-1,DisplayDeviceConfig,requesting nits when no mapping exists.]
02-14 14:37:26.733 I/am_wtf ( 1257): [0,1257,system_server,-1,DisplayDeviceConfig,requesting nits when no mapping exists.]
02-14 14:37:26.733 I/am_wtf ( 1257): [0,1257,system_server,-1,DisplayDeviceConfig,requesting nits when no mapping exists.]
02-14 14:37:26.750 I/am_wtf ( 1257): [0,1257,system_server,-1,DisplayDeviceConfig,requesting nits when no mapping exists.]
02-14 14:37:26.750 I/am_wtf ( 1257): [0,1257,system_server,-1,DisplayDeviceConfig,requesting nits when no mapping exists.]
02-14 14:37:26.766 I/am_wtf ( 1257): [0,1257,system_server,-1,DisplayDeviceConfig,requesting nits when no mapping exists.]
02-14 14:37:26.766 I/am_wtf ( 1257): [0,1257,system_server,-1,DisplayDeviceConfig,requesting nits when no mapping exists.]
02-14 14:38:32.197 I/am_uid_idle( 1257): 10066
02-14 14:39:05.924 I/am_freeze( 1257): [2555,com.qualcomm.qti.qccauthmgr]
02-14 14:39:05.926 I/am_kill ( 1257): [0,2555,com.qualcomm.qti.qccauthmgr,905,Unable to freeze binder interface]
02-14 14:39:05.955 I/am_proc_died( 1257): [0,2555,com.qualcomm.qti.qccauthmgr,905,19]
02-14 14:39:05.956 I/am_uid_stopped( 1257): 10082
02-14 14:39:05.975 I/am_pss ( 1257): [4042,10047,com.thundercomm.screensaver,212172800,202862592,0,333627392,0,2,17]
02-14 14:39:05.984 I/am_pss ( 1257): [3901,10031,com.baidu.input,67360768,61902848,0,171429888,0,7,8]
02-14 14:39:05.990 I/am_pss ( 1257): [3638,2000,com.android.shell,12710912,3080192,8253440,59129856,0,19,6]
02-14 14:39:05.995 I/am_pss ( 1257): [3586,10021,com.android.packageinstaller,13941760,4485120,8182784,58585088,0,19,4]
02-14 14:39:06.000 I/am_pss ( 1257): [3523,10030,com.android.managedprovisioning,15606784,5808128,8432640,61583360,0,19,4]
02-14 14:39:06.006 I/am_pss ( 1257): [2879,10081,com.qualcomm.qti.workloadclassifier,9481216,7086080,0,94257152,0,0,5]
02-14 14:39:06.011 I/am_pss ( 1257): [2868,10084,com.qualcomm.qti.qccnetstat,6561792,4345856,0,89051136,0,0,4]
02-14 14:39:06.016 I/am_pss ( 1257): [2848,10072,com.qualcomm.qti.services.systemhelper:systemhelper_service,6740992,4468736,0,90816512,0,0,4]
02-14 14:39:06.021 I/am_pss ( 1257): [2813,10055,.pasr,5767168,3633152,0,86994944,0,0,4]
02-14 14:39:06.027 I/am_pss ( 1257): [2789,1000,com.hryt.hiphishowfsecontrol,14258176,11694080,0,102449152,0,0,5]
02-14 14:39:06.034 I/am_pss ( 1257): [2772,10083,com.hht.lebocast,37998592,16936960,0,105144320,0,0,7]
02-14 14:39:06.039 I/am_pss ( 1257): [2776,10057,ts.car.uart,6405120,4280320,0,87859200,0,0,4]
02-14 14:39:06.045 I/am_pss ( 1257): [3203,10062,com.qualcomm.qti.devicestatisticsservice,5729280,3600384,0,86777856,0,0,5]
02-14 14:41:47.912 I/input_interaction( 1257): Interaction with: 699240b com.thundercomm.screensaver/android.service.dreams.DreamActivity (server), edge-swipe (server), swipe-up (server), PointerEventDispatcher0 (server),
02-14 14:41:47.916 I/wm_finish_activity( 1257): [0,250279919,18,com.thundercomm.screensaver/android.service.dreams.DreamActivity,finish-activity]
02-14 14:41:47.916 I/wm_task_moved( 1257): [12,1,7]
02-14 14:41:47.917 I/wm_task_moved( 1257): [13,1,2147483647]
02-14 14:41:47.918 I/wm_task_to_front( 1257): [0,13]
02-14 14:41:47.918 I/wm_focused_root_task( 1257): [0,0,12,18,finish-top adjustFocusToNextFocusableTask]
02-14 14:41:47.918 I/wm_set_resumed_activity( 1257): [0,com.android.launcher3/.uioverrides.QuickstepLauncher,finish-top adjustFocusToNextFocusableTask]
02-14 14:41:47.919 I/wm_pause_activity( 1257): [0,250279919,com.thundercomm.screensaver/android.service.dreams.DreamActivity,userLeaving=false,finish]
02-14 14:41:47.925 I/sysui_multi_action( 1257): [757,803,799,window_time_0,802,262]
02-14 14:41:47.928 I/wm_on_top_resumed_lost_called( 4042): [250279919,android.service.dreams.DreamActivity,topStateChangedWhenResumed]
02-14 14:41:47.928 I/wm_on_paused_called( 4042): [250279919,android.service.dreams.DreamActivity,performPause]
02-14 14:41:47.929 I/wm_add_to_stopping( 1257): [0,250279919,com.thundercomm.screensaver/android.service.dreams.DreamActivity,completeFinishing]
02-14 14:41:47.932 I/wm_set_resumed_activity( 1257): [0,com.android.launcher3/.uioverrides.QuickstepLauncher,resumeTopActivityInnerLocked]
02-14 14:41:47.933 I/wm_resume_activity( 1257): [0,190679017,13,com.android.launcher3/.uioverrides.QuickstepLauncher]
02-14 14:41:47.944 I/sysui_multi_action( 1257): [757,803,799,window_time_0,802,0]
02-14 14:41:47.947 I/wm_on_restart_called( 2598): [190679017,com.android.launcher3.uioverrides.QuickstepLauncher,performRestartActivity]
02-14 14:41:47.947 I/wm_on_start_called( 2598): [190679017,com.android.launcher3.uioverrides.QuickstepLauncher,handleStartActivity]
02-14 14:41:47.948 I/wm_on_resume_called( 2598): [190679017,com.android.launcher3.uioverrides.QuickstepLauncher,RESUME_ACTIVITY]
02-14 14:41:47.948 I/wm_on_top_resumed_gained_called( 2598): [190679017,com.android.launcher3.uioverrides.QuickstepLauncher,topWhenResuming]
02-14 14:41:47.954 I/view_enqueue_input_event( 4042): [Motion - Cancel,com.thundercomm.screensaver/android.service.dreams.DreamActivity]
02-14 14:41:47.954 I/input_focus( 1257): [Focus leaving 699240b com.thundercomm.screensaver/android.service.dreams.DreamActivity (server),reason=NO_WINDOW]
02-14 14:41:47.954 I/input_interaction( 1257): Interaction with: edge-swipe (server), swipe-up (server), PointerEventDispatcher0 (server),
02-14 14:41:47.959 I/input_focus( 1257): [Focus request eca6b19 com.android.launcher3/com.android.launcher3.uioverrides.QuickstepLauncher,reason=UpdateInputWindows]
02-14 14:41:47.960 I/am_uid_active( 1257): 10066
02-14 14:41:47.979 I/input_focus( 1257): [Focus entering eca6b19 com.android.launcher3/com.android.launcher3.uioverrides.QuickstepLauncher (server),reason=setFocusedWindow]
02-14 14:41:48.216 I/wm_destroy_activity( 1257): [0,250279919,18,com.thundercomm.screensaver/android.service.dreams.DreamActivity,finish-imm:idle]
02-14 14:41:48.248 I/wm_on_stop_called( 4042): [250279919,android.service.dreams.DreamActivity,LIFECYCLER_STOP_ACTIVITY]
02-14 14:41:48.249 I/wm_on_destroy_called( 4042): [250279919,android.service.dreams.DreamActivity,performDestroy]
02-14 14:41:48.253 I/sysui_multi_action( 1257): [757,222,758,2]
02-14 14:41:48.253 I/sysui_multi_action( 1257): [757,804,799,dreaming_minutes,801,4,802,1]
02-14 14:41:48.259 I/wm_task_removed( 1257): [18,removeChild:removeChild last r=ActivityRecord{eeaf7ef u0 com.thundercomm.screensaver/android.service.dreams.DreamActivity t-1 f}} in t=Task{b403bc4 #18 type=dream A=10047:android:com.thundercomm.screensaver/dream U=0 visible=false mode=fullscreen translucent=true sz=0}]
02-14 14:41:48.259 I/wm_task_removed( 1257): [18,removeChild]
02-14 14:41:49.781 I/input_interaction( 1257): Interaction with: eca6b19 com.android.launcher3/com.android.launcher3.uioverrides.QuickstepLauncher (server), 68d96d6 com.android.systemui.ImageWallpaper (server), edge-swipe (server), swipe-up (server), PointerEventDispatcher0 (server),
02-14 14:41:49.959 I/wm_task_moved( 1257): [14,1,7]
02-14 14:41:49.959 I/wm_task_to_front( 1257): [0,14]
02-14 14:41:49.959 I/wm_focused_root_task( 1257): [0,0,14,12,bringingFoundTaskToFront]
02-14 14:41:49.960 I/wm_set_resumed_activity( 1257): [0,com.android.settings/.Settings,bringingFoundTaskToFront]
02-14 14:41:49.960 I/wm_new_intent( 1257): [0,231479723,14,com.android.settings/.Settings,android.intent.action.MAIN,NULL,NULL,270532608]
02-14 14:41:49.963 I/wm_pause_activity( 1257): [0,190679017,com.android.launcher3/.uioverrides.QuickstepLauncher,userLeaving=true,pauseBackTasks]
02-14 14:41:49.969 I/wm_on_top_resumed_lost_called( 2598): [190679017,com.android.launcher3.uioverrides.QuickstepLauncher,topStateChangedWhenResumed]
02-14 14:41:49.974 I/wm_on_paused_called( 2598): [190679017,com.android.launcher3.uioverrides.QuickstepLauncher,performPause]
02-14 14:41:49.977 I/wm_set_resumed_activity( 1257): [0,com.android.settings/.Settings,resumeTopActivityInnerLocked]
02-14 14:41:49.978 I/wm_add_to_stopping( 1257): [0,190679017,com.android.launcher3/.uioverrides.QuickstepLauncher,makeInvisible]
02-14 14:41:49.980 I/wm_resume_activity( 1257): [0,231479723,14,com.android.settings/.Settings]
02-14 14:41:49.985 I/sysui_multi_action( 1257): [757,803,799,window_time_0,802,2]
02-14 14:41:49.994 I/wm_on_restart_called( 2429): [231479723,com.android.settings.Settings,performRestartActivity]
02-14 14:41:49.996 I/wm_on_start_called( 2429): [231479723,com.android.settings.Settings,handleStartActivity]
02-14 14:41:49.996 I/snet_event_log( 2429): [120484087,-1,]
02-14 14:41:49.997 I/wm_on_resume_called( 2429): [231479723,com.android.settings.Settings,RESUME_ACTIVITY]
02-14 14:41:49.998 I/sysui_multi_action( 2429): [757,35,758,1,833,0,1089,0]
02-14 14:41:50.001 I/input_focus( 1257): [Focus leaving eca6b19 com.android.launcher3/com.android.launcher3.uioverrides.QuickstepLauncher (server),reason=NO_WINDOW]
02-14 14:41:50.002 I/sysui_multi_action( 2429): [757,47,758,1,833,0,1089,0]
02-14 14:41:50.011 I/wm_on_top_resumed_gained_called( 2429): [231479723,com.android.settings.Settings,topWhenResuming]
02-14 14:41:50.017 I/input_focus( 1257): [Focus request 3aa456f com.android.settings/com.android.settings.Settings,reason=UpdateInputWindows]
02-14 14:41:50.035 I/input_focus( 1257): [Focus entering 3aa456f com.android.settings/com.android.settings.Settings (server),reason=setFocusedWindow]
02-14 14:41:50.035 I/sysui_multi_action( 1257): [319,32,321,29,322,72,325,1033,757,761,758,9,759,4,806,com.android.settings,871,com.android.settings.Settings,904,com.android.launcher3,905,0,1320,4,1321,1]
02-14 14:41:50.040 I/auditd ( 568): type=1400 audit(0.0:596): avc: denied { read } for comm="Binder:568_2" name="wakeup58" dev="sysfs" ino=71818 scontext=u:r:system_suspend:s0 tcontext=u:object_r:sysfs:s0 tclass=dir permissive=0
02-14 14:41:50.044 I/auditd ( 568): type=1400 audit(0.0:597): avc: denied { read } for comm="Binder:568_2" name="wakeup4" dev="sysfs" ino=47054 scontext=u:r:system_suspend:s0 tcontext=u:object_r:sysfs:s0 tclass=dir permissive=0
02-14 14:41:50.044 I/auditd ( 568): type=1400 audit(0.0:598): avc: denied { read } for comm="Binder:568_2" name="wakeup76" dev="sysfs" ino=76746 scontext=u:r:system_suspend:s0 tcontext=u:object_r:sysfs:s0 tclass=dir permissive=0
02-14 14:41:50.044 I/auditd ( 568): type=1400 audit(0.0:599): avc: denied { read } for comm="Binder:568_2" name="wakeup28" dev="sysfs" ino=53259 scontext=u:r:system_suspend:s0 tcontext=u:object_r:sysfs:s0 tclass=dir permissive=0
02-14 14:41:50.044 I/auditd ( 568): type=1400 audit(0.0:600): avc: denied { read } for comm="Binder:568_2" name="wakeup56" dev="sysfs" ino=71746 scontext=u:r:system_suspend:s0 tcontext=u:object_r:sysfs:s0 tclass=dir permissive=0
02-14 14:41:50.523 I/wm_stop_activity( 1257): [0,190679017,com.android.launcher3/.uioverrides.QuickstepLauncher]
02-14 14:41:50.543 I/wm_on_stop_called( 2598): [190679017,com.android.launcher3.uioverrides.QuickstepLauncher,STOP_ACTIVITY_ITEM]
02-14 14:41:50.862 I/input_interaction( 1257): Interaction with: 3aa456f com.android.settings/com.android.settings.Settings (server), edge-swipe (server), swipe-up (server), PointerEventDispatcher0 (server),
02-14 14:41:52.468 I/wm_task_moved( 1257): [14,1,7]
02-14 14:41:52.468 I/wm_set_resumed_activity( 1257): [0,com.android.settings/.Settings,positionChildAt]
02-14 14:41:52.468 I/wm_create_activity( 1257): [0,185885451,14,com.thundercomm.screensaver/.ui.page.MainActivity,NULL,NULL,NULL,0]
02-14 14:41:52.469 I/wm_pause_activity( 1257): [0,231479723,com.android.settings/.Settings,userLeaving=true,resumeTopActivityInnerLocked]
02-14 14:41:52.471 I/sysui_multi_action( 2429): [757,830,758,4,833,0,854,current_screensaver,1089,0]
02-14 14:41:52.471 I/wm_on_top_resumed_lost_called( 2429): [231479723,com.android.settings.Settings,topStateChangedWhenResumed]
02-14 14:41:52.472 I/sysui_multi_action( 2429): [757,35,758,2,1089,2475]
02-14 14:41:52.473 I/sysui_multi_action( 2429): [757,47,758,2,1089,2471]
02-14 14:41:52.473 I/wm_on_paused_called( 2429): [231479723,com.android.settings.Settings,performPause]
02-14 14:41:52.474 I/wm_add_to_stopping( 1257): [0,231479723,com.android.settings/.Settings,makeInvisible]
02-14 14:41:52.475 I/wm_restart_activity( 1257): [0,185885451,14,com.thundercomm.screensaver/.ui.page.MainActivity]
02-14 14:41:52.475 I/wm_set_resumed_activity( 1257): [0,com.thundercomm.screensaver/.ui.page.MainActivity,minimalResumeActivityLocked]
02-14 14:41:52.478 I/sysui_multi_action( 1257): [757,803,799,window_time_0,802,3]
02-14 14:41:52.505 I/input_focus( 1257): [Focus leaving 3aa456f com.android.settings/com.android.settings.Settings (server),reason=NO_WINDOW]
02-14 14:41:52.545 I/wm_on_create_called( 4042): [185885451,com.thundercomm.screensaver.ui.page.MainActivity,performCreate]
02-14 14:41:52.555 I/wm_on_start_called( 4042): [185885451,com.thundercomm.screensaver.ui.page.MainActivity,handleStartActivity]
02-14 14:41:52.556 I/wm_on_resume_called( 4042): [185885451,com.thundercomm.screensaver.ui.page.MainActivity,RESUME_ACTIVITY]
02-14 14:41:52.558 I/wm_on_top_resumed_gained_called( 4042): [185885451,com.thundercomm.screensaver.ui.page.MainActivity,topStateChangedWhenResumed]
02-14 14:41:52.584 I/input_focus( 1257): [Focus request c76e332 com.thundercomm.screensaver/com.thundercomm.screensaver.ui.page.MainActivity,reason=UpdateInputWindows]
02-14 14:41:52.637 I/sysui_multi_action( 1257): [319,173,322,172,325,1036,757,761,758,8,759,2,806,com.thundercomm.screensaver,871,com.thundercomm.screensaver.ui.page.MainActivity,904,com.android.settings,905,0,1320,4,1321,2]
02-14 14:41:52.637 I/wm_activity_launch_time( 1257): [0,185885451,com.thundercomm.screensaver/.ui.page.MainActivity,172]
02-14 14:41:52.640 I/input_focus( 1257): [Focus entering c76e332 com.thundercomm.screensaver/com.thundercomm.screensaver.ui.page.MainActivity (server),reason=Window became focusable. Previous reason: NOT_VISIBLE]
02-14 14:41:53.031 I/wm_stop_activity( 1257): [0,231479723,com.android.settings/.Settings]
02-14 14:41:53.058 I/wm_on_stop_called( 2429): [231479723,com.android.settings.Settings,STOP_ACTIVITY_ITEM]
02-14 14:41:53.230 I/input_interaction( 1257): Interaction with: c76e332 com.thundercomm.screensaver/com.thundercomm.screensaver.ui.page.MainActivity (server), edge-swipe (server), swipe-up (server), PointerEventDispatcher0 (server),
02-14 14:42:54.254 I/am_uid_idle( 1257): 10066
02-14 14:43:28.793 I/input_focus( 1257): [Focus request fa101d com.thundercomm.screensaver/com.thundercomm.screensaver.ui.page.MainActivity,reason=UpdateInputWindows]
02-14 14:43:28.805 I/input_focus( 1257): [Focus leaving c76e332 com.thundercomm.screensaver/com.thundercomm.screensaver.ui.page.MainActivity (server),reason=Waiting for window because NOT_VISIBLE]
02-14 14:43:28.822 I/input_focus( 1257): [Focus entering fa101d com.thundercomm.screensaver/com.thundercomm.screensaver.ui.page.MainActivity (server),reason=Window became focusable. Previous reason: NOT_VISIBLE]
02-14 14:43:34.422 I/input_interaction( 1257): Interaction with: fa101d com.thundercomm.screensaver/com.thundercomm.screensaver.ui.page.MainActivity (server), edge-swipe (server), swipe-up (server), PointerEventDispatcher0 (server),
02-14 14:43:34.508 I/input_focus( 1257): [Focus request c76e332 com.thundercomm.screensaver/com.thundercomm.screensaver.ui.page.MainActivity,reason=UpdateInputWindows]
02-14 14:43:34.535 I/input_focus( 1257): [Focus entering c76e332 com.thundercomm.screensaver/com.thundercomm.screensaver.ui.page.MainActivity (server),reason=setFocusedWindow]
02-14 14:43:35.215 I/input_interaction( 1257): Interaction with: c76e332 com.thundercomm.screensaver/com.thundercomm.screensaver.ui.page.MainActivity (server), edge-swipe (server), swipe-up (server), PointerEventDispatcher0 (server),
02-14 14:43:35.357 I/input_focus( 1257): [Focus request d955b3e com.thundercomm.screensaver/com.thundercomm.screensaver.ui.page.MainActivity,reason=UpdateInputWindows]
02-14 14:43:35.371 I/input_focus( 1257): [Focus leaving c76e332 com.thundercomm.screensaver/com.thundercomm.screensaver.ui.page.MainActivity (server),reason=Waiting for window because NOT_VISIBLE]
02-14 14:43:35.387 I/input_focus( 1257): [Focus entering d955b3e com.thundercomm.screensaver/com.thundercomm.screensaver.ui.page.MainActivity (server),reason=Window became focusable. Previous reason: NOT_VISIBLE]
02-14 14:43:36.861 I/input_interaction( 1257): Interaction with: d955b3e com.thundercomm.screensaver/com.thundercomm.screensaver.ui.page.MainActivity (server), edge-swipe (server), swipe-up (server), PointerEventDispatcher0 (server),
02-14 14:43:37.033 I/input_focus( 1257): [Focus request c76e332 com.thundercomm.screensaver/com.thundercomm.screensaver.ui.page.MainActivity,reason=UpdateInputWindows]
02-14 14:43:37.059 I/input_focus( 1257): [Focus entering c76e332 com.thundercomm.screensaver/com.thundercomm.screensaver.ui.page.MainActivity (server),reason=setFocusedWindow]
02-14 14:43:57.422 I/input_interaction( 1257): Interaction with: c76e332 com.thundercomm.screensaver/com.thundercomm.screensaver.ui.page.MainActivity (server), edge-swipe (server), swipe-up (server), PointerEventDispatcher0 (server),
02-14 14:43:57.561 I/input_focus( 1257): [Focus request 1e3334c com.thundercomm.screensaver/com.thundercomm.screensaver.ui.page.MainActivity,reason=UpdateInputWindows]
02-14 14:43:57.574 I/input_focus( 1257): [Focus leaving c76e332 com.thundercomm.screensaver/com.thundercomm.screensaver.ui.page.MainActivity (server),reason=Waiting for window because NOT_VISIBLE]
02-14 14:43:57.590 I/input_focus( 1257): [Focus entering 1e3334c com.thundercomm.screensaver/com.thundercomm.screensaver.ui.page.MainActivity (server),reason=Window became focusable. Previous reason: NOT_VISIBLE]
02-14 14:45:56.232 I/input_interaction( 1257): Interaction with: 1e3334c com.thundercomm.screensaver/com.thundercomm.screensaver.ui.page.MainActivity (server), edge-swipe (server), swipe-up (server), PointerEventDispatcher0 (server),
02-14 14:45:56.403 I/input_focus( 1257): [Focus request c76e332 com.thundercomm.screensaver/com.thundercomm.screensaver.ui.page.MainActivity,reason=UpdateInputWindows]
02-14 14:45:56.425 I/input_focus( 1257): [Focus entering c76e332 com.thundercomm.screensaver/com.thundercomm.screensaver.ui.page.MainActivity (server),reason=setFocusedWindow]
