02-14 14:24:52.748 I/am_proc_start( 1257): [0,3543,10087,com.android.music,broadcast,{com.android.music/com.android.music.MediaPlaybackReceiver}]
02-14 14:24:52.760 I/am_proc_bound( 1257): [0,3543,com.android.music]
02-14 14:24:52.761 I/am_uid_active( 1257): 10087
02-14 14:24:52.766 I/sf_stop_bootanim( 981): 16484
02-14 14:24:52.773 I/input_focus( 1257): [Focus entering a70c7e2 com.android.systemui/com.android.systemui.usb.UsbDebuggingActivity (server),reason=setFocusedWindow]
02-14 14:24:52.796 I/am_uid_running( 1257): 10059
02-14 14:24:52.803 I/am_proc_start( 1257): [0,3566,10059,com.android.onetimeinitializer,broadcast,{com.android.onetimeinitializer/com.android.onetimeinitializer.OneTimeInitializerReceiver}]
02-14 14:24:52.816 I/am_proc_bound( 1257): [0,3566,com.android.onetimeinitializer]
02-14 14:24:52.818 I/am_uid_active( 1257): 10059
02-14 14:24:52.853 I/am_uid_running( 1257): 10021
02-14 14:24:52.859 I/am_proc_start( 1257): [0,3586,10021,com.android.packageinstaller,broadcast,{com.android.packageinstaller/com.android.packageinstaller.TemporaryFileManager}]
02-14 14:24:52.872 I/am_proc_bound( 1257): [0,3586,com.android.packageinstaller]
02-14 14:24:52.874 I/am_uid_active( 1257): 10021
02-14 14:24:52.905 I/am_uid_running( 1257): 10092
02-14 14:24:52.911 I/am_proc_start( 1257): [0,3601,10092,com.android.permissioncontroller,broadcast,{com.android.permissioncontroller/com.android.permissioncontroller.permission.service.LocationAccessCheck$SetupPeriodicBackgroundLocationAccessCheck}]
02-14 14:24:52.919 I/am_proc_bound( 1257): [0,3601,com.android.permissioncontroller]
02-14 14:24:52.922 I/am_uid_active( 1257): 10092
02-14 14:24:52.979 I/am_uid_running( 1257): 10022
02-14 14:24:52.984 I/am_proc_start( 1257): [0,3617,10022,com.android.providers.calendar,broadcast,{com.android.providers.calendar/com.android.providers.calendar.CalendarReceiver}]
02-14 14:24:52.993 I/am_proc_bound( 1257): [0,3617,com.android.providers.calendar]
02-14 14:24:52.995 I/am_uid_active( 1257): 10022
02-14 14:24:53.023 I/sysui_multi_action( 1257): [757,128,758,1,793,4183,794,0,795,4183,796,26,798,0,806,android,857,DEVELOPER_IMPORTANT,858,4,947,0,1395,2,1500,3741,1688,1]
02-14 14:24:53.023 I/sysui_multi_action( 1257): [757,804,799,note_freshness,801,4183,802,1]
02-14 14:24:53.023 I/notification_visibility( 1257): [-1|android|26|null|1000,1,4183,4183,0,0]
02-14 14:24:53.024 I/sysui_multi_action( 1257): [757,128,758,2,793,5047,794,500,795,5047,796,32,798,1,806,android,857,USB,858,1,947,0,1395,2,1500,4979,1688,1]
02-14 14:24:53.024 I/notification_visibility( 1257): [-1|android|32|null|1000,0,5047,5047,0,1]
02-14 14:24:53.077 I/am_uid_running( 1257): 2000
02-14 14:24:53.082 I/am_proc_start( 1257): [0,3638,2000,com.android.shell,broadcast,{com.android.shell/com.android.shell.HeapDumpReceiver}]
02-14 14:24:53.091 I/am_proc_bound( 1257): [0,3638,com.android.shell]
02-14 14:24:53.092 I/am_uid_active( 1257): 2000
02-14 14:24:53.131 I/am_uid_running( 1257): 10074
02-14 14:24:53.137 I/am_proc_start( 1257): [0,3655,10074,com.qti.ltebc,broadcast,{com.qti.ltebc/com.qualcomm.ltebc.LTEBroadcastBootReceiver}]
02-14 14:24:53.148 I/am_proc_bound( 1257): [0,3655,com.qti.ltebc]
02-14 14:24:53.150 I/am_uid_active( 1257): 10074
02-14 14:24:53.280 I/auditd ( 3694): type=1400 audit(0.0:282): avc: denied { read } for comm="cat" name="address" dev="sysfs" ino=61794 scontext=u:r:platform_app:s0:c512,c768 tcontext=u:object_r:sysfs:s0 tclass=file permissive=0 app=com.hht.lebocast
02-14 14:24:53.496 I/am_uid_running( 1257): 10058
02-14 14:24:53.499 I/am_proc_start( 1257): [0,3701,10058,com.qualcomm.qti.qms.service.connectionsecurity,broadcast,{com.qualcomm.qti.qms.service.connectionsecurity/com.qualcomm.qti.qms.service.connectionsecurity.ConnSecBroadcastReceiver}]
02-14 14:24:53.510 I/am_proc_died( 1257): [0,3655,com.qti.ltebc,905,19]
02-14 14:24:53.510 I/am_uid_stopped( 1257): 10074
02-14 14:24:53.511 I/am_uid_active( 1257): 10058
02-14 14:24:53.511 I/am_proc_bound( 1257): [0,3701,com.qualcomm.qti.qms.service.connectionsecurity]
02-14 14:24:53.564 I/am_uid_running( 1257): 10028
02-14 14:24:53.565 I/notification_enqueue( 1257): [1000,1257,android,17303299,com.android.wifi,0,Notification(channel=NETWORK_AVAILABLE shortcut=null contentView=null vibrate=null sound=null tick defaults=0x0 flags=0x100 color=0x00000000 actions=2 vis=PRIVATE),0]
02-14 14:24:53.569 I/am_proc_start( 1257): [0,3725,10028,com.android.externalstorage,broadcast,{com.android.externalstorage/com.android.externalstorage.MountReceiver}]
02-14 14:24:53.580 I/am_proc_bound( 1257): [0,3725,com.android.externalstorage]
02-14 14:24:53.618 I/am_uid_running( 1257): 10074
02-14 14:24:53.624 I/am_proc_start( 1257): [0,3745,10074,com.qti.ltebc,broadcast,{com.qti.ltebc/com.qualcomm.ltebc.LTEBroadcastReceiver}]
02-14 14:24:53.635 I/am_proc_bound( 1257): [0,3745,com.qti.ltebc]
02-14 14:24:53.637 I/am_uid_active( 1257): 10074
02-14 14:24:53.766 I/sysui_multi_action( 1257): [757,1501,758,1,793,200,794,0,795,200,796,17303299,797,com.android.wifi,806,android,857,NETWORK_AVAILABLE,858,2,947,0,1500,0,1688,1]
02-14 14:24:53.766 I/sysui_multi_action( 1257): [757,804,799,note_interruptive,801,0,802,1]
02-14 14:24:53.957 I/am_proc_died( 1257): [0,3745,com.qti.ltebc,0,11]
02-14 14:24:53.957 I/am_broadcast_discard_app( 1257): [0,164021940,android.intent.action.MEDIA_MOUNTED,2,ResolveInfo{2604c7c com.qti.ltebc/com.qualcomm.ltebc.LTEBroadcastReceiver m=0x208000}]
02-14 14:24:53.957 I/am_uid_stopped( 1257): 10074
02-14 14:24:55.473 I/sysui_multi_action( 1257): [757,1717,758,1,759,0]
02-14 14:24:55.473 I/sysui_multi_action( 1257): [757,1717,758,2,759,0]
02-14 14:24:55.474 I/sysui_multi_action( 1257): [757,1717,758,3,759,0]
02-14 14:24:55.923 I/commit_sys_config_file( 1257): [package-user-0,1]
02-14 14:24:55.924 I/commit_sys_config_file( 1257): [package,48]
02-14 14:24:57.327 I/commit_sys_config_file( 1257): [appops,6]
02-14 14:24:58.233 I/sysui_heads_up_status( 2009): [-1|android|26|null|1000,0]
02-14 14:24:58.490 I/am_uid_running( 1257): 10074
02-14 14:24:58.502 I/am_proc_start( 1257): [0,3810,10074,com.qti.ltebc,broadcast,{com.qti.ltebc/com.qualcomm.ltebc.LTEBroadcastAlarmReceiver}]
02-14 14:24:58.524 I/am_proc_bound( 1257): [0,3810,com.qti.ltebc]
02-14 14:24:58.529 I/am_uid_active( 1257): 10074
02-14 14:24:58.687 I/sysui_multi_action( 1257): [757,128,758,1,793,5122,794,0,795,5122,796,17303299,797,com.android.wifi,798,1,806,android,857,NETWORK_AVAILABLE,858,2,947,0,1395,3,1500,4922,1688,1]
02-14 14:24:58.688 I/sysui_multi_action( 1257): [757,804,799,note_freshness,801,5122,802,1]
02-14 14:24:58.688 I/notification_visibility( 1257): [0|android|17303299|com.android.wifi|1000,1,5122,5122,0,1]
02-14 14:24:58.688 I/sysui_multi_action( 1257): [757,128,758,1,793,10712,794,0,795,10712,796,32,798,2,806,android,857,USB,858,1,947,0,1395,3,1500,10644,1688,1]
02-14 14:24:58.688 I/sysui_multi_action( 1257): [757,804,799,note_freshness,801,10712,802,1]
02-14 14:24:58.688 I/notification_visibility( 1257): [-1|android|32|null|1000,1,10712,10712,0,2]
02-14 14:24:58.689 I/sysui_multi_action( 1257): [757,128,758,2,793,9849,794,5666,795,9849,796,26,798,0,806,android,857,DEVELOPER_IMPORTANT,858,4,947,0,1395,3,1500,9407,1688,1]
02-14 14:24:58.689 I/notification_visibility( 1257): [-1|android|26|null|1000,0,9849,9849,0,0]
02-14 14:24:58.689 I/sysui_multi_action( 1257): [757,128,758,2,793,5124,794,2,795,5124,796,17303299,797,com.android.wifi,798,1,806,android,857,NETWORK_AVAILABLE,858,2,947,0,1395,3,1500,4924,1688,1]
02-14 14:24:58.689 I/notification_visibility( 1257): [0|android|17303299|com.android.wifi|1000,0,5124,5124,0,1]
02-14 14:24:58.689 I/sysui_multi_action( 1257): [757,128,758,2,793,10713,794,1,795,10713,796,32,798,2,806,android,857,USB,858,1,947,0,1395,3,1500,10645,1688,1]
02-14 14:24:58.689 I/notification_visibility( 1257): [-1|android|32|null|1000,0,10713,10713,0,2]
02-14 14:24:58.689 I/sysui_multi_action( 1257): [757,127,758,2]
02-14 14:24:58.689 I/notification_panel_hidden( 1257):
02-14 14:24:58.886 I/am_uid_running( 1257): 10053
02-14 14:24:58.897 I/am_proc_start( 1257): [0,3843,10053,com.qualcomm.qti.qms.service.trustzoneaccess,service,{com.qualcomm.qti.qms.service.trustzoneaccess/com.qualcomm.qti.qms.service.trustzoneaccess.TZAccessService}]
02-14 14:24:58.915 I/am_proc_bound( 1257): [0,3843,com.qualcomm.qti.qms.service.trustzoneaccess]
02-14 14:24:59.018 I/am_proc_died( 1257): [0,3810,com.qti.ltebc,905,19]
02-14 14:24:59.019 I/am_uid_stopped( 1257): 10074
02-14 14:25:09.606 I/am_pss ( 1257): [2598,10079,com.android.launcher3,100862976,86327296,0,231841792,0,2,17]
02-14 14:25:09.617 I/am_pss ( 1257): [2685,10067,com.android.deskclock,12593152,6074368,4202496,80408576,0,19,8]
02-14 14:25:09.624 I/am_pss ( 1257): [3063,10086,com.qualcomm.qtil.aptxui,9099264,5529600,2408448,70148096,0,19,7]
02-14 14:25:09.630 I/am_pss ( 1257): [3037,10071,com.qualcomm.location.XT,6595584,4759552,0,92528640,0,6,5]
02-14 14:25:09.638 I/am_pss ( 1257): [2429,1000,com.android.settings,31675392,16109568,1238016,141893632,0,19,6]
02-14 14:25:09.644 I/am_pss ( 1257): [2448,10094,android.ext.services,13116416,5722112,0,122396672,0,5,6]
02-14 14:25:09.731 I/am_pss ( 1257): [3124,10035,com.android.traceur,12076032,8347648,2412544,76271616,0,19,11]
02-14 14:25:12.379 I/am_pss ( 1257): [3199,1000,com.qti.diagservices,7727104,3747840,2400256,73277440,0,10,11]
02-14 14:25:12.454 I/am_pss ( 1257): [3430,10064,com.android.calendar,6070272,3883008,257024,88481792,0,19,11]
02-14 14:25:12.463 I/am_pss ( 1257): [3412,1000,com.android.localtransport,6103040,3698688,1077248,74895360,0,19,7]
02-14 14:25:12.677 I/am_pss ( 1257): [3481,1000,com.android.dynsystem:dynsystem,6300672,3674112,1144832,75149312,0,19,11]
02-14 14:25:12.686 I/am_pss ( 1257): [2928,1000,com.android.keychain,10125312,6164480,2692096,73371648,0,19,7]
02-14 14:25:12.693 I/am_pss ( 1257): [3455,1000,com.android.dynsystem,6005760,3530752,1117184,74256384,0,19,7]
02-14 14:25:12.751 I/am_pss ( 1257): [3523,10030,com.android.managedprovisioning,9191424,7262208,273408,90910720,0,19,8]
02-14 14:25:12.811 I/am_pss ( 1257): [3543,10087,com.android.music,8612864,6148096,1120256,77623296,0,19,11]
02-14 14:25:12.867 I/am_pss ( 1257): [3566,10059,com.android.onetimeinitializer,5832704,3407872,1103872,74452992,0,19,10]
02-14 14:25:12.987 I/am_pss ( 1257): [3601,10092,com.android.permissioncontroller,12102656,9584640,1041408,83779584,0,19,11]
02-14 14:25:12.998 I/am_pss ( 1257): [3586,10021,com.android.packageinstaller,9037824,5582848,2307072,70332416,0,19,10]
02-14 14:25:13.141 I/am_pss ( 1257): [3638,2000,com.android.shell,6487040,4091904,1049600,75919360,0,19,11]
02-14 14:25:13.557 I/am_pss ( 1257): [3701,10058,com.qualcomm.qti.qms.service.connectionsecurity,25916416,4132864,10518528,65323008,0,19,9]
02-14 14:25:18.334 I/snet_event_log( 1257): [172655291,-1,]
02-14 14:25:27.385 I/netstats_mobile_sample( 1257): [0,0,0,0,0,0,0,0,0,0,0,0,1676355927385]
02-14 14:25:27.385 I/netstats_wifi_sample( 1257): [0,0,0,0,0,0,0,0,0,0,0,0,1676355927385]
02-14 14:25:27.388 I/am_pss ( 1257): [2598,10079,com.android.launcher3,101742592,86355968,0,231841792,0,2,11]
02-14 14:25:27.397 I/am_pss ( 1257): [1989,1002,com.android.bluetooth,32567296,23650304,0,143679488,0,0,9]
02-14 14:25:27.406 I/am_pss ( 1257): [2896,10093,com.android.providers.media.module,67468288,62943232,0,172347392,0,0,8]
02-14 14:25:27.413 I/am_pss ( 1257): [2890,10075,com.qualcomm.location,10063872,7454720,0,101462016,0,0,5]
02-14 14:25:27.419 I/am_pss ( 1257): [2221,1073,com.android.networkstack.process,11173888,8699904,0,103497728,0,0,5]
02-14 14:25:27.425 I/am_pss ( 1257): [2159,1001,.dataservices,7860224,6029312,0,92852224,0,0,5]
02-14 14:25:27.439 I/am_pss ( 1257): [2009,10080,com.android.systemui,179402752,156008448,0,340783104,0,1,13]
02-14 14:25:27.459 I/am_pss ( 1257): [1257,1000,system,199373824,106463232,0,507740160,0,0,18]
02-14 14:25:30.313 I/input_interaction( 1257): Interaction with: a70c7e2 com.android.systemui/com.android.systemui.usb.UsbDebuggingActivity (server), edge-swipe (server), swipe-up (server), PointerEventDispatcher0 (server),
02-14 14:25:31.558 I/wm_finish_activity( 1257): [0,237526992,8,com.android.systemui/.usb.UsbDebuggingActivity,app-request]
02-14 14:25:31.559 I/wm_task_moved( 1257): [12,1,6]
02-14 14:25:31.562 I/wm_task_moved( 1257): [13,1,2147483647]
02-14 14:25:31.562 I/wm_task_to_front( 1257): [0,13]
02-14 14:25:31.562 I/wm_focused_root_task( 1257): [0,0,12,-1,finish-top adjustFocusToNextFocusableTask]
02-14 14:25:31.583 I/wm_pause_activity( 1257): [0,237526992,com.android.systemui/.usb.UsbDebuggingActivity,userLeaving=false,finish]
02-14 14:25:31.588 I/input_focus( 1257): [Focus request eca6b19 com.android.launcher3/com.android.launcher3.uioverrides.QuickstepLauncher,reason=UpdateInputWindows]
02-14 14:25:31.591 I/wm_on_top_resumed_lost_called( 2009): [237526992,com.android.systemui.usb.UsbDebuggingActivity,topStateChangedWhenResumed]
02-14 14:25:31.592 I/wm_on_paused_called( 2009): [237526992,com.android.systemui.usb.UsbDebuggingActivity,performPause]
02-14 14:25:31.594 I/wm_set_resumed_activity( 1257): [0,com.android.launcher3/.uioverrides.QuickstepLauncher,resumeTopActivityInnerLocked]
02-14 14:25:31.598 I/wm_resume_activity( 1257): [0,190679017,13,com.android.launcher3/.uioverrides.QuickstepLauncher]
02-14 14:25:31.600 I/wm_on_resume_called( 2598): [190679017,com.android.launcher3.uioverrides.QuickstepLauncher,RESUME_ACTIVITY]
02-14 14:25:31.600 I/wm_on_top_resumed_gained_called( 2598): [190679017,com.android.launcher3.uioverrides.QuickstepLauncher,topWhenResuming]
02-14 14:25:31.611 I/sysui_multi_action( 1257): [757,803,799,window_time_0,802,43]
02-14 14:25:31.611 I/sysui_multi_action( 1257): [319,39073,322,233,325,16,757,761,758,8,759,2,806,com.android.launcher3,871,com.android.launcher3.uioverrides.QuickstepLauncher,904,com.android.launcher3,905,0,1320,4,1321,1]
02-14 14:25:31.613 I/wm_activity_launch_time( 1257): [0,190679017,com.android.launcher3/.uioverrides.QuickstepLauncher,233]
02-14 14:25:31.615 I/input_focus( 1257): [Focus leaving a70c7e2 com.android.systemui/com.android.systemui.usb.UsbDebuggingActivity (server),reason=NO_WINDOW]
02-14 14:25:31.615 I/input_focus( 1257): [Focus entering eca6b19 com.android.launcher3/com.android.launcher3.uioverrides.QuickstepLauncher (server),reason=setFocusedWindow]
02-14 14:25:31.635 I/am_uid_running( 1257): 10031
02-14 14:25:31.640 I/wm_destroy_activity( 1257): [0,237526992,8,com.android.systemui/.usb.UsbDebuggingActivity,finish-idle]
02-14 14:25:31.646 I/am_proc_start( 1257): [0,3901,10031,com.baidu.input,service,{com.baidu.input/com.baidu.input.ImeService}]
02-14 14:25:31.658 I/am_pss ( 1257): [3843,10053,com.qualcomm.qti.qms.service.trustzoneaccess,5678080,3801088,0,90361856,0,19,5]
02-14 14:25:31.665 I/am_pss ( 1257): [3617,10022,com.android.providers.calendar,7769088,5144576,868352,84701184,0,19,5]
02-14 14:25:31.665 I/wm_on_stop_called( 2009): [237526992,com.android.systemui.usb.UsbDebuggingActivity,LIFECYCLER_STOP_ACTIVITY]
02-14 14:25:31.665 I/wm_on_destroy_called( 2009): [237526992,com.android.systemui.usb.UsbDebuggingActivity,performDestroy]
02-14 14:25:31.671 I/am_proc_bound( 1257): [0,3901,com.baidu.input]
02-14 14:25:31.672 I/am_pss ( 1257): [2685,10067,com.android.deskclock,12576768,6074368,4202496,80408576,0,19,6]
02-14 14:25:31.676 I/am_uid_active( 1257): 10031
02-14 14:25:31.678 I/am_pss ( 1257): [2995,10019,android.process.media,10009600,7905280,0,99713024,0,19,5]
02-14 14:25:31.684 I/am_pss ( 1257): [3725,10028,com.android.externalstorage,6106112,3702784,1057792,75833344,0,19,6]
02-14 14:25:31.690 I/am_pss ( 1257): [3063,10086,com.qualcomm.qtil.aptxui,9081856,5529600,2408448,70148096,0,19,4]
02-14 14:25:31.695 I/am_pss ( 1257): [2555,10082,com.qualcomm.qti.qccauthmgr,8108032,4222976,2379776,75767808,0,19,4]
02-14 14:25:31.702 I/am_pss ( 1257): [3037,10071,com.qualcomm.location.XT,6565888,4759552,0,92528640,0,6,6]
02-14 14:25:31.710 I/am_pss ( 1257): [2429,1000,com.android.settings,31529984,16109568,1238016,141893632,0,19,6]
02-14 14:25:31.716 I/am_pss ( 1257): [3178,10020,android.process.acore,12759040,9121792,0,114057216,0,19,6]
02-14 14:25:31.723 I/am_pss ( 1257): [3124,10035,com.android.traceur,12054528,8347648,2412544,76271616,0,19,5]
02-14 14:25:31.729 I/am_pss ( 1257): [2879,10081,com.qualcomm.qti.workloadclassifier,8439808,6758400,0,92303360,0,0,5]
02-14 14:25:31.735 I/am_pss ( 1257): [2868,10084,com.qualcomm.qti.qccnetstat,6050816,4345856,0,90333184,0,0,6]
02-14 14:25:31.741 I/am_pss ( 1257): [2848,10072,com.qualcomm.qti.services.systemhelper:systemhelper_service,6248448,4468736,0,92078080,0,0,5]
02-14 14:25:31.747 I/am_pss ( 1257): [2813,10055,.pasr,5268480,3633152,0,88178688,0,0,6]
02-14 14:25:31.753 I/am_pss ( 1257): [2789,1000,com.hryt.hiphishowfsecontrol,14286848,12124160,0,104398848,0,0,5]
02-14 14:25:31.759 I/am_pss ( 1257): [2772,10083,com.hht.lebocast,35722240,16125952,0,109772800,0,0,5]
02-14 14:25:31.765 I/am_pss ( 1257): [2776,10057,ts.car.uart,6066176,4435968,0,89186304,0,0,5]
02-14 14:25:31.771 I/am_pss ( 1257): [2394,1000,com.qualcomm.qti.qdma,9480192,6582272,0,103456768,0,0,5]
02-14 14:25:31.777 I/am_pss ( 1257): [3203,10062,com.qualcomm.qti.devicestatisticsservice,5231616,3600384,0,87957504,0,0,5]
02-14 14:25:31.783 I/am_pss ( 1257): [2367,1000,com.thundercomm.tcservice,8356864,6524928,0,94711808,0,0,5]
02-14 14:25:31.789 I/am_pss ( 1257): [2312,1000,com.thundercomm.remotecontrolservice,9331712,7028736,0,99344384,0,0,6]
02-14 14:25:31.796 I/am_pss ( 1257): [2286,1068,com.android.se,5729280,4038656,0,90038272,0,0,5]
02-14 14:25:31.802 I/am_pss ( 1257): [2248,1000,vendor.qti.qesdk.sysservice,5435392,3739648,0,89391104,0,0,5]
02-14 14:25:31.808 I/am_pss ( 1257): [2265,10085,com.qti.qualcomm.mstatssystemservice,5400576,3776512,0,88117248,0,0,5]
02-14 14:25:31.814 I/am_pss ( 1257): [2246,1000,com.thundercomm.tcsetupwizard,6712320,5095424,0,89456640,0,0,5]
02-14 14:25:31.819 I/am_pss ( 1257): [2181,1000,com.thundercomm.tchttpserver,7592960,5931008,0,91488256,0,0,4]
02-14 14:25:31.826 I/am_pss ( 1257): [2202,1000,com.tc.logclient,7612416,5611520,0,96612352,0,0,5]
02-14 14:25:31.833 I/am_pss ( 1257): [2162,10054,.qtidataservices,5815296,4149248,0,89923584,0,0,6]
02-14 14:25:31.839 I/am_pss ( 1257): [2155,1000,com.thundercomm.microsettings,35603456,32468992,0,126873600,0,0,6]
02-14 14:25:31.845 I/am_pss ( 1257): [2140,1000,com.thundercomm.microservice,8816640,7086080,0,93990912,0,0,5]
02-14 14:25:31.853 I/am_pss ( 1257): [2109,1000,com.thundercomm.gamemode,26762240,21381120,0,132538368,0,0,7]
02-14 14:25:31.864 I/wm_task_removed( 1257): [8,removeChild:removeChild last r=ActivityRecord{e285fd0 u0 com.android.systemui/.usb.UsbDebuggingActivity t-1 f}} in t=Task{fdf713a #8 type=standard A=10080:com.android.systemui U=0 visible=false mode=fullscreen translucent=true sz=0}]
02-14 14:25:31.864 I/wm_task_removed( 1257): [8,removeChild]
02-14 14:25:57.449 I/am_pss ( 1257): [3901,10031,com.baidu.input,68884480,63164416,0,175550464,0,7,11]
02-14 14:25:57.459 I/am_pss ( 1257): [2896,10093,com.android.providers.media.module,67264512,62943232,0,171778048,0,0,10]
02-14 14:25:57.465 I/am_pss ( 1257): [2890,10075,com.qualcomm.location,9986048,7454720,0,100995072,0,0,5]
02-14 14:25:58.387 I/am_uid_idle( 1257): 10020
02-14 14:26:09.594 I/am_uid_idle( 1257): 10035
02-14 14:26:12.370 I/am_uid_idle( 1257): 10064
02-14 14:26:12.440 I/am_uid_idle( 1257): 10067
02-14 14:26:12.664 I/am_uid_idle( 1257): 10030
02-14 14:26:12.740 I/am_uid_idle( 1257): 10087
02-14 14:26:12.798 I/am_uid_idle( 1257): 10059
02-14 14:26:12.855 I/am_uid_idle( 1257): 10021
02-14 14:26:12.981 I/am_uid_idle( 1257): 10022
02-14 14:26:13.046 I/am_uid_idle( 1257): 10019
02-14 14:26:13.078 I/am_uid_idle( 1257): 2000
02-14 14:26:13.500 I/am_uid_idle( 1257): 10082
02-14 14:26:13.503 I/am_uid_idle( 1257): 10058
02-14 14:26:13.550 I/am_uid_idle( 1257): 10086
02-14 14:26:37.754 I/am_uid_idle( 1257): 10066
02-14 14:26:57.455 I/am_uid_idle( 1257): 10092
02-14 14:28:30.770 I/input_interaction( 1257): Interaction with: eca6b19 com.android.launcher3/com.android.launcher3.uioverrides.QuickstepLauncher (server), 68d96d6 com.android.systemui.ImageWallpaper (server), edge-swipe (server), swipe-up (server), PointerEventDispatcher0 (server),
02-14 14:28:37.062 I/service_manager_stats( 1257): [100,40,225412]
02-14 14:28:37.084 I/wm_task_created( 1257): [14,-1]
02-14 14:28:37.086 I/wm_task_moved( 1257): [14,1,6]
02-14 14:28:37.086 I/wm_task_to_front( 1257): [0,14]
02-14 14:28:37.086 I/wm_create_task( 1257): [0,14]
02-14 14:28:37.086 I/wm_create_activity( 1257): [0,231479723,14,com.android.settings/.Settings,android.intent.action.MAIN,NULL,NULL,270532608]
02-14 14:28:37.086 I/wm_task_moved( 1257): [14,1,6]
02-14 14:28:37.087 I/wm_pause_activity( 1257): [0,190679017,com.android.launcher3/.uioverrides.QuickstepLauncher,userLeaving=true,pauseBackTasks]
02-14 14:28:37.090 I/wm_on_top_resumed_lost_called( 2598): [190679017,com.android.launcher3.uioverrides.QuickstepLauncher,topStateChangedWhenResumed]
02-14 14:28:37.090 I/wm_on_paused_called( 2598): [190679017,com.android.launcher3.uioverrides.QuickstepLauncher,performPause]
02-14 14:28:37.093 I/wm_add_to_stopping( 1257): [0,190679017,com.android.launcher3/.uioverrides.QuickstepLauncher,makeInvisible]
02-14 14:28:37.093 I/wm_restart_activity( 1257): [0,231479723,14,com.android.settings/.Settings]
02-14 14:28:37.094 I/wm_set_resumed_activity( 1257): [0,com.android.settings/.Settings,minimalResumeActivityLocked]
02-14 14:28:37.097 I/sysui_multi_action( 1257): [757,803,799,window_time_0,802,185]
02-14 14:28:37.100 I/am_uid_active( 1257): 10066
02-14 14:28:37.104 I/am_pss ( 1257): [2598,10079,com.android.launcher3,108592128,89411584,0,254955520,0,2,7]
02-14 14:28:37.111 I/am_pss ( 1257): [3901,10031,com.baidu.input,68822016,63111168,0,175497216,0,7,7]
02-14 14:28:37.117 I/am_pss ( 1257): [3843,10053,com.qualcomm.qti.qms.service.trustzoneaccess,5626880,3801088,0,89911296,0,19,5]
02-14 14:28:37.123 I/am_pss ( 1257): [3617,10022,com.android.providers.calendar,7725056,5144576,871424,84287488,0,19,6]
02-14 14:28:37.128 I/input_focus( 1257): [Focus leaving eca6b19 com.android.launcher3/com.android.launcher3.uioverrides.QuickstepLauncher (server),reason=NO_WINDOW]
02-14 14:28:37.128 I/am_pss ( 1257): [2995,10019,android.process.media,9956352,7905280,0,99287040,0,19,5]
02-14 14:28:37.134 I/am_pss ( 1257): [3725,10028,com.android.externalstorage,6106112,3702784,1069056,75485184,0,19,4]
02-14 14:28:37.138 I/am_pss ( 1257): [3701,10058,com.qualcomm.qti.qms.service.connectionsecurity,25606144,4132864,10518528,64258048,0,19,4]
02-14 14:28:37.143 I/am_pss ( 1257): [2555,10082,com.qualcomm.qti.qccauthmgr,8103936,4222976,2403328,75403264,0,19,5]
02-14 14:28:37.149 I/am_pss ( 1257): [3638,2000,com.android.shell,6466560,4091904,1061888,75542528,0,19,4]
02-14 14:28:37.153 I/am_pss ( 1257): [3586,10021,com.android.packageinstaller,9023488,5582848,2318336,70004736,0,19,4]
02-14 14:28:37.159 I/am_pss ( 1257): [3566,10059,com.android.onetimeinitializer,5815296,3407872,1116160,74088448,0,19,5]
02-14 14:28:37.164 I/am_pss ( 1257): [3543,10087,com.android.music,8593408,6148096,1132544,77258752,0,19,5]
02-14 14:28:37.168 I/am_pss ( 1257): [3523,10030,com.android.managedprovisioning,9157632,7262208,278528,90546176,0,19,4]
02-14 14:28:37.173 I/am_pss ( 1257): [3481,1000,com.android.dynsystem:dynsystem,6256640,3674112,1156096,74739712,0,19,5]
02-14 14:28:37.179 I/am_pss ( 1257): [2928,1000,com.android.keychain,10119168,6164480,2716672,73007104,0,19,5]
02-14 14:28:37.183 I/am_pss ( 1257): [3455,1000,com.android.dynsystem,5990400,3530752,1129472,73908224,0,19,4]
02-14 14:28:37.189 I/am_pss ( 1257): [3178,10020,android.process.acore,12506112,8949760,0,113389568,0,19,5]
02-14 14:28:37.195 I/am_pss ( 1257): [3430,10064,com.android.calendar,6037504,3883008,263168,88117248,0,19,6]
02-14 14:28:37.201 I/am_pss ( 1257): [3412,1000,com.android.localtransport,6086656,3698688,1088512,74547200,0,19,4]
02-14 14:28:37.206 I/am_pss ( 1257): [3199,1000,com.qti.diagservices,7726080,3747840,2412544,72912896,0,10,4]
02-14 14:28:37.211 I/am_pss ( 1257): [2879,10081,com.qualcomm.qti.workloadclassifier,8430592,6758400,0,91938816,0,0,4]
02-14 14:28:37.214 I/am_uid_active( 1257): 10082
02-14 14:28:37.216 I/am_pss ( 1257): [2868,10084,com.qualcomm.qti.qccnetstat,6042624,4345856,0,89968640,0,0,4]
02-14 14:28:37.218 I/wm_on_create_called( 2429): [231479723,com.android.settings.Settings,performCreate]
02-14 14:28:37.221 I/am_pss ( 1257): [2848,10072,com.qualcomm.qti.services.systemhelper:systemhelper_service,6240256,4468736,0,91725824,0,0,5]
02-14 14:28:37.226 I/am_pss ( 1257): [2813,10055,.pasr,5260288,3633152,0,87826432,0,0,4]
02-14 14:28:37.231 I/am_pss ( 1257): [2789,1000,com.hryt.hiphishowfsecontrol,14236672,12124160,0,104001536,0,0,6]
02-14 14:28:37.236 I/am_pss ( 1257): [2772,10083,com.hht.lebocast,34755584,15675392,0,107913216,0,0,5]
02-14 14:28:37.241 I/am_pss ( 1257): [2776,10057,ts.car.uart,6057984,4435968,0,88838144,0,0,4]
02-14 14:28:37.246 I/am_pss ( 1257): [3203,10062,com.qualcomm.qti.devicestatisticsservice,5223424,3600384,0,87609344,0,0,5]
02-14 14:28:37.256 I/wm_on_start_called( 2429): [231479723,com.android.settings.Settings,handleStartActivity]
02-14 14:28:37.257 I/snet_event_log( 2429): [120484087,-1,]
02-14 14:28:37.259 I/wm_on_resume_called( 2429): [231479723,com.android.settings.Settings,RESUME_ACTIVITY]
02-14 14:28:37.261 I/sysui_multi_action( 2429): [757,35,758,1,833,0,1089,41]
02-14 14:28:37.269 I/sysui_multi_action( 2429): [757,1729,758,4,854,isParalleledControllers:false,1089,50]
02-14 14:28:37.272 I/wm_on_top_resumed_gained_called( 2429): [231479723,com.android.settings.Settings,topStateChangedWhenResumed]
02-14 14:28:37.307 I/input_focus( 1257): [Focus request 3aa456f com.android.settings/com.android.settings.Settings,reason=UpdateInputWindows]
02-14 14:28:37.346 I/sysui_multi_action( 1257): [324,1,757,1090,758,12,806,com.android.settings,871,com.android.settings.Settings,1091,268]
02-14 14:28:37.348 I/sysui_multi_action( 1257): [319,43,321,41,322,268,325,240,757,761,758,8,759,1,806,com.android.settings,871,com.android.settings.Settings,904,com.android.launcher3,905,0,1320,4,1321,1]
02-14 14:28:37.348 I/wm_activity_launch_time( 1257): [0,231479723,com.android.settings/.Settings,268]
02-14 14:28:37.361 I/input_focus( 1257): [Focus entering 3aa456f com.android.settings/com.android.settings.Settings (server),reason=Window became focusable. Previous reason: NOT_VISIBLE]
02-14 14:28:37.381 W/CarrierConfigManager( 2429): Error getting config for subId -1 ICarrierConfigLoader is null
02-14 14:28:37.407 I/sysui_multi_action( 2429): [757,746,758,1,833,0,1089,36]
02-14 14:28:37.408 D/TelephonyRegistry( 1257): listen oscl: mHasNotifySubscriptionInfoChangedOccurred==false no callback
02-14 14:28:37.412 D/TelephonyRegistry( 1257): listen oscl: mHasNotifySubscriptionInfoChangedOccurred==false no callback
02-14 14:28:37.417 I/sysui_multi_action( 2429): [757,1729,758,4,854,isParalleledControllers:false,1089,46]
02-14 14:28:37.647 I/wm_stop_activity( 1257): [0,190679017,com.android.launcher3/.uioverrides.QuickstepLauncher]
02-14 14:28:37.664 I/wm_on_stop_called( 2598): [190679017,com.android.launcher3.uioverrides.QuickstepLauncher,STOP_ACTIVITY_ITEM]
02-14 14:28:37.989 I/input_interaction( 1257): Interaction with: 3aa456f com.android.settings/com.android.settings.Settings (server), edge-swipe (server), swipe-up (server), PointerEventDispatcher0 (server),
02-14 14:28:39.298 I/sysui_multi_action( 2429): [757,830,758,4,833,0,854,top_level_display,1089,0]
02-14 14:28:39.411 I/sysui_multi_action( 2429): [757,746,758,2,1089,2004]
02-14 14:28:39.464 I/sysui_multi_action( 2429): [757,46,758,1,833,0,1089,33]
02-14 14:28:39.471 I/sysui_multi_action( 2429): [757,1729,758,4,854,isParalleledControllers:false,1089,40]
02-14 14:28:42.508 I/sysui_multi_action( 2429): [757,830,758,4,833,0,854,screensaver,1089,0]
02-14 14:28:42.512 I/sysui_multi_action( 2429): [757,46,758,2,1089,3047]
02-14 14:28:42.541 I/sysui_multi_action( 2429): [757,47,758,1,833,0,1089,24]
02-14 14:28:42.548 I/sysui_multi_action( 2429): [757,1729,758,4,854,isParalleledControllers:false,1089,30]
02-14 14:28:44.111 I/wm_task_moved( 1257): [14,1,6]
02-14 14:28:44.111 I/wm_set_resumed_activity( 1257): [0,com.android.settings/.Settings,positionChildAt]
02-14 14:28:44.111 I/wm_create_activity( 1257): [0,208658262,14,com.thundercomm.screensaver/.ui.page.MainActivity,NULL,NULL,NULL,0]
02-14 14:28:44.112 I/wm_pause_activity( 1257): [0,231479723,com.android.settings/.Settings,userLeaving=true,resumeTopActivityInnerLocked]
02-14 14:28:44.114 I/sysui_multi_action( 2429): [757,830,758,4,833,0,854,current_screensaver,1089,0]
02-14 14:28:44.115 I/wm_on_top_resumed_lost_called( 2429): [231479723,com.android.settings.Settings,topStateChangedWhenResumed]
02-14 14:28:44.116 I/am_uid_running( 1257): 10047
02-14 14:28:44.117 I/sysui_multi_action( 2429): [757,35,758,2,1089,6856]
02-14 14:28:44.117 I/sysui_multi_action( 2429): [757,47,758,2,1089,1576]
02-14 14:28:44.118 I/wm_on_paused_called( 2429): [231479723,com.android.settings.Settings,performPause]
02-14 14:28:44.119 I/wm_add_to_stopping( 1257): [0,231479723,com.android.settings/.Settings,makeInvisible]
02-14 14:28:44.120 I/sysui_multi_action( 1257): [757,803,799,window_time_0,802,7]
02-14 14:28:44.123 I/am_proc_start( 1257): [0,4042,10047,com.thundercomm.screensaver,pre-top-activity,{com.thundercomm.screensaver/com.thundercomm.screensaver.ui.page.MainActivity}]
02-14 14:28:44.134 I/am_proc_bound( 1257): [0,4042,com.thundercomm.screensaver]
02-14 14:28:44.136 I/wm_restart_activity( 1257): [0,208658262,14,com.thundercomm.screensaver/.ui.page.MainActivity]
02-14 14:28:44.136 I/wm_set_resumed_activity( 1257): [0,com.thundercomm.screensaver/.ui.page.MainActivity,minimalResumeActivityLocked]
02-14 14:28:44.137 I/am_uid_active( 1257): 10047
02-14 14:28:44.136 I/auditd ( 1159): type=1400 audit(0.0:283): avc: denied { read } for comm="traced_probes" name="format" dev="tracefs" ino=7440 scontext=u:r:traced_probes:s0 tcontext=u:object_r:debugfs_tracing_debug:s0 tclass=file permissive=0
02-14 14:28:44.136 I/auditd ( 1159): type=1400 audit(0.0:284): avc: denied { read } for comm="traced_probes" name="format" dev="tracefs" ino=7428 scontext=u:r:traced_probes:s0 tcontext=u:object_r:debugfs_tracing_debug:s0 tclass=file permissive=0
02-14 14:28:44.136 I/auditd ( 1159): type=1400 audit(0.0:285): avc: denied { read } for comm="traced_probes" name="format" dev="tracefs" ino=7434 scontext=u:r:traced_probes:s0 tcontext=u:object_r:debugfs_tracing_debug:s0 tclass=file permissive=0
02-14 14:28:44.136 I/auditd ( 1159): type=1400 audit(0.0:286): avc: denied { read } for comm="traced_probes" name="format" dev="tracefs" ino=7446 scontext=u:r:traced_probes:s0 tcontext=u:object_r:debugfs_tracing_debug:s0 tclass=file permissive=0
02-14 14:28:44.136 I/auditd ( 1159): type=1400 audit(0.0:287): avc: denied { read } for comm="traced_probes" name="format" dev="tracefs" ino=7452 scontext=u:r:traced_probes:s0 tcontext=u:object_r:debugfs_tracing_debug:s0 tclass=file permissive=0
02-14 14:28:44.136 I/auditd ( 1159): type=1400 audit(0.0:288): avc: denied { read } for comm="traced_probes" name="format" dev="tracefs" ino=7488 scontext=u:r:traced_probes:s0 tcontext=u:object_r:debugfs_tracing_debug:s0 tclass=file permissive=0
02-14 14:28:44.136 I/auditd ( 1159): type=1400 audit(0.0:289): avc: denied { read } for comm="traced_probes" name="format" dev="tracefs" ino=7398 scontext=u:r:traced_probes:s0 tcontext=u:object_r:debugfs_tracing_debug:s0 tclass=file permissive=0
02-14 14:28:44.136 I/auditd ( 1159): type=1400 audit(0.0:290): avc: denied { read } for comm="traced_probes" name="format" dev="tracefs" ino=7458 scontext=u:r:traced_probes:s0 tcontext=u:object_r:debugfs_tracing_debug:s0 tclass=file permissive=0
02-14 14:28:44.136 I/auditd ( 1159): type=1400 audit(0.0:291): avc: denied { read } for comm="traced_probes" name="format" dev="tracefs" ino=7470 scontext=u:r:traced_probes:s0 tcontext=u:object_r:debugfs_tracing_debug:s0 tclass=file permissive=0
02-14 14:28:44.146 I/input_focus( 1257): [Focus leaving 3aa456f com.android.settings/com.android.settings.Settings (server),reason=NO_WINDOW]
02-14 14:28:44.261 I/wm_on_create_called( 4042): [208658262,com.thundercomm.screensaver.ui.page.MainActivity,performCreate]
02-14 14:28:44.281 I/wm_on_start_called( 4042): [208658262,com.thundercomm.screensaver.ui.page.MainActivity,handleStartActivity]
02-14 14:28:44.281 I/wm_on_resume_called( 4042): [208658262,com.thundercomm.screensaver.ui.page.MainActivity,RESUME_ACTIVITY]
02-14 14:28:44.285 I/wm_on_top_resumed_gained_called( 4042): [208658262,com.thundercomm.screensaver.ui.page.MainActivity,topStateChangedWhenResumed]
02-14 14:28:44.320 I/input_focus( 1257): [Focus request 76018cb com.thundercomm.screensaver/com.thundercomm.screensaver.ui.page.MainActivity,reason=UpdateInputWindows]
02-14 14:28:44.423 I/sysui_multi_action( 1257): [319,92,321,90,322,319,325,247,757,761,758,7,759,1,806,com.thundercomm.screensaver,871,com.thundercomm.screensaver.ui.page.MainActivity,904,com.android.settings,905,0,945,33,1320,4,1321,2]
02-14 14:28:44.423 I/wm_activity_launch_time( 1257): [0,208658262,com.thundercomm.screensaver/.ui.page.MainActivity,319]
02-14 14:28:44.434 I/input_focus( 1257): [Focus entering 76018cb com.thundercomm.screensaver/com.thundercomm.screensaver.ui.page.MainActivity (server),reason=Window became focusable. Previous reason: NOT_VISIBLE]
02-14 14:28:44.602 I/wm_stop_activity( 1257): [0,231479723,com.android.settings/.Settings]
02-14 14:28:44.631 I/wm_on_stop_called( 2429): [231479723,com.android.settings.Settings,STOP_ACTIVITY_ITEM]
02-14 14:28:45.139 I/input_interaction( 1257): Interaction with: 76018cb com.thundercomm.screensaver/com.thundercomm.screensaver.ui.page.MainActivity (server), edge-swipe (server), swipe-up (server), PointerEventDispatcher0 (server),
02-14 14:28:51.756 I/input_focus( 1257): [Focus request b01d8ab com.thundercomm.screensaver/com.thundercomm.screensaver.ui.page.MainActivity,reason=UpdateInputWindows]
02-14 14:28:51.780 I/input_focus( 1257): [Focus leaving 76018cb com.thundercomm.screensaver/com.thundercomm.screensaver.ui.page.MainActivity (server),reason=Waiting for window because NOT_VISIBLE]
02-14 14:28:51.797 I/input_focus( 1257): [Focus entering b01d8ab com.thundercomm.screensaver/com.thundercomm.screensaver.ui.page.MainActivity (server),reason=Window became focusable. Previous reason: NOT_VISIBLE]
02-14 14:28:55.106 I/input_interaction( 1257): Interaction with: b01d8ab com.thundercomm.screensaver/com.thundercomm.screensaver.ui.page.MainActivity (server), edge-swipe (server), swipe-up (server), PointerEventDispatcher0 (server),
02-14 14:28:56.668 I/input_focus( 1257): [Focus request 76018cb com.thundercomm.screensaver/com.thundercomm.screensaver.ui.page.MainActivity,reason=UpdateInputWindows]
02-14 14:28:56.692 I/input_focus( 1257): [Focus entering 76018cb com.thundercomm.screensaver/com.thundercomm.screensaver.ui.page.MainActivity (server),reason=setFocusedWindow]
02-14 14:28:57.251 I/input_interaction( 1257): Interaction with: 76018cb com.thundercomm.screensaver/com.thundercomm.screensaver.ui.page.MainActivity (server), edge-swipe (server), swipe-up (server), PointerEventDispatcher0 (server),
02-14 14:28:57.433 I/input_focus( 1257): [Focus request c3ba8bd com.thundercomm.screensaver/com.thundercomm.screensaver.ui.page.MainActivity,reason=UpdateInputWindows]
02-14 14:28:57.460 I/input_focus( 1257): [Focus leaving 76018cb com.thundercomm.screensaver/com.thundercomm.screensaver.ui.page.MainActivity (server),reason=setFocusedWindow]
02-14 14:28:57.460 I/input_focus( 1257): [Focus entering c3ba8bd com.thundercomm.screensaver/com.thundercomm.screensaver.ui.page.MainActivity (server),reason=setFocusedWindow]
02-14 14:28:58.421 I/input_interaction( 1257): Interaction with: c3ba8bd com.thundercomm.screensaver/com.thundercomm.screensaver.ui.page.MainActivity (server), edge-swipe (server), swipe-up (server), PointerEventDispatcher0 (server),
02-14 14:28:58.636 I/snet_event_log( 4042): [117838472,-1,]
02-14 14:28:58.636 I/snet_event_log( 4042): [117838472,-1,]
02-14 14:28:58.636 I/snet_event_log( 4042): [117838472,-1,]
02-14 14:28:58.636 I/snet_event_log( 4042): [117838472,-1,]
02-14 14:28:58.640 I/snet_event_log( 4042): [117838472,-1,]
02-14 14:28:58.640 I/snet_event_log( 4042): [117838472,-1,]
02-14 14:28:58.652 I/liblog ( 1409): 44
02-14 14:29:01.877 I/snet_event_log( 4042): [117838472,-1,]
02-14 14:29:01.877 I/snet_event_log( 4042): [117838472,-1,]
02-14 14:29:01.877 I/snet_event_log( 4042): [117838472,-1,]
02-14 14:29:01.878 I/snet_event_log( 4042): [117838472,-1,]
02-14 14:29:01.881 I/snet_event_log( 4042): [117838472,-1,]
02-14 14:29:01.881 I/snet_event_log( 4042): [117838472,-1,]
02-14 14:29:04.133 I/input_focus( 1257): [Focus request 76018cb com.thundercomm.screensaver/com.thundercomm.screensaver.ui.page.MainActivity,reason=UpdateInputWindows]
02-14 14:29:04.160 I/input_focus( 1257): [Focus entering 76018cb com.thundercomm.screensaver/com.thundercomm.screensaver.ui.page.MainActivity (server),reason=setFocusedWindow]
02-14 14:29:04.957 I/input_interaction( 1257): Interaction with: 76018cb com.thundercomm.screensaver/com.thundercomm.screensaver.ui.page.MainActivity (server), edge-swipe (server), swipe-up (server), PointerEventDispatcher0 (server),
02-14 14:29:04.988 I/view_enqueue_input_event( 4042): [Motion - Cancel,com.thundercomm.screensaver/com.thundercomm.screensaver.ui.page.MainActivity]
02-14 14:29:04.988 I/wm_task_moved( 1257): [12,0,0]
02-14 14:29:04.989 I/wm_task_moved( 1257): [12,0,5]
02-14 14:29:04.995 I/input_interaction( 1257): Interaction with: edge-swipe (server), swipe-up (server), PointerEventDispatcher0 (server),
02-14 14:29:04.996 I/wm_on_restart_called( 2598): [190679017,com.android.launcher3.uioverrides.QuickstepLauncher,performRestartActivity]
02-14 14:29:05.028 I/wm_on_start_called( 2598): [190679017,com.android.launcher3.uioverrides.QuickstepLauncher,handleStartActivity]
02-14 14:29:05.029 I/input_focus( 1257): [Focus request recents_animation_input_consumer,reason=UpdateInputWindows]
02-14 14:29:05.044 I/input_focus( 1257): [Focus leaving 76018cb com.thundercomm.screensaver/com.thundercomm.screensaver.ui.page.MainActivity (server),reason=NOT_FOCUSABLE]
02-14 14:29:05.044 I/input_focus( 1257): [Focus entering recents_animation_input_consumer (server),reason=setFocusedWindow]
02-14 14:29:05.053 I/sysui_latency( 2598): [1,93]
02-14 14:29:05.072 I/sysui_multi_action( 1257): [319,12,322,76,325,268,757,761,758,9,759,5,806,com.android.launcher3,871,com.android.launcher3.uioverrides.QuickstepLauncher,904,com.android.launcher3,905,0,1320,4,1321,1]
02-14 14:29:05.230 I/commit_sys_config_file( 1257): [settings-1-0,5]
02-14 14:29:05.366 I/sysui_latency( 1257): [8,103]
02-14 14:29:05.785 I/wm_task_moved( 1257): [12,1,6]
02-14 14:29:05.786 I/wm_task_moved( 1257): [13,1,2147483647]
02-14 14:29:05.786 I/wm_task_to_front( 1257): [0,13]
02-14 14:29:05.786 I/wm_focused_root_task( 1257): [0,0,12,14,RecentsAnimation.onAnimationFinished()]
02-14 14:29:05.786 I/wm_on_top_resumed_lost_called( 4042): [208658262,com.thundercomm.screensaver.ui.page.MainActivity,topStateChangedWhenResumed]
02-14 14:29:05.786 I/wm_set_resumed_activity( 1257): [0,com.android.launcher3/.uioverrides.QuickstepLauncher,RecentsAnimation.onAnimationFinished()]
02-14 14:29:05.787 I/wm_pause_activity( 1257): [0,208658262,com.thundercomm.screensaver/.ui.page.MainActivity,userLeaving=true,pauseBackTasks]
02-14 14:29:05.788 I/wm_add_to_stopping( 1257): [0,208658262,com.thundercomm.screensaver/.ui.page.MainActivity,makeInvisible]
02-14 14:29:05.788 I/wm_set_resumed_activity( 1257): [0,com.android.launcher3/.uioverrides.QuickstepLauncher,resumeTopActivityInnerLocked]
02-14 14:29:05.790 I/wm_resume_activity( 1257): [0,190679017,13,com.android.launcher3/.uioverrides.QuickstepLauncher]
02-14 14:29:05.794 I/wm_on_resume_called( 2598): [190679017,com.android.launcher3.uioverrides.QuickstepLauncher,RESUME_ACTIVITY]
02-14 14:29:05.795 I/input_focus( 1257): [Focus request eca6b19 com.android.launcher3/com.android.launcher3.uioverrides.QuickstepLauncher,reason=UpdateInputWindows]
02-14 14:29:05.796 I/wm_on_top_resumed_gained_called( 2598): [190679017,com.android.launcher3.uioverrides.QuickstepLauncher,topStateChangedWhenResumed]
02-14 14:29:05.797 I/input_focus( 1257): [Focus leaving recents_animation_input_consumer (server),reason=NOT_VISIBLE]
02-14 14:29:05.797 I/wm_on_paused_called( 4042): [208658262,com.thundercomm.screensaver.ui.page.MainActivity,performPause]
02-14 14:29:05.806 I/wm_stop_activity( 1257): [0,208658262,com.thundercomm.screensaver/.ui.page.MainActivity]
02-14 14:29:05.813 I/input_focus( 1257): [Focus entering eca6b19 com.android.launcher3/com.android.launcher3.uioverrides.QuickstepLauncher (server),reason=setFocusedWindow]
02-14 14:29:05.816 I/sysui_multi_action( 1257): [757,803,799,window_time_0,802,22]
02-14 14:29:05.818 I/sysui_multi_action( 1257): [757,803,799,window_time_0,802,0]
02-14 14:29:05.826 I/wm_on_stop_called( 4042): [208658262,com.thundercomm.screensaver.ui.page.MainActivity,STOP_ACTIVITY_ITEM]
02-14 14:29:06.702 I/input_interaction( 1257): Interaction with: eca6b19 com.android.launcher3/com.android.launcher3.uioverrides.QuickstepLauncher (server), 68d96d6 com.android.systemui.ImageWallpaper (server), edge-swipe (server), swipe-up (server), PointerEventDispatcher0 (server),
02-14 14:29:06.855 I/wm_task_created( 1257): [15,-1]
02-14 14:29:06.857 I/wm_task_moved( 1257): [15,1,7]
02-14 14:29:06.857 I/wm_task_to_front( 1257): [0,15]
02-14 14:29:06.857 I/wm_create_task( 1257): [0,15]
02-14 14:29:06.857 I/wm_create_activity( 1257): [0,192507456,15,com.android.gallery3d/.app.GalleryActivity,android.intent.action.MAIN,NULL,NULL,270532608]
02-14 14:29:06.857 I/wm_task_moved( 1257): [15,1,7]
02-14 14:29:06.858 I/wm_pause_activity( 1257): [0,190679017,com.android.launcher3/.uioverrides.QuickstepLauncher,userLeaving=true,pauseBackTasks]
02-14 14:29:06.861 I/wm_on_top_resumed_lost_called( 2598): [190679017,com.android.launcher3.uioverrides.QuickstepLauncher,topStateChangedWhenResumed]
02-14 14:29:06.862 I/am_uid_running( 1257): 10065
02-14 14:29:06.862 I/wm_on_paused_called( 2598): [190679017,com.android.launcher3.uioverrides.QuickstepLauncher,performPause]
02-14 14:29:06.863 I/wm_add_to_stopping( 1257): [0,190679017,com.android.launcher3/.uioverrides.QuickstepLauncher,makeInvisible]
02-14 14:29:06.867 I/sysui_multi_action( 1257): [757,803,799,window_time_0,802,1]
02-14 14:29:06.871 I/am_proc_start( 1257): [0,4147,10065,com.android.gallery3d,pre-top-activity,{com.android.gallery3d/com.android.gallery3d.app.GalleryActivity}]
02-14 14:29:06.883 I/input_focus( 1257): [Focus leaving eca6b19 com.android.launcher3/com.android.launcher3.uioverrides.QuickstepLauncher (server),reason=NO_WINDOW]
02-14 14:29:06.895 I/am_proc_bound( 1257): [0,4147,com.android.gallery3d]
02-14 14:29:06.897 I/wm_restart_activity( 1257): [0,192507456,15,com.android.gallery3d/.app.GalleryActivity]
02-14 14:29:06.897 I/wm_set_resumed_activity( 1257): [0,com.android.gallery3d/.app.GalleryActivity,minimalResumeActivityLocked]
02-14 14:29:06.898 I/am_uid_active( 1257): 10065
02-14 14:29:06.935 I/wm_on_create_called( 4147): [192507456,com.android.gallery3d.app.GalleryActivity,performCreate]
02-14 14:29:06.938 I/wm_on_start_called( 4147): [192507456,com.android.gallery3d.app.GalleryActivity,handleStartActivity]
02-14 14:29:06.941 I/wm_on_resume_called( 4147): [192507456,com.android.gallery3d.app.GalleryActivity,RESUME_ACTIVITY]
02-14 14:29:06.944 I/wm_on_top_resumed_gained_called( 4147): [192507456,com.android.gallery3d.app.GalleryActivity,topStateChangedWhenResumed]
02-14 14:29:06.951 I/input_focus( 1257): [Focus request dc4f8f6 com.android.gallery3d/com.android.gallery3d.app.GalleryActivity,reason=UpdateInputWindows]
02-14 14:29:07.016 I/sysui_multi_action( 1257): [319,25,321,23,322,166,325,270,757,761,758,7,759,1,806,com.android.gallery3d,871,com.android.gallery3d.app.GalleryActivity,904,com.android.launcher3,905,0,945,47,1320,4,1321,1]
02-14 14:29:07.017 I/wm_activity_launch_time( 1257): [0,192507456,com.android.gallery3d/.app.GalleryActivity,166]
02-14 14:29:07.032 I/input_focus( 1257): [Focus entering dc4f8f6 com.android.gallery3d/com.android.gallery3d.app.GalleryActivity (server),reason=Window became focusable. Previous reason: NOT_VISIBLE]
02-14 14:29:07.400 I/wm_stop_activity( 1257): [0,190679017,com.android.launcher3/.uioverrides.QuickstepLauncher]
02-14 14:29:07.419 I/wm_on_stop_called( 2598): [190679017,com.android.launcher3.uioverrides.QuickstepLauncher,STOP_ACTIVITY_ITEM]
02-14 14:29:07.986 I/input_interaction( 1257): Interaction with: dc4f8f6 com.android.gallery3d/com.android.gallery3d.app.GalleryActivity (server), edge-swipe (server), swipe-up (server), PointerEventDispatcher0 (server),
02-14 14:29:09.696 I/snet_event_log( 4147): [117838472,-1,]
02-14 14:29:17.478 I/service_manager_stats( 1257): [100,44,40415]
02-14 14:29:19.403 I/view_enqueue_input_event( 4147): [Motion - Cancel,com.android.gallery3d/com.android.gallery3d.app.GalleryActivity]
02-14 14:29:19.416 I/input_interaction( 1257): Interaction with: edge-swipe (server), swipe-up (server), PointerEventDispatcher0 (server),
02-14 14:29:19.557 I/sysui_multi_action( 1257): [757,803,799,key_back_press,802,1]
02-14 14:29:19.560 I/input_interaction( 1257): Interaction with: dc4f8f6 com.android.gallery3d/com.android.gallery3d.app.GalleryActivity (server), PointerEventDispatcher0 (server),
02-14 14:29:20.838 I/input_interaction( 1257): Interaction with: dc4f8f6 com.android.gallery3d/com.android.gallery3d.app.GalleryActivity (server), edge-swipe (server), swipe-up (server), PointerEventDispatcher0 (server),
02-14 14:29:22.043 I/view_enqueue_input_event( 4147): [Motion - Cancel,com.android.gallery3d/com.android.gallery3d.app.GalleryActivity]
02-14 14:29:22.050 I/input_interaction( 1257): Interaction with: edge-swipe (server), swipe-up (server), PointerEventDispatcher0 (server),
02-14 14:29:22.204 I/sysui_multi_action( 1257): [757,803,799,key_back_press,802,1]
02-14 14:29:22.208 I/input_interaction( 1257): Interaction with: dc4f8f6 com.android.gallery3d/com.android.gallery3d.app.GalleryActivity (server), PointerEventDispatcher0 (server),
02-14 14:29:22.210 I/wm_finish_activity( 1257): [0,192507456,15,com.android.gallery3d/.app.GalleryActivity,app-request]
02-14 14:29:22.211 I/wm_task_moved( 1257): [12,1,7]
02-14 14:29:22.212 I/wm_task_moved( 1257): [13,1,2147483647]
02-14 14:29:22.212 I/wm_task_to_front( 1257): [0,13]
02-14 14:29:22.212 I/wm_focused_root_task( 1257): [0,0,12,15,finish-top adjustFocusToNextFocusableTask]
02-14 14:29:22.212 I/wm_set_resumed_activity( 1257): [0,com.android.launcher3/.uioverrides.QuickstepLauncher,finish-top adjustFocusToNextFocusableTask]
02-14 14:29:22.220 I/wm_pause_activity( 1257): [0,192507456,com.android.gallery3d/.app.GalleryActivity,userLeaving=false,finish]
02-14 14:29:22.223 I/wm_on_top_resumed_lost_called( 4147): [192507456,com.android.gallery3d.app.GalleryActivity,topStateChangedWhenResumed]
02-14 14:29:22.236 I/wm_on_paused_called( 4147): [192507456,com.android.gallery3d.app.GalleryActivity,performPause]
02-14 14:29:22.237 I/wm_add_to_stopping( 1257): [0,192507456,com.android.gallery3d/.app.GalleryActivity,completeFinishing]
02-14 14:29:22.240 I/wm_set_resumed_activity( 1257): [0,com.android.launcher3/.uioverrides.QuickstepLauncher,resumeTopActivityInnerLocked]
02-14 14:29:22.243 I/wm_resume_activity( 1257): [0,190679017,13,com.android.launcher3/.uioverrides.QuickstepLauncher]
02-14 14:29:22.247 I/sysui_multi_action( 1257): [757,803,799,window_time_0,802,15]
02-14 14:29:22.252 I/input_focus( 1257): [Focus leaving dc4f8f6 com.android.gallery3d/com.android.gallery3d.app.GalleryActivity (server),reason=NO_WINDOW]
02-14 14:29:22.255 I/wm_on_restart_called( 2598): [190679017,com.android.launcher3.uioverrides.QuickstepLauncher,performRestartActivity]
02-14 14:29:22.256 I/wm_on_start_called( 2598): [190679017,com.android.launcher3.uioverrides.QuickstepLauncher,handleStartActivity]
02-14 14:29:22.256 I/wm_on_resume_called( 2598): [190679017,com.android.launcher3.uioverrides.QuickstepLauncher,RESUME_ACTIVITY]
02-14 14:29:22.256 I/wm_on_top_resumed_gained_called( 2598): [190679017,com.android.launcher3.uioverrides.QuickstepLauncher,topWhenResuming]
02-14 14:29:22.277 I/input_focus( 1257): [Focus request eca6b19 com.android.launcher3/com.android.launcher3.uioverrides.QuickstepLauncher,reason=UpdateInputWindows]
02-14 14:29:22.289 I/input_focus( 1257): [Focus entering eca6b19 com.android.launcher3/com.android.launcher3.uioverrides.QuickstepLauncher (server),reason=setFocusedWindow]
02-14 14:29:22.642 I/wm_destroy_activity( 1257): [0,192507456,15,com.android.gallery3d/.app.GalleryActivity,finish-imm:idle]
02-14 14:29:22.664 I/wm_on_stop_called( 4147): [192507456,com.android.gallery3d.app.GalleryActivity,LIFECYCLER_STOP_ACTIVITY]
02-14 14:29:22.667 I/wm_on_destroy_called( 4147): [192507456,com.android.gallery3d.app.GalleryActivity,performDestroy]
02-14 14:29:22.675 I/wm_task_removed( 1257): [15,removeChild:removeChild last r=ActivityRecord{b796e40 u0 com.android.gallery3d/.app.GalleryActivity t-1 f}} in t=Task{25a4f17 #15 type=standard A=10065:com.android.gallery3d U=0 visible=false mode=fullscreen translucent=true sz=0}]
02-14 14:29:22.675 I/wm_task_removed( 1257): [15,removeChild]
02-14 14:29:23.863 I/input_interaction( 1257): Interaction with: eca6b19 com.android.launcher3/com.android.launcher3.uioverrides.QuickstepLauncher (server), 68d96d6 com.android.systemui.ImageWallpaper (server), edge-swipe (server), swipe-up (server), PointerEventDispatcher0 (server),
02-14 14:29:24.017 I/wm_task_moved( 1257): [14,1,6]
