02-14 14:51:01.752 E/RoleParser( 5019): Caused by: java.lang.ClassNotFoundException: com.android.permissioncontroller.role.model.DialerRoleBehavior
02-14 14:51:01.752 E/RoleParser( 5019): ... 21 more
02-14 14:51:01.752 I/am_wtf ( 1257): [0,5019,com.android.settings,952647173,RoleParser,com.android.permissioncontroller.role.model.DialerRoleBehavior]
02-14 14:51:01.753 I/DropBoxManagerService( 1257): add tag=system_app_wtf isTagEnabled=true flags=0x2
02-14 14:51:01.753 E/RoleParser( 5019): Unable to instantiate behavior: com.android.permissioncontroller.role.model.SmsRoleBehavior
02-14 14:51:01.753 E/RoleParser( 5019): java.lang.ClassNotFoundException: com.android.permissioncontroller.role.model.SmsRoleBehavior
02-14 14:51:01.753 E/RoleParser( 5019): at java.lang.Class.classForName(Native Method)
02-14 14:51:01.753 E/RoleParser( 5019): at java.lang.Class.forName(Class.java:454)
02-14 14:51:01.753 E/RoleParser( 5019): at java.lang.Class.forName(Class.java:379)
02-14 14:51:01.753 E/RoleParser( 5019): at com.android.permissioncontroller.role.model.RoleParser.parseRole(RoleParser.java:298)
02-14 14:51:01.753 E/RoleParser( 5019): at com.android.permissioncontroller.role.model.RoleParser.parseRoles(RoleParser.java:212)
02-14 14:51:01.753 E/RoleParser( 5019): at com.android.permissioncontroller.role.model.RoleParser.parseXml(RoleParser.java:171)
02-14 14:51:01.753 E/RoleParser( 5019): at com.android.permissioncontroller.role.model.RoleParser.parse(RoleParser.java:136)
02-14 14:51:01.753 E/RoleParser( 5019): at com.android.permissioncontroller.role.model.Roles.get(Roles.java:49)
02-14 14:51:01.753 E/RoleParser( 5019): at com.android.permissioncontroller.PermissionControllerApplication.updateSpecialAppAccessListActivityEnabledState(PermissionControllerApplication.java:51)
02-14 14:51:01.753 E/RoleParser( 5019): at com.android.permissioncontroller.PermissionControllerApplication.onCreate(PermissionControllerApplication.java:40)
02-14 14:51:01.753 E/RoleParser( 5019): at android.app.Instrumentation.callApplicationOnCreate(Instrumentation.java:1212)
02-14 14:51:01.753 E/RoleParser( 5019): at android.app.ActivityThread.handleBindApplication(ActivityThread.java:6744)
02-14 14:51:01.753 E/RoleParser( 5019): at android.app.ActivityThread.access$1500(ActivityThread.java:248)
02-14 14:51:01.753 E/RoleParser( 5019): at android.app.ActivityThread$H.handleMessage(ActivityThread.java:2054)
02-14 14:51:01.753 E/RoleParser( 5019): at android.os.Handler.dispatchMessage(Handler.java:106)
02-14 14:51:01.753 E/RoleParser( 5019): at android.os.Looper.loopOnce(Looper.java:201)
02-14 14:51:01.753 E/RoleParser( 5019): at android.os.Looper.loop(Looper.java:288)
02-14 14:51:01.753 E/RoleParser( 5019): at android.app.ActivityThread.main(ActivityThread.java:7880)
02-14 14:51:01.753 E/RoleParser( 5019): at java.lang.reflect.Method.invoke(Native Method)
02-14 14:51:01.753 E/RoleParser( 5019): at com.android.internal.os.RuntimeInit$MethodAndArgsCaller.run(RuntimeInit.java:548)
02-14 14:51:01.753 E/RoleParser( 5019): at com.android.internal.os.ZygoteInit.main(ZygoteInit.java:1009)
02-14 14:51:01.753 E/RoleParser( 5019): Caused by: java.lang.ClassNotFoundException: com.android.permissioncontroller.role.model.SmsRoleBehavior
02-14 14:51:01.753 E/RoleParser( 5019): ... 21 more
02-14 14:51:01.753 I/am_wtf ( 1257): [0,5019,com.android.settings,952647173,RoleParser,com.android.permissioncontroller.role.model.SmsRoleBehavior]
02-14 14:51:01.753 I/am_pss ( 1257): [2448,10094,android.ext.services,10917888,5955584,0,107683840,0,5,5]
02-14 14:51:01.753 I/DropBoxManagerService( 1257): add tag=system_app_wtf isTagEnabled=true flags=0x2
02-14 14:51:01.754 E/RoleParser( 5019): Unable to instantiate behavior: com.android.permissioncontroller.role.model.EmergencyRoleBehavior
02-14 14:51:01.754 E/RoleParser( 5019): java.lang.ClassNotFoundException: com.android.permissioncontroller.role.model.EmergencyRoleBehavior
02-14 14:51:01.754 E/RoleParser( 5019): at java.lang.Class.classForName(Native Method)
02-14 14:51:01.754 E/RoleParser( 5019): at java.lang.Class.forName(Class.java:454)
02-14 14:51:01.754 E/RoleParser( 5019): at java.lang.Class.forName(Class.java:379)
02-14 14:51:01.754 E/RoleParser( 5019): at com.android.permissioncontroller.role.model.RoleParser.parseRole(RoleParser.java:298)
02-14 14:51:01.754 E/RoleParser( 5019): at com.android.permissioncontroller.role.model.RoleParser.parseRoles(RoleParser.java:212)
02-14 14:51:01.754 E/RoleParser( 5019): at com.android.permissioncontroller.role.model.RoleParser.parseXml(RoleParser.java:171)
02-14 14:51:01.754 E/RoleParser( 5019): at com.android.permissioncontroller.role.model.RoleParser.parse(RoleParser.java:136)
02-14 14:51:01.754 E/RoleParser( 5019): at com.android.permissioncontroller.role.model.Roles.get(Roles.java:49)
02-14 14:51:01.754 E/RoleParser( 5019): at com.android.permissioncontroller.PermissionControllerApplication.updateSpecialAppAccessListActivityEnabledState(PermissionControllerApplication.java:51)
02-14 14:51:01.754 E/RoleParser( 5019): at com.android.permissioncontroller.PermissionControllerApplication.onCreate(PermissionControllerApplication.java:40)
02-14 14:51:01.754 E/RoleParser( 5019): at android.app.Instrumentation.callApplicationOnCreate(Instrumentation.java:1212)
02-14 14:51:01.754 E/RoleParser( 5019): at android.app.ActivityThread.handleBindApplication(ActivityThread.java:6744)
02-14 14:51:01.754 E/RoleParser( 5019): at android.app.ActivityThread.access$1500(ActivityThread.java:248)
02-14 14:51:01.754 E/RoleParser( 5019): at android.app.ActivityThread$H.handleMessage(ActivityThread.java:2054)
02-14 14:51:01.754 E/RoleParser( 5019): at android.os.Handler.dispatchMessage(Handler.java:106)
02-14 14:51:01.754 E/RoleParser( 5019): at android.os.Looper.loopOnce(Looper.java:201)
02-14 14:51:01.754 E/RoleParser( 5019): at android.os.Looper.loop(Looper.java:288)
02-14 14:51:01.754 E/RoleParser( 5019): at android.app.ActivityThread.main(ActivityThread.java:7880)
02-14 14:51:01.754 E/RoleParser( 5019): at java.lang.reflect.Method.invoke(Native Method)
02-14 14:51:01.754 E/RoleParser( 5019): at com.android.internal.os.RuntimeInit$MethodAndArgsCaller.run(RuntimeInit.java:548)
02-14 14:51:01.754 E/RoleParser( 5019): at com.android.internal.os.ZygoteInit.main(ZygoteInit.java:1009)
02-14 14:51:01.754 E/RoleParser( 5019): Caused by: java.lang.ClassNotFoundException: com.android.permissioncontroller.role.model.EmergencyRoleBehavior
02-14 14:51:01.754 E/RoleParser( 5019): ... 21 more
02-14 14:51:01.754 I/am_wtf ( 1257): [0,5019,com.android.settings,952647173,RoleParser,com.android.permissioncontroller.role.model.EmergencyRoleBehavior]
02-14 14:51:01.754 I/DropBoxManagerService( 1257): add tag=system_app_wtf isTagEnabled=true flags=0x2
02-14 14:51:01.754 E/RoleParser( 5019): Unable to instantiate behavior: com.android.permissioncontroller.role.model.HomeRoleBehavior
02-14 14:51:01.754 E/RoleParser( 5019): java.lang.ClassNotFoundException: com.android.permissioncontroller.role.model.HomeRoleBehavior
02-14 14:51:01.754 E/RoleParser( 5019): at java.lang.Class.classForName(Native Method)
02-14 14:51:01.754 E/RoleParser( 5019): at java.lang.Class.forName(Class.java:454)
02-14 14:51:01.754 E/RoleParser( 5019): at java.lang.Class.forName(Class.java:379)
02-14 14:51:01.754 E/RoleParser( 5019): at com.android.permissioncontroller.role.model.RoleParser.parseRole(RoleParser.java:298)
02-14 14:51:01.754 E/RoleParser( 5019): at com.android.permissioncontroller.role.model.RoleParser.parseRoles(RoleParser.java:212)
02-14 14:51:01.754 E/RoleParser( 5019): at com.android.permissioncontroller.role.model.RoleParser.parseXml(RoleParser.java:171)
02-14 14:51:01.754 E/RoleParser( 5019): at com.android.permissioncontroller.role.model.RoleParser.parse(RoleParser.java:136)
02-14 14:51:01.754 E/RoleParser( 5019): at com.android.permissioncontroller.role.model.Roles.get(Roles.java:49)
02-14 14:51:01.754 E/RoleParser( 5019): at com.android.permissioncontroller.PermissionControllerApplication.updateSpecialAppAccessListActivityEnabledState(PermissionControllerApplication.java:51)
02-14 14:51:01.754 E/RoleParser( 5019): at com.android.permissioncontroller.PermissionControllerApplication.onCreate(PermissionControllerApplication.java:40)
02-14 14:51:01.754 E/RoleParser( 5019): at android.app.Instrumentation.callApplicationOnCreate(Instrumentation.java:1212)
02-14 14:51:01.754 E/RoleParser( 5019): at android.app.ActivityThread.handleBindApplication(ActivityThread.java:6744)
02-14 14:51:01.754 E/RoleParser( 5019): at android.app.ActivityThread.access$1500(ActivityThread.java:248)
02-14 14:51:01.754 E/RoleParser( 5019): at android.app.ActivityThread$H.handleMessage(ActivityThread.java:2054)
02-14 14:51:01.754 E/RoleParser( 5019): at android.os.Handler.dispatchMessage(Handler.java:106)
02-14 14:51:01.754 E/RoleParser( 5019): at android.os.Looper.loopOnce(Looper.java:201)
02-14 14:51:01.754 E/RoleParser( 5019): at android.os.Looper.loop(Looper.java:288)
02-14 14:51:01.754 E/RoleParser( 5019): at android.app.ActivityThread.main(ActivityThread.java:7880)
02-14 14:51:01.754 E/RoleParser( 5019): at java.lang.reflect.Method.invoke(Native Method)
02-14 14:51:01.754 E/RoleParser( 5019): at com.android.internal.os.RuntimeInit$MethodAndArgsCaller.run(RuntimeInit.java:548)
02-14 14:51:01.754 E/RoleParser( 5019): at com.android.internal.os.ZygoteInit.main(ZygoteInit.java:1009)
02-14 14:51:01.754 E/RoleParser( 5019): Caused by: java.lang.ClassNotFoundException: com.android.permissioncontroller.role.model.HomeRoleBehavior
02-14 14:51:01.754 E/RoleParser( 5019): ... 21 more
02-14 14:51:01.755 I/am_wtf ( 1257): [0,5019,com.android.settings,952647173,RoleParser,com.android.permissioncontroller.role.model.HomeRoleBehavior]
02-14 14:51:01.756 E/RoleParser( 5019): Unable to instantiate behavior: com.android.permissioncontroller.role.model.SystemAutomotiveClusterRoleBehavior
02-14 14:51:01.756 E/RoleParser( 5019): java.lang.ClassNotFoundException: com.android.permissioncontroller.role.model.SystemAutomotiveClusterRoleBehavior
02-14 14:51:01.756 E/RoleParser( 5019): at java.lang.Class.classForName(Native Method)
02-14 14:51:01.756 E/RoleParser( 5019): at java.lang.Class.forName(Class.java:454)
02-14 14:51:01.756 E/RoleParser( 5019): at java.lang.Class.forName(Class.java:379)
02-14 14:51:01.756 E/RoleParser( 5019): at com.android.permissioncontroller.role.model.RoleParser.parseRole(RoleParser.java:298)
02-14 14:51:01.756 E/RoleParser( 5019): at com.android.permissioncontroller.role.model.RoleParser.parseRoles(RoleParser.java:212)
02-14 14:51:01.756 E/RoleParser( 5019): at com.android.permissioncontroller.role.model.RoleParser.parseXml(RoleParser.java:171)
02-14 14:51:01.756 E/RoleParser( 5019): at com.android.permissioncontroller.role.model.RoleParser.parse(RoleParser.java:136)
02-14 14:51:01.756 E/RoleParser( 5019): at com.android.permissioncontroller.role.model.Roles.get(Roles.java:49)
02-14 14:51:01.756 E/RoleParser( 5019): at com.android.permissioncontroller.PermissionControllerApplication.updateSpecialAppAccessListActivityEnabledState(PermissionControllerApplication.java:51)
02-14 14:51:01.756 E/RoleParser( 5019): at com.android.permissioncontroller.PermissionControllerApplication.onCreate(PermissionControllerApplication.java:40)
02-14 14:51:01.756 E/RoleParser( 5019): at android.app.Instrumentation.callApplicationOnCreate(Instrumentation.java:1212)
02-14 14:51:01.756 E/RoleParser( 5019): at android.app.ActivityThread.handleBindApplication(ActivityThread.java:6744)
02-14 14:51:01.756 E/RoleParser( 5019): at android.app.ActivityThread.access$1500(ActivityThread.java:248)
02-14 14:51:01.756 E/RoleParser( 5019): at android.app.ActivityThread$H.handleMessage(ActivityThread.java:2054)
02-14 14:51:01.756 E/RoleParser( 5019): at android.os.Handler.dispatchMessage(Handler.java:106)
02-14 14:51:01.756 E/RoleParser( 5019): at android.os.Looper.loopOnce(Looper.java:201)
02-14 14:51:01.756 E/RoleParser( 5019): at android.os.Looper.loop(Looper.java:288)
02-14 14:51:01.756 E/RoleParser( 5019): at android.app.ActivityThread.main(ActivityThread.java:7880)
02-14 14:51:01.756 E/RoleParser( 5019): at java.lang.reflect.Method.invoke(Native Method)
02-14 14:51:01.756 E/RoleParser( 5019): at com.android.internal.os.RuntimeInit$MethodAndArgsCaller.run(RuntimeInit.java:548)
02-14 14:51:01.756 E/RoleParser( 5019): at com.android.internal.os.ZygoteInit.main(ZygoteInit.java:1009)
02-14 14:51:01.756 E/RoleParser( 5019): Caused by: java.lang.ClassNotFoundException: com.android.permissioncontroller.role.model.SystemAutomotiveClusterRoleBehavior
02-14 14:51:01.756 E/RoleParser( 5019): ... 21 more
02-14 14:51:01.756 I/am_wtf ( 1257): [0,5019,com.android.settings,952647173,RoleParser,com.android.permissioncontroller.role.model.SystemAutomotiveClusterRoleBehavior]
02-14 14:51:01.756 E/RoleParser( 5019): Unable to instantiate behavior: com.android.permissioncontroller.role.model.CompanionDeviceWatchRoleBehavior
02-14 14:51:01.756 E/RoleParser( 5019): java.lang.ClassNotFoundException: com.android.permissioncontroller.role.model.CompanionDeviceWatchRoleBehavior
02-14 14:51:01.756 E/RoleParser( 5019): at java.lang.Class.classForName(Native Method)
02-14 14:51:01.756 E/RoleParser( 5019): at java.lang.Class.forName(Class.java:454)
02-14 14:51:01.756 E/RoleParser( 5019): at java.lang.Class.forName(Class.java:379)
02-14 14:51:01.756 E/RoleParser( 5019): at com.android.permissioncontroller.role.model.RoleParser.parseRole(RoleParser.java:298)
02-14 14:51:01.756 E/RoleParser( 5019): at com.android.permissioncontroller.role.model.RoleParser.parseRoles(RoleParser.java:212)
02-14 14:51:01.756 E/RoleParser( 5019): at com.android.permissioncontroller.role.model.RoleParser.parseXml(RoleParser.java:171)
02-14 14:51:01.756 E/RoleParser( 5019): at com.android.permissioncontroller.role.model.RoleParser.parse(RoleParser.java:136)
02-14 14:51:01.756 E/RoleParser( 5019): at com.android.permissioncontroller.role.model.Roles.get(Roles.java:49)
02-14 14:51:01.756 E/RoleParser( 5019): at com.android.permissioncontroller.PermissionControllerApplication.updateSpecialAppAccessListActivityEnabledState(PermissionControllerApplication.java:51)
02-14 14:51:01.756 E/RoleParser( 5019): at com.android.permissioncontroller.PermissionControllerApplication.onCreate(PermissionControllerApplication.java:40)
02-14 14:51:01.756 E/RoleParser( 5019): at android.app.Instrumentation.callApplicationOnCreate(Instrumentation.java:1212)
02-14 14:51:01.756 E/RoleParser( 5019): at android.app.ActivityThread.handleBindApplication(ActivityThread.java:6744)
02-14 14:51:01.756 E/RoleParser( 5019): at android.app.ActivityThread.access$1500(ActivityThread.java:248)
02-14 14:51:01.756 E/RoleParser( 5019): at android.app.ActivityThread$H.handleMessage(ActivityThread.java:2054)
02-14 14:51:01.756 E/RoleParser( 5019): at android.os.Handler.dispatchMessage(Handler.java:106)
02-14 14:51:01.756 E/RoleParser( 5019): at android.os.Looper.loopOnce(Looper.java:201)
02-14 14:51:01.756 E/RoleParser( 5019): at android.os.Looper.loop(Looper.java:288)
02-14 14:51:01.756 E/RoleParser( 5019): at android.app.ActivityThread.main(ActivityThread.java:7880)
02-14 14:51:01.756 E/RoleParser( 5019): at java.lang.reflect.Method.invoke(Native Method)
02-14 14:51:01.756 E/RoleParser( 5019): at com.android.internal.os.RuntimeInit$MethodAndArgsCaller.run(RuntimeInit.java:548)
02-14 14:51:01.756 E/RoleParser( 5019): at com.android.internal.os.ZygoteInit.main(ZygoteInit.java:1009)
02-14 14:51:01.756 E/RoleParser( 5019): Caused by: java.lang.ClassNotFoundException: com.android.permissioncontroller.role.model.CompanionDeviceWatchRoleBehavior
02-14 14:51:01.756 E/RoleParser( 5019): ... 21 more
02-14 14:51:01.757 I/am_wtf ( 1257): [0,5019,com.android.settings,952647173,RoleParser,com.android.permissioncontroller.role.model.CompanionDeviceWatchRoleBehavior]
02-14 14:51:01.757 E/RoleParser( 5019): Unable to instantiate behavior: com.android.permissioncontroller.role.model.SystemShellRoleBehavior
02-14 14:51:01.757 E/RoleParser( 5019): java.lang.ClassNotFoundException: com.android.permissioncontroller.role.model.SystemShellRoleBehavior
02-14 14:51:01.757 E/RoleParser( 5019): at java.lang.Class.classForName(Native Method)
02-14 14:51:01.757 E/RoleParser( 5019): at java.lang.Class.forName(Class.java:454)
02-14 14:51:01.757 E/RoleParser( 5019): at java.lang.Class.forName(Class.java:379)
02-14 14:51:01.757 E/RoleParser( 5019): at com.android.permissioncontroller.role.model.RoleParser.parseRole(RoleParser.java:298)
02-14 14:51:01.757 E/RoleParser( 5019): at com.android.permissioncontroller.role.model.RoleParser.parseRoles(RoleParser.java:212)
02-14 14:51:01.757 E/RoleParser( 5019): at com.android.permissioncontroller.role.model.RoleParser.parseXml(RoleParser.java:171)
02-14 14:51:01.757 E/RoleParser( 5019): at com.android.permissioncontroller.role.model.RoleParser.parse(RoleParser.java:136)
02-14 14:51:01.757 E/RoleParser( 5019): at com.android.permissioncontroller.role.model.Roles.get(Roles.java:49)
02-14 14:51:01.757 E/RoleParser( 5019): at com.android.permissioncontroller.PermissionControllerApplication.updateSpecialAppAccessListActivityEnabledState(PermissionControllerApplication.java:51)
02-14 14:51:01.757 E/RoleParser( 5019): at com.android.permissioncontroller.PermissionControllerApplication.onCreate(PermissionControllerApplication.java:40)
02-14 14:51:01.757 E/RoleParser( 5019): at android.app.Instrumentation.callApplicationOnCreate(Instrumentation.java:1212)
02-14 14:51:01.757 E/RoleParser( 5019): at android.app.ActivityThread.handleBindApplication(ActivityThread.java:6744)
02-14 14:51:01.757 E/RoleParser( 5019): at android.app.ActivityThread.access$1500(ActivityThread.java:248)
02-14 14:51:01.757 E/RoleParser( 5019): at android.app.ActivityThread$H.handleMessage(ActivityThread.java:2054)
02-14 14:51:01.757 E/RoleParser( 5019): at android.os.Handler.dispatchMessage(Handler.java:106)
02-14 14:51:01.757 E/RoleParser( 5019): at android.os.Looper.loopOnce(Looper.java:201)
02-14 14:51:01.757 E/RoleParser( 5019): at android.os.Looper.loop(Looper.java:288)
02-14 14:51:01.757 E/RoleParser( 5019): at android.app.ActivityThread.main(ActivityThread.java:7880)
02-14 14:51:01.757 E/RoleParser( 5019): at java.lang.reflect.Method.invoke(Native Method)
02-14 14:51:01.757 E/RoleParser( 5019): at com.android.internal.os.RuntimeInit$MethodAndArgsCaller.run(RuntimeInit.java:548)
02-14 14:51:01.757 E/RoleParser( 5019): at com.android.internal.os.ZygoteInit.main(ZygoteInit.java:1009)
02-14 14:51:01.757 E/RoleParser( 5019): Caused by: java.lang.ClassNotFoundException: com.android.permissioncontroller.role.model.SystemShellRoleBehavior
02-14 14:51:01.757 E/RoleParser( 5019): ... 21 more
02-14 14:51:01.757 I/am_wtf ( 1257): [0,5019,com.android.settings,952647173,RoleParser,com.android.permissioncontroller.role.model.SystemShellRoleBehavior]
02-14 14:51:01.758 E/RoleParser( 5019): Unable to instantiate behavior: com.android.permissioncontroller.role.model.TelevisionRoleBehavior
02-14 14:51:01.758 E/RoleParser( 5019): java.lang.ClassNotFoundException: com.android.permissioncontroller.role.model.TelevisionRoleBehavior
02-14 14:51:01.758 E/RoleParser( 5019): at java.lang.Class.classForName(Native Method)
02-14 14:51:01.758 E/RoleParser( 5019): at java.lang.Class.forName(Class.java:454)
02-14 14:51:01.758 E/RoleParser( 5019): at java.lang.Class.forName(Class.java:379)
02-14 14:51:01.758 E/RoleParser( 5019): at com.android.permissioncontroller.role.model.RoleParser.parseRole(RoleParser.java:298)
02-14 14:51:01.758 E/RoleParser( 5019): at com.android.permissioncontroller.role.model.RoleParser.parseRoles(RoleParser.java:212)
02-14 14:51:01.758 E/RoleParser( 5019): at com.android.permissioncontroller.role.model.RoleParser.parseXml(RoleParser.java:171)
02-14 14:51:01.758 E/RoleParser( 5019): at com.android.permissioncontroller.role.model.RoleParser.parse(RoleParser.java:136)
02-14 14:51:01.758 E/RoleParser( 5019): at com.android.permissioncontroller.role.model.Roles.get(Roles.java:49)
02-14 14:51:01.758 E/RoleParser( 5019): at com.android.permissioncontroller.PermissionControllerApplication.updateSpecialAppAccessListActivityEnabledState(PermissionControllerApplication.java:51)
02-14 14:51:01.758 E/RoleParser( 5019): at com.android.permissioncontroller.PermissionControllerApplication.onCreate(PermissionControllerApplication.java:40)
02-14 14:51:01.758 E/RoleParser( 5019): at android.app.Instrumentation.callApplicationOnCreate(Instrumentation.java:1212)
02-14 14:51:01.758 E/RoleParser( 5019): at android.app.ActivityThread.handleBindApplication(ActivityThread.java:6744)
02-14 14:51:01.758 E/RoleParser( 5019): at android.app.ActivityThread.access$1500(ActivityThread.java:248)
02-14 14:51:01.758 E/RoleParser( 5019): at android.app.ActivityThread$H.handleMessage(ActivityThread.java:2054)
02-14 14:51:01.758 E/RoleParser( 5019): at android.os.Handler.dispatchMessage(Handler.java:106)
02-14 14:51:01.758 E/RoleParser( 5019): at android.os.Looper.loopOnce(Looper.java:201)
02-14 14:51:01.758 E/RoleParser( 5019): at android.os.Looper.loop(Looper.java:288)
02-14 14:51:01.758 E/RoleParser( 5019): at android.app.ActivityThread.main(ActivityThread.java:7880)
02-14 14:51:01.758 E/RoleParser( 5019): at java.lang.reflect.Method.invoke(Native Method)
02-14 14:51:01.758 E/RoleParser( 5019): at com.android.internal.os.RuntimeInit$MethodAndArgsCaller.run(RuntimeInit.java:548)
02-14 14:51:01.758 E/RoleParser( 5019): at com.android.internal.os.ZygoteInit.main(ZygoteInit.java:1009)
02-14 14:51:01.758 E/RoleParser( 5019): Caused by: java.lang.ClassNotFoundException: com.android.permissioncontroller.role.model.TelevisionRoleBehavior
02-14 14:51:01.758 E/RoleParser( 5019): ... 21 more
02-14 14:51:01.758 I/am_wtf ( 1257): [0,5019,com.android.settings,952647173,RoleParser,com.android.permissioncontroller.role.model.TelevisionRoleBehavior]
02-14 14:51:01.758 I/am_pss ( 1257): [3037,10071,com.qualcomm.location.XT,6949888,4653056,0,91095040,0,6,5]
02-14 14:51:01.760 E/RoleParser( 5019): Unable to instantiate behavior: com.android.permissioncontroller.role.model.TelevisionRoleBehavior
02-14 14:51:01.760 E/RoleParser( 5019): java.lang.ClassNotFoundException: com.android.permissioncontroller.role.model.TelevisionRoleBehavior
02-14 14:51:01.760 E/RoleParser( 5019): at java.lang.Class.classForName(Native Method)
02-14 14:51:01.760 E/RoleParser( 5019): at java.lang.Class.forName(Class.java:454)
02-14 14:51:01.760 E/RoleParser( 5019): at java.lang.Class.forName(Class.java:379)
02-14 14:51:01.760 E/RoleParser( 5019): at com.android.permissioncontroller.role.model.RoleParser.parseRole(RoleParser.java:298)
02-14 14:51:01.760 E/RoleParser( 5019): at com.android.permissioncontroller.role.model.RoleParser.parseRoles(RoleParser.java:212)
02-14 14:51:01.760 E/RoleParser( 5019): at com.android.permissioncontroller.role.model.RoleParser.parseXml(RoleParser.java:171)
02-14 14:51:01.760 E/RoleParser( 5019): at com.android.permissioncontroller.role.model.RoleParser.parse(RoleParser.java:136)
02-14 14:51:01.760 E/RoleParser( 5019): at com.android.permissioncontroller.role.model.Roles.get(Roles.java:49)
02-14 14:51:01.760 E/RoleParser( 5019): at com.android.permissioncontroller.PermissionControllerApplication.updateSpecialAppAccessListActivityEnabledState(PermissionControllerApplication.java:51)
02-14 14:51:01.760 E/RoleParser( 5019): at com.android.permissioncontroller.PermissionControllerApplication.onCreate(PermissionControllerApplication.java:40)
02-14 14:51:01.760 E/RoleParser( 5019): at android.app.Instrumentation.callApplicationOnCreate(Instrumentation.java:1212)
02-14 14:51:01.760 E/RoleParser( 5019): at android.app.ActivityThread.handleBindApplication(ActivityThread.java:6744)
02-14 14:51:01.760 E/RoleParser( 5019): at android.app.ActivityThread.access$1500(ActivityThread.java:248)
02-14 14:51:01.760 E/RoleParser( 5019): at android.app.ActivityThread$H.handleMessage(ActivityThread.java:2054)
02-14 14:51:01.760 E/RoleParser( 5019): at android.os.Handler.dispatchMessage(Handler.java:106)
02-14 14:51:01.760 E/RoleParser( 5019): at android.os.Looper.loopOnce(Looper.java:201)
02-14 14:51:01.760 E/RoleParser( 5019): at android.os.Looper.loop(Looper.java:288)
02-14 14:51:01.760 E/RoleParser( 5019): at android.app.ActivityThread.main(ActivityThread.java:7880)
02-14 14:51:01.760 E/RoleParser( 5019): at java.lang.reflect.Method.invoke(Native Method)
02-14 14:51:01.760 E/RoleParser( 5019): at com.android.internal.os.RuntimeInit$MethodAndArgsCaller.run(RuntimeInit.java:548)
02-14 14:51:01.760 E/RoleParser( 5019): at com.android.internal.os.ZygoteInit.main(ZygoteInit.java:1009)
02-14 14:51:01.760 E/RoleParser( 5019): Caused by: java.lang.ClassNotFoundException: com.android.permissioncontroller.role.model.TelevisionRoleBehavior
02-14 14:51:01.760 E/RoleParser( 5019): ... 21 more
02-14 14:51:01.761 I/am_wtf ( 1257): [0,5019,com.android.settings,952647173,RoleParser,com.android.permissioncontroller.role.model.TelevisionRoleBehavior]
02-14 14:51:01.764 I/am_pss ( 1257): [2890,10075,com.qualcomm.location,10954752,7639040,0,101806080,0,0,5]
02-14 14:51:01.769 I/am_pss ( 1257): [2394,1000,com.qualcomm.qti.qdma,9648128,6496256,0,101089280,0,0,5]
02-14 14:51:01.771 I/SettingsHomepageActivity( 5019): SettingsHomepageActivity: onCreate
02-14 14:51:01.774 I/am_pss ( 1257): [2367,1000,com.thundercomm.tcservice,10105856,7544832,0,96124928,0,0,5]
02-14 14:51:01.780 I/am_pss ( 1257): [2312,1000,com.thundercomm.remotecontrolservice,13116416,10285056,0,101289984,0,0,5]
02-14 14:51:01.784 I/am_pss ( 1257): [2286,1068,com.android.se,6230016,4038656,0,89120768,0,0,5]
02-14 14:51:01.789 I/am_pss ( 1257): [2248,1000,vendor.qti.qesdk.sysservice,5925888,3739648,0,88444928,0,0,4]
02-14 14:51:01.794 I/am_pss ( 1257): [2265,10085,com.qti.qualcomm.mstatssystemservice,5893120,3776512,0,87248896,0,0,4]
02-14 14:51:01.800 I/am_pss ( 1257): [2221,1073,com.android.networkstack.process,11366400,8503296,0,100823040,0,0,4]
02-14 14:51:01.803 I/GameMode_ActivityMonitoringService( 2109): onTaskStackChanged
02-14 14:51:01.804 I/GameMode_ActivityMonitoringService( 2109): Updating top task to: TaskInfoContainer [topActivity=ComponentInfo{com.android.settings/com.android.settings.Settings}, taskId=19, stackId=19, userId=0, displayId=0, position=6
02-14 14:51:01.804 I/GameMode_ActivityMonitoringService( 2109): Notifying about top task: TaskInfoContainer [topActivity=ComponentInfo{com.android.settings/com.android.settings.Settings}, taskId=19, stackId=19, userId=0, displayId=0, position=6
02-14 14:51:01.804 I/GameMode_ActivityMonitoringService( 2109): WindowMode: 1
02-14 14:51:01.804 E/GameMode_ActivityMonitoringService( 2109): onActivityLaunch:com.android.settings
02-14 14:51:01.804 V/GameMode_GameTypeUtils( 2109): judge isGame:com.android.settings
02-14 14:51:01.804 V/GameMode_GpuUtils( 2109): fps:60
02-14 14:51:01.805 I/am_pss ( 1257): [2246,1000,com.thundercomm.tcsetupwizard,7076864,4972544,0,88424448,0,0,4]
02-14 14:51:01.805 D/GameMode_GameModeActionUtils( 2109): Show GameMode entry by service!
02-14 14:51:01.805 W/ContextImpl( 2109): Calling a method in the system process without a qualified user: android.app.ContextImpl.startService:1816 android.content.ContextWrapper.startService:774 com.thundercomm.gamemode.ingame.services.GameModeActionUtils.startGameModeService:111 com.thundercomm.gamemode.ingame.services.GameModeActionUtils.startGameModeEntry:22 com.thundercomm.gamemode.ingame.services.ActivityMonitoringService$1.onActivityLaunch:139
02-14 14:51:01.806 D/GameMode_GameModeService( 2109): type=hide_entry
02-14 14:51:01.806 D/GameModeIF_GameModeSettings( 2109): getUriFor setting_content_uri_root = content://com.thundercomm.gamemode.api/gamemode_settings , name = gamemode_isgaming
02-14 14:51:01.806 D/GameMode_GameSettingsObserver( 2109): Game Data change!!!! uri = content://com.thundercomm.gamemode.api/gamemode_settings/gamemode_isgaming
02-14 14:51:01.806 I/GameModeConfig( 1257): Current uri is uri = content://com.thundercomm.gamemode.api/gamemode_settings/gamemode_isgaming
02-14 14:51:01.806 D/GameModeIF_GameModeSettings( 1257): getUriFor setting_content_uri_root = content://com.thundercomm.gamemode.api/gamemode_settings , name = gamemode_isgaming
02-14 14:51:01.806 D/GameModeIF_GameModeSettings( 2109): getUriFor setting_content_uri_root = content://com.thundercomm.gamemode.api/gamemode_settings , name = gamemode_isgaming
02-14 14:51:01.806 D/GameModeIF_GameModeSettings( 2109): gamemode_isgaming set to 0
02-14 14:51:01.807 I/GameMode_ActivityMonitoringService( 2109): [Perf]-lastSession=
02-14 14:51:01.807 D/GameModeIF_GameModeSettings( 2109): getUriFor setting_content_uri_root = content://com.thundercomm.gamemode.api/gamemode_settings , name = gamemode_enable
02-14 14:51:01.807 I/GameModeConfig( 1257): isGameModeOn = true
02-14 14:51:01.807 I/GameModeConfig( 1257): isGaming = false
02-14 14:51:01.807 I/GameModeConfig( 1257): isGameModeOn = true
02-14 14:51:01.807 I/GameModeConfig( 1257): isGaming = false
02-14 14:51:01.807 I/GameModeConfig( 1257): isDisableVoice = true
02-14 14:51:01.807 D/GameMode_GameModeService( 2109): updateGlobalSettings = gamemode_isgaming
02-14 14:51:01.810 I/am_pss ( 1257): [2181,1000,com.thundercomm.tchttpserver,11975680,9822208,0,94347264,0,0,5]
02-14 14:51:01.815 I/am_pss ( 1257): [2202,1000,com.tc.logclient,7989248,5468160,0,95428608,0,0,5]
02-14 14:51:01.820 I/am_pss ( 1257): [2162,10054,.qtidataservices,6307840,4149248,0,89026560,0,0,5]
02-14 14:51:01.825 I/am_pss ( 1257): [2155,1000,com.thundercomm.microsettings,34046976,30453760,0,123740160,0,0,5]
02-14 14:51:01.830 I/am_pss ( 1257): [2159,1001,.dataservices,8324096,6049792,0,91537408,0,0,5]
02-14 14:51:01.835 I/am_pss ( 1257): [2140,1000,com.thundercomm.microservice,9053184,6819840,0,92831744,0,0,4]
02-14 14:51:01.841 I/am_pss ( 1257): [2109,1000,com.thundercomm.gamemode,31769600,26431488,0,133939200,0,0,5]
02-14 14:51:01.852 I/am_pss ( 1257): [2009,10080,com.android.systemui,170728448,153505792,0,316624896,0,0,10]
02-14 14:51:01.867 I/am_pss ( 1257): [1257,1000,system,201441280,118847488,0,498718720,0,0,15]
02-14 14:51:01.872 D/CompatibilityChangeReporter( 5019): Compat change id reported: 171228096; UID 1000; state: ENABLED
02-14 14:51:01.876 I/am_uid_running( 1257): 10082
02-14 14:51:01.876 D/CompatibilityChangeReporter( 1257): Compat change id reported: 135634846; UID 10082; state: DISABLED
02-14 14:51:01.876 D/CompatibilityChangeReporter( 1257): Compat change id reported: 177438394; UID 10082; state: DISABLED
02-14 14:51:01.876 D/CompatibilityChangeReporter( 1257): Compat change id reported: 135772972; UID 10082; state: DISABLED
02-14 14:51:01.876 D/CompatibilityChangeReporter( 1257): Compat change id reported: 135754954; UID 10082; state: ENABLED
02-14 14:51:01.877 D/CompatibilityChangeReporter( 1257): Compat change id reported: 143937733; UID 10082; state: ENABLED
02-14 14:51:01.878 D/AvatarViewMixin( 5019): Feature disabled by config. Skipping
02-14 14:51:01.881 I/wm_on_create_called( 5019): [8998402,com.android.settings.Settings,performCreate]
02-14 14:51:01.881 D/Zygote ( 667): Forked child process 5054
02-14 14:51:01.881 I/am_proc_start( 1257): [0,5054,10082,com.qualcomm.qti.qccauthmgr,content provider,{com.qualcomm.qti.qccauthmgr/com.qualcomm.qti.qccauthmgr.providers.SMQContentProvider}]
02-14 14:51:01.881 I/ActivityManager( 1257): Start proc 5054:com.qualcomm.qti.qccauthmgr/u0a82 for content provider {com.qualcomm.qti.qccauthmgr/com.qualcomm.qti.qccauthmgr.providers.SMQContentProvider}
02-14 14:51:01.884 D/PrefCtrlListHelper( 5019): Could not find Context-only controller for pref: com.android.settings.network.TopLevelNetworkEntryPreferenceController
02-14 14:51:01.884 D/PrefCtrlListHelper( 5019): Could not find Context-only controller for pref: com.android.settings.connecteddevice.TopLevelConnectedDevicesPreferenceController
02-14 14:51:01.884 D/PrefCtrlListHelper( 5019): Could not find Context-only controller for pref: com.android.settings.fuelgauge.TopLevelBatteryPreferenceController
02-14 14:51:01.885 D/PrefCtrlListHelper( 5019): Could not find Context-only controller for pref: com.android.settings.deviceinfo.TopLevelStoragePreferenceController
02-14 14:51:01.885 D/PrefCtrlListHelper( 5019): Could not find Context-only controller for pref: com.android.settings.display.TopLevelDisplayPreferenceController
02-14 14:51:01.885 D/PrefCtrlListHelper( 5019): Could not find Context-only controller for pref: com.android.settings.display.TopLevelWallpaperPreferenceController
02-14 14:51:01.885 D/PrefCtrlListHelper( 5019): Could not find Context-only controller for pref: com.android.settings.accessibility.TopLevelAccessibilityPreferenceController
02-14 14:51:01.885 D/PrefCtrlListHelper( 5019): Could not find Context-only controller for pref: com.android.settings.security.TopLevelSecurityEntryPreferenceController
02-14 14:51:01.885 D/PrefCtrlListHelper( 5019): Could not find Context-only controller for pref: com.android.settings.location.TopLevelLocationPreferenceController
02-14 14:51:01.885 D/PrefCtrlListHelper( 5019): Could not find Context-only controller for pref: com.android.settings.accounts.TopLevelAccountEntryPreferenceController
02-14 14:51:01.886 D/PrefCtrlListHelper( 5019): Could not find Context-only controller for pref: com.android.settings.deviceinfo.aboutphone.TopLevelAboutDevicePreferenceController
02-14 14:51:01.886 D/PrefCtrlListHelper( 5019): Could not find Context-only controller for pref: com.android.settings.support.SupportPreferenceController
02-14 14:51:01.887 E/.qti.qccauthmg( 5054): Not starting debugger since process cannot load the jdwp agent.
02-14 14:51:01.888 D/ProcessState( 5054): Binder ioctl to enable oneway spam detection failed: Invalid argument
02-14 14:51:01.889 E/UserRestrictionsUtils( 1257): Unknown restriction queried by uid 1000 (vendor.qti.qesdk.sysservice et al): null
02-14 14:51:01.889 E/UserRestrictionsUtils( 1257): Unknown restriction queried by uid 1000 (vendor.qti.qesdk.sysservice et al): null
02-14 14:51:01.889 E/UserRestrictionsUtils( 1257): Unknown restriction queried by uid 1000 (vendor.qti.qesdk.sysservice et al): null
02-14 14:51:01.889 E/UserRestrictionsUtils( 1257): Unknown restriction queried by uid 1000 (vendor.qti.qesdk.sysservice et al): null
02-14 14:51:01.890 E/UserRestrictionsUtils( 1257): Unknown restriction queried by uid 1000 (vendor.qti.qesdk.sysservice et al): null
02-14 14:51:01.888 I/binder ( 0): 5054:5054 ioctl 40046210 7ff8b27384 returned -22
02-14 14:51:01.890 E/UserRestrictionsUtils( 1257): Unknown restriction queried by uid 1000 (vendor.qti.qesdk.sysservice et al): null
02-14 14:51:01.890 E/UserRestrictionsUtils( 1257): Unknown restriction queried by uid 1000 (vendor.qti.qesdk.sysservice et al): null
02-14 14:51:01.890 I/am_proc_bound( 1257): [0,5054,com.qualcomm.qti.qccauthmgr]
02-14 14:51:01.890 E/UserRestrictionsUtils( 1257): Unknown restriction queried by uid 1000 (vendor.qti.qesdk.sysservice et al): null
02-14 14:51:01.890 E/UserRestrictionsUtils( 1257): Unknown restriction queried by uid 1000 (vendor.qti.qesdk.sysservice et al): null
02-14 14:51:01.891 E/UserRestrictionsUtils( 1257): Unknown restriction queried by uid 1000 (vendor.qti.qesdk.sysservice et al): null
02-14 14:51:01.891 D/CompatibilityInfo( 1257): mCompatibilityFlags - 4
02-14 14:51:01.891 D/CompatibilityInfo( 1257): applicationDensity - 240
02-14 14:51:01.891 D/CompatibilityInfo( 1257): applicationScale - 1.0
02-14 14:51:01.891 E/UserRestrictionsUtils( 1257): Unknown restriction queried by uid 1000 (vendor.qti.qesdk.sysservice et al): null
02-14 14:51:01.891 E/UserRestrictionsUtils( 1257): Unknown restriction queried by uid 1000 (vendor.qti.qesdk.sysservice et al): null
02-14 14:51:01.891 E/UserRestrictionsUtils( 1257): Unknown restriction queried by uid 1000 (vendor.qti.qesdk.sysservice et al): null
02-14 14:51:01.891 I/am_uid_active( 1257): 10082
02-14 14:51:01.892 E/UserRestrictionsUtils( 1257): Unknown restriction queried by uid 1000 (vendor.qti.qesdk.sysservice et al): null
02-14 14:51:01.892 E/UserRestrictionsUtils( 1257): Unknown restriction queried by uid 1000 (vendor.qti.qesdk.sysservice et al): null
02-14 14:51:01.893 E/UserRestrictionsUtils( 1257): Unknown restriction queried by uid 1000 (vendor.qti.qesdk.sysservice et al): null
02-14 14:51:01.893 D/CompatibilityChangeReporter( 5054): Compat change id reported: 171979766; UID 10082; state: ENABLED
02-14 14:51:01.893 E/UserRestrictionsUtils( 1257): Unknown restriction queried by uid 1000 (vendor.qti.qesdk.sysservice et al): null
02-14 14:51:01.893 E/UserRestrictionsUtils( 1257): Unknown restriction queried by uid 1000 (vendor.qti.qesdk.sysservice et al): null
02-14 14:51:01.894 W/InstrumentedPrefFrag( 5019): Screen title missing for fragment com.android.settings.homepage.TopLevelSettings
02-14 14:51:01.899 I/Perf ( 5054): Connecting to perf service.
02-14 14:51:01.899 D/TopLevelSettings( 5019): NO dashboard tiles for TopLevelSettings
02-14 14:51:01.899 D/TopLevelSettings( 5019): All preferences added, reporting fully drawn
02-14 14:51:01.901 V/GraphicsEnvironment( 5054): ANGLE Developer option for 'com.qualcomm.qti.qccauthmgr' set to: 'default'
02-14 14:51:01.901 V/GraphicsEnvironment( 5054): ANGLE GameManagerService for com.qualcomm.qti.qccauthmgr: false
02-14 14:51:01.902 D/NetworkSecurityConfig( 5054): No Network Security Config specified, using platform default
02-14 14:51:01.902 D/NetworkSecurityConfig( 5054): No Network Security Config specified, using platform default
02-14 14:51:01.902 D/qcc:QccAuthApp( 5054): load libqccAuthMgr
02-14 14:51:01.903 D/QCCAuthMgr( 5054): SMQContentProvider onCreate
02-14 14:51:01.904 I/qcc:QccAuthApp( 5054): onCreate()
02-14 14:51:01.904 D/qcc:QccAuthApp( 5054): detectUninstallIsv
02-14 14:51:01.905 D/QCCAuthMgr( 5054): SMQContentProvider query uri: content://com.qti.smq.Feedback.provider/smq_settings, selection: key=?, uri_matcher: 1
02-14 14:51:01.907 D/QCCAuthMgr( 5054): SMQContentProvider query tableName: smq_settings
02-14 14:51:01.915 W/BatteryBroadcastRcvr( 5019): Problem reading the battery meter.
02-14 14:51:01.916 I/wm_on_start_called( 5019): [8998402,com.android.settings.Settings,handleStartActivity]
02-14 14:51:01.916 I/snet_event_log( 5019): [120484087,-1,]
02-14 14:51:01.917 I/TopLevelSettings( 5019): TopLevelSettings: TopLevelSettings::com.android.settings.network.NetworkDashboardFragment
02-14 14:51:01.917 D/BatteryInfo( 5019): time for getStats: 0ms
02-14 14:51:01.917 I/wm_on_resume_called( 5019): [8998402,com.android.settings.Settings,RESUME_ACTIVITY]
02-14 14:51:01.918 D/BatteryInfo( 5019): time for regular BatteryInfo: 1ms
02-14 14:51:01.918 D/BatteryInfo( 5019): time for getBatteryInfo: 0ms
02-14 14:51:01.919 I/sysui_multi_action( 5019): [757,35,758,1,833,0,1089,35]
02-14 14:51:01.921 D/BatteryTipLoader( 5019): BatteryInfoLoader post query: 1ms
02-14 14:51:01.921 D/BatteryInfo( 5019): time for getBatteryInfo: 0ms
02-14 14:51:01.921 D/BatteryTipLoader( 5019): BatteryInfoLoader.loadInBackground: 1ms
02-14 14:51:01.922 W/UnsafeUtil( 5019): platform method missing - proto runtime falling back to safer methods: java.lang.NoSuchMethodException: sun.misc.Unsafe.copyMemory [class java.lang.Object, long, class java.lang.Object, long, long]
02-14 14:51:01.922 D/UsageGraph( 5019): No enabled state changed, skipping updateCategory call
02-14 14:51:01.925 I/sysui_multi_action( 5019): [757,1729,758,4,854,isParalleledControllers:false,1089,41]
02-14 14:51:01.931 I/wm_on_top_resumed_gained_called( 5019): [8998402,com.android.settings.Settings,topStateChangedWhenResumed]
02-14 14:51:01.931 W/BatteryBroadcastRcvr( 5019): Problem reading the battery meter.
02-14 14:51:01.932 D/BatteryInfo( 5019): time for callback: 0ms
02-14 14:51:01.935 D/BatteryInfo( 5019): time for getStats: 0ms
02-14 14:51:01.935 D/BatteryInfo( 5019): time for regular BatteryInfo: 0ms
02-14 14:51:01.936 D/BatteryInfo( 5019): time for getBatteryInfo: 1ms
02-14 14:51:01.936 D/BatteryTipLoader( 5019): BatteryInfoLoader post query: 0ms
02-14 14:51:01.937 D/BatteryInfo( 5019): time for getBatteryInfo: 1ms
02-14 14:51:01.937 D/BatteryTipLoader( 5019): BatteryInfoLoader.loadInBackground: 1ms
02-14 14:51:01.953 I/mpu_uart( 646): [MSG-P:RECV]:No message received in 1000 ms
02-14 14:51:01.963 I/input_focus( 1257): [Focus request 51913a4 com.android.settings/com.android.settings.Settings,reason=UpdateInputWindows]
02-14 14:51:01.964 I/AdrenoGLES-0( 5019): QUALCOMM build : 47421dbee6, I139f36ad46
02-14 14:51:01.964 I/AdrenoGLES-0( 5019): Build Date : 02/18/22
02-14 14:51:01.964 I/AdrenoGLES-0( 5019): OpenGL ES Shader Compiler Version: EV031.32.02.17
02-14 14:51:01.964 I/AdrenoGLES-0( 5019): Local Branch :
02-14 14:51:01.964 I/AdrenoGLES-0( 5019): Remote Branch :
02-14 14:51:01.964 I/AdrenoGLES-0( 5019): Remote Branch :
02-14 14:51:01.964 I/AdrenoGLES-0( 5019): Reconstruct Branch :
02-14 14:51:01.964 I/AdrenoGLES-0( 5019): Build Config : S P 10.0.7 AArch64
02-14 14:51:01.964 I/AdrenoGLES-0( 5019): Driver Path : /vendor/lib64/egl/libGLESv2_adreno.so
02-14 14:51:01.965 I/hwservicemanager( 507): getTransport: Cannot find entry android.hardware.graphics.mapper@4.0::IMapper/default in either framework or device VINTF manifest.
02-14 14:51:01.967 I/AdrenoGLES-0( 5019): PFP: 0x016dd093, ME: 0x00000000
02-14 14:51:01.971 D/libEGL ( 5019): MSAA-->msaa:4 gamemode:0 4x_msaa:0
02-14 14:51:01.971 D/libEGL ( 5019): MSAA-->msaa:4 gamemode:0 4x_msaa:0
02-14 14:51:01.971 D/libEGL ( 5019): MSAA-->msaa:4 gamemode:0 4x_msaa:0
02-14 14:51:01.974 I/SDM ( 837): HWCDisplay::GetColorModeCount: Supported color mode count = 1
02-14 14:51:01.974 I/SDM ( 837): HWCDisplay::GetColorModes: Color mode = 0 is supported
02-14 14:51:01.974 E/HWComposer( 981): getSupportedContentTypes: getSupportedContentTypes failed for display 4630946370410392961: Unsupported (8)
02-14 14:51:01.975 D/hw-ProcessState( 5019): Binder ioctl to enable oneway spam detection failed: Invalid argument
02-14 14:51:01.975 I/hwservicemanager( 507): getTransport: Cannot find entry android.hardware.graphics.mapper@4.0::IMapper/default in either framework or device VINTF manifest.
02-14 14:51:01.975 I/Gralloc4( 5019): mapper 4.x is not supported
02-14 14:51:01.975 I/binder ( 0): 5019:5048 ioctl 40046210 7b5db211f4 returned -22
02-14 14:51:01.977 I/hwservicemanager( 507): getTransport: Cannot find entry android.hardware.graphics.allocator@4.0::IAllocator/default in either framework or device VINTF manifest.
02-14 14:51:01.977 W/Gralloc4( 5019): allocator 4.x is not supported
02-14 14:51:01.996 D/BatteryInfo( 5019): time for callback: 0ms
02-14 14:51:01.996 I/sysui_multi_action( 1257): [324,0,757,1090,758,12,806,com.android.settings,871,com.android.settings.Settings,1091,307]
02-14 14:51:01.998 I/sysui_multi_action( 1257): [319,27,321,25,322,307,325,1585,757,761,758,7,759,1,806,com.android.settings,871,com.android.settings.Settings,904,com.android.launcher3,905,0,945,39,1320,4,1321,1]
02-14 14:51:01.999 I/wm_activity_launch_time( 1257): [0,8998402,com.android.settings/.Settings,307]
02-14 14:51:02.001 I/ActivityTaskManager( 1257): Displayed com.android.settings/.Settings: +307ms
02-14 14:51:02.001 I/ActivityTaskManager( 1257): Fully drawn com.android.settings/.Settings: +307ms
02-14 14:51:02.001 I/EventSequenceValidator( 1257): dec AccIntentStartedEvents to 1
02-14 14:51:02.010 I/input_focus( 1257): [Focus entering 51913a4 com.android.settings/com.android.settings.Settings (server),reason=Window became focusable. Previous reason: NOT_VISIBLE]
02-14 14:51:02.031 I/TetheringManager( 5019): registerTetheringEventCallback:com.android.settings
02-14 14:51:02.032 D/PrefCtrlListHelper( 5019): Could not find Context-only controller for pref: com.android.settings.network.MultiNetworkHeaderController
02-14 14:51:02.032 D/PrefCtrlListHelper( 5019): Could not find Context-only controller for pref: com.android.settings.network.AirplaneModePreferenceController
02-14 14:51:02.032 D/PrefCtrlListHelper( 5019): Could not find Context-only controller for pref: com.android.settings.network.AllInOneTetherPreferenceController
02-14 14:51:02.032 D/PrefCtrlListHelper( 5019): Could not find Context-only controller for pref: com.android.settings.network.AdaptiveConnectivityPreferenceController
02-14 14:51:02.035 W/CarrierConfigManager( 5019): Error getting config for subId -1 ICarrierConfigLoader is null
02-14 14:51:02.035 D/MobilePlanPrefContr( 5019): onCreate: mMobilePlanDialogMessage=null
02-14 14:51:02.036 D/BluetoothPan( 5019): Binding service...
02-14 14:51:02.038 E/UserRestrictionsUtils( 1257): Unknown restriction queried by uid 1000 (vendor.qti.qesdk.sysservice et al): null
02-14 14:51:02.045 D/NetworkDashboardFrag( 5019): NO dashboard tiles for NetworkDashboardFrag
02-14 14:51:02.045 D/NetworkDashboardFrag( 5019): All preferences added, reporting fully drawn
02-14 14:51:02.052 D/ConnectivityService( 1257): requestNetwork for uid/pid:1000/5019 activeRequest: null callbackRequest: 52 [NetworkRequest [ REQUEST id=53, [ Capabilities: INTERNET&NOT_RESTRICTED&TRUSTED&NOT_VCN_MANAGED Uid: 1000 RequestorUid: 1000 RequestorPkg: com.android.settings] ]] callback flags: 0 priority: 2147483647
02-14 14:51:02.052 D/ConnectivityService( 1257): NetReassign [no changes]
02-14 14:51:02.052 D/Ethernet( 1257): got request NetworkRequest [ REQUEST id=53, [ Capabilities: INTERNET&NOT_RESTRICTED&TRUSTED&NOT_VCN_MANAGED Uid: 1000 RequestorUid: 1000 RequestorPkg: com.android.settings] ]
02-14 14:51:02.053 D/EthernetNetworkFactory( 1257): acceptRequest, request: NetworkRequest [ REQUEST id=53, [ Capabilities: INTERNET&NOT_RESTRICTED&TRUSTED&NOT_VCN_MANAGED Uid: 1000 RequestorUid: 1000 RequestorPkg: com.android.settings] ]
02-14 14:51:02.053 I/EthernetNetworkFactory( 1257): networkForRequest, request: NetworkRequest [ REQUEST id=53, [ Capabilities: INTERNET&NOT_RESTRICTED&TRUSTED&NOT_VCN_MANAGED Uid: 1000 RequestorUid: 1000 RequestorPkg: com.android.settings] ], network: null
02-14 14:51:02.053 D/WifiNetworkFactory( 1257): got request NetworkRequest [ REQUEST id=53, [ Capabilities: INTERNET&NOT_RESTRICTED&TRUSTED&NOT_VCN_MANAGED Uid: 1000 RequestorUid: 1000 RequestorPkg: com.android.settings] ]
02-14 14:51:02.053 D/UntrustedWifiNetworkFactory( 1257): got request NetworkRequest [ REQUEST id=53, [ Capabilities: INTERNET&NOT_RESTRICTED&TRUSTED&NOT_VCN_MANAGED Uid: 1000 RequestorUid: 1000 RequestorPkg: com.android.settings] ]
02-14 14:51:02.053 D/OemPaidWifiNetworkFactory( 1257): got request NetworkRequest [ REQUEST id=53, [ Capabilities: INTERNET&NOT_RESTRICTED&TRUSTED&NOT_VCN_MANAGED Uid: 1000 RequestorUid: 1000 RequestorPkg: com.android.settings] ]
02-14 14:51:02.053 D/ConnectivityService( 1257): NetReassign [no changes]
02-14 14:51:02.054 D/ConnectivityService( 1257): requestNetwork for uid/pid:1000/5019 activeRequest: null callbackRequest: 55 [NetworkRequest [ REQUEST id=56, [ Capabilities: INTERNET&NOT_RESTRICTED&TRUSTED&NOT_VCN_MANAGED Uid: 1000 RequestorUid: 1000 RequestorPkg: com.android.settings] ]] callback flags: 0 priority: 2147483647
02-14 14:51:02.054 D/ConnectivityService( 1257): NetReassign [no changes]
02-14 14:51:02.054 D/Ethernet( 1257): got request NetworkRequest [ REQUEST id=56, [ Capabilities: INTERNET&NOT_RESTRICTED&TRUSTED&NOT_VCN_MANAGED Uid: 1000 RequestorUid: 1000 RequestorPkg: com.android.settings] ]
02-14 14:51:02.054 D/EthernetNetworkFactory( 1257): acceptRequest, request: NetworkRequest [ REQUEST id=56, [ Capabilities: INTERNET&NOT_RESTRICTED&TRUSTED&NOT_VCN_MANAGED Uid: 1000 RequestorUid: 1000 RequestorPkg: com.android.settings] ]
02-14 14:51:02.054 I/EthernetNetworkFactory( 1257): networkForRequest, request: NetworkRequest [ REQUEST id=56, [ Capabilities: INTERNET&NOT_RESTRICTED&TRUSTED&NOT_VCN_MANAGED Uid: 1000 RequestorUid: 1000 RequestorPkg: com.android.settings] ], network: null
02-14 14:51:02.054 D/WifiNetworkFactory( 1257): got request NetworkRequest [ REQUEST id=56, [ Capabilities: INTERNET&NOT_RESTRICTED&TRUSTED&NOT_VCN_MANAGED Uid: 1000 RequestorUid: 1000 RequestorPkg: com.android.settings] ]
02-14 14:51:02.054 D/UntrustedWifiNetworkFactory( 1257): got request NetworkRequest [ REQUEST id=56, [ Capabilities: INTERNET&NOT_RESTRICTED&TRUSTED&NOT_VCN_MANAGED Uid: 1000 RequestorUid: 1000 RequestorPkg: com.android.settings] ]
02-14 14:51:02.055 D/OemPaidWifiNetworkFactory( 1257): got request NetworkRequest [ REQUEST id=56, [ Capabilities: INTERNET&NOT_RESTRICTED&TRUSTED&NOT_VCN_MANAGED Uid: 1000 RequestorUid: 1000 RequestorPkg: com.android.settings] ]
02-14 14:51:02.055 I/TetheringManager( 5019): registerTetheringEventCallback caller:com.android.settings
02-14 14:51:02.058 D/ConnectivityService( 1257): NetReassign [no changes]
02-14 14:51:02.058 D/ConnectivityService( 1257): requestNetwork for uid/pid:1000/5019 activeRequest: null callbackRequest: 58 [NetworkRequest [ REQUEST id=59, [ Capabilities: INTERNET&NOT_RESTRICTED&TRUSTED&NOT_VCN_MANAGED Uid: 1000 RequestorUid: 1000 RequestorPkg: com.android.settings] ]] callback flags: 1 priority: 2147483647
02-14 14:51:02.058 D/ConnectivityService( 1257): NetReassign [no changes]
02-14 14:51:02.058 D/Ethernet( 1257): got request NetworkRequest [ REQUEST id=59, [ Capabilities: INTERNET&NOT_RESTRICTED&TRUSTED&NOT_VCN_MANAGED Uid: 1000 RequestorUid: 1000 RequestorPkg: com.android.settings] ]
02-14 14:51:02.058 D/EthernetNetworkFactory( 1257): acceptRequest, request: NetworkRequest [ REQUEST id=59, [ Capabilities: INTERNET&NOT_RESTRICTED&TRUSTED&NOT_VCN_MANAGED Uid: 1000 RequestorUid: 1000 RequestorPkg: com.android.settings] ]
02-14 14:51:02.058 I/EthernetNetworkFactory( 1257): networkForRequest, request: NetworkRequest [ REQUEST id=59, [ Capabilities: INTERNET&NOT_RESTRICTED&TRUSTED&NOT_VCN_MANAGED Uid: 1000 RequestorUid: 1000 RequestorPkg: com.android.settings] ], network: null
