02-14 14:45:58.664 I/input_interaction( 1257): Interaction with: c76e332 com.thundercomm.screensaver/com.thundercomm.screensaver.ui.page.MainActivity (server), edge-swipe (server), swipe-up (server), PointerEventDispatcher0 (server),
02-14 14:46:01.211 I/service_manager_stats( 1257): [100,38,514711]
02-14 14:46:01.234 I/view_enqueue_input_event( 4042): [Motion - Cancel,com.thundercomm.screensaver/com.thundercomm.screensaver.ui.page.MainActivity]
02-14 14:46:01.246 I/input_interaction( 1257): Interaction with: edge-swipe (server), swipe-up (server), PointerEventDispatcher0 (server),
02-14 14:46:01.345 I/sysui_multi_action( 1257): [757,803,799,key_back_press,802,1]
02-14 14:46:01.348 I/input_interaction( 1257): Interaction with: c76e332 com.thundercomm.screensaver/com.thundercomm.screensaver.ui.page.MainActivity (server), PointerEventDispatcher0 (server),
02-14 14:46:01.351 I/wm_finish_activity( 1257): [0,185885451,14,com.thundercomm.screensaver/.ui.page.MainActivity,app-request]
02-14 14:46:01.365 I/wm_pause_activity( 1257): [0,185885451,com.thundercomm.screensaver/.ui.page.MainActivity,userLeaving=false,finish]
02-14 14:46:01.368 I/wm_on_top_resumed_lost_called( 4042): [185885451,com.thundercomm.screensaver.ui.page.MainActivity,topStateChangedWhenResumed]
02-14 14:46:01.374 I/wm_on_paused_called( 4042): [185885451,com.thundercomm.screensaver.ui.page.MainActivity,performPause]
02-14 14:46:01.376 I/wm_add_to_stopping( 1257): [0,185885451,com.thundercomm.screensaver/.ui.page.MainActivity,completeFinishing]
02-14 14:46:01.381 I/wm_set_resumed_activity( 1257): [0,com.android.settings/.Settings,resumeTopActivityInnerLocked]
02-14 14:46:01.385 I/wm_resume_activity( 1257): [0,231479723,14,com.android.settings/.Settings]
02-14 14:46:01.389 I/sysui_multi_action( 1257): [757,803,799,window_time_0,802,249]
02-14 14:46:01.393 I/input_focus( 1257): [Focus leaving c76e332 com.thundercomm.screensaver/com.thundercomm.screensaver.ui.page.MainActivity (server),reason=NO_WINDOW]
02-14 14:46:01.394 I/wm_on_restart_called( 2429): [231479723,com.android.settings.Settings,performRestartActivity]
02-14 14:46:01.395 I/am_uid_active( 1257): 10066
02-14 14:46:01.397 I/wm_on_start_called( 2429): [231479723,com.android.settings.Settings,handleStartActivity]
02-14 14:46:01.398 I/snet_event_log( 2429): [120484087,-1,]
02-14 14:46:01.398 I/wm_on_resume_called( 2429): [231479723,com.android.settings.Settings,RESUME_ACTIVITY]
02-14 14:46:01.398 I/sysui_multi_action( 2429): [757,35,758,1,833,0,1089,0]
02-14 14:46:01.400 I/sysui_multi_action( 2429): [757,47,758,1,833,0,1089,0]
02-14 14:46:01.410 I/wm_on_top_resumed_gained_called( 2429): [231479723,com.android.settings.Settings,topWhenResuming]
02-14 14:46:01.414 I/input_focus( 1257): [Focus request 3aa456f com.android.settings/com.android.settings.Settings,reason=UpdateInputWindows]
02-14 14:46:01.451 I/am_pss ( 1257): [4147,10065,com.android.gallery3d,33475584,25665536,0,151564288,0,16,7]
02-14 14:46:01.455 I/input_focus( 1257): [Focus entering 3aa456f com.android.settings/com.android.settings.Settings (server),reason=Window became focusable. Previous reason: NOT_VISIBLE]
02-14 14:46:01.457 I/am_pss ( 1257): [3199,1000,com.qti.diagservices,12763136,2912256,8175616,61788160,0,10,4]
02-14 14:46:01.844 I/wm_destroy_activity( 1257): [0,185885451,14,com.thundercomm.screensaver/.ui.page.MainActivity,finish-imm:idle]
02-14 14:46:01.870 I/wm_on_stop_called( 4042): [185885451,com.thundercomm.screensaver.ui.page.MainActivity,LIFECYCLER_STOP_ACTIVITY]
02-14 14:46:01.883 I/wm_on_destroy_called( 4042): [185885451,com.thundercomm.screensaver.ui.page.MainActivity,performDestroy]
02-14 14:46:30.870 I/input_interaction( 1257): Interaction with: 3aa456f com.android.settings/com.android.settings.Settings (server), edge-swipe (server), swipe-up (server), PointerEventDispatcher0 (server),
02-14 14:46:31.027 I/wm_task_moved( 1257): [14,1,7]
02-14 14:46:31.027 I/wm_set_resumed_activity( 1257): [0,com.android.settings/.Settings,positionChildAt]
02-14 14:46:31.027 I/wm_create_activity( 1257): [0,65896556,14,com.thundercomm.screensaver/.ui.page.MainActivity,NULL,NULL,NULL,0]
02-14 14:46:31.028 I/wm_pause_activity( 1257): [0,231479723,com.android.settings/.Settings,userLeaving=true,resumeTopActivityInnerLocked]
02-14 14:46:31.030 I/sysui_multi_action( 2429): [757,830,758,4,833,0,854,current_screensaver,1089,0]
02-14 14:46:31.031 I/wm_on_top_resumed_lost_called( 2429): [231479723,com.android.settings.Settings,topStateChangedWhenResumed]
02-14 14:46:31.032 I/sysui_multi_action( 2429): [757,35,758,2,1089,29634]
02-14 14:46:31.032 I/sysui_multi_action( 2429): [757,47,758,2,1089,29633]
02-14 14:46:31.033 I/wm_on_paused_called( 2429): [231479723,com.android.settings.Settings,performPause]
02-14 14:46:31.034 I/wm_add_to_stopping( 1257): [0,231479723,com.android.settings/.Settings,makeInvisible]
02-14 14:46:31.035 I/wm_restart_activity( 1257): [0,65896556,14,com.thundercomm.screensaver/.ui.page.MainActivity]
02-14 14:46:31.036 I/wm_set_resumed_activity( 1257): [0,com.thundercomm.screensaver/.ui.page.MainActivity,minimalResumeActivityLocked]
02-14 14:46:31.040 I/sysui_multi_action( 1257): [757,803,799,window_time_0,802,29]
02-14 14:46:31.052 I/am_pss ( 1257): [2429,1000,com.android.settings,156214272,146325504,147456,277258240,0,2,8]
02-14 14:46:31.058 I/input_focus( 1257): [Focus leaving 3aa456f com.android.settings/com.android.settings.Settings (server),reason=NO_WINDOW]
02-14 14:46:31.107 I/wm_on_create_called( 4042): [65896556,com.thundercomm.screensaver.ui.page.MainActivity,performCreate]
02-14 14:46:31.119 I/wm_on_start_called( 4042): [65896556,com.thundercomm.screensaver.ui.page.MainActivity,handleStartActivity]
02-14 14:46:31.119 I/wm_on_resume_called( 4042): [65896556,com.thundercomm.screensaver.ui.page.MainActivity,RESUME_ACTIVITY]
02-14 14:46:31.121 I/wm_on_top_resumed_gained_called( 4042): [65896556,com.thundercomm.screensaver.ui.page.MainActivity,topStateChangedWhenResumed]
02-14 14:46:31.136 I/input_focus( 1257): [Focus request d4fe917 com.thundercomm.screensaver/com.thundercomm.screensaver.ui.page.MainActivity,reason=UpdateInputWindows]
02-14 14:46:31.185 I/sysui_multi_action( 1257): [319,161,322,161,325,1314,757,761,758,8,759,2,806,com.thundercomm.screensaver,871,com.thundercomm.screensaver.ui.page.MainActivity,904,com.android.settings,905,0,1320,4,1321,2]
02-14 14:46:31.185 I/wm_activity_launch_time( 1257): [0,65896556,com.thundercomm.screensaver/.ui.page.MainActivity,161]
02-14 14:46:31.195 I/input_focus( 1257): [Focus entering d4fe917 com.thundercomm.screensaver/com.thundercomm.screensaver.ui.page.MainActivity (server),reason=Window became focusable. Previous reason: NOT_VISIBLE]
02-14 14:46:31.583 I/wm_stop_activity( 1257): [0,231479723,com.android.settings/.Settings]
02-14 14:46:31.605 I/wm_on_stop_called( 2429): [231479723,com.android.settings.Settings,STOP_ACTIVITY_ITEM]
02-14 14:46:44.915 I/input_interaction( 1257): Interaction with: d4fe917 com.thundercomm.screensaver/com.thundercomm.screensaver.ui.page.MainActivity (server), edge-swipe (server), swipe-up (server), PointerEventDispatcher0 (server),
02-14 14:47:02.758 I/input_focus( 1257): [Focus request bb77c1b com.thundercomm.screensaver/com.thundercomm.screensaver.ui.page.MainActivity,reason=UpdateInputWindows]
02-14 14:47:02.787 I/input_focus( 1257): [Focus leaving d4fe917 com.thundercomm.screensaver/com.thundercomm.screensaver.ui.page.MainActivity (server),reason=setFocusedWindow]
02-14 14:47:02.787 I/input_focus( 1257): [Focus entering bb77c1b com.thundercomm.screensaver/com.thundercomm.screensaver.ui.page.MainActivity (server),reason=setFocusedWindow]
02-14 14:47:37.684 I/am_uid_idle( 1257): 10066
02-14 14:48:26.885 I/input_interaction( 1257): Interaction with: bb77c1b com.thundercomm.screensaver/com.thundercomm.screensaver.ui.page.MainActivity (server), edge-swipe (server), swipe-up (server), PointerEventDispatcher0 (server),
02-14 14:48:27.072 I/snet_event_log( 4042): [117838472,-1,]
02-14 14:48:27.072 I/snet_event_log( 4042): [117838472,-1,]
02-14 14:48:27.073 I/snet_event_log( 4042): [117838472,-1,]
02-14 14:48:27.073 I/snet_event_log( 4042): [117838472,-1,]
02-14 14:48:27.078 I/snet_event_log( 4042): [117838472,-1,]
02-14 14:48:27.078 I/snet_event_log( 4042): [117838472,-1,]
02-14 14:49:10.252 I/input_focus( 1257): [Focus request d4fe917 com.thundercomm.screensaver/com.thundercomm.screensaver.ui.page.MainActivity,reason=UpdateInputWindows]
02-14 14:49:10.275 I/input_focus( 1257): [Focus entering d4fe917 com.thundercomm.screensaver/com.thundercomm.screensaver.ui.page.MainActivity (server),reason=setFocusedWindow]
02-14 14:49:11.015 I/input_interaction( 1257): Interaction with: d4fe917 com.thundercomm.screensaver/com.thundercomm.screensaver.ui.page.MainActivity (server), edge-swipe (server), swipe-up (server), PointerEventDispatcher0 (server),
02-14 14:49:11.040 I/view_enqueue_input_event( 4042): [Motion - Cancel,com.thundercomm.screensaver/com.thundercomm.screensaver.ui.page.MainActivity]
02-14 14:49:11.052 I/input_interaction( 1257): Interaction with: edge-swipe (server), swipe-up (server), PointerEventDispatcher0 (server),
02-14 14:49:11.151 I/sysui_multi_action( 1257): [757,803,799,key_back_press,802,1]
02-14 14:49:11.155 I/input_interaction( 1257): Interaction with: d4fe917 com.thundercomm.screensaver/com.thundercomm.screensaver.ui.page.MainActivity (server), PointerEventDispatcher0 (server),
02-14 14:49:11.159 I/wm_finish_activity( 1257): [0,65896556,14,com.thundercomm.screensaver/.ui.page.MainActivity,app-request]
02-14 14:49:11.169 I/wm_pause_activity( 1257): [0,65896556,com.thundercomm.screensaver/.ui.page.MainActivity,userLeaving=false,finish]
02-14 14:49:11.173 I/wm_on_top_resumed_lost_called( 4042): [65896556,com.thundercomm.screensaver.ui.page.MainActivity,topStateChangedWhenResumed]
02-14 14:49:11.177 I/wm_on_paused_called( 4042): [65896556,com.thundercomm.screensaver.ui.page.MainActivity,performPause]
02-14 14:49:11.178 I/wm_add_to_stopping( 1257): [0,65896556,com.thundercomm.screensaver/.ui.page.MainActivity,completeFinishing]
02-14 14:49:11.181 I/wm_set_resumed_activity( 1257): [0,com.android.settings/.Settings,resumeTopActivityInnerLocked]
02-14 14:49:11.187 I/wm_resume_activity( 1257): [0,231479723,14,com.android.settings/.Settings]
02-14 14:49:11.191 I/sysui_multi_action( 1257): [757,803,799,window_time_0,802,160]
02-14 14:49:11.194 I/input_focus( 1257): [Focus leaving d4fe917 com.thundercomm.screensaver/com.thundercomm.screensaver.ui.page.MainActivity (server),reason=NO_WINDOW]
02-14 14:49:11.195 I/am_uid_active( 1257): 10066
02-14 14:49:11.200 I/wm_on_restart_called( 2429): [231479723,com.android.settings.Settings,performRestartActivity]
02-14 14:49:11.202 I/wm_on_start_called( 2429): [231479723,com.android.settings.Settings,handleStartActivity]
02-14 14:49:11.202 I/snet_event_log( 2429): [120484087,-1,]
02-14 14:49:11.203 I/wm_on_resume_called( 2429): [231479723,com.android.settings.Settings,RESUME_ACTIVITY]
02-14 14:49:11.203 I/sysui_multi_action( 2429): [757,35,758,1,833,0,1089,0]
02-14 14:49:11.205 I/sysui_multi_action( 2429): [757,47,758,1,833,0,1089,0]
02-14 14:49:11.216 I/wm_on_top_resumed_gained_called( 2429): [231479723,com.android.settings.Settings,topWhenResuming]
02-14 14:49:11.221 I/input_focus( 1257): [Focus request 3aa456f com.android.settings/com.android.settings.Settings,reason=UpdateInputWindows]
02-14 14:49:11.248 I/auditd ( 568): type=1400 audit(0.0:696): avc: denied { read } for comm="Binder:568_2" name="wakeup58" dev="sysfs" ino=71818 scontext=u:r:system_suspend:s0 tcontext=u:object_r:sysfs:s0 tclass=dir permissive=0
02-14 14:49:11.248 I/auditd ( 568): type=1400 audit(0.0:697): avc: denied { read } for comm="Binder:568_2" name="wakeup4" dev="sysfs" ino=47054 scontext=u:r:system_suspend:s0 tcontext=u:object_r:sysfs:s0 tclass=dir permissive=0
02-14 14:49:11.248 I/auditd ( 568): type=1400 audit(0.0:698): avc: denied { read } for comm="Binder:568_2" name="wakeup76" dev="sysfs" ino=76746 scontext=u:r:system_suspend:s0 tcontext=u:object_r:sysfs:s0 tclass=dir permissive=0
02-14 14:49:11.248 I/auditd ( 568): type=1400 audit(0.0:699): avc: denied { read } for comm="Binder:568_2" name="wakeup28" dev="sysfs" ino=53259 scontext=u:r:system_suspend:s0 tcontext=u:object_r:sysfs:s0 tclass=dir permissive=0
02-14 14:49:11.248 I/auditd ( 568): type=1400 audit(0.0:700): avc: denied { read } for comm="Binder:568_2" name="wakeup56" dev="sysfs" ino=71746 scontext=u:r:system_suspend:s0 tcontext=u:object_r:sysfs:s0 tclass=dir permissive=0
02-14 14:49:11.261 I/input_focus( 1257): [Focus entering 3aa456f com.android.settings/com.android.settings.Settings (server),reason=Window became focusable. Previous reason: NOT_VISIBLE]
02-14 14:49:11.650 I/wm_destroy_activity( 1257): [0,65896556,14,com.thundercomm.screensaver/.ui.page.MainActivity,finish-imm:idle]
02-14 14:49:11.675 I/wm_on_stop_called( 4042): [65896556,com.thundercomm.screensaver.ui.page.MainActivity,LIFECYCLER_STOP_ACTIVITY]
02-14 14:49:11.688 I/wm_on_destroy_called( 4042): [65896556,com.thundercomm.screensaver.ui.page.MainActivity,performDestroy]
02-14 14:49:12.277 I/input_interaction( 1257): Interaction with: 3aa456f com.android.settings/com.android.settings.Settings (server), edge-swipe (server), swipe-up (server), PointerEventDispatcher0 (server),
02-14 14:49:12.294 I/wm_task_moved( 1257): [12,0,0]
02-14 14:49:12.294 I/wm_task_moved( 1257): [12,0,6]
02-14 14:49:12.318 I/view_enqueue_input_event( 2429): [Motion - Cancel,com.android.settings/com.android.settings.Settings]
02-14 14:49:12.321 I/wm_on_restart_called( 2598): [190679017,com.android.launcher3.uioverrides.QuickstepLauncher,performRestartActivity]
02-14 14:49:12.322 I/input_focus( 1257): [Focus request recents_animation_input_consumer,reason=UpdateInputWindows]
02-14 14:49:12.330 I/input_interaction( 1257): Interaction with: edge-swipe (server), swipe-up (server), PointerEventDispatcher0 (server),
02-14 14:49:12.346 I/input_focus( 1257): [Focus leaving 3aa456f com.android.settings/com.android.settings.Settings (server),reason=NOT_FOCUSABLE]
02-14 14:49:12.347 I/input_focus( 1257): [Focus entering recents_animation_input_consumer (server),reason=setFocusedWindow]
02-14 14:49:12.348 I/wm_on_start_called( 2598): [190679017,com.android.launcher3.uioverrides.QuickstepLauncher,handleStartActivity]
02-14 14:49:12.355 I/sysui_latency( 2598): [1,78]
02-14 14:49:12.373 I/sysui_multi_action( 1257): [319,10,322,71,325,1476,757,761,758,9,759,5,806,com.android.launcher3,871,com.android.launcher3.uioverrides.QuickstepLauncher,904,com.android.launcher3,905,0,1320,4,1321,1]
02-14 14:49:12.550 I/commit_sys_config_file( 1257): [settings-1-0,6]
02-14 14:49:12.668 I/sysui_latency( 1257): [8,85]
02-14 14:49:13.052 I/wm_task_moved( 1257): [12,1,7]
02-14 14:49:13.053 I/wm_focused_root_task( 1257): [0,0,12,14,RecentsAnimation.onAnimationFinished()]
02-14 14:49:13.056 I/wm_pause_activity( 1257): [0,231479723,com.android.settings/.Settings,userLeaving=false,pauseBackTasks]
02-14 14:49:13.059 I/wm_set_resumed_activity( 1257): [0,com.android.launcher3/.uioverrides.QuickstepLauncher,resumeTopActivityInnerLocked]
02-14 14:49:13.061 I/wm_resume_activity( 1257): [0,190679017,13,com.android.launcher3/.uioverrides.QuickstepLauncher]
02-14 14:49:13.061 I/wm_add_to_stopping( 1257): [0,231479723,com.android.settings/.Settings,makeInvisible]
02-14 14:49:13.062 I/wm_on_resume_called( 2598): [190679017,com.android.launcher3.uioverrides.QuickstepLauncher,RESUME_ACTIVITY]
02-14 14:49:13.065 I/wm_on_top_resumed_lost_called( 2429): [231479723,com.android.settings.Settings,topStateChangedWhenResumed]
02-14 14:49:13.070 I/input_focus( 1257): [Focus request eca6b19 com.android.launcher3/com.android.launcher3.uioverrides.QuickstepLauncher,reason=UpdateInputWindows]
02-14 14:49:13.073 I/sysui_multi_action( 2429): [757,35,758,2,1089,1869]
02-14 14:49:13.074 I/sysui_multi_action( 2429): [757,47,758,2,1089,1870]
02-14 14:49:13.075 I/wm_stop_activity( 1257): [0,231479723,com.android.settings/.Settings]
02-14 14:49:13.075 I/sysui_multi_action( 1257): [757,803,799,window_time_0,802,2]
02-14 14:49:13.075 I/wm_on_paused_called( 2429): [231479723,com.android.settings.Settings,performPause]
02-14 14:49:13.078 I/sysui_multi_action( 1257): [757,803,799,window_time_0,802,0]
02-14 14:49:13.084 I/input_focus( 1257): [Focus leaving recents_animation_input_consumer (server),reason=NOT_VISIBLE]
02-14 14:49:13.085 I/input_focus( 1257): [Focus entering eca6b19 com.android.launcher3/com.android.launcher3.uioverrides.QuickstepLauncher (server),reason=setFocusedWindow]
02-14 14:49:13.096 I/wm_on_stop_called( 2429): [231479723,com.android.settings.Settings,STOP_ACTIVITY_ITEM]
02-14 14:49:13.101 I/wm_on_top_resumed_gained_called( 2598): [190679017,com.android.launcher3.uioverrides.QuickstepLauncher,topStateChangedWhenResumed]
02-14 14:49:13.297 I/commit_sys_config_file( 1257): [settings-1-0,4]
02-14 14:49:13.729 I/input_interaction( 1257): Interaction with: eca6b19 com.android.launcher3/com.android.launcher3.uioverrides.QuickstepLauncher (server), 68d96d6 com.android.systemui.ImageWallpaper (server), edge-swipe (server), swipe-up (server), PointerEventDispatcher0 (server),
02-14 14:49:14.287 I/wm_finish_activity( 1257): [0,79783205,17,com.android.gallery3d/.app.GalleryActivity,recent-task-trimmed]
02-14 14:49:14.289 I/wm_destroy_activity( 1257): [0,79783205,17,com.android.gallery3d/.app.GalleryActivity,finish-imm:finishIfPossible]
02-14 14:49:14.292 I/wm_finish_activity( 1257): [0,231479723,14,com.android.settings/.Settings,recent-task-trimmed]
02-14 14:49:14.292 I/am_kill ( 1257): [0,4147,com.android.gallery3d,900,remove task]
02-14 14:49:14.295 I/wm_destroy_activity( 1257): [0,231479723,14,com.android.settings/.Settings,finish-imm:finishIfPossible]
02-14 14:49:14.302 I/sysui_multi_action( 1257): [757,803,799,window_time_0,802,2]
02-14 14:49:14.306 I/am_kill ( 1257): [0,2429,com.android.settings,905,remove task]
02-14 14:49:14.310 I/sysui_multi_action( 1257): [757,803,799,window_time_0,802,0]
02-14 14:49:14.342 I/am_proc_died( 1257): [0,4147,com.android.gallery3d,900,18]
02-14 14:49:14.345 I/am_uid_stopped( 1257): 10065
02-14 14:49:14.347 I/wm_task_removed( 1257): [17,removeChild:removeChild last r=ActivityRecord{4c16525 u0 com.android.gallery3d/.app.GalleryActivity t-1 f}} in t=Task{6661087 #17 type=standard A=10065:com.android.gallery3d U=0 visible=false mode=fullscreen translucent=true sz=0}]
02-14 14:49:14.347 I/wm_task_removed( 1257): [17,removeChild]
02-14 14:49:14.355 I/am_proc_died( 1257): [0,2429,com.android.settings,905,19]
02-14 14:49:14.360 I/wm_task_removed( 1257): [14,removeChild:removeChild last r=ActivityRecord{dcc19ab u0 com.android.settings/.Settings t-1 f}} in t=Task{c0fccb4 #14 type=standard A=1000:com.android.settings.root U=0 visible=false mode=fullscreen translucent=true sz=0}]
02-14 14:49:14.360 I/wm_task_removed( 1257): [14,removeChild]
02-14 14:49:14.363 I/am_uid_running( 1257): 10065
02-14 14:49:14.371 I/am_proc_start( 1257): [0,4982,10065,com.android.gallery3d,NULL,]
02-14 14:49:14.398 I/am_proc_bound( 1257): [0,4982,com.android.gallery3d]
02-14 14:50:11.251 I/am_uid_idle( 1257): 10047
02-14 14:50:19.199 I/am_uid_idle( 1257): 10066 --------- beginning of main
02-14 14:50:48.950 I/mpu_uart( 646): [MSG-P:RECV]:No message received in 1000 ms
02-14 14:50:48.965 I/mpu_uart( 646): [MSG-P:R]:recv sync frame timeout --------- beginning of kernel
02-14 14:50:49.114 E/DTC_ETH,link_delay_work_func( 0): 3003, SQI=0, link=0
02-14 14:50:49.162 W/hpplay-java( 2772): [main]:IPManager:getActiveNets invalid networkInfo:null
02-14 14:50:49.162 I/hpplay-java( 2772): [main]:IPManager:getActiveNets eth0:false wifi:false mobile:false ap:false
02-14 14:50:49.162 I/hpplay-java( 2772): [main]:ServerTaskManager:get local ip:null
02-14 14:50:49.950 I/mpu_uart( 646): [MSG-P:RECV]:No message received in 1000 ms
02-14 14:50:50.164 W/hpplay-java( 2772): [main]:IPManager:getActiveNets invalid networkInfo:null
02-14 14:50:50.164 I/hpplay-java( 2772): [main]:IPManager:getActiveNets eth0:false wifi:false mobile:false ap:false
02-14 14:50:50.164 I/hpplay-java( 2772): [main]:ServerTaskManager:get local ip:null
02-14 14:50:50.397 E/tlogd ( 1378): [TzLogger](isPathReadable) file /sys/kernel/debug/tzdbg/qsee_log isn't exist or no permission, err: No such file or directory
02-14 14:50:50.397 E/tlogd ( 1378): [TzLogger](saveTzlogAsync) /sys/kernel/debug/tzdbg/qsee_log can not read.
02-14 14:50:50.397 E/tlogd ( 1378): [TzLogger](isPathReadable) file /sys/kernel/debug/tzdbg/log isn't exist or no permission, err: No such file or directory
02-14 14:50:50.397 E/tlogd ( 1378): [TzLogger](saveTzlogAsync) /sys/kernel/debug/tzdbg/log can not read.
02-14 14:50:50.911 D/RemoteControlService( 2312): startVlanDispatchThread
02-14 14:50:50.950 I/mpu_uart( 646): [MSG-P:RECV]:No message received in 1000 ms
02-14 14:50:51.166 W/hpplay-java( 2772): [main]:IPManager:getActiveNets invalid networkInfo:null
02-14 14:50:51.166 I/hpplay-java( 2772): [main]:IPManager:getActiveNets eth0:false wifi:false mobile:false ap:false
02-14 14:50:51.166 I/hpplay-java( 2772): [main]:ServerTaskManager:get local ip:null
02-14 14:50:51.951 I/mpu_uart( 646): [MSG-P:RECV]:No message received in 1000 ms
02-14 14:50:51.968 I/mpu_uart( 646): [MSG-P:R]:recv sync frame timeout
02-14 14:50:52.168 W/hpplay-java( 2772): [main]:IPManager:getActiveNets invalid networkInfo:null
02-14 14:50:52.169 I/hpplay-java( 2772): [main]:IPManager:getActiveNets eth0:false wifi:false mobile:false ap:false
02-14 14:50:52.169 I/hpplay-java( 2772): [main]:ServerTaskManager:get local ip:null
02-14 14:50:52.951 I/mpu_uart( 646): [MSG-P:RECV]:No message received in 1000 ms
02-14 14:50:53.171 W/hpplay-java( 2772): [main]:IPManager:getActiveNets invalid networkInfo:null
02-14 14:50:53.171 I/hpplay-java( 2772): [main]:IPManager:getActiveNets eth0:false wifi:false mobile:false ap:false
02-14 14:50:53.171 I/hpplay-java( 2772): [main]:ServerTaskManager:get local ip:null
02-14 14:50:53.951 I/mpu_uart( 646): [MSG-P:RECV]:No message received in 1000 ms
02-14 14:50:54.173 W/hpplay-java( 2772): [main]:IPManager:getActiveNets invalid networkInfo:null
02-14 14:50:54.173 I/hpplay-java( 2772): [main]:IPManager:getActiveNets eth0:false wifi:false mobile:false ap:false
02-14 14:50:54.173 I/hpplay-java( 2772): [main]:ServerTaskManager:get local ip:null
02-14 14:50:54.234 E/DTC_ETH,link_delay_work_func( 0): 3003, SQI=0, link=0
02-14 14:50:54.951 I/mpu_uart( 646): [MSG-P:RECV]:No message received in 1000 ms
02-14 14:50:54.969 I/mpu_uart( 646): [MSG-P:R]:recv sync frame timeout
02-14 14:50:55.060 I/hpplay-java( 2772): [main]:IMTask:getIMRoot
02-14 14:50:55.067 W/hpplay-java( 2772): [AsyncTask #93]:HttpRequest:
02-14 14:50:55.068 W/hpplay-java( 2772): [AsyncTask #93]:HttpRequest:
02-14 14:50:55.069 W/hpplay-java( 2772): [AsyncTask #93]:HttpRequest:
02-14 14:50:55.070 E/hpplay-java( 2772): [main]:IMTask:getIMRoot failed
02-14 14:50:55.174 W/hpplay-java( 2772): [main]:IPManager:getActiveNets invalid networkInfo:null
02-14 14:50:55.174 I/hpplay-java( 2772): [main]:IPManager:getActiveNets eth0:false wifi:false mobile:false ap:false
02-14 14:50:55.174 I/hpplay-java( 2772): [main]:ServerTaskManager:get local ip:null
02-14 14:50:55.397 E/tlogd ( 1378): [TzLogger](isPathReadable) file /sys/kernel/debug/tzdbg/qsee_log isn't exist or no permission, err: No such file or directory
02-14 14:50:55.397 E/tlogd ( 1378): [TzLogger](saveTzlogAsync) /sys/kernel/debug/tzdbg/qsee_log can not read.
02-14 14:50:55.397 E/tlogd ( 1378): [TzLogger](isPathReadable) file /sys/kernel/debug/tzdbg/log isn't exist or no permission, err: No such file or directory
02-14 14:50:55.397 E/tlogd ( 1378): [TzLogger](saveTzlogAsync) /sys/kernel/debug/tzdbg/log can not read.
02-14 14:50:55.924 D/RemoteControlService( 2312): startVlanDispatchThread
02-14 14:50:55.951 I/mpu_uart( 646): [MSG-P:RECV]:No message received in 1000 ms
02-14 14:50:56.176 W/hpplay-java( 2772): [main]:IPManager:getActiveNets invalid networkInfo:null
02-14 14:50:56.176 I/hpplay-java( 2772): [main]:IPManager:getActiveNets eth0:false wifi:false mobile:false ap:false
02-14 14:50:56.176 I/hpplay-java( 2772): [main]:ServerTaskManager:get local ip:null
02-14 14:50:56.952 I/mpu_uart( 646): [MSG-P:RECV]:No message received in 1000 ms
02-14 14:50:57.178 W/hpplay-java( 2772): [main]:IPManager:getActiveNets invalid networkInfo:null
02-14 14:50:57.179 I/hpplay-java( 2772): [main]:IPManager:getActiveNets eth0:false wifi:false mobile:false ap:false
02-14 14:50:57.179 I/hpplay-java( 2772): [main]:ServerTaskManager:get local ip:null
02-14 14:50:57.699 I/logd ( 0): logdr: UID=2000 GID=2000 PID=5009 b tail=0 logMask=bf pid=0 start=0ns deadline=0ns
02-14 14:50:57.952 I/mpu_uart( 646): [MSG-P:RECV]:No message received in 1000 ms
02-14 14:50:57.972 I/mpu_uart( 646): [MSG-P:R]:recv sync frame timeout
02-14 14:50:58.181 W/hpplay-java( 2772): [main]:IPManager:getActiveNets invalid networkInfo:null
02-14 14:50:58.181 I/hpplay-java( 2772): [main]:IPManager:getActiveNets eth0:false wifi:false mobile:false ap:false
02-14 14:50:58.181 I/hpplay-java( 2772): [main]:ServerTaskManager:get local ip:null
02-14 14:50:58.952 I/mpu_uart( 646): [MSG-P:RECV]:No message received in 1000 ms
02-14 14:50:59.183 W/hpplay-java( 2772): [main]:IPManager:getActiveNets invalid networkInfo:null
02-14 14:50:59.183 I/hpplay-java( 2772): [main]:IPManager:getActiveNets eth0:false wifi:false mobile:false ap:false
02-14 14:50:59.183 I/hpplay-java( 2772): [main]:ServerTaskManager:get local ip:null
02-14 14:50:59.354 E/DTC_ETH,link_delay_work_func( 0): 3003, SQI=0, link=0
02-14 14:50:59.952 I/mpu_uart( 646): [MSG-P:RECV]:No message received in 1000 ms
02-14 14:51:00.005 D/KeyguardUpdateMonitor( 2009): received broadcast android.intent.action.TIME_TICK
02-14 14:51:00.005 D/KeyguardUpdateMonitor( 2009): handleTimeUpdate
02-14 14:51:00.186 W/hpplay-java( 2772): [main]:IPManager:getActiveNets invalid networkInfo:null
02-14 14:51:00.186 I/hpplay-java( 2772): [main]:IPManager:getActiveNets eth0:false wifi:false mobile:false ap:false
02-14 14:51:00.186 I/hpplay-java( 2772): [main]:ServerTaskManager:get local ip:null
02-14 14:51:00.398 E/tlogd ( 1378): [TzLogger](isPathReadable) file /sys/kernel/debug/tzdbg/qsee_log isn't exist or no permission, err: No such file or directory
02-14 14:51:00.398 E/tlogd ( 1378): [TzLogger](saveTzlogAsync) /sys/kernel/debug/tzdbg/qsee_log can not read.
02-14 14:51:00.398 E/tlogd ( 1378): [TzLogger](isPathReadable) file /sys/kernel/debug/tzdbg/log isn't exist or no permission, err: No such file or directory
02-14 14:51:00.398 E/tlogd ( 1378): [TzLogger](saveTzlogAsync) /sys/kernel/debug/tzdbg/log can not read.
02-14 14:51:00.933 D/RemoteControlService( 2312): startVlanDispatchThread
02-14 14:51:00.952 I/mpu_uart( 646): [MSG-P:RECV]:No message received in 1000 ms
02-14 14:51:00.975 I/mpu_uart( 646): [MSG-P:R]:recv sync frame timeout
02-14 14:51:01.188 W/hpplay-java( 2772): [main]:IPManager:getActiveNets invalid networkInfo:null
02-14 14:51:01.188 I/hpplay-java( 2772): [main]:IPManager:getActiveNets eth0:false wifi:false mobile:false ap:false
02-14 14:51:01.188 I/hpplay-java( 2772): [main]:ServerTaskManager:get local ip:null
02-14 14:51:01.662 I/thunderperf( 1257): Maybe need boostperf for current app!
02-14 14:51:01.663 D/FgBoostPerfService( 2109): [FgBoostPerfService.perfBoostAcq]start: stat=true pkgName=com.android.settings
02-14 14:51:01.663 V/GameMode_GameTypeUtils( 2109): judge isGame:com.android.settings
02-14 14:51:01.663 I/FgBoostPerfService( 2109): [FgBoostPerfService.perfBoostAcq] not game-mode or game app!
02-14 14:51:01.663 I/ThunderPerfManager( 1257): PerfAcq error : state=true pkgName=com.android.settings
02-14 14:51:01.664 V/GameMode_GameTypeUtils( 2109): judge isGame:com.android.settings
02-14 14:51:01.664 I/FgBoostPerfService( 2109): [GetGpuMode] isMode=1 isGame=false mGpuMode=0
02-14 14:51:01.664 V/GameMode_GameTypeUtils( 2109): judge isGame:com.android.settings
02-14 14:51:01.665 I/FgBoostPerfService( 2109): [GetGpuDpiType] isMode=1 isGame=false mGpuDpiType=0
02-14 14:51:01.665 I/thunderperf( 1257): Current app pkgName=com.android.settings bm:com.thundercomm.perf.BoostPerfManager@ac0cef7 gpuMode=-1 gpuType=-1
02-14 14:51:01.665 I/ThunderBoostPerfService( 1257): Resolution: Uid=10079 Pid=2598 gMode=-1 dType=-1 --------- beginning of system
02-14 14:51:01.671 I/thunderperf( 1257): PlatormCompat.setOverrides: Uid1=10079 Pid1=2598 Uid2=10079 Pid2=2598
02-14 14:51:01.671 I/thunderperf( 1257): PlatormCompat.setOverrides: needCheck:false
02-14 14:51:01.672 I/thunderperf( 1257): CompatConfig.addOverrideUnsafe: bef-state=1
02-14 14:51:01.672 I/thunderperf( 1257): CompatConfig.addOverrideUnsafe: aft-state=0
02-14 14:51:01.674 I/thunderperf( 1257): CompatConfig.addOverrideUnsafe: bef-state=1
02-14 14:51:01.674 I/thunderperf( 1257): CompatConfig.addOverrideUnsafe: aft-state=0
02-14 14:51:01.675 I/thunderperf( 1257): CompatConfig.addOverrideUnsafe: bef-state=1
02-14 14:51:01.675 I/thunderperf( 1257): CompatConfig.addOverrideUnsafe: aft-state=0
02-14 14:51:01.676 I/thunderperf( 1257): CompatConfig.addOverrideUnsafe: bef-state=1
02-14 14:51:01.676 I/thunderperf( 1257): CompatConfig.addOverrideUnsafe: aft-state=0
02-14 14:51:01.677 I/thunderperf( 1257): CompatConfig.addOverrideUnsafe: bef-state=1
02-14 14:51:01.677 I/thunderperf( 1257): CompatConfig.addOverrideUnsafe: aft-state=0
02-14 14:51:01.677 I/thunderperf( 1257): CompatConfig.addOverrideUnsafe: bef-state=1
02-14 14:51:01.678 I/thunderperf( 1257): CompatConfig.addOverrideUnsafe: aft-state=0
02-14 14:51:01.678 I/thunderperf( 1257): CompatConfig.addOverrideUnsafe: bef-state=1
02-14 14:51:01.678 I/thunderperf( 1257): CompatConfig.addOverrideUnsafe: aft-state=0
02-14 14:51:01.679 I/thunderperf( 1257): CompatConfig.addOverrideUnsafe: bef-state=1
02-14 14:51:01.679 I/thunderperf( 1257): CompatConfig.addOverrideUnsafe: aft-state=0
02-14 14:51:01.680 I/thunderperf( 1257): CompatConfig.addOverrideUnsafe: bef-state=1
02-14 14:51:01.680 I/thunderperf( 1257): CompatConfig.addOverrideUnsafe: aft-state=0
02-14 14:51:01.681 I/thunderperf( 1257): CompatConfig.addOverrideUnsafe: bef-state=1
02-14 14:51:01.681 I/thunderperf( 1257): CompatConfig.addOverrideUnsafe: aft-state=0
02-14 14:51:01.681 I/thunderperf( 1257): CompatConfig.addOverrideUnsafe: bef-state=1
02-14 14:51:01.682 I/thunderperf( 1257): CompatConfig.addOverrideUnsafe: aft-state=0
02-14 14:51:01.682 I/thunderperf( 1257): CompatConfig.addOverrideUnsafe: bef-state=1
02-14 14:51:01.682 I/thunderperf( 1257): CompatConfig.addOverrideUnsafe: aft-state=0
02-14 14:51:01.683 I/thunderperf( 1257): CompatConfig.addOverrideUnsafe: bef-state=1
02-14 14:51:01.683 I/thunderperf( 1257): CompatConfig.addOverrideUnsafe: aft-state=0
02-14 14:51:01.684 I/thunderperf( 1257): CompatConfig.addOverrideUnsafe: bef-state=1
02-14 14:51:01.684 I/thunderperf( 1257): CompatConfig.addOverrideUnsafe: aft-state=0
02-14 14:51:01.688 I/ThunderBoostPerfService( 1257): Disable downscaling com.android.settings to 2380x1020
02-14 14:51:01.689 I/ActivityTaskManager( 1257): START u0 {act=android.intent.action.MAIN cat=[android.intent.category.LAUNCHER] flg=0x10200000 cmp=com.android.settings/.Settings bnds=[2128,710][2314,910]} from uid 10079
02-14 14:51:01.689 I/EventSequenceValidator( 1257): inc AccIntentStartedEvents to 2
02-14 14:51:01.694 E/ANDR-PERF-JNI( 1257): com_qualcomm_qtiperformance_native_perf_io_prefetch_start
02-14 14:51:01.694 I/wm_task_created( 1257): [19,-1]
02-14 14:51:01.694 W/ActivityTaskManager( 1257): Can't find TaskDisplayArea to determine support for multi window. Task id=19 attached=false
02-14 14:51:01.696 I/wm_task_moved( 1257): [19,1,6]
02-14 14:51:01.696 I/wm_task_to_front( 1257): [0,19]
02-14 14:51:01.696 I/wm_create_task( 1257): [0,19]
02-14 14:51:01.696 I/wm_create_activity( 1257): [0,8998402,19,com.android.settings/.Settings,android.intent.action.MAIN,NULL,NULL,270532608]
02-14 14:51:01.696 I/wm_task_moved( 1257): [19,1,6]
02-14 14:51:01.696 D/CompatibilityInfo( 1257): mCompatibilityFlags - 4
02-14 14:51:01.696 D/CompatibilityInfo( 1257): applicationDensity - 240
02-14 14:51:01.696 D/CompatibilityInfo( 1257): applicationScale - 1.0
02-14 14:51:01.697 D/ActivityTrigger( 1257): ActivityTrigger activityPauseTrigger
02-14 14:51:01.697 I/wm_pause_activity( 1257): [0,190679017,com.android.launcher3/.uioverrides.QuickstepLauncher,userLeaving=true,pauseBackTasks]
02-14 14:51:01.700 I/wm_on_top_resumed_lost_called( 2598): [190679017,com.android.launcher3.uioverrides.QuickstepLauncher,topStateChangedWhenResumed]
02-14 14:51:01.700 D/CompatibilityChangeReporter( 1257): Compat change id reported: 135634846; UID 1000; state: DISABLED
02-14 14:51:01.700 D/CompatibilityChangeReporter( 1257): Compat change id reported: 177438394; UID 1000; state: DISABLED
02-14 14:51:01.700 D/CompatibilityChangeReporter( 1257): Compat change id reported: 135772972; UID 1000; state: DISABLED
02-14 14:51:01.700 D/CompatibilityChangeReporter( 1257): Compat change id reported: 135754954; UID 1000; state: ENABLED
02-14 14:51:01.700 I/wm_on_paused_called( 2598): [190679017,com.android.launcher3.uioverrides.QuickstepLauncher,performPause]
02-14 14:51:01.701 I/ActivityTaskManager( 1257): FOREGROUND_APPLICATION_CHANGED to com.android.settings.homepage.SettingsHomepageActivity
02-14 14:51:01.702 E/ANDR-IOP( 839): io prefetch is disabled
02-14 14:51:01.702 I/wm_add_to_stopping( 1257): [0,190679017,com.android.launcher3/.uioverrides.QuickstepLauncher,makeInvisible]
02-14 14:51:01.707 D/Zygote ( 667): Forked child process 5019
02-14 14:51:01.708 I/am_proc_start( 1257): [0,5019,1000,com.android.settings,pre-top-activity,{com.android.settings/com.android.settings.Settings}]
02-14 14:51:01.708 I/ActivityManager( 1257): Start proc 5019:com.android.settings/1000 for pre-top-activity {com.android.settings/com.android.settings.Settings}
02-14 14:51:01.708 I/sysui_multi_action( 1257): [757,803,799,window_time_0,802,107]
02-14 14:51:01.711 W/ContextImpl( 1257): Calling a method in the system process without a qualified user: android.app.ContextImpl.sendBroadcast:1173 com.qualcomm.qti.Performance$SendGameLaunchBroadcast.run:217 java.lang.Thread.run:920
02-14 14:51:01.711 I/perfetto( 1161): ing_service_impl.cc:912 Configured tracing session 3, #sources:1, duration:5000 ms, #buffers:1, total buffer size:4096 KB, total sessions:1, uid:1071 session name: ""
02-14 14:51:01.712 I/perfetto( 1159): probes_producer.cc:241 Ftrace setup (target_buf=3)
02-14 14:51:01.713 W/SQLiteLog( 2879): (28) double-quoted string literal: "com.android.settings"
02-14 14:51:01.715 I/am_pss ( 1257): [4982,10065,com.android.gallery3d,8601600,5701632,0,92385280,0,19,5]
02-14 14:51:01.717 I/perfetto( 1159): ftrace_procfs.cc:206 enabled ftrace in /sys/kernel/tracing/
02-14 14:51:01.717 W/perfetto( 0): enabled ftrace
02-14 14:51:01.724 E/ndroid.setting( 5019): Not starting debugger since process cannot load the jdwp agent.
02-14 14:51:01.725 D/ProcessState( 5019): Binder ioctl to enable oneway spam detection failed: Invalid argument
02-14 14:51:01.725 I/binder ( 0): 5019:5019 ioctl 40046210 7ff8b27384 returned -22
02-14 14:51:01.727 I/am_proc_bound( 1257): [0,5019,com.android.settings]
02-14 14:51:01.727 I/input_focus( 1257): [Focus leaving eca6b19 com.android.launcher3/com.android.launcher3.uioverrides.QuickstepLauncher (server),reason=NO_WINDOW]
02-14 14:51:01.728 D/CompatibilityInfo( 1257): mCompatibilityFlags - 4
02-14 14:51:01.728 D/CompatibilityInfo( 1257): applicationDensity - 240
02-14 14:51:01.728 D/CompatibilityInfo( 1257): applicationScale - 1.0
02-14 14:51:01.729 D/CompatibilityChangeReporter( 1257): Compat change id reported: 181136395; UID 1000; state: DISABLED
02-14 14:51:01.730 D/CompatibilityChangeReporter( 1257): Compat change id reported: 174042936; UID 1000; state: DISABLED
02-14 14:51:01.730 I/wm_restart_activity( 1257): [0,8998402,19,com.android.settings/.Settings]
02-14 14:51:01.730 D/CompatibilityInfo( 1257): mCompatibilityFlags - 4
02-14 14:51:01.730 D/CompatibilityInfo( 1257): applicationDensity - 240
02-14 14:51:01.730 D/CompatibilityInfo( 1257): applicationScale - 1.0
02-14 14:51:01.730 I/wm_set_resumed_activity( 1257): [0,com.android.settings/.Settings,minimalResumeActivityLocked]
02-14 14:51:01.731 D/CompatibilityChangeReporter( 5019): Compat change id reported: 171979766; UID 1000; state: ENABLED
02-14 14:51:01.731 I/GameMode_ActivityMonitoringService( 2109): onForegroundActivitiesChanged uid 1000 pid 5019 fg true
02-14 14:51:01.732 I/am_pss ( 1257): [4042,10047,com.thundercomm.screensaver,160290816,149643264,0,280289280,0,19,14]
02-14 14:51:01.732 I/GameMode_ActivityMonitoringService( 2109): Updating top task to: TaskInfoContainer [topActivity=ComponentInfo{com.android.settings/com.android.settings.Settings}, taskId=19, stackId=19, userId=0, displayId=0, position=6
02-14 14:51:01.732 I/GameMode_ActivityMonitoringService( 2109): Notifying about top task: TaskInfoContainer [topActivity=ComponentInfo{com.android.settings/com.android.settings.Settings}, taskId=19, stackId=19, userId=0, displayId=0, position=6
02-14 14:51:01.732 I/GameMode_ActivityMonitoringService( 2109): WindowMode: 1
02-14 14:51:01.732 E/GameMode_ActivityMonitoringService( 2109): onActivityLaunch:com.android.settings
02-14 14:51:01.732 V/GameMode_GameTypeUtils( 2109): judge isGame:com.android.settings
02-14 14:51:01.732 V/GameMode_GpuUtils( 2109): fps:60
02-14 14:51:01.733 D/GameMode_GameModeActionUtils( 2109): Show GameMode entry by service!
02-14 14:51:01.733 W/ContextImpl( 2109): Calling a method in the system process without a qualified user: android.app.ContextImpl.startService:1816 android.content.ContextWrapper.startService:774 com.thundercomm.gamemode.ingame.services.GameModeActionUtils.startGameModeService:111 com.thundercomm.gamemode.ingame.services.GameModeActionUtils.startGameModeEntry:22 com.thundercomm.gamemode.ingame.services.ActivityMonitoringService$1.onActivityLaunch:139
02-14 14:51:01.734 D/GameMode_GameModeService( 2109): type=hide_entry
02-14 14:51:01.734 D/GameModeIF_GameModeSettings( 2109): getUriFor setting_content_uri_root = content://com.thundercomm.gamemode.api/gamemode_settings , name = gamemode_isgaming
02-14 14:51:01.734 W/ndroid.setting( 5019): ClassLoaderContext shared library size mismatch. Expected=2, found=0 (PCL[]{PCL[/system/framework/org.apache.http.legacy.jar*2058259660]#PCL[/system_ext/framework/extphonelib.jar*2894378777]} | PCL[])
02-14 14:51:01.734 I/am_uid_active( 1257): 10066
02-14 14:51:01.737 I/GameModeConfig( 1257): Current uri is uri = content://com.thundercomm.gamemode.api/gamemode_settings/gamemode_isgaming
02-14 14:51:01.737 D/GameMode_GameSettingsObserver( 2109): Game Data change!!!! uri = content://com.thundercomm.gamemode.api/gamemode_settings/gamemode_isgaming
02-14 14:51:01.737 D/GameModeIF_GameModeSettings( 1257): getUriFor setting_content_uri_root = content://com.thundercomm.gamemode.api/gamemode_settings , name = gamemode_isgaming
02-14 14:51:01.737 D/GameModeIF_GameModeSettings( 2109): getUriFor setting_content_uri_root = content://com.thundercomm.gamemode.api/gamemode_settings , name = gamemode_isgaming
02-14 14:51:01.737 D/GameModeIF_GameModeSettings( 2109): gamemode_isgaming set to 0
02-14 14:51:01.737 I/GameMode_ActivityMonitoringService( 2109): [Perf]-lastSession=
02-14 14:51:01.737 D/GameModeIF_GameModeSettings( 2109): getUriFor setting_content_uri_root = content://com.thundercomm.gamemode.api/gamemode_settings , name = gamemode_enable
02-14 14:51:01.738 I/GameModeConfig( 1257): isGameModeOn = true
02-14 14:51:01.738 I/GameModeConfig( 1257): isGaming = false
02-14 14:51:01.738 I/GameModeConfig( 1257): isGameModeOn = true
02-14 14:51:01.738 I/GameModeConfig( 1257): isGaming = false
02-14 14:51:01.738 I/GameModeConfig( 1257): isDisableVoice = true
02-14 14:51:01.739 D/GameMode_GameModeService( 2109): updateGlobalSettings = gamemode_isgaming
02-14 14:51:01.740 I/Perf ( 5019): Connecting to perf service.
02-14 14:51:01.741 I/am_pss ( 1257): [2896,10093,com.android.providers.media.module,25150464,20119552,0,127700992,0,0,8]
02-14 14:51:01.742 I/BpBinder( 981): onLastStrongRef automatically unlinking death recipients:
02-14 14:51:01.742 V/GraphicsEnvironment( 5019): ANGLE Developer option for 'com.android.settings' set to: 'default'
02-14 14:51:01.742 V/GraphicsEnvironment( 5019): ANGLE GameManagerService for com.android.settings: false
02-14 14:51:01.743 D/NetworkSecurityConfig( 5019): No Network Security Config specified, using platform default
02-14 14:51:01.743 D/NetworkSecurityConfig( 5019): No Network Security Config specified, using platform default
02-14 14:51:01.746 I/CarUiInstaller( 5019): CarUiInstaller started for com.android.settings
02-14 14:51:01.747 D/SettingsSliceProvider( 5019): init
02-14 14:51:01.747 D/SettingsSliceProvider( 5019): onCreateSliceProvider
02-14 14:51:01.748 I/am_pss ( 1257): [1989,1002,com.android.bluetooth,30200832,24014848,0,134017024,0,0,7]
02-14 14:51:01.750 E/RoleParser( 5019): Unable to instantiate behavior: com.android.permissioncontroller.role.model.AssistantRoleBehavior
02-14 14:51:01.750 E/RoleParser( 5019): java.lang.ClassNotFoundException: com.android.permissioncontroller.role.model.AssistantRoleBehavior
02-14 14:51:01.750 E/RoleParser( 5019): at java.lang.Class.classForName(Native Method)
02-14 14:51:01.750 E/RoleParser( 5019): at java.lang.Class.forName(Class.java:454)
02-14 14:51:01.750 E/RoleParser( 5019): at java.lang.Class.forName(Class.java:379)
02-14 14:51:01.750 E/RoleParser( 5019): at com.android.permissioncontroller.role.model.RoleParser.parseRole(RoleParser.java:298)
02-14 14:51:01.750 E/RoleParser( 5019): at com.android.permissioncontroller.role.model.RoleParser.parseRoles(RoleParser.java:212)
02-14 14:51:01.750 E/RoleParser( 5019): at com.android.permissioncontroller.role.model.RoleParser.parseXml(RoleParser.java:171)
02-14 14:51:01.750 E/RoleParser( 5019): at com.android.permissioncontroller.role.model.RoleParser.parse(RoleParser.java:136)
02-14 14:51:01.750 E/RoleParser( 5019): at com.android.permissioncontroller.role.model.Roles.get(Roles.java:49)
02-14 14:51:01.750 E/RoleParser( 5019): at com.android.permissioncontroller.PermissionControllerApplication.updateSpecialAppAccessListActivityEnabledState(PermissionControllerApplication.java:51)
02-14 14:51:01.750 E/RoleParser( 5019): at com.android.permissioncontroller.PermissionControllerApplication.onCreate(PermissionControllerApplication.java:40)
02-14 14:51:01.750 E/RoleParser( 5019): at android.app.Instrumentation.callApplicationOnCreate(Instrumentation.java:1212)
02-14 14:51:01.750 E/RoleParser( 5019): at android.app.ActivityThread.handleBindApplication(ActivityThread.java:6744)
02-14 14:51:01.750 E/RoleParser( 5019): at android.app.ActivityThread.access$1500(ActivityThread.java:248)
02-14 14:51:01.750 E/RoleParser( 5019): at android.app.ActivityThread$H.handleMessage(ActivityThread.java:2054)
02-14 14:51:01.750 E/RoleParser( 5019): at android.os.Handler.dispatchMessage(Handler.java:106)
02-14 14:51:01.750 E/RoleParser( 5019): at android.os.Looper.loopOnce(Looper.java:201)
02-14 14:51:01.750 E/RoleParser( 5019): at android.os.Looper.loop(Looper.java:288)
02-14 14:51:01.750 E/RoleParser( 5019): at android.app.ActivityThread.main(ActivityThread.java:7880)
02-14 14:51:01.750 E/RoleParser( 5019): at java.lang.reflect.Method.invoke(Native Method)
02-14 14:51:01.750 E/RoleParser( 5019): at com.android.internal.os.RuntimeInit$MethodAndArgsCaller.run(RuntimeInit.java:548)
02-14 14:51:01.750 E/RoleParser( 5019): at com.android.internal.os.ZygoteInit.main(ZygoteInit.java:1009)
02-14 14:51:01.750 E/RoleParser( 5019): Caused by: java.lang.ClassNotFoundException: com.android.permissioncontroller.role.model.AssistantRoleBehavior
02-14 14:51:01.750 E/RoleParser( 5019): ... 21 more
02-14 14:51:01.750 I/am_wtf ( 1257): [0,5019,com.android.settings,952647173,RoleParser,com.android.permissioncontroller.role.model.AssistantRoleBehavior]
02-14 14:51:01.751 I/DropBoxManagerService( 1257): add tag=system_app_wtf isTagEnabled=true flags=0x2
02-14 14:51:01.751 E/RoleParser( 5019): Unable to instantiate behavior: com.android.permissioncontroller.role.model.BrowserRoleBehavior
02-14 14:51:01.751 E/RoleParser( 5019): java.lang.ClassNotFoundException: com.android.permissioncontroller.role.model.BrowserRoleBehavior
02-14 14:51:01.751 E/RoleParser( 5019): at java.lang.Class.classForName(Native Method)
02-14 14:51:01.751 E/RoleParser( 5019): at java.lang.Class.forName(Class.java:454)
02-14 14:51:01.751 E/RoleParser( 5019): at java.lang.Class.forName(Class.java:379)
02-14 14:51:01.751 E/RoleParser( 5019): at com.android.permissioncontroller.role.model.RoleParser.parseRole(RoleParser.java:298)
02-14 14:51:01.751 E/RoleParser( 5019): at com.android.permissioncontroller.role.model.RoleParser.parseRoles(RoleParser.java:212)
02-14 14:51:01.751 E/RoleParser( 5019): at com.android.permissioncontroller.role.model.RoleParser.parseXml(RoleParser.java:171)
02-14 14:51:01.751 E/RoleParser( 5019): at com.android.permissioncontroller.role.model.RoleParser.parse(RoleParser.java:136)
02-14 14:51:01.751 E/RoleParser( 5019): at com.android.permissioncontroller.role.model.Roles.get(Roles.java:49)
02-14 14:51:01.751 E/RoleParser( 5019): at com.android.permissioncontroller.PermissionControllerApplication.updateSpecialAppAccessListActivityEnabledState(PermissionControllerApplication.java:51)
02-14 14:51:01.751 E/RoleParser( 5019): at com.android.permissioncontroller.PermissionControllerApplication.onCreate(PermissionControllerApplication.java:40)
02-14 14:51:01.751 E/RoleParser( 5019): at android.app.Instrumentation.callApplicationOnCreate(Instrumentation.java:1212)
02-14 14:51:01.751 E/RoleParser( 5019): at android.app.ActivityThread.handleBindApplication(ActivityThread.java:6744)
02-14 14:51:01.751 E/RoleParser( 5019): at android.app.ActivityThread.access$1500(ActivityThread.java:248)
02-14 14:51:01.751 E/RoleParser( 5019): at android.app.ActivityThread$H.handleMessage(ActivityThread.java:2054)
02-14 14:51:01.751 E/RoleParser( 5019): at android.os.Handler.dispatchMessage(Handler.java:106)
02-14 14:51:01.751 E/RoleParser( 5019): at android.os.Looper.loopOnce(Looper.java:201)
02-14 14:51:01.751 E/RoleParser( 5019): at android.os.Looper.loop(Looper.java:288)
02-14 14:51:01.751 E/RoleParser( 5019): at android.app.ActivityThread.main(ActivityThread.java:7880)
02-14 14:51:01.751 E/RoleParser( 5019): at java.lang.reflect.Method.invoke(Native Method)
02-14 14:51:01.751 E/RoleParser( 5019): at com.android.internal.os.RuntimeInit$MethodAndArgsCaller.run(RuntimeInit.java:548)
02-14 14:51:01.751 E/RoleParser( 5019): at com.android.internal.os.ZygoteInit.main(ZygoteInit.java:1009)
02-14 14:51:01.751 E/RoleParser( 5019): Caused by: java.lang.ClassNotFoundException: com.android.permissioncontroller.role.model.BrowserRoleBehavior
02-14 14:51:01.751 E/RoleParser( 5019): ... 21 more
02-14 14:51:01.751 I/am_wtf ( 1257): [0,5019,com.android.settings,952647173,RoleParser,com.android.permissioncontroller.role.model.BrowserRoleBehavior]
02-14 14:51:01.752 I/DropBoxManagerService( 1257): add tag=system_app_wtf isTagEnabled=true flags=0x2
02-14 14:51:01.752 E/RoleParser( 5019): Unable to instantiate behavior: com.android.permissioncontroller.role.model.DialerRoleBehavior
02-14 14:51:01.752 E/RoleParser( 5019): java.lang.ClassNotFoundException: com.android.permissioncontroller.role.model.DialerRoleBehavior
02-14 14:51:01.752 E/RoleParser( 5019): at java.lang.Class.classForName(Native Method)
02-14 14:51:01.752 E/RoleParser( 5019): at java.lang.Class.forName(Class.java:454)
02-14 14:51:01.752 E/RoleParser( 5019): at java.lang.Class.forName(Class.java:379)
02-14 14:51:01.752 E/RoleParser( 5019): at com.android.permissioncontroller.role.model.RoleParser.parseRole(RoleParser.java:298)
02-14 14:51:01.752 E/RoleParser( 5019): at com.android.permissioncontroller.role.model.RoleParser.parseRoles(RoleParser.java:212)
02-14 14:51:01.752 E/RoleParser( 5019): at com.android.permissioncontroller.role.model.RoleParser.parseXml(RoleParser.java:171)
02-14 14:51:01.752 E/RoleParser( 5019): at com.android.permissioncontroller.role.model.RoleParser.parse(RoleParser.java:136)
02-14 14:51:01.752 E/RoleParser( 5019): at com.android.permissioncontroller.role.model.Roles.get(Roles.java:49)
02-14 14:51:01.752 E/RoleParser( 5019): at com.android.permissioncontroller.PermissionControllerApplication.updateSpecialAppAccessListActivityEnabledState(PermissionControllerApplication.java:51)
02-14 14:51:01.752 E/RoleParser( 5019): at com.android.permissioncontroller.PermissionControllerApplication.onCreate(PermissionControllerApplication.java:40)
02-14 14:51:01.752 E/RoleParser( 5019): at android.app.Instrumentation.callApplicationOnCreate(Instrumentation.java:1212)
02-14 14:51:01.752 E/RoleParser( 5019): at android.app.ActivityThread.handleBindApplication(ActivityThread.java:6744)
02-14 14:51:01.752 E/RoleParser( 5019): at android.app.ActivityThread.access$1500(ActivityThread.java:248)
02-14 14:51:01.752 E/RoleParser( 5019): at android.app.ActivityThread$H.handleMessage(ActivityThread.java:2054)
02-14 14:51:01.752 E/RoleParser( 5019): at android.os.Handler.dispatchMessage(Handler.java:106)
02-14 14:51:01.752 E/RoleParser( 5019): at android.os.Looper.loopOnce(Looper.java:201)
02-14 14:51:01.752 E/RoleParser( 5019): at android.os.Looper.loop(Looper.java:288)
02-14 14:51:01.752 E/RoleParser( 5019): at android.app.ActivityThread.main(ActivityThread.java:7880)
02-14 14:51:01.752 E/RoleParser( 5019): at java.lang.reflect.Method.invoke(Native Method)
02-14 14:51:01.752 E/RoleParser( 5019): at com.android.internal.os.RuntimeInit$MethodAndArgsCaller.run(RuntimeInit.java:548)
02-14 14:51:01.752 E/RoleParser( 5019): at com.android.internal.os.ZygoteInit.main(ZygoteInit.java:1009)
