02-17 10:44:22.727 W/View (22372): requestLayout() improperly called by android.widget.FrameLayout{b531136 I.E...... ......ID 0,0-780,179 #2bc} during second layout pass: posting in next frame
02-17 10:44:22.727 W/View (22372): requestLayout() improperly called by com.android.systemui.statusbar.AlphaOptimizedImageView{91002d1 VFED..C.. ......ID 0,0-140,84} during second layout pass: posting in next frame
02-17 10:44:22.742 W/View (22372): requestLayout() improperly called by android.widget.FrameLayout{b531136 I.E...... ......ID 0,0-780,179 #2bc} during layout: running second layout pass
02-17 10:44:22.742 W/View (22372): requestLayout() improperly called by com.android.systemui.statusbar.AlphaOptimizedImageView{91002d1 VFED..C.. ......ID 0,0-140,84} during layout: running second layout pass
02-17 10:44:22.745 W/View (22372): requestLayout() improperly called by android.widget.FrameLayout{b531136 I.E...... ......ID 0,0-780,179 #2bc} during second layout pass: posting in next frame
02-17 10:44:22.745 W/View (22372): requestLayout() improperly called by com.android.systemui.statusbar.AlphaOptimizedImageView{91002d1 VFED..C.. ......ID 0,0-140,84} during second layout pass: posting in next frame
02-17 10:44:22.759 W/View (22372): requestLayout() improperly called by android.widget.FrameLayout{b531136 I.E...... ......ID 0,0-780,179 #2bc} during layout: running second layout pass
02-17 10:44:22.760 W/View (22372): requestLayout() improperly called by com.android.systemui.statusbar.AlphaOptimizedImageView{91002d1 VFED..C.. ......ID 0,0-140,84} during layout: running second layout pass
02-17 10:44:22.763 W/View (22372): requestLayout() improperly called by android.widget.FrameLayout{b531136 I.E...... ......ID 0,0-780,179 #2bc} during second layout pass: posting in next frame
02-17 10:44:22.764 W/View (22372): requestLayout() improperly called by com.android.systemui.statusbar.AlphaOptimizedImageView{91002d1 VFED..C.. ......ID 0,0-140,84} during second layout pass: posting in next frame
02-17 10:44:22.777 W/View (22372): requestLayout() improperly called by android.widget.FrameLayout{b531136 I.E...... ......ID 0,0-780,179 #2bc} during layout: running second layout pass
02-17 10:44:22.777 W/View (22372): requestLayout() improperly called by com.android.systemui.statusbar.AlphaOptimizedImageView{91002d1 VFED..C.. ......ID 0,0-140,84} during layout: running second layout pass
02-17 10:44:22.779 W/View (22372): requestLayout() improperly called by android.widget.FrameLayout{b531136 I.E...... ......ID 0,0-780,179 #2bc} during second layout pass: posting in next frame
02-17 10:44:22.779 W/View (22372): requestLayout() improperly called by com.android.systemui.statusbar.AlphaOptimizedImageView{91002d1 VFED..C.. ......ID 0,0-140,84} during second layout pass: posting in next frame
02-17 10:44:22.793 W/View (22372): requestLayout() improperly called by android.widget.FrameLayout{b531136 I.E...... ......ID 0,0-780,179 #2bc} during layout: running second layout pass
02-17 10:44:22.793 W/View (22372): requestLayout() improperly called by com.android.systemui.statusbar.AlphaOptimizedImageView{91002d1 VFED..C.. ......ID 0,0-140,84} during layout: running second layout pass
02-17 10:44:22.795 W/View (22372): requestLayout() improperly called by android.widget.FrameLayout{b531136 I.E...... ......ID 0,0-780,179 #2bc} during second layout pass: posting in next frame
02-17 10:44:22.795 W/View (22372): requestLayout() improperly called by com.android.systemui.statusbar.AlphaOptimizedImageView{91002d1 VFED..C.. ......ID 0,0-140,84} during second layout pass: posting in next frame
02-17 10:44:22.810 W/View (22372): requestLayout() improperly called by android.widget.FrameLayout{b531136 I.E...... ......ID 0,0-780,179 #2bc} during layout: running second layout pass
02-17 10:44:22.811 W/View (22372): requestLayout() improperly called by com.android.systemui.statusbar.AlphaOptimizedImageView{91002d1 VFED..C.. ......ID 0,0-140,84} during layout: running second layout pass
02-17 10:44:22.813 W/View (22372): requestLayout() improperly called by android.widget.FrameLayout{b531136 I.E...... ......ID 0,0-780,179 #2bc} during second layout pass: posting in next frame
02-17 10:44:22.814 W/View (22372): requestLayout() improperly called by com.android.systemui.statusbar.AlphaOptimizedImageView{91002d1 VFED..C.. ......ID 0,0-140,84} during second layout pass: posting in next frame
02-17 10:44:22.828 W/View (22372): requestLayout() improperly called by android.widget.FrameLayout{b531136 I.E...... ......ID 0,0-780,179 #2bc} during layout: running second layout pass
02-17 10:44:22.828 W/View (22372): requestLayout() improperly called by com.android.systemui.statusbar.AlphaOptimizedImageView{91002d1 VFED..C.. ......ID 0,0-140,84} during layout: running second layout pass
02-17 10:44:22.831 W/View (22372): requestLayout() improperly called by android.widget.FrameLayout{b531136 I.E...... ......ID 0,0-780,179 #2bc} during second layout pass: posting in next frame
02-17 10:44:22.831 W/View (22372): requestLayout() improperly called by com.android.systemui.statusbar.AlphaOptimizedImageView{91002d1 VFED..C.. ......ID 0,0-140,84} during second layout pass: posting in next frame
02-17 10:44:22.844 W/View (22372): requestLayout() improperly called by android.widget.FrameLayout{b531136 I.E...... ......ID 0,0-780,179 #2bc} during layout: running second layout pass
02-17 10:44:22.844 W/View (22372): requestLayout() improperly called by com.android.systemui.statusbar.AlphaOptimizedImageView{91002d1 VFED..C.. ......ID 0,0-140,84} during layout: running second layout pass
02-17 10:44:22.849 W/View (22372): requestLayout() improperly called by android.widget.FrameLayout{b531136 I.E...... ......ID 0,0-780,179 #2bc} during second layout pass: posting in next frame
02-17 10:44:22.849 W/View (22372): requestLayout() improperly called by com.android.systemui.statusbar.AlphaOptimizedImageView{91002d1 VFED..C.. ......ID 0,0-140,84} during second layout pass: posting in next frame
02-17 10:44:22.861 W/View (22372): requestLayout() improperly called by android.widget.FrameLayout{b531136 I.E...... ......ID 0,0-780,179 #2bc} during layout: running second layout pass
02-17 10:44:22.861 W/View (22372): requestLayout() improperly called by com.android.systemui.statusbar.AlphaOptimizedImageView{91002d1 VFED..C.. ......ID 0,0-140,84} during layout: running second layout pass
02-17 10:44:22.863 W/View (22372): requestLayout() improperly called by android.widget.FrameLayout{b531136 I.E...... ......ID 0,0-780,179 #2bc} during second layout pass: posting in next frame
02-17 10:44:22.863 W/View (22372): requestLayout() improperly called by com.android.systemui.statusbar.AlphaOptimizedImageView{91002d1 VFED..C.. ......ID 0,0-140,84} during second layout pass: posting in next frame
02-17 10:44:22.876 W/View (22372): requestLayout() improperly called by android.widget.FrameLayout{b531136 I.E...... ......ID 0,0-780,179 #2bc} during layout: running second layout pass
02-17 10:44:22.876 W/View (22372): requestLayout() improperly called by com.android.systemui.statusbar.AlphaOptimizedImageView{91002d1 VFED..C.. ......ID 0,0-140,84} during layout: running second layout pass
02-17 10:44:22.877 W/View (22372): requestLayout() improperly called by android.widget.FrameLayout{b531136 I.E...... ......ID 0,0-780,179 #2bc} during second layout pass: posting in next frame
02-17 10:44:22.877 W/View (22372): requestLayout() improperly called by com.android.systemui.statusbar.AlphaOptimizedImageView{91002d1 VFED..C.. ......ID 0,0-140,84} during second layout pass: posting in next frame
02-17 10:44:22.893 W/View (22372): requestLayout() improperly called by android.widget.FrameLayout{b531136 I.E...... ......ID 0,0-780,179 #2bc} during layout: running second layout pass
02-17 10:44:22.893 W/View (22372): requestLayout() improperly called by com.android.systemui.statusbar.AlphaOptimizedImageView{91002d1 VFED..C.. ......ID 0,0-140,84} during layout: running second layout pass
02-17 10:44:22.895 W/View (22372): requestLayout() improperly called by android.widget.FrameLayout{b531136 I.E...... ......ID 0,0-780,179 #2bc} during second layout pass: posting in next frame
02-17 10:44:22.895 W/View (22372): requestLayout() improperly called by com.android.systemui.statusbar.AlphaOptimizedImageView{91002d1 VFED..C.. ......ID 0,0-140,84} during second layout pass: posting in next frame
02-17 10:44:22.912 W/View (22372): requestLayout() improperly called by android.widget.FrameLayout{b531136 I.E...... ......ID 0,0-780,179 #2bc} during layout: running second layout pass
02-17 10:44:22.912 W/View (22372): requestLayout() improperly called by com.android.systemui.statusbar.AlphaOptimizedImageView{91002d1 VFED..C.. ......ID 0,0-140,84} during layout: running second layout pass
02-17 10:44:22.916 W/View (22372): requestLayout() improperly called by android.widget.FrameLayout{b531136 I.E...... ......ID 0,0-780,179 #2bc} during second layout pass: posting in next frame
02-17 10:44:22.916 W/View (22372): requestLayout() improperly called by com.android.systemui.statusbar.AlphaOptimizedImageView{91002d1 VFED..C.. ......ID 0,0-140,84} during second layout pass: posting in next frame
02-17 10:44:22.927 W/View (22372): requestLayout() improperly called by android.widget.FrameLayout{b531136 I.E...... ......ID 0,0-780,179 #2bc} during layout: running second layout pass
02-17 10:44:22.927 W/View (22372): requestLayout() improperly called by com.android.systemui.statusbar.AlphaOptimizedImageView{91002d1 VFED..C.. ......ID 0,0-140,84} during layout: running second layout pass
02-17 10:44:22.929 W/View (22372): requestLayout() improperly called by android.widget.FrameLayout{b531136 I.E...... ......ID 0,0-780,179 #2bc} during second layout pass: posting in next frame
02-17 10:44:22.929 W/View (22372): requestLayout() improperly called by com.android.systemui.statusbar.AlphaOptimizedImageView{91002d1 VFED..C.. ......ID 0,0-140,84} during second layout pass: posting in next frame
02-17 10:44:22.935 I/auditd ( 0): type=1400 audit(0.0:26827): avc: denied { kill } for comm="swapper/0" capability=5 scontext=u:r:kernel:s0 tcontext=u:r:kernel:s0 tclass=capability permissive=0
02-17 10:44:22.935 W/swapper/0( 0): type=1400 audit(0.0:26827): avc: denied { kill } for capability=5 scontext=u:r:kernel:s0 tcontext=u:r:kernel:s0 tclass=capability permissive=0
02-17 10:44:22.945 W/View (22372): requestLayout() improperly called by android.widget.FrameLayout{b531136 I.E...... ......ID 0,0-780,179 #2bc} during layout: running second layout pass
02-17 10:44:22.945 W/View (22372): requestLayout() improperly called by com.android.systemui.statusbar.AlphaOptimizedImageView{91002d1 VFED..C.. ......ID 0,0-140,84} during layout: running second layout pass
02-17 10:44:22.947 W/View (22372): requestLayout() improperly called by android.widget.FrameLayout{b531136 I.E...... ......ID 0,0-780,179 #2bc} during second layout pass: posting in next frame
02-17 10:44:22.948 W/View (22372): requestLayout() improperly called by com.android.systemui.statusbar.AlphaOptimizedImageView{91002d1 VFED..C.. ......ID 0,0-140,84} during second layout pass: posting in next frame
02-17 10:44:22.961 W/View (22372): requestLayout() improperly called by android.widget.FrameLayout{b531136 I.E...... ......ID 0,0-780,179 #2bc} during layout: running second layout pass
02-17 10:44:22.961 W/View (22372): requestLayout() improperly called by com.android.systemui.statusbar.AlphaOptimizedImageView{91002d1 VFED..C.. ......ID 0,0-140,84} during layout: running second layout pass
02-17 10:44:22.963 W/View (22372): requestLayout() improperly called by android.widget.FrameLayout{b531136 I.E...... ......ID 0,0-780,179 #2bc} during second layout pass: posting in next frame
02-17 10:44:22.963 W/View (22372): requestLayout() improperly called by com.android.systemui.statusbar.AlphaOptimizedImageView{91002d1 VFED..C.. ......ID 0,0-140,84} during second layout pass: posting in next frame
02-17 10:44:22.970 I/OMX-VENC: venc_dev( 1216): stats: avg. fps 32.45, bitrate 664343
02-17 10:44:22.977 W/View (22372): requestLayout() improperly called by android.widget.FrameLayout{b531136 I.E...... ......ID 0,0-780,179 #2bc} during layout: running second layout pass
02-17 10:44:22.977 W/View (22372): requestLayout() improperly called by com.android.systemui.statusbar.AlphaOptimizedImageView{91002d1 VFED..C.. ......ID 0,0-140,84} during layout: running second layout pass
02-17 10:44:23.109 D/vendor.qti.vibrator( 876): Vibrator on for timeoutMs: 350
02-17 10:44:23.110 D/vendor.qti.vibrator( 876): Starting on on another thread
02-17 10:44:23.141 I/MicroServiceManager( 1524): requestResult(requestAudioFocus) parameters is{"functionInfo":{"IDCM_AudioFocus":"AudioFocus_Media"}}.
02-17 10:44:23.142 I/GenericSource( 1197): start
02-17 10:44:23.142 E/MicroService( 2127): Client is not connected.
02-17 10:44:23.142 E/MicroService( 2127): Client is not connected.
02-17 10:44:23.145 W/Utils ( 1197): track of type 'audio/vorbis' does not publish channel mask, channel count 1
02-17 10:44:23.151 W/Utils ( 1197): track of type 'audio/vorbis' does not publish channel mask, channel count 1
02-17 10:44:23.153 D/audio_hw_primary( 802): adev_get_parameters:is_hw_dec_session_available
02-17 10:44:23.153 D/audio_hw_spkr_prot( 802): fbsp_get_parameters: Speaker protection disabled
02-17 10:44:23.153 D/soundtrigger( 802): audio_extn_sound_trigger_get_parameters input string
02-17 10:44:23.153 D/soundtrigger( 802): extract_sm_handle input string param string
02-17 10:44:23.153 D/audio_hw_extn( 802): audio_extn_fm_get_parameters: Enter
02-17 10:44:23.153 D/audio_hw_extn( 802): audio_extn_get_parameters: returns
02-17 10:44:23.154 D/audio_hw_primary( 802): adev_get_parameters: exit: returns -
02-17 10:44:23.154 I/hash_map_utils( 901): system/bt/osi/src/hash_map_utils.cc:81 hash_map_utils_dump_string_keys_string_values: key: 'is_hw_dec_session_available' value: 'audio/vorbis'
02-17 10:44:23.158 D/CCodec ( 1197): allocate(c2.android.vorbis.decoder)
02-17 10:44:23.161 I/CCodec ( 1197): setting up 'default' as default (vendor) store
02-17 10:44:23.162 V/C2Store ( 1261): in init
02-17 10:44:23.162 V/C2Store ( 1261): loading dll
02-17 10:44:23.168 I/CCodec ( 1197): Created component [c2.android.vorbis.decoder]
02-17 10:44:23.168 D/CCodecConfig( 1197): read media type: audio/vorbis
02-17 10:44:23.173 D/ReflectedParamUpdater( 1197): extent() != 1 for single value type: algo.buffers.max-count.values
02-17 10:44:23.174 D/ReflectedParamUpdater( 1197): extent() != 1 for single value type: output.subscribed-indices.values
02-17 10:44:23.174 D/ReflectedParamUpdater( 1197): extent() != 1 for single value type: input.buffers.allocator-ids.values
02-17 10:44:23.175 D/ReflectedParamUpdater( 1197): extent() != 1 for single value type: output.buffers.allocator-ids.values
02-17 10:44:23.175 D/ReflectedParamUpdater( 1197): extent() != 1 for single value type: algo.buffers.allocator-ids.values
02-17 10:44:23.175 D/ReflectedParamUpdater( 1197): extent() != 1 for single value type: output.buffers.pool-ids.values
02-17 10:44:23.175 D/ReflectedParamUpdater( 1197): extent() != 1 for single value type: algo.buffers.pool-ids.values
02-17 10:44:23.178 I/CCodecConfig( 1197): query failed after returning 7 values (BAD_INDEX)
02-17 10:44:23.178 D/CCodecConfig( 1197): c2 config diff is Dict {
02-17 10:44:23.178 D/CCodecConfig( 1197): c2::u32 coded.bitrate.value = 64000
02-17 10:44:23.178 D/CCodecConfig( 1197): c2::u32 input.buffers.max-size.value = 32768
02-17 10:44:23.178 D/CCodecConfig( 1197): c2::u32 input.delay.value = 0
02-17 10:44:23.178 D/CCodecConfig( 1197): string input.media-type.value = "audio/vorbis"
02-17 10:44:23.178 D/CCodecConfig( 1197): string output.media-type.value = "audio/raw"
02-17 10:44:23.178 D/CCodecConfig( 1197): c2::u32 raw.channel-count.value = 1
02-17 10:44:23.178 D/CCodecConfig( 1197): c2::u32 raw.sample-rate.value = 48000
02-17 10:44:23.178 D/CCodecConfig( 1197): }
02-17 10:44:23.179 D/CCodec ( 1197): [c2.android.vorbis.decoder] buffers are bound to CCodec for this session
02-17 10:44:23.179 D/CCodecConfig( 1197): no c2 equivalents for durationUs
02-17 10:44:23.179 D/CCodecConfig( 1197): no c2 equivalents for csd-1
02-17 10:44:23.179 D/CCodecConfig( 1197): no c2 equivalents for language
02-17 10:44:23.179 D/CCodecConfig( 1197): no c2 equivalents for file-format
02-17 10:44:23.179 D/CCodecConfig( 1197): no c2 equivalents for flags
02-17 10:44:23.180 D/CCodecConfig( 1197): config failed => CORRUPTED
02-17 10:44:23.180 D/CCodecConfig( 1197): c2 config diff is c2::u32 coded.bitrate.value = 70000
02-17 10:44:23.181 W/Codec2Client( 1197): query -- param skipped: index = 1107298332.
02-17 10:44:23.181 D/CCodec ( 1197): setup formats input: AMessage(what = 0x00000000) = {
02-17 10:44:23.181 D/CCodec ( 1197): int32_t bitrate = 70000
02-17 10:44:23.181 D/CCodec ( 1197): int32_t channel-count = 1
02-17 10:44:23.181 D/CCodec ( 1197): int32_t max-input-size = 65307
02-17 10:44:23.181 D/CCodec ( 1197): string mime = "audio/vorbis"
02-17 10:44:23.181 D/CCodec ( 1197): int32_t sample-rate = 48000
02-17 10:44:23.181 D/CCodec ( 1197): }
02-17 10:44:23.181 D/CCodec ( 1197): setup formats output: AMessage(what = 0x00000000) = {
02-17 10:44:23.181 D/CCodec ( 1197): int32_t channel-count = 1
02-17 10:44:23.181 D/CCodec ( 1197): string mime = "audio/raw"
02-17 10:44:23.181 D/CCodec ( 1197): int32_t sample-rate = 48000
02-17 10:44:23.181 D/CCodec ( 1197): int32_t android._config-pcm-encoding = 2
02-17 10:44:23.181 D/CCodec ( 1197): }
02-17 10:44:23.181 I/CCodecConfig( 1197): query failed after returning 7 values (BAD_INDEX)
02-17 10:44:23.182 I/MediaCodec( 1197): MediaCodec will operate in async mode
02-17 10:44:23.182 D/MediaCodec( 1197): keep callback message for reclaim
02-17 10:44:23.182 W/Codec2Client( 1197): query -- param skipped: index = 1342179345.
02-17 10:44:23.182 W/Codec2Client( 1197): query -- param skipped: index = 2415921170.
02-17 10:44:23.184 D/CCodecBufferChannel( 1197): [c2.android.vorbis.decoder#695] Created input block pool with allocatorID 16 => poolID 115 - OK (0)
02-17 10:44:23.184 D/BufferPoolAccessor2.0( 1261): bufferpool2 0xb4000077caf39318 : 0(0 size) total buffers - 0(0 size) used buffers - 41/45 (recycle/alloc) - 4/44 (fetch/transfer)
02-17 10:44:23.184 D/BufferPoolAccessor2.0( 1261): Destruction - bufferpool2 0xb4000077caf39318 cached: 0/0M, 0/0% in use; allocs: 45, 91% recycled; transfers: 44, 91% unfetched
02-17 10:44:23.185 D/BufferPoolAccessor2.0( 1197): bufferpool2 0xee5c2ae8 : 0(0 size) total buffers - 0(0 size) used buffers - 40/48 (recycle/alloc) - 8/94 (fetch/transfer)
02-17 10:44:23.185 D/BufferPoolAccessor2.0( 1197): Destruction - bufferpool2 0xee5c2ae8 cached: 0/0M, 0/0% in use; allocs: 48, 83% recycled; transfers: 94, 91% unfetched
02-17 10:44:23.185 D/BufferPoolAccessor2.0( 1197): bufferpool2 0xee5c3628 : 0(0 size) total buffers - 0(0 size) used buffers - 1/5 (recycle/alloc) - 2/4 (fetch/transfer)
02-17 10:44:23.185 D/BufferPoolAccessor2.0( 1197): Destruction - bufferpool2 0xee5c3628 cached: 0/0M, 0/0% in use; allocs: 5, 20% recycled; transfers: 4, 50% unfetched
02-17 10:44:23.186 I/CCodecBufferChannel( 1197): [c2.android.vorbis.decoder#695] Created output block pool with allocatorID 16 => poolID 134 - OK
02-17 10:44:23.186 D/CCodecBufferChannel( 1197): [c2.android.vorbis.decoder#695] Configured output block pool ids 134 => OK
02-17 10:44:23.186 D/CCodecBufferChannel( 1197): [c2.android.vorbis.decoder#695] start: updating output delay 0
02-17 10:44:23.187 I/CCodecBufferChannel( 1197): pipelineRoom(3) is <= numClientBuffers(3). Not signalling any more buffers to client
02-17 10:44:23.187 D/SimpleC2Component( 1261): Using output block pool with poolID 134 => got 134 - 0
02-17 10:44:23.188 I/CCodecBufferChannel( 1197): pipelineRoom(2) is <= numClientBuffers(2). Not signalling any more buffers to client
02-17 10:44:23.189 I/CCodecBufferChannel( 1197): pipelineRoom(1) is <= numClientBuffers(1). Not signalling any more buffers to client
02-17 10:44:23.194 I/ExtendedNuUtils( 1197): Both src and dst missing for bit-width
02-17 10:44:23.194 I/ExtendedNuUtils( 1197): Overriding durationUs: with 64 bit src value 1728000
02-17 10:44:23.194 I/ExtendedNuUtils( 1197): Both src and dst missing for channel-mask
02-17 10:44:23.197 D/audio_hw_primary( 802): adev_get_parameters:vr_audio_mode_on
02-17 10:44:23.197 I/audio_hw_primary( 802): getting vr mode to 0
02-17 10:44:23.197 D/audio_hw_primary( 802): adev_get_parameters: exit: returns - vr_audio_mode_on=false
02-17 10:44:23.197 I/hash_map_utils( 901): system/bt/osi/src/hash_map_utils.cc:81 hash_map_utils_dump_string_keys_string_values: key: 'vr_audio_mode_on' value: ''
02-17 10:44:23.198 D/AudioFlinger( 901): Client defaulted notificationFrames to 12000 for frameCount 24000
02-17 10:44:23.199 D/AF::TrackHandle( 901): OpPlayAudio: track:142 usage:5 not muted
02-17 10:44:23.206 I/EffectsFactory( 802): EffectCreate() create_effect
02-17 10:44:23.209 E/volume_listener( 802): check_and_set_gain_dep_cal: Failed to set gain dep cal level
02-17 10:44:23.209 D/audio_hw_primary( 802): start_output_stream: enter: stream(0xedb00010)usecase(1: low-latency-playback) devices(0x2) is_haptic_usecase(0)
02-17 10:44:23.209 D/audio_hw_primary( 802): select_devices for use case (low-latency-playback)
02-17 10:44:23.209 I/msm8974_platform( 802): platform_check_and_set_codec_backend_cfg:becf: afe: bitwidth 16, samplerate 48000 channels 2, backend_idx 0 usecase = 1 device (speaker)
02-17 10:44:23.209 D/msm8974_platform( 802): platform_split_snd_device: snd_device(2) num devices(1) new_snd_devices(0)
02-17 10:44:23.209 I/msm8974_platform( 802): platform_check_and_set_codec_backend_cfg: new_snd_devices[0] is 2
02-17 10:44:23.209 I/msm8974_platform( 802): platform_check_codec_backend_cfg:becf: afe: bitwidth 16, samplerate 48000 channels 2, backend_idx 0 usecase = 1 device (speaker)
02-17 10:44:23.211 D/audio_hw_extn( 802): audio_extn_enable_hifi_filter: mixer_value set 0
02-17 10:44:23.211 D/msm8974_platform( 802): platform_check_codec_backend_cfg:becf: updated afe: bitwidth 16, samplerate 48000 channels 2,backend_idx 0 usecase = 1 device (speaker)
02-17 10:44:23.211 D/msm8974_platform( 802): platform_check_codec_backend_cfg:becf: afe: playback on codec device not supporting native playback set default Sample Rate(48k)
02-17 10:44:23.211 I/msm8974_platform( 802): platform_check_codec_backend_cfg:becf: afe: Codec selected backend: 0 updated bit width: 16 and sample rate: 48000
02-17 10:44:23.211 D/audio_hw_primary( 802): check_usecases_codec_backend:becf: force routing 0
02-17 10:44:23.211 E/msm8974_platform( 802): platform_check_backends_match: Invalid snd_device =
02-17 10:44:23.211 D/audio_hw_primary( 802): check_usecases_codec_backend:becf: (78) check_usecases curr device: speaker, usecase device: backends match 0
02-17 10:44:23.211 D/audio_hw_primary( 802): check_usecases_codec_backend:becf: check_usecases num.of Usecases to switch 0
02-17 10:44:23.211 D/hardware_info( 802): hw_info_append_hw_type : device_name = speaker
02-17 10:44:23.211 D/msm8974_platform( 802): platform_split_snd_device: snd_device(2) num devices(0) new_snd_devices(0)
02-17 10:44:23.211 D/audio_hw_primary( 802): enable_snd_device: snd_device(2: speaker)
02-17 10:44:23.211 D/msm8974_platform( 802): platform_get_island_cfg_on_device:island cfg status on snd_device = (speaker 0)
02-17 10:44:23.211 I/soundtrigger( 802): audio_extn_sound_trigger_update_device_status: device 0x2 of type 0 for Event 1, with Raise=0
02-17 10:44:23.211 D/audio_route( 802): Apply path: speaker
02-17 10:44:23.211 I/audio_hw_utils( 802): audio_extn_utils_update_stream_output_app_type_cfg Allowing 24 and above bits playback on speaker ONLY at default sampling rate
02-17 10:44:23.211 E/soundtrigger( 802): audio_extn_sound_trigger_update_stream_status: invalid input device 0x0, for event 3
02-17 10:44:23.211 D/soundtrigger( 802): audio_extn_sound_trigger_update_stream_status: uc_info->id 1 of type 0 for Event 3, with Raise=0
02-17 10:44:23.211 D/audio_hw_utils( 802): audio_extn_utils_send_app_type_cfg: usecase->out_snd_device speaker
02-17 10:44:23.211 D/msm8974_platform( 802): platform_split_snd_device: snd_device(2) num devices(0) new_snd_devices(0)
02-17 10:44:23.212 D/audio_hw_utils( 802): audio_extn_btsco_get_sample_rate:Not a BT SCO device, need not update sampling rate
02-17 10:44:23.212 I/audio_hw_utils( 802): send_app_type_cfg_for_device PLAYBACK app_type 69937, acdb_dev_id 15, sample_rate 48000, snd_device_be_idx 179
02-17 10:44:23.212 D/msm8974_platform( 802): platform_split_snd_device: snd_device(2) num devices(1) new_snd_devices(0)
02-17 10:44:23.212 D/audio_hw_utils( 802): audio_extn_btsco_get_sample_rate:Not a BT SCO device, need not update sampling rate
02-17 10:44:23.212 D/ACDB-LOADER( 802): ACDB -> send_audio_cal, acdb_id = 15, path = 0, app id = 0x11131, sample rate = 48000, afe_sample_rate = 48000
02-17 10:44:23.212 D/ACDB-LOADER( 802): ACDB -> send_asm_topology
02-17 10:44:23.212 D/ACDB-LOADER( 802): ACDB -> ACDB_CMD_GET_AUDPROC_STREAM_TOPOLOGY_ID
02-17 10:44:23.212 D/ACDB-LOADER( 802): ACDB -> send_adm_topology
02-17 10:44:23.212 D/ACDB-LOADER( 802): ACDB -> ACDB_CMD_GET_AUDPROC_COMMON_TOPOLOGY_ID
02-17 10:44:23.212 D/ACDB-LOADER( 802): ACDB -> send_audtable
02-17 10:44:23.212 D/ACDB-LOADER( 802): ACDB -> ACDB_CMD_GET_AUDPROC_INSTANCE_COMMON_TABLE_SIZE
02-17 10:44:23.212 D/ACDB-LOADER( 802): ACDB -> ACDB_CMD_GET_AUDPROC_INSTANCE_COMMON_TABLE
02-17 10:44:23.212 D/ACDB-LOADER( 802): ACDB -> AUDIO_SET_AUDPROC_CAL cal_type[11] acdb_id[15] app_type[69937]
02-17 10:44:23.212 D/ACDB-LOADER( 802): ACDB -> send_audvoltable
02-17 10:44:23.212 D/ACDB-LOADER( 802): ACDB -> ACDB_CMD_GET_AUDPROC_INSTANCE_GAIN_DEP_STEP_TABLE_SIZE
02-17 10:44:23.212 D/ACDB-LOADER( 802): ACDB -> ACDB_CMD_GET_AUDPROC_INSTANCE_GAIN_DEP_STEP_TABLE, vol index 0
02-17 10:44:23.212 D/ACDB-LOADER( 802): ACDB -> AUDIO_SET_VOL_CAL cal type = 12
02-17 10:44:23.212 D/ACDB-LOADER( 802): ACDB -> ACDB_CMD_GET_AUDPROC_INSTANCE_STREAM_TABLE_SIZE
02-17 10:44:23.212 D/ACDB-LOADER( 802): ACDB -> send_audstrmtable
02-17 10:44:23.212 D/ACDB-LOADER( 802): ACDB -> ACDB_CMD_GET_AUDPROC_INSTANCE_STREAM_TABLE
02-17 10:44:23.212 D/ACDB-LOADER( 802): ACDB -> audstrm_cal->cal_type.cal_data.cal_size = 20
02-17 10:44:23.212 D/ACDB-LOADER( 802): ACDB -> send_afe_topology
02-17 10:44:23.212 D/ACDB-LOADER( 802): ACDB -> ACDB_CMD_GET_AFE_TOPOLOGY_ID
02-17 10:44:23.212 D/ACDB-LOADER( 802): ACDB -> GET_AFE_TOPOLOGY_ID for adcd_id 15, Topology Id 112fc
02-17 10:44:23.212 D/ACDB-LOADER( 802): ACDB -> send_afe_cal
02-17 10:44:23.212 D/ACDB-LOADER( 802): ACDB -> ACDB_CMD_GET_AFE_INSTANCE_COMMON_TABLE_SIZE
02-17 10:44:23.212 D/android.hardware.audio.service( 802): Failed to fetch the lookup information of the device 0000000F
02-17 10:44:23.212 D/ACDB-LOADER( 802): Error: ACDB_CMD_GET_AFE_INSTANCE_COMMON_TABLE_SIZE Returned = -19
02-17 10:44:23.212 D/ACDB-LOADER( 802): ACDB -> ACDB_CMD_GET_AFE_INSTANCE_COMMON_TABLE
02-17 10:44:23.212 D/android.hardware.audio.service( 802): Failed to fetch the lookup information of the device 0000000F
02-17 10:44:23.212 D/ACDB-LOADER( 802): Error: ACDB AFE returned = -19
02-17 10:44:23.212 D/ACDB-LOADER( 802): ACDB -> AUDIO_SET_AFE_CAL cal_type[16] acdb_id[15]
02-17 10:44:23.212 D/ACDB-LOADER( 802): ACDB -> send_hw_delay : acdb_id = 15 path = 0
02-17 10:44:23.212 D/ACDB-LOADER( 802): ACDB -> ACDB_AVSYNC_INFO: ACDB_CMD_GET_DEVICE_PROPERTY
02-17 10:44:23.212 D/msm8974_platform( 802): platform_split_snd_device: snd_device(2) num devices(0) new_snd_devices(0)
02-17 10:44:23.212 I/msm8974_platform( 802): platform_get_custom_mtmx_params: no matching param with id 0 ip_ch 2 op_ch 2 uc_id 1 snd_dev 2
02-17 10:44:23.212 D/audio_hw_primary( 802): enable_audio_route: apply mixer and update path: low-latency-playback
02-17 10:44:23.213 D/audio_route( 802): Apply path: low-latency-playback
02-17 10:44:23.214 D/audio_hw_primary( 802): select_devices: done
01-01 14:55:03.364 I/afe_find_cal_topo_id_by_port( 0): port id: 0x9000, dev_acdb_id: 0
01-01 14:55:03.364 I/afe_find_cal_topo_id_by_port( 0): top_id:112fc acdb_id:15 afe_port:0x9000
01-01 14:55:03.364 I/afe_get_cal_topology_id( 0): port_id = 0x9000 acdb_id = 15 topology_id = 0x112fc cal_type_index=8 ret=0
01-01 14:55:03.364 I/afe_send_port_topology_id( 0): AFE set topology id 0x112fc enable for port 0x9000 ret 0
01-01 14:55:03.364 I/send_afe_cal_type( 0): cal_index is 0
01-01 14:55:03.364 I/send_afe_cal_type( 0): dev_acdb_id[55] is 0
01-01 14:55:03.364 I/send_afe_cal_type( 0): Sending cal_index cal 0
01-01 14:55:03.364 E/send_afe_cal_type( 0): No cal sent for cal_index 0, port_id = 0x9000! ret -22
01-01 14:55:03.364 I/afe_send_hw_delay( 0): port_id 0x9000 rate 48000 delay_usec 474 status 0
02-17 10:44:23.240 D/msm8974_platform( 802): platform_set_channel_map mixer_ctl_name:Playback Channel Map9
02-17 10:44:23.240 D/msm8974_platform( 802): platform_set_channel_map: set mapping(1 2 0 0 0 0 0 0) for channel:2
02-17 10:44:23.241 D/audio_hw_primary( 802): start_output_stream: exit
02-17 10:44:23.241 D/audio_hw_primary( 802): out_write: retry previous failed cal level set
02-17 10:44:23.241 D/msm8974_platform( 802): platform_split_snd_device: snd_device(2) num devices(1) new_snd_devices(0)
02-17 10:44:23.241 D/ACDB-LOADER( 802): ACDB -> send_audvoltable
02-17 10:44:23.241 D/ACDB-LOADER( 802): ACDB -> ACDB_CMD_GET_AUDPROC_INSTANCE_GAIN_DEP_STEP_TABLE_SIZE
02-17 10:44:23.241 D/ACDB-LOADER( 802): ACDB -> ACDB_CMD_GET_AUDPROC_INSTANCE_GAIN_DEP_STEP_TABLE, vol index 5
02-17 10:44:23.241 D/ACDB-LOADER( 802): ACDB -> AUDIO_SET_VOL_CAL cal type = 40
01-01 14:55:03.485 E/DTC_ETH,link_delay_work_func( 0): 3003, SQI=0, link=0
02-17 10:44:23.428 W/View (22372): requestLayout() improperly called by android.widget.FrameLayout{b531136 I.E...... ......ID 0,0-780,179 #2bc} during second layout pass: posting in next frame
02-17 10:44:23.428 W/View (22372): requestLayout() improperly called by com.android.systemui.statusbar.AlphaOptimizedImageView{91002d1 VFED..C.. ......ID 0,0-140,84} during second layout pass: posting in next frame
02-17 10:44:23.445 W/View (22372): requestLayout() improperly called by android.widget.FrameLayout{b531136 I.E...... ......ID 0,0-780,179 #2bc} during layout: running second layout pass
02-17 10:44:23.445 W/View (22372): requestLayout() improperly called by com.android.systemui.statusbar.AlphaOptimizedImageView{91002d1 VFED..C.. ......ID 0,0-140,84} during layout: running second layout pass
02-17 10:44:23.457 D/vendor.qti.vibrator( 876): QTI Vibrator off
02-17 10:44:23.460 D/vendor.qti.vibrator( 876): Notifying on complete
02-17 10:44:23.471 I/OMX-VENC: venc_dev( 1216): stats: avg. fps 30.84, bitrate 1701186
02-17 10:44:23.620 I/mpu_uart( 648): [MSG-P:RECV]:No message received in 1000 ms
02-17 10:44:23.707 D/vendor.qti.vibrator( 876): Vibrator on for timeoutMs: 350
02-17 10:44:23.708 D/vendor.qti.vibrator( 876): Starting on on another thread
02-17 10:44:23.742 W/AudioIDCMicroNegotiator( 1524): idcm_warn: timeout for obtainFocusState: RequestInfosToIDCM{mPid=22372, mUid=10080}
02-17 10:44:23.742 D/MediaFocusControl( 1524): audio_idcm: updateCurrentAudioFocus: uid= 10080 fr = 10080 focusChange= -1
02-17 10:44:23.742 W/AudioService.PlaybackActivityMonitor( 1524): idcm_warn: ====rejected by IDCM: PLAYER_STATE_STARTED
02-17 10:44:23.743 D/NuPlayerDriver( 1197): stop(0xef040010)
02-17 10:44:23.744 D/Avrcp_ext(18271): AudioManager Player: AudioPlaybackConfiguration piid:55 deviceId:0 type:android.media.SoundPool u/pid:1000/1524 state:idle attr:AudioAttributes: usage=USAGE_ASSISTANCE_SONIFICATION content=CONTENT_TYPE_SONIFICATION flags=0x800 tags= bundle=null sessionId:0
02-17 10:44:23.744 I/MicroServiceManager( 1524): requestResult(abandonAudioFocus) parameters is{"functionInfo":{"IDCM_AudioFocus":"AudioFocus_Media"}}.
02-17 10:44:23.744 D/Avrcp_ext(18271): AudioManager Player: AudioPlaybackConfiguration piid:79 deviceId:0 type:android.media.SoundPool u/pid:1000/2121 state:idle attr:AudioAttributes: usage=USAGE_ASSISTANCE_SONIFICATION content=CONTENT_TYPE_SONIFICATION flags=0x801 tags= bundle=null sessionId:0
02-17 10:44:23.744 D/Avrcp_ext(18271): AudioManager Player: AudioPlaybackConfiguration piid:5039 deviceId:0 type:android.media.SoundPool u/pid:10080/22372 state:idle attr:AudioAttributes: usage=USAGE_ASSISTANCE_SONIFICATION content=CONTENT_TYPE_SONIFICATION flags=0x800 tags= bundle=null sessionId:0
02-17 10:44:23.744 D/Avrcp_ext(18271): AudioManager Player: AudioPlaybackConfiguration piid:5231 deviceId:3 type:android.media.MediaPlayer u/pid:10080/22372 state:idle attr:AudioAttributes: usage=USAGE_NOTIFICATION content=CONTENT_TYPE_SONIFICATION flags=0x800 tags= bundle=null sessionId:0
02-17 10:44:23.744 D/Avrcp_ext(18271): AudioManager isPlaying: false, mAudioPlaybackIsActive = false
02-17 10:44:23.744 D/Avrcp_ext(18271): AudioManager Reset Active Player
02-17 10:44:23.745 E/MicroService( 2127): Client is not connected.
02-17 10:44:23.745 E/MicroService( 2127): Client is not connected.
02-17 10:44:23.785 W/AudioTrack( 1197): pauseAndWait: timeout expired state:7 still pausing:7 after 40 ms
02-17 10:44:23.939 I/auditd ( 0): type=1400 audit(0.0:26828): avc: denied { kill } for comm="swapper/0" capability=5 scontext=u:r:kernel:s0 tcontext=u:r:kernel:s0 tclass=capability permissive=0
02-17 10:44:23.939 W/swapper/0( 0): type=1400 audit(0.0:26828): avc: denied { kill } for capability=5 scontext=u:r:kernel:s0 tcontext=u:r:kernel:s0 tclass=capability permissive=0
02-17 10:44:23.983 I/OMX-VENC: venc_dev( 1216): stats: avg. fps 11.85, bitrate 241221
02-17 10:44:24.058 D/vendor.qti.vibrator( 876): Notifying on complete
02-17 10:44:24.059 D/vendor.qti.vibrator( 876): QTI Vibrator off
02-17 10:44:24.270 D/RemoteControlService( 2321): startVlanDispatchThread
02-17 10:44:24.345 W/AudioIDCMicroNegotiator( 1524): idcm_warn: timeout for obtainFocusState: null
02-17 10:44:24.345 W/AS.AudioService( 1524): idcm_warn: onAudioFocusIDCMicroChanged: info is null return
02-17 10:44:24.346 D/Avrcp_ext(18271): AudioManager Player: AudioPlaybackConfiguration piid:55 deviceId:0 type:android.media.SoundPool u/pid:1000/1524 state:idle attr:AudioAttributes: usage=USAGE_ASSISTANCE_SONIFICATION content=CONTENT_TYPE_SONIFICATION flags=0x800 tags= bundle=null sessionId:0
02-17 10:44:24.346 D/Avrcp_ext(18271): AudioManager Player: AudioPlaybackConfiguration piid:79 deviceId:0 type:android.media.SoundPool u/pid:1000/2121 state:idle attr:AudioAttributes: usage=USAGE_ASSISTANCE_SONIFICATION content=CONTENT_TYPE_SONIFICATION flags=0x801 tags= bundle=null sessionId:0
02-17 10:44:24.347 D/Avrcp_ext(18271): AudioManager Player: AudioPlaybackConfiguration piid:5039 deviceId:0 type:android.media.SoundPool u/pid:10080/22372 state:idle attr:AudioAttributes: usage=USAGE_ASSISTANCE_SONIFICATION content=CONTENT_TYPE_SONIFICATION flags=0x800 tags= bundle=null sessionId:0
02-17 10:44:24.347 D/Avrcp_ext(18271): AudioManager Player: AudioPlaybackConfiguration piid:5231 deviceId:3 type:android.media.MediaPlayer u/pid:10080/22372 state:stopped attr:AudioAttributes: usage=USAGE_NOTIFICATION content=CONTENT_TYPE_SONIFICATION flags=0x800 tags= bundle=null sessionId:0
02-17 10:44:24.347 D/Avrcp_ext(18271): AudioManager isPlaying: false, mAudioPlaybackIsActive = false
02-17 10:44:24.347 D/Avrcp_ext(18271): AudioManager Reset Active Player
02-17 10:44:24.427 W/View (22372): requestLayout() improperly called by android.widget.FrameLayout{b531136 I.E...... ......ID 0,0-780,179 #2bc} during second layout pass: posting in next frame
02-17 10:44:24.427 W/View (22372): requestLayout() improperly called by com.android.systemui.statusbar.AlphaOptimizedImageView{91002d1 VFED..C.. ......ID 0,0-140,84} during second layout pass: posting in next frame
02-17 10:44:24.444 W/View (22372): requestLayout() improperly called by android.widget.FrameLayout{b531136 I.E...... ......ID 0,0-780,179 #2bc} during layout: running second layout pass
02-17 10:44:24.444 W/View (22372): requestLayout() improperly called by com.android.systemui.statusbar.AlphaOptimizedImageView{91002d1 VFED..C.. ......ID 0,0-140,84} during layout: running second layout pass
02-17 10:44:24.521 I/system_server( 1524): Explicit concurrent copying GC freed 43022(2245KB) AllocSpace objects, 5(204KB) LOS objects, 49% free, 13MB/27MB, paused 327us,62us total 118.588ms
02-17 10:44:24.523 W/System ( 1524): A resource failed to call close.
02-17 10:44:24.523 W/System ( 1524): A resource failed to call close.
02-17 10:44:24.523 W/System ( 1524): A resource failed to call close.
02-17 10:44:24.523 W/System ( 1524): A resource failed to call release.
02-17 10:44:24.524 W/System ( 1524): A resource failed to call close.
02-17 10:44:24.620 I/mpu_uart( 648): [MSG-P:RECV]:No message received in 1000 ms
02-17 10:44:24.935 I/auditd ( 0): type=1400 audit(0.0:26829): avc: denied { kill } for comm="swapper/0" capability=5 scontext=u:r:kernel:s0 tcontext=u:r:kernel:s0 tclass=capability permissive=0
02-17 10:44:24.935 W/swapper/0( 0): type=1400 audit(0.0:26829): avc: denied { kill } for capability=5 scontext=u:r:kernel:s0 tcontext=u:r:kernel:s0 tclass=capability permissive=0
02-17 10:44:25.045 I/mpu_uart( 648): [MSG-P:R]:recv sync frame timeout
02-17 10:44:25.068 I/OMX-VENC: venc_dev( 1216): stats: avg. fps 10.14, bitrate 214093
02-17 10:44:25.430 W/View (22372): requestLayout() improperly called by android.widget.FrameLayout{b531136 I.E...... ......ID 0,0-780,179 #2bc} during second layout pass: posting in next frame
02-17 10:44:25.431 W/View (22372): requestLayout() improperly called by com.android.systemui.statusbar.AlphaOptimizedImageView{91002d1 VFED..C.. ......ID 0,0-140,84} during second layout pass: posting in next frame
02-17 10:44:25.448 W/View (22372): requestLayout() improperly called by android.widget.FrameLayout{b531136 I.E...... ......ID 0,0-780,179 #2bc} during layout: running second layout pass
02-17 10:44:25.448 W/View (22372): requestLayout() improperly called by com.android.systemui.statusbar.AlphaOptimizedImageView{91002d1 VFED..C.. ......ID 0,0-140,84} during layout: running second layout pass
02-17 10:44:25.467 I/OMX-VENC: venc_dev( 1216): stats: avg. fps 1.00, bitrate 52478
02-17 10:44:25.620 I/mpu_uart( 648): [MSG-P:RECV]:No message received in 1000 ms
02-17 10:44:25.935 I/auditd ( 0): type=1400 audit(0.0:26830): avc: denied { kill } for comm="swapper/0" capability=5 scontext=u:r:kernel:s0 tcontext=u:r:kernel:s0 tclass=capability permissive=0
02-17 10:44:25.935 W/swapper/0( 0): type=1400 audit(0.0:26830): avc: denied { kill } for capability=5 scontext=u:r:kernel:s0 tcontext=u:r:kernel:s0 tclass=capability permissive=0
02-17 10:44:26.076 I/OMX-VENC: venc_dev( 1216): stats: avg. fps 10.91, bitrate 230444
02-17 10:44:26.432 W/View (22372): requestLayout() improperly called by android.widget.FrameLayout{b531136 I.E...... ......ID 0,0-780,179 #2bc} during second layout pass: posting in next frame
02-17 10:44:26.433 W/View (22372): requestLayout() improperly called by com.android.systemui.statusbar.AlphaOptimizedImageView{91002d1 VFED..C.. ......ID 0,0-140,84} during second layout pass: posting in next frame
02-17 10:44:26.450 W/View (22372): requestLayout() improperly called by android.widget.FrameLayout{b531136 I.E...... ......ID 0,0-780,179 #2bc} during layout: running second layout pass
02-17 10:44:26.450 W/View (22372): requestLayout() improperly called by com.android.systemui.statusbar.AlphaOptimizedImageView{91002d1 VFED..C.. ......ID 0,0-140,84} during layout: running second layout pass
02-17 10:44:26.458 D/CCodecBufferChannel( 1197): [c2.android.vorbis.decoder#695] DEBUG: elapsed: n=4 [in=0 pipeline=0 out=0]
02-17 10:44:26.458 D/PipelineWatcher( 1197): DEBUG: elapsed 0 / 4
02-17 10:44:26.471 I/OMX-VENC: venc_dev( 1216): stats: avg. fps 1.00, bitrate 52141
02-17 10:44:26.621 I/mpu_uart( 648): [MSG-P:RECV]:No message received in 1000 ms
02-17 10:44:26.939 I/auditd ( 0): type=1400 audit(0.0:26831): avc: denied { kill } for comm="swapper/0" capability=5 scontext=u:r:kernel:s0 tcontext=u:r:kernel:s0 tclass=capability permissive=0
02-17 10:44:26.939 W/swapper/0( 0): type=1400 audit(0.0:26831): avc: denied { kill } for capability=5 scontext=u:r:kernel:s0 tcontext=u:r:kernel:s0 tclass=capability permissive=0
02-17 10:44:27.079 I/OMX-VENC: venc_dev( 1216): stats: avg. fps 9.97, bitrate 210606
02-17 10:44:27.119 E/tlogd ( 1294): [TzLogger](isPathReadable) file /sys/kernel/debug/tzdbg/qsee_log isn't exist or no permission, err: No such file or directory
02-17 10:44:27.119 E/tlogd ( 1294): [TzLogger](saveTzlogAsync) /sys/kernel/debug/tzdbg/qsee_log can not read.
02-17 10:44:27.119 E/tlogd ( 1294): [TzLogger](isPathReadable) file /sys/kernel/debug/tzdbg/log isn't exist or no permission, err: No such file or directory
02-17 10:44:27.119 E/tlogd ( 1294): [TzLogger](saveTzlogAsync) /sys/kernel/debug/tzdbg/log can not read.
02-17 10:44:27.435 W/View (22372): requestLayout() improperly called by android.widget.FrameLayout{b531136 I.E...... ......ID 0,0-780,179 #2bc} during second layout pass: posting in next frame
02-17 10:44:27.435 W/View (22372): requestLayout() improperly called by com.android.systemui.statusbar.AlphaOptimizedImageView{91002d1 VFED..C.. ......ID 0,0-140,84} during second layout pass: posting in next frame
02-17 10:44:27.453 W/View (22372): requestLayout() improperly called by android.widget.FrameLayout{b531136 I.E...... ......ID 0,0-780,179 #2bc} during layout: running second layout pass
02-17 10:44:27.453 W/View (22372): requestLayout() improperly called by com.android.systemui.statusbar.AlphaOptimizedImageView{91002d1 VFED..C.. ......ID 0,0-140,84} during layout: running second layout pass
02-17 10:44:27.471 I/OMX-VENC: venc_dev( 1216): stats: avg. fps 1.00, bitrate 52371
02-17 10:44:27.621 I/mpu_uart( 648): [MSG-P:RECV]:No message received in 1000 ms
02-17 10:44:27.939 I/auditd ( 0): type=1400 audit(0.0:26832): avc: denied { kill } for comm="swapper/0" capability=5 scontext=u:r:kernel:s0 tcontext=u:r:kernel:s0 tclass=capability permissive=0
02-17 10:44:27.939 W/swapper/0( 0): type=1400 audit(0.0:26832): avc: denied { kill } for capability=5 scontext=u:r:kernel:s0 tcontext=u:r:kernel:s0 tclass=capability permissive=0
02-17 10:44:28.048 I/mpu_uart( 648): [MSG-P:R]:recv sync frame timeout
02-17 10:44:28.081 I/OMX-VENC: venc_dev( 1216): stats: avg. fps 9.98, bitrate 210754
02-17 10:44:28.184 D/BufferPoolAccessor2.0( 1197): bufferpool2 0xee5c3988 : 8(522456 size) total buffers - 4(261228 size) used buffers - 40/48 (recycle/alloc) - 8/94 (fetch/transfer)
02-17 10:44:28.184 D/BufferPoolAccessor2.0( 1197): evictor expired: 1, evicted: 1
02-17 10:44:28.185 D/BufferPoolAccessor2.0( 1261): evictor expired: 1, evicted: 0
02-17 10:44:28.241 I/GameModeConfig( 1524): isGameModeOn = false
02-17 10:44:28.437 W/View (22372): requestLayout() improperly called by android.widget.FrameLayout{b531136 I.E...... ......ID 0,0-780,179 #2bc} during second layout pass: posting in next frame
02-17 10:44:28.438 W/View (22372): requestLayout() improperly called by com.android.systemui.statusbar.AlphaOptimizedImageView{91002d1 VFED..C.. ......ID 0,0-140,84} during second layout pass: posting in next frame
02-17 10:44:28.455 W/View (22372): requestLayout() improperly called by android.widget.FrameLayout{b531136 I.E...... ......ID 0,0-780,179 #2bc} during layout: running second layout pass
02-17 10:44:28.455 W/View (22372): requestLayout() improperly called by com.android.systemui.statusbar.AlphaOptimizedImageView{91002d1 VFED..C.. ......ID 0,0-140,84} during layout: running second layout pass
01-01 14:55:08.605 E/DTC_ETH,link_delay_work_func( 0): 3003, SQI=0, link=0
02-17 10:44:28.474 I/OMX-VENC: venc_dev( 1216): stats: avg. fps 1.00, bitrate 52201
02-17 10:44:28.621 I/mpu_uart( 648): [MSG-P:RECV]:No message received in 1000 ms
02-17 10:44:28.939 I/auditd ( 0): type=1400 audit(0.0:26833): avc: denied { kill } for comm="swapper/0" capability=5 scontext=u:r:kernel:s0 tcontext=u:r:kernel:s0 tclass=capability permissive=0
02-17 10:44:28.939 W/swapper/0( 0): type=1400 audit(0.0:26833): avc: denied { kill } for capability=5 scontext=u:r:kernel:s0 tcontext=u:r:kernel:s0 tclass=capability permissive=0
02-17 10:44:28.988 I/WnsLogger(13716): [Q:main][WnsPingSender.cpp:65][OnTimer]:performPing
02-17 10:44:28.991 E/WnsLogger(13716): [Q:main][WnsRequest.cpp:458][onRequestFail]:onRequestFail errorCode:-602 autoRetry:1 forceRetryCnt:0 sendSuccess:0 cmd:wns.heartbeat seqNo = 42
02-17 10:44:28.991 E/WnsLogger(13716): [Q:main][WnsRequest.cpp:465][onRequestFail]:失败:-602(send cost time:2ms)
02-17 10:44:28.991 I/WnsLogger(13716): [Q:main][WnsRequest.cpp:771][finishRequest]:seqNo:42, cmd:wns.heartbeat
02-17 10:44:28.992 I/WnsLogger(13716): [Q:main][WnsRequest.cpp:73][~WnsRequest]:0xf6045380 执行过程 : 初始化|失败:-602(send cost time:1564623549ms)|请求完成|析构 (life time:3ms, 排队时间:0ms, total time:3ms)|, seqNo 42 cmd wns.heartbeat
02-17 10:44:29.083 I/OMX-VENC: venc_dev( 1216): stats: avg. fps 9.98, bitrate 210752
02-17 10:44:29.185 D/BufferPoolAccessor2.0( 1197): evictor expired: 2, evicted: 0
02-17 10:44:29.185 D/BufferPoolAccessor2.0( 1261): bufferpool2 0xb4000077caf39318 : 3(49152 size) total buffers - 3(49152 size) used buffers - 42/45 (recycle/alloc) - 3/44 (fetch/transfer)
02-17 10:44:29.186 D/BufferPoolAccessor2.0( 1261): evictor expired: 1, evicted: 1
02-17 10:44:29.281 D/RemoteControlService( 2321): startVlanDispatchThread
02-17 10:44:29.440 W/View (22372): requestLayout() improperly called by android.widget.FrameLayout{b531136 I.E...... ......ID 0,0-780,179 #2bc} during second layout pass: posting in next frame
02-17 10:44:29.440 W/View (22372): requestLayout() improperly called by com.android.systemui.statusbar.AlphaOptimizedImageView{91002d1 VFED..C.. ......ID 0,0-140,84} during second layout pass: posting in next frame
02-17 10:44:29.458 W/View (22372): requestLayout() improperly called by android.widget.FrameLayout{b531136 I.E...... ......ID 0,0-780,179 #2bc} during layout: running second layout pass
02-17 10:44:29.458 W/View (22372): requestLayout() improperly called by com.android.systemui.statusbar.AlphaOptimizedImageView{91002d1 VFED..C.. ......ID 0,0-140,84} during layout: running second layout pass
02-17 10:44:29.477 I/OMX-VENC: venc_dev( 1216): stats: avg. fps 1.00, bitrate 52238
02-17 10:44:29.621 I/mpu_uart( 648): [MSG-P:RECV]:No message received in 1000 ms
02-17 10:44:29.939 I/auditd ( 0): type=1400 audit(0.0:26834): avc: denied { kill } for comm="swapper/0" capability=5 scontext=u:r:kernel:s0 tcontext=u:r:kernel:s0 tclass=capability permissive=0
02-17 10:44:29.939 W/swapper/0( 0): type=1400 audit(0.0:26834): avc: denied { kill } for capability=5 scontext=u:r:kernel:s0 tcontext=u:r:kernel:s0 tclass=capability permissive=0
02-17 10:44:30.085 I/OMX-VENC: venc_dev( 1216): stats: avg. fps 9.97, bitrate 210654
02-17 10:44:30.442 W/View (22372): requestLayout() improperly called by android.widget.FrameLayout{b531136 I.E...... ......ID 0,0-780,179 #2bc} during second layout pass: posting in next frame
02-17 10:44:30.442 W/View (22372): requestLayout() improperly called by com.android.systemui.statusbar.AlphaOptimizedImageView{91002d1 VFED..C.. ......ID 0,0-140,84} during second layout pass: posting in next frame
02-17 10:44:30.460 W/View (22372): requestLayout() improperly called by android.widget.FrameLayout{b531136 I.E...... ......ID 0,0-780,179 #2bc} during layout: running second layout pass
02-17 10:44:30.460 W/View (22372): requestLayout() improperly called by com.android.systemui.statusbar.AlphaOptimizedImageView{91002d1 VFED..C.. ......ID 0,0-140,84} during layout: running second layout pass
02-17 10:44:30.479 I/OMX-VENC: venc_dev( 1216): stats: avg. fps 1.00, bitrate 52246
02-17 10:44:30.622 I/mpu_uart( 648): [MSG-P:RECV]:No message received in 1000 ms
02-17 10:44:30.727 I/WnsLogger(13716): [Q:main][WnsSessionMonitor.cpp:132][monitorSession]:monitorSession
02-17 10:44:30.935 I/auditd ( 0): type=1400 audit(0.0:26835): avc: denied { kill } for comm="swapper/2" capability=5 scontext=u:r:kernel:s0 tcontext=u:r:kernel:s0 tclass=capability permissive=0
02-17 10:44:30.935 W/swapper/2( 0): type=1400 audit(0.0:26835): avc: denied { kill } for capability=5 scontext=u:r:kernel:s0 tcontext=u:r:kernel:s0 tclass=capability permissive=0
02-17 10:44:31.051 I/mpu_uart( 648): [MSG-P:R]:recv sync frame timeout
02-17 10:44:31.088 I/OMX-VENC: venc_dev( 1216): stats: avg. fps 9.97, bitrate 210602
02-17 10:44:31.444 W/View (22372): requestLayout() improperly called by android.widget.FrameLayout{b531136 I.E...... ......ID 0,0-780,179 #2bc} during second layout pass: posting in next frame
02-17 10:44:31.445 W/View (22372): requestLayout() improperly called by com.android.systemui.statusbar.AlphaOptimizedImageView{91002d1 VFED..C.. ......ID 0,0-140,84} during second layout pass: posting in next frame
02-17 10:44:31.462 W/View (22372): requestLayout() improperly called by android.widget.FrameLayout{b531136 I.E...... ......ID 0,0-780,179 #2bc} during layout: running second layout pass
02-17 10:44:31.462 W/View (22372): requestLayout() improperly called by com.android.systemui.statusbar.AlphaOptimizedImageView{91002d1 VFED..C.. ......ID 0,0-140,84} during layout: running second layout pass
02-17 10:44:31.481 I/OMX-VENC: venc_dev( 1216): stats: avg. fps 1.00, bitrate 52269
02-17 10:44:31.622 I/mpu_uart( 648): [MSG-P:RECV]:No message received in 1000 ms
02-17 10:44:31.939 I/auditd ( 0): type=1400 audit(0.0:26836): avc: denied { kill } for comm="swapper/2" capability=5 scontext=u:r:kernel:s0 tcontext=u:r:kernel:s0 tclass=capability permissive=0
02-17 10:44:31.939 W/swapper/2( 0): type=1400 audit(0.0:26836): avc: denied { kill } for capability=5 scontext=u:r:kernel:s0 tcontext=u:r:kernel:s0 tclass=capability permissive=0
