02-17 10:39:07.355 I/notification_panel_revealed( 1524): 4
02-17 10:39:07.368 I/input_focus( 1524): [Focus request ef6fa43 NotificationShade,reason=UpdateInputWindows]
02-17 10:39:07.377 I/sysui_multi_action( 1524): [757,128,758,1,793,23371987,794,0,795,23371987,796,26,798,0,806,android,857,DEVELOPER_IMPORTANT,858,4,947,0,1395,4,1500,23371780,1688,1]
02-17 10:39:07.377 I/sysui_multi_action( 1524): [757,804,799,note_freshness,801,23371987,802,1]
02-17 10:39:07.377 I/notification_visibility( 1524): [-1|android|26|null|1000,1,23371987,23371987,0,0]
02-17 10:39:07.377 I/sysui_multi_action( 1524): [757,128,758,1,793,8604911,794,0,795,29452,796,4273,798,2,806,com.android.systemui,857,screen_record,858,3,946,ranker_group,947,0,1395,4,1500,7951,1688,1,1745,680407814]
02-17 10:39:07.377 I/sysui_multi_action( 1524): [757,1501,758,1,793,8604911,794,0,795,29452,796,4273,806,com.android.systemui,857,screen_record,858,3,946,ranker_group,947,0,1500,0,1688,1,1745,680407814]
02-17 10:39:07.377 I/sysui_multi_action( 1524): [757,804,799,note_interruptive,801,0,802,1]
02-17 10:39:07.377 I/sysui_multi_action( 1524): [757,804,799,note_freshness,801,29452,802,1]
02-17 10:39:07.377 I/notification_visibility( 1524): [0|com.android.systemui|4273|null|10080,1,8604911,29452,0,2]
02-17 10:39:07.377 I/sysui_multi_action( 1524): [757,128,758,1,793,24573922,794,0,795,24573922,796,32,798,3,806,android,857,USB,858,1,947,0,1395,4,1500,24573490,1688,1]
02-17 10:39:07.378 I/sysui_multi_action( 1524): [757,804,799,note_freshness,801,24573922,802,1]
02-17 10:39:07.378 I/notification_visibility( 1524): [-1|android|32|null|1000,1,24573922,24573922,0,3]
02-17 10:39:07.378 I/sysui_multi_action( 1524): [757,128,758,1,793,258589,794,0,795,258589,796,2147483647,797,ranker_group,798,1,806,com.android.systemui,857,empty_media_style_id,858,4,946,ranker_group,947,1,1395,4,1500,258589,1688,1]
02-17 10:39:07.378 I/sysui_multi_action( 1524): [757,804,799,note_freshness,801,258589,802,1]
02-17 10:39:07.378 I/notification_visibility( 1524): [0|com.android.systemui|2147483647|ranker_group|10080|ranker_group,1,258589,258589,0,1]
02-17 10:39:07.389 I/input_focus( 1524): [Focus leaving 321be4b com.android.launcher3/com.android.launcher3.uioverrides.QuickstepLauncher (server),reason=setFocusedWindow]
02-17 10:39:07.389 I/input_focus( 1524): [Focus entering ef6fa43 NotificationShade (server),reason=setFocusedWindow]
02-17 10:39:07.500 I/sysui_multi_action(22372): [757,111,758,1]
02-17 10:39:07.500 I/sysui_multi_action(22372): [757,126,758,1,759,126,927,0,928,0,1593,0]
02-17 10:39:07.500 I/sysui_multi_action(22372): [757,113,758,1,759,113,927,1,928,1,1593,0]
02-17 10:39:07.500 I/sysui_multi_action(22372): [757,0,758,1,759,0,927,2,928,0,1593,0]
02-17 10:39:07.500 I/sysui_multi_action(22372): [757,0,758,1,759,0,927,3,928,0,1593,0]
02-17 10:39:07.501 I/sysui_multi_action(22372): [757,491,758,1,759,491,927,4,928,0,1311,-1,1593,0]
02-17 10:39:07.501 I/sysui_multi_action(22372): [757,122,758,1,759,122,927,5,928,1,1593,0]
02-17 10:39:07.501 I/sysui_multi_action(22372): [757,0,758,1,759,0,927,6,928,0,1593,0]
02-17 10:39:07.501 I/sysui_multi_action(22372): [757,0,758,1,759,0,927,7,1593,0]
02-17 10:39:07.501 I/sysui_multi_action(22372): [757,111,758,1]
02-17 10:39:07.501 I/sysui_multi_action(22372): [757,126,758,1,759,126,927,0,928,0,1593,0]
02-17 10:39:07.501 I/sysui_multi_action(22372): [757,113,758,1,759,113,927,1,928,1,1593,0]
02-17 10:39:07.502 I/sysui_multi_action(22372): [757,0,758,1,759,0,927,2,928,0,1593,0]
02-17 10:39:07.502 I/sysui_multi_action(22372): [757,0,758,1,759,0,927,3,928,0,1593,0]
02-17 10:39:07.935 I/auditd ( 0): type=1400 audit(0.0:26446): avc: denied { kill } for comm="swapper/2" capability=5 scontext=u:r:kernel:s0 tcontext=u:r:kernel:s0 tclass=capability permissive=0
02-17 10:39:08.924 I/input_interaction( 1524): Interaction with: ef6fa43 NotificationShade (server), edge-swipe (server), swipe-up (server), PointerEventDispatcher0 (server),
02-17 10:39:08.928 I/service_manager_stats( 1524): [100,65,52167]
02-17 10:39:08.935 I/auditd (23013): type=1400 audit(0.0:26447): avc: denied { kill } for comm="kworker/u16:9" capability=5 scontext=u:r:kernel:s0 tcontext=u:r:kernel:s0 tclass=capability permissive=0
02-17 10:39:09.409 I/sysui_multi_action( 1524): [757,128,758,2,793,24575954,794,2032,795,24575954,796,32,798,3,806,android,857,USB,858,1,947,0,1395,4,1500,24575522,1688,1]
02-17 10:39:09.409 I/notification_visibility( 1524): [-1|android|32|null|1000,0,24575954,24575954,0,3]
02-17 10:39:09.857 I/sysui_multi_action(22372): [757,410,758,4,759,1]
02-17 10:39:09.935 I/auditd ( 0): type=1400 audit(0.0:26448): avc: denied { kill } for comm="swapper/2" capability=5 scontext=u:r:kernel:s0 tcontext=u:r:kernel:s0 tclass=capability permissive=0
02-17 10:39:11.935 I/auditd (22938): type=1400 audit(0.0:26449): avc: denied { kill } for comm="kworker/u16:7" capability=5 scontext=u:r:kernel:s0 tcontext=u:r:kernel:s0 tclass=capability permissive=0
02-17 10:39:12.693 I/netstats_mobile_sample( 1524): [0,0,0,0,0,0,0,0,0,0,0,0,1676601552692]
02-17 10:39:12.693 I/netstats_wifi_sample( 1524): [40989621,45063,10726303,33604,40989621,45063,10726303,33604,44035960,65464,5643889,21526,1676601552692]
02-17 10:39:13.935 I/auditd ( 0): type=1400 audit(0.0:26450): avc: denied { kill } for comm="swapper/0" capability=5 scontext=u:r:kernel:s0 tcontext=u:r:kernel:s0 tclass=capability permissive=0
02-17 10:39:15.935 I/auditd ( 0): type=1400 audit(0.0:26451): avc: denied { kill } for comm="swapper/3" capability=5 scontext=u:r:kernel:s0 tcontext=u:r:kernel:s0 tclass=capability permissive=0
02-17 10:39:18.935 I/auditd ( 0): type=1400 audit(0.0:26452): avc: denied { kill } for comm="swapper/3" capability=5 scontext=u:r:kernel:s0 tcontext=u:r:kernel:s0 tclass=capability permissive=0
02-17 10:39:19.935 I/auditd ( 0): type=1400 audit(0.0:26453): avc: denied { kill } for comm="swapper/3" capability=5 scontext=u:r:kernel:s0 tcontext=u:r:kernel:s0 tclass=capability permissive=0
02-17 10:39:20.535 I/sysui_multi_action( 1524): [757,128,758,1,793,24587080,794,0,795,24587080,796,32,798,3,806,android,857,USB,858,1,947,0,1395,4,1500,24586648,1688,1]
02-17 10:39:20.536 I/sysui_multi_action( 1524): [757,804,799,note_freshness,801,24587080,802,1]
02-17 10:39:20.536 I/notification_visibility( 1524): [-1|android|32|null|1000,1,24587080,24587080,0,3]
02-17 10:39:21.037 I/sysui_multi_action( 1524): [757,128,758,2,793,24587582,794,502,795,24587582,796,32,798,3,806,android,857,USB,858,1,947,0,1395,4,1500,24587150,1688,1]
02-17 10:39:21.037 I/notification_visibility( 1524): [-1|android|32|null|1000,0,24587582,24587582,0,3]
02-17 10:39:22.935 I/auditd (16821): type=1400 audit(0.0:26454): avc: denied { kill } for comm="kworker/u16:13" capability=5 scontext=u:r:kernel:s0 tcontext=u:r:kernel:s0 tclass=capability permissive=0
02-17 10:39:23.935 I/auditd ( 0): type=1400 audit(0.0:26455): avc: denied { kill } for comm="swapper/2" capability=5 scontext=u:r:kernel:s0 tcontext=u:r:kernel:s0 tclass=capability permissive=0
02-17 10:39:25.096 I/sysui_multi_action( 1524): [757,128,758,1,793,24591641,794,0,795,24591641,796,32,798,3,806,android,857,USB,858,1,947,0,1395,4,1500,24591209,1688,1]
02-17 10:39:25.097 I/sysui_multi_action( 1524): [757,804,799,note_freshness,801,24591641,802,1]
02-17 10:39:25.097 I/notification_visibility( 1524): [-1|android|32|null|1000,1,24591641,24591641,0,3]
02-17 10:39:25.935 I/auditd ( 0): type=1400 audit(0.0:26456): avc: denied { kill } for comm="swapper/1" capability=5 scontext=u:r:kernel:s0 tcontext=u:r:kernel:s0 tclass=capability permissive=0
02-17 10:39:26.123 I/sysui_multi_action( 1524): [757,128,758,2,793,24592668,794,1027,795,24592668,796,32,798,3,806,android,857,USB,858,1,947,0,1395,4,1500,24592236,1688,1]
02-17 10:39:26.123 I/notification_visibility( 1524): [-1|android|32|null|1000,0,24592668,24592668,0,3]
02-17 10:39:27.474 I/am_pss ( 1524): [22819,10084,com.android.music,26223616,20348928,0,143605760,0,18,8]
02-17 10:39:27.478 I/wm_task_created( 1524): [159,-1]
02-17 10:39:27.480 I/am_pss ( 1524): [23213,10029,com.android.musicfx,5737472,3850240,0,89460736,0,19,5]
02-17 10:39:27.481 I/wm_task_moved( 1524): [159,1,6]
02-17 10:39:27.481 I/wm_task_to_front( 1524): [0,159]
02-17 10:39:27.481 I/wm_on_top_resumed_lost_called( 2568): [128678138,com.android.launcher3.uioverrides.QuickstepLauncher,topStateChangedWhenResumed]
02-17 10:39:27.481 I/wm_create_task( 1524): [0,159]
02-17 10:39:27.481 I/wm_create_activity( 1524): [0,63983762,159,com.android.gallery3d/.app.MovieActivity,android.intent.action.VIEW,video/mp4,content://media/external_primary/video/media/22,268435457]
02-17 10:39:27.481 I/wm_task_moved( 1524): [159,1,6]
02-17 10:39:27.482 I/wm_pause_activity( 1524): [0,128678138,com.android.launcher3/.uioverrides.QuickstepLauncher,userLeaving=true,pauseBackTasks]
02-17 10:39:27.484 I/wm_on_paused_called( 2568): [128678138,com.android.launcher3.uioverrides.QuickstepLauncher,performPause]
02-17 10:39:27.484 I/sysui_multi_action( 1524): [757,128,758,4,793,8625018,794,20107,795,49559,796,4273,798,3,806,com.android.systemui,857,screen_record,858,3,946,ranker_group,947,0,1395,4,1500,20107,1688,1,1745,680407814]
02-17 10:39:27.484 I/notification_clicked( 1524): [0|com.android.systemui|4273|null|10080,8625018,49559,20107,3,4]
02-17 10:39:27.485 I/sysui_multi_action( 1524): [757,804,799,note_click_longevity,801,0,802,1]
02-17 10:39:27.485 I/sysui_multi_action( 1524): [757,128,758,5,759,1,793,8625019,794,20108,795,49560,796,4273,798,3,806,com.android.systemui,857,screen_record,858,3,946,ranker_group,947,0,1395,4,1500,20108,1688,1,1745,680407814]
02-17 10:39:27.485 I/notification_canceled( 1524): [0|com.android.systemui|4273|null|10080,1,8625019,49560,20108,3,4,NULL]
02-17 10:39:27.486 I/wm_add_to_stopping( 1524): [0,128678138,com.android.launcher3/.uioverrides.QuickstepLauncher,makeInvisible]
02-17 10:39:27.486 I/wm_restart_activity( 1524): [0,63983762,159,com.android.gallery3d/.app.MovieActivity]
02-17 10:39:27.487 I/wm_set_resumed_activity( 1524): [0,com.android.gallery3d/.app.MovieActivity,minimalResumeActivityLocked]
02-17 10:39:27.489 I/am_uid_active( 1524): 10065
02-17 10:39:27.492 I/sysui_multi_action( 1524): [757,803,799,window_time_0,802,29]
02-17 10:39:27.517 I/wm_on_create_called(23143): [63983762,com.android.gallery3d.app.MovieActivity,performCreate]
02-17 10:39:27.521 I/wm_on_start_called(23143): [63983762,com.android.gallery3d.app.MovieActivity,handleStartActivity]
02-17 10:39:27.522 I/wm_on_resume_called(23143): [63983762,com.android.gallery3d.app.MovieActivity,RESUME_ACTIVITY]
02-17 10:39:27.525 I/wm_on_top_resumed_gained_called(23143): [63983762,com.android.gallery3d.app.MovieActivity,topStateChangedWhenResumed]
02-17 10:39:27.578 I/sysui_multi_action( 1524): [319,48,321,45,322,114,325,24605,757,761,758,8,759,1,806,com.android.gallery3d,871,com.android.gallery3d.app.MovieActivity,904,com.android.systemui,905,0,1320,4,1321,1]
02-17 10:39:27.578 I/wm_activity_launch_time( 1524): [0,63983762,com.android.gallery3d/.app.MovieActivity,114]
02-17 10:39:27.935 I/auditd ( 0): type=1400 audit(0.0:26457): avc: denied { kill } for comm="swapper/1" capability=5 scontext=u:r:kernel:s0 tcontext=u:r:kernel:s0 tclass=capability permissive=0
02-17 10:39:28.036 I/wm_stop_activity( 1524): [0,128678138,com.android.launcher3/.uioverrides.QuickstepLauncher]
02-17 10:39:28.040 I/notification_enqueue( 1524): [10080,22372,com.android.systemui,2048,NULL,0,Notification(channel=updateNotification shortcut=null contentView=null vibrate=null sound=null defaults=0x0 flags=0x0 color=0x00000000 vis=PRIVATE),1]
02-17 10:39:28.040 I/sysui_multi_action(22372): [757,111,758,2]
02-17 10:39:28.040 I/sysui_multi_action(22372): [757,111,758,2]
02-17 10:39:28.045 I/input_focus( 1524): [Focus request 672a8cb com.android.gallery3d/com.android.gallery3d.app.MovieActivity,reason=UpdateInputWindows]
02-17 10:39:28.054 I/input_focus( 1524): [Focus leaving ef6fa43 NotificationShade (server),reason=NOT_FOCUSABLE]
02-17 10:39:28.054 I/input_focus( 1524): [Focus entering 672a8cb com.android.gallery3d/com.android.gallery3d.app.MovieActivity (server),reason=setFocusedWindow]
02-17 10:39:28.059 I/sysui_multi_action( 1524): [757,128,758,2,793,23392666,794,20679,795,23392666,796,26,798,0,806,android,857,DEVELOPER_IMPORTANT,858,4,947,0,1395,3,1500,23392459,1688,1]
02-17 10:39:28.059 I/notification_visibility( 1524): [-1|android|26|null|1000,0,23392666,23392666,0,0]
02-17 10:39:28.059 I/sysui_multi_action( 1524): [757,128,758,2,793,279270,794,20681,795,279270,796,2147483647,797,ranker_group,798,1,806,com.android.systemui,857,empty_media_style_id,858,4,946,ranker_group,947,1,1395,3,1500,279270,1688,1]
02-17 10:39:28.059 I/notification_visibility( 1524): [0|com.android.systemui|2147483647|ranker_group|10080|ranker_group,0,279270,279270,0,1]
02-17 10:39:28.059 I/sysui_multi_action( 1524): [757,127,758,2]
02-17 10:39:28.059 I/notification_panel_hidden( 1524):
02-17 10:39:28.061 I/wm_on_stop_called( 2568): [128678138,com.android.launcher3.uioverrides.QuickstepLauncher,STOP_ACTIVITY_ITEM]
02-17 10:39:28.935 I/auditd ( 0): type=1400 audit(0.0:26458): avc: denied { kill } for comm="swapper/1" capability=5 scontext=u:r:kernel:s0 tcontext=u:r:kernel:s0 tclass=capability permissive=0
02-17 10:39:29.153 I/input_interaction( 1524): Interaction with: 672a8cb com.android.gallery3d/com.android.gallery3d.app.MovieActivity (server), edge-swipe (server), swipe-up (server), PointerEventDispatcher0 (server),
02-17 10:39:29.935 I/auditd ( 0): type=1400 audit(0.0:26459): avc: denied { kill } for comm="swapper/1" capability=5 scontext=u:r:kernel:s0 tcontext=u:r:kernel:s0 tclass=capability permissive=0
02-17 10:39:30.939 I/auditd ( 0): type=1400 audit(0.0:26460): avc: denied { kill } for comm="swapper/1" capability=5 scontext=u:r:kernel:s0 tcontext=u:r:kernel:s0 tclass=capability permissive=0
02-17 10:39:31.070 I/input_focus( 1524): [Focus request 601649 com.android.gallery3d/com.android.gallery3d.app.MovieActivity,reason=UpdateInputWindows]
02-17 10:39:31.080 I/input_focus( 1524): [Focus leaving 672a8cb com.android.gallery3d/com.android.gallery3d.app.MovieActivity (server),reason=Waiting for window because NOT_VISIBLE]
02-17 10:39:31.096 I/input_focus( 1524): [Focus entering 601649 com.android.gallery3d/com.android.gallery3d.app.MovieActivity (server),reason=Window became focusable. Previous reason: NOT_VISIBLE]
02-17 10:39:31.641 I/input_focus( 1524): [Focus request 5344275 com.android.gallery3d/com.android.gallery3d.app.MovieActivity,reason=UpdateInputWindows]
02-17 10:39:31.665 I/input_focus( 1524): [Focus leaving 601649 com.android.gallery3d/com.android.gallery3d.app.MovieActivity (server),reason=setFocusedWindow]
02-17 10:39:31.665 I/input_focus( 1524): [Focus entering 5344275 com.android.gallery3d/com.android.gallery3d.app.MovieActivity (server),reason=setFocusedWindow]
02-17 10:39:31.935 I/auditd ( 0): type=1400 audit(0.0:26461): avc: denied { kill } for comm="swapper/1" capability=5 scontext=u:r:kernel:s0 tcontext=u:r:kernel:s0 tclass=capability permissive=0
02-17 10:39:32.757 I/input_interaction( 1524): Interaction with: 5344275 com.android.gallery3d/com.android.gallery3d.app.MovieActivity (server), edge-swipe (server), swipe-up (server), PointerEventDispatcher0 (server),
02-17 10:39:32.913 I/wm_finish_activity( 1524): [0,63983762,159,com.android.gallery3d/.app.MovieActivity,app-request]
02-17 10:39:32.913 I/wm_task_moved( 1524): [1,1,6]
02-17 10:39:32.914 I/wm_task_moved( 1524): [9,1,2147483647]
02-17 10:39:32.914 I/wm_task_to_front( 1524): [0,9]
02-17 10:39:32.915 I/wm_focused_root_task( 1524): [0,0,1,159,finish-top adjustFocusToNextFocusableTask]
02-17 10:39:32.917 I/wm_set_resumed_activity( 1524): [0,com.android.launcher3/.uioverrides.QuickstepLauncher,finish-top adjustFocusToNextFocusableTask]
02-17 10:39:32.930 I/wm_pause_activity( 1524): [0,63983762,com.android.gallery3d/.app.MovieActivity,userLeaving=false,finish]
02-17 10:39:32.945 I/wm_on_top_resumed_lost_called(23143): [63983762,com.android.gallery3d.app.MovieActivity,topStateChangedWhenResumed]
02-17 10:39:32.990 I/wm_on_paused_called(23143): [63983762,com.android.gallery3d.app.MovieActivity,performPause]
02-17 10:39:32.991 I/wm_add_to_stopping( 1524): [0,63983762,com.android.gallery3d/.app.MovieActivity,completeFinishing]
02-17 10:39:32.993 I/wm_set_resumed_activity( 1524): [0,com.android.launcher3/.uioverrides.QuickstepLauncher,resumeTopActivityInnerLocked]
02-17 10:39:32.995 I/wm_resume_activity( 1524): [0,128678138,9,com.android.launcher3/.uioverrides.QuickstepLauncher]
02-17 10:39:33.009 I/sysui_multi_action( 1524): [757,803,799,window_time_0,802,5]
02-17 10:39:33.015 I/wm_on_restart_called( 2568): [128678138,com.android.launcher3.uioverrides.QuickstepLauncher,performRestartActivity]
02-17 10:39:33.015 I/wm_on_start_called( 2568): [128678138,com.android.launcher3.uioverrides.QuickstepLauncher,handleStartActivity]
02-17 10:39:33.015 I/wm_on_resume_called( 2568): [128678138,com.android.launcher3.uioverrides.QuickstepLauncher,RESUME_ACTIVITY]
02-17 10:39:33.015 I/wm_on_top_resumed_gained_called( 2568): [128678138,com.android.launcher3.uioverrides.QuickstepLauncher,topWhenResuming]
02-17 10:39:33.035 I/input_focus( 1524): [Focus request 321be4b com.android.launcher3/com.android.launcher3.uioverrides.QuickstepLauncher,reason=UpdateInputWindows]
02-17 10:39:33.049 I/input_focus( 1524): [Focus entering 321be4b com.android.launcher3/com.android.launcher3.uioverrides.QuickstepLauncher (server),reason=setFocusedWindow]
02-17 10:39:33.402 I/wm_destroy_activity( 1524): [0,63983762,159,com.android.gallery3d/.app.MovieActivity,finish-imm:idle]
02-17 10:39:33.434 I/wm_on_stop_called(23143): [63983762,com.android.gallery3d.app.MovieActivity,LIFECYCLER_STOP_ACTIVITY]
02-17 10:39:33.436 I/wm_on_destroy_called(23143): [63983762,com.android.gallery3d.app.MovieActivity,performDestroy]
02-17 10:39:33.447 I/wm_task_removed( 1524): [159,removeChild:removeChild last r=ActivityRecord{3d05092 u0 com.android.gallery3d/.app.MovieActivity t-1 f}} in t=Task{59241b7 #159 type=standard A=10065:com.android.gallery3d U=0 visible=false mode=fullscreen translucent=true sz=0}]
02-17 10:39:33.448 I/wm_task_removed( 1524): [159,removeChild]
02-17 10:39:33.898 I/input_interaction( 1524): Interaction with: 321be4b com.android.launcher3/com.android.launcher3.uioverrides.QuickstepLauncher (server), acb9a4a com.android.systemui.ImageWallpaper (server), edge-swipe (server), swipe-up (server), PointerEventDispatcher0 (server),
02-17 10:39:33.935 I/auditd ( 0): type=1400 audit(0.0:26462): avc: denied { kill } for comm="swapper/0" capability=5 scontext=u:r:kernel:s0 tcontext=u:r:kernel:s0 tclass=capability permissive=0
02-17 10:39:34.005 I/input_interaction( 1524): Interaction with: edge-swipe (server), swipe-up (server), PointerEventDispatcher0 (server),
02-17 10:39:34.006 I/view_enqueue_input_event( 2568): [Motion - Cancel,com.android.launcher3/com.android.launcher3.uioverrides.QuickstepLauncher]
02-17 10:39:34.189 I/commit_sys_config_file( 1524): [settings-1-0,6]
02-17 10:39:34.624 I/commit_sys_config_file( 1524): [settings-1-0,3]
02-17 10:39:34.935 I/auditd ( 0): type=1400 audit(0.0:26463): avc: denied { kill } for comm="swapper/0" capability=5 scontext=u:r:kernel:s0 tcontext=u:r:kernel:s0 tclass=capability permissive=0
02-17 10:39:35.939 I/auditd ( 0): type=1400 audit(0.0:26464): avc: denied { kill } for comm="swapper/0" capability=5 scontext=u:r:kernel:s0 tcontext=u:r:kernel:s0 tclass=capability permissive=0
02-17 10:39:36.458 I/input_interaction( 1524): Interaction with: 321be4b com.android.launcher3/com.android.launcher3.uioverrides.QuickstepLauncher (server), acb9a4a com.android.systemui.ImageWallpaper (server), edge-swipe (server), swipe-up (server), PointerEventDispatcher0 (server),
02-17 10:39:36.572 I/wm_task_moved( 1524): [1,1,6]
02-17 10:39:36.572 I/wm_set_resumed_activity( 1524): [0,com.android.launcher3/.uioverrides.QuickstepLauncher,positionChildAt]
02-17 10:39:36.574 I/am_wtf ( 1524): [0,1524,system_server,-1,ContentProviderHelper,Unable to check Uri permission because caller is holding WM lock; assuming permission denied]
02-17 10:39:36.576 I/am_wtf ( 1524): [0,1524,system_server,-1,ContentProviderHelper,Unable to check Uri permission because caller is holding WM lock; assuming permission denied]
02-17 10:39:36.935 I/auditd ( 0): type=1400 audit(0.0:26465): avc: denied { kill } for comm="swapper/0" capability=5 scontext=u:r:kernel:s0 tcontext=u:r:kernel:s0 tclass=capability permissive=0
02-17 10:39:37.935 I/auditd ( 0): type=1400 audit(0.0:26466): avc: denied { kill } for comm="swapper/0" capability=5 scontext=u:r:kernel:s0 tcontext=u:r:kernel:s0 tclass=capability permissive=0
02-17 10:39:38.935 I/auditd ( 0): type=1400 audit(0.0:26467): avc: denied { kill } for comm="swapper/0" capability=5 scontext=u:r:kernel:s0 tcontext=u:r:kernel:s0 tclass=capability permissive=0
02-17 10:39:39.935 I/auditd ( 0): type=1400 audit(0.0:26468): avc: denied { kill } for comm="swapper/0" capability=5 scontext=u:r:kernel:s0 tcontext=u:r:kernel:s0 tclass=capability permissive=0
02-17 10:39:40.119 I/wm_task_moved( 1524): [1,1,6]
02-17 10:39:40.119 I/wm_set_resumed_activity( 1524): [0,com.android.launcher3/.uioverrides.QuickstepLauncher,positionChildAt]
02-17 10:39:40.121 I/am_wtf ( 1524): [0,1524,system_server,-1,ContentProviderHelper,Unable to check Uri permission because caller is holding WM lock; assuming permission denied]
02-17 10:39:40.123 I/am_wtf ( 1524): [0,1524,system_server,-1,ContentProviderHelper,Unable to check Uri permission because caller is holding WM lock; assuming permission denied]
02-17 10:39:40.935 I/auditd ( 0): type=1400 audit(0.0:26469): avc: denied { kill } for comm="swapper/0" capability=5 scontext=u:r:kernel:s0 tcontext=u:r:kernel:s0 tclass=capability permissive=0
02-17 10:39:41.935 I/auditd ( 0): type=1400 audit(0.0:26470): avc: denied { kill } for comm="swapper/0" capability=5 scontext=u:r:kernel:s0 tcontext=u:r:kernel:s0 tclass=capability permissive=0
02-17 10:39:42.939 I/auditd ( 0): type=1400 audit(0.0:26471): avc: denied { kill } for comm="swapper/0" capability=5 scontext=u:r:kernel:s0 tcontext=u:r:kernel:s0 tclass=capability permissive=0
02-17 10:39:43.935 I/auditd ( 0): type=1400 audit(0.0:26472): avc: denied { kill } for comm="swapper/0" capability=5 scontext=u:r:kernel:s0 tcontext=u:r:kernel:s0 tclass=capability permissive=0
02-17 10:39:44.576 I/wm_task_moved( 1524): [1,1,6]
02-17 10:39:44.577 I/wm_set_resumed_activity( 1524): [0,com.android.launcher3/.uioverrides.QuickstepLauncher,positionChildAt]
02-17 10:39:44.579 I/am_wtf ( 1524): [0,1524,system_server,-1,ContentProviderHelper,Unable to check Uri permission because caller is holding WM lock; assuming permission denied]
02-17 10:39:44.583 I/am_wtf ( 1524): [0,1524,system_server,-1,ContentProviderHelper,Unable to check Uri permission because caller is holding WM lock; assuming permission denied]
02-17 10:39:44.935 I/auditd ( 0): type=1400 audit(0.0:26473): avc: denied { kill } for comm="swapper/0" capability=5 scontext=u:r:kernel:s0 tcontext=u:r:kernel:s0 tclass=capability permissive=0
02-17 10:39:45.935 I/auditd ( 0): type=1400 audit(0.0:26474): avc: denied { kill } for comm="swapper/0" capability=5 scontext=u:r:kernel:s0 tcontext=u:r:kernel:s0 tclass=capability permissive=0
02-17 10:39:46.935 I/auditd ( 0): type=1400 audit(0.0:26475): avc: denied { kill } for comm="swapper/0" capability=5 scontext=u:r:kernel:s0 tcontext=u:r:kernel:s0 tclass=capability permissive=0
02-17 10:39:47.935 I/auditd ( 0): type=1400 audit(0.0:26476): avc: denied { kill } for comm="swapper/0" capability=5 scontext=u:r:kernel:s0 tcontext=u:r:kernel:s0 tclass=capability permissive=0
02-17 10:39:49.935 I/auditd ( 0): type=1400 audit(0.0:26477): avc: denied { kill } for comm="swapper/0" capability=5 scontext=u:r:kernel:s0 tcontext=u:r:kernel:s0 tclass=capability permissive=0
02-17 10:39:51.042 I/wm_task_created( 1524): [160,-1]
02-17 10:39:51.044 I/wm_task_moved( 1524): [160,1,7]
02-17 10:39:51.044 I/wm_task_to_front( 1524): [0,160]
02-17 10:39:51.045 I/wm_create_task( 1524): [0,160]
02-17 10:39:51.045 I/wm_create_activity( 1524): [0,136908511,160,com.android.gallery3d/.app.GalleryActivity,android.intent.action.MAIN,NULL,NULL,270532608]
02-17 10:39:51.045 I/wm_task_moved( 1524): [160,1,7]
02-17 10:39:51.046 I/wm_pause_activity( 1524): [0,128678138,com.android.launcher3/.uioverrides.QuickstepLauncher,userLeaving=true,pauseBackTasks]
02-17 10:39:51.049 I/wm_on_top_resumed_lost_called( 2568): [128678138,com.android.launcher3.uioverrides.QuickstepLauncher,topStateChangedWhenResumed]
02-17 10:39:51.049 I/wm_on_paused_called( 2568): [128678138,com.android.launcher3.uioverrides.QuickstepLauncher,performPause]
02-17 10:39:51.050 I/wm_add_to_stopping( 1524): [0,128678138,com.android.launcher3/.uioverrides.QuickstepLauncher,makeInvisible]
02-17 10:39:51.050 I/wm_restart_activity( 1524): [0,136908511,160,com.android.gallery3d/.app.GalleryActivity]
02-17 10:39:51.051 I/wm_set_resumed_activity( 1524): [0,com.android.gallery3d/.app.GalleryActivity,minimalResumeActivityLocked]
02-17 10:39:51.058 I/sysui_multi_action( 1524): [757,803,799,window_time_0,802,18]
02-17 10:39:51.061 I/input_focus( 1524): [Focus leaving 321be4b com.android.launcher3/com.android.launcher3.uioverrides.QuickstepLauncher (server),reason=NO_WINDOW]
02-17 10:39:51.068 I/am_pss ( 1524): [22819,10084,com.android.music,25882624,20369408,0,143626240,0,18,7]
02-17 10:39:51.072 I/wm_on_create_called(23143): [136908511,com.android.gallery3d.app.GalleryActivity,performCreate]
02-17 10:39:51.073 I/wm_on_start_called(23143): [136908511,com.android.gallery3d.app.GalleryActivity,handleStartActivity]
02-17 10:39:51.076 I/wm_on_resume_called(23143): [136908511,com.android.gallery3d.app.GalleryActivity,RESUME_ACTIVITY]
02-17 10:39:51.077 I/wm_on_top_resumed_gained_called(23143): [136908511,com.android.gallery3d.app.GalleryActivity,topStateChangedWhenResumed]
02-17 10:39:51.093 I/input_focus( 1524): [Focus request 96917eb com.android.gallery3d/com.android.gallery3d.app.GalleryActivity,reason=UpdateInputWindows]
02-17 10:39:51.112 I/sysui_multi_action( 1524): [319,27,321,25,322,74,325,24628,757,761,758,8,759,1,806,com.android.gallery3d,871,com.android.gallery3d.app.GalleryActivity,904,com.android.launcher3,905,0,1320,4,1321,1]
02-17 10:39:51.112 I/wm_activity_launch_time( 1524): [0,136908511,com.android.gallery3d/.app.GalleryActivity,74]
02-17 10:39:51.126 I/input_focus( 1524): [Focus entering 96917eb com.android.gallery3d/com.android.gallery3d.app.GalleryActivity (server),reason=setFocusedWindow]
02-17 10:39:51.593 I/wm_stop_activity( 1524): [0,128678138,com.android.launcher3/.uioverrides.QuickstepLauncher]
02-17 10:39:51.611 I/wm_on_stop_called( 2568): [128678138,com.android.launcher3.uioverrides.QuickstepLauncher,STOP_ACTIVITY_ITEM]
02-17 10:39:51.939 I/auditd ( 0): type=1400 audit(0.0:26478): avc: denied { kill } for comm="swapper/0" capability=5 scontext=u:r:kernel:s0 tcontext=u:r:kernel:s0 tclass=capability permissive=0
02-17 10:39:52.184 I/input_interaction( 1524): Interaction with: 96917eb com.android.gallery3d/com.android.gallery3d.app.GalleryActivity (server), edge-swipe (server), swipe-up (server), PointerEventDispatcher0 (server),
02-17 10:39:52.935 I/auditd ( 0): type=1400 audit(0.0:26479): avc: denied { kill } for comm="swapper/0" capability=5 scontext=u:r:kernel:s0 tcontext=u:r:kernel:s0 tclass=capability permissive=0
02-17 10:39:53.939 I/auditd ( 0): type=1400 audit(0.0:26480): avc: denied { kill } for comm="swapper/0" capability=5 scontext=u:r:kernel:s0 tcontext=u:r:kernel:s0 tclass=capability permissive=0
02-17 10:39:54.935 I/auditd ( 0): type=1400 audit(0.0:26481): avc: denied { kill } for comm="swapper/0" capability=5 scontext=u:r:kernel:s0 tcontext=u:r:kernel:s0 tclass=capability permissive=0
02-17 10:39:55.939 I/auditd ( 0): type=1400 audit(0.0:26482): avc: denied { kill } for comm="swapper/0" capability=5 scontext=u:r:kernel:s0 tcontext=u:r:kernel:s0 tclass=capability permissive=0
02-17 10:39:56.939 I/auditd ( 0): type=1400 audit(0.0:26483): avc: denied { kill } for comm="swapper/0" capability=5 scontext=u:r:kernel:s0 tcontext=u:r:kernel:s0 tclass=capability permissive=0
02-17 10:39:57.300 I/wm_task_moved( 1524): [160,1,7]
02-17 10:39:57.300 I/wm_set_resumed_activity( 1524): [0,com.android.gallery3d/.app.GalleryActivity,positionChildAt]
02-17 10:39:57.300 I/wm_create_activity( 1524): [0,165233971,160,com.android.gallery3d/.app.MovieActivity,android.intent.action.VIEW,video/*,content://media/external/video/media/21,0]
02-17 10:39:57.301 I/wm_pause_activity( 1524): [0,136908511,com.android.gallery3d/.app.GalleryActivity,userLeaving=true,resumeTopActivityInnerLocked]
02-17 10:39:57.303 I/wm_on_top_resumed_lost_called(23143): [136908511,com.android.gallery3d.app.GalleryActivity,topStateChangedWhenResumed]
02-17 10:39:57.307 I/wm_on_paused_called(23143): [136908511,com.android.gallery3d.app.GalleryActivity,performPause]
02-17 10:39:57.308 I/wm_add_to_stopping( 1524): [0,136908511,com.android.gallery3d/.app.GalleryActivity,makeInvisible]
02-17 10:39:57.309 I/wm_restart_activity( 1524): [0,165233971,160,com.android.gallery3d/.app.MovieActivity]
02-17 10:39:57.309 I/wm_set_resumed_activity( 1524): [0,com.android.gallery3d/.app.MovieActivity,minimalResumeActivityLocked]
02-17 10:39:57.311 I/sysui_multi_action( 1524): [757,803,799,window_time_0,802,7]
02-17 10:39:57.318 I/wm_on_create_called(23143): [165233971,com.android.gallery3d.app.MovieActivity,performCreate]
02-17 10:39:57.320 I/wm_on_start_called(23143): [165233971,com.android.gallery3d.app.MovieActivity,handleStartActivity]
02-17 10:39:57.320 I/wm_on_resume_called(23143): [165233971,com.android.gallery3d.app.MovieActivity,RESUME_ACTIVITY]
02-17 10:39:57.322 I/wm_on_top_resumed_gained_called(23143): [165233971,com.android.gallery3d.app.MovieActivity,topStateChangedWhenResumed]
02-17 10:39:57.326 I/input_focus( 1524): [Focus request dcbc025 com.android.gallery3d/com.android.gallery3d.app.MovieActivity,reason=UpdateInputWindows]
02-17 10:39:57.340 I/input_focus( 1524): [Focus leaving 96917eb com.android.gallery3d/com.android.gallery3d.app.GalleryActivity (server),reason=NO_WINDOW]
02-17 10:39:57.351 I/wm_activity_launch_time( 1524): [0,165233971,com.android.gallery3d/.app.MovieActivity,55]
02-17 10:39:57.358 I/input_focus( 1524): [Focus entering dcbc025 com.android.gallery3d/com.android.gallery3d.app.MovieActivity (server),reason=Window became focusable. Previous reason: NOT_VISIBLE]
02-17 10:39:57.380 I/service_manager_stats( 1524): [100,66,48452]
02-17 10:39:57.746 I/wm_stop_activity( 1524): [0,136908511,com.android.gallery3d/.app.GalleryActivity]
02-17 10:39:57.751 I/wm_on_stop_called(23143): [136908511,com.android.gallery3d.app.GalleryActivity,STOP_ACTIVITY_ITEM]
02-17 10:39:57.935 I/auditd ( 0): type=1400 audit(0.0:26484): avc: denied { kill } for comm="swapper/0" capability=5 scontext=u:r:kernel:s0 tcontext=u:r:kernel:s0 tclass=capability permissive=0
02-17 10:39:58.675 I/am_uid_idle( 1524): 10084
02-17 10:39:58.935 I/auditd ( 0): type=1400 audit(0.0:26485): avc: denied { kill } for comm="swapper/0" capability=5 scontext=u:r:kernel:s0 tcontext=u:r:kernel:s0 tclass=capability permissive=0
02-17 10:39:59.939 I/auditd ( 0): type=1400 audit(0.0:26486): avc: denied { kill } for comm="swapper/0" capability=5 scontext=u:r:kernel:s0 tcontext=u:r:kernel:s0 tclass=capability permissive=0
02-17 10:39:59.965 I/input_interaction( 1524): Interaction with: dcbc025 com.android.gallery3d/com.android.gallery3d.app.MovieActivity (server), edge-swipe (server), swipe-up (server), PointerEventDispatcher0 (server),
02-17 10:40:00.939 I/auditd ( 0): type=1400 audit(0.0:26487): avc: denied { kill } for comm="swapper/0" capability=5 scontext=u:r:kernel:s0 tcontext=u:r:kernel:s0 tclass=capability permissive=0
02-17 10:40:01.029 I/input_focus( 1524): [Focus request f41164e com.android.gallery3d/com.android.gallery3d.app.MovieActivity,reason=UpdateInputWindows]
02-17 10:40:01.052 I/input_focus( 1524): [Focus leaving dcbc025 com.android.gallery3d/com.android.gallery3d.app.MovieActivity (server),reason=setFocusedWindow]
02-17 10:40:01.052 I/input_focus( 1524): [Focus entering f41164e com.android.gallery3d/com.android.gallery3d.app.MovieActivity (server),reason=setFocusedWindow]
02-17 10:40:01.939 I/auditd ( 0): type=1400 audit(0.0:26488): avc: denied { kill } for comm="swapper/0" capability=5 scontext=u:r:kernel:s0 tcontext=u:r:kernel:s0 tclass=capability permissive=0
02-17 10:40:02.939 I/auditd ( 0): type=1400 audit(0.0:26489): avc: denied { kill } for comm="swapper/0" capability=5 scontext=u:r:kernel:s0 tcontext=u:r:kernel:s0 tclass=capability permissive=0
02-17 10:40:03.939 I/auditd ( 0): type=1400 audit(0.0:26490): avc: denied { kill } for comm="swapper/0" capability=5 scontext=u:r:kernel:s0 tcontext=u:r:kernel:s0 tclass=capability permissive=0
02-17 10:40:04.939 I/auditd ( 0): type=1400 audit(0.0:26491): avc: denied { kill } for comm="swapper/0" capability=5 scontext=u:r:kernel:s0 tcontext=u:r:kernel:s0 tclass=capability permissive=0
02-17 10:40:05.935 I/auditd ( 0): type=1400 audit(0.0:26492): avc: denied { kill } for comm="swapper/0" capability=5 scontext=u:r:kernel:s0 tcontext=u:r:kernel:s0 tclass=capability permissive=0
02-17 10:40:06.935 I/auditd ( 0): type=1400 audit(0.0:26493): avc: denied { kill } for comm="swapper/0" capability=5 scontext=u:r:kernel:s0 tcontext=u:r:kernel:s0 tclass=capability permissive=0
02-17 10:40:07.939 I/auditd ( 0): type=1400 audit(0.0:26494): avc: denied { kill } for comm="swapper/0" capability=5 scontext=u:r:kernel:s0 tcontext=u:r:kernel:s0 tclass=capability permissive=0
02-17 10:40:08.211 I/input_interaction( 1524): Interaction with: f41164e com.android.gallery3d/com.android.gallery3d.app.MovieActivity (server), edge-swipe (server), swipe-up (server), PointerEventDispatcher0 (server),
02-17 10:40:08.335 I/wm_finish_activity( 1524): [0,165233971,160,com.android.gallery3d/.app.MovieActivity,app-request]
02-17 10:40:08.345 I/wm_pause_activity( 1524): [0,165233971,com.android.gallery3d/.app.MovieActivity,userLeaving=false,finish]
02-17 10:40:08.375 I/wm_on_top_resumed_lost_called(23143): [165233971,com.android.gallery3d.app.MovieActivity,topStateChangedWhenResumed]
02-17 10:40:08.415 I/wm_on_paused_called(23143): [165233971,com.android.gallery3d.app.MovieActivity,performPause]
02-17 10:40:08.415 I/wm_add_to_stopping( 1524): [0,165233971,com.android.gallery3d/.app.MovieActivity,completeFinishing]
02-17 10:40:08.417 I/wm_set_resumed_activity( 1524): [0,com.android.gallery3d/.app.GalleryActivity,resumeTopActivityInnerLocked]
02-17 10:40:08.418 I/wm_resume_activity( 1524): [0,136908511,160,com.android.gallery3d/.app.GalleryActivity]
02-17 10:40:08.421 I/sysui_multi_action( 1524): [757,803,799,window_time_0,802,11]
02-17 10:40:08.422 I/wm_on_activity_result_called(23143): [136908511,com.android.gallery3d.app.GalleryActivity,ACTIVITY_RESULT]
02-17 10:40:08.423 I/wm_on_restart_called(23143): [136908511,com.android.gallery3d.app.GalleryActivity,performRestartActivity]
02-17 10:40:08.425 I/wm_on_start_called(23143): [136908511,com.android.gallery3d.app.GalleryActivity,handleStartActivity]
02-17 10:40:08.431 I/am_pss ( 1524): [23143,10065,com.android.gallery3d,64001024,55742464,0,193560576,0,2,8]
02-17 10:40:08.438 I/wm_on_resume_called(23143): [136908511,com.android.gallery3d.app.GalleryActivity,RESUME_ACTIVITY]
02-17 10:40:08.438 I/wm_on_top_resumed_gained_called(23143): [136908511,com.android.gallery3d.app.GalleryActivity,topWhenResuming]
02-17 10:40:08.452 I/input_focus( 1524): [Focus request 96917eb com.android.gallery3d/com.android.gallery3d.app.GalleryActivity,reason=UpdateInputWindows]
02-17 10:40:08.484 I/input_focus( 1524): [Focus entering 96917eb com.android.gallery3d/com.android.gallery3d.app.GalleryActivity (server),reason=setFocusedWindow]
02-17 10:40:08.873 I/wm_destroy_activity( 1524): [0,165233971,160,com.android.gallery3d/.app.MovieActivity,finish-imm:idle]
02-17 10:40:08.892 I/wm_on_stop_called(23143): [165233971,com.android.gallery3d.app.MovieActivity,LIFECYCLER_STOP_ACTIVITY]
02-17 10:40:08.892 I/wm_on_destroy_called(23143): [165233971,com.android.gallery3d.app.MovieActivity,performDestroy]
02-17 10:40:08.935 I/auditd ( 0): type=1400 audit(0.0:26495): avc: denied { kill } for comm="swapper/0" capability=5 scontext=u:r:kernel:s0 tcontext=u:r:kernel:s0 tclass=capability permissive=0
02-17 10:40:09.806 I/input_interaction( 1524): Interaction with: 96917eb com.android.gallery3d/com.android.gallery3d.app.GalleryActivity (server), edge-swipe (server), swipe-up (server), PointerEventDispatcher0 (server),
02-17 10:40:09.907 I/wm_task_moved( 1524): [160,1,7]
02-17 10:40:09.907 I/wm_set_resumed_activity( 1524): [0,com.android.gallery3d/.app.GalleryActivity,positionChildAt]
02-17 10:40:09.907 I/wm_create_activity( 1524): [0,61270071,160,com.android.gallery3d/.app.MovieActivity,android.intent.action.VIEW,video/*,content://media/external/video/media/21,0]
02-17 10:40:09.908 I/wm_pause_activity( 1524): [0,136908511,com.android.gallery3d/.app.GalleryActivity,userLeaving=true,resumeTopActivityInnerLocked]
02-17 10:40:09.910 I/wm_on_top_resumed_lost_called(23143): [136908511,com.android.gallery3d.app.GalleryActivity,topStateChangedWhenResumed]
02-17 10:40:09.915 I/wm_on_paused_called(23143): [136908511,com.android.gallery3d.app.GalleryActivity,performPause]
02-17 10:40:09.915 I/wm_add_to_stopping( 1524): [0,136908511,com.android.gallery3d/.app.GalleryActivity,makeInvisible]
02-17 10:40:09.916 I/wm_restart_activity( 1524): [0,61270071,160,com.android.gallery3d/.app.MovieActivity]
02-17 10:40:09.916 I/wm_set_resumed_activity( 1524): [0,com.android.gallery3d/.app.MovieActivity,minimalResumeActivityLocked]
02-17 10:40:09.917 I/sysui_multi_action( 1524): [757,803,799,window_time_0,802,1]
02-17 10:40:09.924 I/wm_on_create_called(23143): [61270071,com.android.gallery3d.app.MovieActivity,performCreate]
02-17 10:40:09.925 I/wm_on_start_called(23143): [61270071,com.android.gallery3d.app.MovieActivity,handleStartActivity]
02-17 10:40:09.925 I/wm_on_resume_called(23143): [61270071,com.android.gallery3d.app.MovieActivity,RESUME_ACTIVITY]
02-17 10:40:09.927 I/wm_on_top_resumed_gained_called(23143): [61270071,com.android.gallery3d.app.MovieActivity,topStateChangedWhenResumed]
02-17 10:40:09.930 I/input_focus( 1524): [Focus request ca5ab09 com.android.gallery3d/com.android.gallery3d.app.MovieActivity,reason=UpdateInputWindows]
02-17 10:40:09.937 I/input_focus( 1524): [Focus leaving 96917eb com.android.gallery3d/com.android.gallery3d.app.GalleryActivity (server),reason=NO_WINDOW]
02-17 10:40:09.935 I/auditd ( 0): type=1400 audit(0.0:26496): avc: denied { kill } for comm="swapper/0" capability=5 scontext=u:r:kernel:s0 tcontext=u:r:kernel:s0 tclass=capability permissive=0
02-17 10:40:09.956 I/wm_activity_launch_time( 1524): [0,61270071,com.android.gallery3d/.app.MovieActivity,54]
02-17 10:40:09.972 I/input_focus( 1524): [Focus entering ca5ab09 com.android.gallery3d/com.android.gallery3d.app.MovieActivity (server),reason=Window became focusable. Previous reason: NOT_VISIBLE]
02-17 10:40:10.359 I/wm_stop_activity( 1524): [0,136908511,com.android.gallery3d/.app.GalleryActivity]
02-17 10:40:10.368 I/wm_on_stop_called(23143): [136908511,com.android.gallery3d.app.GalleryActivity,STOP_ACTIVITY_ITEM]
02-17 10:40:10.939 I/auditd ( 0): type=1400 audit(0.0:26497): avc: denied { kill } for comm="swapper/0" capability=5 scontext=u:r:kernel:s0 tcontext=u:r:kernel:s0 tclass=capability permissive=0
02-17 10:40:11.639 I/input_interaction( 1524): Interaction with: ca5ab09 com.android.gallery3d/com.android.gallery3d.app.MovieActivity (server), edge-swipe (server), swipe-up (server), PointerEventDispatcher0 (server),
02-17 10:40:12.443 I/wm_task_moved( 1524): [1,0,0]
02-17 10:40:12.444 I/wm_task_moved( 1524): [1,0,6]
02-17 10:40:12.462 I/view_enqueue_input_event(23143): [Motion - Cancel,com.android.gallery3d/com.android.gallery3d.app.MovieActivity]
02-17 10:40:12.463 I/input_interaction( 1524): Interaction with: edge-swipe (server), swipe-up (server), PointerEventDispatcher0 (server),
02-17 10:40:12.465 I/wm_on_restart_called( 2568): [128678138,com.android.launcher3.uioverrides.QuickstepLauncher,performRestartActivity]
02-17 10:40:12.489 I/wm_on_start_called( 2568): [128678138,com.android.launcher3.uioverrides.QuickstepLauncher,handleStartActivity]
02-17 10:40:12.492 I/input_focus( 1524): [Focus request recents_animation_input_consumer,reason=UpdateInputWindows]
02-17 10:40:12.498 I/sysui_latency( 2568): [1,76]
02-17 10:40:12.511 I/sysui_multi_action( 1524): [319,12,322,60,325,24650,757,761,758,9,759,5,806,com.android.launcher3,871,com.android.launcher3.uioverrides.QuickstepLauncher,904,com.android.launcher3,905,0,1320,8,1321,5]
02-17 10:40:12.512 I/input_focus( 1524): [Focus leaving ca5ab09 com.android.gallery3d/com.android.gallery3d.app.MovieActivity (server),reason=NOT_FOCUSABLE]
02-17 10:40:12.512 I/input_focus( 1524): [Focus entering recents_animation_input_consumer (server),reason=setFocusedWindow]
02-17 10:40:12.696 I/commit_sys_config_file( 1524): [settings-1-0,8]
02-17 10:40:12.806 I/sysui_latency( 1524): [8,79]
02-17 10:40:12.935 I/auditd ( 0): type=1400 audit(0.0:26498): avc: denied { kill } for comm="swapper/1" capability=5 scontext=u:r:kernel:s0 tcontext=u:r:kernel:s0 tclass=capability permissive=0
02-17 10:40:13.366 I/wm_task_moved( 1524): [1,1,7]
02-17 10:40:13.367 I/wm_focused_root_task( 1524): [0,0,1,160,RecentsAnimation.onAnimationFinished()]
02-17 10:40:13.367 I/wm_on_top_resumed_lost_called(23143): [61270071,com.android.gallery3d.app.MovieActivity,topStateChangedWhenResumed]
02-17 10:40:13.373 I/wm_pause_activity( 1524): [0,61270071,com.android.gallery3d/.app.MovieActivity,userLeaving=false,pauseBackTasks]
02-17 10:40:13.376 I/wm_set_resumed_activity( 1524): [0,com.android.launcher3/.uioverrides.QuickstepLauncher,resumeTopActivityInnerLocked]
02-17 10:40:13.378 I/wm_resume_activity( 1524): [0,128678138,9,com.android.launcher3/.uioverrides.QuickstepLauncher]
02-17 10:40:13.379 I/wm_add_to_stopping( 1524): [0,61270071,com.android.gallery3d/.app.MovieActivity,makeInvisible]
02-17 10:40:13.380 I/wm_on_resume_called( 2568): [128678138,com.android.launcher3.uioverrides.QuickstepLauncher,RESUME_ACTIVITY]
02-17 10:40:13.394 I/input_focus( 1524): [Focus request 321be4b com.android.launcher3/com.android.launcher3.uioverrides.QuickstepLauncher,reason=UpdateInputWindows]
02-17 10:40:13.400 I/wm_stop_activity( 1524): [0,61270071,com.android.gallery3d/.app.MovieActivity]
02-17 10:40:13.401 I/input_focus( 1524): [Focus leaving recents_animation_input_consumer (server),reason=NOT_VISIBLE]
02-17 10:40:13.402 I/sysui_multi_action( 1524): [757,803,799,window_time_0,802,4]
02-17 10:40:13.404 I/sysui_multi_action( 1524): [757,803,799,window_time_0,802,0]
02-17 10:40:13.429 I/input_focus( 1524): [Focus entering 321be4b com.android.launcher3/com.android.launcher3.uioverrides.QuickstepLauncher (server),reason=setFocusedWindow]
02-17 10:40:13.430 I/wm_on_top_resumed_gained_called( 2568): [128678138,com.android.launcher3.uioverrides.QuickstepLauncher,topStateChangedWhenResumed]
02-17 10:40:13.440 I/wm_on_paused_called(23143): [61270071,com.android.gallery3d.app.MovieActivity,performPause]
02-17 10:40:13.444 I/wm_on_stop_called(23143): [61270071,com.android.gallery3d.app.MovieActivity,STOP_ACTIVITY_ITEM]
02-17 10:40:13.621 I/commit_sys_config_file( 1524): [settings-1-0,4]
02-17 10:40:13.939 I/auditd ( 0): type=1400 audit(0.0:26499): avc: denied { kill } for comm="swapper/1" capability=5 scontext=u:r:kernel:s0 tcontext=u:r:kernel:s0 tclass=capability permissive=0
02-17 10:40:14.189 I/input_interaction( 1524): Interaction with: 321be4b com.android.launcher3/com.android.launcher3.uioverrides.QuickstepLauncher (server), acb9a4a com.android.systemui.ImageWallpaper (server), edge-swipe (server), swipe-up (server), PointerEventDispatcher0 (server),
02-17 10:40:14.300 I/wm_task_moved( 1524): [1,1,7]
02-17 10:40:14.301 I/wm_set_resumed_activity( 1524): [0,com.android.launcher3/.uioverrides.QuickstepLauncher,positionChildAt]
02-17 10:40:14.301 I/wm_task_moved( 1524): [160,1,7]
02-17 10:40:14.301 I/wm_focused_root_task( 1524): [0,0,160,1,moveTaskToFront findTaskToMoveToFront]
02-17 10:40:14.302 I/wm_set_resumed_activity( 1524): [0,com.android.gallery3d/.app.MovieActivity,moveTaskToFront findTaskToMoveToFront]
02-17 10:40:14.303 I/wm_pause_activity( 1524): [0,128678138,com.android.launcher3/.uioverrides.QuickstepLauncher,userLeaving=true,pauseBackTasks]
02-17 10:40:14.311 I/wm_on_top_resumed_lost_called( 2568): [128678138,com.android.launcher3.uioverrides.QuickstepLauncher,topStateChangedWhenResumed]
02-17 10:40:14.313 I/wm_on_paused_called( 2568): [128678138,com.android.launcher3.uioverrides.QuickstepLauncher,performPause]
02-17 10:40:14.321 I/wm_set_resumed_activity( 1524): [0,com.android.gallery3d/.app.MovieActivity,resumeTopActivityInnerLocked]
02-17 10:40:14.321 I/wm_add_to_stopping( 1524): [0,128678138,com.android.launcher3/.uioverrides.QuickstepLauncher,makeInvisible]
02-17 10:40:14.322 I/wm_resume_activity( 1524): [0,61270071,160,com.android.gallery3d/.app.MovieActivity]
02-17 10:40:14.323 I/wm_on_restart_called(23143): [61270071,com.android.gallery3d.app.MovieActivity,performRestartActivity]
02-17 10:40:14.333 I/input_focus( 1524): [Focus leaving 321be4b com.android.launcher3/com.android.launcher3.uioverrides.QuickstepLauncher (server),reason=NO_WINDOW]
02-17 10:40:14.335 I/sysui_multi_action( 1524): [757,803,799,window_time_0,802,1]
02-17 10:40:14.833 I/wm_on_start_called(23143): [61270071,com.android.gallery3d.app.MovieActivity,handleStartActivity]
02-17 10:40:14.835 I/wm_on_resume_called(23143): [61270071,com.android.gallery3d.app.MovieActivity,RESUME_ACTIVITY]
02-17 10:40:14.835 I/wm_on_top_resumed_gained_called(23143): [61270071,com.android.gallery3d.app.MovieActivity,topWhenResuming]
02-17 10:40:14.848 I/input_focus( 1524): [Focus request cc0a8a com.android.gallery3d/com.android.gallery3d.app.MovieActivity,reason=UpdateInputWindows]
02-17 10:40:14.935 I/auditd ( 0): type=1400 audit(0.0:26500): avc: denied { kill } for comm="swapper/1" capability=5 scontext=u:r:kernel:s0 tcontext=u:r:kernel:s0 tclass=capability permissive=0
02-17 10:40:15.312 I/input_interaction( 1524): Interaction with: edge-swipe (server), swipe-up (server), PointerEventDispatcher0 (server),
02-17 10:40:15.323 I/wm_task_moved( 1524): [1,0,0]
02-17 10:40:15.323 I/wm_task_moved( 1524): [1,0,6]
02-17 10:40:15.375 I/sysui_multi_action( 1524): [319,10,322,45,325,24653,757,761,758,9,759,5,806,com.android.launcher3,871,com.android.launcher3.uioverrides.QuickstepLauncher,904,com.android.launcher3,905,0,1320,8,1321,5]
02-17 10:40:15.469 I/sysui_latency( 2568): [1,8]
02-17 10:40:15.472 I/input_focus( 1524): [Focus request recents_animation_input_consumer,reason=UpdateInputWindows]
02-17 10:40:15.501 I/input_focus( 1524): [Focus entering recents_animation_input_consumer (server),reason=setFocusedWindow]
02-17 10:40:15.669 I/sysui_latency( 1524): [8,53]
02-17 10:40:15.674 I/commit_sys_config_file( 1524): [settings-1-0,6]
02-17 10:40:15.935 I/auditd ( 0): type=1400 audit(0.0:26501): avc: denied { kill } for comm="swapper/1" capability=5 scontext=u:r:kernel:s0 tcontext=u:r:kernel:s0 tclass=capability permissive=0
02-17 10:40:15.988 I/wm_task_moved( 1524): [1,0,6]
02-17 10:40:15.989 I/wm_add_to_stopping( 1524): [0,128678138,com.android.launcher3/.uioverrides.QuickstepLauncher,makeInvisible]
02-17 10:40:15.995 I/input_focus( 1524): [Focus request cc0a8a com.android.gallery3d/com.android.gallery3d.app.MovieActivity,reason=UpdateInputWindows]
02-17 10:40:15.996 I/wm_stop_activity( 1524): [0,128678138,com.android.launcher3/.uioverrides.QuickstepLauncher]
02-17 10:40:16.018 I/wm_on_stop_called( 2568): [128678138,com.android.launcher3.uioverrides.QuickstepLauncher,STOP_ACTIVITY_ITEM]
02-17 10:40:16.019 I/input_focus( 1524): [Focus leaving recents_animation_input_consumer (server),reason=NOT_VISIBLE]
02-17 10:40:16.085 I/sysui_multi_action( 1524): [319,31,321,28,322,1780,325,24652,757,761,758,9,759,4,806,com.android.gallery3d,871,com.android.gallery3d.app.MovieActivity,904,com.android.gallery3d,905,0,1320,4,1321,1]
02-17 10:40:16.088 I/input_focus( 1524): [Focus entering cc0a8a com.android.gallery3d/com.android.gallery3d.app.MovieActivity (server),reason=Window became focusable. Previous reason: NOT_VISIBLE]
02-17 10:40:16.223 I/commit_sys_config_file( 1524): [settings-1-0,4]
02-17 10:40:16.285 I/input_interaction( 1524): Interaction with: cc0a8a com.android.gallery3d/com.android.gallery3d.app.MovieActivity (server), edge-swipe (server), swipe-up (server), PointerEventDispatcher0 (server),
02-17 10:40:16.298 I/wm_task_moved( 1524): [1,0,0]
02-17 10:40:16.299 I/wm_task_moved( 1524): [1,0,6]
02-17 10:40:16.322 I/wm_on_restart_called( 2568): [128678138,com.android.launcher3.uioverrides.QuickstepLauncher,performRestartActivity]
02-17 10:40:16.348 I/wm_on_start_called( 2568): [128678138,com.android.launcher3.uioverrides.QuickstepLauncher,handleStartActivity]
02-17 10:40:16.367 I/sysui_latency( 2568): [1,73]
02-17 10:40:16.368 I/view_enqueue_input_event(23143): [Motion - Cancel,com.android.gallery3d/com.android.gallery3d.app.MovieActivity]
02-17 10:40:16.372 I/input_focus( 1524): [Focus request recents_animation_input_consumer,reason=UpdateInputWindows]
02-17 10:40:16.372 I/sysui_multi_action( 1524): [319,15,322,64,325,24654,757,761,758,9,759,5,806,com.android.launcher3,871,com.android.launcher3.uioverrides.QuickstepLauncher,904,com.android.launcher3,905,0,1320,8,1321,5]
02-17 10:40:16.377 I/input_interaction( 1524): Interaction with: edge-swipe (server), swipe-up (server), PointerEventDispatcher0 (server),
