02-17 10:40:16.402 I/input_focus( 1524): [Focus leaving cc0a8a com.android.gallery3d/com.android.gallery3d.app.MovieActivity (server),reason=NOT_FOCUSABLE]
02-17 10:40:16.403 I/input_focus( 1524): [Focus entering recents_animation_input_consumer (server),reason=setFocusedWindow]
02-17 10:40:16.551 I/commit_sys_config_file( 1524): [settings-1-0,4]
02-17 10:40:16.665 I/sysui_latency( 1524): [8,73]
02-17 10:40:17.153 I/wm_task_moved( 1524): [1,1,7]
02-17 10:40:17.156 I/wm_focused_root_task( 1524): [0,0,1,160,RecentsAnimation.onAnimationFinished()]
02-17 10:40:17.156 I/wm_on_top_resumed_lost_called(23143): [61270071,com.android.gallery3d.app.MovieActivity,topStateChangedWhenResumed]
02-17 10:40:17.158 I/wm_pause_activity( 1524): [0,61270071,com.android.gallery3d/.app.MovieActivity,userLeaving=false,pauseBackTasks]
02-17 10:40:17.160 I/wm_set_resumed_activity( 1524): [0,com.android.launcher3/.uioverrides.QuickstepLauncher,resumeTopActivityInnerLocked]
02-17 10:40:17.162 I/wm_resume_activity( 1524): [0,128678138,9,com.android.launcher3/.uioverrides.QuickstepLauncher]
02-17 10:40:17.162 I/wm_add_to_stopping( 1524): [0,61270071,com.android.gallery3d/.app.MovieActivity,makeInvisible]
02-17 10:40:17.162 I/wm_on_resume_called( 2568): [128678138,com.android.launcher3.uioverrides.QuickstepLauncher,RESUME_ACTIVITY]
02-17 10:40:17.176 I/input_focus( 1524): [Focus request 321be4b com.android.launcher3/com.android.launcher3.uioverrides.QuickstepLauncher,reason=UpdateInputWindows]
02-17 10:40:17.179 I/wm_stop_activity( 1524): [0,61270071,com.android.gallery3d/.app.MovieActivity]
02-17 10:40:17.180 I/sysui_multi_action( 1524): [757,803,799,window_time_0,802,2]
02-17 10:40:17.186 I/wm_on_paused_called(23143): [61270071,com.android.gallery3d.app.MovieActivity,performPause]
02-17 10:40:17.191 I/input_focus( 1524): [Focus leaving recents_animation_input_consumer (server),reason=NOT_VISIBLE]
02-17 10:40:17.191 I/sysui_multi_action( 1524): [757,803,799,window_time_0,802,0]
02-17 10:40:17.191 I/input_focus( 1524): [Focus entering 321be4b com.android.launcher3/com.android.launcher3.uioverrides.QuickstepLauncher (server),reason=setFocusedWindow]
02-17 10:40:17.192 I/wm_on_stop_called(23143): [61270071,com.android.gallery3d.app.MovieActivity,STOP_ACTIVITY_ITEM]
02-17 10:40:17.208 I/wm_on_top_resumed_gained_called( 2568): [128678138,com.android.launcher3.uioverrides.QuickstepLauncher,topStateChangedWhenResumed]
02-17 10:40:17.405 I/commit_sys_config_file( 1524): [settings-1-0,5]
02-17 10:40:17.792 I/input_interaction( 1524): Interaction with: 321be4b com.android.launcher3/com.android.launcher3.uioverrides.QuickstepLauncher (server), acb9a4a com.android.systemui.ImageWallpaper (server), edge-swipe (server), swipe-up (server), PointerEventDispatcher0 (server),
02-17 10:40:17.903 I/wm_task_moved( 1524): [1,1,7]
02-17 10:40:17.904 I/wm_set_resumed_activity( 1524): [0,com.android.launcher3/.uioverrides.QuickstepLauncher,positionChildAt]
02-17 10:40:17.904 I/wm_task_moved( 1524): [160,1,7]
02-17 10:40:17.905 I/wm_focused_root_task( 1524): [0,0,160,1,moveTaskToFront findTaskToMoveToFront]
02-17 10:40:17.905 I/wm_set_resumed_activity( 1524): [0,com.android.gallery3d/.app.MovieActivity,moveTaskToFront findTaskToMoveToFront]
02-17 10:40:17.907 I/wm_pause_activity( 1524): [0,128678138,com.android.launcher3/.uioverrides.QuickstepLauncher,userLeaving=true,pauseBackTasks]
02-17 10:40:17.913 I/wm_on_top_resumed_lost_called( 2568): [128678138,com.android.launcher3.uioverrides.QuickstepLauncher,topStateChangedWhenResumed]
02-17 10:40:17.915 I/wm_on_paused_called( 2568): [128678138,com.android.launcher3.uioverrides.QuickstepLauncher,performPause]
02-17 10:40:17.921 I/wm_set_resumed_activity( 1524): [0,com.android.gallery3d/.app.MovieActivity,resumeTopActivityInnerLocked]
02-17 10:40:17.922 I/wm_add_to_stopping( 1524): [0,128678138,com.android.launcher3/.uioverrides.QuickstepLauncher,makeInvisible]
02-17 10:40:17.923 I/wm_resume_activity( 1524): [0,61270071,160,com.android.gallery3d/.app.MovieActivity]
02-17 10:40:17.933 I/sysui_multi_action( 1524): [757,803,799,window_time_0,802,1]
02-17 10:40:17.941 I/input_focus( 1524): [Focus leaving 321be4b com.android.launcher3/com.android.launcher3.uioverrides.QuickstepLauncher (server),reason=NO_WINDOW]
02-17 10:40:17.942 I/input_focus( 1524): [Focus request cc0a8a com.android.gallery3d/com.android.gallery3d.app.MovieActivity,reason=UpdateInputWindows]
02-17 10:40:17.953 I/wm_on_restart_called(23143): [61270071,com.android.gallery3d.app.MovieActivity,performRestartActivity]
02-17 10:40:17.954 I/wm_on_start_called(23143): [61270071,com.android.gallery3d.app.MovieActivity,handleStartActivity]
02-17 10:40:17.954 I/wm_on_resume_called(23143): [61270071,com.android.gallery3d.app.MovieActivity,RESUME_ACTIVITY]
02-17 10:40:17.954 I/wm_on_top_resumed_gained_called(23143): [61270071,com.android.gallery3d.app.MovieActivity,topWhenResuming]
02-17 10:40:18.010 I/sysui_multi_action( 1524): [319,25,321,23,322,104,325,24655,757,761,758,9,759,4,806,com.android.gallery3d,871,com.android.gallery3d.app.MovieActivity,904,com.android.gallery3d,905,0,1320,4,1321,1]
02-17 10:40:18.024 I/input_focus( 1524): [Focus entering cc0a8a com.android.gallery3d/com.android.gallery3d.app.MovieActivity (server),reason=Window became focusable. Previous reason: NOT_VISIBLE]
02-17 10:40:18.291 I/wm_stop_activity( 1524): [0,128678138,com.android.launcher3/.uioverrides.QuickstepLauncher]
02-17 10:40:18.328 I/wm_on_stop_called( 2568): [128678138,com.android.launcher3.uioverrides.QuickstepLauncher,STOP_ACTIVITY_ITEM]
02-17 10:40:18.906 I/input_interaction( 1524): Interaction with: cc0a8a com.android.gallery3d/com.android.gallery3d.app.MovieActivity (server), edge-swipe (server), swipe-up (server), PointerEventDispatcher0 (server),
02-17 10:40:18.935 I/auditd ( 0): type=1400 audit(0.0:26502): avc: denied { kill } for comm="swapper/1" capability=5 scontext=u:r:kernel:s0 tcontext=u:r:kernel:s0 tclass=capability permissive=0
02-17 10:40:19.045 I/wm_finish_activity( 1524): [0,61270071,160,com.android.gallery3d/.app.MovieActivity,app-request]
02-17 10:40:19.056 I/wm_pause_activity( 1524): [0,61270071,com.android.gallery3d/.app.MovieActivity,userLeaving=false,finish]
02-17 10:40:19.081 I/wm_on_top_resumed_lost_called(23143): [61270071,com.android.gallery3d.app.MovieActivity,topStateChangedWhenResumed]
02-17 10:40:19.092 I/wm_on_paused_called(23143): [61270071,com.android.gallery3d.app.MovieActivity,performPause]
02-17 10:40:19.093 I/wm_add_to_stopping( 1524): [0,61270071,com.android.gallery3d/.app.MovieActivity,completeFinishing]
02-17 10:40:19.095 I/wm_set_resumed_activity( 1524): [0,com.android.gallery3d/.app.GalleryActivity,resumeTopActivityInnerLocked]
02-17 10:40:19.097 I/wm_resume_activity( 1524): [0,136908511,160,com.android.gallery3d/.app.GalleryActivity]
02-17 10:40:19.101 I/sysui_multi_action( 1524): [757,803,799,window_time_0,802,1]
02-17 10:40:19.102 I/wm_on_activity_result_called(23143): [136908511,com.android.gallery3d.app.GalleryActivity,ACTIVITY_RESULT]
02-17 10:40:19.102 I/wm_on_restart_called(23143): [136908511,com.android.gallery3d.app.GalleryActivity,performRestartActivity]
02-17 10:40:19.103 I/wm_on_start_called(23143): [136908511,com.android.gallery3d.app.GalleryActivity,handleStartActivity]
02-17 10:40:19.109 I/wm_on_resume_called(23143): [136908511,com.android.gallery3d.app.GalleryActivity,RESUME_ACTIVITY]
02-17 10:40:19.109 I/wm_on_top_resumed_gained_called(23143): [136908511,com.android.gallery3d.app.GalleryActivity,topWhenResuming]
02-17 10:40:19.116 I/input_focus( 1524): [Focus request 96917eb com.android.gallery3d/com.android.gallery3d.app.GalleryActivity,reason=UpdateInputWindows]
02-17 10:40:19.144 I/input_focus( 1524): [Focus entering 96917eb com.android.gallery3d/com.android.gallery3d.app.GalleryActivity (server),reason=setFocusedWindow]
02-17 10:40:19.528 I/wm_destroy_activity( 1524): [0,61270071,160,com.android.gallery3d/.app.MovieActivity,finish-imm:idle]
02-17 10:40:19.566 I/wm_on_stop_called(23143): [61270071,com.android.gallery3d.app.MovieActivity,LIFECYCLER_STOP_ACTIVITY]
02-17 10:40:19.567 I/wm_on_destroy_called(23143): [61270071,com.android.gallery3d.app.MovieActivity,performDestroy]
02-17 10:40:19.935 I/auditd ( 0): type=1400 audit(0.0:26503): avc: denied { kill } for comm="swapper/1" capability=5 scontext=u:r:kernel:s0 tcontext=u:r:kernel:s0 tclass=capability permissive=0
02-17 10:40:20.935 I/auditd ( 0): type=1400 audit(0.0:26504): avc: denied { kill } for comm="swapper/1" capability=5 scontext=u:r:kernel:s0 tcontext=u:r:kernel:s0 tclass=capability permissive=0
02-17 10:40:21.018 I/input_interaction( 1524): Interaction with: 96917eb com.android.gallery3d/com.android.gallery3d.app.GalleryActivity (server), edge-swipe (server), swipe-up (server), PointerEventDispatcher0 (server),
02-17 10:40:21.148 I/wm_task_moved( 1524): [160,1,7]
02-17 10:40:21.148 I/wm_set_resumed_activity( 1524): [0,com.android.gallery3d/.app.GalleryActivity,positionChildAt]
02-17 10:40:21.148 I/wm_create_activity( 1524): [0,181998929,160,com.android.gallery3d/.app.MovieActivity,android.intent.action.VIEW,video/*,content://media/external/video/media/21,0]
02-17 10:40:21.149 I/wm_pause_activity( 1524): [0,136908511,com.android.gallery3d/.app.GalleryActivity,userLeaving=true,resumeTopActivityInnerLocked]
02-17 10:40:21.151 I/wm_on_top_resumed_lost_called(23143): [136908511,com.android.gallery3d.app.GalleryActivity,topStateChangedWhenResumed]
02-17 10:40:21.157 I/wm_on_paused_called(23143): [136908511,com.android.gallery3d.app.GalleryActivity,performPause]
02-17 10:40:21.158 I/wm_add_to_stopping( 1524): [0,136908511,com.android.gallery3d/.app.GalleryActivity,makeInvisible]
02-17 10:40:21.159 I/wm_restart_activity( 1524): [0,181998929,160,com.android.gallery3d/.app.MovieActivity]
02-17 10:40:21.159 I/wm_set_resumed_activity( 1524): [0,com.android.gallery3d/.app.MovieActivity,minimalResumeActivityLocked]
02-17 10:40:21.161 I/sysui_multi_action( 1524): [757,803,799,window_time_0,802,2]
02-17 10:40:21.167 I/wm_on_create_called(23143): [181998929,com.android.gallery3d.app.MovieActivity,performCreate]
02-17 10:40:21.169 I/wm_on_start_called(23143): [181998929,com.android.gallery3d.app.MovieActivity,handleStartActivity]
02-17 10:40:21.169 I/wm_on_resume_called(23143): [181998929,com.android.gallery3d.app.MovieActivity,RESUME_ACTIVITY]
02-17 10:40:21.171 I/wm_on_top_resumed_gained_called(23143): [181998929,com.android.gallery3d.app.MovieActivity,topStateChangedWhenResumed]
02-17 10:40:21.174 I/input_focus( 1524): [Focus request a1f5f53 com.android.gallery3d/com.android.gallery3d.app.MovieActivity,reason=UpdateInputWindows]
02-17 10:40:21.181 I/input_focus( 1524): [Focus leaving 96917eb com.android.gallery3d/com.android.gallery3d.app.GalleryActivity (server),reason=NO_WINDOW]
02-17 10:40:21.199 I/wm_activity_launch_time( 1524): [0,181998929,com.android.gallery3d/.app.MovieActivity,58]
02-17 10:40:21.222 I/input_focus( 1524): [Focus entering a1f5f53 com.android.gallery3d/com.android.gallery3d.app.MovieActivity (server),reason=Window became focusable. Previous reason: NOT_VISIBLE]
02-17 10:40:21.604 I/wm_stop_activity( 1524): [0,136908511,com.android.gallery3d/.app.GalleryActivity]
02-17 10:40:21.608 I/wm_on_stop_called(23143): [136908511,com.android.gallery3d.app.GalleryActivity,STOP_ACTIVITY_ITEM]
02-17 10:40:21.935 I/auditd ( 0): type=1400 audit(0.0:26505): avc: denied { kill } for comm="swapper/1" capability=5 scontext=u:r:kernel:s0 tcontext=u:r:kernel:s0 tclass=capability permissive=0
02-17 10:40:22.551 I/input_interaction( 1524): Interaction with: a1f5f53 com.android.gallery3d/com.android.gallery3d.app.MovieActivity (server), edge-swipe (server), swipe-up (server), PointerEventDispatcher0 (server),
02-17 10:40:22.935 I/auditd ( 0): type=1400 audit(0.0:26506): avc: denied { kill } for comm="swapper/1" capability=5 scontext=u:r:kernel:s0 tcontext=u:r:kernel:s0 tclass=capability permissive=0
02-17 10:40:23.515 I/wm_task_moved( 1524): [1,0,0]
02-17 10:40:23.516 I/wm_task_moved( 1524): [1,0,6]
02-17 10:40:23.535 I/wm_on_restart_called( 2568): [128678138,com.android.launcher3.uioverrides.QuickstepLauncher,performRestartActivity]
02-17 10:40:23.554 I/wm_on_start_called( 2568): [128678138,com.android.launcher3.uioverrides.QuickstepLauncher,handleStartActivity]
02-17 10:40:23.556 I/input_focus( 1524): [Focus request recents_animation_input_consumer,reason=UpdateInputWindows]
02-17 10:40:23.563 I/sysui_latency( 2568): [1,64]
02-17 10:40:23.566 I/input_interaction( 1524): Interaction with: edge-swipe (server), swipe-up (server), PointerEventDispatcher0 (server),
02-17 10:40:23.567 I/view_enqueue_input_event(23143): [Motion - Cancel,com.android.gallery3d/com.android.gallery3d.app.MovieActivity]
02-17 10:40:23.570 I/input_focus( 1524): [Focus leaving a1f5f53 com.android.gallery3d/com.android.gallery3d.app.MovieActivity (server),reason=NOT_FOCUSABLE]
02-17 10:40:23.570 I/input_focus( 1524): [Focus entering recents_animation_input_consumer (server),reason=setFocusedWindow]
02-17 10:40:23.581 I/sysui_multi_action( 1524): [319,8,322,58,325,24661,757,761,758,9,759,5,806,com.android.launcher3,871,com.android.launcher3.uioverrides.QuickstepLauncher,904,com.android.launcher3,905,0,1320,8,1321,5]
02-17 10:40:23.758 I/commit_sys_config_file( 1524): [settings-1-0,4]
02-17 10:40:23.875 I/sysui_latency( 1524): [8,71]
02-17 10:40:23.935 I/auditd ( 0): type=1400 audit(0.0:26507): avc: denied { kill } for comm="swapper/1" capability=5 scontext=u:r:kernel:s0 tcontext=u:r:kernel:s0 tclass=capability permissive=0
02-17 10:40:24.516 I/wm_task_moved( 1524): [1,1,7]
02-17 10:40:24.517 I/wm_focused_root_task( 1524): [0,0,1,160,RecentsAnimation.onAnimationFinished()]
02-17 10:40:24.517 I/wm_on_top_resumed_lost_called(23143): [181998929,com.android.gallery3d.app.MovieActivity,topStateChangedWhenResumed]
02-17 10:40:24.519 I/wm_pause_activity( 1524): [0,181998929,com.android.gallery3d/.app.MovieActivity,userLeaving=false,pauseBackTasks]
02-17 10:40:24.521 I/wm_set_resumed_activity( 1524): [0,com.android.launcher3/.uioverrides.QuickstepLauncher,resumeTopActivityInnerLocked]
02-17 10:40:24.522 I/wm_resume_activity( 1524): [0,128678138,9,com.android.launcher3/.uioverrides.QuickstepLauncher]
02-17 10:40:24.523 I/wm_add_to_stopping( 1524): [0,181998929,com.android.gallery3d/.app.MovieActivity,makeInvisible]
02-17 10:40:24.527 I/wm_on_resume_called( 2568): [128678138,com.android.launcher3.uioverrides.QuickstepLauncher,RESUME_ACTIVITY]
02-17 10:40:24.537 I/input_focus( 1524): [Focus request 321be4b com.android.launcher3/com.android.launcher3.uioverrides.QuickstepLauncher,reason=UpdateInputWindows]
02-17 10:40:24.540 I/input_focus( 1524): [Focus leaving recents_animation_input_consumer (server),reason=NOT_VISIBLE]
02-17 10:40:24.542 I/wm_stop_activity( 1524): [0,181998929,com.android.gallery3d/.app.MovieActivity]
02-17 10:40:24.543 I/sysui_multi_action( 1524): [757,803,799,window_time_0,802,4]
02-17 10:40:24.544 I/sysui_multi_action( 1524): [757,803,799,window_time_0,802,0]
02-17 10:40:24.557 I/input_focus( 1524): [Focus entering 321be4b com.android.launcher3/com.android.launcher3.uioverrides.QuickstepLauncher (server),reason=setFocusedWindow]
02-17 10:40:24.574 I/wm_on_top_resumed_gained_called( 2568): [128678138,com.android.launcher3.uioverrides.QuickstepLauncher,topStateChangedWhenResumed]
02-17 10:40:24.582 I/wm_on_paused_called(23143): [181998929,com.android.gallery3d.app.MovieActivity,performPause]
02-17 10:40:24.587 I/wm_on_stop_called(23143): [181998929,com.android.gallery3d.app.MovieActivity,STOP_ACTIVITY_ITEM]
02-17 10:40:24.765 I/commit_sys_config_file( 1524): [settings-1-0,5]
02-17 10:40:24.935 I/auditd ( 0): type=1400 audit(0.0:26508): avc: denied { kill } for comm="swapper/1" capability=5 scontext=u:r:kernel:s0 tcontext=u:r:kernel:s0 tclass=capability permissive=0
02-17 10:40:25.565 I/input_interaction( 1524): Interaction with: 321be4b com.android.launcher3/com.android.launcher3.uioverrides.QuickstepLauncher (server), acb9a4a com.android.systemui.ImageWallpaper (server), edge-swipe (server), swipe-up (server), PointerEventDispatcher0 (server),
02-17 10:40:25.935 I/auditd ( 0): type=1400 audit(0.0:26509): avc: denied { kill } for comm="swapper/1" capability=5 scontext=u:r:kernel:s0 tcontext=u:r:kernel:s0 tclass=capability permissive=0
02-17 10:40:26.142 I/wm_finish_activity( 1524): [0,181998929,160,com.android.gallery3d/.app.MovieActivity,recent-task-trimmed]
02-17 10:40:26.144 I/wm_destroy_activity( 1524): [0,181998929,160,com.android.gallery3d/.app.MovieActivity,finish-imm:finishIfPossible]
02-17 10:40:26.145 I/wm_finish_activity( 1524): [0,136908511,160,com.android.gallery3d/.app.GalleryActivity,recent-task-trimmed]
02-17 10:40:26.146 I/wm_on_destroy_called(23143): [181998929,com.android.gallery3d.app.MovieActivity,performDestroy]
02-17 10:40:26.147 I/wm_destroy_activity( 1524): [0,136908511,160,com.android.gallery3d/.app.GalleryActivity,finish-imm:finishIfPossible]
02-17 10:40:26.151 I/am_kill ( 1524): [0,23143,com.android.gallery3d,905,remove task]
02-17 10:40:26.157 I/sysui_multi_action( 1524): [757,803,799,window_time_0,802,1]
02-17 10:40:26.199 I/am_proc_died( 1524): [0,23143,com.android.gallery3d,905,19]
02-17 10:40:26.210 I/am_uid_stopped( 1524): 10065
02-17 10:40:26.215 I/wm_task_removed( 1524): [160,removeChild:removeChild last r=ActivityRecord{ad91551 u0 com.android.gallery3d/.app.MovieActivity t-1 f}} in t=Task{8157fc4 #160 type=standard A=10065:com.android.gallery3d U=0 visible=false mode=fullscreen translucent=true sz=0}]
02-17 10:40:26.215 I/wm_task_removed( 1524): [160,removeChild]
02-17 10:40:26.222 I/am_uid_running( 1524): 10065
02-17 10:40:26.240 I/am_proc_start( 1524): [0,23631,10065,com.android.gallery3d,NULL,]
02-17 10:40:26.274 I/am_proc_bound( 1524): [0,23631,com.android.gallery3d]
02-17 10:40:26.935 I/auditd ( 0): type=1400 audit(0.0:26510): avc: denied { kill } for comm="swapper/1" capability=5 scontext=u:r:kernel:s0 tcontext=u:r:kernel:s0 tclass=capability permissive=0
02-17 10:40:27.939 I/auditd ( 0): type=1400 audit(0.0:26511): avc: denied { kill } for comm="swapper/1" capability=5 scontext=u:r:kernel:s0 tcontext=u:r:kernel:s0 tclass=capability permissive=0
02-17 10:40:28.489 I/wm_task_created( 1524): [161,-1]
02-17 10:40:28.492 I/wm_task_moved( 1524): [161,1,7]
02-17 10:40:28.492 I/wm_task_to_front( 1524): [0,161]
02-17 10:40:28.492 I/wm_create_task( 1524): [0,161]
02-17 10:40:28.493 I/wm_create_activity( 1524): [0,232585020,161,com.android.gallery3d/.app.GalleryActivity,android.intent.action.MAIN,NULL,NULL,270532608]
02-17 10:40:28.493 I/wm_task_moved( 1524): [161,1,7]
02-17 10:40:28.493 I/wm_pause_activity( 1524): [0,128678138,com.android.launcher3/.uioverrides.QuickstepLauncher,userLeaving=true,pauseBackTasks]
02-17 10:40:28.497 I/wm_on_top_resumed_lost_called( 2568): [128678138,com.android.launcher3.uioverrides.QuickstepLauncher,topStateChangedWhenResumed]
02-17 10:40:28.498 I/wm_on_paused_called( 2568): [128678138,com.android.launcher3.uioverrides.QuickstepLauncher,performPause]
02-17 10:40:28.499 I/wm_add_to_stopping( 1524): [0,128678138,com.android.launcher3/.uioverrides.QuickstepLauncher,makeInvisible]
02-17 10:40:28.500 I/wm_restart_activity( 1524): [0,232585020,161,com.android.gallery3d/.app.GalleryActivity]
02-17 10:40:28.500 I/wm_set_resumed_activity( 1524): [0,com.android.gallery3d/.app.GalleryActivity,minimalResumeActivityLocked]
02-17 10:40:28.501 I/am_uid_active( 1524): 10065
02-17 10:40:28.502 I/sysui_multi_action( 1524): [757,803,799,window_time_0,802,3]
02-17 10:40:28.524 I/wm_on_create_called(23631): [232585020,com.android.gallery3d.app.GalleryActivity,performCreate]
02-17 10:40:28.524 I/wm_on_start_called(23631): [232585020,com.android.gallery3d.app.GalleryActivity,handleStartActivity]
02-17 10:40:28.527 I/wm_on_resume_called(23631): [232585020,com.android.gallery3d.app.GalleryActivity,RESUME_ACTIVITY]
02-17 10:40:28.530 I/wm_on_top_resumed_gained_called(23631): [232585020,com.android.gallery3d.app.GalleryActivity,topStateChangedWhenResumed]
02-17 10:40:28.532 I/input_focus( 1524): [Focus leaving 321be4b com.android.launcher3/com.android.launcher3.uioverrides.QuickstepLauncher (server),reason=NO_WINDOW]
02-17 10:40:28.535 I/input_focus( 1524): [Focus request a7f1070 com.android.gallery3d/com.android.gallery3d.app.GalleryActivity,reason=UpdateInputWindows]
02-17 10:40:28.567 I/sysui_multi_action( 1524): [319,35,321,33,322,82,325,24666,757,761,758,8,759,1,806,com.android.gallery3d,871,com.android.gallery3d.app.GalleryActivity,904,com.android.launcher3,905,0,1320,4,1321,1]
02-17 10:40:28.568 I/wm_activity_launch_time( 1524): [0,232585020,com.android.gallery3d/.app.GalleryActivity,82]
02-17 10:40:28.582 I/input_focus( 1524): [Focus entering a7f1070 com.android.gallery3d/com.android.gallery3d.app.GalleryActivity (server),reason=Window became focusable. Previous reason: NOT_VISIBLE]
02-17 10:40:28.935 I/auditd ( 0): type=1400 audit(0.0:26512): avc: denied { kill } for comm="swapper/1" capability=5 scontext=u:r:kernel:s0 tcontext=u:r:kernel:s0 tclass=capability permissive=0
02-17 10:40:29.049 I/wm_stop_activity( 1524): [0,128678138,com.android.launcher3/.uioverrides.QuickstepLauncher]
02-17 10:40:29.068 I/wm_on_stop_called( 2568): [128678138,com.android.launcher3.uioverrides.QuickstepLauncher,STOP_ACTIVITY_ITEM]
02-17 10:40:29.805 I/input_interaction( 1524): Interaction with: a7f1070 com.android.gallery3d/com.android.gallery3d.app.GalleryActivity (server), edge-swipe (server), swipe-up (server), PointerEventDispatcher0 (server),
02-17 10:40:29.935 I/auditd ( 0): type=1400 audit(0.0:26513): avc: denied { kill } for comm="swapper/1" capability=5 scontext=u:r:kernel:s0 tcontext=u:r:kernel:s0 tclass=capability permissive=0
02-17 10:40:30.935 I/auditd ( 0): type=1400 audit(0.0:26514): avc: denied { kill } for comm="swapper/1" capability=5 scontext=u:r:kernel:s0 tcontext=u:r:kernel:s0 tclass=capability permissive=0
02-17 10:40:31.939 I/auditd ( 0): type=1400 audit(0.0:26515): avc: denied { kill } for comm="swapper/1" capability=5 scontext=u:r:kernel:s0 tcontext=u:r:kernel:s0 tclass=capability permissive=0
02-17 10:40:32.935 I/auditd ( 0): type=1400 audit(0.0:26516): avc: denied { kill } for comm="swapper/1" capability=5 scontext=u:r:kernel:s0 tcontext=u:r:kernel:s0 tclass=capability permissive=0
02-17 10:40:33.133 I/wm_task_moved( 1524): [161,1,7]
02-17 10:40:33.133 I/wm_set_resumed_activity( 1524): [0,com.android.gallery3d/.app.GalleryActivity,positionChildAt]
02-17 10:40:33.133 I/wm_create_activity( 1524): [0,25742069,161,com.android.gallery3d/.app.MovieActivity,android.intent.action.VIEW,video/*,content://media/external/video/media/21,0]
02-17 10:40:33.134 I/wm_pause_activity( 1524): [0,232585020,com.android.gallery3d/.app.GalleryActivity,userLeaving=true,resumeTopActivityInnerLocked]
02-17 10:40:33.135 I/wm_on_top_resumed_lost_called(23631): [232585020,com.android.gallery3d.app.GalleryActivity,topStateChangedWhenResumed]
02-17 10:40:33.140 I/wm_on_paused_called(23631): [232585020,com.android.gallery3d.app.GalleryActivity,performPause]
02-17 10:40:33.141 I/wm_add_to_stopping( 1524): [0,232585020,com.android.gallery3d/.app.GalleryActivity,makeInvisible]
02-17 10:40:33.141 I/wm_restart_activity( 1524): [0,25742069,161,com.android.gallery3d/.app.MovieActivity]
02-17 10:40:33.142 I/wm_set_resumed_activity( 1524): [0,com.android.gallery3d/.app.MovieActivity,minimalResumeActivityLocked]
02-17 10:40:33.144 I/sysui_multi_action( 1524): [757,803,799,window_time_0,802,4]
02-17 10:40:33.154 I/wm_on_create_called(23631): [25742069,com.android.gallery3d.app.MovieActivity,performCreate]
02-17 10:40:33.156 I/wm_on_start_called(23631): [25742069,com.android.gallery3d.app.MovieActivity,handleStartActivity]
02-17 10:40:33.156 I/wm_on_resume_called(23631): [25742069,com.android.gallery3d.app.MovieActivity,RESUME_ACTIVITY]
02-17 10:40:33.159 I/input_focus( 1524): [Focus leaving a7f1070 com.android.gallery3d/com.android.gallery3d.app.GalleryActivity (server),reason=NO_WINDOW]
02-17 10:40:33.159 I/wm_on_top_resumed_gained_called(23631): [25742069,com.android.gallery3d.app.MovieActivity,topStateChangedWhenResumed]
02-17 10:40:33.163 I/input_focus( 1524): [Focus request 6b1c7d7 com.android.gallery3d/com.android.gallery3d.app.MovieActivity,reason=UpdateInputWindows]
02-17 10:40:33.194 I/wm_activity_launch_time( 1524): [0,25742069,com.android.gallery3d/.app.MovieActivity,65]
02-17 10:40:33.210 I/input_focus( 1524): [Focus entering 6b1c7d7 com.android.gallery3d/com.android.gallery3d.app.MovieActivity (server),reason=Window became focusable. Previous reason: NOT_VISIBLE]
02-17 10:40:33.601 I/wm_stop_activity( 1524): [0,232585020,com.android.gallery3d/.app.GalleryActivity]
02-17 10:40:33.603 I/wm_on_stop_called(23631): [232585020,com.android.gallery3d.app.GalleryActivity,STOP_ACTIVITY_ITEM]
02-17 10:40:33.935 I/auditd ( 0): type=1400 audit(0.0:26517): avc: denied { kill } for comm="swapper/1" capability=5 scontext=u:r:kernel:s0 tcontext=u:r:kernel:s0 tclass=capability permissive=0
02-17 10:40:34.935 I/auditd ( 0): type=1400 audit(0.0:26518): avc: denied { kill } for comm="swapper/1" capability=5 scontext=u:r:kernel:s0 tcontext=u:r:kernel:s0 tclass=capability permissive=0
02-17 10:40:35.935 I/auditd ( 0): type=1400 audit(0.0:26519): avc: denied { kill } for comm="swapper/1" capability=5 scontext=u:r:kernel:s0 tcontext=u:r:kernel:s0 tclass=capability permissive=0
02-17 10:40:36.371 I/input_interaction( 1524): Interaction with: 6b1c7d7 com.android.gallery3d/com.android.gallery3d.app.MovieActivity (server), edge-swipe (server), swipe-up (server), PointerEventDispatcher0 (server),
02-17 10:40:36.939 I/auditd ( 0): type=1400 audit(0.0:26520): avc: denied { kill } for comm="swapper/1" capability=5 scontext=u:r:kernel:s0 tcontext=u:r:kernel:s0 tclass=capability permissive=0
02-17 10:40:37.875 I/wm_task_moved( 1524): [1,0,0]
02-17 10:40:37.875 I/wm_task_moved( 1524): [1,0,6]
02-17 10:40:37.886 I/wm_on_restart_called( 2568): [128678138,com.android.launcher3.uioverrides.QuickstepLauncher,performRestartActivity]
02-17 10:40:37.887 I/view_enqueue_input_event(23631): [Motion - Cancel,com.android.gallery3d/com.android.gallery3d.app.MovieActivity]
02-17 10:40:37.892 I/input_interaction( 1524): Interaction with: edge-swipe (server), swipe-up (server), PointerEventDispatcher0 (server),
02-17 10:40:37.899 I/wm_on_start_called( 2568): [128678138,com.android.launcher3.uioverrides.QuickstepLauncher,handleStartActivity]
02-17 10:40:37.900 I/input_focus( 1524): [Focus request recents_animation_input_consumer,reason=UpdateInputWindows]
02-17 10:40:37.915 I/sysui_latency( 2568): [1,62]
02-17 10:40:37.922 I/input_focus( 1524): [Focus leaving 6b1c7d7 com.android.gallery3d/com.android.gallery3d.app.MovieActivity (server),reason=NOT_FOCUSABLE]
02-17 10:40:37.922 I/input_focus( 1524): [Focus entering recents_animation_input_consumer (server),reason=setFocusedWindow]
02-17 10:40:37.929 I/sysui_multi_action( 1524): [319,7,322,49,325,24675,757,761,758,9,759,5,806,com.android.launcher3,871,com.android.launcher3.uioverrides.QuickstepLauncher,904,com.android.launcher3,905,0,1320,8,1321,5]
02-17 10:40:38.104 I/commit_sys_config_file( 1524): [settings-1-0,7]
02-17 10:40:38.226 I/sysui_latency( 1524): [8,64]
02-17 10:40:38.773 I/wm_task_moved( 1524): [1,1,7]
02-17 10:40:38.774 I/wm_focused_root_task( 1524): [0,0,1,161,RecentsAnimation.onAnimationFinished()]
02-17 10:40:38.774 I/wm_on_top_resumed_lost_called(23631): [25742069,com.android.gallery3d.app.MovieActivity,topStateChangedWhenResumed]
02-17 10:40:38.775 I/service_manager_stats( 1524): [100,78,41395]
02-17 10:40:38.777 I/wm_pause_activity( 1524): [0,25742069,com.android.gallery3d/.app.MovieActivity,userLeaving=false,pauseBackTasks]
02-17 10:40:38.778 I/wm_set_resumed_activity( 1524): [0,com.android.launcher3/.uioverrides.QuickstepLauncher,resumeTopActivityInnerLocked]
02-17 10:40:38.780 I/wm_resume_activity( 1524): [0,128678138,9,com.android.launcher3/.uioverrides.QuickstepLauncher]
02-17 10:40:38.781 I/wm_add_to_stopping( 1524): [0,25742069,com.android.gallery3d/.app.MovieActivity,makeInvisible]
02-17 10:40:38.786 I/wm_on_resume_called( 2568): [128678138,com.android.launcher3.uioverrides.QuickstepLauncher,RESUME_ACTIVITY]
02-17 10:40:38.801 I/wm_stop_activity( 1524): [0,25742069,com.android.gallery3d/.app.MovieActivity]
02-17 10:40:38.802 I/input_focus( 1524): [Focus request 321be4b com.android.launcher3/com.android.launcher3.uioverrides.QuickstepLauncher,reason=UpdateInputWindows]
02-17 10:40:38.802 I/sysui_multi_action( 1524): [757,803,799,window_time_0,802,6]
02-17 10:40:38.806 I/sysui_multi_action( 1524): [757,803,799,window_time_0,802,0]
02-17 10:40:38.809 I/input_focus( 1524): [Focus leaving recents_animation_input_consumer (server),reason=NOT_VISIBLE]
02-17 10:40:38.809 I/input_focus( 1524): [Focus entering 321be4b com.android.launcher3/com.android.launcher3.uioverrides.QuickstepLauncher (server),reason=setFocusedWindow]
02-17 10:40:38.840 I/wm_on_paused_called(23631): [25742069,com.android.gallery3d.app.MovieActivity,performPause]
02-17 10:40:38.845 I/wm_on_top_resumed_gained_called( 2568): [128678138,com.android.launcher3.uioverrides.QuickstepLauncher,topStateChangedWhenResumed]
02-17 10:40:38.853 I/wm_on_stop_called(23631): [25742069,com.android.gallery3d.app.MovieActivity,STOP_ACTIVITY_ITEM]
02-17 10:40:38.935 I/auditd ( 0): type=1400 audit(0.0:26521): avc: denied { kill } for comm="swapper/2" capability=5 scontext=u:r:kernel:s0 tcontext=u:r:kernel:s0 tclass=capability permissive=0
02-17 10:40:39.044 I/commit_sys_config_file( 1524): [settings-1-0,8]
02-17 10:40:39.916 I/input_interaction( 1524): Interaction with: 321be4b com.android.launcher3/com.android.launcher3.uioverrides.QuickstepLauncher (server), acb9a4a com.android.systemui.ImageWallpaper (server), edge-swipe (server), swipe-up (server), PointerEventDispatcher0 (server),
02-17 10:40:39.935 I/auditd ( 13): type=1400 audit(0.0:26522): avc: denied { kill } for comm="rcuop/0" capability=5 scontext=u:r:kernel:s0 tcontext=u:r:kernel:s0 tclass=capability permissive=0
02-17 10:40:40.012 I/wm_task_moved( 1524): [1,1,7]
02-17 10:40:40.013 I/wm_set_resumed_activity( 1524): [0,com.android.launcher3/.uioverrides.QuickstepLauncher,positionChildAt]
02-17 10:40:40.013 I/wm_task_moved( 1524): [161,1,7]
02-17 10:40:40.014 I/wm_focused_root_task( 1524): [0,0,161,1,moveTaskToFront findTaskToMoveToFront]
02-17 10:40:40.014 I/wm_set_resumed_activity( 1524): [0,com.android.gallery3d/.app.MovieActivity,moveTaskToFront findTaskToMoveToFront]
02-17 10:40:40.016 I/wm_pause_activity( 1524): [0,128678138,com.android.launcher3/.uioverrides.QuickstepLauncher,userLeaving=true,pauseBackTasks]
02-17 10:40:40.022 I/wm_on_top_resumed_lost_called( 2568): [128678138,com.android.launcher3.uioverrides.QuickstepLauncher,topStateChangedWhenResumed]
02-17 10:40:40.024 I/wm_on_paused_called( 2568): [128678138,com.android.launcher3.uioverrides.QuickstepLauncher,performPause]
02-17 10:40:40.034 I/wm_set_resumed_activity( 1524): [0,com.android.gallery3d/.app.MovieActivity,resumeTopActivityInnerLocked]
02-17 10:40:40.035 I/wm_add_to_stopping( 1524): [0,128678138,com.android.launcher3/.uioverrides.QuickstepLauncher,makeInvisible]
02-17 10:40:40.036 I/wm_resume_activity( 1524): [0,25742069,161,com.android.gallery3d/.app.MovieActivity]
02-17 10:40:40.048 I/sysui_multi_action( 1524): [757,803,799,window_time_0,802,1]
02-17 10:40:40.057 I/input_focus( 1524): [Focus request ac6e8f com.android.gallery3d/com.android.gallery3d.app.MovieActivity,reason=UpdateInputWindows]
02-17 10:40:40.064 I/wm_on_restart_called(23631): [25742069,com.android.gallery3d.app.MovieActivity,performRestartActivity]
02-17 10:40:40.066 I/input_focus( 1524): [Focus leaving 321be4b com.android.launcher3/com.android.launcher3.uioverrides.QuickstepLauncher (server),reason=NO_WINDOW]
02-17 10:40:40.264 I/wm_on_start_called(23631): [25742069,com.android.gallery3d.app.MovieActivity,handleStartActivity]
02-17 10:40:40.264 I/wm_on_resume_called(23631): [25742069,com.android.gallery3d.app.MovieActivity,RESUME_ACTIVITY]
02-17 10:40:40.264 I/wm_on_top_resumed_gained_called(23631): [25742069,com.android.gallery3d.app.MovieActivity,topWhenResuming]
02-17 10:40:40.939 I/sysui_multi_action( 1524): [319,29,321,23,322,920,325,24677,757,761,758,9,759,4,806,com.android.gallery3d,871,com.android.gallery3d.app.MovieActivity,904,com.android.gallery3d,905,0,1320,4,1321,1]
02-17 10:40:40.944 I/wm_stop_activity( 1524): [0,128678138,com.android.launcher3/.uioverrides.QuickstepLauncher]
02-17 10:40:40.949 I/input_focus( 1524): [Focus entering ac6e8f com.android.gallery3d/com.android.gallery3d.app.MovieActivity (server),reason=Window became focusable. Previous reason: NOT_VISIBLE]
02-17 10:40:40.952 I/wm_on_stop_called( 2568): [128678138,com.android.launcher3.uioverrides.QuickstepLauncher,STOP_ACTIVITY_ITEM]
02-17 10:40:41.939 I/auditd ( 0): type=1400 audit(0.0:26523): avc: denied { kill } for comm="swapper/0" capability=5 scontext=u:r:kernel:s0 tcontext=u:r:kernel:s0 tclass=capability permissive=0
02-17 10:40:42.939 I/auditd ( 0): type=1400 audit(0.0:26524): avc: denied { kill } for comm="swapper/0" capability=5 scontext=u:r:kernel:s0 tcontext=u:r:kernel:s0 tclass=capability permissive=0
02-17 10:40:43.579 I/input_interaction( 1524): Interaction with: ac6e8f com.android.gallery3d/com.android.gallery3d.app.MovieActivity (server), edge-swipe (server), swipe-up (server), PointerEventDispatcher0 (server),
02-17 10:40:43.592 I/wm_task_moved( 1524): [1,0,0]
02-17 10:40:43.593 I/wm_task_moved( 1524): [1,0,6]
02-17 10:40:43.621 I/wm_on_restart_called( 2568): [128678138,com.android.launcher3.uioverrides.QuickstepLauncher,performRestartActivity]
02-17 10:40:43.638 I/wm_on_start_called( 2568): [128678138,com.android.launcher3.uioverrides.QuickstepLauncher,handleStartActivity]
02-17 10:40:43.659 I/view_enqueue_input_event(23631): [Motion - Cancel,com.android.gallery3d/com.android.gallery3d.app.MovieActivity]
02-17 10:40:43.660 I/sysui_latency( 2568): [1,69]
02-17 10:40:43.662 I/input_focus( 1524): [Focus request recents_animation_input_consumer,reason=UpdateInputWindows]
02-17 10:40:43.664 I/sysui_multi_action( 1524): [319,8,322,63,325,24681,757,761,758,9,759,5,806,com.android.launcher3,871,com.android.launcher3.uioverrides.QuickstepLauncher,904,com.android.launcher3,905,0,1320,8,1321,5]
02-17 10:40:43.671 I/input_interaction( 1524): Interaction with: edge-swipe (server), swipe-up (server), PointerEventDispatcher0 (server),
02-17 10:40:43.688 I/input_focus( 1524): [Focus leaving ac6e8f com.android.gallery3d/com.android.gallery3d.app.MovieActivity (server),reason=NOT_FOCUSABLE]
02-17 10:40:43.688 I/input_focus( 1524): [Focus entering recents_animation_input_consumer (server),reason=setFocusedWindow]
02-17 10:40:43.842 I/commit_sys_config_file( 1524): [settings-1-0,5]
02-17 10:40:43.959 I/sysui_latency( 1524): [8,72]
02-17 10:40:44.432 I/wm_task_moved( 1524): [1,1,7]
02-17 10:40:44.433 I/wm_focused_root_task( 1524): [0,0,1,161,RecentsAnimation.onAnimationFinished()]
02-17 10:40:44.433 I/wm_on_top_resumed_lost_called(23631): [25742069,com.android.gallery3d.app.MovieActivity,topStateChangedWhenResumed]
02-17 10:40:44.439 I/wm_pause_activity( 1524): [0,25742069,com.android.gallery3d/.app.MovieActivity,userLeaving=false,pauseBackTasks]
02-17 10:40:44.441 I/wm_set_resumed_activity( 1524): [0,com.android.launcher3/.uioverrides.QuickstepLauncher,resumeTopActivityInnerLocked]
02-17 10:40:44.442 I/wm_resume_activity( 1524): [0,128678138,9,com.android.launcher3/.uioverrides.QuickstepLauncher]
02-17 10:40:44.444 I/wm_add_to_stopping( 1524): [0,25742069,com.android.gallery3d/.app.MovieActivity,makeInvisible]
02-17 10:40:44.446 I/wm_on_resume_called( 2568): [128678138,com.android.launcher3.uioverrides.QuickstepLauncher,RESUME_ACTIVITY]
02-17 10:40:44.458 I/input_focus( 1524): [Focus request 321be4b com.android.launcher3/com.android.launcher3.uioverrides.QuickstepLauncher,reason=UpdateInputWindows]
02-17 10:40:44.459 I/sysui_multi_action( 1524): [757,803,799,window_time_0,802,5]
02-17 10:40:44.465 I/wm_on_paused_called(23631): [25742069,com.android.gallery3d.app.MovieActivity,performPause]
02-17 10:40:44.470 I/wm_stop_activity( 1524): [0,25742069,com.android.gallery3d/.app.MovieActivity]
02-17 10:40:44.473 I/input_focus( 1524): [Focus leaving recents_animation_input_consumer (server),reason=NOT_VISIBLE]
02-17 10:40:44.473 I/sysui_multi_action( 1524): [757,803,799,window_time_0,802,0]
02-17 10:40:44.473 I/input_focus( 1524): [Focus entering 321be4b com.android.launcher3/com.android.launcher3.uioverrides.QuickstepLauncher (server),reason=setFocusedWindow]
02-17 10:40:44.493 I/wm_on_top_resumed_gained_called( 2568): [128678138,com.android.launcher3.uioverrides.QuickstepLauncher,topStateChangedWhenResumed]
02-17 10:40:44.499 I/wm_on_stop_called(23631): [25742069,com.android.gallery3d.app.MovieActivity,STOP_ACTIVITY_ITEM]
02-17 10:40:44.689 I/commit_sys_config_file( 1524): [settings-1-0,5]
02-17 10:40:44.935 I/auditd ( 0): type=1400 audit(0.0:26525): avc: denied { kill } for comm="swapper/2" capability=5 scontext=u:r:kernel:s0 tcontext=u:r:kernel:s0 tclass=capability permissive=0
02-17 10:40:44.995 I/input_interaction( 1524): Interaction with: 321be4b com.android.launcher3/com.android.launcher3.uioverrides.QuickstepLauncher (server), acb9a4a com.android.systemui.ImageWallpaper (server), edge-swipe (server), swipe-up (server), PointerEventDispatcher0 (server),
02-17 10:40:45.107 I/wm_task_moved( 1524): [1,1,7]
02-17 10:40:45.107 I/wm_set_resumed_activity( 1524): [0,com.android.launcher3/.uioverrides.QuickstepLauncher,positionChildAt]
02-17 10:40:45.108 I/wm_task_moved( 1524): [161,1,7]
02-17 10:40:45.108 I/wm_focused_root_task( 1524): [0,0,161,1,moveTaskToFront findTaskToMoveToFront]
02-17 10:40:45.109 I/wm_set_resumed_activity( 1524): [0,com.android.gallery3d/.app.MovieActivity,moveTaskToFront findTaskToMoveToFront]
02-17 10:40:45.111 I/wm_pause_activity( 1524): [0,128678138,com.android.launcher3/.uioverrides.QuickstepLauncher,userLeaving=true,pauseBackTasks]
02-17 10:40:45.116 I/wm_on_top_resumed_lost_called( 2568): [128678138,com.android.launcher3.uioverrides.QuickstepLauncher,topStateChangedWhenResumed]
02-17 10:40:45.118 I/wm_on_paused_called( 2568): [128678138,com.android.launcher3.uioverrides.QuickstepLauncher,performPause]
02-17 10:40:45.126 I/wm_set_resumed_activity( 1524): [0,com.android.gallery3d/.app.MovieActivity,resumeTopActivityInnerLocked]
02-17 10:40:45.126 I/wm_add_to_stopping( 1524): [0,128678138,com.android.launcher3/.uioverrides.QuickstepLauncher,makeInvisible]
02-17 10:40:45.128 I/wm_resume_activity( 1524): [0,25742069,161,com.android.gallery3d/.app.MovieActivity]
02-17 10:40:45.134 I/sysui_multi_action( 1524): [757,803,799,window_time_0,802,0]
02-17 10:40:45.148 I/input_focus( 1524): [Focus request 68cbe53 com.android.gallery3d/com.android.gallery3d.app.MovieActivity,reason=UpdateInputWindows]
02-17 10:40:45.151 I/wm_on_restart_called(23631): [25742069,com.android.gallery3d.app.MovieActivity,performRestartActivity]
02-17 10:40:45.152 I/wm_on_start_called(23631): [25742069,com.android.gallery3d.app.MovieActivity,handleStartActivity]
02-17 10:40:45.152 I/wm_on_resume_called(23631): [25742069,com.android.gallery3d.app.MovieActivity,RESUME_ACTIVITY]
02-17 10:40:45.152 I/wm_on_top_resumed_gained_called(23631): [25742069,com.android.gallery3d.app.MovieActivity,topWhenResuming]
02-17 10:40:45.156 I/input_focus( 1524): [Focus leaving 321be4b com.android.launcher3/com.android.launcher3.uioverrides.QuickstepLauncher (server),reason=NO_WINDOW]
02-17 10:40:45.192 I/sysui_multi_action( 1524): [319,32,321,29,322,79,325,24682,757,761,758,9,759,4,806,com.android.gallery3d,871,com.android.gallery3d.app.MovieActivity,904,com.android.gallery3d,905,0,1320,4,1321,1]
02-17 10:40:45.197 I/input_focus( 1524): [Focus request ac6e8f com.android.gallery3d/com.android.gallery3d.app.MovieActivity,reason=UpdateInputWindows]
02-17 10:40:45.207 I/input_focus( 1524): [Focus entering 68cbe53 com.android.gallery3d/com.android.gallery3d.app.MovieActivity (server),reason=Window became focusable. Previous reason: NOT_VISIBLE]
02-17 10:40:45.207 I/input_focus( 1524): [Focus leaving 68cbe53 com.android.gallery3d/com.android.gallery3d.app.MovieActivity (server),reason=Waiting for window because NOT_VISIBLE]
02-17 10:40:45.224 I/input_focus( 1524): [Focus entering ac6e8f com.android.gallery3d/com.android.gallery3d.app.MovieActivity (server),reason=Window became focusable. Previous reason: NOT_VISIBLE]
02-17 10:40:45.489 I/wm_stop_activity( 1524): [0,128678138,com.android.launcher3/.uioverrides.QuickstepLauncher]
02-17 10:40:45.522 I/wm_on_stop_called( 2568): [128678138,com.android.launcher3.uioverrides.QuickstepLauncher,STOP_ACTIVITY_ITEM]
02-17 10:40:45.935 I/auditd ( 0): type=1400 audit(0.0:26526): avc: denied { kill } for comm="swapper/2" capability=5 scontext=u:r:kernel:s0 tcontext=u:r:kernel:s0 tclass=capability permissive=0
02-17 10:40:45.946 I/input_interaction( 1524): Interaction with: ac6e8f com.android.gallery3d/com.android.gallery3d.app.MovieActivity (server), edge-swipe (server), swipe-up (server), PointerEventDispatcher0 (server),
02-17 10:40:45.957 I/wm_task_moved( 1524): [1,0,0]
02-17 10:40:45.958 I/wm_task_moved( 1524): [1,0,6]
02-17 10:40:45.976 I/wm_on_restart_called( 2568): [128678138,com.android.launcher3.uioverrides.QuickstepLauncher,performRestartActivity]
02-17 10:40:45.997 I/wm_on_start_called( 2568): [128678138,com.android.launcher3.uioverrides.QuickstepLauncher,handleStartActivity]
02-17 10:40:46.022 I/sysui_multi_action( 1524): [319,8,322,58,325,24683,757,761,758,9,759,5,806,com.android.launcher3,871,com.android.launcher3.uioverrides.QuickstepLauncher,904,com.android.launcher3,905,0,1320,8,1321,5]
02-17 10:40:46.027 I/view_enqueue_input_event(23631): [Motion - Cancel,com.android.gallery3d/com.android.gallery3d.app.MovieActivity]
02-17 10:40:46.029 I/sysui_latency( 2568): [1,64]
02-17 10:40:46.030 I/input_focus( 1524): [Focus request recents_animation_input_consumer,reason=UpdateInputWindows]
02-17 10:40:46.040 I/input_interaction( 1524): Interaction with: edge-swipe (server), swipe-up (server), PointerEventDispatcher0 (server),
02-17 10:40:46.045 I/input_focus( 1524): [Focus leaving ac6e8f com.android.gallery3d/com.android.gallery3d.app.MovieActivity (server),reason=NOT_FOCUSABLE]
02-17 10:40:46.045 I/input_focus( 1524): [Focus entering recents_animation_input_consumer (server),reason=setFocusedWindow]
02-17 10:40:46.198 I/commit_sys_config_file( 1524): [settings-1-0,3]
02-17 10:40:46.317 I/sysui_latency( 1524): [8,67]
02-17 10:40:46.823 I/wm_task_moved( 1524): [1,1,7]
02-17 10:40:46.825 I/wm_focused_root_task( 1524): [0,0,1,161,RecentsAnimation.onAnimationFinished()]
02-17 10:40:46.825 I/wm_on_top_resumed_lost_called(23631): [25742069,com.android.gallery3d.app.MovieActivity,topStateChangedWhenResumed]
02-17 10:40:46.826 I/wm_pause_activity( 1524): [0,25742069,com.android.gallery3d/.app.MovieActivity,userLeaving=false,pauseBackTasks]
02-17 10:40:46.828 I/wm_set_resumed_activity( 1524): [0,com.android.launcher3/.uioverrides.QuickstepLauncher,resumeTopActivityInnerLocked]
02-17 10:40:46.830 I/wm_resume_activity( 1524): [0,128678138,9,com.android.launcher3/.uioverrides.QuickstepLauncher]
02-17 10:40:46.831 I/wm_on_resume_called( 2568): [128678138,com.android.launcher3.uioverrides.QuickstepLauncher,RESUME_ACTIVITY]
02-17 10:40:46.832 I/wm_add_to_stopping( 1524): [0,25742069,com.android.gallery3d/.app.MovieActivity,makeInvisible]
02-17 10:40:46.843 I/input_focus( 1524): [Focus request 321be4b com.android.launcher3/com.android.launcher3.uioverrides.QuickstepLauncher,reason=UpdateInputWindows]
02-17 10:40:46.850 I/wm_stop_activity( 1524): [0,25742069,com.android.gallery3d/.app.MovieActivity]
02-17 10:40:46.853 I/wm_on_paused_called(23631): [25742069,com.android.gallery3d.app.MovieActivity,performPause]
02-17 10:40:46.855 I/sysui_multi_action( 1524): [757,803,799,window_time_0,802,2]
02-17 10:40:46.858 I/sysui_multi_action( 1524): [757,803,799,window_time_0,802,0]
02-17 10:40:46.861 I/input_focus( 1524): [Focus leaving recents_animation_input_consumer (server),reason=NOT_VISIBLE]
02-17 10:40:46.861 I/input_focus( 1524): [Focus entering 321be4b com.android.launcher3/com.android.launcher3.uioverrides.QuickstepLauncher (server),reason=setFocusedWindow]
02-17 10:40:46.861 I/wm_on_stop_called(23631): [25742069,com.android.gallery3d.app.MovieActivity,STOP_ACTIVITY_ITEM]
02-17 10:40:46.884 I/wm_on_top_resumed_gained_called( 2568): [128678138,com.android.launcher3.uioverrides.QuickstepLauncher,topStateChangedWhenResumed]
02-17 10:40:46.935 I/auditd ( 0): type=1400 audit(0.0:26527): avc: denied { kill } for comm="swapper/2" capability=5 scontext=u:r:kernel:s0 tcontext=u:r:kernel:s0 tclass=capability permissive=0
02-17 10:40:47.080 I/commit_sys_config_file( 1524): [settings-1-0,5]
02-17 10:40:47.622 I/input_interaction( 1524): Interaction with: 321be4b com.android.launcher3/com.android.launcher3.uioverrides.QuickstepLauncher (server), acb9a4a com.android.systemui.ImageWallpaper (server), edge-swipe (server), swipe-up (server), PointerEventDispatcher0 (server),
02-17 10:40:47.731 I/wm_task_moved( 1524): [1,1,7]
02-17 10:40:47.732 I/wm_set_resumed_activity( 1524): [0,com.android.launcher3/.uioverrides.QuickstepLauncher,positionChildAt]
02-17 10:40:47.732 I/wm_task_moved( 1524): [161,1,7]
02-17 10:40:47.733 I/wm_focused_root_task( 1524): [0,0,161,1,moveTaskToFront findTaskToMoveToFront]
02-17 10:40:47.734 I/wm_set_resumed_activity( 1524): [0,com.android.gallery3d/.app.MovieActivity,moveTaskToFront findTaskToMoveToFront]
02-17 10:40:47.735 I/wm_pause_activity( 1524): [0,128678138,com.android.launcher3/.uioverrides.QuickstepLauncher,userLeaving=true,pauseBackTasks]
02-17 10:40:47.741 I/wm_on_top_resumed_lost_called( 2568): [128678138,com.android.launcher3.uioverrides.QuickstepLauncher,topStateChangedWhenResumed]
02-17 10:40:47.748 I/wm_on_paused_called( 2568): [128678138,com.android.launcher3.uioverrides.QuickstepLauncher,performPause]
02-17 10:40:47.752 I/wm_set_resumed_activity( 1524): [0,com.android.gallery3d/.app.MovieActivity,resumeTopActivityInnerLocked]
02-17 10:40:47.752 I/wm_add_to_stopping( 1524): [0,128678138,com.android.launcher3/.uioverrides.QuickstepLauncher,makeInvisible]
02-17 10:40:47.754 I/wm_resume_activity( 1524): [0,25742069,161,com.android.gallery3d/.app.MovieActivity]
02-17 10:40:47.758 I/sysui_multi_action( 1524): [757,803,799,window_time_0,802,1]
02-17 10:40:47.765 I/input_focus( 1524): [Focus leaving 321be4b com.android.launcher3/com.android.launcher3.uioverrides.QuickstepLauncher (server),reason=NO_WINDOW]
02-17 10:40:47.773 I/input_focus( 1524): [Focus request ac6e8f com.android.gallery3d/com.android.gallery3d.app.MovieActivity,reason=UpdateInputWindows]
02-17 10:40:47.775 I/wm_on_restart_called(23631): [25742069,com.android.gallery3d.app.MovieActivity,performRestartActivity]
02-17 10:40:47.776 I/wm_on_start_called(23631): [25742069,com.android.gallery3d.app.MovieActivity,handleStartActivity]
02-17 10:40:47.776 I/wm_on_resume_called(23631): [25742069,com.android.gallery3d.app.MovieActivity,RESUME_ACTIVITY]
02-17 10:40:47.776 I/wm_on_top_resumed_gained_called(23631): [25742069,com.android.gallery3d.app.MovieActivity,topWhenResuming]
02-17 10:40:47.835 I/sysui_multi_action( 1524): [319,33,321,27,322,100,325,24685,757,761,758,9,759,4,806,com.android.gallery3d,871,com.android.gallery3d.app.MovieActivity,904,com.android.gallery3d,905,0,1320,4,1321,1]
02-17 10:40:47.846 I/input_focus( 1524): [Focus entering ac6e8f com.android.gallery3d/com.android.gallery3d.app.MovieActivity (server),reason=Window became focusable. Previous reason: NOT_VISIBLE]
02-17 10:40:47.935 I/auditd ( 0): type=1400 audit(0.0:26528): avc: denied { kill } for comm="swapper/2" capability=5 scontext=u:r:kernel:s0 tcontext=u:r:kernel:s0 tclass=capability permissive=0
02-17 10:40:48.131 I/wm_stop_activity( 1524): [0,128678138,com.android.launcher3/.uioverrides.QuickstepLauncher]
02-17 10:40:48.159 I/wm_on_stop_called( 2568): [128678138,com.android.launcher3.uioverrides.QuickstepLauncher,STOP_ACTIVITY_ITEM]
02-17 10:40:48.467 I/input_interaction( 1524): Interaction with: ac6e8f com.android.gallery3d/com.android.gallery3d.app.MovieActivity (server), edge-swipe (server), swipe-up (server), PointerEventDispatcher0 (server),
02-17 10:40:48.481 I/wm_task_moved( 1524): [1,0,0]
02-17 10:40:48.482 I/wm_task_moved( 1524): [1,0,6]
02-17 10:40:48.490 I/wm_on_restart_called( 2568): [128678138,com.android.launcher3.uioverrides.QuickstepLauncher,performRestartActivity]
02-17 10:40:48.504 I/wm_on_start_called( 2568): [128678138,com.android.launcher3.uioverrides.QuickstepLauncher,handleStartActivity]
02-17 10:40:48.525 I/sysui_multi_action( 1524): [319,8,322,37,325,24686,757,761,758,9,759,5,806,com.android.launcher3,871,com.android.launcher3.uioverrides.QuickstepLauncher,904,com.android.launcher3,905,0,1320,8,1321,5]
02-17 10:40:48.531 I/view_enqueue_input_event(23631): [Motion - Cancel,com.android.gallery3d/com.android.gallery3d.app.MovieActivity]
02-17 10:40:48.532 I/sysui_latency( 2568): [1,48]
02-17 10:40:48.533 I/input_focus( 1524): [Focus request recents_animation_input_consumer,reason=UpdateInputWindows]
02-17 10:40:48.544 I/input_interaction( 1524): Interaction with: edge-swipe (server), swipe-up (server), PointerEventDispatcher0 (server),
02-17 10:40:48.563 I/input_focus( 1524): [Focus leaving ac6e8f com.android.gallery3d/com.android.gallery3d.app.MovieActivity (server),reason=NOT_FOCUSABLE]
02-17 10:40:48.563 I/input_focus( 1524): [Focus entering recents_animation_input_consumer (server),reason=setFocusedWindow]
02-17 10:40:48.706 I/commit_sys_config_file( 1524): [settings-1-0,4]
02-17 10:40:48.821 I/sysui_latency( 1524): [8,48]
