02-17 10:27:23.994 I/am_wtf ( 1524): [0,1524,system_server,-1,DisplayDeviceConfig,requesting nits when no mapping exists.]
02-17 10:27:24.010 I/am_wtf ( 1524): [0,1524,system_server,-1,DisplayDeviceConfig,requesting nits when no mapping exists.]
02-17 10:27:24.010 I/am_wtf ( 1524): [0,1524,system_server,-1,DisplayDeviceConfig,requesting nits when no mapping exists.]
02-17 10:27:24.027 I/am_wtf ( 1524): [0,1524,system_server,-1,DisplayDeviceConfig,requesting nits when no mapping exists.]
02-17 10:27:24.027 I/am_wtf ( 1524): [0,1524,system_server,-1,DisplayDeviceConfig,requesting nits when no mapping exists.]
02-17 10:27:24.043 I/am_wtf ( 1524): [0,1524,system_server,-1,DisplayDeviceConfig,requesting nits when no mapping exists.]
02-17 10:27:24.044 I/am_wtf ( 1524): [0,1524,system_server,-1,DisplayDeviceConfig,requesting nits when no mapping exists.]
02-17 10:27:24.060 I/am_wtf ( 1524): [0,1524,system_server,-1,DisplayDeviceConfig,requesting nits when no mapping exists.]
02-17 10:27:24.061 I/am_wtf ( 1524): [0,1524,system_server,-1,DisplayDeviceConfig,requesting nits when no mapping exists.]
02-17 10:27:24.077 I/am_wtf ( 1524): [0,1524,system_server,-1,DisplayDeviceConfig,requesting nits when no mapping exists.]
02-17 10:27:24.077 I/am_wtf ( 1524): [0,1524,system_server,-1,DisplayDeviceConfig,requesting nits when no mapping exists.]
02-17 10:27:24.093 I/am_wtf ( 1524): [0,1524,system_server,-1,DisplayDeviceConfig,requesting nits when no mapping exists.]
02-17 10:27:24.094 I/am_wtf ( 1524): [0,1524,system_server,-1,DisplayDeviceConfig,requesting nits when no mapping exists.]
02-17 10:27:24.110 I/am_wtf ( 1524): [0,1524,system_server,-1,DisplayDeviceConfig,requesting nits when no mapping exists.]
02-17 10:27:24.111 I/am_wtf ( 1524): [0,1524,system_server,-1,DisplayDeviceConfig,requesting nits when no mapping exists.]
02-17 10:27:24.127 I/am_wtf ( 1524): [0,1524,system_server,-1,DisplayDeviceConfig,requesting nits when no mapping exists.]
02-17 10:27:24.127 I/am_wtf ( 1524): [0,1524,system_server,-1,DisplayDeviceConfig,requesting nits when no mapping exists.]
02-17 10:27:24.143 I/am_wtf ( 1524): [0,1524,system_server,-1,DisplayDeviceConfig,requesting nits when no mapping exists.]
02-17 10:27:24.144 I/am_wtf ( 1524): [0,1524,system_server,-1,DisplayDeviceConfig,requesting nits when no mapping exists.]
02-17 10:27:24.160 I/am_wtf ( 1524): [0,1524,system_server,-1,DisplayDeviceConfig,requesting nits when no mapping exists.]
02-17 10:27:24.161 I/am_wtf ( 1524): [0,1524,system_server,-1,DisplayDeviceConfig,requesting nits when no mapping exists.]
02-17 10:27:24.177 I/am_wtf ( 1524): [0,1524,system_server,-1,DisplayDeviceConfig,requesting nits when no mapping exists.]
02-17 10:27:24.178 I/am_wtf ( 1524): [0,1524,system_server,-1,DisplayDeviceConfig,requesting nits when no mapping exists.]
02-17 10:27:24.193 I/am_wtf ( 1524): [0,1524,system_server,-1,DisplayDeviceConfig,requesting nits when no mapping exists.]
02-17 10:27:24.194 I/am_wtf ( 1524): [0,1524,system_server,-1,DisplayDeviceConfig,requesting nits when no mapping exists.]
02-17 10:27:24.195 I/service_manager_stats( 1524): [100,52,70540]
02-17 10:27:24.211 I/am_wtf ( 1524): [0,1524,system_server,-1,DisplayDeviceConfig,requesting nits when no mapping exists.]
02-17 10:27:24.211 I/am_wtf ( 1524): [0,1524,system_server,-1,DisplayDeviceConfig,requesting nits when no mapping exists.]
02-17 10:27:24.227 I/am_wtf ( 1524): [0,1524,system_server,-1,DisplayDeviceConfig,requesting nits when no mapping exists.]
02-17 10:27:24.228 I/am_wtf ( 1524): [0,1524,system_server,-1,DisplayDeviceConfig,requesting nits when no mapping exists.]
02-17 10:27:24.244 I/am_wtf ( 1524): [0,1524,system_server,-1,DisplayDeviceConfig,requesting nits when no mapping exists.]
02-17 10:27:24.245 I/am_wtf ( 1524): [0,1524,system_server,-1,DisplayDeviceConfig,requesting nits when no mapping exists.]
02-17 10:27:24.260 I/am_wtf ( 1524): [0,1524,system_server,-1,DisplayDeviceConfig,requesting nits when no mapping exists.]
02-17 10:27:24.261 I/am_wtf ( 1524): [0,1524,system_server,-1,DisplayDeviceConfig,requesting nits when no mapping exists.]
02-17 10:27:24.277 I/am_wtf ( 1524): [0,1524,system_server,-1,DisplayDeviceConfig,requesting nits when no mapping exists.]
02-17 10:27:24.277 I/am_wtf ( 1524): [0,1524,system_server,-1,DisplayDeviceConfig,requesting nits when no mapping exists.]
02-17 10:27:24.294 I/am_wtf ( 1524): [0,1524,system_server,-1,DisplayDeviceConfig,requesting nits when no mapping exists.]
02-17 10:27:24.295 I/am_wtf ( 1524): [0,1524,system_server,-1,DisplayDeviceConfig,requesting nits when no mapping exists.]
02-17 10:27:24.310 I/am_wtf ( 1524): [0,1524,system_server,-1,DisplayDeviceConfig,requesting nits when no mapping exists.]
02-17 10:27:24.311 I/am_wtf ( 1524): [0,1524,system_server,-1,DisplayDeviceConfig,requesting nits when no mapping exists.]
02-17 10:27:24.327 I/am_wtf ( 1524): [0,1524,system_server,-1,DisplayDeviceConfig,requesting nits when no mapping exists.]
02-17 10:27:24.328 I/am_wtf ( 1524): [0,1524,system_server,-1,DisplayDeviceConfig,requesting nits when no mapping exists.]
02-17 10:27:24.344 I/am_wtf ( 1524): [0,1524,system_server,-1,DisplayDeviceConfig,requesting nits when no mapping exists.]
02-17 10:27:24.345 I/am_wtf ( 1524): [0,1524,system_server,-1,DisplayDeviceConfig,requesting nits when no mapping exists.]
02-17 10:27:24.361 I/am_wtf ( 1524): [0,1524,system_server,-1,DisplayDeviceConfig,requesting nits when no mapping exists.]
02-17 10:27:24.362 I/am_wtf ( 1524): [0,1524,system_server,-1,DisplayDeviceConfig,requesting nits when no mapping exists.]
02-17 10:27:24.377 I/am_wtf ( 1524): [0,1524,system_server,-1,DisplayDeviceConfig,requesting nits when no mapping exists.]
02-17 10:27:24.378 I/am_wtf ( 1524): [0,1524,system_server,-1,DisplayDeviceConfig,requesting nits when no mapping exists.]
02-17 10:27:24.394 I/am_wtf ( 1524): [0,1524,system_server,-1,DisplayDeviceConfig,requesting nits when no mapping exists.]
02-17 10:27:24.395 I/am_wtf ( 1524): [0,1524,system_server,-1,DisplayDeviceConfig,requesting nits when no mapping exists.]
02-17 10:27:24.411 I/am_wtf ( 1524): [0,1524,system_server,-1,DisplayDeviceConfig,requesting nits when no mapping exists.]
02-17 10:27:24.411 I/am_wtf ( 1524): [0,1524,system_server,-1,DisplayDeviceConfig,requesting nits when no mapping exists.]
02-17 10:27:24.427 I/am_wtf ( 1524): [0,1524,system_server,-1,DisplayDeviceConfig,requesting nits when no mapping exists.]
02-17 10:27:24.428 I/am_wtf ( 1524): [0,1524,system_server,-1,DisplayDeviceConfig,requesting nits when no mapping exists.]
02-17 10:27:24.444 I/am_wtf ( 1524): [0,1524,system_server,-1,DisplayDeviceConfig,requesting nits when no mapping exists.]
02-17 10:27:24.445 I/am_wtf ( 1524): [0,1524,system_server,-1,DisplayDeviceConfig,requesting nits when no mapping exists.]
02-17 10:27:24.460 I/am_wtf ( 1524): [0,1524,system_server,-1,DisplayDeviceConfig,requesting nits when no mapping exists.]
02-17 10:27:24.461 I/am_wtf ( 1524): [0,1524,system_server,-1,DisplayDeviceConfig,requesting nits when no mapping exists.]
02-17 10:27:24.477 I/am_wtf ( 1524): [0,1524,system_server,-1,DisplayDeviceConfig,requesting nits when no mapping exists.]
02-17 10:27:24.478 I/am_wtf ( 1524): [0,1524,system_server,-1,DisplayDeviceConfig,requesting nits when no mapping exists.]
02-17 10:27:24.939 I/auditd ( 0): type=1400 audit(0.0:25678): avc: denied { kill } for comm="swapper/2" capability=5 scontext=u:r:kernel:s0 tcontext=u:r:kernel:s0 tclass=capability permissive=0
02-17 10:27:25.939 I/auditd ( 0): type=1400 audit(0.0:25679): avc: denied { kill } for comm="swapper/2" capability=5 scontext=u:r:kernel:s0 tcontext=u:r:kernel:s0 tclass=capability permissive=0
02-17 10:27:26.939 I/auditd ( 0): type=1400 audit(0.0:25680): avc: denied { kill } for comm="swapper/2" capability=5 scontext=u:r:kernel:s0 tcontext=u:r:kernel:s0 tclass=capability permissive=0
02-17 10:27:27.939 I/auditd ( 0): type=1400 audit(0.0:25681): avc: denied { kill } for comm="swapper/2" capability=5 scontext=u:r:kernel:s0 tcontext=u:r:kernel:s0 tclass=capability permissive=0
02-17 10:27:28.939 I/auditd ( 0): type=1400 audit(0.0:25682): avc: denied { kill } for comm="swapper/2" capability=5 scontext=u:r:kernel:s0 tcontext=u:r:kernel:s0 tclass=capability permissive=0
02-17 10:27:29.935 I/auditd ( 0): type=1400 audit(0.0:25683): avc: denied { kill } for comm="swapper/2" capability=5 scontext=u:r:kernel:s0 tcontext=u:r:kernel:s0 tclass=capability permissive=0
02-17 10:27:30.541 I/sysui_multi_action( 1524): [757,222,758,1]
02-17 10:27:30.543 I/am_uid_active( 1524): 10040
02-17 10:27:30.552 I/am_pss ( 1524): [22820,10063,com.android.calendar,6864896,4857856,0,91156480,0,19,9]
02-17 10:27:30.555 I/wm_task_created( 1524): [150,-1]
02-17 10:27:30.559 I/wm_task_moved( 1524): [150,1,7]
02-17 10:27:30.559 I/wm_task_to_front( 1524): [0,150]
02-17 10:27:30.559 I/wm_create_task( 1524): [0,150]
02-17 10:27:30.559 I/wm_create_activity( 1524): [0,108820263,150,com.thundercomm.screensaver/android.service.dreams.DreamActivity,NULL,NULL,NULL,276824064]
02-17 10:27:30.559 I/wm_task_moved( 1524): [150,1,7]
02-17 10:27:30.559 I/wm_on_top_resumed_lost_called( 2568): [128678138,com.android.launcher3.uioverrides.QuickstepLauncher,topStateChangedWhenResumed]
02-17 10:27:30.559 I/am_pss ( 1524): [22819,10084,com.android.music,7026688,4800512,0,90472448,0,19,6]
02-17 10:27:30.560 I/wm_pause_activity( 1524): [0,128678138,com.android.launcher3/.uioverrides.QuickstepLauncher,userLeaving=true,pauseBackTasks]
02-17 10:27:30.561 I/wm_on_paused_called( 2568): [128678138,com.android.launcher3.uioverrides.QuickstepLauncher,performPause]
02-17 10:27:30.562 I/wm_add_to_stopping( 1524): [0,128678138,com.android.launcher3/.uioverrides.QuickstepLauncher,makeInvisible]
02-17 10:27:30.563 I/wm_restart_activity( 1524): [0,108820263,150,com.thundercomm.screensaver/android.service.dreams.DreamActivity]
02-17 10:27:30.563 I/wm_set_resumed_activity( 1524): [0,com.thundercomm.screensaver/android.service.dreams.DreamActivity,minimalResumeActivityLocked]
02-17 10:27:30.566 I/am_pss ( 1524): [22818,10067,com.android.deskclock,9023488,6041600,0,95305728,0,19,6]
02-17 10:27:30.566 I/wm_on_create_called(19147): [108820263,android.service.dreams.DreamActivity,performCreate]
02-17 10:27:30.567 I/wm_on_start_called(19147): [108820263,android.service.dreams.DreamActivity,handleStartActivity]
02-17 10:27:30.567 I/sysui_multi_action( 1524): [757,803,799,window_time_0,802,95]
02-17 10:27:30.568 I/wm_on_resume_called(19147): [108820263,android.service.dreams.DreamActivity,RESUME_ACTIVITY]
02-17 10:27:30.570 I/wm_on_top_resumed_gained_called(19147): [108820263,android.service.dreams.DreamActivity,topStateChangedWhenResumed]
02-17 10:27:30.572 I/am_uid_active( 1524): 10062
02-17 10:27:30.573 I/am_pss ( 1524): [20712,1000,com.qti.diagservices,6156288,3837952,0,93487104,0,10,5]
02-17 10:27:30.577 I/input_focus( 1524): [Focus leaving 321be4b com.android.launcher3/com.android.launcher3.uioverrides.QuickstepLauncher (server),reason=NO_WINDOW]
02-17 10:27:30.586 I/input_focus( 1524): [Focus request 2900a72 com.thundercomm.screensaver/android.service.dreams.DreamActivity,reason=UpdateInputWindows]
02-17 10:27:30.593 I/sysui_multi_action( 1524): [319,40,322,39,325,23888,757,761,758,8,759,2,806,com.thundercomm.screensaver,871,android.service.dreams.DreamActivity,904,com.thundercomm.screensaver,905,0,1320,4,1321,2]
02-17 10:27:30.594 I/sysui_multi_action( 1524): [757,1696,758,6,759,3]
02-17 10:27:30.595 I/wm_activity_launch_time( 1524): [0,108820263,com.thundercomm.screensaver/android.service.dreams.DreamActivity,39]
02-17 10:27:30.610 I/am_wtf ( 1524): [0,1524,system_server,-1,DisplayDeviceConfig,requesting nits when no mapping exists.]
02-17 10:27:30.610 I/am_wtf ( 1524): [0,1524,system_server,-1,DisplayDeviceConfig,requesting nits when no mapping exists.]
02-17 10:27:30.611 I/input_focus( 1524): [Focus entering 2900a72 com.thundercomm.screensaver/android.service.dreams.DreamActivity (server),reason=Window became focusable. Previous reason: NOT_VISIBLE]
02-17 10:27:30.627 I/am_wtf ( 1524): [0,1524,system_server,-1,DisplayDeviceConfig,requesting nits when no mapping exists.]
02-17 10:27:30.627 I/am_wtf ( 1524): [0,1524,system_server,-1,DisplayDeviceConfig,requesting nits when no mapping exists.]
02-17 10:27:30.643 I/am_wtf ( 1524): [0,1524,system_server,-1,DisplayDeviceConfig,requesting nits when no mapping exists.]
02-17 10:27:30.644 I/am_wtf ( 1524): [0,1524,system_server,-1,DisplayDeviceConfig,requesting nits when no mapping exists.]
02-17 10:27:30.660 I/am_wtf ( 1524): [0,1524,system_server,-1,DisplayDeviceConfig,requesting nits when no mapping exists.]
02-17 10:27:30.661 I/am_wtf ( 1524): [0,1524,system_server,-1,DisplayDeviceConfig,requesting nits when no mapping exists.]
02-17 10:27:30.677 I/am_wtf ( 1524): [0,1524,system_server,-1,DisplayDeviceConfig,requesting nits when no mapping exists.]
02-17 10:27:30.678 I/am_wtf ( 1524): [0,1524,system_server,-1,DisplayDeviceConfig,requesting nits when no mapping exists.]
02-17 10:27:30.694 I/am_wtf ( 1524): [0,1524,system_server,-1,DisplayDeviceConfig,requesting nits when no mapping exists.]
02-17 10:27:30.694 I/am_wtf ( 1524): [0,1524,system_server,-1,DisplayDeviceConfig,requesting nits when no mapping exists.]
02-17 10:27:30.710 I/am_wtf ( 1524): [0,1524,system_server,-1,DisplayDeviceConfig,requesting nits when no mapping exists.]
02-17 10:27:30.711 I/am_wtf ( 1524): [0,1524,system_server,-1,DisplayDeviceConfig,requesting nits when no mapping exists.]
02-17 10:27:30.727 I/am_wtf ( 1524): [0,1524,system_server,-1,DisplayDeviceConfig,requesting nits when no mapping exists.]
02-17 10:27:30.727 I/am_wtf ( 1524): [0,1524,system_server,-1,DisplayDeviceConfig,requesting nits when no mapping exists.]
02-17 10:27:30.744 I/am_wtf ( 1524): [0,1524,system_server,-1,DisplayDeviceConfig,requesting nits when no mapping exists.]
02-17 10:27:30.744 I/am_wtf ( 1524): [0,1524,system_server,-1,DisplayDeviceConfig,requesting nits when no mapping exists.]
02-17 10:27:30.761 I/am_wtf ( 1524): [0,1524,system_server,-1,DisplayDeviceConfig,requesting nits when no mapping exists.]
02-17 10:27:30.761 I/am_wtf ( 1524): [0,1524,system_server,-1,DisplayDeviceConfig,requesting nits when no mapping exists.]
02-17 10:27:30.777 I/am_wtf ( 1524): [0,1524,system_server,-1,DisplayDeviceConfig,requesting nits when no mapping exists.]
02-17 10:27:30.778 I/am_wtf ( 1524): [0,1524,system_server,-1,DisplayDeviceConfig,requesting nits when no mapping exists.]
02-17 10:27:30.795 I/am_wtf ( 1524): [0,1524,system_server,-1,DisplayDeviceConfig,requesting nits when no mapping exists.]
02-17 10:27:30.795 I/am_wtf ( 1524): [0,1524,system_server,-1,DisplayDeviceConfig,requesting nits when no mapping exists.]
02-17 10:27:30.811 I/am_wtf ( 1524): [0,1524,system_server,-1,DisplayDeviceConfig,requesting nits when no mapping exists.]
02-17 10:27:30.811 I/am_wtf ( 1524): [0,1524,system_server,-1,DisplayDeviceConfig,requesting nits when no mapping exists.]
02-17 10:27:30.827 I/am_wtf ( 1524): [0,1524,system_server,-1,DisplayDeviceConfig,requesting nits when no mapping exists.]
02-17 10:27:30.828 I/am_wtf ( 1524): [0,1524,system_server,-1,DisplayDeviceConfig,requesting nits when no mapping exists.]
02-17 10:27:30.844 I/am_wtf ( 1524): [0,1524,system_server,-1,DisplayDeviceConfig,requesting nits when no mapping exists.]
02-17 10:27:30.844 I/am_wtf ( 1524): [0,1524,system_server,-1,DisplayDeviceConfig,requesting nits when no mapping exists.]
02-17 10:27:30.861 I/am_wtf ( 1524): [0,1524,system_server,-1,DisplayDeviceConfig,requesting nits when no mapping exists.]
02-17 10:27:30.861 I/am_wtf ( 1524): [0,1524,system_server,-1,DisplayDeviceConfig,requesting nits when no mapping exists.]
02-17 10:27:30.878 I/am_wtf ( 1524): [0,1524,system_server,-1,DisplayDeviceConfig,requesting nits when no mapping exists.]
02-17 10:27:30.878 I/am_wtf ( 1524): [0,1524,system_server,-1,DisplayDeviceConfig,requesting nits when no mapping exists.]
02-17 10:27:30.880 I/wm_stop_activity( 1524): [0,128678138,com.android.launcher3/.uioverrides.QuickstepLauncher]
02-17 10:27:30.897 I/am_wtf ( 1524): [0,1524,system_server,-1,DisplayDeviceConfig,requesting nits when no mapping exists.]
02-17 10:27:30.897 I/wm_on_stop_called( 2568): [128678138,com.android.launcher3.uioverrides.QuickstepLauncher,STOP_ACTIVITY_ITEM]
02-17 10:27:30.897 I/am_wtf ( 1524): [0,1524,system_server,-1,DisplayDeviceConfig,requesting nits when no mapping exists.]
02-17 10:27:30.911 I/am_wtf ( 1524): [0,1524,system_server,-1,DisplayDeviceConfig,requesting nits when no mapping exists.]
02-17 10:27:30.911 I/am_wtf ( 1524): [0,1524,system_server,-1,DisplayDeviceConfig,requesting nits when no mapping exists.]
02-17 10:27:30.928 I/am_wtf ( 1524): [0,1524,system_server,-1,DisplayDeviceConfig,requesting nits when no mapping exists.]
02-17 10:27:30.929 I/am_wtf ( 1524): [0,1524,system_server,-1,DisplayDeviceConfig,requesting nits when no mapping exists.]
02-17 10:27:30.935 I/auditd ( 0): type=1400 audit(0.0:25684): avc: denied { kill } for comm="swapper/2" capability=5 scontext=u:r:kernel:s0 tcontext=u:r:kernel:s0 tclass=capability permissive=0
02-17 10:27:30.945 I/am_wtf ( 1524): [0,1524,system_server,-1,DisplayDeviceConfig,requesting nits when no mapping exists.]
02-17 10:27:30.945 I/am_wtf ( 1524): [0,1524,system_server,-1,DisplayDeviceConfig,requesting nits when no mapping exists.]
02-17 10:27:30.959 I/am_wtf ( 1524): [0,1524,system_server,-1,DisplayDeviceConfig,requesting nits when no mapping exists.]
02-17 10:27:30.960 I/am_wtf ( 1524): [0,1524,system_server,-1,DisplayDeviceConfig,requesting nits when no mapping exists.]
02-17 10:27:30.976 I/am_wtf ( 1524): [0,1524,system_server,-1,DisplayDeviceConfig,requesting nits when no mapping exists.]
02-17 10:27:30.976 I/am_wtf ( 1524): [0,1524,system_server,-1,DisplayDeviceConfig,requesting nits when no mapping exists.]
02-17 10:27:30.993 I/am_wtf ( 1524): [0,1524,system_server,-1,DisplayDeviceConfig,requesting nits when no mapping exists.]
02-17 10:27:30.993 I/am_wtf ( 1524): [0,1524,system_server,-1,DisplayDeviceConfig,requesting nits when no mapping exists.]
02-17 10:27:31.009 I/am_wtf ( 1524): [0,1524,system_server,-1,DisplayDeviceConfig,requesting nits when no mapping exists.]
02-17 10:27:31.009 I/am_wtf ( 1524): [0,1524,system_server,-1,DisplayDeviceConfig,requesting nits when no mapping exists.]
02-17 10:27:31.026 I/am_wtf ( 1524): [0,1524,system_server,-1,DisplayDeviceConfig,requesting nits when no mapping exists.]
02-17 10:27:31.026 I/am_wtf ( 1524): [0,1524,system_server,-1,DisplayDeviceConfig,requesting nits when no mapping exists.]
02-17 10:27:31.042 I/am_wtf ( 1524): [0,1524,system_server,-1,DisplayDeviceConfig,requesting nits when no mapping exists.]
02-17 10:27:31.043 I/am_wtf ( 1524): [0,1524,system_server,-1,DisplayDeviceConfig,requesting nits when no mapping exists.]
02-17 10:27:31.060 I/am_wtf ( 1524): [0,1524,system_server,-1,DisplayDeviceConfig,requesting nits when no mapping exists.]
02-17 10:27:31.060 I/am_wtf ( 1524): [0,1524,system_server,-1,DisplayDeviceConfig,requesting nits when no mapping exists.]
02-17 10:27:31.076 I/am_wtf ( 1524): [0,1524,system_server,-1,DisplayDeviceConfig,requesting nits when no mapping exists.]
02-17 10:27:31.076 I/am_wtf ( 1524): [0,1524,system_server,-1,DisplayDeviceConfig,requesting nits when no mapping exists.]
02-17 10:27:31.092 I/am_wtf ( 1524): [0,1524,system_server,-1,DisplayDeviceConfig,requesting nits when no mapping exists.]
02-17 10:27:31.093 I/am_wtf ( 1524): [0,1524,system_server,-1,DisplayDeviceConfig,requesting nits when no mapping exists.]
02-17 10:27:31.093 I/service_manager_stats( 1524): [100,33,6898]
02-17 10:27:31.109 I/am_wtf ( 1524): [0,1524,system_server,-1,DisplayDeviceConfig,requesting nits when no mapping exists.]
02-17 10:27:31.110 I/am_wtf ( 1524): [0,1524,system_server,-1,DisplayDeviceConfig,requesting nits when no mapping exists.]
02-17 10:27:31.126 I/am_wtf ( 1524): [0,1524,system_server,-1,DisplayDeviceConfig,requesting nits when no mapping exists.]
02-17 10:27:31.126 I/am_wtf ( 1524): [0,1524,system_server,-1,DisplayDeviceConfig,requesting nits when no mapping exists.]
02-17 10:27:31.143 I/am_wtf ( 1524): [0,1524,system_server,-1,DisplayDeviceConfig,requesting nits when no mapping exists.]
02-17 10:27:31.143 I/am_wtf ( 1524): [0,1524,system_server,-1,DisplayDeviceConfig,requesting nits when no mapping exists.]
02-17 10:27:31.159 I/am_wtf ( 1524): [0,1524,system_server,-1,DisplayDeviceConfig,requesting nits when no mapping exists.]
02-17 10:27:31.160 I/am_wtf ( 1524): [0,1524,system_server,-1,DisplayDeviceConfig,requesting nits when no mapping exists.]
02-17 10:27:31.177 I/am_wtf ( 1524): [0,1524,system_server,-1,DisplayDeviceConfig,requesting nits when no mapping exists.]
02-17 10:27:31.177 I/am_wtf ( 1524): [0,1524,system_server,-1,DisplayDeviceConfig,requesting nits when no mapping exists.]
02-17 10:27:31.193 I/am_wtf ( 1524): [0,1524,system_server,-1,DisplayDeviceConfig,requesting nits when no mapping exists.]
02-17 10:27:31.193 I/am_wtf ( 1524): [0,1524,system_server,-1,DisplayDeviceConfig,requesting nits when no mapping exists.]
02-17 10:27:31.209 I/am_wtf ( 1524): [0,1524,system_server,-1,DisplayDeviceConfig,requesting nits when no mapping exists.]
02-17 10:27:31.210 I/am_wtf ( 1524): [0,1524,system_server,-1,DisplayDeviceConfig,requesting nits when no mapping exists.]
02-17 10:27:31.226 I/am_wtf ( 1524): [0,1524,system_server,-1,DisplayDeviceConfig,requesting nits when no mapping exists.]
02-17 10:27:31.227 I/am_wtf ( 1524): [0,1524,system_server,-1,DisplayDeviceConfig,requesting nits when no mapping exists.]
02-17 10:27:31.244 I/am_wtf ( 1524): [0,1524,system_server,-1,DisplayDeviceConfig,requesting nits when no mapping exists.]
02-17 10:27:31.244 I/am_wtf ( 1524): [0,1524,system_server,-1,DisplayDeviceConfig,requesting nits when no mapping exists.]
02-17 10:27:31.259 I/am_wtf ( 1524): [0,1524,system_server,-1,DisplayDeviceConfig,requesting nits when no mapping exists.]
02-17 10:27:31.260 I/am_wtf ( 1524): [0,1524,system_server,-1,DisplayDeviceConfig,requesting nits when no mapping exists.]
02-17 10:27:31.276 I/am_wtf ( 1524): [0,1524,system_server,-1,DisplayDeviceConfig,requesting nits when no mapping exists.]
02-17 10:27:31.277 I/am_wtf ( 1524): [0,1524,system_server,-1,DisplayDeviceConfig,requesting nits when no mapping exists.]
02-17 10:27:31.293 I/am_wtf ( 1524): [0,1524,system_server,-1,DisplayDeviceConfig,requesting nits when no mapping exists.]
02-17 10:27:31.293 I/am_wtf ( 1524): [0,1524,system_server,-1,DisplayDeviceConfig,requesting nits when no mapping exists.]
02-17 10:27:31.310 I/am_wtf ( 1524): [0,1524,system_server,-1,DisplayDeviceConfig,requesting nits when no mapping exists.]
02-17 10:27:31.310 I/am_wtf ( 1524): [0,1524,system_server,-1,DisplayDeviceConfig,requesting nits when no mapping exists.]
02-17 10:27:31.327 I/am_wtf ( 1524): [0,1524,system_server,-1,DisplayDeviceConfig,requesting nits when no mapping exists.]
02-17 10:27:31.327 I/am_wtf ( 1524): [0,1524,system_server,-1,DisplayDeviceConfig,requesting nits when no mapping exists.]
02-17 10:27:31.343 I/am_wtf ( 1524): [0,1524,system_server,-1,DisplayDeviceConfig,requesting nits when no mapping exists.]
02-17 10:27:31.343 I/am_wtf ( 1524): [0,1524,system_server,-1,DisplayDeviceConfig,requesting nits when no mapping exists.]
02-17 10:27:31.360 I/am_wtf ( 1524): [0,1524,system_server,-1,DisplayDeviceConfig,requesting nits when no mapping exists.]
02-17 10:27:31.360 I/am_wtf ( 1524): [0,1524,system_server,-1,DisplayDeviceConfig,requesting nits when no mapping exists.]
02-17 10:27:31.377 I/am_wtf ( 1524): [0,1524,system_server,-1,DisplayDeviceConfig,requesting nits when no mapping exists.]
02-17 10:27:31.378 I/am_wtf ( 1524): [0,1524,system_server,-1,DisplayDeviceConfig,requesting nits when no mapping exists.]
02-17 10:27:31.393 I/am_wtf ( 1524): [0,1524,system_server,-1,DisplayDeviceConfig,requesting nits when no mapping exists.]
02-17 10:27:31.393 I/am_wtf ( 1524): [0,1524,system_server,-1,DisplayDeviceConfig,requesting nits when no mapping exists.]
02-17 10:27:31.410 I/am_wtf ( 1524): [0,1524,system_server,-1,DisplayDeviceConfig,requesting nits when no mapping exists.]
02-17 10:27:31.410 I/am_wtf ( 1524): [0,1524,system_server,-1,DisplayDeviceConfig,requesting nits when no mapping exists.]
02-17 10:27:31.427 I/am_wtf ( 1524): [0,1524,system_server,-1,DisplayDeviceConfig,requesting nits when no mapping exists.]
02-17 10:27:31.427 I/am_wtf ( 1524): [0,1524,system_server,-1,DisplayDeviceConfig,requesting nits when no mapping exists.]
02-17 10:27:31.443 I/am_wtf ( 1524): [0,1524,system_server,-1,DisplayDeviceConfig,requesting nits when no mapping exists.]
02-17 10:27:31.443 I/am_wtf ( 1524): [0,1524,system_server,-1,DisplayDeviceConfig,requesting nits when no mapping exists.]
02-17 10:27:31.460 I/am_wtf ( 1524): [0,1524,system_server,-1,DisplayDeviceConfig,requesting nits when no mapping exists.]
02-17 10:27:31.460 I/am_wtf ( 1524): [0,1524,system_server,-1,DisplayDeviceConfig,requesting nits when no mapping exists.]
02-17 10:27:31.477 I/am_wtf ( 1524): [0,1524,system_server,-1,DisplayDeviceConfig,requesting nits when no mapping exists.]
02-17 10:27:31.477 I/am_wtf ( 1524): [0,1524,system_server,-1,DisplayDeviceConfig,requesting nits when no mapping exists.]
02-17 10:27:31.493 I/am_wtf ( 1524): [0,1524,system_server,-1,DisplayDeviceConfig,requesting nits when no mapping exists.]
02-17 10:27:31.494 I/am_wtf ( 1524): [0,1524,system_server,-1,DisplayDeviceConfig,requesting nits when no mapping exists.]
02-17 10:27:31.510 I/am_wtf ( 1524): [0,1524,system_server,-1,DisplayDeviceConfig,requesting nits when no mapping exists.]
02-17 10:27:31.510 I/am_wtf ( 1524): [0,1524,system_server,-1,DisplayDeviceConfig,requesting nits when no mapping exists.]
02-17 10:27:31.527 I/am_wtf ( 1524): [0,1524,system_server,-1,DisplayDeviceConfig,requesting nits when no mapping exists.]
02-17 10:27:31.527 I/am_wtf ( 1524): [0,1524,system_server,-1,DisplayDeviceConfig,requesting nits when no mapping exists.]
02-17 10:27:31.935 I/auditd ( 0): type=1400 audit(0.0:25685): avc: denied { kill } for comm="swapper/2" capability=5 scontext=u:r:kernel:s0 tcontext=u:r:kernel:s0 tclass=capability permissive=0
02-17 10:27:32.142 I/input_interaction( 1524): Interaction with: 2900a72 com.thundercomm.screensaver/android.service.dreams.DreamActivity (server), edge-swipe (server), swipe-up (server), PointerEventDispatcher0 (server),
02-17 10:27:32.143 I/wm_finish_activity( 1524): [0,108820263,150,com.thundercomm.screensaver/android.service.dreams.DreamActivity,finish-activity]
02-17 10:27:32.143 I/wm_task_moved( 1524): [1,1,6]
02-17 10:27:32.143 I/wm_task_moved( 1524): [9,1,2147483647]
02-17 10:27:32.143 I/wm_task_to_front( 1524): [0,9]
02-17 10:27:32.143 I/wm_focused_root_task( 1524): [0,0,1,150,finish-top adjustFocusToNextFocusableTask]
02-17 10:27:32.143 I/wm_set_resumed_activity( 1524): [0,com.android.launcher3/.uioverrides.QuickstepLauncher,finish-top adjustFocusToNextFocusableTask]
02-17 10:27:32.144 I/wm_pause_activity( 1524): [0,108820263,com.thundercomm.screensaver/android.service.dreams.DreamActivity,userLeaving=false,finish]
02-17 10:27:32.145 I/wm_on_top_resumed_lost_called(19147): [108820263,android.service.dreams.DreamActivity,topStateChangedWhenResumed]
02-17 10:27:32.146 I/sysui_multi_action( 1524): [757,803,799,window_time_0,802,1]
02-17 10:27:32.146 I/wm_on_paused_called(19147): [108820263,android.service.dreams.DreamActivity,performPause]
02-17 10:27:32.147 I/wm_add_to_stopping( 1524): [0,108820263,com.thundercomm.screensaver/android.service.dreams.DreamActivity,completeFinishing]
02-17 10:27:32.147 I/wm_set_resumed_activity( 1524): [0,com.android.launcher3/.uioverrides.QuickstepLauncher,resumeTopActivityInnerLocked]
02-17 10:27:32.148 I/wm_resume_activity( 1524): [0,128678138,9,com.android.launcher3/.uioverrides.QuickstepLauncher]
02-17 10:27:32.151 I/input_focus( 1524): [Focus leaving 2900a72 com.thundercomm.screensaver/android.service.dreams.DreamActivity (server),reason=NO_WINDOW]
02-17 10:27:32.151 I/view_enqueue_input_event(19147): [Motion - Cancel,com.thundercomm.screensaver/android.service.dreams.DreamActivity]
02-17 10:27:32.153 I/wm_on_restart_called( 2568): [128678138,com.android.launcher3.uioverrides.QuickstepLauncher,performRestartActivity]
02-17 10:27:32.153 I/sysui_multi_action( 1524): [757,803,799,window_time_0,802,0]
02-17 10:27:32.153 I/wm_on_start_called( 2568): [128678138,com.android.launcher3.uioverrides.QuickstepLauncher,handleStartActivity]
02-17 10:27:32.153 I/wm_on_resume_called( 2568): [128678138,com.android.launcher3.uioverrides.QuickstepLauncher,RESUME_ACTIVITY]
02-17 10:27:32.153 I/wm_on_top_resumed_gained_called( 2568): [128678138,com.android.launcher3.uioverrides.QuickstepLauncher,topWhenResuming]
02-17 10:27:32.153 I/input_interaction( 1524): Interaction with: edge-swipe (server), swipe-up (server), PointerEventDispatcher0 (server),
02-17 10:27:32.167 I/input_focus( 1524): [Focus request 321be4b com.android.launcher3/com.android.launcher3.uioverrides.QuickstepLauncher,reason=UpdateInputWindows]
02-17 10:27:32.182 I/input_focus( 1524): [Focus entering 321be4b com.android.launcher3/com.android.launcher3.uioverrides.QuickstepLauncher (server),reason=setFocusedWindow]
02-17 10:27:32.417 I/wm_destroy_activity( 1524): [0,108820263,150,com.thundercomm.screensaver/android.service.dreams.DreamActivity,finish-imm:idle]
02-17 10:27:32.433 I/wm_on_stop_called(19147): [108820263,android.service.dreams.DreamActivity,LIFECYCLER_STOP_ACTIVITY]
02-17 10:27:32.433 I/wm_on_destroy_called(19147): [108820263,android.service.dreams.DreamActivity,performDestroy]
02-17 10:27:32.434 I/sysui_multi_action( 1524): [757,222,758,2]
02-17 10:27:32.434 I/sysui_multi_action( 1524): [757,804,799,dreaming_minutes,801,0,802,1]
02-17 10:27:32.437 I/wm_task_removed( 1524): [150,removeChild:removeChild last r=ActivityRecord{67c7727 u0 com.thundercomm.screensaver/android.service.dreams.DreamActivity t-1 f}} in t=Task{33ac70 #150 type=dream A=10040:android:com.thundercomm.screensaver/dream U=0 visible=false mode=fullscreen translucent=true sz=0}]
02-17 10:27:32.437 I/wm_task_removed( 1524): [150,removeChild]
02-17 10:27:32.935 I/auditd ( 0): type=1400 audit(0.0:25686): avc: denied { kill } for comm="swapper/2" capability=5 scontext=u:r:kernel:s0 tcontext=u:r:kernel:s0 tclass=capability permissive=0
02-17 10:27:33.935 I/auditd ( 0): type=1400 audit(0.0:25687): avc: denied { kill } for comm="swapper/2" capability=5 scontext=u:r:kernel:s0 tcontext=u:r:kernel:s0 tclass=capability permissive=0
02-17 10:27:34.939 I/auditd ( 0): type=1400 audit(0.0:25688): avc: denied { kill } for comm="swapper/2" capability=5 scontext=u:r:kernel:s0 tcontext=u:r:kernel:s0 tclass=capability permissive=0
02-17 10:27:35.939 I/auditd ( 0): type=1400 audit(0.0:25689): avc: denied { kill } for comm="swapper/2" capability=5 scontext=u:r:kernel:s0 tcontext=u:r:kernel:s0 tclass=capability permissive=0
02-17 10:27:36.935 I/auditd ( 0): type=1400 audit(0.0:25690): avc: denied { kill } for comm="swapper/2" capability=5 scontext=u:r:kernel:s0 tcontext=u:r:kernel:s0 tclass=capability permissive=0
02-17 10:27:37.939 I/auditd ( 0): type=1400 audit(0.0:25691): avc: denied { kill } for comm="swapper/2" capability=5 scontext=u:r:kernel:s0 tcontext=u:r:kernel:s0 tclass=capability permissive=0
02-17 10:27:38.939 I/auditd ( 0): type=1400 audit(0.0:25692): avc: denied { kill } for comm="swapper/2" capability=5 scontext=u:r:kernel:s0 tcontext=u:r:kernel:s0 tclass=capability permissive=0
02-17 10:27:39.939 I/auditd ( 0): type=1400 audit(0.0:25693): avc: denied { kill } for comm="swapper/2" capability=5 scontext=u:r:kernel:s0 tcontext=u:r:kernel:s0 tclass=capability permissive=0
02-17 10:27:40.939 I/auditd ( 0): type=1400 audit(0.0:25694): avc: denied { kill } for comm="swapper/2" capability=5 scontext=u:r:kernel:s0 tcontext=u:r:kernel:s0 tclass=capability permissive=0
02-17 10:27:41.935 I/auditd ( 0): type=1400 audit(0.0:25695): avc: denied { kill } for comm="swapper/2" capability=5 scontext=u:r:kernel:s0 tcontext=u:r:kernel:s0 tclass=capability permissive=0
02-17 10:27:42.935 I/auditd ( 0): type=1400 audit(0.0:25696): avc: denied { kill } for comm="swapper/2" capability=5 scontext=u:r:kernel:s0 tcontext=u:r:kernel:s0 tclass=capability permissive=0
02-17 10:27:43.935 I/auditd ( 0): type=1400 audit(0.0:25697): avc: denied { kill } for comm="swapper/2" capability=5 scontext=u:r:kernel:s0 tcontext=u:r:kernel:s0 tclass=capability permissive=0
02-17 10:27:44.935 I/auditd ( 0): type=1400 audit(0.0:25698): avc: denied { kill } for comm="swapper/2" capability=5 scontext=u:r:kernel:s0 tcontext=u:r:kernel:s0 tclass=capability permissive=0
02-17 10:27:45.935 I/auditd ( 0): type=1400 audit(0.0:25699): avc: denied { kill } for comm="swapper/2" capability=5 scontext=u:r:kernel:s0 tcontext=u:r:kernel:s0 tclass=capability permissive=0
02-17 10:27:46.939 I/auditd ( 0): type=1400 audit(0.0:25700): avc: denied { kill } for comm="swapper/2" capability=5 scontext=u:r:kernel:s0 tcontext=u:r:kernel:s0 tclass=capability permissive=0
02-17 10:27:47.935 I/auditd ( 0): type=1400 audit(0.0:25701): avc: denied { kill } for comm="swapper/2" capability=5 scontext=u:r:kernel:s0 tcontext=u:r:kernel:s0 tclass=capability permissive=0
02-17 10:27:48.939 I/auditd ( 0): type=1400 audit(0.0:25702): avc: denied { kill } for comm="swapper/2" capability=5 scontext=u:r:kernel:s0 tcontext=u:r:kernel:s0 tclass=capability permissive=0
02-17 10:27:49.939 I/auditd ( 0): type=1400 audit(0.0:25703): avc: denied { kill } for comm="swapper/2" capability=5 scontext=u:r:kernel:s0 tcontext=u:r:kernel:s0 tclass=capability permissive=0
02-17 10:27:50.939 I/auditd ( 0): type=1400 audit(0.0:25704): avc: denied { kill } for comm="swapper/2" capability=5 scontext=u:r:kernel:s0 tcontext=u:r:kernel:s0 tclass=capability permissive=0
02-17 10:27:51.939 I/auditd ( 0): type=1400 audit(0.0:25705): avc: denied { kill } for comm="swapper/2" capability=5 scontext=u:r:kernel:s0 tcontext=u:r:kernel:s0 tclass=capability permissive=0
02-17 10:27:52.939 I/auditd ( 0): type=1400 audit(0.0:25706): avc: denied { kill } for comm="swapper/2" capability=5 scontext=u:r:kernel:s0 tcontext=u:r:kernel:s0 tclass=capability permissive=0
02-17 10:27:53.939 I/auditd ( 0): type=1400 audit(0.0:25707): avc: denied { kill } for comm="swapper/2" capability=5 scontext=u:r:kernel:s0 tcontext=u:r:kernel:s0 tclass=capability permissive=0
02-17 10:27:54.939 I/auditd ( 0): type=1400 audit(0.0:25708): avc: denied { kill } for comm="swapper/2" capability=5 scontext=u:r:kernel:s0 tcontext=u:r:kernel:s0 tclass=capability permissive=0
02-17 10:27:55.935 I/auditd ( 0): type=1400 audit(0.0:25709): avc: denied { kill } for comm="swapper/2" capability=5 scontext=u:r:kernel:s0 tcontext=u:r:kernel:s0 tclass=capability permissive=0
02-17 10:27:56.939 I/auditd ( 0): type=1400 audit(0.0:25710): avc: denied { kill } for comm="swapper/2" capability=5 scontext=u:r:kernel:s0 tcontext=u:r:kernel:s0 tclass=capability permissive=0
02-17 10:27:57.935 I/auditd ( 0): type=1400 audit(0.0:25711): avc: denied { kill } for comm="swapper/2" capability=5 scontext=u:r:kernel:s0 tcontext=u:r:kernel:s0 tclass=capability permissive=0
02-17 10:27:58.935 I/auditd ( 0): type=1400 audit(0.0:25712): avc: denied { kill } for comm="swapper/2" capability=5 scontext=u:r:kernel:s0 tcontext=u:r:kernel:s0 tclass=capability permissive=0
02-17 10:27:59.935 I/auditd ( 0): type=1400 audit(0.0:25713): avc: denied { kill } for comm="swapper/2" capability=5 scontext=u:r:kernel:s0 tcontext=u:r:kernel:s0 tclass=capability permissive=0
02-17 10:28:00.935 I/auditd ( 0): type=1400 audit(0.0:25714): avc: denied { kill } for comm="swapper/2" capability=5 scontext=u:r:kernel:s0 tcontext=u:r:kernel:s0 tclass=capability permissive=0
02-17 10:28:01.935 I/auditd ( 0): type=1400 audit(0.0:25715): avc: denied { kill } for comm="swapper/2" capability=5 scontext=u:r:kernel:s0 tcontext=u:r:kernel:s0 tclass=capability permissive=0
02-17 10:28:02.939 I/auditd ( 0): type=1400 audit(0.0:25716): avc: denied { kill } for comm="swapper/2" capability=5 scontext=u:r:kernel:s0 tcontext=u:r:kernel:s0 tclass=capability permissive=0
02-17 10:28:03.935 I/auditd ( 0): type=1400 audit(0.0:25717): avc: denied { kill } for comm="swapper/2" capability=5 scontext=u:r:kernel:s0 tcontext=u:r:kernel:s0 tclass=capability permissive=0
02-17 10:28:04.935 I/auditd ( 0): type=1400 audit(0.0:25718): avc: denied { kill } for comm="swapper/2" capability=5 scontext=u:r:kernel:s0 tcontext=u:r:kernel:s0 tclass=capability permissive=0
02-17 10:28:05.935 I/auditd ( 0): type=1400 audit(0.0:25719): avc: denied { kill } for comm="swapper/2" capability=5 scontext=u:r:kernel:s0 tcontext=u:r:kernel:s0 tclass=capability permissive=0
02-17 10:28:06.935 I/auditd ( 0): type=1400 audit(0.0:25720): avc: denied { kill } for comm="swapper/2" capability=5 scontext=u:r:kernel:s0 tcontext=u:r:kernel:s0 tclass=capability permissive=0
02-17 10:28:07.935 I/auditd ( 0): type=1400 audit(0.0:25721): avc: denied { kill } for comm="swapper/2" capability=5 scontext=u:r:kernel:s0 tcontext=u:r:kernel:s0 tclass=capability permissive=0
02-17 10:28:08.935 I/auditd ( 0): type=1400 audit(0.0:25722): avc: denied { kill } for comm="swapper/2" capability=5 scontext=u:r:kernel:s0 tcontext=u:r:kernel:s0 tclass=capability permissive=0
02-17 10:28:09.935 I/auditd ( 0): type=1400 audit(0.0:25723): avc: denied { kill } for comm="swapper/2" capability=5 scontext=u:r:kernel:s0 tcontext=u:r:kernel:s0 tclass=capability permissive=0
02-17 10:28:10.939 I/auditd ( 0): type=1400 audit(0.0:25724): avc: denied { kill } for comm="swapper/2" capability=5 scontext=u:r:kernel:s0 tcontext=u:r:kernel:s0 tclass=capability permissive=0
02-17 10:28:11.935 I/auditd ( 0): type=1400 audit(0.0:25725): avc: denied { kill } for comm="swapper/2" capability=5 scontext=u:r:kernel:s0 tcontext=u:r:kernel:s0 tclass=capability permissive=0
02-17 10:28:12.939 I/auditd ( 0): type=1400 audit(0.0:25726): avc: denied { kill } for comm="swapper/2" capability=5 scontext=u:r:kernel:s0 tcontext=u:r:kernel:s0 tclass=capability permissive=0
02-17 10:28:13.935 I/auditd ( 0): type=1400 audit(0.0:25727): avc: denied { kill } for comm="swapper/2" capability=5 scontext=u:r:kernel:s0 tcontext=u:r:kernel:s0 tclass=capability permissive=0
02-17 10:28:14.935 I/auditd ( 0): type=1400 audit(0.0:25728): avc: denied { kill } for comm="swapper/2" capability=5 scontext=u:r:kernel:s0 tcontext=u:r:kernel:s0 tclass=capability permissive=0
02-17 10:28:15.935 I/auditd ( 0): type=1400 audit(0.0:25729): avc: denied { kill } for comm="swapper/2" capability=5 scontext=u:r:kernel:s0 tcontext=u:r:kernel:s0 tclass=capability permissive=0
02-17 10:28:16.935 I/auditd ( 0): type=1400 audit(0.0:25730): avc: denied { kill } for comm="swapper/2" capability=5 scontext=u:r:kernel:s0 tcontext=u:r:kernel:s0 tclass=capability permissive=0
02-17 10:28:17.935 I/auditd ( 0): type=1400 audit(0.0:25731): avc: denied { kill } for comm="swapper/2" capability=5 scontext=u:r:kernel:s0 tcontext=u:r:kernel:s0 tclass=capability permissive=0
02-17 10:28:18.939 I/auditd ( 0): type=1400 audit(0.0:25732): avc: denied { kill } for comm="swapper/2" capability=5 scontext=u:r:kernel:s0 tcontext=u:r:kernel:s0 tclass=capability permissive=0
02-17 10:28:20.939 I/auditd ( 0): type=1400 audit(0.0:25733): avc: denied { kill } for comm="swapper/2" capability=5 scontext=u:r:kernel:s0 tcontext=u:r:kernel:s0 tclass=capability permissive=0
02-17 10:28:21.935 I/auditd ( 0): type=1400 audit(0.0:25734): avc: denied { kill } for comm="swapper/2" capability=5 scontext=u:r:kernel:s0 tcontext=u:r:kernel:s0 tclass=capability permissive=0
02-17 10:28:22.939 I/auditd ( 0): type=1400 audit(0.0:25735): avc: denied { kill } for comm="swapper/2" capability=5 scontext=u:r:kernel:s0 tcontext=u:r:kernel:s0 tclass=capability permissive=0
02-17 10:28:23.939 I/auditd ( 0): type=1400 audit(0.0:25736): avc: denied { kill } for comm="swapper/2" capability=5 scontext=u:r:kernel:s0 tcontext=u:r:kernel:s0 tclass=capability permissive=0
02-17 10:28:24.939 I/auditd ( 0): type=1400 audit(0.0:25737): avc: denied { kill } for comm="swapper/2" capability=5 scontext=u:r:kernel:s0 tcontext=u:r:kernel:s0 tclass=capability permissive=0
02-17 10:28:25.260 I/sysui_multi_action( 1524): [757,1696,758,6,759,2]
02-17 10:28:25.264 I/am_wtf ( 1524): [0,1524,system_server,-1,DisplayDeviceConfig,requesting nits when no mapping exists.]
02-17 10:28:25.267 I/am_wtf ( 1524): [0,1524,system_server,-1,DisplayDeviceConfig,requesting nits when no mapping exists.]
02-17 10:28:25.280 I/am_wtf ( 1524): [0,1524,system_server,-1,DisplayDeviceConfig,requesting nits when no mapping exists.]
02-17 10:28:25.282 I/am_wtf ( 1524): [0,1524,system_server,-1,DisplayDeviceConfig,requesting nits when no mapping exists.]
02-17 10:28:25.297 I/am_wtf ( 1524): [0,1524,system_server,-1,DisplayDeviceConfig,requesting nits when no mapping exists.]
02-17 10:28:25.299 I/am_wtf ( 1524): [0,1524,system_server,-1,DisplayDeviceConfig,requesting nits when no mapping exists.]
02-17 10:28:25.307 I/am_wtf ( 1524): [0,1524,system_server,-1,DisplayDeviceConfig,requesting nits when no mapping exists.]
02-17 10:28:25.308 I/am_wtf ( 1524): [0,1524,system_server,-1,DisplayDeviceConfig,requesting nits when no mapping exists.]
02-17 10:28:25.324 I/am_wtf ( 1524): [0,1524,system_server,-1,DisplayDeviceConfig,requesting nits when no mapping exists.]
02-17 10:28:25.325 I/am_wtf ( 1524): [0,1524,system_server,-1,DisplayDeviceConfig,requesting nits when no mapping exists.]
02-17 10:28:25.340 I/am_wtf ( 1524): [0,1524,system_server,-1,DisplayDeviceConfig,requesting nits when no mapping exists.]
02-17 10:28:25.341 I/am_wtf ( 1524): [0,1524,system_server,-1,DisplayDeviceConfig,requesting nits when no mapping exists.]
02-17 10:28:25.357 I/am_wtf ( 1524): [0,1524,system_server,-1,DisplayDeviceConfig,requesting nits when no mapping exists.]
02-17 10:28:25.358 I/am_wtf ( 1524): [0,1524,system_server,-1,DisplayDeviceConfig,requesting nits when no mapping exists.]
02-17 10:28:25.374 I/am_wtf ( 1524): [0,1524,system_server,-1,DisplayDeviceConfig,requesting nits when no mapping exists.]
02-17 10:28:25.374 I/am_wtf ( 1524): [0,1524,system_server,-1,DisplayDeviceConfig,requesting nits when no mapping exists.]
02-17 10:28:25.391 I/am_wtf ( 1524): [0,1524,system_server,-1,DisplayDeviceConfig,requesting nits when no mapping exists.]
02-17 10:28:25.391 I/am_wtf ( 1524): [0,1524,system_server,-1,DisplayDeviceConfig,requesting nits when no mapping exists.]
02-17 10:28:25.407 I/am_wtf ( 1524): [0,1524,system_server,-1,DisplayDeviceConfig,requesting nits when no mapping exists.]
02-17 10:28:25.408 I/am_wtf ( 1524): [0,1524,system_server,-1,DisplayDeviceConfig,requesting nits when no mapping exists.]
02-17 10:28:25.424 I/am_wtf ( 1524): [0,1524,system_server,-1,DisplayDeviceConfig,requesting nits when no mapping exists.]
02-17 10:28:25.425 I/am_wtf ( 1524): [0,1524,system_server,-1,DisplayDeviceConfig,requesting nits when no mapping exists.]
02-17 10:28:25.441 I/am_wtf ( 1524): [0,1524,system_server,-1,DisplayDeviceConfig,requesting nits when no mapping exists.]
02-17 10:28:25.441 I/am_wtf ( 1524): [0,1524,system_server,-1,DisplayDeviceConfig,requesting nits when no mapping exists.]
02-17 10:28:25.457 I/am_wtf ( 1524): [0,1524,system_server,-1,DisplayDeviceConfig,requesting nits when no mapping exists.]
02-17 10:28:25.458 I/am_wtf ( 1524): [0,1524,system_server,-1,DisplayDeviceConfig,requesting nits when no mapping exists.]
02-17 10:28:25.474 I/am_wtf ( 1524): [0,1524,system_server,-1,DisplayDeviceConfig,requesting nits when no mapping exists.]
02-17 10:28:25.475 I/am_wtf ( 1524): [0,1524,system_server,-1,DisplayDeviceConfig,requesting nits when no mapping exists.]
02-17 10:28:25.491 I/am_wtf ( 1524): [0,1524,system_server,-1,DisplayDeviceConfig,requesting nits when no mapping exists.]
02-17 10:28:25.491 I/am_wtf ( 1524): [0,1524,system_server,-1,DisplayDeviceConfig,requesting nits when no mapping exists.]
02-17 10:28:25.507 I/am_wtf ( 1524): [0,1524,system_server,-1,DisplayDeviceConfig,requesting nits when no mapping exists.]
02-17 10:28:25.508 I/am_wtf ( 1524): [0,1524,system_server,-1,DisplayDeviceConfig,requesting nits when no mapping exists.]
02-17 10:28:25.524 I/am_wtf ( 1524): [0,1524,system_server,-1,DisplayDeviceConfig,requesting nits when no mapping exists.]
02-17 10:28:25.525 I/am_wtf ( 1524): [0,1524,system_server,-1,DisplayDeviceConfig,requesting nits when no mapping exists.]
02-17 10:28:25.541 I/am_wtf ( 1524): [0,1524,system_server,-1,DisplayDeviceConfig,requesting nits when no mapping exists.]
02-17 10:28:25.542 I/am_wtf ( 1524): [0,1524,system_server,-1,DisplayDeviceConfig,requesting nits when no mapping exists.]
02-17 10:28:25.558 I/am_wtf ( 1524): [0,1524,system_server,-1,DisplayDeviceConfig,requesting nits when no mapping exists.]
02-17 10:28:25.558 I/am_wtf ( 1524): [0,1524,system_server,-1,DisplayDeviceConfig,requesting nits when no mapping exists.]
02-17 10:28:25.575 I/am_wtf ( 1524): [0,1524,system_server,-1,DisplayDeviceConfig,requesting nits when no mapping exists.]
02-17 10:28:25.576 I/am_wtf ( 1524): [0,1524,system_server,-1,DisplayDeviceConfig,requesting nits when no mapping exists.]
02-17 10:28:25.591 I/am_wtf ( 1524): [0,1524,system_server,-1,DisplayDeviceConfig,requesting nits when no mapping exists.]
02-17 10:28:25.592 I/am_wtf ( 1524): [0,1524,system_server,-1,DisplayDeviceConfig,requesting nits when no mapping exists.]
02-17 10:28:25.608 I/am_wtf ( 1524): [0,1524,system_server,-1,DisplayDeviceConfig,requesting nits when no mapping exists.]
02-17 10:28:25.609 I/am_wtf ( 1524): [0,1524,system_server,-1,DisplayDeviceConfig,requesting nits when no mapping exists.]
02-17 10:28:25.610 I/service_manager_stats( 1524): [100,35,54517]
02-17 10:28:25.624 I/am_wtf ( 1524): [0,1524,system_server,-1,DisplayDeviceConfig,requesting nits when no mapping exists.]
02-17 10:28:25.625 I/am_wtf ( 1524): [0,1524,system_server,-1,DisplayDeviceConfig,requesting nits when no mapping exists.]
02-17 10:28:25.641 I/am_wtf ( 1524): [0,1524,system_server,-1,DisplayDeviceConfig,requesting nits when no mapping exists.]
02-17 10:28:25.642 I/am_wtf ( 1524): [0,1524,system_server,-1,DisplayDeviceConfig,requesting nits when no mapping exists.]
02-17 10:28:25.658 I/am_wtf ( 1524): [0,1524,system_server,-1,DisplayDeviceConfig,requesting nits when no mapping exists.]
02-17 10:28:25.659 I/am_wtf ( 1524): [0,1524,system_server,-1,DisplayDeviceConfig,requesting nits when no mapping exists.]
02-17 10:28:25.674 I/am_wtf ( 1524): [0,1524,system_server,-1,DisplayDeviceConfig,requesting nits when no mapping exists.]
02-17 10:28:25.675 I/am_wtf ( 1524): [0,1524,system_server,-1,DisplayDeviceConfig,requesting nits when no mapping exists.]
02-17 10:28:25.691 I/am_wtf ( 1524): [0,1524,system_server,-1,DisplayDeviceConfig,requesting nits when no mapping exists.]
02-17 10:28:25.692 I/am_wtf ( 1524): [0,1524,system_server,-1,DisplayDeviceConfig,requesting nits when no mapping exists.]
02-17 10:28:25.708 I/am_wtf ( 1524): [0,1524,system_server,-1,DisplayDeviceConfig,requesting nits when no mapping exists.]
02-17 10:28:25.709 I/am_wtf ( 1524): [0,1524,system_server,-1,DisplayDeviceConfig,requesting nits when no mapping exists.]
02-17 10:28:25.725 I/am_wtf ( 1524): [0,1524,system_server,-1,DisplayDeviceConfig,requesting nits when no mapping exists.]
02-17 10:28:25.725 I/am_wtf ( 1524): [0,1524,system_server,-1,DisplayDeviceConfig,requesting nits when no mapping exists.]
02-17 10:28:25.741 I/am_wtf ( 1524): [0,1524,system_server,-1,DisplayDeviceConfig,requesting nits when no mapping exists.]
02-17 10:28:25.742 I/am_wtf ( 1524): [0,1524,system_server,-1,DisplayDeviceConfig,requesting nits when no mapping exists.]
02-17 10:28:25.758 I/am_wtf ( 1524): [0,1524,system_server,-1,DisplayDeviceConfig,requesting nits when no mapping exists.]
02-17 10:28:25.759 I/am_wtf ( 1524): [0,1524,system_server,-1,DisplayDeviceConfig,requesting nits when no mapping exists.]
02-17 10:28:25.775 I/am_wtf ( 1524): [0,1524,system_server,-1,DisplayDeviceConfig,requesting nits when no mapping exists.]
02-17 10:28:25.776 I/am_wtf ( 1524): [0,1524,system_server,-1,DisplayDeviceConfig,requesting nits when no mapping exists.]
02-17 10:28:25.792 I/am_wtf ( 1524): [0,1524,system_server,-1,DisplayDeviceConfig,requesting nits when no mapping exists.]
02-17 10:28:25.793 I/am_wtf ( 1524): [0,1524,system_server,-1,DisplayDeviceConfig,requesting nits when no mapping exists.]
02-17 10:28:25.808 I/am_wtf ( 1524): [0,1524,system_server,-1,DisplayDeviceConfig,requesting nits when no mapping exists.]
02-17 10:28:25.809 I/am_wtf ( 1524): [0,1524,system_server,-1,DisplayDeviceConfig,requesting nits when no mapping exists.]
02-17 10:28:25.826 I/am_wtf ( 1524): [0,1524,system_server,-1,DisplayDeviceConfig,requesting nits when no mapping exists.]
02-17 10:28:25.827 I/am_wtf ( 1524): [0,1524,system_server,-1,DisplayDeviceConfig,requesting nits when no mapping exists.]
02-17 10:28:25.842 I/am_wtf ( 1524): [0,1524,system_server,-1,DisplayDeviceConfig,requesting nits when no mapping exists.]
02-17 10:28:25.843 I/am_wtf ( 1524): [0,1524,system_server,-1,DisplayDeviceConfig,requesting nits when no mapping exists.]
02-17 10:28:25.858 I/am_wtf ( 1524): [0,1524,system_server,-1,DisplayDeviceConfig,requesting nits when no mapping exists.]
02-17 10:28:25.859 I/am_wtf ( 1524): [0,1524,system_server,-1,DisplayDeviceConfig,requesting nits when no mapping exists.]
02-17 10:28:25.875 I/am_wtf ( 1524): [0,1524,system_server,-1,DisplayDeviceConfig,requesting nits when no mapping exists.]
02-17 10:28:25.876 I/am_wtf ( 1524): [0,1524,system_server,-1,DisplayDeviceConfig,requesting nits when no mapping exists.]
02-17 10:28:25.891 I/am_wtf ( 1524): [0,1524,system_server,-1,DisplayDeviceConfig,requesting nits when no mapping exists.]
