--------- beginning of radio
02-17 03:49:31.294 D/TelephonyRegistry( 1524): listen oscl: mHasNotifySubscriptionInfoChangedOccurred==false no callback
02-17 03:49:31.865 D/TelephonyRegistry( 1524): listen oscl: mHasNotifySubscriptionInfoChangedOccurred==false no callback
02-17 03:49:31.874 D/TelephonyRegistry( 1524): listen oscl: mHasNotifySubscriptionInfoChangedOccurred==false no callback
02-17 03:49:31.875 D/TelephonyRegistry( 1524): listen oscl: mHasNotifySubscriptionInfoChangedOccurred==false no callback
02-17 03:49:31.899 D/TelephonyRegistry( 1524): listen oscl: mHasNotifySubscriptionInfoChangedOccurred==false no callback
02-17 03:49:31.906 W/CarrierConfigManager( 1524): Error getting config for subId -1 ICarrierConfigLoader is null
02-17 03:49:31.936 D/TelephonyRegistry( 1524): systemRunning register for intents
02-17 03:49:32.004 D/TelephonyRegistry( 1524): listen oscl: mHasNotifySubscriptionInfoChangedOccurred==false no callback
02-17 03:49:32.307 D/TelephonyRegistry( 1524): listen oscl: mHasNotifySubscriptionInfoChangedOccurred==false no callback
02-17 03:49:32.345 D/TelephonyRegistry( 1524): listen oscl: mHasNotifySubscriptionInfoChangedOccurred==false no callback
02-17 03:49:32.350 D/TelephonyRegistry( 1524): notifyCellLocationForSubscriber: subId=2147483647 cellIdentity=null
02-17 03:49:32.522 W/CarrierConfigManager( 1999): Error getting config for subId -1 ICarrierConfigLoader is null
02-17 03:49:32.527 D/TelephonyRegistry( 1524): listen oscl: mHasNotifySubscriptionInfoChangedOccurred==false no callback
02-17 03:49:33.615 D/TelephonyRegistry( 1524): listen oscl: mHasNotifySubscriptionInfoChangedOccurred==false no callback
02-17 03:49:33.928 D/TelephonyRegistry( 1524): listen oscl: mHasNotifySubscriptionInfoChangedOccurred==false no callback
02-17 03:49:33.979 D/TelephonyRegistry( 1524): listen oscl: mHasNotifySubscriptionInfoChangedOccurred==false no callback
02-17 03:56:51.556 W/CarrierConfigManager( 1524): Error getting config for subId -1 ICarrierConfigLoader is null
02-17 03:56:51.557 W/CarrierConfigManager( 1524): Error getting config for subId -1 ICarrierConfigLoader is null
02-17 03:57:12.317 W/CarrierConfigManager( 2401): Error getting config for subId -1 ICarrierConfigLoader is null
02-17 03:57:12.346 D/TelephonyRegistry( 1524): listen oscl: mHasNotifySubscriptionInfoChangedOccurred==false no callback
02-17 03:57:12.349 D/TelephonyRegistry( 1524): listen oscl: mHasNotifySubscriptionInfoChangedOccurred==false no callback
02-17 03:57:14.445 W/FeatureConnector( 2401): [ImsConnector, 0] connect: not supported.
02-17 03:57:16.969 W/CarrierConfigManager( 2401): Error getting config for subId -1 ICarrierConfigLoader is null
02-17 03:57:17.031 D/TelephonyRegistry( 1524): listen oscl: mHasNotifySubscriptionInfoChangedOccurred==false no callback
02-17 03:57:17.033 D/TelephonyRegistry( 1524): listen oscl: mHasNotifySubscriptionInfoChangedOccurred==false no callback
02-17 03:57:22.714 W/FeatureConnector( 2401): [ImsConnector, 0] connect: not supported.
02-17 03:57:24.438 W/CarrierConfigManager( 2401): Error getting config for subId -1 ICarrierConfigLoader is null
02-17 03:57:24.477 D/TelephonyRegistry( 1524): listen oscl: mHasNotifySubscriptionInfoChangedOccurred==false no callback
02-17 03:57:24.480 D/TelephonyRegistry( 1524): listen oscl: mHasNotifySubscriptionInfoChangedOccurred==false no callback
02-17 03:59:47.867 W/CarrierConfigManager( 9432): Error getting config for subId -1 ICarrierConfigLoader is null
02-17 03:59:47.897 D/TelephonyRegistry( 1524): listen oscl: mHasNotifySubscriptionInfoChangedOccurred==false no callback
02-17 03:59:47.900 D/TelephonyRegistry( 1524): listen oscl: mHasNotifySubscriptionInfoChangedOccurred==false no callback
02-17 04:09:20.063 D/TelephonyRegistry( 1524): listen oscl: mHasNotifySubscriptionInfoChangedOccurred==false no callback
02-17 04:09:20.066 D/TelephonyRegistry( 1524): listen oscl: mHasNotifySubscriptionInfoChangedOccurred==false no callback
02-17 04:09:22.531 W/FeatureConnector( 9432): [ImsConnector, 0] connect: not supported.
02-17 04:09:30.505 D/TelephonyRegistry( 1524): listen oscl: mHasNotifySubscriptionInfoChangedOccurred==false no callback
02-17 04:09:30.507 D/TelephonyRegistry( 1524): listen oscl: mHasNotifySubscriptionInfoChangedOccurred==false no callback
02-17 04:16:33.799 W/CarrierConfigManager(11014): Error getting config for subId -1 ICarrierConfigLoader is null
02-17 04:16:33.824 D/TelephonyRegistry( 1524): listen oscl: mHasNotifySubscriptionInfoChangedOccurred==false no callback
02-17 04:16:33.828 D/TelephonyRegistry( 1524): listen oscl: mHasNotifySubscriptionInfoChangedOccurred==false no callback
02-17 04:32:27.449 D/TelephonyRegistry( 1524): listen oscl: mHasNotifySubscriptionInfoChangedOccurred==false no callback
02-17 04:32:27.450 D/TelephonyRegistry( 1524): listen oscl: mHasNotifySubscriptionInfoChangedOccurred==false no callback
02-17 04:32:29.363 W/FeatureConnector(11014): [ImsConnector, 0] connect: not supported.
02-17 04:32:31.981 W/FeatureConnector(11014): [ImsConnector, 0] connect: not supported.
02-17 04:32:38.839 W/CarrierConfigManager(11014): Error getting config for subId -1 ICarrierConfigLoader is null
02-17 04:32:38.878 D/TelephonyRegistry( 1524): listen oscl: mHasNotifySubscriptionInfoChangedOccurred==false no callback
02-17 04:32:38.881 D/TelephonyRegistry( 1524): listen oscl: mHasNotifySubscriptionInfoChangedOccurred==false no callback
02-17 04:32:42.681 W/FeatureConnector(11014): [ImsConnector, 0] connect: not supported.
02-17 04:32:47.457 W/CarrierConfigManager(11014): Error getting config for subId -1 ICarrierConfigLoader is null
02-17 04:32:47.497 D/TelephonyRegistry( 1524): listen oscl: mHasNotifySubscriptionInfoChangedOccurred==false no callback
02-17 04:32:47.500 D/TelephonyRegistry( 1524): listen oscl: mHasNotifySubscriptionInfoChangedOccurred==false no callback
02-17 04:34:01.179 D/TelephonyRegistry( 1524): listen oscl: mHasNotifySubscriptionInfoChangedOccurred==false no callback
02-17 04:34:01.181 D/TelephonyRegistry( 1524): listen oscl: mHasNotifySubscriptionInfoChangedOccurred==false no callback
02-17 04:39:28.479 D/TelephonyRegistry( 1524): listen oscl: mHasNotifySubscriptionInfoChangedOccurred==false no callback
02-17 04:39:28.482 D/TelephonyRegistry( 1524): listen oscl: mHasNotifySubscriptionInfoChangedOccurred==false no callback
02-17 04:39:30.755 W/FeatureConnector(11014): [ImsConnector, 0] connect: not supported.
02-17 04:39:33.336 W/FeatureConnector(11014): [ImsConnector, 0] connect: not supported.
02-17 04:39:37.456 W/FeatureConnector(11014): [ImsConnector, 0] connect: not supported.
02-17 04:39:40.800 W/FeatureConnector(11014): [ImsConnector, 0] connect: not supported.
02-17 04:39:43.246 W/CarrierConfigManager(11014): Error getting config for subId -1 ICarrierConfigLoader is null
02-17 04:39:43.300 D/TelephonyRegistry( 1524): listen oscl: mHasNotifySubscriptionInfoChangedOccurred==false no callback
02-17 04:39:43.304 D/TelephonyRegistry( 1524): listen oscl: mHasNotifySubscriptionInfoChangedOccurred==false no callback
02-17 04:40:15.408 D/TelephonyRegistry( 1524): listen oscl: mHasNotifySubscriptionInfoChangedOccurred==false no callback
02-17 04:40:15.410 D/TelephonyRegistry( 1524): listen oscl: mHasNotifySubscriptionInfoChangedOccurred==false no callback
02-17 08:32:18.300 D/TelephonyRegistry( 1524): listen oscl: mHasNotifySubscriptionInfoChangedOccurred==false no callback
02-17 08:32:18.301 W/CarrierConfigManager( 1999): Error getting config for subId -1 ICarrierConfigLoader is null
02-17 08:32:23.979 D/TelephonyRegistry( 1524): listen oscl: mHasNotifySubscriptionInfoChangedOccurred==false no callback
02-17 08:32:23.982 W/CarrierConfigManager( 1999): Error getting config for subId -1 ICarrierConfigLoader is null
02-17 08:34:02.228 D/TelephonyRegistry( 1524): listen oscl: mHasNotifySubscriptionInfoChangedOccurred==false no callback
02-17 08:34:02.229 W/CarrierConfigManager( 1999): Error getting config for subId -1 ICarrierConfigLoader is null
02-17 08:34:21.964 D/TelephonyRegistry( 1524): listen oscl: mHasNotifySubscriptionInfoChangedOccurred==false no callback
02-17 08:34:21.965 W/CarrierConfigManager( 1999): Error getting config for subId -1 ICarrierConfigLoader is null
02-17 08:34:25.057 D/TelephonyRegistry( 1524): listen oscl: mHasNotifySubscriptionInfoChangedOccurred==false no callback
02-17 08:34:25.058 W/CarrierConfigManager( 1999): Error getting config for subId -1 ICarrierConfigLoader is null
02-17 08:36:05.870 D/TelephonyRegistry( 1524): listen oscl: mHasNotifySubscriptionInfoChangedOccurred==false no callback
02-17 08:36:05.872 W/CarrierConfigManager( 1999): Error getting config for subId -1 ICarrierConfigLoader is null
02-17 08:36:17.846 D/TelephonyRegistry( 1524): listen oscl: mHasNotifySubscriptionInfoChangedOccurred==false no callback
02-17 08:36:17.849 W/CarrierConfigManager( 1999): Error getting config for subId -1 ICarrierConfigLoader is null
02-17 08:36:47.257 D/TelephonyRegistry( 1524): listen oscl: mHasNotifySubscriptionInfoChangedOccurred==false no callback
02-17 08:36:47.262 W/CarrierConfigManager( 1999): Error getting config for subId -1 ICarrierConfigLoader is null
02-17 08:37:24.744 D/TelephonyRegistry( 1524): listen oscl: mHasNotifySubscriptionInfoChangedOccurred==false no callback
02-17 08:37:31.059 D/TelephonyRegistry( 1524): listen oscl: mHasNotifySubscriptionInfoChangedOccurred==false no callback
02-17 08:37:38.078 D/TelephonyRegistry( 1524): listen oscl: mHasNotifySubscriptionInfoChangedOccurred==false no callback
02-17 08:38:02.493 D/TelephonyRegistry( 1524): listen oscl: mHasNotifySubscriptionInfoChangedOccurred==false no callback
02-17 08:38:12.169 D/TelephonyRegistry( 1524): listen oscl: mHasNotifySubscriptionInfoChangedOccurred==false no callback
02-17 08:38:20.543 D/TelephonyRegistry( 1524): listen oscl: mHasNotifySubscriptionInfoChangedOccurred==false no callback
02-17 08:38:28.293 D/TelephonyRegistry( 1524): listen oscl: mHasNotifySubscriptionInfoChangedOccurred==false no callback
02-17 08:38:32.570 D/TelephonyRegistry( 1524): listen oscl: mHasNotifySubscriptionInfoChangedOccurred==false no callback
02-17 08:38:50.966 D/TelephonyRegistry( 1524): listen oscl: mHasNotifySubscriptionInfoChangedOccurred==false no callback
02-17 08:39:12.095 D/TelephonyRegistry( 1524): listen oscl: mHasNotifySubscriptionInfoChangedOccurred==false no callback
02-17 08:39:21.465 D/TelephonyRegistry( 1524): listen oscl: mHasNotifySubscriptionInfoChangedOccurred==false no callback
02-17 08:39:28.470 D/TelephonyRegistry( 1524): listen oscl: mHasNotifySubscriptionInfoChangedOccurred==false no callback
02-17 08:39:34.673 D/TelephonyRegistry( 1524): listen oscl: mHasNotifySubscriptionInfoChangedOccurred==false no callback
02-17 08:39:47.082 D/TelephonyRegistry( 1524): listen oscl: mHasNotifySubscriptionInfoChangedOccurred==false no callback
02-17 08:39:52.099 D/TelephonyRegistry( 1524): listen oscl: mHasNotifySubscriptionInfoChangedOccurred==false no callback
02-17 08:40:08.785 D/TelephonyRegistry( 1524): listen oscl: mHasNotifySubscriptionInfoChangedOccurred==false no callback
02-17 08:40:15.073 D/TelephonyRegistry( 1524): listen oscl: mHasNotifySubscriptionInfoChangedOccurred==false no callback
02-17 08:40:31.424 D/TelephonyRegistry( 1524): listen oscl: mHasNotifySubscriptionInfoChangedOccurred==false no callback --------- beginning of events
02-17 10:06:04.945 I/wm_on_start_called(19147): [154061812,android.service.dreams.DreamActivity,handleStartActivity]
02-17 10:06:04.946 I/wm_on_resume_called(19147): [154061812,android.service.dreams.DreamActivity,RESUME_ACTIVITY]
02-17 10:06:04.948 I/sysui_multi_action( 1524): [757,803,799,window_time_0,802,147]
02-17 10:06:04.950 I/wm_on_top_resumed_gained_called(19147): [154061812,android.service.dreams.DreamActivity,topStateChangedWhenResumed]
02-17 10:06:04.950 I/am_proc_start( 1524): [0,21245,10080,com.android.systemui,restart,com.android.systemui]
02-17 10:06:04.951 I/wm_set_keyguard_shown( 1524): [1,0,0,setKeyguardShown]
02-17 10:06:04.964 I/am_proc_bound( 1524): [0,21245,com.android.systemui]
02-17 10:06:04.965 I/am_uid_active( 1524): 10080
02-17 10:06:04.967 I/am_uid_active( 1524): 10062
02-17 10:06:04.970 I/input_focus( 1524): [Focus request a66d323 com.thundercomm.screensaver/android.service.dreams.DreamActivity,reason=UpdateInputWindows]
02-17 10:06:04.980 I/sysui_multi_action( 1524): [319,133,322,133,325,22602,757,761,758,8,759,2,806,com.thundercomm.screensaver,871,android.service.dreams.DreamActivity,904,com.thundercomm.screensaver,905,0,1320,4,1321,2]
02-17 10:06:04.980 I/sysui_multi_action( 1524): [757,1696,758,6,759,3]
02-17 10:06:04.980 I/wm_activity_launch_time( 1524): [0,154061812,com.thundercomm.screensaver/android.service.dreams.DreamActivity,133]
02-17 10:06:04.987 I/am_wtf ( 1524): [0,1524,system_server,-1,DisplayDeviceConfig,requesting nits when no mapping exists.]
02-17 10:06:04.988 I/am_wtf ( 1524): [0,1524,system_server,-1,DisplayDeviceConfig,requesting nits when no mapping exists.]
02-17 10:06:04.998 I/wm_task_created( 1524): [124,-1]
02-17 10:06:04.999 I/wm_task_created( 1524): [125,-1]
02-17 10:06:05.003 I/am_wtf ( 1524): [0,1524,system_server,-1,DisplayDeviceConfig,requesting nits when no mapping exists.]
02-17 10:06:05.004 I/am_wtf ( 1524): [0,1524,system_server,-1,DisplayDeviceConfig,requesting nits when no mapping exists.]
02-17 10:06:05.006 I/wm_task_created( 1524): [126,-1]
02-17 10:06:05.007 I/wm_task_created( 1524): [127,-1]
02-17 10:06:05.008 I/wm_task_created( 1524): [128,-1]
02-17 10:06:05.020 I/am_wtf ( 1524): [0,1524,system_server,-1,DisplayDeviceConfig,requesting nits when no mapping exists.]
02-17 10:06:05.020 I/am_wtf ( 1524): [0,1524,system_server,-1,DisplayDeviceConfig,requesting nits when no mapping exists.]
02-17 10:06:05.021 I/input_focus( 1524): [Focus entering a66d323 com.thundercomm.screensaver/android.service.dreams.DreamActivity (server),reason=Window became focusable. Previous reason: NOT_VISIBLE]
02-17 10:06:05.030 D/TelephonyRegistry( 1524): listen oscl: mHasNotifySubscriptionInfoChangedOccurred==false no callback
02-17 10:06:05.037 I/am_wtf ( 1524): [0,1524,system_server,-1,DisplayDeviceConfig,requesting nits when no mapping exists.]
02-17 10:06:05.037 I/am_wtf ( 1524): [0,1524,system_server,-1,DisplayDeviceConfig,requesting nits when no mapping exists.]
02-17 10:06:05.053 I/am_wtf ( 1524): [0,1524,system_server,-1,DisplayDeviceConfig,requesting nits when no mapping exists.]
02-17 10:06:05.054 I/am_wtf ( 1524): [0,1524,system_server,-1,DisplayDeviceConfig,requesting nits when no mapping exists.]
02-17 10:06:05.062 I/notification_enqueue( 1524): [10080,21245,com.android.systemui,1,empty_media,0,Notification(channel=empty_media_style_id shortcut=null contentView=null vibrate=null sound=null defaults=0x0 flags=0x20 color=0x00000000 category=transport actions=4 vis=PRIVATE),1]
02-17 10:06:05.070 I/am_wtf ( 1524): [0,1524,system_server,-1,DisplayDeviceConfig,requesting nits when no mapping exists.]
02-17 10:06:05.070 I/am_wtf ( 1524): [0,1524,system_server,-1,DisplayDeviceConfig,requesting nits when no mapping exists.]
02-17 10:06:05.074 I/notification_cancel_all( 1524): [1000,1524,com.android.systemui,0,0,0,20,NULL]
02-17 10:06:05.076 I/wm_set_keyguard_shown( 1524): [0,0,0,setKeyguardShown]
02-17 10:06:05.087 I/am_wtf ( 1524): [0,1524,system_server,-1,DisplayDeviceConfig,requesting nits when no mapping exists.]
02-17 10:06:05.088 I/am_wtf ( 1524): [0,1524,system_server,-1,DisplayDeviceConfig,requesting nits when no mapping exists.]
02-17 10:06:05.095 I/sysui_multi_action(21245): [757,213,758,4,759,-1]
02-17 10:06:05.104 I/am_wtf ( 1524): [0,1524,system_server,-1,DisplayDeviceConfig,requesting nits when no mapping exists.]
02-17 10:06:05.105 I/am_wtf ( 1524): [0,1524,system_server,-1,DisplayDeviceConfig,requesting nits when no mapping exists.]
02-17 10:06:05.106 W/CarrierConfigManager(21245): Error getting config for subId -1 ICarrierConfigLoader is null
02-17 10:06:05.111 D/TelephonyRegistry( 1524): listen oscl: mHasNotifySubscriptionInfoChangedOccurred==false no callback
02-17 10:06:05.120 I/am_wtf ( 1524): [0,1524,system_server,-1,DisplayDeviceConfig,requesting nits when no mapping exists.]
02-17 10:06:05.121 I/am_wtf ( 1524): [0,1524,system_server,-1,DisplayDeviceConfig,requesting nits when no mapping exists.]
02-17 10:06:05.137 I/am_wtf ( 1524): [0,1524,system_server,-1,DisplayDeviceConfig,requesting nits when no mapping exists.]
02-17 10:06:05.138 I/am_wtf ( 1524): [0,1524,system_server,-1,DisplayDeviceConfig,requesting nits when no mapping exists.]
02-17 10:06:05.154 I/am_wtf ( 1524): [0,1524,system_server,-1,DisplayDeviceConfig,requesting nits when no mapping exists.]
02-17 10:06:05.154 I/am_wtf ( 1524): [0,1524,system_server,-1,DisplayDeviceConfig,requesting nits when no mapping exists.]
02-17 10:06:05.171 I/am_wtf ( 1524): [0,1524,system_server,-1,DisplayDeviceConfig,requesting nits when no mapping exists.]
02-17 10:06:05.171 I/am_wtf ( 1524): [0,1524,system_server,-1,DisplayDeviceConfig,requesting nits when no mapping exists.]
02-17 10:06:05.187 I/am_wtf ( 1524): [0,1524,system_server,-1,DisplayDeviceConfig,requesting nits when no mapping exists.]
02-17 10:06:05.187 I/am_wtf ( 1524): [0,1524,system_server,-1,DisplayDeviceConfig,requesting nits when no mapping exists.]
02-17 10:06:05.204 I/am_wtf ( 1524): [0,1524,system_server,-1,DisplayDeviceConfig,requesting nits when no mapping exists.]
02-17 10:06:05.204 I/am_wtf ( 1524): [0,1524,system_server,-1,DisplayDeviceConfig,requesting nits when no mapping exists.]
02-17 10:06:05.220 I/am_wtf ( 1524): [0,1524,system_server,-1,DisplayDeviceConfig,requesting nits when no mapping exists.]
02-17 10:06:05.221 I/am_wtf ( 1524): [0,1524,system_server,-1,DisplayDeviceConfig,requesting nits when no mapping exists.]
02-17 10:06:05.228 I/commit_sys_config_file( 1524): [settings-0-0,1]
02-17 10:06:05.237 I/am_wtf ( 1524): [0,1524,system_server,-1,DisplayDeviceConfig,requesting nits when no mapping exists.]
02-17 10:06:05.238 I/am_wtf ( 1524): [0,1524,system_server,-1,DisplayDeviceConfig,requesting nits when no mapping exists.]
02-17 10:06:05.251 I/am_uid_running( 1524): 10032
02-17 10:06:05.254 I/am_wtf ( 1524): [0,1524,system_server,-1,DisplayDeviceConfig,requesting nits when no mapping exists.]
02-17 10:06:05.255 I/am_wtf ( 1524): [0,1524,system_server,-1,DisplayDeviceConfig,requesting nits when no mapping exists.]
02-17 10:06:05.257 I/am_proc_start( 1524): [0,21320,10032,android.process.acore,content provider,{com.android.providers.contacts/com.android.providers.contacts.ContactsProvider2}]
02-17 10:06:05.267 I/am_proc_bound( 1524): [0,21320,android.process.acore]
02-17 10:06:05.268 I/am_uid_active( 1524): 10032
02-17 10:06:05.271 I/am_wtf ( 1524): [0,1524,system_server,-1,DisplayDeviceConfig,requesting nits when no mapping exists.]
02-17 10:06:05.273 I/am_wtf ( 1524): [0,1524,system_server,-1,DisplayDeviceConfig,requesting nits when no mapping exists.]
02-17 10:06:05.274 I/wm_stop_activity( 1524): [0,128678138,com.android.launcher3/.uioverrides.QuickstepLauncher]
02-17 10:06:05.288 I/am_wtf ( 1524): [0,1524,system_server,-1,DisplayDeviceConfig,requesting nits when no mapping exists.]
02-17 10:06:05.289 I/am_wtf ( 1524): [0,1524,system_server,-1,DisplayDeviceConfig,requesting nits when no mapping exists.]
02-17 10:06:05.299 I/wm_on_stop_called( 2568): [128678138,com.android.launcher3.uioverrides.QuickstepLauncher,STOP_ACTIVITY_ITEM]
02-17 10:06:05.304 I/am_wtf ( 1524): [0,1524,system_server,-1,DisplayDeviceConfig,requesting nits when no mapping exists.]
02-17 10:06:05.304 I/am_wtf ( 1524): [0,1524,system_server,-1,DisplayDeviceConfig,requesting nits when no mapping exists.]
02-17 10:06:05.321 I/am_wtf ( 1524): [0,1524,system_server,-1,DisplayDeviceConfig,requesting nits when no mapping exists.]
02-17 10:06:05.321 I/am_wtf ( 1524): [0,1524,system_server,-1,DisplayDeviceConfig,requesting nits when no mapping exists.]
02-17 10:06:05.338 I/am_wtf ( 1524): [0,1524,system_server,-1,DisplayDeviceConfig,requesting nits when no mapping exists.]
02-17 10:06:05.338 I/am_wtf ( 1524): [0,1524,system_server,-1,DisplayDeviceConfig,requesting nits when no mapping exists.]
02-17 10:06:05.355 I/am_wtf ( 1524): [0,1524,system_server,-1,DisplayDeviceConfig,requesting nits when no mapping exists.]
02-17 10:06:05.355 I/am_wtf ( 1524): [0,1524,system_server,-1,DisplayDeviceConfig,requesting nits when no mapping exists.]
02-17 10:06:05.371 I/am_wtf ( 1524): [0,1524,system_server,-1,DisplayDeviceConfig,requesting nits when no mapping exists.]
02-17 10:06:05.371 I/am_wtf ( 1524): [0,1524,system_server,-1,DisplayDeviceConfig,requesting nits when no mapping exists.]
02-17 10:06:05.388 I/am_wtf ( 1524): [0,1524,system_server,-1,DisplayDeviceConfig,requesting nits when no mapping exists.]
02-17 10:06:05.389 I/am_wtf ( 1524): [0,1524,system_server,-1,DisplayDeviceConfig,requesting nits when no mapping exists.]
02-17 10:06:05.405 I/am_wtf ( 1524): [0,1524,system_server,-1,DisplayDeviceConfig,requesting nits when no mapping exists.]
02-17 10:06:05.405 I/am_wtf ( 1524): [0,1524,system_server,-1,DisplayDeviceConfig,requesting nits when no mapping exists.]
02-17 10:06:05.422 I/am_wtf ( 1524): [0,1524,system_server,-1,DisplayDeviceConfig,requesting nits when no mapping exists.]
02-17 10:06:05.422 I/am_wtf ( 1524): [0,1524,system_server,-1,DisplayDeviceConfig,requesting nits when no mapping exists.]
02-17 10:06:05.438 I/am_wtf ( 1524): [0,1524,system_server,-1,DisplayDeviceConfig,requesting nits when no mapping exists.]
02-17 10:06:05.439 I/am_wtf ( 1524): [0,1524,system_server,-1,DisplayDeviceConfig,requesting nits when no mapping exists.]
02-17 10:06:05.455 I/am_wtf ( 1524): [0,1524,system_server,-1,DisplayDeviceConfig,requesting nits when no mapping exists.]
02-17 10:06:05.456 I/am_wtf ( 1524): [0,1524,system_server,-1,DisplayDeviceConfig,requesting nits when no mapping exists.]
02-17 10:06:05.471 I/am_wtf ( 1524): [0,1524,system_server,-1,DisplayDeviceConfig,requesting nits when no mapping exists.]
02-17 10:06:05.472 I/am_wtf ( 1524): [0,1524,system_server,-1,DisplayDeviceConfig,requesting nits when no mapping exists.]
02-17 10:06:05.488 I/am_wtf ( 1524): [0,1524,system_server,-1,DisplayDeviceConfig,requesting nits when no mapping exists.]
02-17 10:06:05.489 I/am_wtf ( 1524): [0,1524,system_server,-1,DisplayDeviceConfig,requesting nits when no mapping exists.]
02-17 10:06:05.506 I/am_wtf ( 1524): [0,1524,system_server,-1,DisplayDeviceConfig,requesting nits when no mapping exists.]
02-17 10:06:05.506 I/am_wtf ( 1524): [0,1524,system_server,-1,DisplayDeviceConfig,requesting nits when no mapping exists.]
02-17 10:06:05.522 I/am_wtf ( 1524): [0,1524,system_server,-1,DisplayDeviceConfig,requesting nits when no mapping exists.]
02-17 10:06:05.522 I/am_wtf ( 1524): [0,1524,system_server,-1,DisplayDeviceConfig,requesting nits when no mapping exists.]
02-17 10:06:05.539 I/am_wtf ( 1524): [0,1524,system_server,-1,DisplayDeviceConfig,requesting nits when no mapping exists.]
02-17 10:06:05.539 I/am_wtf ( 1524): [0,1524,system_server,-1,DisplayDeviceConfig,requesting nits when no mapping exists.]
02-17 10:06:05.555 I/am_wtf ( 1524): [0,1524,system_server,-1,DisplayDeviceConfig,requesting nits when no mapping exists.]
02-17 10:06:05.556 I/am_wtf ( 1524): [0,1524,system_server,-1,DisplayDeviceConfig,requesting nits when no mapping exists.]
02-17 10:06:05.572 I/am_wtf ( 1524): [0,1524,system_server,-1,DisplayDeviceConfig,requesting nits when no mapping exists.]
02-17 10:06:05.572 I/am_wtf ( 1524): [0,1524,system_server,-1,DisplayDeviceConfig,requesting nits when no mapping exists.]
02-17 10:06:05.589 I/am_wtf ( 1524): [0,1524,system_server,-1,DisplayDeviceConfig,requesting nits when no mapping exists.]
02-17 10:06:05.589 I/am_wtf ( 1524): [0,1524,system_server,-1,DisplayDeviceConfig,requesting nits when no mapping exists.]
02-17 10:06:05.606 I/am_wtf ( 1524): [0,1524,system_server,-1,DisplayDeviceConfig,requesting nits when no mapping exists.]
02-17 10:06:05.606 I/am_wtf ( 1524): [0,1524,system_server,-1,DisplayDeviceConfig,requesting nits when no mapping exists.]
02-17 10:06:05.606 I/service_manager_stats( 1524): [100,25,6965]
02-17 10:06:05.622 I/am_wtf ( 1524): [0,1524,system_server,-1,DisplayDeviceConfig,requesting nits when no mapping exists.]
02-17 10:06:05.622 I/am_wtf ( 1524): [0,1524,system_server,-1,DisplayDeviceConfig,requesting nits when no mapping exists.]
02-17 10:06:05.638 I/am_wtf ( 1524): [0,1524,system_server,-1,DisplayDeviceConfig,requesting nits when no mapping exists.]
02-17 10:06:05.639 I/am_wtf ( 1524): [0,1524,system_server,-1,DisplayDeviceConfig,requesting nits when no mapping exists.]
02-17 10:06:05.655 I/am_wtf ( 1524): [0,1524,system_server,-1,DisplayDeviceConfig,requesting nits when no mapping exists.]
02-17 10:06:05.656 I/am_wtf ( 1524): [0,1524,system_server,-1,DisplayDeviceConfig,requesting nits when no mapping exists.]
02-17 10:06:05.672 I/am_wtf ( 1524): [0,1524,system_server,-1,DisplayDeviceConfig,requesting nits when no mapping exists.]
02-17 10:06:05.672 I/am_wtf ( 1524): [0,1524,system_server,-1,DisplayDeviceConfig,requesting nits when no mapping exists.]
02-17 10:06:05.689 I/am_wtf ( 1524): [0,1524,system_server,-1,DisplayDeviceConfig,requesting nits when no mapping exists.]
02-17 10:06:05.689 I/am_wtf ( 1524): [0,1524,system_server,-1,DisplayDeviceConfig,requesting nits when no mapping exists.]
02-17 10:06:05.705 I/am_wtf ( 1524): [0,1524,system_server,-1,DisplayDeviceConfig,requesting nits when no mapping exists.]
02-17 10:06:05.705 I/am_wtf ( 1524): [0,1524,system_server,-1,DisplayDeviceConfig,requesting nits when no mapping exists.]
02-17 10:06:05.722 I/am_wtf ( 1524): [0,1524,system_server,-1,DisplayDeviceConfig,requesting nits when no mapping exists.]
02-17 10:06:05.722 I/am_wtf ( 1524): [0,1524,system_server,-1,DisplayDeviceConfig,requesting nits when no mapping exists.]
02-17 10:06:05.739 I/am_wtf ( 1524): [0,1524,system_server,-1,DisplayDeviceConfig,requesting nits when no mapping exists.]
02-17 10:06:05.739 I/am_wtf ( 1524): [0,1524,system_server,-1,DisplayDeviceConfig,requesting nits when no mapping exists.]
02-17 10:06:05.756 I/am_wtf ( 1524): [0,1524,system_server,-1,DisplayDeviceConfig,requesting nits when no mapping exists.]
02-17 10:06:05.756 I/am_wtf ( 1524): [0,1524,system_server,-1,DisplayDeviceConfig,requesting nits when no mapping exists.]
02-17 10:06:05.772 I/am_wtf ( 1524): [0,1524,system_server,-1,DisplayDeviceConfig,requesting nits when no mapping exists.]
02-17 10:06:05.772 I/am_wtf ( 1524): [0,1524,system_server,-1,DisplayDeviceConfig,requesting nits when no mapping exists.]
02-17 10:06:05.789 I/am_wtf ( 1524): [0,1524,system_server,-1,DisplayDeviceConfig,requesting nits when no mapping exists.]
02-17 10:06:05.790 I/am_wtf ( 1524): [0,1524,system_server,-1,DisplayDeviceConfig,requesting nits when no mapping exists.]
02-17 10:06:05.805 I/am_wtf ( 1524): [0,1524,system_server,-1,DisplayDeviceConfig,requesting nits when no mapping exists.]
02-17 10:06:05.806 I/am_wtf ( 1524): [0,1524,system_server,-1,DisplayDeviceConfig,requesting nits when no mapping exists.]
02-17 10:06:05.823 I/am_wtf ( 1524): [0,1524,system_server,-1,DisplayDeviceConfig,requesting nits when no mapping exists.]
02-17 10:06:05.823 I/am_wtf ( 1524): [0,1524,system_server,-1,DisplayDeviceConfig,requesting nits when no mapping exists.]
02-17 10:06:05.839 I/am_wtf ( 1524): [0,1524,system_server,-1,DisplayDeviceConfig,requesting nits when no mapping exists.]
02-17 10:06:05.839 I/am_wtf ( 1524): [0,1524,system_server,-1,DisplayDeviceConfig,requesting nits when no mapping exists.]
02-17 10:06:05.935 I/auditd ( 0): type=1400 audit(0.0:24180): avc: denied { kill } for comm="swapper/7" capability=5 scontext=u:r:kernel:s0 tcontext=u:r:kernel:s0 tclass=capability permissive=0
02-17 10:06:06.935 I/auditd ( 0): type=1400 audit(0.0:24181): avc: denied { kill } for comm="swapper/7" capability=5 scontext=u:r:kernel:s0 tcontext=u:r:kernel:s0 tclass=capability permissive=0
02-17 10:06:07.939 I/auditd ( 0): type=1400 audit(0.0:24182): avc: denied { kill } for comm="swapper/0" capability=5 scontext=u:r:kernel:s0 tcontext=u:r:kernel:s0 tclass=capability permissive=0
02-17 10:06:08.935 I/auditd ( 0): type=1400 audit(0.0:24183): avc: denied { kill } for comm="swapper/0" capability=5 scontext=u:r:kernel:s0 tcontext=u:r:kernel:s0 tclass=capability permissive=0
02-17 10:06:09.939 I/auditd ( 0): type=1400 audit(0.0:24184): avc: denied { kill } for comm="swapper/0" capability=5 scontext=u:r:kernel:s0 tcontext=u:r:kernel:s0 tclass=capability permissive=0
02-17 10:06:10.939 I/auditd ( 0): type=1400 audit(0.0:24185): avc: denied { kill } for comm="swapper/0" capability=5 scontext=u:r:kernel:s0 tcontext=u:r:kernel:s0 tclass=capability permissive=0
02-17 10:06:11.939 I/auditd ( 0): type=1400 audit(0.0:24186): avc: denied { kill } for comm="swapper/0" capability=5 scontext=u:r:kernel:s0 tcontext=u:r:kernel:s0 tclass=capability permissive=0
02-17 10:06:12.935 I/auditd ( 0): type=1400 audit(0.0:24187): avc: denied { kill } for comm="swapper/0" capability=5 scontext=u:r:kernel:s0 tcontext=u:r:kernel:s0 tclass=capability permissive=0
02-17 10:06:13.225 I/am_freeze( 1524): [20620,com.android.settings]
02-17 10:06:13.229 I/am_freeze( 1524): [20621,com.android.deskclock]
02-17 10:06:13.232 I/am_freeze( 1524): [20635,com.android.gallery3d]
02-17 10:06:13.234 I/am_freeze( 1524): [20642,com.android.music]
02-17 10:06:13.236 I/am_freeze( 1524): [20655,com.android.calendar]
02-17 10:06:13.237 I/am_kill ( 1524): [0,20620,com.android.settings,945,Unable to freeze binder interface]
02-17 10:06:13.243 I/am_kill ( 1524): [0,20621,com.android.deskclock,935,Unable to freeze binder interface]
02-17 10:06:13.244 I/am_kill ( 1524): [0,20635,com.android.gallery3d,925,Unable to freeze binder interface]
02-17 10:06:13.244 I/am_kill ( 1524): [0,20642,com.android.music,915,Unable to freeze binder interface]
02-17 10:06:13.245 I/am_kill ( 1524): [0,20655,com.android.calendar,905,Unable to freeze binder interface]
02-17 10:06:13.266 I/am_proc_died( 1524): [0,20621,com.android.deskclock,935,19]
02-17 10:06:13.267 I/am_uid_stopped( 1524): 10067
02-17 10:06:13.270 I/am_proc_died( 1524): [0,20635,com.android.gallery3d,925,19]
02-17 10:06:13.271 I/am_uid_stopped( 1524): 10065
02-17 10:06:13.275 I/am_uid_running( 1524): 10067
02-17 10:06:13.276 I/am_uid_running( 1524): 10065
02-17 10:06:13.277 I/am_uid_stopped( 1524): 10084
02-17 10:06:13.277 I/am_uid_running( 1524): 10084
02-17 10:06:13.278 I/am_uid_stopped( 1524): 10063
02-17 10:06:13.278 I/am_uid_running( 1524): 10063
02-17 10:06:13.279 I/am_pss ( 1524): [13291,2000,com.android.shell,6533120,4259840,0,91893760,0,19,5]
02-17 10:06:13.279 I/am_proc_died( 1524): [0,20642,com.android.music,915,19]
02-17 10:06:13.282 I/am_proc_died( 1524): [0,20620,com.android.settings,945,19]
02-17 10:06:13.291 I/am_proc_died( 1524): [0,20655,com.android.calendar,905,19]
02-17 10:06:13.295 I/am_proc_start( 1524): [0,21366,1000,com.android.settings,NULL,]
02-17 10:06:13.306 I/am_proc_start( 1524): [0,21367,10067,com.android.deskclock,NULL,]
02-17 10:06:13.314 I/am_proc_start( 1524): [0,21368,10065,com.android.gallery3d,NULL,]
02-17 10:06:13.321 I/am_proc_start( 1524): [0,21387,10084,com.android.music,NULL,]
02-17 10:06:13.323 I/am_proc_bound( 1524): [0,21367,com.android.deskclock]
02-17 10:06:13.328 I/am_proc_start( 1524): [0,21402,10063,com.android.calendar,NULL,]
02-17 10:06:13.331 I/am_proc_bound( 1524): [0,21366,com.android.settings]
02-17 10:06:13.338 I/am_proc_bound( 1524): [0,21368,com.android.gallery3d]
02-17 10:06:13.344 I/am_proc_bound( 1524): [0,21402,com.android.calendar]
02-17 10:06:13.348 I/am_proc_bound( 1524): [0,21387,com.android.music]
02-17 10:06:13.404 I/am_wtf ( 1524): [0,21366,com.android.settings,952647173,RoleParser,com.android.permissioncontroller.role.model.AssistantRoleBehavior]
02-17 10:06:13.406 I/am_wtf ( 1524): [0,21366,com.android.settings,952647173,RoleParser,com.android.permissioncontroller.role.model.BrowserRoleBehavior]
02-17 10:06:13.408 I/am_wtf ( 1524): [0,21366,com.android.settings,952647173,RoleParser,com.android.permissioncontroller.role.model.DialerRoleBehavior]
02-17 10:06:13.409 I/am_wtf ( 1524): [0,21366,com.android.settings,952647173,RoleParser,com.android.permissioncontroller.role.model.SmsRoleBehavior]
02-17 10:06:13.411 I/am_wtf ( 1524): [0,21366,com.android.settings,952647173,RoleParser,com.android.permissioncontroller.role.model.EmergencyRoleBehavior]
02-17 10:06:13.412 I/am_wtf ( 1524): [0,21366,com.android.settings,952647173,RoleParser,com.android.permissioncontroller.role.model.HomeRoleBehavior]
02-17 10:06:13.414 I/am_wtf ( 1524): [0,21366,com.android.settings,952647173,RoleParser,com.android.permissioncontroller.role.model.SystemAutomotiveClusterRoleBehavior]
02-17 10:06:13.415 I/am_wtf ( 1524): [0,21366,com.android.settings,952647173,RoleParser,com.android.permissioncontroller.role.model.CompanionDeviceWatchRoleBehavior]
02-17 10:06:13.417 I/am_wtf ( 1524): [0,21366,com.android.settings,952647173,RoleParser,com.android.permissioncontroller.role.model.SystemShellRoleBehavior]
02-17 10:06:13.418 I/am_wtf ( 1524): [0,21366,com.android.settings,952647173,RoleParser,com.android.permissioncontroller.role.model.TelevisionRoleBehavior]
02-17 10:06:13.420 I/am_wtf ( 1524): [0,21366,com.android.settings,952647173,RoleParser,com.android.permissioncontroller.role.model.TelevisionRoleBehavior]
02-17 10:06:13.939 I/auditd ( 0): type=1400 audit(0.0:24188): avc: denied { kill } for comm="swapper/0" capability=5 scontext=u:r:kernel:s0 tcontext=u:r:kernel:s0 tclass=capability permissive=0
02-17 10:06:14.935 I/auditd ( 0): type=1400 audit(0.0:24189): avc: denied { kill } for comm="swapper/0" capability=5 scontext=u:r:kernel:s0 tcontext=u:r:kernel:s0 tclass=capability permissive=0
02-17 10:06:15.935 I/auditd ( 0): type=1400 audit(0.0:24190): avc: denied { kill } for comm="swapper/0" capability=5 scontext=u:r:kernel:s0 tcontext=u:r:kernel:s0 tclass=capability permissive=0
02-17 10:06:16.935 I/auditd ( 0): type=1400 audit(0.0:24191): avc: denied { kill } for comm="swapper/0" capability=5 scontext=u:r:kernel:s0 tcontext=u:r:kernel:s0 tclass=capability permissive=0
02-17 10:06:17.935 I/auditd ( 0): type=1400 audit(0.0:24192): avc: denied { kill } for comm="swapper/0" capability=5 scontext=u:r:kernel:s0 tcontext=u:r:kernel:s0 tclass=capability permissive=0
02-17 10:06:18.939 I/auditd ( 0): type=1400 audit(0.0:24193): avc: denied { kill } for comm="swapper/0" capability=5 scontext=u:r:kernel:s0 tcontext=u:r:kernel:s0 tclass=capability permissive=0
02-17 10:06:19.939 I/auditd ( 0): type=1400 audit(0.0:24194): avc: denied { kill } for comm="swapper/0" capability=5 scontext=u:r:kernel:s0 tcontext=u:r:kernel:s0 tclass=capability permissive=0
02-17 10:06:20.939 I/auditd ( 0): type=1400 audit(0.0:24195): avc: denied { kill } for comm="swapper/0" capability=5 scontext=u:r:kernel:s0 tcontext=u:r:kernel:s0 tclass=capability permissive=0
02-17 10:06:21.935 I/auditd ( 0): type=1400 audit(0.0:24196): avc: denied { kill } for comm="swapper/0" capability=5 scontext=u:r:kernel:s0 tcontext=u:r:kernel:s0 tclass=capability permissive=0
02-17 10:06:22.939 I/auditd ( 0): type=1400 audit(0.0:24197): avc: denied { kill } for comm="swapper/0" capability=5 scontext=u:r:kernel:s0 tcontext=u:r:kernel:s0 tclass=capability permissive=0
02-17 10:06:23.939 I/auditd ( 0): type=1400 audit(0.0:24198): avc: denied { kill } for comm="swapper/0" capability=5 scontext=u:r:kernel:s0 tcontext=u:r:kernel:s0 tclass=capability permissive=0
02-17 10:06:24.935 I/auditd ( 0): type=1400 audit(0.0:24199): avc: denied { kill } for comm="swapper/0" capability=5 scontext=u:r:kernel:s0 tcontext=u:r:kernel:s0 tclass=capability permissive=0
02-17 10:06:25.939 I/auditd ( 0): type=1400 audit(0.0:24200): avc: denied { kill } for comm="swapper/0" capability=5 scontext=u:r:kernel:s0 tcontext=u:r:kernel:s0 tclass=capability permissive=0
02-17 10:06:26.521 I/input_interaction( 1524): Interaction with: a66d323 com.thundercomm.screensaver/android.service.dreams.DreamActivity (server), edge-swipe (server), swipe-up (server), PointerEventDispatcher0 (server),
02-17 10:06:26.524 I/wm_finish_activity( 1524): [0,154061812,123,com.thundercomm.screensaver/android.service.dreams.DreamActivity,finish-activity]
02-17 10:06:26.525 I/wm_task_moved( 1524): [1,1,5]
02-17 10:06:26.525 I/wm_task_moved( 1524): [9,1,2147483647]
02-17 10:06:26.525 I/wm_task_to_front( 1524): [0,9]
02-17 10:06:26.526 I/wm_focused_root_task( 1524): [0,0,1,123,finish-top adjustFocusToNextFocusableTask]
02-17 10:06:26.526 I/wm_set_resumed_activity( 1524): [0,com.android.launcher3/.uioverrides.QuickstepLauncher,finish-top adjustFocusToNextFocusableTask]
02-17 10:06:26.527 I/wm_pause_activity( 1524): [0,154061812,com.thundercomm.screensaver/android.service.dreams.DreamActivity,userLeaving=false,finish]
02-17 10:06:26.534 I/wm_on_top_resumed_lost_called(19147): [154061812,android.service.dreams.DreamActivity,topStateChangedWhenResumed]
02-17 10:06:26.534 I/sysui_multi_action( 1524): [757,803,799,window_time_0,802,22]
02-17 10:06:26.535 I/wm_on_paused_called(19147): [154061812,android.service.dreams.DreamActivity,performPause]
02-17 10:06:26.535 I/wm_add_to_stopping( 1524): [0,154061812,com.thundercomm.screensaver/android.service.dreams.DreamActivity,completeFinishing]
02-17 10:06:26.538 I/wm_set_resumed_activity( 1524): [0,com.android.launcher3/.uioverrides.QuickstepLauncher,resumeTopActivityInnerLocked]
02-17 10:06:26.541 I/wm_resume_activity( 1524): [0,128678138,9,com.android.launcher3/.uioverrides.QuickstepLauncher]
02-17 10:06:26.546 I/view_enqueue_input_event(19147): [Motion - Cancel,com.thundercomm.screensaver/android.service.dreams.DreamActivity]
02-17 10:06:26.548 I/sysui_multi_action( 1524): [757,803,799,window_time_0,802,0]
02-17 10:06:26.551 I/input_focus( 1524): [Focus leaving a66d323 com.thundercomm.screensaver/android.service.dreams.DreamActivity (server),reason=NO_WINDOW]
02-17 10:06:26.551 I/input_interaction( 1524): Interaction with: edge-swipe (server), swipe-up (server), PointerEventDispatcher0 (server),
02-17 10:06:26.557 I/wm_on_restart_called( 2568): [128678138,com.android.launcher3.uioverrides.QuickstepLauncher,performRestartActivity]
02-17 10:06:26.557 I/wm_on_start_called( 2568): [128678138,com.android.launcher3.uioverrides.QuickstepLauncher,handleStartActivity]
02-17 10:06:26.557 I/wm_on_resume_called( 2568): [128678138,com.android.launcher3.uioverrides.QuickstepLauncher,RESUME_ACTIVITY]
02-17 10:06:26.557 I/wm_on_top_resumed_gained_called( 2568): [128678138,com.android.launcher3.uioverrides.QuickstepLauncher,topWhenResuming]
02-17 10:06:26.568 I/input_focus( 1524): [Focus request 321be4b com.android.launcher3/com.android.launcher3.uioverrides.QuickstepLauncher,reason=UpdateInputWindows]
02-17 10:06:26.590 I/input_focus( 1524): [Focus entering 321be4b com.android.launcher3/com.android.launcher3.uioverrides.QuickstepLauncher (server),reason=setFocusedWindow]
02-17 10:06:26.828 I/wm_destroy_activity( 1524): [0,154061812,123,com.thundercomm.screensaver/android.service.dreams.DreamActivity,finish-imm:idle]
02-17 10:06:26.844 I/wm_on_stop_called(19147): [154061812,android.service.dreams.DreamActivity,LIFECYCLER_STOP_ACTIVITY]
02-17 10:06:26.845 I/wm_on_destroy_called(19147): [154061812,android.service.dreams.DreamActivity,performDestroy]
02-17 10:06:26.847 I/sysui_multi_action( 1524): [757,222,758,2]
02-17 10:06:26.848 I/sysui_multi_action( 1524): [757,804,799,dreaming_minutes,801,0,802,1]
02-17 10:06:26.853 I/wm_task_removed( 1524): [123,removeChild:removeChild last r=ActivityRecord{92ecbf4 u0 com.thundercomm.screensaver/android.service.dreams.DreamActivity t-1 f}} in t=Task{c1835a #123 type=dream A=10040:android:com.thundercomm.screensaver/dream U=0 visible=false mode=fullscreen translucent=true sz=0}]
02-17 10:06:26.853 I/wm_task_removed( 1524): [123,removeChild]
02-17 10:06:26.935 I/auditd ( 0): type=1400 audit(0.0:24201): avc: denied { kill } for comm="swapper/0" capability=5 scontext=u:r:kernel:s0 tcontext=u:r:kernel:s0 tclass=capability permissive=0
02-17 10:06:27.935 I/auditd ( 0): type=1400 audit(0.0:24202): avc: denied { kill } for comm="swapper/0" capability=5 scontext=u:r:kernel:s0 tcontext=u:r:kernel:s0 tclass=capability permissive=0
02-17 10:06:28.935 I/auditd ( 0): type=1400 audit(0.0:24203): avc: denied { kill } for comm="swapper/0" capability=5 scontext=u:r:kernel:s0 tcontext=u:r:kernel:s0 tclass=capability permissive=0
02-17 10:06:29.935 I/auditd ( 0): type=1400 audit(0.0:24204): avc: denied { kill } for comm="swapper/0" capability=5 scontext=u:r:kernel:s0 tcontext=u:r:kernel:s0 tclass=capability permissive=0
02-17 10:06:30.935 I/auditd ( 0): type=1400 audit(0.0:24205): avc: denied { kill } for comm="swapper/0" capability=5 scontext=u:r:kernel:s0 tcontext=u:r:kernel:s0 tclass=capability permissive=0
02-17 10:06:30.953 I/input_interaction( 1524): Interaction with: bfce9a1 StatusBar (server), edge-swipe (server), swipe-up (server), PointerEventDispatcher0 (server),
02-17 10:06:30.958 I/sysui_multi_action(21245): [757,803,799,panel_open,802,1]
02-17 10:06:30.963 I/sysui_multi_action(21245): [757,1328,758,4,1326,45,1327,5,1329,0]
02-17 10:06:30.996 I/sysui_multi_action( 1524): [757,127,758,1]
02-17 10:06:30.996 I/sysui_multi_action( 1524): [757,804,799,note_load,801,3,802,1]
02-17 10:06:30.996 I/notification_panel_revealed( 1524): 3
02-17 10:06:31.006 I/input_focus( 1524): [Focus request 8a2dc1c NotificationShade,reason=UpdateInputWindows]
02-17 10:06:31.033 I/sysui_multi_action( 1524): [757,128,758,1,793,21415644,794,0,795,21415644,796,26,798,0,806,android,857,DEVELOPER_IMPORTANT,858,4,947,0,1395,3,1500,21415437,1688,1]
02-17 10:06:31.034 I/sysui_multi_action( 1524): [757,804,799,note_freshness,801,21415644,802,1]
02-17 10:06:31.034 I/notification_visibility( 1524): [-1|android|26|null|1000,1,21415644,21415644,0,0]
02-17 10:06:31.034 I/sysui_multi_action( 1524): [757,128,758,1,793,6648568,794,0,795,6648568,796,4273,798,1,806,com.android.systemui,857,screen_record,858,3,947,0,1395,3,1500,6648364,1688,1,1745,680407814]
02-17 10:06:31.034 I/sysui_multi_action( 1524): [757,804,799,note_freshness,801,6648568,802,1]
02-17 10:06:31.034 I/notification_visibility( 1524): [0|com.android.systemui|4273|null|10080,1,6648568,6648568,0,1]
02-17 10:06:31.035 I/sysui_multi_action( 1524): [757,128,758,1,793,22617580,794,0,795,22617580,796,32,798,2,806,android,857,USB,858,1,947,0,1395,3,1500,22617148,1688,1]
02-17 10:06:31.035 I/sysui_multi_action( 1524): [757,804,799,note_freshness,801,22617580,802,1]
02-17 10:06:31.035 I/notification_visibility( 1524): [-1|android|32|null|1000,1,22617580,22617580,0,2]
02-17 10:06:31.035 I/input_focus( 1524): [Focus leaving 321be4b com.android.launcher3/com.android.launcher3.uioverrides.QuickstepLauncher (server),reason=Waiting for window because NOT_VISIBLE]
02-17 10:06:31.050 I/input_focus( 1524): [Focus entering 8a2dc1c NotificationShade (server),reason=Window became focusable. Previous reason: NOT_VISIBLE]
02-17 10:06:31.060 I/sysui_multi_action(21245): [757,111,758,1]
02-17 10:06:31.061 I/sysui_multi_action(21245): [757,126,758,1,759,126,927,0,928,0,1593,0]
02-17 10:06:31.061 I/sysui_multi_action(21245): [757,113,758,1,759,113,927,1,928,1,1593,0]
02-17 10:06:31.061 I/sysui_multi_action(21245): [757,0,758,1,759,0,927,2,928,0,1593,0]
02-17 10:06:31.061 I/sysui_multi_action(21245): [757,0,758,1,759,0,927,3,928,0,1593,0]
02-17 10:06:31.061 I/sysui_multi_action(21245): [757,491,758,1,759,491,927,4,928,0,1311,-1,1593,0]
02-17 10:06:31.061 I/sysui_multi_action(21245): [757,122,758,1,759,122,927,5,928,1,1593,0]
02-17 10:06:31.061 I/sysui_multi_action(21245): [757,0,758,1,759,0,927,6,928,0,1593,0]
02-17 10:06:31.061 I/sysui_multi_action(21245): [757,0,758,1,759,0,927,7,1593,0]
02-17 10:06:31.062 I/sysui_multi_action(21245): [757,111,758,1]
02-17 10:06:31.062 I/sysui_multi_action(21245): [757,126,758,1,759,126,927,0,928,0,1593,0]
02-17 10:06:31.062 I/sysui_multi_action(21245): [757,113,758,1,759,113,927,1,928,1,1593,0]
02-17 10:06:31.062 I/sysui_multi_action(21245): [757,0,758,1,759,0,927,2,928,0,1593,0]
02-17 10:06:31.062 I/sysui_multi_action(21245): [757,0,758,1,759,0,927,3,928,0,1593,0]
02-17 10:06:31.935 I/auditd ( 0): type=1400 audit(0.0:24206): avc: denied { kill } for comm="swapper/0" capability=5 scontext=u:r:kernel:s0 tcontext=u:r:kernel:s0 tclass=capability permissive=0
02-17 10:06:32.939 I/auditd ( 0): type=1400 audit(0.0:24207): avc: denied { kill } for comm="swapper/0" capability=5 scontext=u:r:kernel:s0 tcontext=u:r:kernel:s0 tclass=capability permissive=0
02-17 10:06:32.998 I/input_interaction( 1524): Interaction with: 8a2dc1c NotificationShade (server), edge-swipe (server), swipe-up (server), PointerEventDispatcher0 (server),
02-17 10:06:33.939 I/auditd ( 0): type=1400 audit(0.0:24208): avc: denied { kill } for comm="swapper/0" capability=5 scontext=u:r:kernel:s0 tcontext=u:r:kernel:s0 tclass=capability permissive=0
02-17 10:06:34.293 I/volume_changed( 1524): [3,13,22,39,com.android.systemui]
02-17 10:06:34.312 I/volume_changed( 1524): [3,22,13,39,com.android.systemui]
02-17 10:06:34.646 I/sysui_multi_action(21245): [757,111,758,2]
02-17 10:06:34.647 I/sysui_multi_action(21245): [757,111,758,2]
02-17 10:06:34.651 I/notification_enqueue( 1524): [10080,21245,com.android.systemui,2048,NULL,0,Notification(channel=updateNotification shortcut=null contentView=null vibrate=null sound=null defaults=0x0 flags=0x0 color=0x00000000 vis=PRIVATE),1]
02-17 10:06:34.862 I/input_focus( 1524): [Focus request 321be4b com.android.launcher3/com.android.launcher3.uioverrides.QuickstepLauncher,reason=UpdateInputWindows]
02-17 10:06:34.866 I/sysui_multi_action( 1524): [757,128,758,2,793,21419477,794,3833,795,21419477,796,26,798,0,806,android,857,DEVELOPER_IMPORTANT,858,4,947,0,1395,3,1500,21419270,1688,1]
02-17 10:06:34.866 I/notification_visibility( 1524): [-1|android|26|null|1000,0,21419477,21419477,0,0]
02-17 10:06:34.867 I/sysui_multi_action( 1524): [757,128,758,2,793,6652401,794,3833,795,6652401,796,4273,798,1,806,com.android.systemui,857,screen_record,858,3,947,0,1395,3,1500,6652197,1688,1,1745,680407814]
02-17 10:06:34.867 I/notification_visibility( 1524): [0|com.android.systemui|4273|null|10080,0,6652401,6652401,0,1]
02-17 10:06:34.867 I/sysui_multi_action( 1524): [757,128,758,2,793,22621412,794,3832,795,22621412,796,32,798,2,806,android,857,USB,858,1,947,0,1395,3,1500,22620980,1688,1]
02-17 10:06:34.867 I/notification_visibility( 1524): [-1|android|32|null|1000,0,22621412,22621412,0,2]
02-17 10:06:34.868 I/sysui_multi_action( 1524): [757,127,758,2]
02-17 10:06:34.868 I/notification_panel_hidden( 1524):
02-17 10:06:34.894 I/input_focus( 1524): [Focus leaving 8a2dc1c NotificationShade (server),reason=NO_WINDOW]
02-17 10:06:34.894 I/input_focus( 1524): [Focus entering 321be4b com.android.launcher3/com.android.launcher3.uioverrides.QuickstepLauncher (server),reason=setFocusedWindow]
02-17 10:06:34.939 I/auditd ( 0): type=1400 audit(0.0:24209): avc: denied { kill } for comm="swapper/0" capability=5 scontext=u:r:kernel:s0 tcontext=u:r:kernel:s0 tclass=capability permissive=0
02-17 10:06:35.593 I/input_interaction( 1524): Interaction with: 321be4b com.android.launcher3/com.android.launcher3.uioverrides.QuickstepLauncher (server), a1e468b com.android.systemui.ImageWallpaper (server), edge-swipe (server), swipe-up (server), PointerEventDispatcher0 (server),
02-17 10:06:35.747 I/wm_task_created( 1524): [129,-1]
02-17 10:06:35.749 I/wm_task_moved( 1524): [129,1,6]
02-17 10:06:35.749 I/wm_task_to_front( 1524): [0,129]
02-17 10:06:35.749 I/wm_create_task( 1524): [0,129]
02-17 10:06:35.749 I/wm_create_activity( 1524): [0,187916372,129,com.android.settings/.Settings,android.intent.action.MAIN,NULL,NULL,270532608]
02-17 10:06:35.749 I/wm_task_moved( 1524): [129,1,6]
02-17 10:06:35.750 I/wm_pause_activity( 1524): [0,128678138,com.android.launcher3/.uioverrides.QuickstepLauncher,userLeaving=true,pauseBackTasks]
02-17 10:06:35.754 I/wm_on_top_resumed_lost_called( 2568): [128678138,com.android.launcher3.uioverrides.QuickstepLauncher,topStateChangedWhenResumed]
02-17 10:06:35.755 I/wm_on_paused_called( 2568): [128678138,com.android.launcher3.uioverrides.QuickstepLauncher,performPause]
02-17 10:06:35.756 I/wm_add_to_stopping( 1524): [0,128678138,com.android.launcher3/.uioverrides.QuickstepLauncher,makeInvisible]
02-17 10:06:35.757 I/wm_restart_activity( 1524): [0,187916372,129,com.android.settings/.Settings]
02-17 10:06:35.757 I/wm_set_resumed_activity( 1524): [0,com.android.settings/.Settings,minimalResumeActivityLocked]
02-17 10:06:35.766 I/sysui_multi_action( 1524): [757,803,799,window_time_0,802,9]
02-17 10:06:35.774 I/am_pss ( 1524): [21387,10084,com.android.music,7001088,4796416,0,90341376,0,19,5]
02-17 10:06:35.782 I/input_focus( 1524): [Focus leaving 321be4b com.android.launcher3/com.android.launcher3.uioverrides.QuickstepLauncher (server),reason=NO_WINDOW]
02-17 10:06:35.782 I/am_pss ( 1524): [21402,10063,com.android.calendar,6454272,4063232,0,91025408,0,19,6]
02-17 10:06:35.789 I/am_pss ( 1524): [21368,10065,com.android.gallery3d,7767040,5193728,0,93245440,0,19,4]
02-17 10:06:35.794 I/am_pss ( 1524): [21367,10067,com.android.deskclock,8983552,6053888,0,95203328,0,19,5]
02-17 10:06:35.801 I/am_pss ( 1524): [21320,10032,android.process.acore,13162496,9265152,0,116060160,0,19,5]
02-17 10:06:35.873 I/am_uid_running( 1524): 10082
02-17 10:06:35.874 I/wm_on_create_called(21366): [187916372,com.android.settings.Settings,performCreate]
02-17 10:06:35.879 I/am_proc_start( 1524): [0,21483,10082,com.qualcomm.qti.qccauthmgr,content provider,{com.qualcomm.qti.qccauthmgr/com.qualcomm.qti.qccauthmgr.providers.SMQContentProvider}]
02-17 10:06:35.888 I/am_proc_bound( 1524): [0,21483,com.qualcomm.qti.qccauthmgr]
02-17 10:06:35.889 I/am_uid_active( 1524): 10082
