02-17 10:35:45.618 I/am_wtf ( 1524): [0,1524,system_server,-1,DisplayDeviceConfig,requesting nits when no mapping exists.]
02-17 10:35:45.635 I/am_wtf ( 1524): [0,1524,system_server,-1,DisplayDeviceConfig,requesting nits when no mapping exists.]
02-17 10:35:45.635 I/am_wtf ( 1524): [0,1524,system_server,-1,DisplayDeviceConfig,requesting nits when no mapping exists.]
02-17 10:35:45.650 I/am_wtf ( 1524): [0,1524,system_server,-1,DisplayDeviceConfig,requesting nits when no mapping exists.]
02-17 10:35:45.651 I/am_wtf ( 1524): [0,1524,system_server,-1,DisplayDeviceConfig,requesting nits when no mapping exists.]
02-17 10:35:45.668 I/am_wtf ( 1524): [0,1524,system_server,-1,DisplayDeviceConfig,requesting nits when no mapping exists.]
02-17 10:35:45.668 I/am_wtf ( 1524): [0,1524,system_server,-1,DisplayDeviceConfig,requesting nits when no mapping exists.]
02-17 10:35:45.684 I/am_wtf ( 1524): [0,1524,system_server,-1,DisplayDeviceConfig,requesting nits when no mapping exists.]
02-17 10:35:45.684 I/am_wtf ( 1524): [0,1524,system_server,-1,DisplayDeviceConfig,requesting nits when no mapping exists.]
02-17 10:35:45.701 I/am_wtf ( 1524): [0,1524,system_server,-1,DisplayDeviceConfig,requesting nits when no mapping exists.]
02-17 10:35:45.701 I/am_wtf ( 1524): [0,1524,system_server,-1,DisplayDeviceConfig,requesting nits when no mapping exists.]
02-17 10:35:45.718 I/am_wtf ( 1524): [0,1524,system_server,-1,DisplayDeviceConfig,requesting nits when no mapping exists.]
02-17 10:35:45.718 I/am_wtf ( 1524): [0,1524,system_server,-1,DisplayDeviceConfig,requesting nits when no mapping exists.]
02-17 10:35:45.734 I/am_wtf ( 1524): [0,1524,system_server,-1,DisplayDeviceConfig,requesting nits when no mapping exists.]
02-17 10:35:45.734 I/am_wtf ( 1524): [0,1524,system_server,-1,DisplayDeviceConfig,requesting nits when no mapping exists.]
02-17 10:35:45.751 I/am_wtf ( 1524): [0,1524,system_server,-1,DisplayDeviceConfig,requesting nits when no mapping exists.]
02-17 10:35:45.752 I/am_wtf ( 1524): [0,1524,system_server,-1,DisplayDeviceConfig,requesting nits when no mapping exists.]
02-17 10:35:45.767 I/am_wtf ( 1524): [0,1524,system_server,-1,DisplayDeviceConfig,requesting nits when no mapping exists.]
02-17 10:35:45.768 I/am_wtf ( 1524): [0,1524,system_server,-1,DisplayDeviceConfig,requesting nits when no mapping exists.]
02-17 10:35:45.784 I/am_wtf ( 1524): [0,1524,system_server,-1,DisplayDeviceConfig,requesting nits when no mapping exists.]
02-17 10:35:45.785 I/am_wtf ( 1524): [0,1524,system_server,-1,DisplayDeviceConfig,requesting nits when no mapping exists.]
02-17 10:35:45.801 I/am_wtf ( 1524): [0,1524,system_server,-1,DisplayDeviceConfig,requesting nits when no mapping exists.]
02-17 10:35:45.802 I/am_wtf ( 1524): [0,1524,system_server,-1,DisplayDeviceConfig,requesting nits when no mapping exists.]
02-17 10:35:45.819 I/am_wtf ( 1524): [0,1524,system_server,-1,DisplayDeviceConfig,requesting nits when no mapping exists.]
02-17 10:35:45.819 I/am_wtf ( 1524): [0,1524,system_server,-1,DisplayDeviceConfig,requesting nits when no mapping exists.]
02-17 10:35:45.819 I/wm_stop_activity( 1524): [0,128678138,com.android.launcher3/.uioverrides.QuickstepLauncher]
02-17 10:35:45.834 I/am_wtf ( 1524): [0,1524,system_server,-1,DisplayDeviceConfig,requesting nits when no mapping exists.]
02-17 10:35:45.835 I/am_wtf ( 1524): [0,1524,system_server,-1,DisplayDeviceConfig,requesting nits when no mapping exists.]
02-17 10:35:45.840 I/wm_on_stop_called( 2568): [128678138,com.android.launcher3.uioverrides.QuickstepLauncher,STOP_ACTIVITY_ITEM]
02-17 10:35:45.852 I/am_wtf ( 1524): [0,1524,system_server,-1,DisplayDeviceConfig,requesting nits when no mapping exists.]
02-17 10:35:45.852 I/am_wtf ( 1524): [0,1524,system_server,-1,DisplayDeviceConfig,requesting nits when no mapping exists.]
02-17 10:35:45.868 I/am_wtf ( 1524): [0,1524,system_server,-1,DisplayDeviceConfig,requesting nits when no mapping exists.]
02-17 10:35:45.868 I/service_manager_stats( 1524): [100,39,6900]
02-17 10:35:45.868 I/am_wtf ( 1524): [0,1524,system_server,-1,DisplayDeviceConfig,requesting nits when no mapping exists.]
02-17 10:35:45.884 I/am_wtf ( 1524): [0,1524,system_server,-1,DisplayDeviceConfig,requesting nits when no mapping exists.]
02-17 10:35:45.884 I/am_wtf ( 1524): [0,1524,system_server,-1,DisplayDeviceConfig,requesting nits when no mapping exists.]
02-17 10:35:45.898 I/am_wtf ( 1524): [0,1524,system_server,-1,DisplayDeviceConfig,requesting nits when no mapping exists.]
02-17 10:35:45.899 I/am_wtf ( 1524): [0,1524,system_server,-1,DisplayDeviceConfig,requesting nits when no mapping exists.]
02-17 10:35:45.915 I/am_wtf ( 1524): [0,1524,system_server,-1,DisplayDeviceConfig,requesting nits when no mapping exists.]
02-17 10:35:45.915 I/am_wtf ( 1524): [0,1524,system_server,-1,DisplayDeviceConfig,requesting nits when no mapping exists.]
02-17 10:35:45.932 I/am_wtf ( 1524): [0,1524,system_server,-1,DisplayDeviceConfig,requesting nits when no mapping exists.]
02-17 10:35:45.932 I/am_wtf ( 1524): [0,1524,system_server,-1,DisplayDeviceConfig,requesting nits when no mapping exists.]
02-17 10:35:45.949 I/am_wtf ( 1524): [0,1524,system_server,-1,DisplayDeviceConfig,requesting nits when no mapping exists.]
02-17 10:35:45.949 I/am_wtf ( 1524): [0,1524,system_server,-1,DisplayDeviceConfig,requesting nits when no mapping exists.]
02-17 10:35:45.965 I/am_wtf ( 1524): [0,1524,system_server,-1,DisplayDeviceConfig,requesting nits when no mapping exists.]
02-17 10:35:45.966 I/am_wtf ( 1524): [0,1524,system_server,-1,DisplayDeviceConfig,requesting nits when no mapping exists.]
02-17 10:35:45.982 I/am_wtf ( 1524): [0,1524,system_server,-1,DisplayDeviceConfig,requesting nits when no mapping exists.]
02-17 10:35:45.983 I/am_wtf ( 1524): [0,1524,system_server,-1,DisplayDeviceConfig,requesting nits when no mapping exists.]
02-17 10:35:45.999 I/am_wtf ( 1524): [0,1524,system_server,-1,DisplayDeviceConfig,requesting nits when no mapping exists.]
02-17 10:35:45.999 I/am_wtf ( 1524): [0,1524,system_server,-1,DisplayDeviceConfig,requesting nits when no mapping exists.]
02-17 10:35:46.015 I/am_wtf ( 1524): [0,1524,system_server,-1,DisplayDeviceConfig,requesting nits when no mapping exists.]
02-17 10:35:46.016 I/am_wtf ( 1524): [0,1524,system_server,-1,DisplayDeviceConfig,requesting nits when no mapping exists.]
02-17 10:35:46.032 I/am_wtf ( 1524): [0,1524,system_server,-1,DisplayDeviceConfig,requesting nits when no mapping exists.]
02-17 10:35:46.032 I/am_wtf ( 1524): [0,1524,system_server,-1,DisplayDeviceConfig,requesting nits when no mapping exists.]
02-17 10:35:46.049 I/am_wtf ( 1524): [0,1524,system_server,-1,DisplayDeviceConfig,requesting nits when no mapping exists.]
02-17 10:35:46.049 I/am_wtf ( 1524): [0,1524,system_server,-1,DisplayDeviceConfig,requesting nits when no mapping exists.]
02-17 10:35:46.066 I/am_wtf ( 1524): [0,1524,system_server,-1,DisplayDeviceConfig,requesting nits when no mapping exists.]
02-17 10:35:46.066 I/am_wtf ( 1524): [0,1524,system_server,-1,DisplayDeviceConfig,requesting nits when no mapping exists.]
02-17 10:35:46.082 I/am_wtf ( 1524): [0,1524,system_server,-1,DisplayDeviceConfig,requesting nits when no mapping exists.]
02-17 10:35:46.082 I/am_wtf ( 1524): [0,1524,system_server,-1,DisplayDeviceConfig,requesting nits when no mapping exists.]
02-17 10:35:46.099 I/am_wtf ( 1524): [0,1524,system_server,-1,DisplayDeviceConfig,requesting nits when no mapping exists.]
02-17 10:35:46.100 I/am_wtf ( 1524): [0,1524,system_server,-1,DisplayDeviceConfig,requesting nits when no mapping exists.]
02-17 10:35:46.116 I/am_wtf ( 1524): [0,1524,system_server,-1,DisplayDeviceConfig,requesting nits when no mapping exists.]
02-17 10:35:46.116 I/am_wtf ( 1524): [0,1524,system_server,-1,DisplayDeviceConfig,requesting nits when no mapping exists.]
02-17 10:35:46.133 I/am_wtf ( 1524): [0,1524,system_server,-1,DisplayDeviceConfig,requesting nits when no mapping exists.]
02-17 10:35:46.133 I/am_wtf ( 1524): [0,1524,system_server,-1,DisplayDeviceConfig,requesting nits when no mapping exists.]
02-17 10:35:46.149 I/am_wtf ( 1524): [0,1524,system_server,-1,DisplayDeviceConfig,requesting nits when no mapping exists.]
02-17 10:35:46.150 I/am_wtf ( 1524): [0,1524,system_server,-1,DisplayDeviceConfig,requesting nits when no mapping exists.]
02-17 10:35:46.166 I/am_wtf ( 1524): [0,1524,system_server,-1,DisplayDeviceConfig,requesting nits when no mapping exists.]
02-17 10:35:46.167 I/am_wtf ( 1524): [0,1524,system_server,-1,DisplayDeviceConfig,requesting nits when no mapping exists.]
02-17 10:35:46.183 I/am_wtf ( 1524): [0,1524,system_server,-1,DisplayDeviceConfig,requesting nits when no mapping exists.]
02-17 10:35:46.183 I/am_wtf ( 1524): [0,1524,system_server,-1,DisplayDeviceConfig,requesting nits when no mapping exists.]
02-17 10:35:46.200 I/am_wtf ( 1524): [0,1524,system_server,-1,DisplayDeviceConfig,requesting nits when no mapping exists.]
02-17 10:35:46.200 I/am_wtf ( 1524): [0,1524,system_server,-1,DisplayDeviceConfig,requesting nits when no mapping exists.]
02-17 10:35:46.216 I/am_wtf ( 1524): [0,1524,system_server,-1,DisplayDeviceConfig,requesting nits when no mapping exists.]
02-17 10:35:46.216 I/am_wtf ( 1524): [0,1524,system_server,-1,DisplayDeviceConfig,requesting nits when no mapping exists.]
02-17 10:35:46.233 I/am_wtf ( 1524): [0,1524,system_server,-1,DisplayDeviceConfig,requesting nits when no mapping exists.]
02-17 10:35:46.233 I/am_wtf ( 1524): [0,1524,system_server,-1,DisplayDeviceConfig,requesting nits when no mapping exists.]
02-17 10:35:46.250 I/am_wtf ( 1524): [0,1524,system_server,-1,DisplayDeviceConfig,requesting nits when no mapping exists.]
02-17 10:35:46.250 I/am_wtf ( 1524): [0,1524,system_server,-1,DisplayDeviceConfig,requesting nits when no mapping exists.]
02-17 10:35:46.266 I/am_wtf ( 1524): [0,1524,system_server,-1,DisplayDeviceConfig,requesting nits when no mapping exists.]
02-17 10:35:46.266 I/am_wtf ( 1524): [0,1524,system_server,-1,DisplayDeviceConfig,requesting nits when no mapping exists.]
02-17 10:35:46.283 I/am_wtf ( 1524): [0,1524,system_server,-1,DisplayDeviceConfig,requesting nits when no mapping exists.]
02-17 10:35:46.284 I/am_wtf ( 1524): [0,1524,system_server,-1,DisplayDeviceConfig,requesting nits when no mapping exists.]
02-17 10:35:46.300 I/am_wtf ( 1524): [0,1524,system_server,-1,DisplayDeviceConfig,requesting nits when no mapping exists.]
02-17 10:35:46.300 I/am_wtf ( 1524): [0,1524,system_server,-1,DisplayDeviceConfig,requesting nits when no mapping exists.]
02-17 10:35:46.316 I/am_wtf ( 1524): [0,1524,system_server,-1,DisplayDeviceConfig,requesting nits when no mapping exists.]
02-17 10:35:46.316 I/am_wtf ( 1524): [0,1524,system_server,-1,DisplayDeviceConfig,requesting nits when no mapping exists.]
02-17 10:35:46.333 I/am_wtf ( 1524): [0,1524,system_server,-1,DisplayDeviceConfig,requesting nits when no mapping exists.]
02-17 10:35:46.333 I/am_wtf ( 1524): [0,1524,system_server,-1,DisplayDeviceConfig,requesting nits when no mapping exists.]
02-17 10:35:46.350 I/am_wtf ( 1524): [0,1524,system_server,-1,DisplayDeviceConfig,requesting nits when no mapping exists.]
02-17 10:35:46.350 I/am_wtf ( 1524): [0,1524,system_server,-1,DisplayDeviceConfig,requesting nits when no mapping exists.]
02-17 10:35:46.366 I/am_wtf ( 1524): [0,1524,system_server,-1,DisplayDeviceConfig,requesting nits when no mapping exists.]
02-17 10:35:46.367 I/am_wtf ( 1524): [0,1524,system_server,-1,DisplayDeviceConfig,requesting nits when no mapping exists.]
02-17 10:35:46.383 I/am_wtf ( 1524): [0,1524,system_server,-1,DisplayDeviceConfig,requesting nits when no mapping exists.]
02-17 10:35:46.383 I/am_wtf ( 1524): [0,1524,system_server,-1,DisplayDeviceConfig,requesting nits when no mapping exists.]
02-17 10:35:46.400 I/am_wtf ( 1524): [0,1524,system_server,-1,DisplayDeviceConfig,requesting nits when no mapping exists.]
02-17 10:35:46.400 I/am_wtf ( 1524): [0,1524,system_server,-1,DisplayDeviceConfig,requesting nits when no mapping exists.]
02-17 10:35:46.417 I/am_wtf ( 1524): [0,1524,system_server,-1,DisplayDeviceConfig,requesting nits when no mapping exists.]
02-17 10:35:46.417 I/am_wtf ( 1524): [0,1524,system_server,-1,DisplayDeviceConfig,requesting nits when no mapping exists.]
02-17 10:35:46.433 I/am_wtf ( 1524): [0,1524,system_server,-1,DisplayDeviceConfig,requesting nits when no mapping exists.]
02-17 10:35:46.433 I/am_wtf ( 1524): [0,1524,system_server,-1,DisplayDeviceConfig,requesting nits when no mapping exists.]
02-17 10:35:46.450 I/am_wtf ( 1524): [0,1524,system_server,-1,DisplayDeviceConfig,requesting nits when no mapping exists.]
02-17 10:35:46.450 I/am_wtf ( 1524): [0,1524,system_server,-1,DisplayDeviceConfig,requesting nits when no mapping exists.]
02-17 10:35:46.935 I/auditd ( 0): type=1400 audit(0.0:26266): avc: denied { kill } for comm="swapper/7" capability=5 scontext=u:r:kernel:s0 tcontext=u:r:kernel:s0 tclass=capability permissive=0
02-17 10:35:47.935 I/auditd ( 0): type=1400 audit(0.0:26267): avc: denied { kill } for comm="swapper/7" capability=5 scontext=u:r:kernel:s0 tcontext=u:r:kernel:s0 tclass=capability permissive=0
02-17 10:35:48.935 I/auditd ( 0): type=1400 audit(0.0:26268): avc: denied { kill } for comm="swapper/7" capability=5 scontext=u:r:kernel:s0 tcontext=u:r:kernel:s0 tclass=capability permissive=0
02-17 10:35:49.935 I/auditd ( 0): type=1400 audit(0.0:26269): avc: denied { kill } for comm="swapper/1" capability=5 scontext=u:r:kernel:s0 tcontext=u:r:kernel:s0 tclass=capability permissive=0
02-17 10:35:50.935 I/auditd ( 0): type=1400 audit(0.0:26270): avc: denied { kill } for comm="swapper/1" capability=5 scontext=u:r:kernel:s0 tcontext=u:r:kernel:s0 tclass=capability permissive=0
02-17 10:35:51.935 I/auditd ( 0): type=1400 audit(0.0:26271): avc: denied { kill } for comm="swapper/1" capability=5 scontext=u:r:kernel:s0 tcontext=u:r:kernel:s0 tclass=capability permissive=0
02-17 10:35:52.935 I/auditd ( 0): type=1400 audit(0.0:26272): avc: denied { kill } for comm="swapper/1" capability=5 scontext=u:r:kernel:s0 tcontext=u:r:kernel:s0 tclass=capability permissive=0
02-17 10:35:53.935 I/auditd ( 0): type=1400 audit(0.0:26273): avc: denied { kill } for comm="swapper/1" capability=5 scontext=u:r:kernel:s0 tcontext=u:r:kernel:s0 tclass=capability permissive=0
02-17 10:35:54.935 I/auditd ( 0): type=1400 audit(0.0:26274): avc: denied { kill } for comm="swapper/1" capability=5 scontext=u:r:kernel:s0 tcontext=u:r:kernel:s0 tclass=capability permissive=0
02-17 10:35:55.935 I/auditd ( 0): type=1400 audit(0.0:26275): avc: denied { kill } for comm="swapper/1" capability=5 scontext=u:r:kernel:s0 tcontext=u:r:kernel:s0 tclass=capability permissive=0
02-17 10:35:56.557 I/am_freeze( 1524): [22550,com.android.gallery3d]
02-17 10:35:56.560 I/am_kill ( 1524): [0,22550,com.android.gallery3d,905,Unable to freeze binder interface]
02-17 10:35:56.611 I/am_proc_died( 1524): [0,22550,com.android.gallery3d,905,19]
02-17 10:35:56.612 I/am_uid_stopped( 1524): 10065
02-17 10:35:56.618 I/am_uid_running( 1524): 10065
02-17 10:35:56.626 I/am_pss ( 1524): [22819,10084,com.android.music,35246080,29278208,0,152711168,0,2,10]
02-17 10:35:56.639 I/am_proc_start( 1524): [0,23143,10065,com.android.gallery3d,NULL,]
02-17 10:35:56.679 I/am_proc_bound( 1524): [0,23143,com.android.gallery3d]
02-17 10:35:56.935 I/auditd ( 0): type=1400 audit(0.0:26276): avc: denied { kill } for comm="swapper/1" capability=5 scontext=u:r:kernel:s0 tcontext=u:r:kernel:s0 tclass=capability permissive=0
02-17 10:35:57.935 I/auditd ( 0): type=1400 audit(0.0:26277): avc: denied { kill } for comm="swapper/1" capability=5 scontext=u:r:kernel:s0 tcontext=u:r:kernel:s0 tclass=capability permissive=0
02-17 10:35:58.935 I/auditd ( 0): type=1400 audit(0.0:26278): avc: denied { kill } for comm="swapper/1" capability=5 scontext=u:r:kernel:s0 tcontext=u:r:kernel:s0 tclass=capability permissive=0
02-17 10:36:00.935 I/auditd ( 0): type=1400 audit(0.0:26279): avc: denied { kill } for comm="swapper/3" capability=5 scontext=u:r:kernel:s0 tcontext=u:r:kernel:s0 tclass=capability permissive=0
02-17 10:36:01.935 I/auditd ( 0): type=1400 audit(0.0:26280): avc: denied { kill } for comm="swapper/3" capability=5 scontext=u:r:kernel:s0 tcontext=u:r:kernel:s0 tclass=capability permissive=0
02-17 10:36:03.939 I/auditd ( 0): type=1400 audit(0.0:26281): avc: denied { kill } for comm="swapper/3" capability=5 scontext=u:r:kernel:s0 tcontext=u:r:kernel:s0 tclass=capability permissive=0
02-17 10:36:04.935 I/auditd (22881): type=1400 audit(0.0:26282): avc: denied { kill } for comm="kworker/u16:5" capability=5 scontext=u:r:kernel:s0 tcontext=u:r:kernel:s0 tclass=capability permissive=0
02-17 10:36:05.935 I/auditd ( 0): type=1400 audit(0.0:26283): avc: denied { kill } for comm="swapper/3" capability=5 scontext=u:r:kernel:s0 tcontext=u:r:kernel:s0 tclass=capability permissive=0
02-17 10:36:06.935 I/auditd ( 0): type=1400 audit(0.0:26284): avc: denied { kill } for comm="swapper/3" capability=5 scontext=u:r:kernel:s0 tcontext=u:r:kernel:s0 tclass=capability permissive=0
02-17 10:36:07.935 I/auditd ( 0): type=1400 audit(0.0:26285): avc: denied { kill } for comm="swapper/3" capability=5 scontext=u:r:kernel:s0 tcontext=u:r:kernel:s0 tclass=capability permissive=0
02-17 10:36:08.935 I/auditd ( 0): type=1400 audit(0.0:26286): avc: denied { kill } for comm="swapper/3" capability=5 scontext=u:r:kernel:s0 tcontext=u:r:kernel:s0 tclass=capability permissive=0
02-17 10:36:09.939 I/auditd ( 0): type=1400 audit(0.0:26287): avc: denied { kill } for comm="swapper/3" capability=5 scontext=u:r:kernel:s0 tcontext=u:r:kernel:s0 tclass=capability permissive=0
02-17 10:36:10.935 I/auditd ( 0): type=1400 audit(0.0:26288): avc: denied { kill } for comm="swapper/3" capability=5 scontext=u:r:kernel:s0 tcontext=u:r:kernel:s0 tclass=capability permissive=0
02-17 10:36:11.935 I/auditd ( 0): type=1400 audit(0.0:26289): avc: denied { kill } for comm="swapper/3" capability=5 scontext=u:r:kernel:s0 tcontext=u:r:kernel:s0 tclass=capability permissive=0
02-17 10:36:12.935 I/auditd ( 0): type=1400 audit(0.0:26290): avc: denied { kill } for comm="swapper/3" capability=5 scontext=u:r:kernel:s0 tcontext=u:r:kernel:s0 tclass=capability permissive=0
02-17 10:36:13.672 I/am_freeze( 1524): [22818,com.android.deskclock]
02-17 10:36:13.674 I/am_kill ( 1524): [0,22818,com.android.deskclock,925,Unable to freeze binder interface]
02-17 10:36:13.685 I/am_freeze( 1524): [22820,com.android.calendar]
02-17 10:36:13.687 I/am_kill ( 1524): [0,22820,com.android.calendar,915,Unable to freeze binder interface]
02-17 10:36:13.713 I/am_proc_died( 1524): [0,22820,com.android.calendar,915,19]
02-17 10:36:13.713 I/am_uid_stopped( 1524): 10063
02-17 10:36:13.716 I/am_proc_died( 1524): [0,22818,com.android.deskclock,925,19]
02-17 10:36:13.716 I/am_uid_stopped( 1524): 10067
02-17 10:36:13.721 I/am_uid_running( 1524): 10067
02-17 10:36:13.722 I/am_uid_running( 1524): 10063
02-17 10:36:13.724 I/am_pss ( 1524): [23014,1000,com.android.settings,25148416,13758464,0,119320576,0,19,7]
02-17 10:36:13.734 I/am_proc_start( 1524): [0,23161,10067,com.android.deskclock,NULL,]
02-17 10:36:13.748 I/am_proc_start( 1524): [0,23162,10063,com.android.calendar,NULL,]
02-17 10:36:13.766 I/am_proc_bound( 1524): [0,23161,com.android.deskclock]
02-17 10:36:13.779 I/am_proc_bound( 1524): [0,23162,com.android.calendar]
02-17 10:36:13.935 I/auditd ( 0): type=1400 audit(0.0:26291): avc: denied { kill } for comm="swapper/3" capability=5 scontext=u:r:kernel:s0 tcontext=u:r:kernel:s0 tclass=capability permissive=0
02-17 10:36:14.939 I/auditd ( 0): type=1400 audit(0.0:26292): avc: denied { kill } for comm="swapper/3" capability=5 scontext=u:r:kernel:s0 tcontext=u:r:kernel:s0 tclass=capability permissive=0
02-17 10:36:15.935 I/auditd ( 0): type=1400 audit(0.0:26293): avc: denied { kill } for comm="swapper/3" capability=5 scontext=u:r:kernel:s0 tcontext=u:r:kernel:s0 tclass=capability permissive=0
02-17 10:36:16.935 I/auditd ( 0): type=1400 audit(0.0:26294): avc: denied { kill } for comm="swapper/3" capability=5 scontext=u:r:kernel:s0 tcontext=u:r:kernel:s0 tclass=capability permissive=0
02-17 10:36:17.935 I/auditd ( 0): type=1400 audit(0.0:26295): avc: denied { kill } for comm="swapper/3" capability=5 scontext=u:r:kernel:s0 tcontext=u:r:kernel:s0 tclass=capability permissive=0
02-17 10:36:18.935 I/auditd ( 0): type=1400 audit(0.0:26296): avc: denied { kill } for comm="swapper/3" capability=5 scontext=u:r:kernel:s0 tcontext=u:r:kernel:s0 tclass=capability permissive=0
02-17 10:36:19.939 I/auditd ( 0): type=1400 audit(0.0:26297): avc: denied { kill } for comm="swapper/3" capability=5 scontext=u:r:kernel:s0 tcontext=u:r:kernel:s0 tclass=capability permissive=0
02-17 10:36:20.939 I/auditd ( 0): type=1400 audit(0.0:26298): avc: denied { kill } for comm="swapper/3" capability=5 scontext=u:r:kernel:s0 tcontext=u:r:kernel:s0 tclass=capability permissive=0
02-17 10:36:21.939 I/auditd ( 0): type=1400 audit(0.0:26299): avc: denied { kill } for comm="swapper/3" capability=5 scontext=u:r:kernel:s0 tcontext=u:r:kernel:s0 tclass=capability permissive=0
02-17 10:36:22.935 I/auditd ( 0): type=1400 audit(0.0:26300): avc: denied { kill } for comm="swapper/3" capability=5 scontext=u:r:kernel:s0 tcontext=u:r:kernel:s0 tclass=capability permissive=0
02-17 10:36:23.935 I/auditd ( 0): type=1400 audit(0.0:26301): avc: denied { kill } for comm="swapper/3" capability=5 scontext=u:r:kernel:s0 tcontext=u:r:kernel:s0 tclass=capability permissive=0
02-17 10:36:24.939 I/auditd ( 0): type=1400 audit(0.0:26302): avc: denied { kill } for comm="swapper/3" capability=5 scontext=u:r:kernel:s0 tcontext=u:r:kernel:s0 tclass=capability permissive=0
02-17 10:36:25.939 I/auditd ( 0): type=1400 audit(0.0:26303): avc: denied { kill } for comm="swapper/3" capability=5 scontext=u:r:kernel:s0 tcontext=u:r:kernel:s0 tclass=capability permissive=0
02-17 10:36:26.939 I/auditd ( 0): type=1400 audit(0.0:26304): avc: denied { kill } for comm="swapper/3" capability=5 scontext=u:r:kernel:s0 tcontext=u:r:kernel:s0 tclass=capability permissive=0
02-17 10:36:27.939 I/auditd ( 0): type=1400 audit(0.0:26305): avc: denied { kill } for comm="swapper/3" capability=5 scontext=u:r:kernel:s0 tcontext=u:r:kernel:s0 tclass=capability permissive=0
02-17 10:36:28.935 I/auditd ( 0): type=1400 audit(0.0:26306): avc: denied { kill } for comm="swapper/3" capability=5 scontext=u:r:kernel:s0 tcontext=u:r:kernel:s0 tclass=capability permissive=0
02-17 10:36:29.935 I/auditd ( 0): type=1400 audit(0.0:26307): avc: denied { kill } for comm="swapper/3" capability=5 scontext=u:r:kernel:s0 tcontext=u:r:kernel:s0 tclass=capability permissive=0
02-17 10:36:30.939 I/auditd ( 0): type=1400 audit(0.0:26308): avc: denied { kill } for comm="swapper/3" capability=5 scontext=u:r:kernel:s0 tcontext=u:r:kernel:s0 tclass=capability permissive=0
02-17 10:36:31.935 I/auditd ( 0): type=1400 audit(0.0:26309): avc: denied { kill } for comm="swapper/3" capability=5 scontext=u:r:kernel:s0 tcontext=u:r:kernel:s0 tclass=capability permissive=0
02-17 10:36:32.935 I/auditd ( 0): type=1400 audit(0.0:26310): avc: denied { kill } for comm="swapper/3" capability=5 scontext=u:r:kernel:s0 tcontext=u:r:kernel:s0 tclass=capability permissive=0
02-17 10:36:33.935 I/auditd ( 0): type=1400 audit(0.0:26311): avc: denied { kill } for comm="swapper/3" capability=5 scontext=u:r:kernel:s0 tcontext=u:r:kernel:s0 tclass=capability permissive=0
02-17 10:36:34.935 I/auditd ( 0): type=1400 audit(0.0:26312): avc: denied { kill } for comm="swapper/3" capability=5 scontext=u:r:kernel:s0 tcontext=u:r:kernel:s0 tclass=capability permissive=0
02-17 10:36:35.935 I/auditd ( 0): type=1400 audit(0.0:26313): avc: denied { kill } for comm="swapper/3" capability=5 scontext=u:r:kernel:s0 tcontext=u:r:kernel:s0 tclass=capability permissive=0
02-17 10:36:36.935 I/auditd ( 0): type=1400 audit(0.0:26314): avc: denied { kill } for comm="swapper/3" capability=5 scontext=u:r:kernel:s0 tcontext=u:r:kernel:s0 tclass=capability permissive=0
02-17 10:36:38.935 I/auditd ( 0): type=1400 audit(0.0:26315): avc: denied { kill } for comm="swapper/3" capability=5 scontext=u:r:kernel:s0 tcontext=u:r:kernel:s0 tclass=capability permissive=0
02-17 10:36:39.935 I/auditd ( 0): type=1400 audit(0.0:26316): avc: denied { kill } for comm="swapper/3" capability=5 scontext=u:r:kernel:s0 tcontext=u:r:kernel:s0 tclass=capability permissive=0
02-17 10:36:40.935 I/auditd ( 0): type=1400 audit(0.0:26317): avc: denied { kill } for comm="swapper/3" capability=5 scontext=u:r:kernel:s0 tcontext=u:r:kernel:s0 tclass=capability permissive=0
02-17 10:36:41.935 I/auditd ( 0): type=1400 audit(0.0:26318): avc: denied { kill } for comm="swapper/3" capability=5 scontext=u:r:kernel:s0 tcontext=u:r:kernel:s0 tclass=capability permissive=0
02-17 10:36:42.935 I/auditd ( 0): type=1400 audit(0.0:26319): avc: denied { kill } for comm="swapper/3" capability=5 scontext=u:r:kernel:s0 tcontext=u:r:kernel:s0 tclass=capability permissive=0
02-17 10:36:43.935 I/auditd ( 0): type=1400 audit(0.0:26320): avc: denied { kill } for comm="swapper/3" capability=5 scontext=u:r:kernel:s0 tcontext=u:r:kernel:s0 tclass=capability permissive=0
02-17 10:36:44.935 I/auditd ( 0): type=1400 audit(0.0:26321): avc: denied { kill } for comm="swapper/3" capability=5 scontext=u:r:kernel:s0 tcontext=u:r:kernel:s0 tclass=capability permissive=0
02-17 10:36:45.935 I/auditd ( 0): type=1400 audit(0.0:26322): avc: denied { kill } for comm="swapper/3" capability=5 scontext=u:r:kernel:s0 tcontext=u:r:kernel:s0 tclass=capability permissive=0
02-17 10:36:46.935 I/auditd ( 0): type=1400 audit(0.0:26323): avc: denied { kill } for comm="swapper/3" capability=5 scontext=u:r:kernel:s0 tcontext=u:r:kernel:s0 tclass=capability permissive=0
02-17 10:36:47.935 I/auditd ( 0): type=1400 audit(0.0:26324): avc: denied { kill } for comm="swapper/3" capability=5 scontext=u:r:kernel:s0 tcontext=u:r:kernel:s0 tclass=capability permissive=0
02-17 10:36:48.935 I/auditd ( 0): type=1400 audit(0.0:26325): avc: denied { kill } for comm="swapper/3" capability=5 scontext=u:r:kernel:s0 tcontext=u:r:kernel:s0 tclass=capability permissive=0
02-17 10:36:49.935 I/auditd ( 0): type=1400 audit(0.0:26326): avc: denied { kill } for comm="swapper/3" capability=5 scontext=u:r:kernel:s0 tcontext=u:r:kernel:s0 tclass=capability permissive=0
02-17 10:36:51.875 I/am_uid_idle( 1524): 10062
02-17 10:36:51.935 I/auditd ( 0): type=1400 audit(0.0:26327): avc: denied { kill } for comm="swapper/3" capability=5 scontext=u:r:kernel:s0 tcontext=u:r:kernel:s0 tclass=capability permissive=0
02-17 10:36:52.935 I/auditd ( 0): type=1400 audit(0.0:26328): avc: denied { kill } for comm="swapper/3" capability=5 scontext=u:r:kernel:s0 tcontext=u:r:kernel:s0 tclass=capability permissive=0
02-17 10:36:53.935 I/auditd ( 0): type=1400 audit(0.0:26329): avc: denied { kill } for comm="swapper/3" capability=5 scontext=u:r:kernel:s0 tcontext=u:r:kernel:s0 tclass=capability permissive=0
02-17 10:36:54.935 I/auditd ( 0): type=1400 audit(0.0:26330): avc: denied { kill } for comm="swapper/3" capability=5 scontext=u:r:kernel:s0 tcontext=u:r:kernel:s0 tclass=capability permissive=0
02-17 10:36:55.939 I/auditd ( 0): type=1400 audit(0.0:26331): avc: denied { kill } for comm="swapper/3" capability=5 scontext=u:r:kernel:s0 tcontext=u:r:kernel:s0 tclass=capability permissive=0
02-17 10:36:56.939 I/auditd ( 0): type=1400 audit(0.0:26332): avc: denied { kill } for comm="swapper/3" capability=5 scontext=u:r:kernel:s0 tcontext=u:r:kernel:s0 tclass=capability permissive=0
02-17 10:36:58.935 I/auditd ( 0): type=1400 audit(0.0:26333): avc: denied { kill } for comm="swapper/3" capability=5 scontext=u:r:kernel:s0 tcontext=u:r:kernel:s0 tclass=capability permissive=0
02-17 10:37:00.935 I/auditd ( 0): type=1400 audit(0.0:26334): avc: denied { kill } for comm="swapper/3" capability=5 scontext=u:r:kernel:s0 tcontext=u:r:kernel:s0 tclass=capability permissive=0
02-17 10:37:01.935 I/auditd ( 0): type=1400 audit(0.0:26335): avc: denied { kill } for comm="swapper/3" capability=5 scontext=u:r:kernel:s0 tcontext=u:r:kernel:s0 tclass=capability permissive=0
02-17 10:37:03.939 I/auditd ( 0): type=1400 audit(0.0:26336): avc: denied { kill } for comm="swapper/1" capability=5 scontext=u:r:kernel:s0 tcontext=u:r:kernel:s0 tclass=capability permissive=0
02-17 10:37:04.935 I/auditd ( 0): type=1400 audit(0.0:26337): avc: denied { kill } for comm="swapper/1" capability=5 scontext=u:r:kernel:s0 tcontext=u:r:kernel:s0 tclass=capability permissive=0
02-17 10:37:05.935 I/auditd ( 0): type=1400 audit(0.0:26338): avc: denied { kill } for comm="swapper/1" capability=5 scontext=u:r:kernel:s0 tcontext=u:r:kernel:s0 tclass=capability permissive=0
02-17 10:37:06.939 I/auditd ( 0): type=1400 audit(0.0:26339): avc: denied { kill } for comm="swapper/1" capability=5 scontext=u:r:kernel:s0 tcontext=u:r:kernel:s0 tclass=capability permissive=0
02-17 10:37:07.939 I/auditd ( 0): type=1400 audit(0.0:26340): avc: denied { kill } for comm="swapper/1" capability=5 scontext=u:r:kernel:s0 tcontext=u:r:kernel:s0 tclass=capability permissive=0
02-17 10:37:08.935 I/auditd ( 0): type=1400 audit(0.0:26341): avc: denied { kill } for comm="swapper/1" capability=5 scontext=u:r:kernel:s0 tcontext=u:r:kernel:s0 tclass=capability permissive=0
02-17 10:37:09.939 I/auditd ( 0): type=1400 audit(0.0:26342): avc: denied { kill } for comm="swapper/1" capability=5 scontext=u:r:kernel:s0 tcontext=u:r:kernel:s0 tclass=capability permissive=0
02-17 10:37:10.939 I/auditd ( 0): type=1400 audit(0.0:26343): avc: denied { kill } for comm="swapper/1" capability=5 scontext=u:r:kernel:s0 tcontext=u:r:kernel:s0 tclass=capability permissive=0
02-17 10:37:11.935 I/auditd ( 0): type=1400 audit(0.0:26344): avc: denied { kill } for comm="swapper/1" capability=5 scontext=u:r:kernel:s0 tcontext=u:r:kernel:s0 tclass=capability permissive=0
02-17 10:37:13.935 I/auditd ( 0): type=1400 audit(0.0:26345): avc: denied { kill } for comm="swapper/1" capability=5 scontext=u:r:kernel:s0 tcontext=u:r:kernel:s0 tclass=capability permissive=0
02-17 10:37:14.935 I/auditd ( 0): type=1400 audit(0.0:26346): avc: denied { kill } for comm="swapper/1" capability=5 scontext=u:r:kernel:s0 tcontext=u:r:kernel:s0 tclass=capability permissive=0
02-17 10:37:15.935 I/auditd ( 0): type=1400 audit(0.0:26347): avc: denied { kill } for comm="swapper/1" capability=5 scontext=u:r:kernel:s0 tcontext=u:r:kernel:s0 tclass=capability permissive=0
02-17 10:37:16.935 I/auditd ( 0): type=1400 audit(0.0:26348): avc: denied { kill } for comm="swapper/1" capability=5 scontext=u:r:kernel:s0 tcontext=u:r:kernel:s0 tclass=capability permissive=0
02-17 10:37:17.935 I/auditd ( 0): type=1400 audit(0.0:26349): avc: denied { kill } for comm="swapper/1" capability=5 scontext=u:r:kernel:s0 tcontext=u:r:kernel:s0 tclass=capability permissive=0
02-17 10:37:18.935 I/auditd ( 0): type=1400 audit(0.0:26350): avc: denied { kill } for comm="swapper/1" capability=5 scontext=u:r:kernel:s0 tcontext=u:r:kernel:s0 tclass=capability permissive=0
02-17 10:37:19.939 I/auditd ( 0): type=1400 audit(0.0:26351): avc: denied { kill } for comm="swapper/1" capability=5 scontext=u:r:kernel:s0 tcontext=u:r:kernel:s0 tclass=capability permissive=0
02-17 10:37:20.939 I/auditd ( 0): type=1400 audit(0.0:26352): avc: denied { kill } for comm="swapper/1" capability=5 scontext=u:r:kernel:s0 tcontext=u:r:kernel:s0 tclass=capability permissive=0
02-17 10:37:21.935 I/auditd ( 0): type=1400 audit(0.0:26353): avc: denied { kill } for comm="swapper/1" capability=5 scontext=u:r:kernel:s0 tcontext=u:r:kernel:s0 tclass=capability permissive=0
02-17 10:37:22.935 I/auditd ( 0): type=1400 audit(0.0:26354): avc: denied { kill } for comm="swapper/1" capability=5 scontext=u:r:kernel:s0 tcontext=u:r:kernel:s0 tclass=capability permissive=0
02-17 10:37:23.939 I/auditd ( 0): type=1400 audit(0.0:26355): avc: denied { kill } for comm="swapper/1" capability=5 scontext=u:r:kernel:s0 tcontext=u:r:kernel:s0 tclass=capability permissive=0
02-17 10:37:24.935 I/auditd ( 0): type=1400 audit(0.0:26356): avc: denied { kill } for comm="swapper/1" capability=5 scontext=u:r:kernel:s0 tcontext=u:r:kernel:s0 tclass=capability permissive=0
02-17 10:37:25.939 I/auditd ( 0): type=1400 audit(0.0:26357): avc: denied { kill } for comm="swapper/1" capability=5 scontext=u:r:kernel:s0 tcontext=u:r:kernel:s0 tclass=capability permissive=0
02-17 10:37:26.939 I/auditd ( 0): type=1400 audit(0.0:26358): avc: denied { kill } for comm="swapper/1" capability=5 scontext=u:r:kernel:s0 tcontext=u:r:kernel:s0 tclass=capability permissive=0
02-17 10:37:27.939 I/auditd ( 0): type=1400 audit(0.0:26359): avc: denied { kill } for comm="swapper/1" capability=5 scontext=u:r:kernel:s0 tcontext=u:r:kernel:s0 tclass=capability permissive=0
02-17 10:37:28.935 I/auditd ( 0): type=1400 audit(0.0:26360): avc: denied { kill } for comm="swapper/1" capability=5 scontext=u:r:kernel:s0 tcontext=u:r:kernel:s0 tclass=capability permissive=0
02-17 10:37:29.939 I/auditd ( 0): type=1400 audit(0.0:26361): avc: denied { kill } for comm="swapper/1" capability=5 scontext=u:r:kernel:s0 tcontext=u:r:kernel:s0 tclass=capability permissive=0
02-17 10:37:30.935 I/auditd ( 0): type=1400 audit(0.0:26362): avc: denied { kill } for comm="swapper/1" capability=5 scontext=u:r:kernel:s0 tcontext=u:r:kernel:s0 tclass=capability permissive=0
02-17 10:37:31.935 I/auditd ( 0): type=1400 audit(0.0:26363): avc: denied { kill } for comm="swapper/1" capability=5 scontext=u:r:kernel:s0 tcontext=u:r:kernel:s0 tclass=capability permissive=0
02-17 10:37:32.939 I/auditd ( 0): type=1400 audit(0.0:26364): avc: denied { kill } for comm="swapper/1" capability=5 scontext=u:r:kernel:s0 tcontext=u:r:kernel:s0 tclass=capability permissive=0
02-17 10:37:33.935 I/auditd ( 0): type=1400 audit(0.0:26365): avc: denied { kill } for comm="swapper/1" capability=5 scontext=u:r:kernel:s0 tcontext=u:r:kernel:s0 tclass=capability permissive=0
02-17 10:37:34.939 I/auditd ( 0): type=1400 audit(0.0:26366): avc: denied { kill } for comm="swapper/1" capability=5 scontext=u:r:kernel:s0 tcontext=u:r:kernel:s0 tclass=capability permissive=0
02-17 10:37:35.935 I/auditd ( 0): type=1400 audit(0.0:26367): avc: denied { kill } for comm="swapper/1" capability=5 scontext=u:r:kernel:s0 tcontext=u:r:kernel:s0 tclass=capability permissive=0
02-17 10:37:36.939 I/auditd ( 0): type=1400 audit(0.0:26368): avc: denied { kill } for comm="swapper/1" capability=5 scontext=u:r:kernel:s0 tcontext=u:r:kernel:s0 tclass=capability permissive=0
02-17 10:37:37.939 I/auditd ( 0): type=1400 audit(0.0:26369): avc: denied { kill } for comm="swapper/1" capability=5 scontext=u:r:kernel:s0 tcontext=u:r:kernel:s0 tclass=capability permissive=0
02-17 10:37:38.939 I/auditd ( 0): type=1400 audit(0.0:26370): avc: denied { kill } for comm="swapper/1" capability=5 scontext=u:r:kernel:s0 tcontext=u:r:kernel:s0 tclass=capability permissive=0
02-17 10:37:39.939 I/auditd ( 0): type=1400 audit(0.0:26371): avc: denied { kill } for comm="swapper/1" capability=5 scontext=u:r:kernel:s0 tcontext=u:r:kernel:s0 tclass=capability permissive=0
02-17 10:37:40.935 I/auditd ( 0): type=1400 audit(0.0:26372): avc: denied { kill } for comm="swapper/1" capability=5 scontext=u:r:kernel:s0 tcontext=u:r:kernel:s0 tclass=capability permissive=0
02-17 10:37:41.935 I/auditd ( 0): type=1400 audit(0.0:26373): avc: denied { kill } for comm="swapper/1" capability=5 scontext=u:r:kernel:s0 tcontext=u:r:kernel:s0 tclass=capability permissive=0
02-17 10:37:42.935 I/auditd ( 0): type=1400 audit(0.0:26374): avc: denied { kill } for comm="swapper/1" capability=5 scontext=u:r:kernel:s0 tcontext=u:r:kernel:s0 tclass=capability permissive=0
02-17 10:37:43.939 I/auditd ( 0): type=1400 audit(0.0:26375): avc: denied { kill } for comm="swapper/1" capability=5 scontext=u:r:kernel:s0 tcontext=u:r:kernel:s0 tclass=capability permissive=0
02-17 10:37:44.939 I/auditd ( 0): type=1400 audit(0.0:26376): avc: denied { kill } for comm="swapper/1" capability=5 scontext=u:r:kernel:s0 tcontext=u:r:kernel:s0 tclass=capability permissive=0
02-17 10:37:45.939 I/auditd ( 0): type=1400 audit(0.0:26377): avc: denied { kill } for comm="swapper/1" capability=5 scontext=u:r:kernel:s0 tcontext=u:r:kernel:s0 tclass=capability permissive=0
02-17 10:37:46.935 I/auditd ( 0): type=1400 audit(0.0:26378): avc: denied { kill } for comm="swapper/1" capability=5 scontext=u:r:kernel:s0 tcontext=u:r:kernel:s0 tclass=capability permissive=0
02-17 10:37:47.935 I/auditd ( 0): type=1400 audit(0.0:26379): avc: denied { kill } for comm="swapper/1" capability=5 scontext=u:r:kernel:s0 tcontext=u:r:kernel:s0 tclass=capability permissive=0
02-17 10:37:48.939 I/auditd ( 0): type=1400 audit(0.0:26380): avc: denied { kill } for comm="swapper/1" capability=5 scontext=u:r:kernel:s0 tcontext=u:r:kernel:s0 tclass=capability permissive=0
02-17 10:37:49.939 I/auditd ( 0): type=1400 audit(0.0:26381): avc: denied { kill } for comm="swapper/1" capability=5 scontext=u:r:kernel:s0 tcontext=u:r:kernel:s0 tclass=capability permissive=0
02-17 10:37:50.939 I/auditd ( 0): type=1400 audit(0.0:26382): avc: denied { kill } for comm="swapper/1" capability=5 scontext=u:r:kernel:s0 tcontext=u:r:kernel:s0 tclass=capability permissive=0
02-17 10:37:51.939 I/auditd ( 0): type=1400 audit(0.0:26383): avc: denied { kill } for comm="swapper/1" capability=5 scontext=u:r:kernel:s0 tcontext=u:r:kernel:s0 tclass=capability permissive=0
02-17 10:37:52.935 I/auditd ( 0): type=1400 audit(0.0:26384): avc: denied { kill } for comm="swapper/1" capability=5 scontext=u:r:kernel:s0 tcontext=u:r:kernel:s0 tclass=capability permissive=0
02-17 10:37:53.935 I/auditd ( 0): type=1400 audit(0.0:26385): avc: denied { kill } for comm="swapper/1" capability=5 scontext=u:r:kernel:s0 tcontext=u:r:kernel:s0 tclass=capability permissive=0
02-17 10:37:54.935 I/auditd ( 0): type=1400 audit(0.0:26386): avc: denied { kill } for comm="swapper/1" capability=5 scontext=u:r:kernel:s0 tcontext=u:r:kernel:s0 tclass=capability permissive=0
02-17 10:37:55.935 I/auditd ( 0): type=1400 audit(0.0:26387): avc: denied { kill } for comm="swapper/1" capability=5 scontext=u:r:kernel:s0 tcontext=u:r:kernel:s0 tclass=capability permissive=0
02-17 10:37:56.935 I/auditd ( 0): type=1400 audit(0.0:26388): avc: denied { kill } for comm="swapper/1" capability=5 scontext=u:r:kernel:s0 tcontext=u:r:kernel:s0 tclass=capability permissive=0
02-17 10:37:57.935 I/auditd ( 0): type=1400 audit(0.0:26389): avc: denied { kill } for comm="swapper/1" capability=5 scontext=u:r:kernel:s0 tcontext=u:r:kernel:s0 tclass=capability permissive=0
02-17 10:38:01.935 I/auditd ( 0): type=1400 audit(0.0:26390): avc: denied { kill } for comm="swapper/1" capability=5 scontext=u:r:kernel:s0 tcontext=u:r:kernel:s0 tclass=capability permissive=0
02-17 10:38:03.939 I/auditd ( 0): type=1400 audit(0.0:26391): avc: denied { kill } for comm="swapper/1" capability=5 scontext=u:r:kernel:s0 tcontext=u:r:kernel:s0 tclass=capability permissive=0
02-17 10:38:04.935 I/auditd ( 0): type=1400 audit(0.0:26392): avc: denied { kill } for comm="swapper/1" capability=5 scontext=u:r:kernel:s0 tcontext=u:r:kernel:s0 tclass=capability permissive=0
02-17 10:38:05.939 I/auditd ( 0): type=1400 audit(0.0:26393): avc: denied { kill } for comm="swapper/1" capability=5 scontext=u:r:kernel:s0 tcontext=u:r:kernel:s0 tclass=capability permissive=0
02-17 10:38:06.318 I/input_interaction( 1524): Interaction with: e9b2553 com.thundercomm.screensaver/android.service.dreams.DreamActivity (server), edge-swipe (server), swipe-up (server), PointerEventDispatcher0 (server),
02-17 10:38:06.321 I/wm_finish_activity( 1524): [0,35665,155,com.thundercomm.screensaver/android.service.dreams.DreamActivity,finish-activity]
02-17 10:38:06.321 I/wm_task_moved( 1524): [153,1,6]
02-17 10:38:06.321 I/wm_task_to_front( 1524): [0,153]
02-17 10:38:06.322 I/wm_set_resumed_activity( 1524): [0,com.android.music/.MusicBrowserActivity,positionChildAt]
02-17 10:38:06.323 I/wm_focused_root_task( 1524): [0,0,153,155,finish-top adjustFocusToNextFocusableTask]
02-17 10:38:06.323 I/wm_set_resumed_activity( 1524): [0,com.android.music/.MusicBrowserActivity,finish-top]
02-17 10:38:06.324 I/wm_pause_activity( 1524): [0,35665,com.thundercomm.screensaver/android.service.dreams.DreamActivity,userLeaving=false,finish]
02-17 10:38:06.332 I/wm_on_top_resumed_lost_called(19147): [35665,android.service.dreams.DreamActivity,topStateChangedWhenResumed]
02-17 10:38:06.332 I/sysui_multi_action( 1524): [757,803,799,window_time_0,802,141]
02-17 10:38:06.333 I/wm_on_top_resumed_gained_called(22819): [145339176,com.android.music.MusicBrowserActivity,topStateChangedWhenResumed]
02-17 10:38:06.333 I/wm_on_paused_called(19147): [35665,android.service.dreams.DreamActivity,performPause]
02-17 10:38:06.337 I/wm_resume_activity( 1524): [0,128678138,9,com.android.launcher3/.uioverrides.QuickstepLauncher]
02-17 10:38:06.352 I/input_focus( 1524): [Focus request ff0d2b com.android.music/com.android.music.MusicBrowserActivity,reason=UpdateInputWindows]
02-17 10:38:06.354 I/sysui_multi_action( 1524): [757,803,799,window_time_2,802,0]
02-17 10:38:06.354 I/wm_on_restart_called( 2568): [128678138,com.android.launcher3.uioverrides.QuickstepLauncher,performRestartActivity]
02-17 10:38:06.355 I/wm_on_start_called( 2568): [128678138,com.android.launcher3.uioverrides.QuickstepLauncher,handleStartActivity]
02-17 10:38:06.355 I/wm_on_resume_called( 2568): [128678138,com.android.launcher3.uioverrides.QuickstepLauncher,RESUME_ACTIVITY]
02-17 10:38:06.358 I/input_focus( 1524): [Focus leaving e9b2553 com.thundercomm.screensaver/android.service.dreams.DreamActivity (server),reason=NO_WINDOW]
02-17 10:38:06.358 I/input_focus( 1524): [Focus entering ff0d2b com.android.music/com.android.music.MusicBrowserActivity (server),reason=setFocusedWindow]
02-17 10:38:06.358 I/input_interaction( 1524): Interaction with: edge-swipe (server), swipe-up (server), PointerEventDispatcher0 (server),
02-17 10:38:06.358 I/view_enqueue_input_event(19147): [Motion - Cancel,com.thundercomm.screensaver/android.service.dreams.DreamActivity]
02-17 10:38:06.458 I/wm_destroy_activity( 1524): [0,35665,155,com.thundercomm.screensaver/android.service.dreams.DreamActivity,finish-idle]
02-17 10:38:06.467 I/wm_on_stop_called(19147): [35665,android.service.dreams.DreamActivity,LIFECYCLER_STOP_ACTIVITY]
02-17 10:38:06.467 I/wm_on_destroy_called(19147): [35665,android.service.dreams.DreamActivity,performDestroy]
02-17 10:38:06.468 I/am_pss ( 1524): [22819,10084,com.android.music,35385344,29462528,0,152895488,0,2,7]
02-17 10:38:06.470 I/sysui_multi_action( 1524): [757,222,758,2]
02-17 10:38:06.470 I/sysui_multi_action( 1524): [757,804,799,dreaming_minutes,801,2,802,1]
02-17 10:38:06.474 I/am_pss ( 1524): [23162,10063,com.android.calendar,6768640,4788224,0,91045888,0,19,5]
02-17 10:38:06.480 I/am_pss ( 1524): [23161,10067,com.android.deskclock,8979456,6037504,0,95211520,0,19,5]
02-17 10:38:06.487 I/am_pss ( 1524): [23143,10065,com.android.gallery3d,7764992,5169152,0,93245440,0,19,5]
02-17 10:38:06.672 I/wm_task_removed( 1524): [155,removeChild:removeChild last r=ActivityRecord{8b51 u0 com.thundercomm.screensaver/android.service.dreams.DreamActivity t-1 f}} in t=Task{5108bc0 #155 type=dream A=10040:android:com.thundercomm.screensaver/dream U=0 visible=false mode=fullscreen translucent=true sz=0}]
02-17 10:38:06.672 I/wm_task_removed( 1524): [155,removeChild]
02-17 10:38:06.935 I/auditd ( 0): type=1400 audit(0.0:26394): avc: denied { kill } for comm="swapper/1" capability=5 scontext=u:r:kernel:s0 tcontext=u:r:kernel:s0 tclass=capability permissive=0
02-17 10:38:07.939 I/auditd ( 0): type=1400 audit(0.0:26395): avc: denied { kill } for comm="swapper/1" capability=5 scontext=u:r:kernel:s0 tcontext=u:r:kernel:s0 tclass=capability permissive=0
02-17 10:38:08.939 I/auditd ( 0): type=1400 audit(0.0:26396): avc: denied { kill } for comm="swapper/1" capability=5 scontext=u:r:kernel:s0 tcontext=u:r:kernel:s0 tclass=capability permissive=0
02-17 10:38:08.949 I/input_interaction( 1524): Interaction with: 321be4b com.android.launcher3/com.android.launcher3.uioverrides.QuickstepLauncher (server), acb9a4a com.android.systemui.ImageWallpaper (server), edge-swipe (server), swipe-up (server), PointerEventDispatcher0 (server),
02-17 10:38:09.011 I/view_enqueue_input_event( 2568): [Motion - Cancel,com.android.launcher3/com.android.launcher3.uioverrides.QuickstepLauncher]
02-17 10:38:09.016 I/input_interaction( 1524): Interaction with: edge-swipe (server), swipe-up (server), PointerEventDispatcher0 (server),
02-17 10:38:09.198 I/commit_sys_config_file( 1524): [settings-1-0,3]
02-17 10:38:09.695 I/commit_sys_config_file( 1524): [settings-1-0,10]
02-17 10:38:09.818 I/wm_finish_activity( 1524): [0,145339176,153,com.android.music/.MusicBrowserActivity,app-request]
02-17 10:38:09.819 I/wm_task_moved( 1524): [1,1,6]
02-17 10:38:09.823 I/wm_set_resumed_activity( 1524): [0,com.android.launcher3/.uioverrides.QuickstepLauncher,positionChildAt]
02-17 10:38:09.823 I/wm_on_top_resumed_lost_called(22819): [145339176,com.android.music.MusicBrowserActivity,topStateChangedWhenResumed]
02-17 10:38:09.824 I/wm_task_moved( 1524): [9,1,2147483647]
02-17 10:38:09.824 I/wm_task_to_front( 1524): [0,9]
02-17 10:38:09.824 I/wm_focused_root_task( 1524): [0,0,1,-1,finish-top adjustFocusToNextFocusableTask]
02-17 10:38:09.824 I/wm_set_resumed_activity( 1524): [0,com.android.launcher3/.uioverrides.QuickstepLauncher,finish-top]
02-17 10:38:09.845 I/wm_pause_activity( 1524): [0,145339176,com.android.music/.MusicBrowserActivity,userLeaving=false,finish]
02-17 10:38:09.852 I/input_focus( 1524): [Focus request 321be4b com.android.launcher3/com.android.launcher3.uioverrides.QuickstepLauncher,reason=UpdateInputWindows]
02-17 10:38:09.854 I/wm_on_paused_called(22819): [145339176,com.android.music.MusicBrowserActivity,performPause]
02-17 10:38:09.861 I/wm_destroy_activity( 1524): [0,145339176,153,com.android.music/.MusicBrowserActivity,finish-imm:completePausedLocked]
02-17 10:38:09.868 I/input_focus( 1524): [Focus leaving ff0d2b com.android.music/com.android.music.MusicBrowserActivity (server),reason=NO_WINDOW]
02-17 10:38:09.869 I/input_focus( 1524): [Focus entering 321be4b com.android.launcher3/com.android.launcher3.uioverrides.QuickstepLauncher (server),reason=setFocusedWindow]
02-17 10:38:09.874 I/sysui_multi_action( 1524): [757,803,799,window_time_2,802,3]
02-17 10:38:09.879 I/wm_on_stop_called(22819): [145339176,com.android.music.MusicBrowserActivity,LIFECYCLER_STOP_ACTIVITY]
02-17 10:38:09.885 I/wm_on_top_resumed_gained_called( 2568): [128678138,com.android.launcher3.uioverrides.QuickstepLauncher,topStateChangedWhenResumed]
02-17 10:38:09.889 I/am_uid_active( 1524): 10062
02-17 10:38:09.908 I/wm_on_destroy_called(22819): [145339176,com.android.music.MusicBrowserActivity,performDestroy]
02-17 10:38:09.924 I/am_uid_running( 1524): 10029
02-17 10:38:09.931 I/am_proc_start( 1524): [0,23213,10029,com.android.musicfx,broadcast,{com.android.musicfx/com.android.musicfx.ControlPanelReceiver}]
02-17 10:38:09.935 I/sysui_multi_action( 1524): [757,856,758,2,806,com.android.music,857,Channel-music,858,2]
02-17 10:38:09.935 I/notification_cancel_all( 1524): [1000,1524,com.android.music,0,0,0,20,NULL]
02-17 10:38:09.935 I/auditd ( 0): type=1400 audit(0.0:26397): avc: denied { kill } for comm="swapper/1" capability=5 scontext=u:r:kernel:s0 tcontext=u:r:kernel:s0 tclass=capability permissive=0
02-17 10:38:09.946 I/am_proc_bound( 1524): [0,23213,com.android.musicfx]
02-17 10:38:10.165 I/wm_task_removed( 1524): [153,removeChild:removeChild last r=ActivityRecord{8a9b328 u0 com.android.music/.MusicBrowserActivity t-1 f}} in t=Task{6c90d4b #153 type=standard A=10084:android.task.music U=0 visible=false mode=freeform translucent=true sz=0}]
02-17 10:38:10.166 I/wm_task_removed( 1524): [153,removeChild]
02-17 10:38:10.192 I/commit_sys_config_file( 1524): [notification-policy,24518459]
02-17 10:38:10.939 I/auditd ( 0): type=1400 audit(0.0:26398): avc: denied { kill } for comm="swapper/1" capability=5 scontext=u:r:kernel:s0 tcontext=u:r:kernel:s0 tclass=capability permissive=0
02-17 10:38:11.939 I/auditd ( 0): type=1400 audit(0.0:26399): avc: denied { kill } for comm="swapper/1" capability=5 scontext=u:r:kernel:s0 tcontext=u:r:kernel:s0 tclass=capability permissive=0
02-17 10:38:12.935 I/auditd ( 0): type=1400 audit(0.0:26400): avc: denied { kill } for comm="swapper/1" capability=5 scontext=u:r:kernel:s0 tcontext=u:r:kernel:s0 tclass=capability permissive=0
02-17 10:38:13.939 I/auditd ( 0): type=1400 audit(0.0:26401): avc: denied { kill } for comm="swapper/1" capability=5 scontext=u:r:kernel:s0 tcontext=u:r:kernel:s0 tclass=capability permissive=0
02-17 10:38:14.935 I/auditd ( 0): type=1400 audit(0.0:26402): avc: denied { kill } for comm="swapper/1" capability=5 scontext=u:r:kernel:s0 tcontext=u:r:kernel:s0 tclass=capability permissive=0
02-17 10:38:14.942 I/input_interaction( 1524): Interaction with: 321be4b com.android.launcher3/com.android.launcher3.uioverrides.QuickstepLauncher (server), acb9a4a com.android.systemui.ImageWallpaper (server), edge-swipe (server), swipe-up (server), PointerEventDispatcher0 (server),
02-17 10:38:15.112 I/wm_task_created( 1524): [156,-1]
02-17 10:38:15.115 I/wm_task_moved( 1524): [156,1,6]
02-17 10:38:15.115 I/wm_task_to_front( 1524): [0,156]
02-17 10:38:15.115 I/wm_create_task( 1524): [0,156]
02-17 10:38:15.115 I/wm_create_activity( 1524): [0,161867769,156,com.android.music/.MusicBrowserActivity,NULL,NULL,NULL,268468224]
02-17 10:38:15.115 I/wm_task_moved( 1524): [156,1,6]
02-17 10:38:15.116 I/wm_restart_activity( 1524): [0,161867769,156,com.android.music/.MusicBrowserActivity]
02-17 10:38:15.117 I/wm_set_resumed_activity( 1524): [0,com.android.music/.MusicBrowserActivity,minimalResumeActivityLocked]
