02-17 10:34:38.803 I/am_wtf ( 1524): [0,23014,com.android.settings,952647173,RoleParser,com.android.permissioncontroller.role.model.BrowserRoleBehavior]
02-17 10:34:38.805 I/am_wtf ( 1524): [0,23014,com.android.settings,952647173,RoleParser,com.android.permissioncontroller.role.model.DialerRoleBehavior]
02-17 10:34:38.807 I/am_wtf ( 1524): [0,23014,com.android.settings,952647173,RoleParser,com.android.permissioncontroller.role.model.SmsRoleBehavior]
02-17 10:34:38.811 I/am_wtf ( 1524): [0,23014,com.android.settings,952647173,RoleParser,com.android.permissioncontroller.role.model.EmergencyRoleBehavior]
02-17 10:34:38.812 I/am_wtf ( 1524): [0,23014,com.android.settings,952647173,RoleParser,com.android.permissioncontroller.role.model.HomeRoleBehavior]
02-17 10:34:38.814 I/am_wtf ( 1524): [0,23014,com.android.settings,952647173,RoleParser,com.android.permissioncontroller.role.model.SystemAutomotiveClusterRoleBehavior]
02-17 10:34:38.815 I/service_manager_stats( 1524): [100,51,22347]
02-17 10:34:38.816 I/am_wtf ( 1524): [0,23014,com.android.settings,952647173,RoleParser,com.android.permissioncontroller.role.model.CompanionDeviceWatchRoleBehavior]
02-17 10:34:38.818 I/am_wtf ( 1524): [0,23014,com.android.settings,952647173,RoleParser,com.android.permissioncontroller.role.model.SystemShellRoleBehavior]
02-17 10:34:38.819 I/am_wtf ( 1524): [0,23014,com.android.settings,952647173,RoleParser,com.android.permissioncontroller.role.model.TelevisionRoleBehavior]
02-17 10:34:38.821 I/am_wtf ( 1524): [0,23014,com.android.settings,952647173,RoleParser,com.android.permissioncontroller.role.model.TelevisionRoleBehavior]
02-17 10:34:38.935 I/auditd ( 0): type=1400 audit(0.0:26201): avc: denied { kill } for comm="swapper/1" capability=5 scontext=u:r:kernel:s0 tcontext=u:r:kernel:s0 tclass=capability permissive=0
02-17 10:34:39.935 I/auditd ( 0): type=1400 audit(0.0:26202): avc: denied { kill } for comm="swapper/1" capability=5 scontext=u:r:kernel:s0 tcontext=u:r:kernel:s0 tclass=capability permissive=0
02-17 10:34:40.935 I/auditd ( 0): type=1400 audit(0.0:26203): avc: denied { kill } for comm="swapper/1" capability=5 scontext=u:r:kernel:s0 tcontext=u:r:kernel:s0 tclass=capability permissive=0
02-17 10:34:41.344 I/wm_task_created( 1524): [153,-1]
02-17 10:34:41.347 I/wm_task_moved( 1524): [153,1,6]
02-17 10:34:41.347 I/wm_task_to_front( 1524): [0,153]
02-17 10:34:41.348 I/wm_create_task( 1524): [0,153]
02-17 10:34:41.348 I/wm_create_activity( 1524): [0,145339176,153,com.android.music/.MusicBrowserActivity,NULL,NULL,NULL,268468224]
02-17 10:34:41.348 I/wm_task_moved( 1524): [153,1,6]
02-17 10:34:41.349 I/wm_restart_activity( 1524): [0,145339176,153,com.android.music/.MusicBrowserActivity]
02-17 10:34:41.349 I/wm_set_resumed_activity( 1524): [0,com.android.music/.MusicBrowserActivity,minimalResumeActivityLocked]
02-17 10:34:41.351 I/am_uid_active( 1524): 10084
02-17 10:34:41.352 I/wm_on_top_resumed_lost_called( 2568): [128678138,com.android.launcher3.uioverrides.QuickstepLauncher,topStateChangedWhenResumed]
02-17 10:34:41.387 I/wm_on_create_called(22819): [145339176,com.android.music.MusicBrowserActivity,performCreate]
02-17 10:34:41.393 I/wm_on_start_called(22819): [145339176,com.android.music.MusicBrowserActivity,handleStartActivity]
02-17 10:34:41.394 I/wm_on_resume_called(22819): [145339176,com.android.music.MusicBrowserActivity,RESUME_ACTIVITY]
02-17 10:34:41.397 I/wm_on_top_resumed_gained_called(22819): [145339176,com.android.music.MusicBrowserActivity,topStateChangedWhenResumed]
02-17 10:34:41.413 I/notification_enqueue( 1524): [10084,22819,com.android.music,1,NULL,0,Notification(channel=Channel-music shortcut=null contentView=null vibrate=null sound=null defaults=0x0 flags=0x0 color=0x00000000 category=transport actions=4 vis=PRIVATE),0]
02-17 10:34:41.414 I/notification_enqueue( 1524): [10084,22819,com.android.music,1,NULL,0,Notification(channel=Channel-music shortcut=null contentView=null vibrate=null sound=null defaults=0x0 flags=0x40 color=0x00000000 category=transport actions=4 vis=PRIVATE),0]
02-17 10:34:41.414 I/notification_enqueue( 1524): [10084,22819,com.android.music,1,NULL,0,Notification(channel=Channel-music shortcut=null contentView=null vibrate=null sound=null defaults=0x0 flags=0x40 color=0x00000000 category=transport actions=4 vis=PRIVATE),0]
02-17 10:34:41.415 I/notification_enqueue( 1524): [10084,22819,com.android.music,1,NULL,0,Notification(channel=Channel-music shortcut=null contentView=null vibrate=null sound=null defaults=0x0 flags=0x40 color=0x00000000 category=transport actions=4 vis=PRIVATE),0]
02-17 10:34:41.417 I/notification_enqueue( 1524): [10084,22819,com.android.music,1,NULL,0,Notification(channel=Channel-music shortcut=null contentView=null vibrate=null sound=null defaults=0x0 flags=0x40 color=0x00000000 category=transport actions=4 vis=PRIVATE),0]
02-17 10:34:41.418 I/notification_enqueue( 1524): [10084,22819,com.android.music,1,NULL,0,Notification(channel=Channel-music shortcut=null contentView=null vibrate=null sound=null defaults=0x0 flags=0x40 color=0x00000000 category=transport actions=4 vis=PRIVATE),0]
02-17 10:34:41.428 I/input_focus( 1524): [Focus request ff0d2b com.android.music/com.android.music.MusicBrowserActivity,reason=UpdateInputWindows]
02-17 10:34:41.447 I/input_focus( 1524): [Focus leaving 321be4b com.android.launcher3/com.android.launcher3.uioverrides.QuickstepLauncher (server),reason=Waiting for window because NOT_VISIBLE]
02-17 10:34:41.449 I/sysui_multi_action( 1524): [757,128,758,5,759,8,793,37,794,0,795,37,796,1,806,com.android.music,857,Channel-music,858,2,947,0,1500,37,1641,transport,1688,1,1745,1043716538]
02-17 10:34:41.449 I/notification_canceled( 1524): [0|com.android.music|1|null|10084,8,37,37,0,-1,-1,NULL]
02-17 10:34:41.452 I/sysui_multi_action( 1524): [319,114,322,114,325,24319,757,761,758,8,759,2,806,com.android.music,871,com.android.music.MusicBrowserActivity,904,com.android.launcher3,905,0,1320,4,1321,1]
02-17 10:34:41.452 I/wm_activity_launch_time( 1524): [0,145339176,com.android.music/.MusicBrowserActivity,114]
02-17 10:34:41.464 I/input_focus( 1524): [Focus entering ff0d2b com.android.music/com.android.music.MusicBrowserActivity (server),reason=Window became focusable. Previous reason: NOT_VISIBLE]
02-17 10:34:41.935 I/auditd ( 0): type=1400 audit(0.0:26204): avc: denied { kill } for comm="swapper/1" capability=5 scontext=u:r:kernel:s0 tcontext=u:r:kernel:s0 tclass=capability permissive=0
02-17 10:34:42.053 I/input_interaction( 1524): Interaction with: a0a10ec StatusBar (server), edge-swipe (server), swipe-up (server), PointerEventDispatcher0 (server),
02-17 10:34:42.053 I/sysui_multi_action(22372): [757,803,799,panel_open,802,1]
02-17 10:34:42.053 I/sysui_multi_action(22372): [757,1328,758,4,1326,41,1327,2,1329,0]
02-17 10:34:42.148 I/sysui_multi_action( 1524): [757,127,758,1]
02-17 10:34:42.148 I/sysui_multi_action( 1524): [757,804,799,note_load,801,3,802,1]
02-17 10:34:42.148 I/notification_panel_revealed( 1524): 3
02-17 10:34:42.151 I/input_focus( 1524): [Focus request ef6fa43 NotificationShade,reason=UpdateInputWindows]
02-17 10:34:42.155 I/sysui_multi_action( 1524): [757,128,758,1,793,23106766,794,0,795,23106766,796,26,798,0,806,android,857,DEVELOPER_IMPORTANT,858,4,947,0,1395,3,1500,23106559,1688,1]
02-17 10:34:42.155 I/sysui_multi_action( 1524): [757,804,799,note_freshness,801,23106766,802,1]
02-17 10:34:42.155 I/notification_visibility( 1524): [-1|android|26|null|1000,1,23106766,23106766,0,0]
02-17 10:34:42.155 I/sysui_multi_action( 1524): [757,128,758,1,793,8339689,794,0,795,8339689,796,4273,798,1,806,com.android.systemui,857,screen_record,858,3,947,0,1395,3,1500,8339485,1688,1,1745,680407814]
02-17 10:34:42.155 I/sysui_multi_action( 1524): [757,804,799,note_freshness,801,8339689,802,1]
02-17 10:34:42.155 I/notification_visibility( 1524): [0|com.android.systemui|4273|null|10080,1,8339689,8339689,0,1]
02-17 10:34:42.155 I/sysui_multi_action( 1524): [757,128,758,1,793,24308700,794,0,795,24308700,796,32,798,2,806,android,857,USB,858,1,947,0,1395,3,1500,24308268,1688,1]
02-17 10:34:42.155 I/sysui_multi_action( 1524): [757,804,799,note_freshness,801,24308700,802,1]
02-17 10:34:42.155 I/notification_visibility( 1524): [-1|android|32|null|1000,1,24308700,24308700,0,2]
02-17 10:34:42.165 I/input_focus( 1524): [Focus leaving ff0d2b com.android.music/com.android.music.MusicBrowserActivity (server),reason=setFocusedWindow]
02-17 10:34:42.165 I/input_focus( 1524): [Focus entering ef6fa43 NotificationShade (server),reason=setFocusedWindow]
02-17 10:34:42.195 I/sysui_multi_action(22372): [757,111,758,1]
02-17 10:34:42.195 I/sysui_multi_action(22372): [757,126,758,1,759,126,927,0,928,0,1593,0]
02-17 10:34:42.195 I/sysui_multi_action(22372): [757,113,758,1,759,113,927,1,928,1,1593,0]
02-17 10:34:42.195 I/sysui_multi_action(22372): [757,0,758,1,759,0,927,2,928,0,1593,0]
02-17 10:34:42.195 I/sysui_multi_action(22372): [757,0,758,1,759,0,927,3,928,0,1593,0]
02-17 10:34:42.196 I/sysui_multi_action(22372): [757,491,758,1,759,491,927,4,928,0,1311,-1,1593,0]
02-17 10:34:42.196 I/sysui_multi_action(22372): [757,122,758,1,759,122,927,5,928,1,1593,0]
02-17 10:34:42.196 I/sysui_multi_action(22372): [757,0,758,1,759,0,927,6,928,0,1593,0]
02-17 10:34:42.196 I/sysui_multi_action(22372): [757,0,758,1,759,0,927,7,1593,0]
02-17 10:34:42.196 I/sysui_multi_action(22372): [757,111,758,1]
02-17 10:34:42.196 I/sysui_multi_action(22372): [757,126,758,1,759,126,927,0,928,0,1593,0]
02-17 10:34:42.196 I/sysui_multi_action(22372): [757,113,758,1,759,113,927,1,928,1,1593,0]
02-17 10:34:42.196 I/sysui_multi_action(22372): [757,0,758,1,759,0,927,2,928,0,1593,0]
02-17 10:34:42.196 I/sysui_multi_action(22372): [757,0,758,1,759,0,927,3,928,0,1593,0]
02-17 10:34:42.935 I/auditd ( 0): type=1400 audit(0.0:26205): avc: denied { kill } for comm="swapper/1" capability=5 scontext=u:r:kernel:s0 tcontext=u:r:kernel:s0 tclass=capability permissive=0
02-17 10:34:43.922 I/input_interaction( 1524): Interaction with: ef6fa43 NotificationShade (server), edge-swipe (server), swipe-up (server), PointerEventDispatcher0 (server),
02-17 10:34:43.935 I/auditd ( 0): type=1400 audit(0.0:26206): avc: denied { kill } for comm="swapper/1" capability=5 scontext=u:r:kernel:s0 tcontext=u:r:kernel:s0 tclass=capability permissive=0
02-17 10:34:44.059 I/sysui_multi_action(22372): [757,925,758,4,759,0,927,3,928,0,1592,0,1593,1]
02-17 10:34:44.091 I/wm_task_created( 1524): [154,-1]
02-17 10:34:44.095 I/wm_task_moved( 1524): [154,1,7]
02-17 10:34:44.095 I/wm_task_to_front( 1524): [0,154]
02-17 10:34:44.095 I/wm_create_task( 1524): [0,154]
02-17 10:34:44.095 I/wm_create_activity( 1524): [0,94163700,154,com.android.systemui/.screenrecord.ScreenRecordDialog,NULL,NULL,NULL,276824064]
02-17 10:34:44.095 I/wm_task_moved( 1524): [154,1,7]
02-17 10:34:44.095 I/wm_on_top_resumed_lost_called(22819): [145339176,com.android.music.MusicBrowserActivity,topStateChangedWhenResumed]
02-17 10:34:44.096 I/wm_pause_activity( 1524): [0,128678138,com.android.launcher3/.uioverrides.QuickstepLauncher,userLeaving=true,pauseBackTasks]
02-17 10:34:44.097 I/wm_on_paused_called( 2568): [128678138,com.android.launcher3.uioverrides.QuickstepLauncher,performPause]
02-17 10:34:44.099 I/wm_restart_activity( 1524): [0,94163700,154,com.android.systemui/.screenrecord.ScreenRecordDialog]
02-17 10:34:44.100 I/wm_set_resumed_activity( 1524): [0,com.android.systemui/.screenrecord.ScreenRecordDialog,minimalResumeActivityLocked]
02-17 10:34:44.104 I/sysui_multi_action( 1524): [757,803,799,window_time_0,802,5]
02-17 10:34:44.118 I/wm_on_create_called(22372): [94163700,com.android.systemui.screenrecord.ScreenRecordDialog,performCreate]
02-17 10:34:44.119 I/wm_on_start_called(22372): [94163700,com.android.systemui.screenrecord.ScreenRecordDialog,handleStartActivity]
02-17 10:34:44.119 I/wm_on_resume_called(22372): [94163700,com.android.systemui.screenrecord.ScreenRecordDialog,RESUME_ACTIVITY]
02-17 10:34:44.120 I/input_focus( 1524): [Focus leaving ef6fa43 NotificationShade (server),reason=NOT_FOCUSABLE]
02-17 10:34:44.121 I/wm_on_top_resumed_gained_called(22372): [94163700,com.android.systemui.screenrecord.ScreenRecordDialog,topStateChangedWhenResumed]
02-17 10:34:44.127 I/input_focus( 1524): [Focus request ba69dbf com.android.systemui/com.android.systemui.screenrecord.ScreenRecordDialog,reason=UpdateInputWindows]
02-17 10:34:44.138 I/sysui_multi_action( 1524): [319,47,322,47,325,24321,757,761,758,8,759,2,806,com.android.systemui,871,com.android.systemui.screenrecord.ScreenRecordDialog,904,com.android.systemui,905,0,1320,8,1321,5]
02-17 10:34:44.138 I/wm_activity_launch_time( 1524): [0,94163700,com.android.systemui/.screenrecord.ScreenRecordDialog,47]
02-17 10:34:44.170 I/input_focus( 1524): [Focus entering ba69dbf com.android.systemui/com.android.systemui.screenrecord.ScreenRecordDialog (server),reason=Window became focusable. Previous reason: NOT_VISIBLE]
02-17 10:34:44.403 I/sysui_multi_action(22372): [757,111,758,2]
02-17 10:34:44.403 I/notification_enqueue( 1524): [10080,22372,com.android.systemui,2048,NULL,0,Notification(channel=updateNotification shortcut=null contentView=null vibrate=null sound=null defaults=0x0 flags=0x0 color=0x00000000 vis=PRIVATE),1]
02-17 10:34:44.404 I/sysui_multi_action(22372): [757,111,758,2]
02-17 10:34:44.605 I/sysui_multi_action( 1524): [757,128,758,2,793,23109216,794,2450,795,23109216,796,26,798,0,806,android,857,DEVELOPER_IMPORTANT,858,4,947,0,1395,3,1500,23109009,1688,1]
02-17 10:34:44.605 I/notification_visibility( 1524): [-1|android|26|null|1000,0,23109216,23109216,0,0]
02-17 10:34:44.605 I/sysui_multi_action( 1524): [757,128,758,2,793,8342139,794,2450,795,8342139,796,4273,798,1,806,com.android.systemui,857,screen_record,858,3,947,0,1395,3,1500,8341935,1688,1,1745,680407814]
02-17 10:34:44.605 I/notification_visibility( 1524): [0|com.android.systemui|4273|null|10080,0,8342139,8342139,0,1]
02-17 10:34:44.605 I/sysui_multi_action( 1524): [757,128,758,2,793,24311150,794,2450,795,24311150,796,32,798,2,806,android,857,USB,858,1,947,0,1395,3,1500,24310718,1688,1]
02-17 10:34:44.605 I/notification_visibility( 1524): [-1|android|32|null|1000,0,24311150,24311150,0,2]
02-17 10:34:44.605 I/sysui_multi_action( 1524): [757,127,758,2]
02-17 10:34:44.606 I/notification_panel_hidden( 1524):
02-17 10:34:45.334 I/input_interaction( 1524): Interaction with: ba69dbf com.android.systemui/com.android.systemui.screenrecord.ScreenRecordDialog (server), edge-swipe (server), swipe-up (server), PointerEventDispatcher0 (server),
02-17 10:34:45.442 I/wm_finish_activity( 1524): [0,94163700,154,com.android.systemui/.screenrecord.ScreenRecordDialog,app-request]
02-17 10:34:45.442 I/wm_task_moved( 1524): [153,1,7]
02-17 10:34:45.442 I/wm_task_to_front( 1524): [0,153]
02-17 10:34:45.442 I/wm_set_resumed_activity( 1524): [0,com.android.music/.MusicBrowserActivity,positionChildAt]
02-17 10:34:45.442 I/wm_focused_root_task( 1524): [0,0,153,154,finish-top adjustFocusToNextFocusableTask]
02-17 10:34:45.442 I/wm_set_resumed_activity( 1524): [0,com.android.music/.MusicBrowserActivity,finish-top]
02-17 10:34:45.446 I/wm_pause_activity( 1524): [0,94163700,com.android.systemui/.screenrecord.ScreenRecordDialog,userLeaving=false,finish]
02-17 10:34:45.447 I/input_focus( 1524): [Focus request ff0d2b com.android.music/com.android.music.MusicBrowserActivity,reason=UpdateInputWindows]
02-17 10:34:45.448 I/wm_on_top_resumed_lost_called(22372): [94163700,com.android.systemui.screenrecord.ScreenRecordDialog,topStateChangedWhenResumed]
02-17 10:34:45.448 I/wm_on_top_resumed_gained_called(22819): [145339176,com.android.music.MusicBrowserActivity,topStateChangedWhenResumed]
02-17 10:34:45.448 I/wm_on_paused_called(22372): [94163700,com.android.systemui.screenrecord.ScreenRecordDialog,performPause]
02-17 10:34:45.451 I/wm_resume_activity( 1524): [0,128678138,9,com.android.launcher3/.uioverrides.QuickstepLauncher]
02-17 10:34:45.453 I/wm_on_resume_called( 2568): [128678138,com.android.launcher3.uioverrides.QuickstepLauncher,RESUME_ACTIVITY]
02-17 10:34:45.457 I/sysui_multi_action( 1524): [757,803,799,window_time_0,802,2]
02-17 10:34:45.459 I/input_focus( 1524): [Focus leaving ba69dbf com.android.systemui/com.android.systemui.screenrecord.ScreenRecordDialog (server),reason=NO_WINDOW]
02-17 10:34:45.459 I/input_focus( 1524): [Focus entering ff0d2b com.android.music/com.android.music.MusicBrowserActivity (server),reason=setFocusedWindow]
02-17 10:34:45.483 I/wm_destroy_activity( 1524): [0,94163700,154,com.android.systemui/.screenrecord.ScreenRecordDialog,finish-idle]
02-17 10:34:45.483 I/wm_on_stop_called(22372): [94163700,com.android.systemui.screenrecord.ScreenRecordDialog,LIFECYCLER_STOP_ACTIVITY]
02-17 10:34:45.484 I/wm_on_destroy_called(22372): [94163700,com.android.systemui.screenrecord.ScreenRecordDialog,performDestroy]
02-17 10:34:45.722 I/wm_task_removed( 1524): [154,removeChild:removeChild last r=ActivityRecord{59cd2f4 u0 com.android.systemui/.screenrecord.ScreenRecordDialog t-1 f}} in t=Task{93156db #154 type=standard A=10080:com.android.systemui U=0 visible=false mode=fullscreen translucent=true sz=0}]
02-17 10:34:45.722 I/wm_task_removed( 1524): [154,removeChild]
02-17 10:34:45.935 I/auditd ( 0): type=1400 audit(0.0:26207): avc: denied { kill } for comm="swapper/7" capability=5 scontext=u:r:kernel:s0 tcontext=u:r:kernel:s0 tclass=capability permissive=0
02-17 10:34:46.939 I/auditd ( 0): type=1400 audit(0.0:26208): avc: denied { kill } for comm="swapper/7" capability=5 scontext=u:r:kernel:s0 tcontext=u:r:kernel:s0 tclass=capability permissive=0
02-17 10:34:47.939 I/auditd ( 0): type=1400 audit(0.0:26209): avc: denied { kill } for comm="swapper/3" capability=5 scontext=u:r:kernel:s0 tcontext=u:r:kernel:s0 tclass=capability permissive=0
02-17 10:34:48.575 I/am_wtf ( 1524): [0,1524,system_server,-1,ActivityManager,Sending non-protected broadcast com.android.systemui.screenrecord.UPDATE_STATE_OUTSIDE from system 22372:com.android.systemui/u0a80 pkg com.android.systemui]
02-17 10:34:48.576 I/am_wtf ( 1524): [0,1524,system_server,-1,ActivityManager,Sending non-protected broadcast com.android.systemui.screenrecord.UPDATE_STATE_OUTSIDE from system 22372:com.android.systemui/u0a80 pkg com.android.systemui]
02-17 10:34:48.582 I/notification_enqueue( 1524): [10080,22372,com.android.systemui,4274,NULL,0,Notification(channel=screen_record shortcut=null contentView=null vibrate=null sound=null defaults=0x0 flags=0x42 color=0xffc5221f actions=1 vis=PRIVATE),0]
02-17 10:34:48.624 I/sysui_multi_action( 1524): [757,1659,758,4,759,2,1660,3]
02-17 10:34:48.782 I/sysui_multi_action( 1524): [757,1501,758,1,793,201,794,0,795,201,796,4274,806,com.android.systemui,857,screen_record,858,3,947,0,1500,0,1688,1]
02-17 10:34:48.782 I/sysui_multi_action( 1524): [757,804,799,note_interruptive,801,0,802,1]
02-17 10:34:48.784 I/sysui_multi_action( 1524): [757,1501,758,1,793,203,794,0,795,203,796,4274,806,com.android.systemui,857,screen_record,858,3,947,0,1500,0,1688,1]
02-17 10:34:48.784 I/sysui_multi_action( 1524): [757,804,799,note_interruptive,801,0,802,1]
02-17 10:34:48.784 I/sysui_multi_action( 1524): [757,199,758,1,759,3,793,203,794,0,795,203,796,4274,806,com.android.systemui,857,screen_record,858,3,947,0,1500,0,1688,1]
02-17 10:34:48.784 I/notification_alert( 1524): [0|com.android.systemui|4274|null|10080,1,1,0]
02-17 10:34:48.789 I/notification_autogrouped( 1524): 0|com.android.systemui|1|empty_media|10080
02-17 10:34:48.790 I/notification_autogrouped( 1524): 0|com.android.systemui|2048|null|10080
02-17 10:34:48.790 I/notification_autogrouped( 1524): 0|com.android.systemui|4273|null|10080
02-17 10:34:48.790 I/notification_autogrouped( 1524): 0|com.android.systemui|4274|null|10080
02-17 10:34:48.790 I/notification_enqueue( 1524): [10080,22372,com.android.systemui,2147483647,ranker_group,0,Notification(channel=empty_media_style_id shortcut=null contentView=null vibrate=null sound=null defaults=0x0 flags=0x700 color=0x00000000 groupKey=ranker_group vis=PRIVATE),0]
02-17 10:34:48.792 I/notification_adjusted( 1524): [0|com.android.systemui|4274|null|10080,key_group_key,ranker_group]
02-17 10:34:48.793 I/notification_adjusted( 1524): [0|com.android.systemui|2048|null|10080,key_group_key,ranker_group]
02-17 10:34:48.793 I/notification_adjusted( 1524): [0|com.android.systemui|1|empty_media|10080,key_group_key,ranker_group]
02-17 10:34:48.793 I/notification_adjusted( 1524): [0|com.android.systemui|4273|null|10080,key_group_key,ranker_group]
02-17 10:34:48.935 I/auditd ( 0): type=1400 audit(0.0:26210): avc: denied { kill } for comm="swapper/3" capability=5 scontext=u:r:kernel:s0 tcontext=u:r:kernel:s0 tclass=capability permissive=0
02-17 10:34:49.935 I/auditd ( 0): type=1400 audit(0.0:26211): avc: denied { kill } for comm="swapper/3" capability=5 scontext=u:r:kernel:s0 tcontext=u:r:kernel:s0 tclass=capability permissive=0
02-17 10:34:50.935 I/auditd ( 0): type=1400 audit(0.0:26212): avc: denied { kill } for comm="swapper/3" capability=5 scontext=u:r:kernel:s0 tcontext=u:r:kernel:s0 tclass=capability permissive=0
02-17 10:34:51.935 I/auditd ( 0): type=1400 audit(0.0:26213): avc: denied { kill } for comm="swapper/3" capability=5 scontext=u:r:kernel:s0 tcontext=u:r:kernel:s0 tclass=capability permissive=0
02-17 10:34:52.935 I/auditd ( 0): type=1400 audit(0.0:26214): avc: denied { kill } for comm="swapper/3" capability=5 scontext=u:r:kernel:s0 tcontext=u:r:kernel:s0 tclass=capability permissive=0
02-17 10:34:53.935 I/auditd ( 0): type=1400 audit(0.0:26215): avc: denied { kill } for comm="swapper/3" capability=5 scontext=u:r:kernel:s0 tcontext=u:r:kernel:s0 tclass=capability permissive=0
02-17 10:34:54.939 I/auditd ( 0): type=1400 audit(0.0:26216): avc: denied { kill } for comm="swapper/3" capability=5 scontext=u:r:kernel:s0 tcontext=u:r:kernel:s0 tclass=capability permissive=0
02-17 10:34:55.935 I/auditd ( 0): type=1400 audit(0.0:26217): avc: denied { kill } for comm="swapper/3" capability=5 scontext=u:r:kernel:s0 tcontext=u:r:kernel:s0 tclass=capability permissive=0
02-17 10:34:56.935 I/auditd ( 0): type=1400 audit(0.0:26218): avc: denied { kill } for comm="swapper/3" capability=5 scontext=u:r:kernel:s0 tcontext=u:r:kernel:s0 tclass=capability permissive=0
02-17 10:34:57.939 I/auditd ( 0): type=1400 audit(0.0:26219): avc: denied { kill } for comm="swapper/3" capability=5 scontext=u:r:kernel:s0 tcontext=u:r:kernel:s0 tclass=capability permissive=0
02-17 10:34:58.935 I/auditd ( 0): type=1400 audit(0.0:26220): avc: denied { kill } for comm="swapper/3" capability=5 scontext=u:r:kernel:s0 tcontext=u:r:kernel:s0 tclass=capability permissive=0
02-17 10:34:59.939 I/auditd ( 0): type=1400 audit(0.0:26221): avc: denied { kill } for comm="swapper/3" capability=5 scontext=u:r:kernel:s0 tcontext=u:r:kernel:s0 tclass=capability permissive=0
02-17 10:35:00.570 I/am_uid_idle( 1524): 10095
02-17 10:35:00.935 I/auditd ( 0): type=1400 audit(0.0:26222): avc: denied { kill } for comm="swapper/3" capability=5 scontext=u:r:kernel:s0 tcontext=u:r:kernel:s0 tclass=capability permissive=0
02-17 10:35:01.939 I/auditd ( 0): type=1400 audit(0.0:26223): avc: denied { kill } for comm="swapper/3" capability=5 scontext=u:r:kernel:s0 tcontext=u:r:kernel:s0 tclass=capability permissive=0
02-17 10:35:02.939 I/auditd ( 0): type=1400 audit(0.0:26224): avc: denied { kill } for comm="swapper/3" capability=5 scontext=u:r:kernel:s0 tcontext=u:r:kernel:s0 tclass=capability permissive=0
02-17 10:35:03.935 I/auditd ( 0): type=1400 audit(0.0:26225): avc: denied { kill } for comm="swapper/3" capability=5 scontext=u:r:kernel:s0 tcontext=u:r:kernel:s0 tclass=capability permissive=0
02-17 10:35:04.939 I/auditd ( 0): type=1400 audit(0.0:26226): avc: denied { kill } for comm="swapper/3" capability=5 scontext=u:r:kernel:s0 tcontext=u:r:kernel:s0 tclass=capability permissive=0
02-17 10:35:05.935 I/auditd ( 0): type=1400 audit(0.0:26227): avc: denied { kill } for comm="swapper/3" capability=5 scontext=u:r:kernel:s0 tcontext=u:r:kernel:s0 tclass=capability permissive=0
02-17 10:35:06.935 I/auditd ( 0): type=1400 audit(0.0:26228): avc: denied { kill } for comm="swapper/3" capability=5 scontext=u:r:kernel:s0 tcontext=u:r:kernel:s0 tclass=capability permissive=0
02-17 10:35:07.935 I/auditd ( 0): type=1400 audit(0.0:26229): avc: denied { kill } for comm="swapper/3" capability=5 scontext=u:r:kernel:s0 tcontext=u:r:kernel:s0 tclass=capability permissive=0
02-17 10:35:08.935 I/auditd ( 0): type=1400 audit(0.0:26230): avc: denied { kill } for comm="swapper/3" capability=5 scontext=u:r:kernel:s0 tcontext=u:r:kernel:s0 tclass=capability permissive=0
02-17 10:35:09.935 I/auditd ( 0): type=1400 audit(0.0:26231): avc: denied { kill } for comm="swapper/3" capability=5 scontext=u:r:kernel:s0 tcontext=u:r:kernel:s0 tclass=capability permissive=0
02-17 10:35:11.935 I/auditd ( 0): type=1400 audit(0.0:26232): avc: denied { kill } for comm="swapper/3" capability=5 scontext=u:r:kernel:s0 tcontext=u:r:kernel:s0 tclass=capability permissive=0
02-17 10:35:12.935 I/auditd ( 0): type=1400 audit(0.0:26233): avc: denied { kill } for comm="swapper/3" capability=5 scontext=u:r:kernel:s0 tcontext=u:r:kernel:s0 tclass=capability permissive=0
02-17 10:35:13.935 I/auditd ( 0): type=1400 audit(0.0:26234): avc: denied { kill } for comm="swapper/3" capability=5 scontext=u:r:kernel:s0 tcontext=u:r:kernel:s0 tclass=capability permissive=0
02-17 10:35:14.935 I/auditd ( 0): type=1400 audit(0.0:26235): avc: denied { kill } for comm="swapper/3" capability=5 scontext=u:r:kernel:s0 tcontext=u:r:kernel:s0 tclass=capability permissive=0
02-17 10:35:15.939 I/auditd ( 0): type=1400 audit(0.0:26236): avc: denied { kill } for comm="swapper/3" capability=5 scontext=u:r:kernel:s0 tcontext=u:r:kernel:s0 tclass=capability permissive=0
02-17 10:35:16.939 I/auditd ( 0): type=1400 audit(0.0:26237): avc: denied { kill } for comm="swapper/3" capability=5 scontext=u:r:kernel:s0 tcontext=u:r:kernel:s0 tclass=capability permissive=0
02-17 10:35:17.939 I/auditd ( 0): type=1400 audit(0.0:26238): avc: denied { kill } for comm="swapper/3" capability=5 scontext=u:r:kernel:s0 tcontext=u:r:kernel:s0 tclass=capability permissive=0
02-17 10:35:18.939 I/auditd ( 0): type=1400 audit(0.0:26239): avc: denied { kill } for comm="swapper/3" capability=5 scontext=u:r:kernel:s0 tcontext=u:r:kernel:s0 tclass=capability permissive=0
02-17 10:35:19.935 I/auditd ( 0): type=1400 audit(0.0:26240): avc: denied { kill } for comm="swapper/3" capability=5 scontext=u:r:kernel:s0 tcontext=u:r:kernel:s0 tclass=capability permissive=0
02-17 10:35:20.935 I/auditd ( 0): type=1400 audit(0.0:26241): avc: denied { kill } for comm="swapper/3" capability=5 scontext=u:r:kernel:s0 tcontext=u:r:kernel:s0 tclass=capability permissive=0
02-17 10:35:21.939 I/auditd ( 0): type=1400 audit(0.0:26242): avc: denied { kill } for comm="swapper/3" capability=5 scontext=u:r:kernel:s0 tcontext=u:r:kernel:s0 tclass=capability permissive=0
02-17 10:35:22.935 I/auditd ( 0): type=1400 audit(0.0:26243): avc: denied { kill } for comm="swapper/3" capability=5 scontext=u:r:kernel:s0 tcontext=u:r:kernel:s0 tclass=capability permissive=0
02-17 10:35:23.935 I/auditd ( 0): type=1400 audit(0.0:26244): avc: denied { kill } for comm="swapper/3" capability=5 scontext=u:r:kernel:s0 tcontext=u:r:kernel:s0 tclass=capability permissive=0
02-17 10:35:24.935 I/auditd ( 0): type=1400 audit(0.0:26245): avc: denied { kill } for comm="swapper/3" capability=5 scontext=u:r:kernel:s0 tcontext=u:r:kernel:s0 tclass=capability permissive=0
02-17 10:35:25.939 I/auditd (22044): type=1400 audit(0.0:26246): avc: denied { kill } for comm="kworker/u16:11" capability=5 scontext=u:r:kernel:s0 tcontext=u:r:kernel:s0 tclass=capability permissive=0
02-17 10:35:26.939 I/auditd ( 0): type=1400 audit(0.0:26247): avc: denied { kill } for comm="swapper/3" capability=5 scontext=u:r:kernel:s0 tcontext=u:r:kernel:s0 tclass=capability permissive=0
02-17 10:35:27.296 I/am_uid_idle( 1524): 10040
02-17 10:35:27.935 I/auditd ( 0): type=1400 audit(0.0:26248): avc: denied { kill } for comm="swapper/3" capability=5 scontext=u:r:kernel:s0 tcontext=u:r:kernel:s0 tclass=capability permissive=0
02-17 10:35:28.939 I/auditd ( 0): type=1400 audit(0.0:26249): avc: denied { kill } for comm="swapper/3" capability=5 scontext=u:r:kernel:s0 tcontext=u:r:kernel:s0 tclass=capability permissive=0
02-17 10:35:29.935 I/auditd ( 0): type=1400 audit(0.0:26250): avc: denied { kill } for comm="swapper/3" capability=5 scontext=u:r:kernel:s0 tcontext=u:r:kernel:s0 tclass=capability permissive=0
02-17 10:35:30.939 I/auditd ( 0): type=1400 audit(0.0:26251): avc: denied { kill } for comm="swapper/3" capability=5 scontext=u:r:kernel:s0 tcontext=u:r:kernel:s0 tclass=capability permissive=0
02-17 10:35:31.935 I/auditd ( 0): type=1400 audit(0.0:26252): avc: denied { kill } for comm="swapper/3" capability=5 scontext=u:r:kernel:s0 tcontext=u:r:kernel:s0 tclass=capability permissive=0
02-17 10:35:32.939 I/auditd ( 0): type=1400 audit(0.0:26253): avc: denied { kill } for comm="swapper/3" capability=5 scontext=u:r:kernel:s0 tcontext=u:r:kernel:s0 tclass=capability permissive=0
02-17 10:35:33.939 I/auditd ( 0): type=1400 audit(0.0:26254): avc: denied { kill } for comm="swapper/3" capability=5 scontext=u:r:kernel:s0 tcontext=u:r:kernel:s0 tclass=capability permissive=0
02-17 10:35:34.939 I/auditd ( 0): type=1400 audit(0.0:26255): avc: denied { kill } for comm="swapper/3" capability=5 scontext=u:r:kernel:s0 tcontext=u:r:kernel:s0 tclass=capability permissive=0
02-17 10:35:35.939 I/auditd ( 0): type=1400 audit(0.0:26256): avc: denied { kill } for comm="swapper/3" capability=5 scontext=u:r:kernel:s0 tcontext=u:r:kernel:s0 tclass=capability permissive=0
02-17 10:35:36.939 I/auditd ( 0): type=1400 audit(0.0:26257): avc: denied { kill } for comm="swapper/3" capability=5 scontext=u:r:kernel:s0 tcontext=u:r:kernel:s0 tclass=capability permissive=0
02-17 10:35:37.939 I/auditd ( 0): type=1400 audit(0.0:26258): avc: denied { kill } for comm="swapper/3" capability=5 scontext=u:r:kernel:s0 tcontext=u:r:kernel:s0 tclass=capability permissive=0
02-17 10:35:38.473 I/sysui_multi_action( 1524): [757,1696,758,6,759,2]
02-17 10:35:38.473 I/sysui_multi_action( 1524): [757,1696,758,6,759,2]
02-17 10:35:38.482 I/am_wtf ( 1524): [0,1524,system_server,-1,DisplayDeviceConfig,requesting nits when no mapping exists.]
02-17 10:35:38.485 I/am_wtf ( 1524): [0,1524,system_server,-1,DisplayDeviceConfig,requesting nits when no mapping exists.]
02-17 10:35:38.498 I/am_wtf ( 1524): [0,1524,system_server,-1,DisplayDeviceConfig,requesting nits when no mapping exists.]
02-17 10:35:38.500 I/am_wtf ( 1524): [0,1524,system_server,-1,DisplayDeviceConfig,requesting nits when no mapping exists.]
02-17 10:35:38.515 I/am_wtf ( 1524): [0,1524,system_server,-1,DisplayDeviceConfig,requesting nits when no mapping exists.]
02-17 10:35:38.517 I/am_wtf ( 1524): [0,1524,system_server,-1,DisplayDeviceConfig,requesting nits when no mapping exists.]
02-17 10:35:38.532 I/am_wtf ( 1524): [0,1524,system_server,-1,DisplayDeviceConfig,requesting nits when no mapping exists.]
02-17 10:35:38.532 I/am_wtf ( 1524): [0,1524,system_server,-1,DisplayDeviceConfig,requesting nits when no mapping exists.]
02-17 10:35:38.548 I/am_wtf ( 1524): [0,1524,system_server,-1,DisplayDeviceConfig,requesting nits when no mapping exists.]
02-17 10:35:38.549 I/am_wtf ( 1524): [0,1524,system_server,-1,DisplayDeviceConfig,requesting nits when no mapping exists.]
02-17 10:35:38.564 I/am_wtf ( 1524): [0,1524,system_server,-1,DisplayDeviceConfig,requesting nits when no mapping exists.]
02-17 10:35:38.565 I/am_wtf ( 1524): [0,1524,system_server,-1,DisplayDeviceConfig,requesting nits when no mapping exists.]
02-17 10:35:38.581 I/am_wtf ( 1524): [0,1524,system_server,-1,DisplayDeviceConfig,requesting nits when no mapping exists.]
02-17 10:35:38.582 I/am_wtf ( 1524): [0,1524,system_server,-1,DisplayDeviceConfig,requesting nits when no mapping exists.]
02-17 10:35:38.598 I/am_wtf ( 1524): [0,1524,system_server,-1,DisplayDeviceConfig,requesting nits when no mapping exists.]
02-17 10:35:38.599 I/am_wtf ( 1524): [0,1524,system_server,-1,DisplayDeviceConfig,requesting nits when no mapping exists.]
02-17 10:35:38.615 I/am_wtf ( 1524): [0,1524,system_server,-1,DisplayDeviceConfig,requesting nits when no mapping exists.]
02-17 10:35:38.616 I/am_wtf ( 1524): [0,1524,system_server,-1,DisplayDeviceConfig,requesting nits when no mapping exists.]
02-17 10:35:38.632 I/am_wtf ( 1524): [0,1524,system_server,-1,DisplayDeviceConfig,requesting nits when no mapping exists.]
02-17 10:35:38.633 I/am_wtf ( 1524): [0,1524,system_server,-1,DisplayDeviceConfig,requesting nits when no mapping exists.]
02-17 10:35:38.648 I/am_wtf ( 1524): [0,1524,system_server,-1,DisplayDeviceConfig,requesting nits when no mapping exists.]
02-17 10:35:38.649 I/am_wtf ( 1524): [0,1524,system_server,-1,DisplayDeviceConfig,requesting nits when no mapping exists.]
02-17 10:35:38.665 I/am_wtf ( 1524): [0,1524,system_server,-1,DisplayDeviceConfig,requesting nits when no mapping exists.]
02-17 10:35:38.666 I/am_wtf ( 1524): [0,1524,system_server,-1,DisplayDeviceConfig,requesting nits when no mapping exists.]
02-17 10:35:38.682 I/am_wtf ( 1524): [0,1524,system_server,-1,DisplayDeviceConfig,requesting nits when no mapping exists.]
02-17 10:35:38.683 I/am_wtf ( 1524): [0,1524,system_server,-1,DisplayDeviceConfig,requesting nits when no mapping exists.]
02-17 10:35:38.698 I/am_wtf ( 1524): [0,1524,system_server,-1,DisplayDeviceConfig,requesting nits when no mapping exists.]
02-17 10:35:38.699 I/am_wtf ( 1524): [0,1524,system_server,-1,DisplayDeviceConfig,requesting nits when no mapping exists.]
02-17 10:35:38.716 I/am_wtf ( 1524): [0,1524,system_server,-1,DisplayDeviceConfig,requesting nits when no mapping exists.]
02-17 10:35:38.717 I/am_wtf ( 1524): [0,1524,system_server,-1,DisplayDeviceConfig,requesting nits when no mapping exists.]
02-17 10:35:38.732 I/am_wtf ( 1524): [0,1524,system_server,-1,DisplayDeviceConfig,requesting nits when no mapping exists.]
02-17 10:35:38.732 I/am_wtf ( 1524): [0,1524,system_server,-1,DisplayDeviceConfig,requesting nits when no mapping exists.]
02-17 10:35:38.748 I/am_wtf ( 1524): [0,1524,system_server,-1,DisplayDeviceConfig,requesting nits when no mapping exists.]
02-17 10:35:38.749 I/am_wtf ( 1524): [0,1524,system_server,-1,DisplayDeviceConfig,requesting nits when no mapping exists.]
02-17 10:35:38.767 I/am_wtf ( 1524): [0,1524,system_server,-1,DisplayDeviceConfig,requesting nits when no mapping exists.]
02-17 10:35:38.769 I/am_wtf ( 1524): [0,1524,system_server,-1,DisplayDeviceConfig,requesting nits when no mapping exists.]
02-17 10:35:38.782 I/am_wtf ( 1524): [0,1524,system_server,-1,DisplayDeviceConfig,requesting nits when no mapping exists.]
02-17 10:35:38.783 I/am_wtf ( 1524): [0,1524,system_server,-1,DisplayDeviceConfig,requesting nits when no mapping exists.]
02-17 10:35:38.799 I/am_wtf ( 1524): [0,1524,system_server,-1,DisplayDeviceConfig,requesting nits when no mapping exists.]
02-17 10:35:38.800 I/am_wtf ( 1524): [0,1524,system_server,-1,DisplayDeviceConfig,requesting nits when no mapping exists.]
02-17 10:35:38.816 I/am_wtf ( 1524): [0,1524,system_server,-1,DisplayDeviceConfig,requesting nits when no mapping exists.]
02-17 10:35:38.816 I/am_wtf ( 1524): [0,1524,system_server,-1,DisplayDeviceConfig,requesting nits when no mapping exists.]
02-17 10:35:38.833 I/am_wtf ( 1524): [0,1524,system_server,-1,DisplayDeviceConfig,requesting nits when no mapping exists.]
02-17 10:35:38.833 I/am_wtf ( 1524): [0,1524,system_server,-1,DisplayDeviceConfig,requesting nits when no mapping exists.]
02-17 10:35:38.849 I/am_wtf ( 1524): [0,1524,system_server,-1,DisplayDeviceConfig,requesting nits when no mapping exists.]
02-17 10:35:38.850 I/am_wtf ( 1524): [0,1524,system_server,-1,DisplayDeviceConfig,requesting nits when no mapping exists.]
02-17 10:35:38.866 I/am_wtf ( 1524): [0,1524,system_server,-1,DisplayDeviceConfig,requesting nits when no mapping exists.]
02-17 10:35:38.867 I/am_wtf ( 1524): [0,1524,system_server,-1,DisplayDeviceConfig,requesting nits when no mapping exists.]
02-17 10:35:38.883 I/am_wtf ( 1524): [0,1524,system_server,-1,DisplayDeviceConfig,requesting nits when no mapping exists.]
02-17 10:35:38.884 I/am_wtf ( 1524): [0,1524,system_server,-1,DisplayDeviceConfig,requesting nits when no mapping exists.]
02-17 10:35:38.899 I/am_wtf ( 1524): [0,1524,system_server,-1,DisplayDeviceConfig,requesting nits when no mapping exists.]
02-17 10:35:38.900 I/am_wtf ( 1524): [0,1524,system_server,-1,DisplayDeviceConfig,requesting nits when no mapping exists.]
02-17 10:35:38.916 I/am_wtf ( 1524): [0,1524,system_server,-1,DisplayDeviceConfig,requesting nits when no mapping exists.]
02-17 10:35:38.917 I/am_wtf ( 1524): [0,1524,system_server,-1,DisplayDeviceConfig,requesting nits when no mapping exists.]
02-17 10:35:38.933 I/am_wtf ( 1524): [0,1524,system_server,-1,DisplayDeviceConfig,requesting nits when no mapping exists.]
02-17 10:35:38.934 I/am_wtf ( 1524): [0,1524,system_server,-1,DisplayDeviceConfig,requesting nits when no mapping exists.]
02-17 10:35:38.935 I/auditd ( 0): type=1400 audit(0.0:26259): avc: denied { kill } for comm="swapper/3" capability=5 scontext=u:r:kernel:s0 tcontext=u:r:kernel:s0 tclass=capability permissive=0
02-17 10:35:38.950 I/am_wtf ( 1524): [0,1524,system_server,-1,DisplayDeviceConfig,requesting nits when no mapping exists.]
02-17 10:35:38.951 I/am_wtf ( 1524): [0,1524,system_server,-1,DisplayDeviceConfig,requesting nits when no mapping exists.]
02-17 10:35:38.967 I/am_wtf ( 1524): [0,1524,system_server,-1,DisplayDeviceConfig,requesting nits when no mapping exists.]
02-17 10:35:38.967 I/service_manager_stats( 1524): [100,46,60153]
02-17 10:35:38.968 I/am_wtf ( 1524): [0,1524,system_server,-1,DisplayDeviceConfig,requesting nits when no mapping exists.]
02-17 10:35:38.983 I/am_wtf ( 1524): [0,1524,system_server,-1,DisplayDeviceConfig,requesting nits when no mapping exists.]
02-17 10:35:38.984 I/am_wtf ( 1524): [0,1524,system_server,-1,DisplayDeviceConfig,requesting nits when no mapping exists.]
02-17 10:35:39.000 I/am_wtf ( 1524): [0,1524,system_server,-1,DisplayDeviceConfig,requesting nits when no mapping exists.]
02-17 10:35:39.000 I/am_wtf ( 1524): [0,1524,system_server,-1,DisplayDeviceConfig,requesting nits when no mapping exists.]
02-17 10:35:39.017 I/am_wtf ( 1524): [0,1524,system_server,-1,DisplayDeviceConfig,requesting nits when no mapping exists.]
02-17 10:35:39.018 I/am_wtf ( 1524): [0,1524,system_server,-1,DisplayDeviceConfig,requesting nits when no mapping exists.]
02-17 10:35:39.033 I/am_wtf ( 1524): [0,1524,system_server,-1,DisplayDeviceConfig,requesting nits when no mapping exists.]
02-17 10:35:39.033 I/am_wtf ( 1524): [0,1524,system_server,-1,DisplayDeviceConfig,requesting nits when no mapping exists.]
02-17 10:35:39.049 I/am_wtf ( 1524): [0,1524,system_server,-1,DisplayDeviceConfig,requesting nits when no mapping exists.]
02-17 10:35:39.050 I/am_wtf ( 1524): [0,1524,system_server,-1,DisplayDeviceConfig,requesting nits when no mapping exists.]
02-17 10:35:39.067 I/am_wtf ( 1524): [0,1524,system_server,-1,DisplayDeviceConfig,requesting nits when no mapping exists.]
02-17 10:35:39.067 I/am_wtf ( 1524): [0,1524,system_server,-1,DisplayDeviceConfig,requesting nits when no mapping exists.]
02-17 10:35:39.083 I/am_wtf ( 1524): [0,1524,system_server,-1,DisplayDeviceConfig,requesting nits when no mapping exists.]
02-17 10:35:39.084 I/am_wtf ( 1524): [0,1524,system_server,-1,DisplayDeviceConfig,requesting nits when no mapping exists.]
02-17 10:35:39.100 I/am_wtf ( 1524): [0,1524,system_server,-1,DisplayDeviceConfig,requesting nits when no mapping exists.]
02-17 10:35:39.101 I/am_wtf ( 1524): [0,1524,system_server,-1,DisplayDeviceConfig,requesting nits when no mapping exists.]
02-17 10:35:39.117 I/am_wtf ( 1524): [0,1524,system_server,-1,DisplayDeviceConfig,requesting nits when no mapping exists.]
02-17 10:35:39.118 I/am_wtf ( 1524): [0,1524,system_server,-1,DisplayDeviceConfig,requesting nits when no mapping exists.]
02-17 10:35:39.133 I/am_wtf ( 1524): [0,1524,system_server,-1,DisplayDeviceConfig,requesting nits when no mapping exists.]
02-17 10:35:39.134 I/am_wtf ( 1524): [0,1524,system_server,-1,DisplayDeviceConfig,requesting nits when no mapping exists.]
02-17 10:35:39.150 I/am_wtf ( 1524): [0,1524,system_server,-1,DisplayDeviceConfig,requesting nits when no mapping exists.]
02-17 10:35:39.151 I/am_wtf ( 1524): [0,1524,system_server,-1,DisplayDeviceConfig,requesting nits when no mapping exists.]
02-17 10:35:39.167 I/am_wtf ( 1524): [0,1524,system_server,-1,DisplayDeviceConfig,requesting nits when no mapping exists.]
02-17 10:35:39.167 I/am_wtf ( 1524): [0,1524,system_server,-1,DisplayDeviceConfig,requesting nits when no mapping exists.]
02-17 10:35:39.183 I/am_wtf ( 1524): [0,1524,system_server,-1,DisplayDeviceConfig,requesting nits when no mapping exists.]
02-17 10:35:39.184 I/am_wtf ( 1524): [0,1524,system_server,-1,DisplayDeviceConfig,requesting nits when no mapping exists.]
02-17 10:35:39.200 I/am_wtf ( 1524): [0,1524,system_server,-1,DisplayDeviceConfig,requesting nits when no mapping exists.]
02-17 10:35:39.201 I/am_wtf ( 1524): [0,1524,system_server,-1,DisplayDeviceConfig,requesting nits when no mapping exists.]
02-17 10:35:39.217 I/am_wtf ( 1524): [0,1524,system_server,-1,DisplayDeviceConfig,requesting nits when no mapping exists.]
02-17 10:35:39.218 I/am_wtf ( 1524): [0,1524,system_server,-1,DisplayDeviceConfig,requesting nits when no mapping exists.]
02-17 10:35:39.233 I/am_wtf ( 1524): [0,1524,system_server,-1,DisplayDeviceConfig,requesting nits when no mapping exists.]
02-17 10:35:39.234 I/am_wtf ( 1524): [0,1524,system_server,-1,DisplayDeviceConfig,requesting nits when no mapping exists.]
02-17 10:35:39.250 I/am_wtf ( 1524): [0,1524,system_server,-1,DisplayDeviceConfig,requesting nits when no mapping exists.]
02-17 10:35:39.251 I/am_wtf ( 1524): [0,1524,system_server,-1,DisplayDeviceConfig,requesting nits when no mapping exists.]
02-17 10:35:39.267 I/am_wtf ( 1524): [0,1524,system_server,-1,DisplayDeviceConfig,requesting nits when no mapping exists.]
02-17 10:35:39.268 I/am_wtf ( 1524): [0,1524,system_server,-1,DisplayDeviceConfig,requesting nits when no mapping exists.]
02-17 10:35:39.284 I/am_wtf ( 1524): [0,1524,system_server,-1,DisplayDeviceConfig,requesting nits when no mapping exists.]
02-17 10:35:39.285 I/am_wtf ( 1524): [0,1524,system_server,-1,DisplayDeviceConfig,requesting nits when no mapping exists.]
02-17 10:35:39.300 I/am_wtf ( 1524): [0,1524,system_server,-1,DisplayDeviceConfig,requesting nits when no mapping exists.]
02-17 10:35:39.301 I/am_wtf ( 1524): [0,1524,system_server,-1,DisplayDeviceConfig,requesting nits when no mapping exists.]
02-17 10:35:39.319 I/am_wtf ( 1524): [0,1524,system_server,-1,DisplayDeviceConfig,requesting nits when no mapping exists.]
02-17 10:35:39.320 I/am_wtf ( 1524): [0,1524,system_server,-1,DisplayDeviceConfig,requesting nits when no mapping exists.]
02-17 10:35:39.334 I/am_wtf ( 1524): [0,1524,system_server,-1,DisplayDeviceConfig,requesting nits when no mapping exists.]
02-17 10:35:39.335 I/am_wtf ( 1524): [0,1524,system_server,-1,DisplayDeviceConfig,requesting nits when no mapping exists.]
02-17 10:35:39.351 I/am_wtf ( 1524): [0,1524,system_server,-1,DisplayDeviceConfig,requesting nits when no mapping exists.]
02-17 10:35:39.351 I/am_wtf ( 1524): [0,1524,system_server,-1,DisplayDeviceConfig,requesting nits when no mapping exists.]
02-17 10:35:39.367 I/am_wtf ( 1524): [0,1524,system_server,-1,DisplayDeviceConfig,requesting nits when no mapping exists.]
02-17 10:35:39.368 I/am_wtf ( 1524): [0,1524,system_server,-1,DisplayDeviceConfig,requesting nits when no mapping exists.]
02-17 10:35:39.384 I/am_wtf ( 1524): [0,1524,system_server,-1,DisplayDeviceConfig,requesting nits when no mapping exists.]
02-17 10:35:39.385 I/am_wtf ( 1524): [0,1524,system_server,-1,DisplayDeviceConfig,requesting nits when no mapping exists.]
02-17 10:35:39.400 I/am_wtf ( 1524): [0,1524,system_server,-1,DisplayDeviceConfig,requesting nits when no mapping exists.]
02-17 10:35:39.401 I/am_wtf ( 1524): [0,1524,system_server,-1,DisplayDeviceConfig,requesting nits when no mapping exists.]
02-17 10:35:39.939 I/auditd ( 0): type=1400 audit(0.0:26260): avc: denied { kill } for comm="swapper/3" capability=5 scontext=u:r:kernel:s0 tcontext=u:r:kernel:s0 tclass=capability permissive=0
02-17 10:35:40.939 I/auditd ( 0): type=1400 audit(0.0:26261): avc: denied { kill } for comm="swapper/3" capability=5 scontext=u:r:kernel:s0 tcontext=u:r:kernel:s0 tclass=capability permissive=0
02-17 10:35:41.939 I/auditd ( 0): type=1400 audit(0.0:26262): avc: denied { kill } for comm="swapper/3" capability=5 scontext=u:r:kernel:s0 tcontext=u:r:kernel:s0 tclass=capability permissive=0
02-17 10:35:42.939 I/auditd ( 0): type=1400 audit(0.0:26263): avc: denied { kill } for comm="swapper/3" capability=5 scontext=u:r:kernel:s0 tcontext=u:r:kernel:s0 tclass=capability permissive=0
02-17 10:35:43.939 I/auditd ( 0): type=1400 audit(0.0:26264): avc: denied { kill } for comm="swapper/3" capability=5 scontext=u:r:kernel:s0 tcontext=u:r:kernel:s0 tclass=capability permissive=0
02-17 10:35:44.935 I/auditd ( 0): type=1400 audit(0.0:26265): avc: denied { kill } for comm="swapper/3" capability=5 scontext=u:r:kernel:s0 tcontext=u:r:kernel:s0 tclass=capability permissive=0
02-17 10:35:45.454 I/sysui_multi_action( 1524): [757,222,758,1]
02-17 10:35:45.457 I/am_uid_active( 1524): 10040
02-17 10:35:45.467 I/am_pss ( 1524): [22819,10084,com.android.music,34719744,29110272,0,152543232,0,2,12]
02-17 10:35:45.475 I/wm_task_created( 1524): [155,-1]
02-17 10:35:45.476 I/am_pss ( 1524): [23014,1000,com.android.settings,25049088,13758464,0,119320576,0,19,8]
02-17 10:35:45.480 I/wm_task_moved( 1524): [155,1,7]
02-17 10:35:45.480 I/wm_task_to_front( 1524): [0,155]
02-17 10:35:45.480 I/wm_create_task( 1524): [0,155]
02-17 10:35:45.480 I/wm_create_activity( 1524): [0,35665,155,com.thundercomm.screensaver/android.service.dreams.DreamActivity,NULL,NULL,NULL,276824064]
02-17 10:35:45.480 I/wm_task_moved( 1524): [155,1,7]
02-17 10:35:45.480 I/wm_on_top_resumed_lost_called(22819): [145339176,com.android.music.MusicBrowserActivity,topStateChangedWhenResumed]
02-17 10:35:45.480 I/wm_pause_activity( 1524): [0,128678138,com.android.launcher3/.uioverrides.QuickstepLauncher,userLeaving=true,pauseBackTasks]
02-17 10:35:45.481 I/wm_on_paused_called( 2568): [128678138,com.android.launcher3.uioverrides.QuickstepLauncher,performPause]
02-17 10:35:45.484 I/wm_add_to_stopping( 1524): [0,128678138,com.android.launcher3/.uioverrides.QuickstepLauncher,makeInvisible]
02-17 10:35:45.485 I/wm_restart_activity( 1524): [0,35665,155,com.thundercomm.screensaver/android.service.dreams.DreamActivity]
02-17 10:35:45.486 I/wm_set_resumed_activity( 1524): [0,com.thundercomm.screensaver/android.service.dreams.DreamActivity,minimalResumeActivityLocked]
02-17 10:35:45.490 I/sysui_multi_action( 1524): [757,803,799,window_time_2,802,60]
02-17 10:35:45.491 I/wm_on_create_called(19147): [35665,android.service.dreams.DreamActivity,performCreate]
02-17 10:35:45.491 I/wm_on_start_called(19147): [35665,android.service.dreams.DreamActivity,handleStartActivity]
02-17 10:35:45.491 I/wm_on_resume_called(19147): [35665,android.service.dreams.DreamActivity,RESUME_ACTIVITY]
02-17 10:35:45.493 I/wm_on_top_resumed_gained_called(19147): [35665,android.service.dreams.DreamActivity,topStateChangedWhenResumed]
02-17 10:35:45.510 I/input_focus( 1524): [Focus request e9b2553 com.thundercomm.screensaver/android.service.dreams.DreamActivity,reason=UpdateInputWindows]
02-17 10:35:45.518 I/input_focus( 1524): [Focus leaving ff0d2b com.android.music/com.android.music.MusicBrowserActivity (server),reason=Waiting for window because NOT_VISIBLE]
02-17 10:35:45.518 I/sysui_multi_action( 1524): [319,48,322,46,325,24383,757,761,758,8,759,2,806,com.thundercomm.screensaver,871,android.service.dreams.DreamActivity,904,com.thundercomm.screensaver,905,0,1320,4,1321,2]
02-17 10:35:45.518 I/wm_activity_launch_time( 1524): [0,35665,com.thundercomm.screensaver/android.service.dreams.DreamActivity,46]
02-17 10:35:45.519 I/sysui_multi_action( 1524): [757,1696,758,6,759,3]
02-17 10:35:45.519 I/sysui_multi_action( 1524): [757,1696,758,6,759,3]
02-17 10:35:45.533 I/am_wtf ( 1524): [0,1524,system_server,-1,DisplayDeviceConfig,requesting nits when no mapping exists.]
02-17 10:35:45.534 I/am_wtf ( 1524): [0,1524,system_server,-1,DisplayDeviceConfig,requesting nits when no mapping exists.]
02-17 10:35:45.551 I/am_wtf ( 1524): [0,1524,system_server,-1,DisplayDeviceConfig,requesting nits when no mapping exists.]
02-17 10:35:45.551 I/input_focus( 1524): [Focus entering e9b2553 com.thundercomm.screensaver/android.service.dreams.DreamActivity (server),reason=Window became focusable. Previous reason: NOT_VISIBLE]
02-17 10:35:45.551 I/am_wtf ( 1524): [0,1524,system_server,-1,DisplayDeviceConfig,requesting nits when no mapping exists.]
02-17 10:35:45.567 I/am_wtf ( 1524): [0,1524,system_server,-1,DisplayDeviceConfig,requesting nits when no mapping exists.]
02-17 10:35:45.567 I/am_wtf ( 1524): [0,1524,system_server,-1,DisplayDeviceConfig,requesting nits when no mapping exists.]
02-17 10:35:45.583 I/am_wtf ( 1524): [0,1524,system_server,-1,DisplayDeviceConfig,requesting nits when no mapping exists.]
02-17 10:35:45.584 I/am_wtf ( 1524): [0,1524,system_server,-1,DisplayDeviceConfig,requesting nits when no mapping exists.]
02-17 10:35:45.601 I/am_wtf ( 1524): [0,1524,system_server,-1,DisplayDeviceConfig,requesting nits when no mapping exists.]
02-17 10:35:45.601 I/am_wtf ( 1524): [0,1524,system_server,-1,DisplayDeviceConfig,requesting nits when no mapping exists.]
02-17 10:35:45.618 I/am_wtf ( 1524): [0,1524,system_server,-1,DisplayDeviceConfig,requesting nits when no mapping exists.]
