02-17 10:20:07.476 I/am_wtf ( 1524): [0,1524,system_server,-1,DisplayDeviceConfig,requesting nits when no mapping exists.]
02-17 10:20:07.477 I/am_wtf ( 1524): [0,1524,system_server,-1,DisplayDeviceConfig,requesting nits when no mapping exists.]
02-17 10:20:07.493 I/am_wtf ( 1524): [0,1524,system_server,-1,DisplayDeviceConfig,requesting nits when no mapping exists.]
02-17 10:20:07.493 I/am_wtf ( 1524): [0,1524,system_server,-1,DisplayDeviceConfig,requesting nits when no mapping exists.]
02-17 10:20:07.509 I/am_wtf ( 1524): [0,1524,system_server,-1,DisplayDeviceConfig,requesting nits when no mapping exists.]
02-17 10:20:07.510 I/am_wtf ( 1524): [0,1524,system_server,-1,DisplayDeviceConfig,requesting nits when no mapping exists.]
02-17 10:20:07.527 I/am_wtf ( 1524): [0,1524,system_server,-1,DisplayDeviceConfig,requesting nits when no mapping exists.]
02-17 10:20:07.527 I/am_wtf ( 1524): [0,1524,system_server,-1,DisplayDeviceConfig,requesting nits when no mapping exists.]
02-17 10:20:07.543 I/am_wtf ( 1524): [0,1524,system_server,-1,DisplayDeviceConfig,requesting nits when no mapping exists.]
02-17 10:20:07.543 I/am_wtf ( 1524): [0,1524,system_server,-1,DisplayDeviceConfig,requesting nits when no mapping exists.]
02-17 10:20:07.560 I/am_wtf ( 1524): [0,1524,system_server,-1,DisplayDeviceConfig,requesting nits when no mapping exists.]
02-17 10:20:07.560 I/am_wtf ( 1524): [0,1524,system_server,-1,DisplayDeviceConfig,requesting nits when no mapping exists.]
02-17 10:20:07.576 I/am_wtf ( 1524): [0,1524,system_server,-1,DisplayDeviceConfig,requesting nits when no mapping exists.]
02-17 10:20:07.577 I/am_wtf ( 1524): [0,1524,system_server,-1,DisplayDeviceConfig,requesting nits when no mapping exists.]
02-17 10:20:07.593 I/am_wtf ( 1524): [0,1524,system_server,-1,DisplayDeviceConfig,requesting nits when no mapping exists.]
02-17 10:20:07.593 I/am_wtf ( 1524): [0,1524,system_server,-1,DisplayDeviceConfig,requesting nits when no mapping exists.]
02-17 10:20:07.610 I/am_wtf ( 1524): [0,1524,system_server,-1,DisplayDeviceConfig,requesting nits when no mapping exists.]
02-17 10:20:07.610 I/am_wtf ( 1524): [0,1524,system_server,-1,DisplayDeviceConfig,requesting nits when no mapping exists.]
02-17 10:20:07.626 I/am_wtf ( 1524): [0,1524,system_server,-1,DisplayDeviceConfig,requesting nits when no mapping exists.]
02-17 10:20:07.627 I/am_wtf ( 1524): [0,1524,system_server,-1,DisplayDeviceConfig,requesting nits when no mapping exists.]
02-17 10:20:07.643 I/am_wtf ( 1524): [0,1524,system_server,-1,DisplayDeviceConfig,requesting nits when no mapping exists.]
02-17 10:20:07.643 I/am_wtf ( 1524): [0,1524,system_server,-1,DisplayDeviceConfig,requesting nits when no mapping exists.]
02-17 10:20:07.660 I/am_wtf ( 1524): [0,1524,system_server,-1,DisplayDeviceConfig,requesting nits when no mapping exists.]
02-17 10:20:07.660 I/am_wtf ( 1524): [0,1524,system_server,-1,DisplayDeviceConfig,requesting nits when no mapping exists.]
02-17 10:20:07.676 I/am_wtf ( 1524): [0,1524,system_server,-1,DisplayDeviceConfig,requesting nits when no mapping exists.]
02-17 10:20:07.677 I/am_wtf ( 1524): [0,1524,system_server,-1,DisplayDeviceConfig,requesting nits when no mapping exists.]
02-17 10:20:07.693 I/am_wtf ( 1524): [0,1524,system_server,-1,DisplayDeviceConfig,requesting nits when no mapping exists.]
02-17 10:20:07.693 I/am_wtf ( 1524): [0,1524,system_server,-1,DisplayDeviceConfig,requesting nits when no mapping exists.]
02-17 10:20:07.935 I/auditd ( 0): type=1400 audit(0.0:25250): avc: denied { kill } for comm="swapper/0" capability=5 scontext=u:r:kernel:s0 tcontext=u:r:kernel:s0 tclass=capability permissive=0
02-17 10:20:09.935 I/auditd ( 0): type=1400 audit(0.0:25251): avc: denied { kill } for comm="swapper/7" capability=5 scontext=u:r:kernel:s0 tcontext=u:r:kernel:s0 tclass=capability permissive=0
02-17 10:20:10.939 I/auditd ( 0): type=1400 audit(0.0:25252): avc: denied { kill } for comm="swapper/1" capability=5 scontext=u:r:kernel:s0 tcontext=u:r:kernel:s0 tclass=capability permissive=0
02-17 10:20:11.939 I/auditd ( 0): type=1400 audit(0.0:25253): avc: denied { kill } for comm="swapper/1" capability=5 scontext=u:r:kernel:s0 tcontext=u:r:kernel:s0 tclass=capability permissive=0
02-17 10:20:12.939 I/auditd ( 0): type=1400 audit(0.0:25254): avc: denied { kill } for comm="swapper/1" capability=5 scontext=u:r:kernel:s0 tcontext=u:r:kernel:s0 tclass=capability permissive=0
02-17 10:20:13.939 I/auditd ( 0): type=1400 audit(0.0:25255): avc: denied { kill } for comm="swapper/1" capability=5 scontext=u:r:kernel:s0 tcontext=u:r:kernel:s0 tclass=capability permissive=0
02-17 10:20:14.939 I/auditd ( 0): type=1400 audit(0.0:25256): avc: denied { kill } for comm="swapper/1" capability=5 scontext=u:r:kernel:s0 tcontext=u:r:kernel:s0 tclass=capability permissive=0
02-17 10:20:15.939 I/auditd ( 0): type=1400 audit(0.0:25257): avc: denied { kill } for comm="swapper/1" capability=5 scontext=u:r:kernel:s0 tcontext=u:r:kernel:s0 tclass=capability permissive=0
02-17 10:20:16.935 I/auditd ( 0): type=1400 audit(0.0:25258): avc: denied { kill } for comm="swapper/1" capability=5 scontext=u:r:kernel:s0 tcontext=u:r:kernel:s0 tclass=capability permissive=0
02-17 10:20:17.939 I/auditd ( 0): type=1400 audit(0.0:25259): avc: denied { kill } for comm="swapper/1" capability=5 scontext=u:r:kernel:s0 tcontext=u:r:kernel:s0 tclass=capability permissive=0
02-17 10:20:18.935 I/auditd ( 0): type=1400 audit(0.0:25260): avc: denied { kill } for comm="swapper/1" capability=5 scontext=u:r:kernel:s0 tcontext=u:r:kernel:s0 tclass=capability permissive=0
02-17 10:20:19.939 I/auditd ( 0): type=1400 audit(0.0:25261): avc: denied { kill } for comm="swapper/1" capability=5 scontext=u:r:kernel:s0 tcontext=u:r:kernel:s0 tclass=capability permissive=0
02-17 10:20:20.939 I/auditd ( 0): type=1400 audit(0.0:25262): avc: denied { kill } for comm="swapper/1" capability=5 scontext=u:r:kernel:s0 tcontext=u:r:kernel:s0 tclass=capability permissive=0
02-17 10:20:21.935 I/auditd ( 0): type=1400 audit(0.0:25263): avc: denied { kill } for comm="swapper/1" capability=5 scontext=u:r:kernel:s0 tcontext=u:r:kernel:s0 tclass=capability permissive=0
02-17 10:20:22.935 I/auditd ( 0): type=1400 audit(0.0:25264): avc: denied { kill } for comm="swapper/1" capability=5 scontext=u:r:kernel:s0 tcontext=u:r:kernel:s0 tclass=capability permissive=0
02-17 10:20:23.939 I/auditd ( 0): type=1400 audit(0.0:25265): avc: denied { kill } for comm="swapper/1" capability=5 scontext=u:r:kernel:s0 tcontext=u:r:kernel:s0 tclass=capability permissive=0
02-17 10:20:24.939 I/auditd ( 0): type=1400 audit(0.0:25266): avc: denied { kill } for comm="swapper/1" capability=5 scontext=u:r:kernel:s0 tcontext=u:r:kernel:s0 tclass=capability permissive=0
02-17 10:20:25.939 I/auditd ( 0): type=1400 audit(0.0:25267): avc: denied { kill } for comm="swapper/1" capability=5 scontext=u:r:kernel:s0 tcontext=u:r:kernel:s0 tclass=capability permissive=0
02-17 10:20:26.939 I/auditd ( 0): type=1400 audit(0.0:25268): avc: denied { kill } for comm="swapper/1" capability=5 scontext=u:r:kernel:s0 tcontext=u:r:kernel:s0 tclass=capability permissive=0
02-17 10:20:27.935 I/auditd ( 0): type=1400 audit(0.0:25269): avc: denied { kill } for comm="swapper/1" capability=5 scontext=u:r:kernel:s0 tcontext=u:r:kernel:s0 tclass=capability permissive=0
02-17 10:20:28.939 I/auditd ( 0): type=1400 audit(0.0:25270): avc: denied { kill } for comm="swapper/1" capability=5 scontext=u:r:kernel:s0 tcontext=u:r:kernel:s0 tclass=capability permissive=0
02-17 10:20:29.939 I/auditd ( 0): type=1400 audit(0.0:25271): avc: denied { kill } for comm="swapper/1" capability=5 scontext=u:r:kernel:s0 tcontext=u:r:kernel:s0 tclass=capability permissive=0
02-17 10:20:30.939 I/auditd ( 0): type=1400 audit(0.0:25272): avc: denied { kill } for comm="swapper/1" capability=5 scontext=u:r:kernel:s0 tcontext=u:r:kernel:s0 tclass=capability permissive=0
02-17 10:20:31.939 I/auditd ( 0): type=1400 audit(0.0:25273): avc: denied { kill } for comm="swapper/1" capability=5 scontext=u:r:kernel:s0 tcontext=u:r:kernel:s0 tclass=capability permissive=0
02-17 10:20:32.939 I/auditd ( 0): type=1400 audit(0.0:25274): avc: denied { kill } for comm="swapper/1" capability=5 scontext=u:r:kernel:s0 tcontext=u:r:kernel:s0 tclass=capability permissive=0
02-17 10:20:33.939 I/auditd ( 0): type=1400 audit(0.0:25275): avc: denied { kill } for comm="swapper/1" capability=5 scontext=u:r:kernel:s0 tcontext=u:r:kernel:s0 tclass=capability permissive=0
02-17 10:20:34.939 I/auditd ( 0): type=1400 audit(0.0:25276): avc: denied { kill } for comm="swapper/1" capability=5 scontext=u:r:kernel:s0 tcontext=u:r:kernel:s0 tclass=capability permissive=0
02-17 10:20:35.939 I/auditd ( 0): type=1400 audit(0.0:25277): avc: denied { kill } for comm="swapper/1" capability=5 scontext=u:r:kernel:s0 tcontext=u:r:kernel:s0 tclass=capability permissive=0
02-17 10:20:36.935 I/auditd ( 0): type=1400 audit(0.0:25278): avc: denied { kill } for comm="swapper/1" capability=5 scontext=u:r:kernel:s0 tcontext=u:r:kernel:s0 tclass=capability permissive=0
02-17 10:20:37.939 I/auditd ( 0): type=1400 audit(0.0:25279): avc: denied { kill } for comm="swapper/1" capability=5 scontext=u:r:kernel:s0 tcontext=u:r:kernel:s0 tclass=capability permissive=0
02-17 10:20:38.939 I/auditd ( 0): type=1400 audit(0.0:25280): avc: denied { kill } for comm="swapper/1" capability=5 scontext=u:r:kernel:s0 tcontext=u:r:kernel:s0 tclass=capability permissive=0
02-17 10:20:39.939 I/auditd ( 0): type=1400 audit(0.0:25281): avc: denied { kill } for comm="swapper/1" capability=5 scontext=u:r:kernel:s0 tcontext=u:r:kernel:s0 tclass=capability permissive=0
02-17 10:20:40.939 I/auditd ( 0): type=1400 audit(0.0:25282): avc: denied { kill } for comm="swapper/1" capability=5 scontext=u:r:kernel:s0 tcontext=u:r:kernel:s0 tclass=capability permissive=0
02-17 10:20:41.939 I/auditd ( 0): type=1400 audit(0.0:25283): avc: denied { kill } for comm="swapper/1" capability=5 scontext=u:r:kernel:s0 tcontext=u:r:kernel:s0 tclass=capability permissive=0
02-17 10:20:42.939 I/auditd ( 0): type=1400 audit(0.0:25284): avc: denied { kill } for comm="swapper/1" capability=5 scontext=u:r:kernel:s0 tcontext=u:r:kernel:s0 tclass=capability permissive=0
02-17 10:20:43.939 I/auditd ( 0): type=1400 audit(0.0:25285): avc: denied { kill } for comm="swapper/1" capability=5 scontext=u:r:kernel:s0 tcontext=u:r:kernel:s0 tclass=capability permissive=0
02-17 10:20:44.939 I/auditd ( 0): type=1400 audit(0.0:25286): avc: denied { kill } for comm="swapper/1" capability=5 scontext=u:r:kernel:s0 tcontext=u:r:kernel:s0 tclass=capability permissive=0
02-17 10:20:45.935 I/auditd ( 0): type=1400 audit(0.0:25287): avc: denied { kill } for comm="swapper/1" capability=5 scontext=u:r:kernel:s0 tcontext=u:r:kernel:s0 tclass=capability permissive=0
02-17 10:20:46.939 I/auditd ( 0): type=1400 audit(0.0:25288): avc: denied { kill } for comm="swapper/1" capability=5 scontext=u:r:kernel:s0 tcontext=u:r:kernel:s0 tclass=capability permissive=0
02-17 10:20:47.939 I/auditd ( 0): type=1400 audit(0.0:25289): avc: denied { kill } for comm="swapper/1" capability=5 scontext=u:r:kernel:s0 tcontext=u:r:kernel:s0 tclass=capability permissive=0
02-17 10:20:48.935 I/auditd ( 0): type=1400 audit(0.0:25290): avc: denied { kill } for comm="swapper/1" capability=5 scontext=u:r:kernel:s0 tcontext=u:r:kernel:s0 tclass=capability permissive=0
02-17 10:20:49.939 I/auditd ( 0): type=1400 audit(0.0:25291): avc: denied { kill } for comm="swapper/1" capability=5 scontext=u:r:kernel:s0 tcontext=u:r:kernel:s0 tclass=capability permissive=0
02-17 10:20:50.935 I/auditd ( 0): type=1400 audit(0.0:25292): avc: denied { kill } for comm="swapper/1" capability=5 scontext=u:r:kernel:s0 tcontext=u:r:kernel:s0 tclass=capability permissive=0
02-17 10:20:51.939 I/auditd ( 0): type=1400 audit(0.0:25293): avc: denied { kill } for comm="swapper/1" capability=5 scontext=u:r:kernel:s0 tcontext=u:r:kernel:s0 tclass=capability permissive=0
02-17 10:20:52.939 I/auditd ( 0): type=1400 audit(0.0:25294): avc: denied { kill } for comm="swapper/1" capability=5 scontext=u:r:kernel:s0 tcontext=u:r:kernel:s0 tclass=capability permissive=0
02-17 10:20:53.939 I/auditd ( 0): type=1400 audit(0.0:25295): avc: denied { kill } for comm="swapper/1" capability=5 scontext=u:r:kernel:s0 tcontext=u:r:kernel:s0 tclass=capability permissive=0
02-17 10:20:54.935 I/auditd ( 0): type=1400 audit(0.0:25296): avc: denied { kill } for comm="swapper/1" capability=5 scontext=u:r:kernel:s0 tcontext=u:r:kernel:s0 tclass=capability permissive=0
02-17 10:20:55.939 I/auditd ( 0): type=1400 audit(0.0:25297): avc: denied { kill } for comm="swapper/1" capability=5 scontext=u:r:kernel:s0 tcontext=u:r:kernel:s0 tclass=capability permissive=0
02-17 10:20:56.403 I/input_interaction( 1524): Interaction with: 59efe67 com.thundercomm.screensaver/android.service.dreams.DreamActivity (server), edge-swipe (server), swipe-up (server), PointerEventDispatcher0 (server),
02-17 10:20:56.405 I/wm_finish_activity( 1524): [0,193766539,147,com.thundercomm.screensaver/android.service.dreams.DreamActivity,finish-activity]
02-17 10:20:56.406 I/wm_task_moved( 1524): [1,1,6]
02-17 10:20:56.407 I/wm_task_moved( 1524): [9,1,2147483647]
02-17 10:20:56.407 I/wm_task_to_front( 1524): [0,9]
02-17 10:20:56.407 I/wm_focused_root_task( 1524): [0,0,1,147,finish-top adjustFocusToNextFocusableTask]
02-17 10:20:56.407 I/wm_set_resumed_activity( 1524): [0,com.android.launcher3/.uioverrides.QuickstepLauncher,finish-top adjustFocusToNextFocusableTask]
02-17 10:20:56.408 I/wm_pause_activity( 1524): [0,193766539,com.thundercomm.screensaver/android.service.dreams.DreamActivity,userLeaving=false,finish]
02-17 10:20:56.413 I/wm_on_top_resumed_lost_called(19147): [193766539,android.service.dreams.DreamActivity,topStateChangedWhenResumed]
02-17 10:20:56.415 I/sysui_multi_action( 1524): [757,803,799,window_time_0,802,50]
02-17 10:20:56.415 I/wm_on_paused_called(19147): [193766539,android.service.dreams.DreamActivity,performPause]
02-17 10:20:56.415 I/wm_add_to_stopping( 1524): [0,193766539,com.thundercomm.screensaver/android.service.dreams.DreamActivity,completeFinishing]
02-17 10:20:56.417 I/wm_set_resumed_activity( 1524): [0,com.android.launcher3/.uioverrides.QuickstepLauncher,resumeTopActivityInnerLocked]
02-17 10:20:56.419 I/wm_resume_activity( 1524): [0,128678138,9,com.android.launcher3/.uioverrides.QuickstepLauncher]
02-17 10:20:56.426 I/sysui_multi_action( 1524): [757,803,799,window_time_0,802,0]
02-17 10:20:56.431 I/wm_on_restart_called( 2568): [128678138,com.android.launcher3.uioverrides.QuickstepLauncher,performRestartActivity]
02-17 10:20:56.431 I/wm_on_start_called( 2568): [128678138,com.android.launcher3.uioverrides.QuickstepLauncher,handleStartActivity]
02-17 10:20:56.432 I/wm_on_resume_called( 2568): [128678138,com.android.launcher3.uioverrides.QuickstepLauncher,RESUME_ACTIVITY]
02-17 10:20:56.432 I/wm_on_top_resumed_gained_called( 2568): [128678138,com.android.launcher3.uioverrides.QuickstepLauncher,topWhenResuming]
02-17 10:20:56.447 I/view_enqueue_input_event(19147): [Motion - Cancel,com.thundercomm.screensaver/android.service.dreams.DreamActivity]
02-17 10:20:56.451 I/input_focus( 1524): [Focus leaving 59efe67 com.thundercomm.screensaver/android.service.dreams.DreamActivity (server),reason=NO_WINDOW]
02-17 10:20:56.451 I/input_focus( 1524): [Focus request 321be4b com.android.launcher3/com.android.launcher3.uioverrides.QuickstepLauncher,reason=UpdateInputWindows]
02-17 10:20:56.453 I/input_interaction( 1524): Interaction with: edge-swipe (server), swipe-up (server), PointerEventDispatcher0 (server),
02-17 10:20:56.465 I/input_focus( 1524): [Focus entering 321be4b com.android.launcher3/com.android.launcher3.uioverrides.QuickstepLauncher (server),reason=setFocusedWindow]
02-17 10:20:56.701 I/wm_destroy_activity( 1524): [0,193766539,147,com.thundercomm.screensaver/android.service.dreams.DreamActivity,finish-imm:idle]
02-17 10:20:56.722 I/wm_on_stop_called(19147): [193766539,android.service.dreams.DreamActivity,LIFECYCLER_STOP_ACTIVITY]
02-17 10:20:56.723 I/wm_on_destroy_called(19147): [193766539,android.service.dreams.DreamActivity,performDestroy]
02-17 10:20:56.726 I/sysui_multi_action( 1524): [757,222,758,2]
02-17 10:20:56.726 I/sysui_multi_action( 1524): [757,804,799,dreaming_minutes,801,0,802,1]
02-17 10:20:56.734 I/wm_task_removed( 1524): [147,removeChild:removeChild last r=ActivityRecord{b8ca48b u0 com.thundercomm.screensaver/android.service.dreams.DreamActivity t-1 f}} in t=Task{4ce7a44 #147 type=dream A=10040:android:com.thundercomm.screensaver/dream U=0 visible=false mode=fullscreen translucent=true sz=0}]
02-17 10:20:56.734 I/wm_task_removed( 1524): [147,removeChild]
02-17 10:20:57.935 I/auditd ( 0): type=1400 audit(0.0:25298): avc: denied { kill } for comm="swapper/1" capability=5 scontext=u:r:kernel:s0 tcontext=u:r:kernel:s0 tclass=capability permissive=0
02-17 10:20:58.939 I/auditd ( 0): type=1400 audit(0.0:25299): avc: denied { kill } for comm="swapper/1" capability=5 scontext=u:r:kernel:s0 tcontext=u:r:kernel:s0 tclass=capability permissive=0
02-17 10:20:59.939 I/auditd ( 0): type=1400 audit(0.0:25300): avc: denied { kill } for comm="swapper/1" capability=5 scontext=u:r:kernel:s0 tcontext=u:r:kernel:s0 tclass=capability permissive=0
02-17 10:21:00.939 I/auditd ( 0): type=1400 audit(0.0:25301): avc: denied { kill } for comm="swapper/1" capability=5 scontext=u:r:kernel:s0 tcontext=u:r:kernel:s0 tclass=capability permissive=0
02-17 10:21:01.935 I/auditd ( 0): type=1400 audit(0.0:25302): avc: denied { kill } for comm="swapper/1" capability=5 scontext=u:r:kernel:s0 tcontext=u:r:kernel:s0 tclass=capability permissive=0
02-17 10:21:02.939 I/auditd ( 0): type=1400 audit(0.0:25303): avc: denied { kill } for comm="swapper/1" capability=5 scontext=u:r:kernel:s0 tcontext=u:r:kernel:s0 tclass=capability permissive=0
02-17 10:21:03.939 I/auditd ( 0): type=1400 audit(0.0:25304): avc: denied { kill } for comm="swapper/1" capability=5 scontext=u:r:kernel:s0 tcontext=u:r:kernel:s0 tclass=capability permissive=0
02-17 10:21:04.939 I/auditd ( 0): type=1400 audit(0.0:25305): avc: denied { kill } for comm="swapper/1" capability=5 scontext=u:r:kernel:s0 tcontext=u:r:kernel:s0 tclass=capability permissive=0
02-17 10:21:05.939 I/auditd ( 0): type=1400 audit(0.0:25306): avc: denied { kill } for comm="swapper/1" capability=5 scontext=u:r:kernel:s0 tcontext=u:r:kernel:s0 tclass=capability permissive=0
02-17 10:21:06.935 I/auditd ( 0): type=1400 audit(0.0:25307): avc: denied { kill } for comm="swapper/1" capability=5 scontext=u:r:kernel:s0 tcontext=u:r:kernel:s0 tclass=capability permissive=0
02-17 10:21:07.935 I/auditd ( 0): type=1400 audit(0.0:25308): avc: denied { kill } for comm="swapper/1" capability=5 scontext=u:r:kernel:s0 tcontext=u:r:kernel:s0 tclass=capability permissive=0
02-17 10:21:08.935 I/auditd ( 0): type=1400 audit(0.0:25309): avc: denied { kill } for comm="swapper/1" capability=5 scontext=u:r:kernel:s0 tcontext=u:r:kernel:s0 tclass=capability permissive=0
02-17 10:21:09.939 I/auditd ( 0): type=1400 audit(0.0:25310): avc: denied { kill } for comm="swapper/1" capability=5 scontext=u:r:kernel:s0 tcontext=u:r:kernel:s0 tclass=capability permissive=0
02-17 10:21:10.939 I/auditd ( 0): type=1400 audit(0.0:25311): avc: denied { kill } for comm="swapper/1" capability=5 scontext=u:r:kernel:s0 tcontext=u:r:kernel:s0 tclass=capability permissive=0
02-17 10:21:11.935 I/auditd ( 0): type=1400 audit(0.0:25312): avc: denied { kill } for comm="swapper/1" capability=5 scontext=u:r:kernel:s0 tcontext=u:r:kernel:s0 tclass=capability permissive=0
02-17 10:21:12.935 I/auditd ( 0): type=1400 audit(0.0:25313): avc: denied { kill } for comm="swapper/1" capability=5 scontext=u:r:kernel:s0 tcontext=u:r:kernel:s0 tclass=capability permissive=0
02-17 10:21:13.935 I/auditd ( 0): type=1400 audit(0.0:25314): avc: denied { kill } for comm="swapper/1" capability=5 scontext=u:r:kernel:s0 tcontext=u:r:kernel:s0 tclass=capability permissive=0
02-17 10:21:14.939 I/auditd ( 0): type=1400 audit(0.0:25315): avc: denied { kill } for comm="swapper/1" capability=5 scontext=u:r:kernel:s0 tcontext=u:r:kernel:s0 tclass=capability permissive=0
02-17 10:21:15.939 I/auditd ( 0): type=1400 audit(0.0:25316): avc: denied { kill } for comm="swapper/1" capability=5 scontext=u:r:kernel:s0 tcontext=u:r:kernel:s0 tclass=capability permissive=0
02-17 10:21:16.939 I/auditd ( 0): type=1400 audit(0.0:25317): avc: denied { kill } for comm="swapper/1" capability=5 scontext=u:r:kernel:s0 tcontext=u:r:kernel:s0 tclass=capability permissive=0
02-17 10:21:17.939 I/auditd ( 0): type=1400 audit(0.0:25318): avc: denied { kill } for comm="swapper/1" capability=5 scontext=u:r:kernel:s0 tcontext=u:r:kernel:s0 tclass=capability permissive=0
02-17 10:21:18.939 I/auditd ( 0): type=1400 audit(0.0:25319): avc: denied { kill } for comm="swapper/1" capability=5 scontext=u:r:kernel:s0 tcontext=u:r:kernel:s0 tclass=capability permissive=0
02-17 10:21:19.939 I/auditd ( 0): type=1400 audit(0.0:25320): avc: denied { kill } for comm="swapper/1" capability=5 scontext=u:r:kernel:s0 tcontext=u:r:kernel:s0 tclass=capability permissive=0
02-17 10:21:20.935 I/auditd ( 0): type=1400 audit(0.0:25321): avc: denied { kill } for comm="swapper/1" capability=5 scontext=u:r:kernel:s0 tcontext=u:r:kernel:s0 tclass=capability permissive=0
02-17 10:21:21.935 I/auditd ( 0): type=1400 audit(0.0:25322): avc: denied { kill } for comm="swapper/1" capability=5 scontext=u:r:kernel:s0 tcontext=u:r:kernel:s0 tclass=capability permissive=0
02-17 10:21:22.939 I/auditd ( 0): type=1400 audit(0.0:25323): avc: denied { kill } for comm="swapper/1" capability=5 scontext=u:r:kernel:s0 tcontext=u:r:kernel:s0 tclass=capability permissive=0
02-17 10:21:23.939 I/auditd ( 0): type=1400 audit(0.0:25324): avc: denied { kill } for comm="swapper/1" capability=5 scontext=u:r:kernel:s0 tcontext=u:r:kernel:s0 tclass=capability permissive=0
02-17 10:21:24.935 I/auditd ( 0): type=1400 audit(0.0:25325): avc: denied { kill } for comm="swapper/1" capability=5 scontext=u:r:kernel:s0 tcontext=u:r:kernel:s0 tclass=capability permissive=0
02-17 10:21:25.935 I/auditd ( 0): type=1400 audit(0.0:25326): avc: denied { kill } for comm="swapper/1" capability=5 scontext=u:r:kernel:s0 tcontext=u:r:kernel:s0 tclass=capability permissive=0
02-17 10:21:26.939 I/auditd ( 0): type=1400 audit(0.0:25327): avc: denied { kill } for comm="swapper/1" capability=5 scontext=u:r:kernel:s0 tcontext=u:r:kernel:s0 tclass=capability permissive=0
02-17 10:21:27.935 I/auditd ( 0): type=1400 audit(0.0:25328): avc: denied { kill } for comm="swapper/1" capability=5 scontext=u:r:kernel:s0 tcontext=u:r:kernel:s0 tclass=capability permissive=0
02-17 10:21:28.935 I/auditd ( 0): type=1400 audit(0.0:25329): avc: denied { kill } for comm="swapper/1" capability=5 scontext=u:r:kernel:s0 tcontext=u:r:kernel:s0 tclass=capability permissive=0
02-17 10:21:29.935 I/auditd ( 0): type=1400 audit(0.0:25330): avc: denied { kill } for comm="swapper/1" capability=5 scontext=u:r:kernel:s0 tcontext=u:r:kernel:s0 tclass=capability permissive=0
02-17 10:21:30.935 I/auditd ( 0): type=1400 audit(0.0:25331): avc: denied { kill } for comm="swapper/1" capability=5 scontext=u:r:kernel:s0 tcontext=u:r:kernel:s0 tclass=capability permissive=0
02-17 10:21:31.939 I/auditd ( 0): type=1400 audit(0.0:25332): avc: denied { kill } for comm="swapper/1" capability=5 scontext=u:r:kernel:s0 tcontext=u:r:kernel:s0 tclass=capability permissive=0
02-17 10:21:32.935 I/auditd ( 0): type=1400 audit(0.0:25333): avc: denied { kill } for comm="swapper/1" capability=5 scontext=u:r:kernel:s0 tcontext=u:r:kernel:s0 tclass=capability permissive=0
02-17 10:21:33.939 I/auditd ( 0): type=1400 audit(0.0:25334): avc: denied { kill } for comm="swapper/1" capability=5 scontext=u:r:kernel:s0 tcontext=u:r:kernel:s0 tclass=capability permissive=0
02-17 10:21:34.935 I/auditd ( 0): type=1400 audit(0.0:25335): avc: denied { kill } for comm="swapper/1" capability=5 scontext=u:r:kernel:s0 tcontext=u:r:kernel:s0 tclass=capability permissive=0
02-17 10:21:35.939 I/auditd ( 0): type=1400 audit(0.0:25336): avc: denied { kill } for comm="swapper/1" capability=5 scontext=u:r:kernel:s0 tcontext=u:r:kernel:s0 tclass=capability permissive=0
02-17 10:21:36.939 I/auditd ( 0): type=1400 audit(0.0:25337): avc: denied { kill } for comm="swapper/1" capability=5 scontext=u:r:kernel:s0 tcontext=u:r:kernel:s0 tclass=capability permissive=0
02-17 10:21:37.939 I/auditd ( 0): type=1400 audit(0.0:25338): avc: denied { kill } for comm="swapper/1" capability=5 scontext=u:r:kernel:s0 tcontext=u:r:kernel:s0 tclass=capability permissive=0
02-17 10:21:38.939 I/auditd ( 0): type=1400 audit(0.0:25339): avc: denied { kill } for comm="swapper/1" capability=5 scontext=u:r:kernel:s0 tcontext=u:r:kernel:s0 tclass=capability permissive=0
02-17 10:21:39.939 I/auditd ( 0): type=1400 audit(0.0:25340): avc: denied { kill } for comm="swapper/1" capability=5 scontext=u:r:kernel:s0 tcontext=u:r:kernel:s0 tclass=capability permissive=0
02-17 10:21:40.935 I/auditd ( 0): type=1400 audit(0.0:25341): avc: denied { kill } for comm="swapper/1" capability=5 scontext=u:r:kernel:s0 tcontext=u:r:kernel:s0 tclass=capability permissive=0
02-17 10:21:41.939 I/auditd ( 0): type=1400 audit(0.0:25342): avc: denied { kill } for comm="swapper/1" capability=5 scontext=u:r:kernel:s0 tcontext=u:r:kernel:s0 tclass=capability permissive=0
02-17 10:21:42.939 I/auditd ( 0): type=1400 audit(0.0:25343): avc: denied { kill } for comm="swapper/1" capability=5 scontext=u:r:kernel:s0 tcontext=u:r:kernel:s0 tclass=capability permissive=0
02-17 10:21:43.939 I/auditd ( 0): type=1400 audit(0.0:25344): avc: denied { kill } for comm="swapper/1" capability=5 scontext=u:r:kernel:s0 tcontext=u:r:kernel:s0 tclass=capability permissive=0
02-17 10:21:44.939 I/auditd ( 0): type=1400 audit(0.0:25345): avc: denied { kill } for comm="swapper/1" capability=5 scontext=u:r:kernel:s0 tcontext=u:r:kernel:s0 tclass=capability permissive=0
02-17 10:21:45.939 I/auditd ( 0): type=1400 audit(0.0:25346): avc: denied { kill } for comm="swapper/1" capability=5 scontext=u:r:kernel:s0 tcontext=u:r:kernel:s0 tclass=capability permissive=0
02-17 10:21:46.935 I/auditd ( 0): type=1400 audit(0.0:25347): avc: denied { kill } for comm="swapper/1" capability=5 scontext=u:r:kernel:s0 tcontext=u:r:kernel:s0 tclass=capability permissive=0
02-17 10:21:47.939 I/auditd ( 0): type=1400 audit(0.0:25348): avc: denied { kill } for comm="swapper/1" capability=5 scontext=u:r:kernel:s0 tcontext=u:r:kernel:s0 tclass=capability permissive=0
02-17 10:21:48.939 I/auditd ( 0): type=1400 audit(0.0:25349): avc: denied { kill } for comm="swapper/1" capability=5 scontext=u:r:kernel:s0 tcontext=u:r:kernel:s0 tclass=capability permissive=0
02-17 10:21:49.569 I/sysui_multi_action( 1524): [757,1696,758,6,759,2]
02-17 10:21:49.582 I/am_wtf ( 1524): [0,1524,system_server,-1,DisplayDeviceConfig,requesting nits when no mapping exists.]
02-17 10:21:49.586 I/am_wtf ( 1524): [0,1524,system_server,-1,DisplayDeviceConfig,requesting nits when no mapping exists.]
02-17 10:21:49.598 I/am_wtf ( 1524): [0,1524,system_server,-1,DisplayDeviceConfig,requesting nits when no mapping exists.]
02-17 10:21:49.600 I/am_wtf ( 1524): [0,1524,system_server,-1,DisplayDeviceConfig,requesting nits when no mapping exists.]
02-17 10:21:49.606 I/am_wtf ( 1524): [0,1524,system_server,-1,DisplayDeviceConfig,requesting nits when no mapping exists.]
02-17 10:21:49.608 I/am_wtf ( 1524): [0,1524,system_server,-1,DisplayDeviceConfig,requesting nits when no mapping exists.]
02-17 10:21:49.623 I/am_wtf ( 1524): [0,1524,system_server,-1,DisplayDeviceConfig,requesting nits when no mapping exists.]
02-17 10:21:49.623 I/am_wtf ( 1524): [0,1524,system_server,-1,DisplayDeviceConfig,requesting nits when no mapping exists.]
02-17 10:21:49.639 I/am_wtf ( 1524): [0,1524,system_server,-1,DisplayDeviceConfig,requesting nits when no mapping exists.]
02-17 10:21:49.640 I/am_wtf ( 1524): [0,1524,system_server,-1,DisplayDeviceConfig,requesting nits when no mapping exists.]
02-17 10:21:49.656 I/am_wtf ( 1524): [0,1524,system_server,-1,DisplayDeviceConfig,requesting nits when no mapping exists.]
02-17 10:21:49.657 I/am_wtf ( 1524): [0,1524,system_server,-1,DisplayDeviceConfig,requesting nits when no mapping exists.]
02-17 10:21:49.673 I/am_wtf ( 1524): [0,1524,system_server,-1,DisplayDeviceConfig,requesting nits when no mapping exists.]
02-17 10:21:49.674 I/am_wtf ( 1524): [0,1524,system_server,-1,DisplayDeviceConfig,requesting nits when no mapping exists.]
02-17 10:21:49.689 I/am_wtf ( 1524): [0,1524,system_server,-1,DisplayDeviceConfig,requesting nits when no mapping exists.]
02-17 10:21:49.690 I/am_wtf ( 1524): [0,1524,system_server,-1,DisplayDeviceConfig,requesting nits when no mapping exists.]
02-17 10:21:49.706 I/am_wtf ( 1524): [0,1524,system_server,-1,DisplayDeviceConfig,requesting nits when no mapping exists.]
02-17 10:21:49.707 I/am_wtf ( 1524): [0,1524,system_server,-1,DisplayDeviceConfig,requesting nits when no mapping exists.]
02-17 10:21:49.723 I/am_wtf ( 1524): [0,1524,system_server,-1,DisplayDeviceConfig,requesting nits when no mapping exists.]
02-17 10:21:49.724 I/am_wtf ( 1524): [0,1524,system_server,-1,DisplayDeviceConfig,requesting nits when no mapping exists.]
02-17 10:21:49.740 I/am_wtf ( 1524): [0,1524,system_server,-1,DisplayDeviceConfig,requesting nits when no mapping exists.]
02-17 10:21:49.740 I/am_wtf ( 1524): [0,1524,system_server,-1,DisplayDeviceConfig,requesting nits when no mapping exists.]
02-17 10:21:49.756 I/am_wtf ( 1524): [0,1524,system_server,-1,DisplayDeviceConfig,requesting nits when no mapping exists.]
02-17 10:21:49.757 I/am_wtf ( 1524): [0,1524,system_server,-1,DisplayDeviceConfig,requesting nits when no mapping exists.]
02-17 10:21:49.773 I/am_wtf ( 1524): [0,1524,system_server,-1,DisplayDeviceConfig,requesting nits when no mapping exists.]
02-17 10:21:49.774 I/am_wtf ( 1524): [0,1524,system_server,-1,DisplayDeviceConfig,requesting nits when no mapping exists.]
02-17 10:21:49.790 I/am_wtf ( 1524): [0,1524,system_server,-1,DisplayDeviceConfig,requesting nits when no mapping exists.]
02-17 10:21:49.790 I/am_wtf ( 1524): [0,1524,system_server,-1,DisplayDeviceConfig,requesting nits when no mapping exists.]
02-17 10:21:49.806 I/am_wtf ( 1524): [0,1524,system_server,-1,DisplayDeviceConfig,requesting nits when no mapping exists.]
02-17 10:21:49.807 I/am_wtf ( 1524): [0,1524,system_server,-1,DisplayDeviceConfig,requesting nits when no mapping exists.]
02-17 10:21:49.823 I/am_wtf ( 1524): [0,1524,system_server,-1,DisplayDeviceConfig,requesting nits when no mapping exists.]
02-17 10:21:49.824 I/am_wtf ( 1524): [0,1524,system_server,-1,DisplayDeviceConfig,requesting nits when no mapping exists.]
02-17 10:21:49.840 I/am_wtf ( 1524): [0,1524,system_server,-1,DisplayDeviceConfig,requesting nits when no mapping exists.]
02-17 10:21:49.841 I/am_wtf ( 1524): [0,1524,system_server,-1,DisplayDeviceConfig,requesting nits when no mapping exists.]
02-17 10:21:49.857 I/am_wtf ( 1524): [0,1524,system_server,-1,DisplayDeviceConfig,requesting nits when no mapping exists.]
02-17 10:21:49.857 I/am_wtf ( 1524): [0,1524,system_server,-1,DisplayDeviceConfig,requesting nits when no mapping exists.]
02-17 10:21:49.873 I/am_wtf ( 1524): [0,1524,system_server,-1,DisplayDeviceConfig,requesting nits when no mapping exists.]
02-17 10:21:49.874 I/am_wtf ( 1524): [0,1524,system_server,-1,DisplayDeviceConfig,requesting nits when no mapping exists.]
02-17 10:21:49.890 I/am_wtf ( 1524): [0,1524,system_server,-1,DisplayDeviceConfig,requesting nits when no mapping exists.]
02-17 10:21:49.891 I/am_wtf ( 1524): [0,1524,system_server,-1,DisplayDeviceConfig,requesting nits when no mapping exists.]
02-17 10:21:49.907 I/am_wtf ( 1524): [0,1524,system_server,-1,DisplayDeviceConfig,requesting nits when no mapping exists.]
02-17 10:21:49.908 I/am_wtf ( 1524): [0,1524,system_server,-1,DisplayDeviceConfig,requesting nits when no mapping exists.]
02-17 10:21:49.923 I/am_wtf ( 1524): [0,1524,system_server,-1,DisplayDeviceConfig,requesting nits when no mapping exists.]
02-17 10:21:49.924 I/am_wtf ( 1524): [0,1524,system_server,-1,DisplayDeviceConfig,requesting nits when no mapping exists.]
02-17 10:21:49.940 I/am_wtf ( 1524): [0,1524,system_server,-1,DisplayDeviceConfig,requesting nits when no mapping exists.]
02-17 10:21:49.941 I/am_wtf ( 1524): [0,1524,system_server,-1,DisplayDeviceConfig,requesting nits when no mapping exists.]
02-17 10:21:49.956 I/am_wtf ( 1524): [0,1524,system_server,-1,DisplayDeviceConfig,requesting nits when no mapping exists.]
02-17 10:21:49.957 I/am_wtf ( 1524): [0,1524,system_server,-1,DisplayDeviceConfig,requesting nits when no mapping exists.]
02-17 10:21:49.973 I/am_wtf ( 1524): [0,1524,system_server,-1,DisplayDeviceConfig,requesting nits when no mapping exists.]
02-17 10:21:49.974 I/am_wtf ( 1524): [0,1524,system_server,-1,DisplayDeviceConfig,requesting nits when no mapping exists.]
02-17 10:21:49.990 I/am_wtf ( 1524): [0,1524,system_server,-1,DisplayDeviceConfig,requesting nits when no mapping exists.]
02-17 10:21:49.990 I/am_wtf ( 1524): [0,1524,system_server,-1,DisplayDeviceConfig,requesting nits when no mapping exists.]
02-17 10:21:50.007 I/am_wtf ( 1524): [0,1524,system_server,-1,DisplayDeviceConfig,requesting nits when no mapping exists.]
02-17 10:21:50.008 I/service_manager_stats( 1524): [100,36,102665]
02-17 10:21:50.008 I/am_wtf ( 1524): [0,1524,system_server,-1,DisplayDeviceConfig,requesting nits when no mapping exists.]
02-17 10:21:50.024 I/am_wtf ( 1524): [0,1524,system_server,-1,DisplayDeviceConfig,requesting nits when no mapping exists.]
02-17 10:21:50.024 I/am_wtf ( 1524): [0,1524,system_server,-1,DisplayDeviceConfig,requesting nits when no mapping exists.]
02-17 10:21:50.040 I/am_wtf ( 1524): [0,1524,system_server,-1,DisplayDeviceConfig,requesting nits when no mapping exists.]
02-17 10:21:50.041 I/am_wtf ( 1524): [0,1524,system_server,-1,DisplayDeviceConfig,requesting nits when no mapping exists.]
02-17 10:21:50.057 I/am_wtf ( 1524): [0,1524,system_server,-1,DisplayDeviceConfig,requesting nits when no mapping exists.]
02-17 10:21:50.057 I/am_wtf ( 1524): [0,1524,system_server,-1,DisplayDeviceConfig,requesting nits when no mapping exists.]
02-17 10:21:50.074 I/am_wtf ( 1524): [0,1524,system_server,-1,DisplayDeviceConfig,requesting nits when no mapping exists.]
02-17 10:21:50.074 I/am_wtf ( 1524): [0,1524,system_server,-1,DisplayDeviceConfig,requesting nits when no mapping exists.]
02-17 10:21:50.091 I/am_wtf ( 1524): [0,1524,system_server,-1,DisplayDeviceConfig,requesting nits when no mapping exists.]
02-17 10:21:50.092 I/am_wtf ( 1524): [0,1524,system_server,-1,DisplayDeviceConfig,requesting nits when no mapping exists.]
02-17 10:21:50.107 I/am_wtf ( 1524): [0,1524,system_server,-1,DisplayDeviceConfig,requesting nits when no mapping exists.]
02-17 10:21:50.108 I/am_wtf ( 1524): [0,1524,system_server,-1,DisplayDeviceConfig,requesting nits when no mapping exists.]
02-17 10:21:50.124 I/am_wtf ( 1524): [0,1524,system_server,-1,DisplayDeviceConfig,requesting nits when no mapping exists.]
02-17 10:21:50.125 I/am_wtf ( 1524): [0,1524,system_server,-1,DisplayDeviceConfig,requesting nits when no mapping exists.]
02-17 10:21:50.140 I/am_wtf ( 1524): [0,1524,system_server,-1,DisplayDeviceConfig,requesting nits when no mapping exists.]
02-17 10:21:50.141 I/am_wtf ( 1524): [0,1524,system_server,-1,DisplayDeviceConfig,requesting nits when no mapping exists.]
02-17 10:21:50.157 I/am_wtf ( 1524): [0,1524,system_server,-1,DisplayDeviceConfig,requesting nits when no mapping exists.]
02-17 10:21:50.158 I/am_wtf ( 1524): [0,1524,system_server,-1,DisplayDeviceConfig,requesting nits when no mapping exists.]
02-17 10:21:50.174 I/am_wtf ( 1524): [0,1524,system_server,-1,DisplayDeviceConfig,requesting nits when no mapping exists.]
02-17 10:21:50.175 I/am_wtf ( 1524): [0,1524,system_server,-1,DisplayDeviceConfig,requesting nits when no mapping exists.]
02-17 10:21:50.191 I/am_wtf ( 1524): [0,1524,system_server,-1,DisplayDeviceConfig,requesting nits when no mapping exists.]
02-17 10:21:50.191 I/am_wtf ( 1524): [0,1524,system_server,-1,DisplayDeviceConfig,requesting nits when no mapping exists.]
02-17 10:21:50.207 I/am_wtf ( 1524): [0,1524,system_server,-1,DisplayDeviceConfig,requesting nits when no mapping exists.]
02-17 10:21:50.208 I/am_wtf ( 1524): [0,1524,system_server,-1,DisplayDeviceConfig,requesting nits when no mapping exists.]
02-17 10:21:50.224 I/am_wtf ( 1524): [0,1524,system_server,-1,DisplayDeviceConfig,requesting nits when no mapping exists.]
02-17 10:21:50.225 I/am_wtf ( 1524): [0,1524,system_server,-1,DisplayDeviceConfig,requesting nits when no mapping exists.]
02-17 10:21:50.241 I/am_wtf ( 1524): [0,1524,system_server,-1,DisplayDeviceConfig,requesting nits when no mapping exists.]
02-17 10:21:50.242 I/am_wtf ( 1524): [0,1524,system_server,-1,DisplayDeviceConfig,requesting nits when no mapping exists.]
02-17 10:21:50.258 I/am_wtf ( 1524): [0,1524,system_server,-1,DisplayDeviceConfig,requesting nits when no mapping exists.]
02-17 10:21:50.258 I/am_wtf ( 1524): [0,1524,system_server,-1,DisplayDeviceConfig,requesting nits when no mapping exists.]
02-17 10:21:50.274 I/am_wtf ( 1524): [0,1524,system_server,-1,DisplayDeviceConfig,requesting nits when no mapping exists.]
02-17 10:21:50.275 I/am_wtf ( 1524): [0,1524,system_server,-1,DisplayDeviceConfig,requesting nits when no mapping exists.]
02-17 10:21:50.291 I/am_wtf ( 1524): [0,1524,system_server,-1,DisplayDeviceConfig,requesting nits when no mapping exists.]
02-17 10:21:50.292 I/am_wtf ( 1524): [0,1524,system_server,-1,DisplayDeviceConfig,requesting nits when no mapping exists.]
02-17 10:21:50.307 I/am_wtf ( 1524): [0,1524,system_server,-1,DisplayDeviceConfig,requesting nits when no mapping exists.]
02-17 10:21:50.308 I/am_wtf ( 1524): [0,1524,system_server,-1,DisplayDeviceConfig,requesting nits when no mapping exists.]
02-17 10:21:50.324 I/am_wtf ( 1524): [0,1524,system_server,-1,DisplayDeviceConfig,requesting nits when no mapping exists.]
02-17 10:21:50.325 I/am_wtf ( 1524): [0,1524,system_server,-1,DisplayDeviceConfig,requesting nits when no mapping exists.]
02-17 10:21:50.341 I/am_wtf ( 1524): [0,1524,system_server,-1,DisplayDeviceConfig,requesting nits when no mapping exists.]
02-17 10:21:50.341 I/am_wtf ( 1524): [0,1524,system_server,-1,DisplayDeviceConfig,requesting nits when no mapping exists.]
02-17 10:21:50.357 I/am_wtf ( 1524): [0,1524,system_server,-1,DisplayDeviceConfig,requesting nits when no mapping exists.]
02-17 10:21:50.358 I/am_wtf ( 1524): [0,1524,system_server,-1,DisplayDeviceConfig,requesting nits when no mapping exists.]
02-17 10:21:50.375 I/am_wtf ( 1524): [0,1524,system_server,-1,DisplayDeviceConfig,requesting nits when no mapping exists.]
02-17 10:21:50.376 I/am_wtf ( 1524): [0,1524,system_server,-1,DisplayDeviceConfig,requesting nits when no mapping exists.]
02-17 10:21:50.391 I/am_wtf ( 1524): [0,1524,system_server,-1,DisplayDeviceConfig,requesting nits when no mapping exists.]
02-17 10:21:50.392 I/am_wtf ( 1524): [0,1524,system_server,-1,DisplayDeviceConfig,requesting nits when no mapping exists.]
02-17 10:21:50.408 I/am_wtf ( 1524): [0,1524,system_server,-1,DisplayDeviceConfig,requesting nits when no mapping exists.]
02-17 10:21:50.409 I/am_wtf ( 1524): [0,1524,system_server,-1,DisplayDeviceConfig,requesting nits when no mapping exists.]
02-17 10:21:50.424 I/am_wtf ( 1524): [0,1524,system_server,-1,DisplayDeviceConfig,requesting nits when no mapping exists.]
02-17 10:21:50.425 I/am_wtf ( 1524): [0,1524,system_server,-1,DisplayDeviceConfig,requesting nits when no mapping exists.]
02-17 10:21:50.441 I/am_wtf ( 1524): [0,1524,system_server,-1,DisplayDeviceConfig,requesting nits when no mapping exists.]
02-17 10:21:50.442 I/am_wtf ( 1524): [0,1524,system_server,-1,DisplayDeviceConfig,requesting nits when no mapping exists.]
02-17 10:21:50.458 I/am_wtf ( 1524): [0,1524,system_server,-1,DisplayDeviceConfig,requesting nits when no mapping exists.]
02-17 10:21:50.458 I/am_wtf ( 1524): [0,1524,system_server,-1,DisplayDeviceConfig,requesting nits when no mapping exists.]
02-17 10:21:50.474 I/am_wtf ( 1524): [0,1524,system_server,-1,DisplayDeviceConfig,requesting nits when no mapping exists.]
02-17 10:21:50.475 I/am_wtf ( 1524): [0,1524,system_server,-1,DisplayDeviceConfig,requesting nits when no mapping exists.]
02-17 10:21:50.491 I/am_wtf ( 1524): [0,1524,system_server,-1,DisplayDeviceConfig,requesting nits when no mapping exists.]
02-17 10:21:50.492 I/am_wtf ( 1524): [0,1524,system_server,-1,DisplayDeviceConfig,requesting nits when no mapping exists.]
02-17 10:21:50.508 I/am_wtf ( 1524): [0,1524,system_server,-1,DisplayDeviceConfig,requesting nits when no mapping exists.]
02-17 10:21:50.509 I/am_wtf ( 1524): [0,1524,system_server,-1,DisplayDeviceConfig,requesting nits when no mapping exists.]
02-17 10:21:50.935 I/auditd ( 0): type=1400 audit(0.0:25350): avc: denied { kill } for comm="swapper/2" capability=5 scontext=u:r:kernel:s0 tcontext=u:r:kernel:s0 tclass=capability permissive=0
02-17 10:21:51.939 I/auditd ( 0): type=1400 audit(0.0:25351): avc: denied { kill } for comm="swapper/2" capability=5 scontext=u:r:kernel:s0 tcontext=u:r:kernel:s0 tclass=capability permissive=0
02-17 10:21:52.935 I/auditd ( 0): type=1400 audit(0.0:25352): avc: denied { kill } for comm="swapper/2" capability=5 scontext=u:r:kernel:s0 tcontext=u:r:kernel:s0 tclass=capability permissive=0
02-17 10:21:53.939 I/auditd ( 0): type=1400 audit(0.0:25353): avc: denied { kill } for comm="swapper/2" capability=5 scontext=u:r:kernel:s0 tcontext=u:r:kernel:s0 tclass=capability permissive=0
02-17 10:21:54.939 I/auditd ( 0): type=1400 audit(0.0:25354): avc: denied { kill } for comm="swapper/2" capability=5 scontext=u:r:kernel:s0 tcontext=u:r:kernel:s0 tclass=capability permissive=0
02-17 10:21:55.935 I/auditd ( 0): type=1400 audit(0.0:25355): avc: denied { kill } for comm="swapper/2" capability=5 scontext=u:r:kernel:s0 tcontext=u:r:kernel:s0 tclass=capability permissive=0
02-17 10:21:56.712 I/sysui_multi_action( 1524): [757,222,758,1]
02-17 10:21:56.725 I/wm_task_created( 1524): [148,-1]
02-17 10:21:56.729 I/wm_task_moved( 1524): [148,1,7]
02-17 10:21:56.729 I/wm_task_to_front( 1524): [0,148]
02-17 10:21:56.729 I/wm_create_task( 1524): [0,148]
02-17 10:21:56.730 I/wm_create_activity( 1524): [0,70316847,148,com.thundercomm.screensaver/android.service.dreams.DreamActivity,NULL,NULL,NULL,276824064]
02-17 10:21:56.730 I/wm_task_moved( 1524): [148,1,7]
02-17 10:21:56.730 I/wm_on_top_resumed_lost_called( 2568): [128678138,com.android.launcher3.uioverrides.QuickstepLauncher,topStateChangedWhenResumed]
02-17 10:21:56.731 I/wm_pause_activity( 1524): [0,128678138,com.android.launcher3/.uioverrides.QuickstepLauncher,userLeaving=true,pauseBackTasks]
02-17 10:21:56.732 I/wm_on_paused_called( 2568): [128678138,com.android.launcher3.uioverrides.QuickstepLauncher,performPause]
02-17 10:21:56.734 I/wm_add_to_stopping( 1524): [0,128678138,com.android.launcher3/.uioverrides.QuickstepLauncher,makeInvisible]
02-17 10:21:56.734 I/wm_restart_activity( 1524): [0,70316847,148,com.thundercomm.screensaver/android.service.dreams.DreamActivity]
02-17 10:21:56.735 I/wm_set_resumed_activity( 1524): [0,com.thundercomm.screensaver/android.service.dreams.DreamActivity,minimalResumeActivityLocked]
02-17 10:21:56.737 I/sysui_multi_action( 1524): [757,803,799,window_time_0,802,60]
02-17 10:21:56.738 I/wm_on_create_called(19147): [70316847,android.service.dreams.DreamActivity,performCreate]
02-17 10:21:56.738 I/wm_on_start_called(19147): [70316847,android.service.dreams.DreamActivity,handleStartActivity]
02-17 10:21:56.738 I/wm_on_resume_called(19147): [70316847,android.service.dreams.DreamActivity,RESUME_ACTIVITY]
02-17 10:21:56.740 I/wm_on_top_resumed_gained_called(19147): [70316847,android.service.dreams.DreamActivity,topStateChangedWhenResumed]
02-17 10:21:56.758 I/input_focus( 1524): [Focus leaving 321be4b com.android.launcher3/com.android.launcher3.uioverrides.QuickstepLauncher (server),reason=NO_WINDOW]
02-17 10:21:56.765 I/input_focus( 1524): [Focus request b63934b com.thundercomm.screensaver/android.service.dreams.DreamActivity,reason=UpdateInputWindows]
02-17 10:21:56.771 I/sysui_multi_action( 1524): [319,47,322,47,325,23554,757,761,758,8,759,2,806,com.thundercomm.screensaver,871,android.service.dreams.DreamActivity,904,com.thundercomm.screensaver,905,0,1320,4,1321,2]
02-17 10:21:56.772 I/wm_activity_launch_time( 1524): [0,70316847,com.thundercomm.screensaver/android.service.dreams.DreamActivity,47]
02-17 10:21:56.772 I/sysui_multi_action( 1524): [757,1696,758,6,759,3]
02-17 10:21:56.774 I/am_wtf ( 1524): [0,1524,system_server,-1,DisplayDeviceConfig,requesting nits when no mapping exists.]
02-17 10:21:56.775 I/am_wtf ( 1524): [0,1524,system_server,-1,DisplayDeviceConfig,requesting nits when no mapping exists.]
02-17 10:21:56.791 I/input_focus( 1524): [Focus entering b63934b com.thundercomm.screensaver/android.service.dreams.DreamActivity (server),reason=Window became focusable. Previous reason: NOT_VISIBLE]
02-17 10:21:56.792 I/am_wtf ( 1524): [0,1524,system_server,-1,DisplayDeviceConfig,requesting nits when no mapping exists.]
02-17 10:21:56.792 I/am_wtf ( 1524): [0,1524,system_server,-1,DisplayDeviceConfig,requesting nits when no mapping exists.]
02-17 10:21:56.808 I/am_wtf ( 1524): [0,1524,system_server,-1,DisplayDeviceConfig,requesting nits when no mapping exists.]
02-17 10:21:56.808 I/am_wtf ( 1524): [0,1524,system_server,-1,DisplayDeviceConfig,requesting nits when no mapping exists.]
02-17 10:21:56.825 I/am_wtf ( 1524): [0,1524,system_server,-1,DisplayDeviceConfig,requesting nits when no mapping exists.]
02-17 10:21:56.825 I/am_wtf ( 1524): [0,1524,system_server,-1,DisplayDeviceConfig,requesting nits when no mapping exists.]
02-17 10:21:56.841 I/am_wtf ( 1524): [0,1524,system_server,-1,DisplayDeviceConfig,requesting nits when no mapping exists.]
02-17 10:21:56.842 I/am_wtf ( 1524): [0,1524,system_server,-1,DisplayDeviceConfig,requesting nits when no mapping exists.]
02-17 10:21:56.858 I/am_wtf ( 1524): [0,1524,system_server,-1,DisplayDeviceConfig,requesting nits when no mapping exists.]
02-17 10:21:56.858 I/am_wtf ( 1524): [0,1524,system_server,-1,DisplayDeviceConfig,requesting nits when no mapping exists.]
02-17 10:21:56.875 I/am_wtf ( 1524): [0,1524,system_server,-1,DisplayDeviceConfig,requesting nits when no mapping exists.]
02-17 10:21:56.875 I/am_wtf ( 1524): [0,1524,system_server,-1,DisplayDeviceConfig,requesting nits when no mapping exists.]
02-17 10:21:56.891 I/am_wtf ( 1524): [0,1524,system_server,-1,DisplayDeviceConfig,requesting nits when no mapping exists.]
02-17 10:21:56.892 I/am_wtf ( 1524): [0,1524,system_server,-1,DisplayDeviceConfig,requesting nits when no mapping exists.]
02-17 10:21:56.909 I/am_wtf ( 1524): [0,1524,system_server,-1,DisplayDeviceConfig,requesting nits when no mapping exists.]
02-17 10:21:56.909 I/am_wtf ( 1524): [0,1524,system_server,-1,DisplayDeviceConfig,requesting nits when no mapping exists.]
02-17 10:21:56.925 I/am_wtf ( 1524): [0,1524,system_server,-1,DisplayDeviceConfig,requesting nits when no mapping exists.]
02-17 10:21:56.926 I/am_wtf ( 1524): [0,1524,system_server,-1,DisplayDeviceConfig,requesting nits when no mapping exists.]
02-17 10:21:56.935 I/auditd ( 0): type=1400 audit(0.0:25356): avc: denied { kill } for comm="swapper/2" capability=5 scontext=u:r:kernel:s0 tcontext=u:r:kernel:s0 tclass=capability permissive=0
02-17 10:21:56.942 I/am_wtf ( 1524): [0,1524,system_server,-1,DisplayDeviceConfig,requesting nits when no mapping exists.]
02-17 10:21:56.942 I/am_wtf ( 1524): [0,1524,system_server,-1,DisplayDeviceConfig,requesting nits when no mapping exists.]
02-17 10:21:56.958 I/am_wtf ( 1524): [0,1524,system_server,-1,DisplayDeviceConfig,requesting nits when no mapping exists.]
02-17 10:21:56.959 I/am_wtf ( 1524): [0,1524,system_server,-1,DisplayDeviceConfig,requesting nits when no mapping exists.]
02-17 10:21:56.975 I/am_wtf ( 1524): [0,1524,system_server,-1,DisplayDeviceConfig,requesting nits when no mapping exists.]
02-17 10:21:56.975 I/am_wtf ( 1524): [0,1524,system_server,-1,DisplayDeviceConfig,requesting nits when no mapping exists.]
02-17 10:21:56.992 I/am_wtf ( 1524): [0,1524,system_server,-1,DisplayDeviceConfig,requesting nits when no mapping exists.]
02-17 10:21:56.993 I/am_wtf ( 1524): [0,1524,system_server,-1,DisplayDeviceConfig,requesting nits when no mapping exists.]
02-17 10:21:57.009 I/am_wtf ( 1524): [0,1524,system_server,-1,DisplayDeviceConfig,requesting nits when no mapping exists.]
02-17 10:21:57.009 I/am_wtf ( 1524): [0,1524,system_server,-1,DisplayDeviceConfig,requesting nits when no mapping exists.]
02-17 10:21:57.025 I/am_wtf ( 1524): [0,1524,system_server,-1,DisplayDeviceConfig,requesting nits when no mapping exists.]
02-17 10:21:57.026 I/am_wtf ( 1524): [0,1524,system_server,-1,DisplayDeviceConfig,requesting nits when no mapping exists.]
02-17 10:21:57.042 I/am_wtf ( 1524): [0,1524,system_server,-1,DisplayDeviceConfig,requesting nits when no mapping exists.]
02-17 10:21:57.042 I/am_wtf ( 1524): [0,1524,system_server,-1,DisplayDeviceConfig,requesting nits when no mapping exists.]
02-17 10:21:57.059 I/am_wtf ( 1524): [0,1524,system_server,-1,DisplayDeviceConfig,requesting nits when no mapping exists.]
02-17 10:21:57.060 I/am_wtf ( 1524): [0,1524,system_server,-1,DisplayDeviceConfig,requesting nits when no mapping exists.]
02-17 10:21:57.060 I/wm_stop_activity( 1524): [0,128678138,com.android.launcher3/.uioverrides.QuickstepLauncher]
02-17 10:21:57.077 I/am_wtf ( 1524): [0,1524,system_server,-1,DisplayDeviceConfig,requesting nits when no mapping exists.]
02-17 10:21:57.077 I/am_wtf ( 1524): [0,1524,system_server,-1,DisplayDeviceConfig,requesting nits when no mapping exists.]
