02-17 10:42:18.644 I/am_wtf ( 1524): [0,1524,system_server,-1,DisplayDeviceConfig,requesting nits when no mapping exists.]
02-17 10:42:18.662 I/am_wtf ( 1524): [0,1524,system_server,-1,DisplayDeviceConfig,requesting nits when no mapping exists.]
02-17 10:42:18.662 I/am_wtf ( 1524): [0,1524,system_server,-1,DisplayDeviceConfig,requesting nits when no mapping exists.]
02-17 10:42:18.663 I/auditd (10901): type=1400 audit(0.0:26618): avc: denied { search } for comm=73796E6320737663203237 name="oem" dev="dm-5" ino=42 scontext=u:r:adbd:s0 tcontext=u:object_r:oemfs:s0 tclass=dir permissive=0
02-17 10:42:18.935 I/auditd (22803): type=1400 audit(0.0:26619): avc: denied { kill } for comm="kworker/u17:1" capability=5 scontext=u:r:kernel:s0 tcontext=u:r:kernel:s0 tclass=capability permissive=0
02-17 10:42:20.935 I/auditd ( 0): type=1400 audit(0.0:26620): avc: denied { kill } for comm="swapper/2" capability=5 scontext=u:r:kernel:s0 tcontext=u:r:kernel:s0 tclass=capability permissive=0
02-17 10:42:21.935 I/auditd (22803): type=1400 audit(0.0:26621): avc: denied { kill } for comm="kworker/u17:1" capability=5 scontext=u:r:kernel:s0 tcontext=u:r:kernel:s0 tclass=capability permissive=0
02-17 10:42:22.935 I/auditd ( 0): type=1400 audit(0.0:26622): avc: denied { kill } for comm="swapper/2" capability=5 scontext=u:r:kernel:s0 tcontext=u:r:kernel:s0 tclass=capability permissive=0
02-17 10:42:24.163 I/auditd (10901): type=1400 audit(0.0:26623): avc: denied { search } for comm=73796E6320737663203237 name="oem" dev="dm-5" ino=42 scontext=u:r:adbd:s0 tcontext=u:object_r:oemfs:s0 tclass=dir permissive=0
02-17 10:42:24.744 I/sysui_multi_action( 1524): [757,222,758,1]
02-17 10:42:24.748 I/am_uid_active( 1524): 10040
02-17 10:42:24.753 I/am_pss ( 1524): [23763,10065,com.android.gallery3d,9405440,3641344,4124672,59985920,0,19,8]
02-17 10:42:24.765 I/wm_task_created( 1524): [162,-1]
02-17 10:42:24.768 I/wm_task_moved( 1524): [162,1,7]
02-17 10:42:24.768 I/wm_task_to_front( 1524): [0,162]
02-17 10:42:24.769 I/wm_create_task( 1524): [0,162]
02-17 10:42:24.769 I/wm_create_activity( 1524): [0,9306592,162,com.thundercomm.screensaver/android.service.dreams.DreamActivity,NULL,NULL,NULL,276824064]
02-17 10:42:24.769 I/wm_task_moved( 1524): [162,1,7]
02-17 10:42:24.769 I/wm_on_top_resumed_lost_called( 2568): [128678138,com.android.launcher3.uioverrides.QuickstepLauncher,topStateChangedWhenResumed]
02-17 10:42:24.769 I/wm_pause_activity( 1524): [0,128678138,com.android.launcher3/.uioverrides.QuickstepLauncher,userLeaving=true,pauseBackTasks]
02-17 10:42:24.771 I/wm_on_paused_called( 2568): [128678138,com.android.launcher3.uioverrides.QuickstepLauncher,performPause]
02-17 10:42:24.774 I/wm_add_to_stopping( 1524): [0,128678138,com.android.launcher3/.uioverrides.QuickstepLauncher,makeInvisible]
02-17 10:42:24.774 I/wm_restart_activity( 1524): [0,9306592,162,com.thundercomm.screensaver/android.service.dreams.DreamActivity]
02-17 10:42:24.775 I/wm_set_resumed_activity( 1524): [0,com.thundercomm.screensaver/android.service.dreams.DreamActivity,minimalResumeActivityLocked]
02-17 10:42:24.777 I/sysui_multi_action( 1524): [757,803,799,window_time_0,802,94]
02-17 10:42:24.781 I/wm_on_create_called(19147): [9306592,android.service.dreams.DreamActivity,performCreate]
02-17 10:42:24.781 I/wm_on_start_called(19147): [9306592,android.service.dreams.DreamActivity,handleStartActivity]
02-17 10:42:24.782 I/wm_on_resume_called(19147): [9306592,android.service.dreams.DreamActivity,RESUME_ACTIVITY]
02-17 10:42:24.784 I/wm_on_top_resumed_gained_called(19147): [9306592,android.service.dreams.DreamActivity,topStateChangedWhenResumed]
02-17 10:42:24.787 I/am_uid_active( 1524): 10062
02-17 10:42:24.794 I/input_focus( 1524): [Focus leaving 321be4b com.android.launcher3/com.android.launcher3.uioverrides.QuickstepLauncher (server),reason=NO_WINDOW]
02-17 10:42:24.807 I/input_focus( 1524): [Focus request e015c0c com.thundercomm.screensaver/android.service.dreams.DreamActivity,reason=UpdateInputWindows]
02-17 10:42:24.824 I/sysui_multi_action( 1524): [319,60,322,59,325,24782,757,761,758,8,759,2,806,com.thundercomm.screensaver,871,android.service.dreams.DreamActivity,904,com.thundercomm.screensaver,905,0,1320,4,1321,2]
02-17 10:42:24.825 I/sysui_multi_action( 1524): [757,1696,758,6,759,3]
02-17 10:42:24.825 I/wm_activity_launch_time( 1524): [0,9306592,com.thundercomm.screensaver/android.service.dreams.DreamActivity,59]
02-17 10:42:24.826 I/am_wtf ( 1524): [0,1524,system_server,-1,DisplayDeviceConfig,requesting nits when no mapping exists.]
02-17 10:42:24.827 I/am_wtf ( 1524): [0,1524,system_server,-1,DisplayDeviceConfig,requesting nits when no mapping exists.]
02-17 10:42:24.843 I/am_wtf ( 1524): [0,1524,system_server,-1,DisplayDeviceConfig,requesting nits when no mapping exists.]
02-17 10:42:24.844 I/am_wtf ( 1524): [0,1524,system_server,-1,DisplayDeviceConfig,requesting nits when no mapping exists.]
02-17 10:42:24.845 I/input_focus( 1524): [Focus entering e015c0c com.thundercomm.screensaver/android.service.dreams.DreamActivity (server),reason=Window became focusable. Previous reason: NOT_VISIBLE]
02-17 10:42:24.860 I/am_wtf ( 1524): [0,1524,system_server,-1,DisplayDeviceConfig,requesting nits when no mapping exists.]
02-17 10:42:24.861 I/am_wtf ( 1524): [0,1524,system_server,-1,DisplayDeviceConfig,requesting nits when no mapping exists.]
02-17 10:42:24.877 I/am_wtf ( 1524): [0,1524,system_server,-1,DisplayDeviceConfig,requesting nits when no mapping exists.]
02-17 10:42:24.878 I/am_wtf ( 1524): [0,1524,system_server,-1,DisplayDeviceConfig,requesting nits when no mapping exists.]
02-17 10:42:24.893 I/am_wtf ( 1524): [0,1524,system_server,-1,DisplayDeviceConfig,requesting nits when no mapping exists.]
02-17 10:42:24.894 I/am_wtf ( 1524): [0,1524,system_server,-1,DisplayDeviceConfig,requesting nits when no mapping exists.]
02-17 10:42:24.911 I/am_wtf ( 1524): [0,1524,system_server,-1,DisplayDeviceConfig,requesting nits when no mapping exists.]
02-17 10:42:24.911 I/am_wtf ( 1524): [0,1524,system_server,-1,DisplayDeviceConfig,requesting nits when no mapping exists.]
02-17 10:42:24.927 I/am_wtf ( 1524): [0,1524,system_server,-1,DisplayDeviceConfig,requesting nits when no mapping exists.]
02-17 10:42:24.928 I/am_wtf ( 1524): [0,1524,system_server,-1,DisplayDeviceConfig,requesting nits when no mapping exists.]
02-17 10:42:24.935 I/auditd ( 0): type=1400 audit(0.0:26624): avc: denied { kill } for comm="swapper/3" capability=5 scontext=u:r:kernel:s0 tcontext=u:r:kernel:s0 tclass=capability permissive=0
02-17 10:42:24.944 I/am_wtf ( 1524): [0,1524,system_server,-1,DisplayDeviceConfig,requesting nits when no mapping exists.]
02-17 10:42:24.944 I/am_wtf ( 1524): [0,1524,system_server,-1,DisplayDeviceConfig,requesting nits when no mapping exists.]
02-17 10:42:24.960 I/am_wtf ( 1524): [0,1524,system_server,-1,DisplayDeviceConfig,requesting nits when no mapping exists.]
02-17 10:42:24.961 I/am_wtf ( 1524): [0,1524,system_server,-1,DisplayDeviceConfig,requesting nits when no mapping exists.]
02-17 10:42:24.978 I/am_wtf ( 1524): [0,1524,system_server,-1,DisplayDeviceConfig,requesting nits when no mapping exists.]
02-17 10:42:24.978 I/am_wtf ( 1524): [0,1524,system_server,-1,DisplayDeviceConfig,requesting nits when no mapping exists.]
02-17 10:42:24.995 I/am_wtf ( 1524): [0,1524,system_server,-1,DisplayDeviceConfig,requesting nits when no mapping exists.]
02-17 10:42:24.996 I/am_wtf ( 1524): [0,1524,system_server,-1,DisplayDeviceConfig,requesting nits when no mapping exists.]
02-17 10:42:25.010 I/am_wtf ( 1524): [0,1524,system_server,-1,DisplayDeviceConfig,requesting nits when no mapping exists.]
02-17 10:42:25.011 I/am_wtf ( 1524): [0,1524,system_server,-1,DisplayDeviceConfig,requesting nits when no mapping exists.]
02-17 10:42:25.028 I/am_wtf ( 1524): [0,1524,system_server,-1,DisplayDeviceConfig,requesting nits when no mapping exists.]
02-17 10:42:25.028 I/am_wtf ( 1524): [0,1524,system_server,-1,DisplayDeviceConfig,requesting nits when no mapping exists.]
02-17 10:42:25.044 I/am_wtf ( 1524): [0,1524,system_server,-1,DisplayDeviceConfig,requesting nits when no mapping exists.]
02-17 10:42:25.044 I/am_wtf ( 1524): [0,1524,system_server,-1,DisplayDeviceConfig,requesting nits when no mapping exists.]
02-17 10:42:25.061 I/am_wtf ( 1524): [0,1524,system_server,-1,DisplayDeviceConfig,requesting nits when no mapping exists.]
02-17 10:42:25.061 I/am_wtf ( 1524): [0,1524,system_server,-1,DisplayDeviceConfig,requesting nits when no mapping exists.]
02-17 10:42:25.077 I/am_wtf ( 1524): [0,1524,system_server,-1,DisplayDeviceConfig,requesting nits when no mapping exists.]
02-17 10:42:25.078 I/am_wtf ( 1524): [0,1524,system_server,-1,DisplayDeviceConfig,requesting nits when no mapping exists.]
02-17 10:42:25.094 I/am_wtf ( 1524): [0,1524,system_server,-1,DisplayDeviceConfig,requesting nits when no mapping exists.]
02-17 10:42:25.095 I/am_wtf ( 1524): [0,1524,system_server,-1,DisplayDeviceConfig,requesting nits when no mapping exists.]
02-17 10:42:25.111 I/am_wtf ( 1524): [0,1524,system_server,-1,DisplayDeviceConfig,requesting nits when no mapping exists.]
02-17 10:42:25.112 I/wm_stop_activity( 1524): [0,128678138,com.android.launcher3/.uioverrides.QuickstepLauncher]
02-17 10:42:25.113 I/am_wtf ( 1524): [0,1524,system_server,-1,DisplayDeviceConfig,requesting nits when no mapping exists.]
02-17 10:42:25.128 I/am_wtf ( 1524): [0,1524,system_server,-1,DisplayDeviceConfig,requesting nits when no mapping exists.]
02-17 10:42:25.128 I/am_wtf ( 1524): [0,1524,system_server,-1,DisplayDeviceConfig,requesting nits when no mapping exists.]
02-17 10:42:25.135 I/wm_on_stop_called( 2568): [128678138,com.android.launcher3.uioverrides.QuickstepLauncher,STOP_ACTIVITY_ITEM]
02-17 10:42:25.144 I/am_wtf ( 1524): [0,1524,system_server,-1,DisplayDeviceConfig,requesting nits when no mapping exists.]
02-17 10:42:25.144 I/am_wtf ( 1524): [0,1524,system_server,-1,DisplayDeviceConfig,requesting nits when no mapping exists.]
02-17 10:42:25.161 I/am_wtf ( 1524): [0,1524,system_server,-1,DisplayDeviceConfig,requesting nits when no mapping exists.]
02-17 10:42:25.161 I/am_wtf ( 1524): [0,1524,system_server,-1,DisplayDeviceConfig,requesting nits when no mapping exists.]
02-17 10:42:25.178 I/am_wtf ( 1524): [0,1524,system_server,-1,DisplayDeviceConfig,requesting nits when no mapping exists.]
02-17 10:42:25.178 I/am_wtf ( 1524): [0,1524,system_server,-1,DisplayDeviceConfig,requesting nits when no mapping exists.]
02-17 10:42:25.192 I/am_wtf ( 1524): [0,1524,system_server,-1,DisplayDeviceConfig,requesting nits when no mapping exists.]
02-17 10:42:25.192 I/am_wtf ( 1524): [0,1524,system_server,-1,DisplayDeviceConfig,requesting nits when no mapping exists.]
02-17 10:42:25.208 I/am_wtf ( 1524): [0,1524,system_server,-1,DisplayDeviceConfig,requesting nits when no mapping exists.]
02-17 10:42:25.209 I/am_wtf ( 1524): [0,1524,system_server,-1,DisplayDeviceConfig,requesting nits when no mapping exists.]
02-17 10:42:25.225 I/am_wtf ( 1524): [0,1524,system_server,-1,DisplayDeviceConfig,requesting nits when no mapping exists.]
02-17 10:42:25.226 I/am_wtf ( 1524): [0,1524,system_server,-1,DisplayDeviceConfig,requesting nits when no mapping exists.]
02-17 10:42:25.242 I/am_wtf ( 1524): [0,1524,system_server,-1,DisplayDeviceConfig,requesting nits when no mapping exists.]
02-17 10:42:25.242 I/am_wtf ( 1524): [0,1524,system_server,-1,DisplayDeviceConfig,requesting nits when no mapping exists.]
02-17 10:42:25.260 I/am_wtf ( 1524): [0,1524,system_server,-1,DisplayDeviceConfig,requesting nits when no mapping exists.]
02-17 10:42:25.260 I/am_wtf ( 1524): [0,1524,system_server,-1,DisplayDeviceConfig,requesting nits when no mapping exists.]
02-17 10:42:25.275 I/am_wtf ( 1524): [0,1524,system_server,-1,DisplayDeviceConfig,requesting nits when no mapping exists.]
02-17 10:42:25.275 I/am_wtf ( 1524): [0,1524,system_server,-1,DisplayDeviceConfig,requesting nits when no mapping exists.]
02-17 10:42:25.292 I/am_wtf ( 1524): [0,1524,system_server,-1,DisplayDeviceConfig,requesting nits when no mapping exists.]
02-17 10:42:25.292 I/am_wtf ( 1524): [0,1524,system_server,-1,DisplayDeviceConfig,requesting nits when no mapping exists.]
02-17 10:42:25.309 I/am_wtf ( 1524): [0,1524,system_server,-1,DisplayDeviceConfig,requesting nits when no mapping exists.]
02-17 10:42:25.309 I/am_wtf ( 1524): [0,1524,system_server,-1,DisplayDeviceConfig,requesting nits when no mapping exists.]
02-17 10:42:25.325 I/am_wtf ( 1524): [0,1524,system_server,-1,DisplayDeviceConfig,requesting nits when no mapping exists.]
02-17 10:42:25.326 I/am_wtf ( 1524): [0,1524,system_server,-1,DisplayDeviceConfig,requesting nits when no mapping exists.]
02-17 10:42:25.342 I/am_wtf ( 1524): [0,1524,system_server,-1,DisplayDeviceConfig,requesting nits when no mapping exists.]
02-17 10:42:25.343 I/am_wtf ( 1524): [0,1524,system_server,-1,DisplayDeviceConfig,requesting nits when no mapping exists.]
02-17 10:42:25.359 I/am_wtf ( 1524): [0,1524,system_server,-1,DisplayDeviceConfig,requesting nits when no mapping exists.]
02-17 10:42:25.359 I/am_wtf ( 1524): [0,1524,system_server,-1,DisplayDeviceConfig,requesting nits when no mapping exists.]
02-17 10:42:25.376 I/am_wtf ( 1524): [0,1524,system_server,-1,DisplayDeviceConfig,requesting nits when no mapping exists.]
02-17 10:42:25.376 I/am_wtf ( 1524): [0,1524,system_server,-1,DisplayDeviceConfig,requesting nits when no mapping exists.]
02-17 10:42:25.392 I/am_wtf ( 1524): [0,1524,system_server,-1,DisplayDeviceConfig,requesting nits when no mapping exists.]
02-17 10:42:25.393 I/am_wtf ( 1524): [0,1524,system_server,-1,DisplayDeviceConfig,requesting nits when no mapping exists.]
02-17 10:42:25.409 I/am_wtf ( 1524): [0,1524,system_server,-1,DisplayDeviceConfig,requesting nits when no mapping exists.]
02-17 10:42:25.409 I/am_wtf ( 1524): [0,1524,system_server,-1,DisplayDeviceConfig,requesting nits when no mapping exists.]
02-17 10:42:25.426 I/am_wtf ( 1524): [0,1524,system_server,-1,DisplayDeviceConfig,requesting nits when no mapping exists.]
02-17 10:42:25.426 I/am_wtf ( 1524): [0,1524,system_server,-1,DisplayDeviceConfig,requesting nits when no mapping exists.]
02-17 10:42:25.443 I/am_wtf ( 1524): [0,1524,system_server,-1,DisplayDeviceConfig,requesting nits when no mapping exists.]
02-17 10:42:25.443 I/service_manager_stats( 1524): [100,32,6932]
02-17 10:42:25.443 I/am_wtf ( 1524): [0,1524,system_server,-1,DisplayDeviceConfig,requesting nits when no mapping exists.]
02-17 10:42:25.459 I/am_wtf ( 1524): [0,1524,system_server,-1,DisplayDeviceConfig,requesting nits when no mapping exists.]
02-17 10:42:25.459 I/am_wtf ( 1524): [0,1524,system_server,-1,DisplayDeviceConfig,requesting nits when no mapping exists.]
02-17 10:42:25.476 I/am_wtf ( 1524): [0,1524,system_server,-1,DisplayDeviceConfig,requesting nits when no mapping exists.]
02-17 10:42:25.477 I/am_wtf ( 1524): [0,1524,system_server,-1,DisplayDeviceConfig,requesting nits when no mapping exists.]
02-17 10:42:25.493 I/am_wtf ( 1524): [0,1524,system_server,-1,DisplayDeviceConfig,requesting nits when no mapping exists.]
02-17 10:42:25.493 I/am_wtf ( 1524): [0,1524,system_server,-1,DisplayDeviceConfig,requesting nits when no mapping exists.]
02-17 10:42:25.509 I/am_wtf ( 1524): [0,1524,system_server,-1,DisplayDeviceConfig,requesting nits when no mapping exists.]
02-17 10:42:25.509 I/am_wtf ( 1524): [0,1524,system_server,-1,DisplayDeviceConfig,requesting nits when no mapping exists.]
02-17 10:42:25.526 I/am_wtf ( 1524): [0,1524,system_server,-1,DisplayDeviceConfig,requesting nits when no mapping exists.]
02-17 10:42:25.526 I/am_wtf ( 1524): [0,1524,system_server,-1,DisplayDeviceConfig,requesting nits when no mapping exists.]
02-17 10:42:25.543 I/am_wtf ( 1524): [0,1524,system_server,-1,DisplayDeviceConfig,requesting nits when no mapping exists.]
02-17 10:42:25.543 I/am_wtf ( 1524): [0,1524,system_server,-1,DisplayDeviceConfig,requesting nits when no mapping exists.]
02-17 10:42:25.559 I/am_wtf ( 1524): [0,1524,system_server,-1,DisplayDeviceConfig,requesting nits when no mapping exists.]
02-17 10:42:25.560 I/am_wtf ( 1524): [0,1524,system_server,-1,DisplayDeviceConfig,requesting nits when no mapping exists.]
02-17 10:42:25.576 I/am_wtf ( 1524): [0,1524,system_server,-1,DisplayDeviceConfig,requesting nits when no mapping exists.]
02-17 10:42:25.577 I/am_wtf ( 1524): [0,1524,system_server,-1,DisplayDeviceConfig,requesting nits when no mapping exists.]
02-17 10:42:25.593 I/am_wtf ( 1524): [0,1524,system_server,-1,DisplayDeviceConfig,requesting nits when no mapping exists.]
02-17 10:42:25.593 I/am_wtf ( 1524): [0,1524,system_server,-1,DisplayDeviceConfig,requesting nits when no mapping exists.]
02-17 10:42:25.609 I/am_wtf ( 1524): [0,1524,system_server,-1,DisplayDeviceConfig,requesting nits when no mapping exists.]
02-17 10:42:25.610 I/am_wtf ( 1524): [0,1524,system_server,-1,DisplayDeviceConfig,requesting nits when no mapping exists.]
02-17 10:42:25.626 I/am_wtf ( 1524): [0,1524,system_server,-1,DisplayDeviceConfig,requesting nits when no mapping exists.]
02-17 10:42:25.626 I/am_wtf ( 1524): [0,1524,system_server,-1,DisplayDeviceConfig,requesting nits when no mapping exists.]
02-17 10:42:25.643 I/am_wtf ( 1524): [0,1524,system_server,-1,DisplayDeviceConfig,requesting nits when no mapping exists.]
02-17 10:42:25.643 I/am_wtf ( 1524): [0,1524,system_server,-1,DisplayDeviceConfig,requesting nits when no mapping exists.]
02-17 10:42:25.659 I/am_wtf ( 1524): [0,1524,system_server,-1,DisplayDeviceConfig,requesting nits when no mapping exists.]
02-17 10:42:25.660 I/am_wtf ( 1524): [0,1524,system_server,-1,DisplayDeviceConfig,requesting nits when no mapping exists.]
02-17 10:42:25.676 I/am_wtf ( 1524): [0,1524,system_server,-1,DisplayDeviceConfig,requesting nits when no mapping exists.]
02-17 10:42:25.676 I/am_wtf ( 1524): [0,1524,system_server,-1,DisplayDeviceConfig,requesting nits when no mapping exists.]
02-17 10:42:25.693 I/am_wtf ( 1524): [0,1524,system_server,-1,DisplayDeviceConfig,requesting nits when no mapping exists.]
02-17 10:42:25.693 I/am_wtf ( 1524): [0,1524,system_server,-1,DisplayDeviceConfig,requesting nits when no mapping exists.]
02-17 10:42:25.710 I/am_wtf ( 1524): [0,1524,system_server,-1,DisplayDeviceConfig,requesting nits when no mapping exists.]
02-17 10:42:25.710 I/am_wtf ( 1524): [0,1524,system_server,-1,DisplayDeviceConfig,requesting nits when no mapping exists.]
02-17 10:42:25.727 I/am_wtf ( 1524): [0,1524,system_server,-1,DisplayDeviceConfig,requesting nits when no mapping exists.]
02-17 10:42:25.727 I/am_wtf ( 1524): [0,1524,system_server,-1,DisplayDeviceConfig,requesting nits when no mapping exists.]
02-17 10:42:25.743 I/am_wtf ( 1524): [0,1524,system_server,-1,DisplayDeviceConfig,requesting nits when no mapping exists.]
02-17 10:42:25.744 I/am_wtf ( 1524): [0,1524,system_server,-1,DisplayDeviceConfig,requesting nits when no mapping exists.]
02-17 10:42:25.760 I/am_wtf ( 1524): [0,1524,system_server,-1,DisplayDeviceConfig,requesting nits when no mapping exists.]
02-17 10:42:25.760 I/am_wtf ( 1524): [0,1524,system_server,-1,DisplayDeviceConfig,requesting nits when no mapping exists.]
02-17 10:42:25.935 I/auditd ( 0): type=1400 audit(0.0:26625): avc: denied { kill } for comm="swapper/3" capability=5 scontext=u:r:kernel:s0 tcontext=u:r:kernel:s0 tclass=capability permissive=0
02-17 10:42:26.094 I/input_interaction( 1524): Interaction with: e015c0c com.thundercomm.screensaver/android.service.dreams.DreamActivity (server), edge-swipe (server), swipe-up (server), PointerEventDispatcher0 (server),
02-17 10:42:26.095 I/wm_finish_activity( 1524): [0,9306592,162,com.thundercomm.screensaver/android.service.dreams.DreamActivity,finish-activity]
02-17 10:42:26.095 I/wm_task_moved( 1524): [1,1,6]
02-17 10:42:26.095 I/wm_task_moved( 1524): [9,1,2147483647]
02-17 10:42:26.095 I/wm_task_to_front( 1524): [0,9]
02-17 10:42:26.095 I/wm_focused_root_task( 1524): [0,0,1,162,finish-top adjustFocusToNextFocusableTask]
02-17 10:42:26.095 I/wm_set_resumed_activity( 1524): [0,com.android.launcher3/.uioverrides.QuickstepLauncher,finish-top adjustFocusToNextFocusableTask]
02-17 10:42:26.096 I/wm_pause_activity( 1524): [0,9306592,com.thundercomm.screensaver/android.service.dreams.DreamActivity,userLeaving=false,finish]
02-17 10:42:26.098 I/sysui_multi_action( 1524): [757,803,799,window_time_0,802,1]
02-17 10:42:26.098 I/wm_on_top_resumed_lost_called(19147): [9306592,android.service.dreams.DreamActivity,topStateChangedWhenResumed]
02-17 10:42:26.098 I/wm_on_paused_called(19147): [9306592,android.service.dreams.DreamActivity,performPause]
02-17 10:42:26.099 I/wm_add_to_stopping( 1524): [0,9306592,com.thundercomm.screensaver/android.service.dreams.DreamActivity,completeFinishing]
02-17 10:42:26.099 I/wm_set_resumed_activity( 1524): [0,com.android.launcher3/.uioverrides.QuickstepLauncher,resumeTopActivityInnerLocked]
02-17 10:42:26.100 I/wm_resume_activity( 1524): [0,128678138,9,com.android.launcher3/.uioverrides.QuickstepLauncher]
02-17 10:42:26.102 I/sysui_multi_action( 1524): [757,803,799,window_time_0,802,0]
02-17 10:42:26.104 I/wm_on_restart_called( 2568): [128678138,com.android.launcher3.uioverrides.QuickstepLauncher,performRestartActivity]
02-17 10:42:26.104 I/wm_on_start_called( 2568): [128678138,com.android.launcher3.uioverrides.QuickstepLauncher,handleStartActivity]
02-17 10:42:26.105 I/wm_on_resume_called( 2568): [128678138,com.android.launcher3.uioverrides.QuickstepLauncher,RESUME_ACTIVITY]
02-17 10:42:26.105 I/wm_on_top_resumed_gained_called( 2568): [128678138,com.android.launcher3.uioverrides.QuickstepLauncher,topWhenResuming]
02-17 10:42:26.113 I/view_enqueue_input_event(19147): [Motion - Cancel,com.thundercomm.screensaver/android.service.dreams.DreamActivity]
02-17 10:42:26.113 I/input_focus( 1524): [Focus leaving e015c0c com.thundercomm.screensaver/android.service.dreams.DreamActivity (server),reason=NO_WINDOW]
02-17 10:42:26.115 I/input_focus( 1524): [Focus request 321be4b com.android.launcher3/com.android.launcher3.uioverrides.QuickstepLauncher,reason=UpdateInputWindows]
02-17 10:42:26.119 I/input_interaction( 1524): Interaction with: edge-swipe (server), swipe-up (server), PointerEventDispatcher0 (server),
02-17 10:42:26.132 I/input_focus( 1524): [Focus entering 321be4b com.android.launcher3/com.android.launcher3.uioverrides.QuickstepLauncher (server),reason=setFocusedWindow]
02-17 10:42:26.365 I/wm_destroy_activity( 1524): [0,9306592,162,com.thundercomm.screensaver/android.service.dreams.DreamActivity,finish-imm:idle]
02-17 10:42:26.382 I/wm_on_stop_called(19147): [9306592,android.service.dreams.DreamActivity,LIFECYCLER_STOP_ACTIVITY]
02-17 10:42:26.382 I/wm_on_destroy_called(19147): [9306592,android.service.dreams.DreamActivity,performDestroy]
02-17 10:42:26.383 I/sysui_multi_action( 1524): [757,222,758,2]
02-17 10:42:26.383 I/sysui_multi_action( 1524): [757,804,799,dreaming_minutes,801,0,802,1]
02-17 10:42:26.386 I/wm_task_removed( 1524): [162,removeChild:removeChild last r=ActivityRecord{8e01e0 u0 com.thundercomm.screensaver/android.service.dreams.DreamActivity t-1 f}} in t=Task{73ef1c5 #162 type=dream A=10040:android:com.thundercomm.screensaver/dream U=0 visible=false mode=fullscreen translucent=true sz=0}]
02-17 10:42:26.386 I/wm_task_removed( 1524): [162,removeChild]
02-17 10:42:26.935 I/auditd ( 0): type=1400 audit(0.0:26626): avc: denied { kill } for comm="swapper/3" capability=5 scontext=u:r:kernel:s0 tcontext=u:r:kernel:s0 tclass=capability permissive=0
02-17 10:42:27.935 I/auditd ( 0): type=1400 audit(0.0:26627): avc: denied { kill } for comm="swapper/3" capability=5 scontext=u:r:kernel:s0 tcontext=u:r:kernel:s0 tclass=capability permissive=0
02-17 10:42:28.935 I/auditd (15491): type=1400 audit(0.0:26628): avc: denied { kill } for comm="kworker/u16:8" capability=5 scontext=u:r:kernel:s0 tcontext=u:r:kernel:s0 tclass=capability permissive=0
02-17 10:42:30.935 I/auditd ( 0): type=1400 audit(0.0:26629): avc: denied { kill } for comm="swapper/1" capability=5 scontext=u:r:kernel:s0 tcontext=u:r:kernel:s0 tclass=capability permissive=0
02-17 10:42:31.939 I/auditd ( 0): type=1400 audit(0.0:26630): avc: denied { kill } for comm="swapper/1" capability=5 scontext=u:r:kernel:s0 tcontext=u:r:kernel:s0 tclass=capability permissive=0
02-17 10:42:32.939 I/auditd ( 0): type=1400 audit(0.0:26631): avc: denied { kill } for comm="swapper/1" capability=5 scontext=u:r:kernel:s0 tcontext=u:r:kernel:s0 tclass=capability permissive=0
02-17 10:42:33.939 I/auditd ( 0): type=1400 audit(0.0:26632): avc: denied { kill } for comm="swapper/1" capability=5 scontext=u:r:kernel:s0 tcontext=u:r:kernel:s0 tclass=capability permissive=0
02-17 10:42:34.318 I/input_interaction( 1524): Interaction with: 321be4b com.android.launcher3/com.android.launcher3.uioverrides.QuickstepLauncher (server), acb9a4a com.android.systemui.ImageWallpaper (server), edge-swipe (server), swipe-up (server), PointerEventDispatcher0 (server),
02-17 10:42:34.390 I/sysui_multi_action( 1524): [757,127,758,1]
02-17 10:42:34.391 I/sysui_multi_action( 1524): [757,804,799,note_load,801,2,802,1]
02-17 10:42:34.391 I/notification_panel_revealed( 1524): 2
02-17 10:42:34.398 I/input_focus( 1524): [Focus request ef6fa43 NotificationShade,reason=UpdateInputWindows]
02-17 10:42:34.406 I/sysui_multi_action( 1524): [757,128,758,1,793,23579017,794,0,795,23579017,796,26,798,0,806,android,857,DEVELOPER_IMPORTANT,858,4,947,0,1395,2,1500,23578810,1688,1]
02-17 10:42:34.407 I/sysui_multi_action( 1524): [757,804,799,note_freshness,801,23579017,802,1]
02-17 10:42:34.407 I/notification_visibility( 1524): [-1|android|26|null|1000,1,23579017,23579017,0,0]
02-17 10:42:34.407 I/sysui_multi_action( 1524): [757,128,758,1,793,24780952,794,0,795,24780952,796,32,798,1,806,android,857,USB,858,1,947,0,1395,2,1500,24780520,1688,1]
02-17 10:42:34.407 I/sysui_multi_action( 1524): [757,804,799,note_freshness,801,24780952,802,1]
02-17 10:42:34.407 I/notification_visibility( 1524): [-1|android|32|null|1000,1,24780952,24780952,0,1]
02-17 10:42:34.420 I/input_focus( 1524): [Focus leaving 321be4b com.android.launcher3/com.android.launcher3.uioverrides.QuickstepLauncher (server),reason=setFocusedWindow]
02-17 10:42:34.420 I/input_focus( 1524): [Focus entering ef6fa43 NotificationShade (server),reason=setFocusedWindow]
02-17 10:42:34.422 I/input_interaction( 1524): Interaction with: 321be4b com.android.launcher3/com.android.launcher3.uioverrides.QuickstepLauncher (server), acb9a4a com.android.systemui.ImageWallpaper (server), ef6fa43 NotificationShade (server), edge-swipe (server), swipe-up (server), PointerEventDispatcher0 (server),
02-17 10:42:34.423 I/view_enqueue_input_event( 2568): [Motion - Cancel,com.android.launcher3/com.android.launcher3.uioverrides.QuickstepLauncher]
02-17 10:42:34.424 I/sysui_multi_action(22372): [757,803,799,panel_open,802,1]
02-17 10:42:34.424 I/sysui_multi_action(22372): [757,1328,758,4,1326,44,1327,70,1329,0]
02-17 10:42:34.436 I/input_interaction( 1524): Interaction with: acb9a4a com.android.systemui.ImageWallpaper (server), ef6fa43 NotificationShade (server), edge-swipe (server), swipe-up (server), PointerEventDispatcher0 (server),
02-17 10:42:34.898 I/sysui_multi_action(22372): [757,111,758,1]
02-17 10:42:34.898 I/sysui_multi_action(22372): [757,126,758,1,759,126,927,0,928,0,1593,0]
02-17 10:42:34.899 I/sysui_multi_action(22372): [757,113,758,1,759,113,927,1,928,1,1593,0]
02-17 10:42:34.899 I/sysui_multi_action(22372): [757,0,758,1,759,0,927,2,928,0,1593,0]
02-17 10:42:34.899 I/sysui_multi_action(22372): [757,0,758,1,759,0,927,3,928,0,1593,0]
02-17 10:42:34.899 I/sysui_multi_action(22372): [757,491,758,1,759,491,927,4,928,0,1311,-1,1593,0]
02-17 10:42:34.899 I/sysui_multi_action(22372): [757,122,758,1,759,122,927,5,928,1,1593,0]
02-17 10:42:34.899 I/sysui_multi_action(22372): [757,0,758,1,759,0,927,6,928,0,1593,0]
02-17 10:42:34.899 I/sysui_multi_action(22372): [757,0,758,1,759,0,927,7,1593,0]
02-17 10:42:34.900 I/sysui_multi_action(22372): [757,111,758,1]
02-17 10:42:34.900 I/sysui_multi_action(22372): [757,126,758,1,759,126,927,0,928,0,1593,0]
02-17 10:42:34.900 I/sysui_multi_action(22372): [757,113,758,1,759,113,927,1,928,1,1593,0]
02-17 10:42:34.900 I/sysui_multi_action(22372): [757,0,758,1,759,0,927,2,928,0,1593,0]
02-17 10:42:34.900 I/sysui_multi_action(22372): [757,0,758,1,759,0,927,3,928,0,1593,0]
02-17 10:42:34.935 I/auditd ( 0): type=1400 audit(0.0:26633): avc: denied { kill } for comm="swapper/1" capability=5 scontext=u:r:kernel:s0 tcontext=u:r:kernel:s0 tclass=capability permissive=0
02-17 10:42:35.923 I/input_interaction( 1524): Interaction with: ef6fa43 NotificationShade (server), edge-swipe (server), swipe-up (server), PointerEventDispatcher0 (server),
02-17 10:42:35.935 I/auditd ( 0): type=1400 audit(0.0:26634): avc: denied { kill } for comm="swapper/1" capability=5 scontext=u:r:kernel:s0 tcontext=u:r:kernel:s0 tclass=capability permissive=0
02-17 10:42:36.339 I/notification_enqueue( 1524): [10080,22372,com.android.systemui,2048,NULL,0,Notification(channel=updateNotification shortcut=null contentView=null vibrate=null sound=null defaults=0x0 flags=0x0 color=0x00000000 vis=PRIVATE),1]
02-17 10:42:36.339 I/sysui_multi_action(22372): [757,111,758,2]
02-17 10:42:36.339 I/sysui_multi_action(22372): [757,111,758,2]
02-17 10:42:36.553 I/input_focus( 1524): [Focus request 321be4b com.android.launcher3/com.android.launcher3.uioverrides.QuickstepLauncher,reason=UpdateInputWindows]
02-17 10:42:36.559 I/sysui_multi_action( 1524): [757,128,758,2,793,23581169,794,2152,795,23581169,796,26,798,0,806,android,857,DEVELOPER_IMPORTANT,858,4,947,0,1395,2,1500,23580962,1688,1]
02-17 10:42:36.568 I/notification_visibility( 1524): [-1|android|26|null|1000,0,23581169,23581169,0,0]
02-17 10:42:36.569 I/sysui_multi_action( 1524): [757,128,758,2,793,24783114,794,2162,795,24783114,796,32,798,1,806,android,857,USB,858,1,947,0,1395,2,1500,24782682,1688,1]
02-17 10:42:36.569 I/notification_visibility( 1524): [-1|android|32|null|1000,0,24783114,24783114,0,1]
02-17 10:42:36.570 I/sysui_multi_action( 1524): [757,127,758,2]
02-17 10:42:36.570 I/notification_panel_hidden( 1524):
02-17 10:42:36.576 I/input_focus( 1524): [Focus leaving ef6fa43 NotificationShade (server),reason=NO_WINDOW]
02-17 10:42:36.576 I/input_focus( 1524): [Focus entering 321be4b com.android.launcher3/com.android.launcher3.uioverrides.QuickstepLauncher (server),reason=setFocusedWindow]
02-17 10:42:36.735 I/input_interaction( 1524): Interaction with: 321be4b com.android.launcher3/com.android.launcher3.uioverrides.QuickstepLauncher (server), acb9a4a com.android.systemui.ImageWallpaper (server), edge-swipe (server), swipe-up (server), PointerEventDispatcher0 (server),
02-17 10:42:36.935 I/auditd (23630): type=1400 audit(0.0:26635): avc: denied { kill } for comm="kworker/u16:10" capability=5 scontext=u:r:kernel:s0 tcontext=u:r:kernel:s0 tclass=capability permissive=0
02-17 10:42:37.080 I/commit_sys_config_file( 1524): [settings-1-0,6]
02-17 10:42:37.939 I/auditd ( 0): type=1400 audit(0.0:26636): avc: denied { kill } for comm="swapper/2" capability=5 scontext=u:r:kernel:s0 tcontext=u:r:kernel:s0 tclass=capability permissive=0
02-17 10:42:38.443 I/am_freeze( 1524): [20712,com.qti.diagservices]
02-17 10:42:38.446 I/am_kill ( 1524): [0,20712,com.qti.diagservices,965,Unable to freeze binder interface]
02-17 10:42:38.471 I/wm_task_created( 1524): [163,-1]
02-17 10:42:38.473 I/wm_task_moved( 1524): [163,1,7]
02-17 10:42:38.473 I/wm_task_to_front( 1524): [0,163]
02-17 10:42:38.473 I/wm_create_task( 1524): [0,163]
02-17 10:42:38.473 I/wm_create_activity( 1524): [0,244452274,163,com.android.documentsui/.LauncherActivity,android.intent.action.MAIN,NULL,NULL,270532608]
02-17 10:42:38.474 I/wm_task_moved( 1524): [163,1,7]
02-17 10:42:38.474 I/wm_pause_activity( 1524): [0,128678138,com.android.launcher3/.uioverrides.QuickstepLauncher,userLeaving=true,pauseBackTasks]
02-17 10:42:38.476 I/am_proc_died( 1524): [0,20712,com.qti.diagservices,965,10]
02-17 10:42:38.477 I/am_schedule_service_restart( 1524): [0,com.qti.diagservices/.QTIDiagServices,1000]
02-17 10:42:38.477 I/wm_on_top_resumed_lost_called( 2568): [128678138,com.android.launcher3.uioverrides.QuickstepLauncher,topStateChangedWhenResumed]
02-17 10:42:38.477 I/wm_on_paused_called( 2568): [128678138,com.android.launcher3.uioverrides.QuickstepLauncher,performPause]
02-17 10:42:38.480 I/am_uid_running( 1524): 10030
02-17 10:42:38.481 I/sysui_multi_action( 1524): [757,803,799,window_time_0,802,13]
02-17 10:42:38.485 I/am_proc_start( 1524): [0,23947,10030,com.android.documentsui,pre-top-activity,{com.android.documentsui/com.android.documentsui.LauncherActivity}]
02-17 10:42:38.498 I/am_proc_bound( 1524): [0,23947,com.android.documentsui]
02-17 10:42:38.500 I/wm_restart_activity( 1524): [0,244452274,163,com.android.documentsui/.LauncherActivity]
02-17 10:42:38.501 I/wm_set_resumed_activity( 1524): [0,com.android.documentsui/.LauncherActivity,minimalResumeActivityLocked]
02-17 10:42:38.501 I/am_uid_active( 1524): 10030
02-17 10:42:38.534 I/wm_task_created( 1524): [164,-1]
02-17 10:42:38.536 I/wm_task_moved( 1524): [164,1,8]
02-17 10:42:38.536 I/wm_task_to_front( 1524): [0,164]
02-17 10:42:38.537 I/wm_create_task( 1524): [0,164]
02-17 10:42:38.537 I/wm_create_activity( 1524): [0,120441501,164,com.android.documentsui/.files.FilesActivity,NULL,NULL,//com.android.documentsui.launchControl,271056896]
02-17 10:42:38.537 I/wm_task_moved( 1524): [164,1,8]
02-17 10:42:38.537 I/wm_pause_activity( 1524): [0,244452274,com.android.documentsui/.LauncherActivity,userLeaving=true,pauseBackTasks]
02-17 10:42:38.538 I/wm_finish_activity( 1524): [0,244452274,163,com.android.documentsui/.LauncherActivity,app-request]
02-17 10:42:38.538 I/wm_on_create_called(23947): [244452274,com.android.documentsui.LauncherActivity,performCreate]
02-17 10:42:38.542 I/wm_add_to_stopping( 1524): [0,244452274,com.android.documentsui/.LauncherActivity,completeFinishing]
02-17 10:42:38.543 I/wm_add_to_stopping( 1524): [0,128678138,com.android.launcher3/.uioverrides.QuickstepLauncher,makeInvisible]
02-17 10:42:38.543 I/wm_restart_activity( 1524): [0,120441501,164,com.android.documentsui/.files.FilesActivity]
02-17 10:42:38.544 I/wm_set_resumed_activity( 1524): [0,com.android.documentsui/.files.FilesActivity,minimalResumeActivityLocked]
02-17 10:42:38.546 I/wm_destroy_activity( 1524): [0,244452274,163,com.android.documentsui/.LauncherActivity,finish-imm:idle]
02-17 10:42:38.547 I/sysui_multi_action( 1524): [757,803,799,window_time_0,802,0]
02-17 10:42:38.561 I/input_focus( 1524): [Focus leaving 321be4b com.android.launcher3/com.android.launcher3.uioverrides.QuickstepLauncher (server),reason=NO_WINDOW]
02-17 10:42:38.594 I/wm_on_create_called(23947): [120441501,com.android.documentsui.files.FilesActivity,performCreate]
02-17 10:42:38.597 I/wm_on_start_called(23947): [120441501,com.android.documentsui.files.FilesActivity,handleStartActivity]
02-17 10:42:38.597 I/wm_on_resume_called(23947): [120441501,com.android.documentsui.files.FilesActivity,RESUME_ACTIVITY]
02-17 10:42:38.599 I/am_uid_running( 1524): 10027
02-17 10:42:38.602 I/wm_on_top_resumed_gained_called(23947): [120441501,com.android.documentsui.files.FilesActivity,topStateChangedWhenResumed]
02-17 10:42:38.603 I/wm_on_destroy_called(23947): [244452274,com.android.documentsui.LauncherActivity,performDestroy]
02-17 10:42:38.603 I/wm_task_removed( 1524): [163,removeChild:removeChild last r=ActivityRecord{e920bb2 u0 com.android.documentsui/.LauncherActivity t-1 f}} in t=Task{da17399 #163 type=standard A=10030:com.android.documentsui U=0 visible=false mode=fullscreen translucent=true sz=0}]
02-17 10:42:38.603 I/wm_task_removed( 1524): [163,removeChild]
02-17 10:42:38.606 I/am_uid_running( 1524): 10021
02-17 10:42:38.607 I/am_proc_start( 1524): [0,24003,10027,com.android.externalstorage,content provider,{com.android.externalstorage/com.android.externalstorage.ExternalStorageProvider}]
02-17 10:42:38.613 I/am_proc_start( 1524): [0,24004,10021,android.process.media,content provider,{com.android.providers.downloads/com.android.providers.downloads.DownloadStorageProvider}]
02-17 10:42:38.620 I/input_focus( 1524): [Focus request e569cc2 com.android.documentsui/com.android.documentsui.files.FilesActivity,reason=UpdateInputWindows]
02-17 10:42:38.640 I/am_proc_bound( 1524): [0,24004,android.process.media]
02-17 10:42:38.643 I/am_uid_active( 1524): 10021
02-17 10:42:38.645 I/am_proc_bound( 1524): [0,24003,com.android.externalstorage]
02-17 10:42:38.648 I/am_uid_active( 1524): 10027
02-17 10:42:38.667 I/sysui_multi_action( 1524): [319,91,321,89,322,199,325,24796,757,761,758,7,759,1,806,com.android.documentsui,871,com.android.documentsui.files.FilesActivity,904,com.android.documentsui,905,0,945,34,1320,4,1321,1]
02-17 10:42:38.667 I/wm_activity_launch_time( 1524): [0,120441501,com.android.documentsui/.files.FilesActivity,199]
02-17 10:42:38.678 I/input_focus( 1524): [Focus entering e569cc2 com.android.documentsui/com.android.documentsui.files.FilesActivity (server),reason=Window became focusable. Previous reason: NOT_VISIBLE]
02-17 10:42:38.935 I/auditd ( 0): type=1400 audit(0.0:26637): avc: denied { kill } for comm="swapper/2" capability=5 scontext=u:r:kernel:s0 tcontext=u:r:kernel:s0 tclass=capability permissive=0
02-17 10:42:39.080 I/wm_stop_activity( 1524): [0,128678138,com.android.launcher3/.uioverrides.QuickstepLauncher]
02-17 10:42:39.097 I/wm_on_stop_called( 2568): [128678138,com.android.launcher3.uioverrides.QuickstepLauncher,STOP_ACTIVITY_ITEM]
02-17 10:42:39.483 I/am_proc_start( 1524): [0,24055,1000,com.qti.diagservices,service,{com.qti.diagservices/com.qti.diagservices.QTIDiagServices}]
02-17 10:42:39.493 I/am_proc_bound( 1524): [0,24055,com.qti.diagservices]
02-17 10:42:39.519 I/auditd (24055): type=1400 audit(0.0:26638): avc: denied { read write } for comm="ti.diagservices" name="diag" dev="tmpfs" ino=12255 scontext=u:r:system_app:s0 tcontext=u:object_r:vendor_diag_device:s0 tclass=chr_file permissive=0
02-17 10:42:39.836 I/input_interaction( 1524): Interaction with: e569cc2 com.android.documentsui/com.android.documentsui.files.FilesActivity (server), edge-swipe (server), swipe-up (server), PointerEventDispatcher0 (server),
02-17 10:42:39.935 I/auditd ( 0): type=1400 audit(0.0:26639): avc: denied { kill } for comm="swapper/2" capability=5 scontext=u:r:kernel:s0 tcontext=u:r:kernel:s0 tclass=capability permissive=0
02-17 10:42:41.935 I/auditd ( 0): type=1400 audit(0.0:26640): avc: denied { kill } for comm="swapper/1" capability=5 scontext=u:r:kernel:s0 tcontext=u:r:kernel:s0 tclass=capability permissive=0
02-17 10:42:43.939 I/auditd ( 0): type=1400 audit(0.0:26641): avc: denied { kill } for comm="swapper/1" capability=5 scontext=u:r:kernel:s0 tcontext=u:r:kernel:s0 tclass=capability permissive=0
02-17 10:42:44.935 I/auditd ( 0): type=1400 audit(0.0:26642): avc: denied { kill } for comm="swapper/1" capability=5 scontext=u:r:kernel:s0 tcontext=u:r:kernel:s0 tclass=capability permissive=0
02-17 10:42:45.939 I/auditd ( 0): type=1400 audit(0.0:26643): avc: denied { kill } for comm="swapper/1" capability=5 scontext=u:r:kernel:s0 tcontext=u:r:kernel:s0 tclass=capability permissive=0
02-17 10:42:46.939 I/auditd ( 0): type=1400 audit(0.0:26644): avc: denied { kill } for comm="swapper/1" capability=5 scontext=u:r:kernel:s0 tcontext=u:r:kernel:s0 tclass=capability permissive=0
02-17 10:42:47.939 I/auditd ( 0): type=1400 audit(0.0:26645): avc: denied { kill } for comm="swapper/1" capability=5 scontext=u:r:kernel:s0 tcontext=u:r:kernel:s0 tclass=capability permissive=0
02-17 10:42:48.785 I/wm_task_moved( 1524): [164,1,7]
02-17 10:42:48.785 I/wm_set_resumed_activity( 1524): [0,com.android.documentsui/.files.FilesActivity,positionChildAt]
02-17 10:42:48.785 I/wm_create_activity( 1524): [0,179993969,164,com.android.gallery3d/.app.MovieActivity,android.intent.action.VIEW,video/mp4,content://com.android.externalstorage.documents/document/primary:Movies/Video/207_H264_HP4.0_1080p_20Mbps_60fps.mp4,536870915]
02-17 10:42:48.786 I/wm_pause_activity( 1524): [0,120441501,com.android.documentsui/.files.FilesActivity,userLeaving=true,resumeTopActivityInnerLocked]
02-17 10:42:48.788 I/wm_on_top_resumed_lost_called(23947): [120441501,com.android.documentsui.files.FilesActivity,topStateChangedWhenResumed]
02-17 10:42:48.789 I/wm_on_paused_called(23947): [120441501,com.android.documentsui.files.FilesActivity,performPause]
02-17 10:42:48.790 I/wm_add_to_stopping( 1524): [0,120441501,com.android.documentsui/.files.FilesActivity,makeInvisible]
02-17 10:42:48.790 I/wm_restart_activity( 1524): [0,179993969,164,com.android.gallery3d/.app.MovieActivity]
02-17 10:42:48.791 I/wm_set_resumed_activity( 1524): [0,com.android.gallery3d/.app.MovieActivity,minimalResumeActivityLocked]
02-17 10:42:48.792 I/am_uid_active( 1524): 10065
02-17 10:42:48.793 I/sysui_multi_action( 1524): [757,803,799,window_time_0,802,10]
02-17 10:42:48.804 I/am_pss ( 1524): [23947,10030,com.android.documentsui,85280768,78553088,0,206204928,0,2,8]
02-17 10:42:48.818 I/input_focus( 1524): [Focus leaving e569cc2 com.android.documentsui/com.android.documentsui.files.FilesActivity (server),reason=NO_WINDOW]
02-17 10:42:48.821 I/wm_on_create_called(23763): [179993969,com.android.gallery3d.app.MovieActivity,performCreate]
02-17 10:42:48.824 I/wm_on_start_called(23763): [179993969,com.android.gallery3d.app.MovieActivity,handleStartActivity]
02-17 10:42:48.825 I/wm_on_resume_called(23763): [179993969,com.android.gallery3d.app.MovieActivity,RESUME_ACTIVITY]
02-17 10:42:48.828 I/wm_on_top_resumed_gained_called(23763): [179993969,com.android.gallery3d.app.MovieActivity,topStateChangedWhenResumed]
02-17 10:42:48.840 I/input_focus( 1524): [Focus request ad450eb com.android.gallery3d/com.android.gallery3d.app.MovieActivity,reason=UpdateInputWindows]
02-17 10:42:48.909 I/sysui_multi_action( 1524): [319,126,322,123,325,24806,757,761,758,8,759,2,806,com.android.gallery3d,871,com.android.gallery3d.app.MovieActivity,904,com.android.documentsui,905,0,1320,4,1321,1]
02-17 10:42:48.910 I/wm_activity_launch_time( 1524): [0,179993969,com.android.gallery3d/.app.MovieActivity,123]
02-17 10:42:48.920 I/input_focus( 1524): [Focus entering ad450eb com.android.gallery3d/com.android.gallery3d.app.MovieActivity (server),reason=Window became focusable. Previous reason: NOT_VISIBLE]
02-17 10:42:48.989 I/snet_event_log( 1524): [172655291,-1,]
02-17 10:42:49.308 I/wm_stop_activity( 1524): [0,120441501,com.android.documentsui/.files.FilesActivity]
02-17 10:42:49.334 I/wm_on_stop_called(23947): [120441501,com.android.documentsui.files.FilesActivity,STOP_ACTIVITY_ITEM]
02-17 10:42:49.580 I/snet_event_log( 1524): [172655291,-1,]
02-17 10:42:49.935 I/auditd ( 0): type=1400 audit(0.0:26646): avc: denied { kill } for comm="swapper/1" capability=5 scontext=u:r:kernel:s0 tcontext=u:r:kernel:s0 tclass=capability permissive=0
02-17 10:42:50.344 I/input_interaction( 1524): Interaction with: ad450eb com.android.gallery3d/com.android.gallery3d.app.MovieActivity (server), edge-swipe (server), swipe-up (server), PointerEventDispatcher0 (server),
02-17 10:42:50.795 I/service_manager_stats( 1524): [100,37,25353]
02-17 10:42:50.935 I/auditd ( 0): type=1400 audit(0.0:26647): avc: denied { kill } for comm="swapper/1" capability=5 scontext=u:r:kernel:s0 tcontext=u:r:kernel:s0 tclass=capability permissive=0
02-17 10:42:51.186 I/wm_task_moved( 1524): [1,0,0]
02-17 10:42:51.187 I/wm_task_moved( 1524): [1,0,6]
02-17 10:42:51.206 I/view_enqueue_input_event(23763): [Motion - Cancel,com.android.gallery3d/com.android.gallery3d.app.MovieActivity]
02-17 10:42:51.210 I/input_focus( 1524): [Focus request recents_animation_input_consumer,reason=UpdateInputWindows]
02-17 10:42:51.210 I/wm_on_restart_called( 2568): [128678138,com.android.launcher3.uioverrides.QuickstepLauncher,performRestartActivity]
02-17 10:42:51.219 I/input_interaction( 1524): Interaction with: edge-swipe (server), swipe-up (server), PointerEventDispatcher0 (server),
02-17 10:42:51.225 I/wm_on_start_called( 2568): [128678138,com.android.launcher3.uioverrides.QuickstepLauncher,handleStartActivity]
02-17 10:42:51.233 I/sysui_latency( 2568): [1,64]
02-17 10:42:51.242 I/sysui_multi_action( 1524): [319,9,322,53,325,24808,757,761,758,9,759,5,806,com.android.launcher3,871,com.android.launcher3.uioverrides.QuickstepLauncher,904,com.android.launcher3,905,0,1320,8,1321,5]
02-17 10:42:51.243 I/input_focus( 1524): [Focus leaving ad450eb com.android.gallery3d/com.android.gallery3d.app.MovieActivity (server),reason=NOT_FOCUSABLE]
02-17 10:42:51.243 I/input_focus( 1524): [Focus entering recents_animation_input_consumer (server),reason=setFocusedWindow]
02-17 10:42:51.422 I/commit_sys_config_file( 1524): [settings-1-0,4]
02-17 10:42:51.540 I/sysui_latency( 1524): [8,67]
02-17 10:42:51.935 I/auditd ( 0): type=1400 audit(0.0:26648): avc: denied { kill } for comm="swapper/1" capability=5 scontext=u:r:kernel:s0 tcontext=u:r:kernel:s0 tclass=capability permissive=0
02-17 10:42:51.960 I/wm_task_moved( 1524): [1,1,7]
02-17 10:42:51.961 I/wm_focused_root_task( 1524): [0,0,1,164,RecentsAnimation.onAnimationFinished()]
02-17 10:42:51.961 I/wm_on_top_resumed_lost_called(23763): [179993969,com.android.gallery3d.app.MovieActivity,topStateChangedWhenResumed]
02-17 10:42:51.962 I/wm_pause_activity( 1524): [0,179993969,com.android.gallery3d/.app.MovieActivity,userLeaving=false,pauseBackTasks]
02-17 10:42:51.964 I/wm_set_resumed_activity( 1524): [0,com.android.launcher3/.uioverrides.QuickstepLauncher,resumeTopActivityInnerLocked]
02-17 10:42:51.969 I/wm_resume_activity( 1524): [0,128678138,9,com.android.launcher3/.uioverrides.QuickstepLauncher]
02-17 10:42:51.969 I/wm_add_to_stopping( 1524): [0,179993969,com.android.gallery3d/.app.MovieActivity,makeInvisible]
02-17 10:42:51.970 I/wm_on_resume_called( 2568): [128678138,com.android.launcher3.uioverrides.QuickstepLauncher,RESUME_ACTIVITY]
02-17 10:42:51.975 I/input_focus( 1524): [Focus request 321be4b com.android.launcher3/com.android.launcher3.uioverrides.QuickstepLauncher,reason=UpdateInputWindows]
02-17 10:42:51.976 I/sysui_multi_action( 1524): [757,803,799,window_time_0,802,3]
02-17 10:42:51.977 I/input_focus( 1524): [Focus leaving recents_animation_input_consumer (server),reason=NOT_VISIBLE]
02-17 10:42:51.978 I/wm_stop_activity( 1524): [0,179993969,com.android.gallery3d/.app.MovieActivity]
02-17 10:42:51.979 I/sysui_multi_action( 1524): [757,803,799,window_time_0,802,0]
02-17 10:42:51.999 I/input_focus( 1524): [Focus entering 321be4b com.android.launcher3/com.android.launcher3.uioverrides.QuickstepLauncher (server),reason=setFocusedWindow]
02-17 10:42:52.001 I/wm_on_top_resumed_gained_called( 2568): [128678138,com.android.launcher3.uioverrides.QuickstepLauncher,topStateChangedWhenResumed]
02-17 10:42:52.019 I/wm_on_paused_called(23763): [179993969,com.android.gallery3d.app.MovieActivity,performPause]
02-17 10:42:52.023 I/wm_on_stop_called(23763): [179993969,com.android.gallery3d.app.MovieActivity,STOP_ACTIVITY_ITEM]
02-17 10:42:52.202 I/commit_sys_config_file( 1524): [settings-1-0,8]
02-17 10:42:52.935 I/auditd ( 0): type=1400 audit(0.0:26649): avc: denied { kill } for comm="swapper/1" capability=5 scontext=u:r:kernel:s0 tcontext=u:r:kernel:s0 tclass=capability permissive=0
02-17 10:42:53.228 I/input_interaction( 1524): Interaction with: 321be4b com.android.launcher3/com.android.launcher3.uioverrides.QuickstepLauncher (server), acb9a4a com.android.systemui.ImageWallpaper (server), edge-swipe (server), swipe-up (server), PointerEventDispatcher0 (server),
02-17 10:42:53.353 I/wm_task_moved( 1524): [1,1,7]
02-17 10:42:53.354 I/wm_set_resumed_activity( 1524): [0,com.android.launcher3/.uioverrides.QuickstepLauncher,positionChildAt]
02-17 10:42:53.354 I/wm_task_moved( 1524): [164,1,7]
02-17 10:42:53.355 I/wm_focused_root_task( 1524): [0,0,164,1,moveTaskToFront findTaskToMoveToFront]
02-17 10:42:53.355 I/wm_set_resumed_activity( 1524): [0,com.android.gallery3d/.app.MovieActivity,moveTaskToFront findTaskToMoveToFront]
02-17 10:42:53.357 I/wm_pause_activity( 1524): [0,128678138,com.android.launcher3/.uioverrides.QuickstepLauncher,userLeaving=true,pauseBackTasks]
02-17 10:42:53.363 I/wm_on_top_resumed_lost_called( 2568): [128678138,com.android.launcher3.uioverrides.QuickstepLauncher,topStateChangedWhenResumed]
02-17 10:42:53.368 I/wm_on_paused_called( 2568): [128678138,com.android.launcher3.uioverrides.QuickstepLauncher,performPause]
02-17 10:42:53.376 I/wm_set_resumed_activity( 1524): [0,com.android.gallery3d/.app.MovieActivity,resumeTopActivityInnerLocked]
02-17 10:42:53.376 I/wm_add_to_stopping( 1524): [0,128678138,com.android.launcher3/.uioverrides.QuickstepLauncher,makeInvisible]
02-17 10:42:53.378 I/wm_resume_activity( 1524): [0,179993969,164,com.android.gallery3d/.app.MovieActivity]
02-17 10:42:53.382 I/sysui_multi_action( 1524): [757,803,799,window_time_0,802,2]
02-17 10:42:53.397 I/input_focus( 1524): [Focus leaving 321be4b com.android.launcher3/com.android.launcher3.uioverrides.QuickstepLauncher (server),reason=NO_WINDOW]
02-17 10:42:53.400 I/wm_on_restart_called(23763): [179993969,com.android.gallery3d.app.MovieActivity,performRestartActivity]
02-17 10:42:53.400 I/wm_on_start_called(23763): [179993969,com.android.gallery3d.app.MovieActivity,handleStartActivity]
02-17 10:42:53.401 I/wm_on_resume_called(23763): [179993969,com.android.gallery3d.app.MovieActivity,RESUME_ACTIVITY]
02-17 10:42:53.401 I/wm_on_top_resumed_gained_called(23763): [179993969,com.android.gallery3d.app.MovieActivity,topWhenResuming]
02-17 10:42:53.416 I/input_focus( 1524): [Focus request ad450eb com.android.gallery3d/com.android.gallery3d.app.MovieActivity,reason=UpdateInputWindows]
