02-17 10:44:41.237 W/View (22372): requestLayout() improperly called by android.widget.FrameLayout{b531136 I.E...... ......ID 0,0-780,179 #2bc} during layout: running second layout pass
02-17 10:44:41.237 W/View (22372): requestLayout() improperly called by com.android.systemui.statusbar.AlphaOptimizedImageView{91002d1 VFED..C.. ......ID 0,0-140,84} during layout: running second layout pass
02-17 10:44:41.238 E/OMXNodeInstance( 1216): getConfig(0xe9440014:qcom.decoder.avc, ??(0x7f000062)) ERROR: UnsupportedSetting(0x80001019)
02-17 10:44:41.240 W/View (22372): requestLayout() improperly called by android.widget.FrameLayout{b531136 I.E...... ......ID 0,0-780,179 #2bc} during second layout pass: posting in next frame
02-17 10:44:41.240 W/View (22372): requestLayout() improperly called by com.android.systemui.statusbar.AlphaOptimizedImageView{91002d1 VFED..C.. ......ID 0,0-140,84} during second layout pass: posting in next frame
02-17 10:44:41.244 E/OMX-VDEC-1080P( 1216): Extension: OMX.QTI.index.config.video.getdsmode not implemented
02-17 10:44:41.254 W/View (22372): requestLayout() improperly called by android.widget.FrameLayout{b531136 I.E...... ......ID 0,0-780,179 #2bc} during layout: running second layout pass
02-17 10:44:41.254 W/View (22372): requestLayout() improperly called by com.android.systemui.statusbar.AlphaOptimizedImageView{91002d1 VFED..C.. ......ID 0,0-140,84} during layout: running second layout pass
02-17 10:44:41.259 W/View (22372): requestLayout() improperly called by android.widget.FrameLayout{b531136 I.E...... ......ID 0,0-780,179 #2bc} during second layout pass: posting in next frame
02-17 10:44:41.259 W/View (22372): requestLayout() improperly called by com.android.systemui.statusbar.AlphaOptimizedImageView{91002d1 VFED..C.. ......ID 0,0-140,84} during second layout pass: posting in next frame
02-17 10:44:41.267 I/OMX-VDEC-1080P( 1216): omx_vdec::component_deinit() complete
02-17 10:44:41.270 W/View (22372): requestLayout() improperly called by android.widget.FrameLayout{b531136 I.E...... ......ID 0,0-780,179 #2bc} during layout: running second layout pass
02-17 10:44:41.270 W/View (22372): requestLayout() improperly called by com.android.systemui.statusbar.AlphaOptimizedImageView{91002d1 VFED..C.. ......ID 0,0-140,84} during layout: running second layout pass
02-17 10:44:41.271 I/OMX-VDEC-1080P( 1216): Exit OMX vdec Destructor: fd=11
02-17 10:44:41.271 D/SurfaceUtils( 1197): disconnecting from surface 0xee58b068, reason disconnectFromSurface
02-17 10:44:41.272 W/View (22372): requestLayout() improperly called by android.widget.FrameLayout{b531136 I.E...... ......ID 0,0-780,179 #2bc} during second layout pass: posting in next frame
02-17 10:44:41.272 W/View (22372): requestLayout() improperly called by com.android.systemui.statusbar.AlphaOptimizedImageView{91002d1 VFED..C.. ......ID 0,0-140,84} during second layout pass: posting in next frame
02-17 10:44:41.272 D/FrameDecoder( 1197): FrameDecoder destroyed
01-01 14:55:21.417 I/msm_vidc( 0): high: 00000002: h264d: Closed video instance: 0000000000000000
02-17 10:44:41.287 W/View (22372): requestLayout() improperly called by android.widget.FrameLayout{b531136 I.E...... ......ID 0,0-780,179 #2bc} during layout: running second layout pass
02-17 10:44:41.287 W/View (22372): requestLayout() improperly called by com.android.systemui.statusbar.AlphaOptimizedImageView{91002d1 VFED..C.. ......ID 0,0-140,84} during layout: running second layout pass
02-17 10:44:41.288 W/View (22372): requestLayout() improperly called by android.widget.FrameLayout{b531136 I.E...... ......ID 0,0-780,179 #2bc} during second layout pass: posting in next frame
02-17 10:44:41.288 W/View (22372): requestLayout() improperly called by com.android.systemui.statusbar.AlphaOptimizedImageView{91002d1 VFED..C.. ......ID 0,0-140,84} during second layout pass: posting in next frame
02-17 10:44:41.300 I/sysui_multi_action( 1524): [757,1501,758,1,793,203,794,0,795,203,796,4275,806,com.android.systemui,857,screen_record,858,3,947,0,1500,0,1688,1]
02-17 10:44:41.301 I/sysui_multi_action( 1524): [757,804,799,note_interruptive,801,0,802,1]
02-17 10:44:41.301 I/GameModeConfig( 1524): isGameModeOn = false
02-17 10:44:41.302 I/sysui_multi_action( 1524): [757,1501,758,1,793,205,794,0,795,205,796,4275,806,com.android.systemui,857,screen_record,858,3,947,0,1500,0,1688,1]
02-17 10:44:41.302 I/sysui_multi_action( 1524): [757,804,799,note_interruptive,801,0,802,1]
02-17 10:44:41.302 I/sysui_multi_action( 1524): [757,199,758,1,759,3,793,205,794,0,795,205,796,4275,806,com.android.systemui,857,screen_record,858,3,947,0,1500,0,1688,1]
02-17 10:44:41.302 I/notification_alert( 1524): [0|com.android.systemui|4275|null|10080,1,1,0]
02-17 10:44:41.305 W/View (22372): requestLayout() improperly called by android.widget.FrameLayout{b531136 I.E...... ......ID 0,0-780,179 #2bc} during layout: running second layout pass
02-17 10:44:41.305 W/View (22372): requestLayout() improperly called by com.android.systemui.statusbar.AlphaOptimizedImageView{91002d1 VFED..C.. ......ID 0,0-140,84} during layout: running second layout pass
02-17 10:44:41.307 W/NotificationHistory( 1524): Attempted to add notif for locked/gone/disabled user 0
02-17 10:44:41.312 V/GameMode_GameTypeUtils( 2121): judge isGame:com.android.launcher3
02-17 10:44:41.312 W/View (22372): requestLayout() improperly called by android.widget.FrameLayout{b531136 I.E...... ......ID 0,0-780,179 #2bc} during second layout pass: posting in next frame
02-17 10:44:41.312 W/View (22372): requestLayout() improperly called by com.android.systemui.statusbar.AlphaOptimizedImageView{91002d1 VFED..C.. ......ID 0,0-140,84} during second layout pass: posting in next frame
02-17 10:44:41.312 E/GameMode_GameModeNotificationListenerService( 2121): title :正在录制屏幕content :正在处理屏幕录制视频,PackageName:com.android.systemui,isGameModeOn:false,isBulletScreenOn:false,isBulletScreenPackage:false
02-17 10:44:41.320 W/View (22372): requestLayout() improperly called by android.widget.FrameLayout{b531136 I.E...... ......ID 0,0-780,179 #2bc} during layout: running second layout pass
02-17 10:44:41.320 W/View (22372): requestLayout() improperly called by com.android.systemui.statusbar.AlphaOptimizedImageView{91002d1 VFED..C.. ......ID 0,0-140,84} during layout: running second layout pass
02-17 10:44:41.321 I/OMX-VENC: venc_dev( 1216): stats: avg. fps 12.88, bitrate 400112
02-17 10:44:41.326 D/InterruptionStateProvider(22372): No bubble up: not allowed to bubble: 0|com.android.systemui|4275|null|10080
02-17 10:44:41.327 D/InterruptionStateProvider(22372): No heads up: unimportant notification: 0|com.android.systemui|4275|null|10080
02-17 10:44:41.327 W/View (22372): requestLayout() improperly called by android.widget.FrameLayout{b531136 I.E...... ......ID 0,0-780,179 #2bc} during second layout pass: posting in next frame
02-17 10:44:41.327 W/View (22372): requestLayout() improperly called by com.android.systemui.statusbar.AlphaOptimizedImageView{91002d1 VFED..C.. ......ID 0,0-140,84} during second layout pass: posting in next frame
02-17 10:44:41.327 D/PeopleSpaceWidgetMgr(22372): Sbn doesn't contain valid PeopleTileKey: null/0/com.android.systemui
02-17 10:44:41.335 I/notification_enqueue( 1524): [10080,22372,com.android.systemui,4273,NULL,0,Notification(channel=screen_record shortcut=null contentView=null vibrate=null sound=null defaults=0x0 flags=0x10 color=0x00000000 actions=1 vis=PRIVATE),0]
02-17 10:44:41.336 I/sysui_multi_action( 1524): [757,128,758,5,759,8,793,239,794,0,795,239,796,4275,806,com.android.systemui,857,screen_record,858,3,947,0,1500,34,1688,1]
02-17 10:44:41.337 I/notification_canceled( 1524): [0|com.android.systemui|4275|null|10080,8,239,239,0,-1,-1,NULL]
02-17 10:44:41.337 W/View (22372): requestLayout() improperly called by android.widget.FrameLayout{b531136 I.E...... ......ID 0,0-780,179 #2bc} during layout: running second layout pass
02-17 10:44:41.337 W/View (22372): requestLayout() improperly called by com.android.systemui.statusbar.AlphaOptimizedImageView{91002d1 VFED..C.. ......ID 0,0-140,84} during layout: running second layout pass
02-17 10:44:41.339 D/GameMode_GameModeNotificationListenerService( 2121): onNotificationRemoved.
02-17 10:44:41.340 W/View (22372): requestLayout() improperly called by android.widget.FrameLayout{b531136 I.E...... ......ID 0,0-780,179 #2bc} during second layout pass: posting in next frame
02-17 10:44:41.340 W/View (22372): requestLayout() improperly called by com.android.systemui.statusbar.AlphaOptimizedImageView{91002d1 VFED..C.. ......ID 0,0-140,84} during second layout pass: posting in next frame
02-17 10:44:41.341 D/PeopleSpaceWidgetMgr(22372): Sbn doesn't contain valid PeopleTileKey: null/0/com.android.systemui
02-17 10:44:41.353 W/View (22372): requestLayout() improperly called by android.widget.FrameLayout{b531136 I.E...... ......ID 0,0-780,179 #2bc} during layout: running second layout pass
02-17 10:44:41.353 W/View (22372): requestLayout() improperly called by com.android.systemui.statusbar.AlphaOptimizedImageView{91002d1 VFED..C.. ......ID 0,0-140,84} during layout: running second layout pass
02-17 10:44:41.355 W/View (22372): requestLayout() improperly called by android.widget.FrameLayout{b531136 I.E...... ......ID 0,0-780,179 #2bc} during second layout pass: posting in next frame
02-17 10:44:41.355 W/View (22372): requestLayout() improperly called by com.android.systemui.statusbar.AlphaOptimizedImageView{91002d1 VFED..C.. ......ID 0,0-140,84} during second layout pass: posting in next frame
02-17 10:44:41.371 W/View (22372): requestLayout() improperly called by android.widget.FrameLayout{b531136 I.E...... ......ID 0,0-780,179 #2bc} during layout: running second layout pass
02-17 10:44:41.371 W/View (22372): requestLayout() improperly called by com.android.systemui.statusbar.AlphaOptimizedImageView{91002d1 VFED..C.. ......ID 0,0-140,84} during layout: running second layout pass
02-17 10:44:41.373 W/View (22372): requestLayout() improperly called by android.widget.FrameLayout{b531136 I.E...... ......ID 0,0-780,179 #2bc} during second layout pass: posting in next frame
02-17 10:44:41.373 W/View (22372): requestLayout() improperly called by com.android.systemui.statusbar.AlphaOptimizedImageView{91002d1 VFED..C.. ......ID 0,0-140,84} during second layout pass: posting in next frame
02-17 10:44:41.388 W/View (22372): requestLayout() improperly called by android.widget.FrameLayout{b531136 I.E...... ......ID 0,0-780,179 #2bc} during layout: running second layout pass
02-17 10:44:41.388 W/View (22372): requestLayout() improperly called by com.android.systemui.statusbar.AlphaOptimizedImageView{91002d1 VFED..C.. ......ID 0,0-140,84} during layout: running second layout pass
02-17 10:44:41.390 W/View (22372): requestLayout() improperly called by android.widget.FrameLayout{b531136 I.E...... ......ID 0,0-780,179 #2bc} during second layout pass: posting in next frame
02-17 10:44:41.390 W/View (22372): requestLayout() improperly called by com.android.systemui.statusbar.AlphaOptimizedImageView{91002d1 VFED..C.. ......ID 0,0-140,84} during second layout pass: posting in next frame
02-17 10:44:41.405 W/View (22372): requestLayout() improperly called by android.widget.FrameLayout{b531136 I.E...... ......ID 0,0-780,179 #2bc} during layout: running second layout pass
02-17 10:44:41.405 W/View (22372): requestLayout() improperly called by com.android.systemui.statusbar.AlphaOptimizedImageView{91002d1 VFED..C.. ......ID 0,0-140,84} during layout: running second layout pass
02-17 10:44:41.409 W/View (22372): requestLayout() improperly called by android.widget.FrameLayout{b531136 I.E...... ......ID 0,0-780,179 #2bc} during second layout pass: posting in next frame
02-17 10:44:41.409 W/View (22372): requestLayout() improperly called by com.android.systemui.statusbar.AlphaOptimizedImageView{91002d1 VFED..C.. ......ID 0,0-140,84} during second layout pass: posting in next frame
02-17 10:44:41.421 W/View (22372): requestLayout() improperly called by android.widget.FrameLayout{b531136 I.E...... ......ID 0,0-780,179 #2bc} during layout: running second layout pass
02-17 10:44:41.421 W/View (22372): requestLayout() improperly called by com.android.systemui.statusbar.AlphaOptimizedImageView{91002d1 VFED..C.. ......ID 0,0-140,84} during layout: running second layout pass
02-17 10:44:41.426 W/View (22372): requestLayout() improperly called by android.widget.FrameLayout{b531136 I.E...... ......ID 0,0-780,179 #2bc} during second layout pass: posting in next frame
02-17 10:44:41.426 W/View (22372): requestLayout() improperly called by com.android.systemui.statusbar.AlphaOptimizedImageView{91002d1 VFED..C.. ......ID 0,0-140,84} during second layout pass: posting in next frame
02-17 10:44:41.438 W/View (22372): requestLayout() improperly called by android.widget.FrameLayout{b531136 I.E...... ......ID 0,0-780,179 #2bc} during layout: running second layout pass
02-17 10:44:41.438 W/View (22372): requestLayout() improperly called by com.android.systemui.statusbar.AlphaOptimizedImageView{91002d1 VFED..C.. ......ID 0,0-140,84} during layout: running second layout pass
02-17 10:44:41.448 W/View (22372): requestLayout() improperly called by android.widget.FrameLayout{b531136 I.E...... ......ID 0,0-780,179 #2bc} during second layout pass: posting in next frame
02-17 10:44:41.449 W/View (22372): requestLayout() improperly called by com.android.systemui.statusbar.AlphaOptimizedImageView{91002d1 VFED..C.. ......ID 0,0-140,84} during second layout pass: posting in next frame
02-17 10:44:41.455 W/View (22372): requestLayout() improperly called by android.widget.FrameLayout{b531136 I.E...... ......ID 0,0-780,179 #2bc} during layout: running second layout pass
02-17 10:44:41.455 W/View (22372): requestLayout() improperly called by com.android.systemui.statusbar.AlphaOptimizedImageView{91002d1 VFED..C.. ......ID 0,0-140,84} during layout: running second layout pass
02-17 10:44:41.456 W/View (22372): requestLayout() improperly called by android.widget.FrameLayout{b531136 I.E...... ......ID 0,0-780,179 #2bc} during second layout pass: posting in next frame
02-17 10:44:41.456 W/View (22372): requestLayout() improperly called by com.android.systemui.statusbar.AlphaOptimizedImageView{91002d1 VFED..C.. ......ID 0,0-140,84} during second layout pass: posting in next frame
02-17 10:44:41.471 W/View (22372): requestLayout() improperly called by android.widget.FrameLayout{b531136 I.E...... ......ID 0,0-780,179 #2bc} during layout: running second layout pass
02-17 10:44:41.471 W/View (22372): requestLayout() improperly called by com.android.systemui.statusbar.AlphaOptimizedImageView{91002d1 VFED..C.. ......ID 0,0-140,84} during layout: running second layout pass
02-17 10:44:41.473 W/View (22372): requestLayout() improperly called by android.widget.FrameLayout{b531136 I.E...... ......ID 0,0-780,179 #2bc} during second layout pass: posting in next frame
02-17 10:44:41.473 W/View (22372): requestLayout() improperly called by com.android.systemui.statusbar.AlphaOptimizedImageView{91002d1 VFED..C.. ......ID 0,0-140,84} during second layout pass: posting in next frame
02-17 10:44:41.488 W/View (22372): requestLayout() improperly called by android.widget.FrameLayout{b531136 I.E...... ......ID 0,0-780,179 #2bc} during layout: running second layout pass
02-17 10:44:41.488 W/View (22372): requestLayout() improperly called by com.android.systemui.statusbar.AlphaOptimizedImageView{91002d1 VFED..C.. ......ID 0,0-140,84} during layout: running second layout pass
02-17 10:44:41.537 I/sysui_multi_action( 1524): [757,1501,758,1,793,202,794,0,795,202,796,4273,806,com.android.systemui,857,screen_record,858,3,947,0,1500,0,1688,1,1745,680407814]
02-17 10:44:41.537 I/sysui_multi_action( 1524): [757,804,799,note_interruptive,801,0,802,1]
02-17 10:44:41.538 I/GameModeConfig( 1524): isGameModeOn = false
02-17 10:44:41.539 E/NotificationService( 1524): Muting recently noisy 0|com.android.systemui|4273|null|10080
02-17 10:44:41.542 W/NotificationHistory( 1524): Attempted to add notif for locked/gone/disabled user 0
02-17 10:44:41.546 V/GameMode_GameTypeUtils( 2121): judge isGame:com.android.launcher3
02-17 10:44:41.546 E/GameMode_GameModeNotificationListenerService( 2121): title :已保存屏幕录制内容content :点按即可查看,PackageName:com.android.systemui,isGameModeOn:false,isBulletScreenOn:false,isBulletScreenPackage:false
02-17 10:44:41.553 D/InterruptionStateProvider(22372): No bubble up: not allowed to bubble: 0|com.android.systemui|4273|null|10080
02-17 10:44:41.554 D/InterruptionStateProvider(22372): No heads up: unimportant notification: 0|com.android.systemui|4273|null|10080
02-17 10:44:41.555 D/PeopleSpaceWidgetMgr(22372): Sbn doesn't contain valid PeopleTileKey: null/0/com.android.systemui
02-17 10:44:41.620 W/View (22372): requestLayout() improperly called by android.widget.FrameLayout{b531136 I.E...... ......ID 0,0-780,179 #2bc} during second layout pass: posting in next frame
02-17 10:44:41.620 W/View (22372): requestLayout() improperly called by com.android.systemui.statusbar.AlphaOptimizedImageView{91002d1 VFED..C.. ......ID 0,0-140,84} during second layout pass: posting in next frame
02-17 10:44:41.621 W/View (22372): requestLayout() improperly called by android.widget.FrameLayout{b531136 I.E...... ......ID 0,0-780,179 #2bc} during layout: running second layout pass
02-17 10:44:41.621 W/View (22372): requestLayout() improperly called by com.android.systemui.statusbar.AlphaOptimizedImageView{91002d1 VFED..C.. ......ID 0,0-140,84} during layout: running second layout pass
02-17 10:44:41.625 I/mpu_uart( 648): [MSG-P:RECV]:No message received in 1000 ms
02-17 10:44:41.637 W/View (22372): requestLayout() improperly called by android.widget.FrameLayout{b531136 I.E...... ......ID 0,0-780,179 #2bc} during second layout pass: posting in next frame
02-17 10:44:41.637 W/View (22372): requestLayout() improperly called by com.android.systemui.statusbar.AlphaOptimizedImageView{91002d1 VFED..C.. ......ID 0,0-140,84} during second layout pass: posting in next frame
02-17 10:44:41.655 W/View (22372): requestLayout() improperly called by android.widget.FrameLayout{b531136 I.E...... ......ID 0,0-780,179 #2bc} during layout: running second layout pass
02-17 10:44:41.655 W/View (22372): requestLayout() improperly called by com.android.systemui.statusbar.AlphaOptimizedImageView{91002d1 VFED..C.. ......ID 0,0-140,84} during layout: running second layout pass
02-17 10:44:41.657 W/View (22372): requestLayout() improperly called by android.widget.FrameLayout{b531136 I.E...... ......ID 0,0-780,179 #2bc} during second layout pass: posting in next frame
02-17 10:44:41.657 W/View (22372): requestLayout() improperly called by com.android.systemui.statusbar.AlphaOptimizedImageView{91002d1 VFED..C.. ......ID 0,0-140,84} during second layout pass: posting in next frame
02-17 10:44:41.672 W/View (22372): requestLayout() improperly called by android.widget.FrameLayout{b531136 I.E...... ......ID 0,0-780,179 #2bc} during layout: running second layout pass
02-17 10:44:41.672 W/View (22372): requestLayout() improperly called by com.android.systemui.statusbar.AlphaOptimizedImageView{91002d1 VFED..C.. ......ID 0,0-140,84} during layout: running second layout pass
02-17 10:44:41.674 W/View (22372): requestLayout() improperly called by android.widget.FrameLayout{b531136 I.E...... ......ID 0,0-780,179 #2bc} during second layout pass: posting in next frame
02-17 10:44:41.674 W/View (22372): requestLayout() improperly called by com.android.systemui.statusbar.AlphaOptimizedImageView{91002d1 VFED..C.. ......ID 0,0-140,84} during second layout pass: posting in next frame
02-17 10:44:41.688 W/View (22372): requestLayout() improperly called by android.widget.FrameLayout{b531136 I.E...... ......ID 0,0-780,179 #2bc} during layout: running second layout pass
02-17 10:44:41.689 W/View (22372): requestLayout() improperly called by com.android.systemui.statusbar.AlphaOptimizedImageView{91002d1 VFED..C.. ......ID 0,0-140,84} during layout: running second layout pass
02-17 10:44:41.691 W/View (22372): requestLayout() improperly called by android.widget.FrameLayout{b531136 I.E...... ......ID 0,0-780,179 #2bc} during second layout pass: posting in next frame
02-17 10:44:41.691 W/View (22372): requestLayout() improperly called by com.android.systemui.statusbar.AlphaOptimizedImageView{91002d1 VFED..C.. ......ID 0,0-140,84} during second layout pass: posting in next frame
02-17 10:44:41.704 W/View (22372): requestLayout() improperly called by android.widget.FrameLayout{b531136 I.E...... ......ID 0,0-780,179 #2bc} during layout: running second layout pass
02-17 10:44:41.705 W/View (22372): requestLayout() improperly called by com.android.systemui.statusbar.AlphaOptimizedImageView{91002d1 VFED..C.. ......ID 0,0-140,84} during layout: running second layout pass
02-17 10:44:41.707 W/View (22372): requestLayout() improperly called by android.widget.FrameLayout{b531136 I.E...... ......ID 0,0-780,179 #2bc} during second layout pass: posting in next frame
02-17 10:44:41.707 W/View (22372): requestLayout() improperly called by com.android.systemui.statusbar.AlphaOptimizedImageView{91002d1 VFED..C.. ......ID 0,0-140,84} during second layout pass: posting in next frame
02-17 10:44:41.717 W/AudioIDCMicroNegotiator( 1524): idcm_warn: timeout for obtainFocusState: null
02-17 10:44:41.717 W/AS.AudioService( 1524): idcm_warn: onAudioFocusIDCMicroChanged: info is null return
02-17 10:44:41.719 D/Avrcp_ext(18271): AudioManager Player: AudioPlaybackConfiguration piid:55 deviceId:0 type:android.media.SoundPool u/pid:1000/1524 state:idle attr:AudioAttributes: usage=USAGE_ASSISTANCE_SONIFICATION content=CONTENT_TYPE_SONIFICATION flags=0x800 tags= bundle=null sessionId:0
02-17 10:44:41.720 D/Avrcp_ext(18271): AudioManager Player: AudioPlaybackConfiguration piid:5239 deviceId:0 type:android.media.MediaPlayer u/pid:10080/22372 state:idle attr:AudioAttributes: usage=USAGE_UNKNOWN content=CONTENT_TYPE_UNKNOWN flags=0x800 tags= bundle=null sessionId:0
02-17 10:44:41.720 D/Avrcp_ext(18271): AudioManager Player: AudioPlaybackConfiguration piid:79 deviceId:0 type:android.media.SoundPool u/pid:1000/2121 state:idle attr:AudioAttributes: usage=USAGE_ASSISTANCE_SONIFICATION content=CONTENT_TYPE_SONIFICATION flags=0x801 tags= bundle=null sessionId:0
02-17 10:44:41.720 D/Avrcp_ext(18271): AudioManager Player: AudioPlaybackConfiguration piid:5039 deviceId:0 type:android.media.SoundPool u/pid:10080/22372 state:idle attr:AudioAttributes: usage=USAGE_ASSISTANCE_SONIFICATION content=CONTENT_TYPE_SONIFICATION flags=0x800 tags= bundle=null sessionId:0
02-17 10:44:41.720 D/Avrcp_ext(18271): AudioManager isPlaying: false, mAudioPlaybackIsActive = false
02-17 10:44:41.720 D/Avrcp_ext(18271): AudioManager Reset Active Player
02-17 10:44:41.720 D/Avrcp_ext(18271): AudioManager Player: AudioPlaybackConfiguration piid:55 deviceId:0 type:android.media.SoundPool u/pid:1000/1524 state:idle attr:AudioAttributes: usage=USAGE_ASSISTANCE_SONIFICATION content=CONTENT_TYPE_SONIFICATION flags=0x800 tags= bundle=null sessionId:0
02-17 10:44:41.720 D/Avrcp_ext(18271): AudioManager Player: AudioPlaybackConfiguration piid:5239 deviceId:0 type:android.media.MediaPlayer u/pid:10080/22372 state:idle attr:AudioAttributes: usage=USAGE_NOTIFICATION content=CONTENT_TYPE_SONIFICATION flags=0x800 tags= bundle=null sessionId:0
02-17 10:44:41.720 D/Avrcp_ext(18271): AudioManager Player: AudioPlaybackConfiguration piid:79 deviceId:0 type:android.media.SoundPool u/pid:1000/2121 state:idle attr:AudioAttributes: usage=USAGE_ASSISTANCE_SONIFICATION content=CONTENT_TYPE_SONIFICATION flags=0x801 tags= bundle=null sessionId:0
02-17 10:44:41.720 D/Avrcp_ext(18271): AudioManager Player: AudioPlaybackConfiguration piid:5039 deviceId:0 type:android.media.SoundPool u/pid:10080/22372 state:idle attr:AudioAttributes: usage=USAGE_ASSISTANCE_SONIFICATION content=CONTENT_TYPE_SONIFICATION flags=0x800 tags= bundle=null sessionId:0
02-17 10:44:41.720 D/Avrcp_ext(18271): AudioManager isPlaying: false, mAudioPlaybackIsActive = false
02-17 10:44:41.720 D/Avrcp_ext(18271): AudioManager Reset Active Player
02-17 10:44:41.724 W/View (22372): requestLayout() improperly called by android.widget.FrameLayout{b531136 I.E...... ......ID 0,0-780,179 #2bc} during layout: running second layout pass
02-17 10:44:41.724 W/View (22372): requestLayout() improperly called by com.android.systemui.statusbar.AlphaOptimizedImageView{91002d1 VFED..C.. ......ID 0,0-140,84} during layout: running second layout pass
02-17 10:44:41.724 W/FileSource(22372): offset/length adjusted from 0/576460752303423487 to 0/16905
02-17 10:44:41.729 W/View (22372): requestLayout() improperly called by android.widget.FrameLayout{b531136 I.E...... ......ID 0,0-780,179 #2bc} during second layout pass: posting in next frame
02-17 10:44:41.729 W/View (22372): requestLayout() improperly called by com.android.systemui.statusbar.AlphaOptimizedImageView{91002d1 VFED..C.. ......ID 0,0-140,84} during second layout pass: posting in next frame
02-17 10:44:41.734 I/MMParserExtractor( 1188): Created(0xb4000076c365fb70)
02-17 10:44:41.739 W/View (22372): requestLayout() improperly called by android.widget.FrameLayout{b531136 I.E...... ......ID 0,0-780,179 #2bc} during layout: running second layout pass
02-17 10:44:41.739 W/View (22372): requestLayout() improperly called by com.android.systemui.statusbar.AlphaOptimizedImageView{91002d1 VFED..C.. ......ID 0,0-140,84} during layout: running second layout pass
02-17 10:44:41.741 W/MediaProvider( 2883): Failed to fetch original file descriptor
02-17 10:44:41.741 W/MediaProvider( 2883): java.io.IOException: stat failed: EACCES (Permission denied)
02-17 10:44:41.741 W/MediaProvider( 2883): at com.android.providers.media.MediaProvider.getFileFromFileDescriptor(MediaProvider.java:5794)
02-17 10:44:41.741 W/MediaProvider( 2883): at com.android.providers.media.MediaProvider.getOriginalMediaFormatFileDescriptor(MediaProvider.java:5711)
02-17 10:44:41.741 W/MediaProvider( 2883): at com.android.providers.media.MediaProvider.openTypedAssetFileCommon(MediaProvider.java:7134)
02-17 10:44:41.741 W/MediaProvider( 2883): at com.android.providers.media.MediaProvider.openTypedAssetFile(MediaProvider.java:7115)
02-17 10:44:41.741 W/MediaProvider( 2883): at android.content.ContentProvider$Transport.openTypedAssetFile(ContentProvider.java:548)
02-17 10:44:41.741 W/MediaProvider( 2883): at android.content.ContentProviderNative.onTransact(ContentProviderNative.java:327)
02-17 10:44:41.741 W/MediaProvider( 2883): at android.os.Binder.execTransactInternal(Binder.java:1184)
02-17 10:44:41.741 W/MediaProvider( 2883): at android.os.Binder.execTransact(Binder.java:1143)
02-17 10:44:41.741 W/MediaProvider( 2883): Caused by: android.system.ErrnoException: stat failed: EACCES (Permission denied)
02-17 10:44:41.741 W/MediaProvider( 2883): at libcore.io.Linux.stat(Native Method)
02-17 10:44:41.741 W/MediaProvider( 2883): at libcore.io.ForwardingOs.stat(ForwardingOs.java:853)
02-17 10:44:41.741 W/MediaProvider( 2883): at libcore.io.BlockGuardOs.stat(BlockGuardOs.java:420)
02-17 10:44:41.741 W/MediaProvider( 2883): at libcore.io.ForwardingOs.stat(ForwardingOs.java:853)
02-17 10:44:41.741 W/MediaProvider( 2883): at android.app.ActivityThread$AndroidOs.stat(ActivityThread.java:7780)
02-17 10:44:41.741 W/MediaProvider( 2883): at android.system.Os.stat(Os.java:919)
02-17 10:44:41.741 W/MediaProvider( 2883): at com.android.providers.media.MediaProvider.getFileFromFileDescriptor(MediaProvider.java:5788)
02-17 10:44:41.741 W/MediaProvider( 2883): ... 7 more
02-17 10:44:41.741 W/View (22372): requestLayout() improperly called by android.widget.FrameLayout{b531136 I.E...... ......ID 0,0-780,179 #2bc} during second layout pass: posting in next frame
02-17 10:44:41.741 W/View (22372): requestLayout() improperly called by com.android.systemui.statusbar.AlphaOptimizedImageView{91002d1 VFED..C.. ......ID 0,0-140,84} during second layout pass: posting in next frame
02-17 10:44:41.743 D/NuPlayerDriver( 1197): NuPlayerDriver(0xef041730) created, clientPid(22372)
02-17 10:44:41.748 I/ExtendedNuUtils( 1197): printFileName fd(12) -> /data/system_de/0/ringtones/notification_sound_cache
02-17 10:44:41.755 W/View (22372): requestLayout() improperly called by android.widget.FrameLayout{b531136 I.E...... ......ID 0,0-780,179 #2bc} during layout: running second layout pass
02-17 10:44:41.755 W/View (22372): requestLayout() improperly called by com.android.systemui.statusbar.AlphaOptimizedImageView{91002d1 VFED..C.. ......ID 0,0-140,84} during layout: running second layout pass
02-17 10:44:41.756 D/GenericSource( 1197): FileSource remote
02-17 10:44:41.756 W/View (22372): requestLayout() improperly called by android.widget.FrameLayout{b531136 I.E...... ......ID 0,0-780,179 #2bc} during second layout pass: posting in next frame
02-17 10:44:41.756 W/View (22372): requestLayout() improperly called by com.android.systemui.statusbar.AlphaOptimizedImageView{91002d1 VFED..C.. ......ID 0,0-140,84} during second layout pass: posting in next frame
02-17 10:44:41.758 I/MMParserExtractor( 1188): Created(0xb4000076c365fb70)
02-17 10:44:41.760 D/MediaBufferGroup( 1188): creating MemoryDealer
02-17 10:44:41.764 I/MediaFocusControl( 1524): requestAudioFocus() from uid/pid 10080/22372 AA=USAGE_NOTIFICATION/CONTENT_TYPE_SONIFICATION clientId=android.media.AudioManager@4ec7faa callingPack=com.android.systemui req=3 flags=0x0 sdk=31
02-17 10:44:41.765 I/AudioService.FadeOutManager( 1524): unfadeOutUid() uid:10080
02-17 10:44:41.771 W/View (22372): requestLayout() improperly called by android.widget.FrameLayout{b531136 I.E...... ......ID 0,0-780,179 #2bc} during layout: running second layout pass
02-17 10:44:41.771 W/View (22372): requestLayout() improperly called by com.android.systemui.statusbar.AlphaOptimizedImageView{91002d1 VFED..C.. ......ID 0,0-140,84} during layout: running second layout pass
02-17 10:44:41.772 W/View (22372): requestLayout() improperly called by android.widget.FrameLayout{b531136 I.E...... ......ID 0,0-780,179 #2bc} during second layout pass: posting in next frame
02-17 10:44:41.772 W/View (22372): requestLayout() improperly called by com.android.systemui.statusbar.AlphaOptimizedImageView{91002d1 VFED..C.. ......ID 0,0-140,84} during second layout pass: posting in next frame
02-17 10:44:41.788 W/View (22372): requestLayout() improperly called by android.widget.FrameLayout{b531136 I.E...... ......ID 0,0-780,179 #2bc} during layout: running second layout pass
02-17 10:44:41.788 W/View (22372): requestLayout() improperly called by com.android.systemui.statusbar.AlphaOptimizedImageView{91002d1 VFED..C.. ......ID 0,0-140,84} during layout: running second layout pass
02-17 10:44:41.790 W/View (22372): requestLayout() improperly called by android.widget.FrameLayout{b531136 I.E...... ......ID 0,0-780,179 #2bc} during second layout pass: posting in next frame
02-17 10:44:41.790 W/View (22372): requestLayout() improperly called by com.android.systemui.statusbar.AlphaOptimizedImageView{91002d1 VFED..C.. ......ID 0,0-140,84} during second layout pass: posting in next frame
02-17 10:44:41.803 E/NotificationService( 1524): No vibration for canceled notification : 0|com.android.systemui|4275|null|10080
02-17 10:44:41.805 W/View (22372): requestLayout() improperly called by android.widget.FrameLayout{b531136 I.E...... ......ID 0,0-780,179 #2bc} during layout: running second layout pass
02-17 10:44:41.805 W/View (22372): requestLayout() improperly called by com.android.systemui.statusbar.AlphaOptimizedImageView{91002d1 VFED..C.. ......ID 0,0-140,84} during layout: running second layout pass
02-17 10:44:41.807 W/View (22372): requestLayout() improperly called by android.widget.FrameLayout{b531136 I.E...... ......ID 0,0-780,179 #2bc} during second layout pass: posting in next frame
02-17 10:44:41.807 W/View (22372): requestLayout() improperly called by com.android.systemui.statusbar.AlphaOptimizedImageView{91002d1 VFED..C.. ......ID 0,0-140,84} during second layout pass: posting in next frame
02-17 10:44:41.822 W/View (22372): requestLayout() improperly called by android.widget.FrameLayout{b531136 I.E...... ......ID 0,0-780,179 #2bc} during layout: running second layout pass
02-17 10:44:41.822 W/View (22372): requestLayout() improperly called by com.android.systemui.statusbar.AlphaOptimizedImageView{91002d1 VFED..C.. ......ID 0,0-140,84} during layout: running second layout pass
02-17 10:44:41.824 W/View (22372): requestLayout() improperly called by android.widget.FrameLayout{b531136 I.E...... ......ID 0,0-780,179 #2bc} during second layout pass: posting in next frame
02-17 10:44:41.824 W/View (22372): requestLayout() improperly called by com.android.systemui.statusbar.AlphaOptimizedImageView{91002d1 VFED..C.. ......ID 0,0-140,84} during second layout pass: posting in next frame
02-17 10:44:41.839 W/View (22372): requestLayout() improperly called by android.widget.FrameLayout{b531136 I.E...... ......ID 0,0-780,179 #2bc} during layout: running second layout pass
02-17 10:44:41.839 W/View (22372): requestLayout() improperly called by com.android.systemui.statusbar.AlphaOptimizedImageView{91002d1 VFED..C.. ......ID 0,0-140,84} during layout: running second layout pass
02-17 10:44:41.843 W/View (22372): requestLayout() improperly called by android.widget.FrameLayout{b531136 I.E...... ......ID 0,0-780,179 #2bc} during second layout pass: posting in next frame
02-17 10:44:41.843 W/View (22372): requestLayout() improperly called by com.android.systemui.statusbar.AlphaOptimizedImageView{91002d1 VFED..C.. ......ID 0,0-140,84} during second layout pass: posting in next frame
02-17 10:44:41.855 W/View (22372): requestLayout() improperly called by android.widget.FrameLayout{b531136 I.E...... ......ID 0,0-780,179 #2bc} during layout: running second layout pass
02-17 10:44:41.855 W/View (22372): requestLayout() improperly called by com.android.systemui.statusbar.AlphaOptimizedImageView{91002d1 VFED..C.. ......ID 0,0-140,84} during layout: running second layout pass
02-17 10:44:41.858 W/View (22372): requestLayout() improperly called by android.widget.FrameLayout{b531136 I.E...... ......ID 0,0-780,179 #2bc} during second layout pass: posting in next frame
02-17 10:44:41.858 W/View (22372): requestLayout() improperly called by com.android.systemui.statusbar.AlphaOptimizedImageView{91002d1 VFED..C.. ......ID 0,0-140,84} during second layout pass: posting in next frame
02-17 10:44:41.872 W/View (22372): requestLayout() improperly called by android.widget.FrameLayout{b531136 I.E...... ......ID 0,0-780,179 #2bc} during layout: running second layout pass
02-17 10:44:41.872 W/View (22372): requestLayout() improperly called by com.android.systemui.statusbar.AlphaOptimizedImageView{91002d1 VFED..C.. ......ID 0,0-140,84} during layout: running second layout pass
02-17 10:44:41.874 W/View (22372): requestLayout() improperly called by android.widget.FrameLayout{b531136 I.E...... ......ID 0,0-780,179 #2bc} during second layout pass: posting in next frame
02-17 10:44:41.874 W/View (22372): requestLayout() improperly called by com.android.systemui.statusbar.AlphaOptimizedImageView{91002d1 VFED..C.. ......ID 0,0-140,84} during second layout pass: posting in next frame
02-17 10:44:41.889 W/View (22372): requestLayout() improperly called by android.widget.FrameLayout{b531136 I.E...... ......ID 0,0-780,179 #2bc} during layout: running second layout pass
02-17 10:44:41.889 W/View (22372): requestLayout() improperly called by com.android.systemui.statusbar.AlphaOptimizedImageView{91002d1 VFED..C.. ......ID 0,0-140,84} during layout: running second layout pass
02-17 10:44:41.939 I/auditd ( 0): type=1400 audit(0.0:26846): avc: denied { kill } for comm="swapper/2" capability=5 scontext=u:r:kernel:s0 tcontext=u:r:kernel:s0 tclass=capability permissive=0
02-17 10:44:41.939 W/swapper/2( 0): type=1400 audit(0.0:26846): avc: denied { kill } for capability=5 scontext=u:r:kernel:s0 tcontext=u:r:kernel:s0 tclass=capability permissive=0
02-17 10:44:42.121 E/tlogd ( 1294): [TzLogger](isPathReadable) file /sys/kernel/debug/tzdbg/qsee_log isn't exist or no permission, err: No such file or directory
02-17 10:44:42.121 E/tlogd ( 1294): [TzLogger](saveTzlogAsync) /sys/kernel/debug/tzdbg/qsee_log can not read.
02-17 10:44:42.121 E/tlogd ( 1294): [TzLogger](isPathReadable) file /sys/kernel/debug/tzdbg/log isn't exist or no permission, err: No such file or directory
02-17 10:44:42.121 E/tlogd ( 1294): [TzLogger](saveTzlogAsync) /sys/kernel/debug/tzdbg/log can not read.
02-17 10:44:42.266 I/MicroServiceManager( 1524): requestResult(requestAudioFocus) parameters is{"functionInfo":{"IDCM_AudioFocus":"AudioFocus_Media"}}.
02-17 10:44:42.267 I/GenericSource( 1197): start
02-17 10:44:42.267 E/MicroService( 2127): Client is not connected.
02-17 10:44:42.267 E/MicroService( 2127): Client is not connected.
02-17 10:44:42.269 W/Utils ( 1197): track of type 'audio/vorbis' does not publish channel mask, channel count 1
02-17 10:44:42.272 D/NuPlayerDriver( 1197): stop(0xef041730)
02-17 10:44:42.273 V/MediaPlayer(22372): resetDrmState: mDrmInfo=null mDrmProvisioningThread=null mPrepareDrmInProgress=false mActiveDrmScheme=false
02-17 10:44:42.273 V/MediaPlayer(22372): cleanDrmObj: mDrmObj=null mDrmSessionId=null
02-17 10:44:42.273 D/NuPlayerDriver( 1197): reset(0xef041730) at state 8
02-17 10:44:42.273 W/Utils ( 1197): track of type 'audio/vorbis' does not publish channel mask, channel count 1
02-17 10:44:42.275 D/audio_hw_primary( 802): adev_get_parameters:is_hw_dec_session_available
02-17 10:44:42.275 D/audio_hw_spkr_prot( 802): fbsp_get_parameters: Speaker protection disabled
02-17 10:44:42.275 D/soundtrigger( 802): audio_extn_sound_trigger_get_parameters input string
02-17 10:44:42.275 D/soundtrigger( 802): extract_sm_handle input string param string
02-17 10:44:42.275 D/audio_hw_extn( 802): audio_extn_fm_get_parameters: Enter
02-17 10:44:42.275 D/audio_hw_extn( 802): audio_extn_get_parameters: returns
02-17 10:44:42.276 D/audio_hw_primary( 802): adev_get_parameters: exit: returns -
02-17 10:44:42.276 I/hash_map_utils( 901): system/bt/osi/src/hash_map_utils.cc:81 hash_map_utils_dump_string_keys_string_values: key: 'is_hw_dec_session_available' value: 'audio/vorbis'
02-17 10:44:42.278 D/CCodec ( 1197): allocate(c2.android.vorbis.decoder)
02-17 10:44:42.280 I/CCodec ( 1197): setting up 'default' as default (vendor) store
02-17 10:44:42.281 V/C2Store ( 1261): in init
02-17 10:44:42.281 V/C2Store ( 1261): loading dll
02-17 10:44:42.286 I/CCodec ( 1197): Created component [c2.android.vorbis.decoder]
02-17 10:44:42.286 D/CCodecConfig( 1197): read media type: audio/vorbis
02-17 10:44:42.290 D/ReflectedParamUpdater( 1197): extent() != 1 for single value type: algo.buffers.max-count.values
02-17 10:44:42.291 D/ReflectedParamUpdater( 1197): extent() != 1 for single value type: output.subscribed-indices.values
02-17 10:44:42.291 D/ReflectedParamUpdater( 1197): extent() != 1 for single value type: input.buffers.allocator-ids.values
02-17 10:44:42.292 D/ReflectedParamUpdater( 1197): extent() != 1 for single value type: output.buffers.allocator-ids.values
02-17 10:44:42.292 D/ReflectedParamUpdater( 1197): extent() != 1 for single value type: algo.buffers.allocator-ids.values
02-17 10:44:42.292 D/ReflectedParamUpdater( 1197): extent() != 1 for single value type: output.buffers.pool-ids.values
02-17 10:44:42.292 D/ReflectedParamUpdater( 1197): extent() != 1 for single value type: algo.buffers.pool-ids.values
02-17 10:44:42.295 I/CCodecConfig( 1197): query failed after returning 7 values (BAD_INDEX)
02-17 10:44:42.295 D/CCodecConfig( 1197): c2 config diff is Dict {
02-17 10:44:42.295 D/CCodecConfig( 1197): c2::u32 coded.bitrate.value = 64000
02-17 10:44:42.295 D/CCodecConfig( 1197): c2::u32 input.buffers.max-size.value = 32768
02-17 10:44:42.295 D/CCodecConfig( 1197): c2::u32 input.delay.value = 0
02-17 10:44:42.295 D/CCodecConfig( 1197): string input.media-type.value = "audio/vorbis"
02-17 10:44:42.295 D/CCodecConfig( 1197): string output.media-type.value = "audio/raw"
02-17 10:44:42.295 D/CCodecConfig( 1197): c2::u32 raw.channel-count.value = 1
02-17 10:44:42.295 D/CCodecConfig( 1197): c2::u32 raw.sample-rate.value = 48000
02-17 10:44:42.295 D/CCodecConfig( 1197): }
02-17 10:44:42.296 D/CCodec ( 1197): [c2.android.vorbis.decoder] buffers are bound to CCodec for this session
02-17 10:44:42.296 D/CCodecConfig( 1197): no c2 equivalents for durationUs
02-17 10:44:42.296 D/CCodecConfig( 1197): no c2 equivalents for csd-1
02-17 10:44:42.296 D/CCodecConfig( 1197): no c2 equivalents for language
02-17 10:44:42.296 D/CCodecConfig( 1197): no c2 equivalents for file-format
02-17 10:44:42.296 D/CCodecConfig( 1197): no c2 equivalents for flags
02-17 10:44:42.297 D/CCodecConfig( 1197): config failed => CORRUPTED
02-17 10:44:42.297 D/CCodecConfig( 1197): c2 config diff is c2::u32 coded.bitrate.value = 70000
02-17 10:44:42.298 W/Codec2Client( 1197): query -- param skipped: index = 1107298332.
02-17 10:44:42.298 D/CCodec ( 1197): setup formats input: AMessage(what = 0x00000000) = {
02-17 10:44:42.298 D/CCodec ( 1197): int32_t bitrate = 70000
02-17 10:44:42.298 D/CCodec ( 1197): int32_t channel-count = 1
02-17 10:44:42.298 D/CCodec ( 1197): int32_t max-input-size = 65307
02-17 10:44:42.298 D/CCodec ( 1197): string mime = "audio/vorbis"
02-17 10:44:42.298 D/CCodec ( 1197): int32_t sample-rate = 48000
02-17 10:44:42.298 D/CCodec ( 1197): }
02-17 10:44:42.298 D/CCodec ( 1197): setup formats output: AMessage(what = 0x00000000) = {
02-17 10:44:42.298 D/CCodec ( 1197): int32_t channel-count = 1
02-17 10:44:42.298 D/CCodec ( 1197): string mime = "audio/raw"
02-17 10:44:42.298 D/CCodec ( 1197): int32_t sample-rate = 48000
02-17 10:44:42.298 D/CCodec ( 1197): int32_t android._config-pcm-encoding = 2
02-17 10:44:42.298 D/CCodec ( 1197): }
02-17 10:44:42.298 I/CCodecConfig( 1197): query failed after returning 7 values (BAD_INDEX)
02-17 10:44:42.299 I/MediaCodec( 1197): MediaCodec will operate in async mode
02-17 10:44:42.299 D/MediaCodec( 1197): keep callback message for reclaim
02-17 10:44:42.299 W/Codec2Client( 1197): query -- param skipped: index = 1342179345.
02-17 10:44:42.299 W/Codec2Client( 1197): query -- param skipped: index = 2415921170.
02-17 10:44:42.300 D/CCodecBufferChannel( 1197): [c2.android.vorbis.decoder#362] Created input block pool with allocatorID 16 => poolID 116 - OK (0)
02-17 10:44:42.301 I/CCodecBufferChannel( 1197): [c2.android.vorbis.decoder#362] Created output block pool with allocatorID 16 => poolID 135 - OK
02-17 10:44:42.301 D/CCodecBufferChannel( 1197): [c2.android.vorbis.decoder#362] Configured output block pool ids 135 => OK
02-17 10:44:42.302 D/CCodecBufferChannel( 1197): [c2.android.vorbis.decoder#362] start: updating output delay 0
02-17 10:44:42.302 I/CCodecBufferChannel( 1197): pipelineRoom(3) is <= numClientBuffers(3). Not signalling any more buffers to client
02-17 10:44:42.303 D/SimpleC2Component( 1261): Using output block pool with poolID 135 => got 135 - 0
02-17 10:44:42.304 I/CCodecBufferChannel( 1197): pipelineRoom(2) is <= numClientBuffers(2). Not signalling any more buffers to client
02-17 10:44:42.304 I/CCodecBufferChannel( 1197): pipelineRoom(1) is <= numClientBuffers(1). Not signalling any more buffers to client
02-17 10:44:42.304 D/CCodecBufferChannel( 1197): [c2.android.vorbis.decoder#362] Discard frames from previous generation.
02-17 10:44:42.305 D/SimpleC2Component( 1261): work form old generation: was 1 now 0
02-17 10:44:42.306 I/hw-BpHwBinder( 1197): onLastStrongRef automatically unlinking death recipients
02-17 10:44:42.307 D/BufferPoolAccessor2.0( 1261): Destruction - bufferpool2 0xb4000077caf3f1e8 cached: 0/0M, 0/0% in use; allocs: 0, 0% recycled; transfers: 0, 0% unfetched
02-17 10:44:42.308 V/C2Store ( 1261): in ~ComponentModule
02-17 10:44:42.308 V/C2Store ( 1261): unloading dll
02-17 10:44:42.309 D/NuPlayerDriver( 1197): notifyResetComplete(0xef041730)
02-17 10:44:42.309 W/AMessage( 1197): failed to post message as target looper for handler 0 is gone.
02-17 10:44:42.310 I/MediaFocusControl( 1524): abandonAudioFocus() from uid/pid 10080/22372 clientId=android.media.AudioManager@4ec7faa
02-17 10:44:42.419 I/OMX-VENC: venc_dev( 1216): stats: avg. fps 27.32, bitrate 1197867
02-17 10:44:42.625 I/mpu_uart( 648): [MSG-P:RECV]:No message received in 1000 ms
02-17 10:44:42.867 W/AudioIDCMicroNegotiator( 1524): idcm_warn: timeout for obtainFocusState: RequestInfosToIDCM{mPid=22372, mUid=10080}
02-17 10:44:42.867 D/MediaFocusControl( 1524): audio_idcm: updateCurrentAudioFocus: mFocusStack is null, return
02-17 10:44:42.868 W/AudioService.PlaybackActivityMonitor( 1524): idcm_warn: ====rejected by IDCM: PLAYER_STATE_STARTED
02-17 10:44:42.868 I/MicroServiceManager( 1524): requestResult(abandonAudioFocus) parameters is{"functionInfo":{"IDCM_AudioFocus":"AudioFocus_Media"}}.
02-17 10:44:42.869 E/MicroService( 2127): Client is not connected.
02-17 10:44:42.869 E/MicroService( 2127): Client is not connected.
02-17 10:44:42.869 W/Binder (22372): Caught a RuntimeException from the binder stub implementation.
02-17 10:44:42.869 W/Binder (22372): java.lang.IllegalStateException
02-17 10:44:42.869 W/Binder (22372): at android.media.MediaPlayer._stop(Native Method)
02-17 10:44:42.869 W/Binder (22372): at android.media.MediaPlayer.stop(MediaPlayer.java:1403)
02-17 10:44:42.869 W/Binder (22372): at android.media.MediaPlayer.playerStop(MediaPlayer.java:1436)
02-17 10:44:42.869 W/Binder (22372): at android.media.PlayerBase$IPlayerWrapper.stop(PlayerBase.java:394)
02-17 10:44:42.869 W/Binder (22372): at android.media.IPlayer$Stub.onTransact(IPlayer.java:138)
02-17 10:44:42.869 W/Binder (22372): at android.os.Binder.execTransactInternal(Binder.java:1184)
02-17 10:44:42.869 W/Binder (22372): at android.os.Binder.execTransact(Binder.java:1143)
02-17 10:44:42.939 I/auditd ( 0): type=1400 audit(0.0:26847): avc: denied { kill } for comm="swapper/2" capability=5 scontext=u:r:kernel:s0 tcontext=u:r:kernel:s0 tclass=capability permissive=0
02-17 10:44:42.939 W/swapper/2( 0): type=1400 audit(0.0:26847): avc: denied { kill } for capability=5 scontext=u:r:kernel:s0 tcontext=u:r:kernel:s0 tclass=capability permissive=0
02-17 10:44:43.065 I/mpu_uart( 648): [MSG-P:R]:recv sync frame timeout
02-17 10:44:43.469 W/AudioIDCMicroNegotiator( 1524): idcm_warn: timeout for obtainFocusState: null
02-17 10:44:43.469 W/AS.AudioService( 1524): idcm_warn: onAudioFocusIDCMicroChanged: info is null return
02-17 10:44:43.470 D/Avrcp_ext(18271): AudioManager Player: AudioPlaybackConfiguration piid:55 deviceId:0 type:android.media.SoundPool u/pid:1000/1524 state:idle attr:AudioAttributes: usage=USAGE_ASSISTANCE_SONIFICATION content=CONTENT_TYPE_SONIFICATION flags=0x800 tags= bundle=null sessionId:0
02-17 10:44:43.470 D/Avrcp_ext(18271): AudioManager Player: AudioPlaybackConfiguration piid:5239 deviceId:0 type:android.media.MediaPlayer u/pid:10080/22372 state:stopped attr:AudioAttributes: usage=USAGE_NOTIFICATION content=CONTENT_TYPE_SONIFICATION flags=0x800 tags= bundle=null sessionId:0
02-17 10:44:43.470 D/Avrcp_ext(18271): AudioManager Player: AudioPlaybackConfiguration piid:79 deviceId:0 type:android.media.SoundPool u/pid:1000/2121 state:idle attr:AudioAttributes: usage=USAGE_ASSISTANCE_SONIFICATION content=CONTENT_TYPE_SONIFICATION flags=0x801 tags= bundle=null sessionId:0
02-17 10:44:43.470 D/Avrcp_ext(18271): AudioManager Player: AudioPlaybackConfiguration piid:5039 deviceId:0 type:android.media.SoundPool u/pid:10080/22372 state:idle attr:AudioAttributes: usage=USAGE_ASSISTANCE_SONIFICATION content=CONTENT_TYPE_SONIFICATION flags=0x800 tags= bundle=null sessionId:0
02-17 10:44:43.470 D/Avrcp_ext(18271): AudioManager isPlaying: false, mAudioPlaybackIsActive = false
02-17 10:44:43.470 D/Avrcp_ext(18271): AudioManager Reset Active Player
02-17 10:44:43.471 D/Avrcp_ext(18271): AudioManager Player: AudioPlaybackConfiguration piid:55 deviceId:0 type:android.media.SoundPool u/pid:1000/1524 state:idle attr:AudioAttributes: usage=USAGE_ASSISTANCE_SONIFICATION content=CONTENT_TYPE_SONIFICATION flags=0x800 tags= bundle=null sessionId:0
02-17 10:44:43.471 D/Avrcp_ext(18271): AudioManager Player: AudioPlaybackConfiguration piid:79 deviceId:0 type:android.media.SoundPool u/pid:1000/2121 state:idle attr:AudioAttributes: usage=USAGE_ASSISTANCE_SONIFICATION content=CONTENT_TYPE_SONIFICATION flags=0x801 tags= bundle=null sessionId:0
02-17 10:44:43.471 D/Avrcp_ext(18271): AudioManager Player: AudioPlaybackConfiguration piid:5039 deviceId:0 type:android.media.SoundPool u/pid:10080/22372 state:idle attr:AudioAttributes: usage=USAGE_ASSISTANCE_SONIFICATION content=CONTENT_TYPE_SONIFICATION flags=0x800 tags= bundle=null sessionId:0
02-17 10:44:43.471 D/Avrcp_ext(18271): AudioManager isPlaying: false, mAudioPlaybackIsActive = false
02-17 10:44:43.471 D/Avrcp_ext(18271): AudioManager Reset Active Player
02-17 10:44:43.472 W/View (22372): requestLayout() improperly called by android.widget.FrameLayout{b531136 I.E...... ......ID 0,0-780,179 #2bc} during second layout pass: posting in next frame
02-17 10:44:43.472 W/View (22372): requestLayout() improperly called by com.android.systemui.statusbar.AlphaOptimizedImageView{91002d1 VFED..C.. ......ID 0,0-140,84} during second layout pass: posting in next frame
02-17 10:44:43.489 W/View (22372): requestLayout() improperly called by android.widget.FrameLayout{b531136 I.E...... ......ID 0,0-780,179 #2bc} during layout: running second layout pass
02-17 10:44:43.489 W/View (22372): requestLayout() improperly called by com.android.systemui.statusbar.AlphaOptimizedImageView{91002d1 VFED..C.. ......ID 0,0-140,84} during layout: running second layout pass
