02-17 10:06:35.899 I/wm_on_start_called(21366): [187916372,com.android.settings.Settings,handleStartActivity]
02-17 10:06:35.900 I/snet_event_log(21366): [120484087,-1,]
02-17 10:06:35.901 I/wm_on_resume_called(21366): [187916372,com.android.settings.Settings,RESUME_ACTIVITY]
02-17 10:06:35.902 I/sysui_multi_action(21366): [757,35,758,1,833,0,1089,26]
02-17 10:06:35.907 I/sysui_multi_action(21366): [757,1729,758,4,854,isParalleledControllers:false,1089,32]
02-17 10:06:35.913 I/wm_on_top_resumed_gained_called(21366): [187916372,com.android.settings.Settings,topStateChangedWhenResumed]
02-17 10:06:35.911 I/auditd ( 568): type=1400 audit(0.0:24210): avc: denied { read } for comm="Binder:568_3" name="wakeup58" dev="sysfs" ino=71413 scontext=u:r:system_suspend:s0 tcontext=u:object_r:sysfs:s0 tclass=dir permissive=0
02-17 10:06:35.911 I/auditd ( 568): type=1400 audit(0.0:24211): avc: denied { read } for comm="Binder:568_3" name="wakeup4" dev="sysfs" ino=47054 scontext=u:r:system_suspend:s0 tcontext=u:object_r:sysfs:s0 tclass=dir permissive=0
02-17 10:06:35.911 I/auditd ( 568): type=1400 audit(0.0:24212): avc: denied { read } for comm="Binder:568_3" name="wakeup28" dev="sysfs" ino=53119 scontext=u:r:system_suspend:s0 tcontext=u:object_r:sysfs:s0 tclass=dir permissive=0
02-17 10:06:35.911 I/auditd ( 568): type=1400 audit(0.0:24213): avc: denied { read } for comm="Binder:568_3" name="wakeup56" dev="sysfs" ino=71341 scontext=u:r:system_suspend:s0 tcontext=u:object_r:sysfs:s0 tclass=dir permissive=0
02-17 10:06:35.911 I/auditd ( 568): type=1400 audit(0.0:24214): avc: denied { read } for comm="Binder:568_3" name="wakeup2" dev="sysfs" ino=46578 scontext=u:r:system_suspend:s0 tcontext=u:object_r:sysfs:s0 tclass=dir permissive=0
02-17 10:06:35.911 I/auditd ( 568): type=1400 audit(0.0:24215): avc: denied { read } for comm="Binder:568_3" name="wakeup74" dev="sysfs" ino=76304 scontext=u:r:system_suspend:s0 tcontext=u:object_r:sysfs:s0 tclass=dir permissive=0
02-17 10:06:35.947 I/input_focus( 1524): [Focus request 1377f9b com.android.settings/com.android.settings.Settings,reason=UpdateInputWindows]
02-17 10:06:35.976 I/sysui_multi_action( 1524): [324,1,757,1090,758,12,806,com.android.settings,871,com.android.settings.Settings,1091,234]
02-17 10:06:35.979 I/sysui_multi_action( 1524): [319,33,321,30,322,234,325,22633,757,761,758,8,759,1,806,com.android.settings,871,com.android.settings.Settings,904,com.android.launcher3,905,0,1320,8,1321,5]
02-17 10:06:35.980 I/wm_activity_launch_time( 1524): [0,187916372,com.android.settings/.Settings,234]
02-17 10:06:35.995 I/input_focus( 1524): [Focus entering 1377f9b com.android.settings/com.android.settings.Settings (server),reason=Window became focusable. Previous reason: NOT_VISIBLE]
02-17 10:06:36.019 W/CarrierConfigManager(21366): Error getting config for subId -1 ICarrierConfigLoader is null
02-17 10:06:36.038 I/sysui_multi_action(21366): [757,746,758,1,833,0,1089,26]
02-17 10:06:36.039 D/TelephonyRegistry( 1524): listen oscl: mHasNotifySubscriptionInfoChangedOccurred==false no callback
02-17 10:06:36.042 D/TelephonyRegistry( 1524): listen oscl: mHasNotifySubscriptionInfoChangedOccurred==false no callback
02-17 10:06:36.045 I/sysui_multi_action(21366): [757,1729,758,4,854,isParalleledControllers:false,1089,34]
02-17 10:06:36.314 I/wm_stop_activity( 1524): [0,128678138,com.android.launcher3/.uioverrides.QuickstepLauncher]
02-17 10:06:36.331 I/wm_on_stop_called( 2568): [128678138,com.android.launcher3.uioverrides.QuickstepLauncher,STOP_ACTIVITY_ITEM]
02-17 10:06:36.656 I/input_interaction( 1524): Interaction with: 1377f9b com.android.settings/com.android.settings.Settings (server), edge-swipe (server), swipe-up (server), PointerEventDispatcher0 (server),
02-17 10:06:36.935 I/auditd (20711): type=1400 audit(0.0:24311): avc: denied { kill } for comm="kworker/0:0" capability=5 scontext=u:r:kernel:s0 tcontext=u:r:kernel:s0 tclass=capability permissive=0
02-17 10:06:37.935 I/auditd ( 0): type=1400 audit(0.0:24312): avc: denied { kill } for comm="swapper/0" capability=5 scontext=u:r:kernel:s0 tcontext=u:r:kernel:s0 tclass=capability permissive=0
02-17 10:06:38.935 I/auditd ( 0): type=1400 audit(0.0:24313): avc: denied { kill } for comm="swapper/0" capability=5 scontext=u:r:kernel:s0 tcontext=u:r:kernel:s0 tclass=capability permissive=0
02-17 10:06:39.564 I/sysui_multi_action(21366): [757,830,758,4,833,0,854,top_level_notification,1089,0]
02-17 10:06:39.678 I/sysui_multi_action(21366): [757,746,758,2,1089,3639]
02-17 10:06:39.724 I/sysui_multi_action(21366): [757,337,758,1,833,0,1089,25]
02-17 10:06:39.726 I/sysui_multi_action(21366): [757,1729,758,4,854,isParalleledControllers:false,1089,28]
02-17 10:06:39.935 I/auditd ( 0): type=1400 audit(0.0:24314): avc: denied { kill } for comm="swapper/0" capability=5 scontext=u:r:kernel:s0 tcontext=u:r:kernel:s0 tclass=capability permissive=0
02-17 10:06:40.179 I/sysui_multi_action(21366): [757,830,758,4,833,0,854,top_level_storage,1089,0]
02-17 10:06:40.281 I/sysui_multi_action(21366): [757,337,758,2,1089,556]
02-17 10:06:40.312 I/sysui_multi_action(21366): [757,745,758,1,833,0,1089,24]
02-17 10:06:40.312 I/sysui_multi_action(21366): [757,1729,758,4,854,isParalleledControllers:false,1089,24]
02-17 10:06:41.001 I/sysui_multi_action(21366): [757,830,758,4,833,0,854,top_level_notification,1089,0]
02-17 10:06:41.103 I/sysui_multi_action(21366): [757,745,758,2,1089,791]
02-17 10:06:41.128 I/sysui_multi_action(21366): [757,337,758,1,833,0,1089,22]
02-17 10:06:41.129 I/sysui_multi_action(21366): [757,1729,758,4,854,isParalleledControllers:false,1089,24]
02-17 10:06:41.310 I/sysui_multi_action(21366): [757,830,758,4,833,0,854,top_level_apps,1089,0]
02-17 10:06:41.311 I/service_manager_stats( 1524): [100,37,35706]
02-17 10:06:41.413 I/sysui_multi_action(21366): [757,337,758,2,1089,285]
02-17 10:06:41.472 I/sysui_multi_action(21366): [757,65,758,1,833,0,1089,55]
02-17 10:06:41.489 I/sysui_multi_action(21366): [757,1729,758,4,854,isParalleledControllers:false,1089,72]
02-17 10:06:41.935 I/auditd ( 0): type=1400 audit(0.0:24315): avc: denied { kill } for comm="swapper/1" capability=5 scontext=u:r:kernel:s0 tcontext=u:r:kernel:s0 tclass=capability permissive=0
02-17 10:06:42.686 I/sysui_multi_action(21366): [757,830,758,4,833,0,854,top_level_sound,1089,0]
02-17 10:06:42.788 I/sysui_multi_action(21366): [757,65,758,2,1089,1315]
02-17 10:06:42.869 I/sysui_multi_action(21366): [757,336,758,1,833,0,1089,75]
02-17 10:06:42.872 I/sysui_multi_action(21366): [757,1729,758,4,854,isParalleledControllers:false,1089,78]
02-17 10:06:42.935 I/auditd ( 0): type=1400 audit(0.0:24316): avc: denied { kill } for comm="swapper/1" capability=5 scontext=u:r:kernel:s0 tcontext=u:r:kernel:s0 tclass=capability permissive=0
02-17 10:06:43.935 I/auditd ( 0): type=1400 audit(0.0:24317): avc: denied { kill } for comm="swapper/1" capability=5 scontext=u:r:kernel:s0 tcontext=u:r:kernel:s0 tclass=capability permissive=0
02-17 10:06:44.186 I/sysui_multi_action(21366): [757,830,758,4,833,0,854,top_level_display,1089,0]
02-17 10:06:44.292 I/sysui_multi_action(21366): [757,336,758,2,1089,1422]
02-17 10:06:44.344 I/sysui_multi_action(21366): [757,46,758,1,833,0,1089,44]
02-17 10:06:44.352 I/sysui_multi_action(21366): [757,1729,758,4,854,isParalleledControllers:false,1089,52]
02-17 10:06:45.127 I/sysui_multi_action(21366): [757,830,758,4,833,0,854,top_level_sound,1089,0]
02-17 10:06:45.229 I/sysui_multi_action(21366): [757,46,758,2,1089,884]
02-17 10:06:45.274 I/sysui_multi_action(21366): [757,336,758,1,833,0,1089,35]
02-17 10:06:45.278 I/sysui_multi_action(21366): [757,1729,758,4,854,isParalleledControllers:false,1089,39]
02-17 10:06:46.691 I/volume_changed( 1524): [3,13,16,39,com.android.settings]
02-17 10:06:46.710 I/volume_changed( 1524): [3,16,13,39,com.android.settings]
02-17 10:06:46.935 I/auditd ( 749): type=1400 audit(0.0:24318): avc: denied { kill } for comm="crtc_commit:125" capability=5 scontext=u:r:kernel:s0 tcontext=u:r:kernel:s0 tclass=capability permissive=0
02-17 10:06:47.339 I/volume_changed( 1524): [3,13,38,39,com.android.settings]
02-17 10:06:47.363 I/volume_changed( 1524): [3,38,13,39,com.android.settings]
02-17 10:06:47.935 I/auditd ( 0): type=1400 audit(0.0:24319): avc: denied { kill } for comm="swapper/1" capability=5 scontext=u:r:kernel:s0 tcontext=u:r:kernel:s0 tclass=capability permissive=0
02-17 10:06:47.983 I/volume_changed( 1524): [3,13,12,39,com.android.settings]
02-17 10:06:47.989 I/volume_changed( 1524): [3,12,13,39,com.android.settings]
02-17 10:06:48.637 I/volume_changed( 1524): [3,13,39,39,com.android.settings]
02-17 10:06:48.654 I/volume_changed( 1524): [3,39,13,39,com.android.settings]
02-17 10:06:48.935 I/auditd ( 0): type=1400 audit(0.0:24320): avc: denied { kill } for comm="swapper/1" capability=5 scontext=u:r:kernel:s0 tcontext=u:r:kernel:s0 tclass=capability permissive=0
02-17 10:06:49.450 I/volume_changed( 1524): [3,13,14,39,com.android.settings]
02-17 10:06:49.462 I/volume_changed( 1524): [3,14,13,39,com.android.settings]
02-17 10:06:49.935 I/auditd ( 0): type=1400 audit(0.0:24321): avc: denied { kill } for comm="swapper/1" capability=5 scontext=u:r:kernel:s0 tcontext=u:r:kernel:s0 tclass=capability permissive=0
02-17 10:06:50.079 I/volume_changed( 1524): [3,13,39,39,com.android.settings]
02-17 10:06:50.092 I/volume_changed( 1524): [3,39,13,39,com.android.settings]
02-17 10:06:50.935 I/auditd ( 0): type=1400 audit(0.0:24322): avc: denied { kill } for comm="swapper/1" capability=5 scontext=u:r:kernel:s0 tcontext=u:r:kernel:s0 tclass=capability permissive=0
02-17 10:06:51.343 I/volume_changed( 1524): [3,13,29,39,com.android.settings]
02-17 10:06:51.361 I/volume_changed( 1524): [3,29,13,39,com.android.settings]
02-17 10:06:51.935 I/auditd ( 0): type=1400 audit(0.0:24323): avc: denied { kill } for comm="swapper/1" capability=5 scontext=u:r:kernel:s0 tcontext=u:r:kernel:s0 tclass=capability permissive=0
02-17 10:06:51.982 I/volume_changed( 1524): [3,13,37,39,com.android.settings]
02-17 10:06:52.002 I/volume_changed( 1524): [3,37,13,39,com.android.settings]
02-17 10:06:52.623 I/volume_changed( 1524): [3,13,35,39,com.android.settings]
02-17 10:06:52.637 I/volume_changed( 1524): [3,35,13,39,com.android.settings]
02-17 10:06:52.939 I/auditd ( 0): type=1400 audit(0.0:24324): avc: denied { kill } for comm="swapper/0" capability=5 scontext=u:r:kernel:s0 tcontext=u:r:kernel:s0 tclass=capability permissive=0
02-17 10:06:53.274 I/volume_changed( 1524): [3,13,39,39,com.android.settings]
02-17 10:06:53.287 I/volume_changed( 1524): [3,39,13,39,com.android.settings]
02-17 10:06:53.939 I/auditd ( 0): type=1400 audit(0.0:24325): avc: denied { kill } for comm="swapper/0" capability=5 scontext=u:r:kernel:s0 tcontext=u:r:kernel:s0 tclass=capability permissive=0
02-17 10:06:54.722 I/volume_changed( 1524): [3,13,37,39,com.android.settings]
02-17 10:06:54.730 I/volume_changed( 1524): [3,37,13,39,com.android.settings]
02-17 10:06:55.357 I/volume_changed( 1524): [3,13,39,39,com.android.settings]
02-17 10:06:55.376 I/volume_changed( 1524): [3,39,13,39,com.android.settings]
02-17 10:06:55.935 I/auditd ( 0): type=1400 audit(0.0:24326): avc: denied { kill } for comm="swapper/0" capability=5 scontext=u:r:kernel:s0 tcontext=u:r:kernel:s0 tclass=capability permissive=0
02-17 10:06:55.987 I/volume_changed( 1524): [3,13,11,39,com.android.settings]
02-17 10:06:55.997 I/volume_changed( 1524): [3,11,13,39,com.android.settings]
02-17 10:06:56.618 I/volume_changed( 1524): [3,13,37,39,com.android.settings]
02-17 10:06:56.628 I/volume_changed( 1524): [3,37,13,39,com.android.settings]
02-17 10:06:56.935 I/auditd ( 0): type=1400 audit(0.0:24327): avc: denied { kill } for comm="swapper/0" capability=5 scontext=u:r:kernel:s0 tcontext=u:r:kernel:s0 tclass=capability permissive=0
02-17 10:06:57.257 I/volume_changed( 1524): [3,13,38,39,com.android.settings]
02-17 10:06:57.279 I/volume_changed( 1524): [3,38,13,39,com.android.settings]
02-17 10:06:57.942 I/volume_changed( 1524): [3,13,36,39,com.android.settings]
02-17 10:06:57.950 I/volume_changed( 1524): [3,36,13,39,com.android.settings]
02-17 10:06:58.193 I/view_enqueue_input_event(21366): [Motion - Cancel,com.android.settings/com.android.settings.Settings]
02-17 10:06:58.202 I/input_interaction( 1524): Interaction with: edge-swipe (server), swipe-up (server), PointerEventDispatcher0 (server),
02-17 10:06:58.435 I/sysui_multi_action( 1524): [757,803,799,key_back_press,802,1]
02-17 10:06:58.438 I/input_interaction( 1524): Interaction with: 1377f9b com.android.settings/com.android.settings.Settings (server), PointerEventDispatcher0 (server),
02-17 10:06:58.443 I/wm_task_moved( 1524): [129,0,0]
02-17 10:06:58.446 I/wm_focused_root_task( 1524): [0,0,1,129,moveTaskToBackLocked]
02-17 10:06:58.446 I/wm_add_to_stopping( 1524): [0,187916372,com.android.settings/.Settings,makeInvisible]
02-17 10:06:58.448 I/wm_pause_activity( 1524): [0,187916372,com.android.settings/.Settings,userLeaving=false,pauseBackTasks]
02-17 10:06:58.449 I/wm_set_resumed_activity( 1524): [0,com.android.launcher3/.uioverrides.QuickstepLauncher,resumeTopActivityInnerLocked]
02-17 10:06:58.454 I/wm_resume_activity( 1524): [0,128678138,9,com.android.launcher3/.uioverrides.QuickstepLauncher]
02-17 10:06:58.455 I/wm_on_top_resumed_lost_called(21366): [187916372,com.android.settings.Settings,topStateChangedWhenResumed]
02-17 10:06:58.462 I/wm_on_restart_called( 2568): [128678138,com.android.launcher3.uioverrides.QuickstepLauncher,performRestartActivity]
02-17 10:06:58.462 I/sysui_multi_action(21366): [757,35,758,2,1089,22561]
02-17 10:06:58.462 I/wm_on_start_called( 2568): [128678138,com.android.launcher3.uioverrides.QuickstepLauncher,handleStartActivity]
02-17 10:06:58.463 I/wm_on_resume_called( 2568): [128678138,com.android.launcher3.uioverrides.QuickstepLauncher,RESUME_ACTIVITY]
02-17 10:06:58.464 I/sysui_multi_action(21366): [757,336,758,2,1089,13190]
02-17 10:06:58.464 I/wm_on_top_resumed_gained_called( 2568): [128678138,com.android.launcher3.uioverrides.QuickstepLauncher,topStateChangedWhenResumed]
02-17 10:06:58.464 I/wm_on_paused_called(21366): [187916372,com.android.settings.Settings,performPause]
02-17 10:06:58.467 I/input_focus( 1524): [Focus leaving 1377f9b com.android.settings/com.android.settings.Settings (server),reason=NO_WINDOW]
02-17 10:06:58.474 I/input_focus( 1524): [Focus request 321be4b com.android.launcher3/com.android.launcher3.uioverrides.QuickstepLauncher,reason=UpdateInputWindows]
02-17 10:06:58.476 I/sysui_multi_action( 1524): [757,803,799,window_time_0,802,23]
02-17 10:06:58.497 I/am_pss ( 1524): [21366,1000,com.android.settings,191428608,176074752,0,334430208,0,2,15]
02-17 10:06:58.502 I/input_focus( 1524): [Focus entering 321be4b com.android.launcher3/com.android.launcher3.uioverrides.QuickstepLauncher (server),reason=setFocusedWindow]
02-17 10:06:58.505 I/am_pss ( 1524): [21387,10084,com.android.music,6963200,4796416,0,90341376,0,19,6]
02-17 10:06:58.511 I/am_pss ( 1524): [21402,10063,com.android.calendar,6409216,4063232,0,91025408,0,19,5]
02-17 10:06:58.517 I/am_pss ( 1524): [21368,10065,com.android.gallery3d,7726080,5193728,0,93245440,0,19,5]
02-17 10:06:58.526 I/am_pss ( 1524): [21367,10067,com.android.deskclock,8941568,6053888,0,95203328,0,19,8]
02-17 10:06:58.532 I/am_pss ( 1524): [21320,10032,android.process.acore,13025280,9265152,0,116060160,0,19,5]
02-17 10:06:58.571 I/volume_changed( 1524): [3,13,35,39,com.android.settings]
02-17 10:06:58.575 I/volume_changed( 1524): [3,35,13,39,com.android.settings]
02-17 10:06:58.656 I/input_interaction( 1524): Interaction with: 321be4b com.android.launcher3/com.android.launcher3.uioverrides.QuickstepLauncher (server), a1e468b com.android.systemui.ImageWallpaper (server), edge-swipe (server), swipe-up (server), PointerEventDispatcher0 (server),
02-17 10:06:58.853 I/wm_stop_activity( 1524): [0,187916372,com.android.settings/.Settings]
02-17 10:06:58.881 I/wm_on_stop_called(21366): [187916372,com.android.settings.Settings,STOP_ACTIVITY_ITEM]
02-17 10:06:58.935 I/auditd ( 0): type=1400 audit(0.0:24328): avc: denied { kill } for comm="swapper/2" capability=5 scontext=u:r:kernel:s0 tcontext=u:r:kernel:s0 tclass=capability permissive=0
02-17 10:06:59.214 I/volume_changed( 1524): [3,13,39,39,com.android.settings]
02-17 10:06:59.219 I/volume_changed( 1524): [3,39,13,39,com.android.settings]
02-17 10:06:59.932 I/service_manager_stats( 1524): [100,64,18620]
02-17 10:06:59.935 I/auditd ( 0): type=1400 audit(0.0:24329): avc: denied { kill } for comm="swapper/2" capability=5 scontext=u:r:kernel:s0 tcontext=u:r:kernel:s0 tclass=capability permissive=0
02-17 10:07:00.027 I/wm_task_moved( 1524): [129,1,6]
02-17 10:07:00.027 I/wm_task_to_front( 1524): [0,129]
02-17 10:07:00.028 I/wm_focused_root_task( 1524): [0,0,129,1,bringingFoundTaskToFront]
02-17 10:07:00.028 I/wm_set_resumed_activity( 1524): [0,com.android.settings/.Settings,bringingFoundTaskToFront]
02-17 10:07:00.028 I/wm_new_intent( 1524): [0,187916372,129,com.android.settings/.Settings,android.intent.action.MAIN,NULL,NULL,270532608]
02-17 10:07:00.030 I/wm_pause_activity( 1524): [0,128678138,com.android.launcher3/.uioverrides.QuickstepLauncher,userLeaving=true,pauseBackTasks]
02-17 10:07:00.036 I/wm_on_top_resumed_lost_called( 2568): [128678138,com.android.launcher3.uioverrides.QuickstepLauncher,topStateChangedWhenResumed]
02-17 10:07:00.038 I/wm_on_paused_called( 2568): [128678138,com.android.launcher3.uioverrides.QuickstepLauncher,performPause]
02-17 10:07:00.041 I/wm_set_resumed_activity( 1524): [0,com.android.settings/.Settings,resumeTopActivityInnerLocked]
02-17 10:07:00.041 I/wm_add_to_stopping( 1524): [0,128678138,com.android.launcher3/.uioverrides.QuickstepLauncher,makeInvisible]
02-17 10:07:00.045 I/wm_resume_activity( 1524): [0,187916372,129,com.android.settings/.Settings]
02-17 10:07:00.053 I/sysui_multi_action( 1524): [757,803,799,window_time_0,802,1]
02-17 10:07:00.054 I/wm_on_restart_called(21366): [187916372,com.android.settings.Settings,performRestartActivity]
02-17 10:07:00.057 I/wm_on_start_called(21366): [187916372,com.android.settings.Settings,handleStartActivity]
02-17 10:07:00.057 I/snet_event_log(21366): [120484087,-1,]
02-17 10:07:00.058 I/wm_on_resume_called(21366): [187916372,com.android.settings.Settings,RESUME_ACTIVITY]
02-17 10:07:00.058 I/sysui_multi_action(21366): [757,35,758,1,833,0,1089,0]
02-17 10:07:00.060 I/sysui_multi_action(21366): [757,336,758,1,833,0,1089,0]
02-17 10:07:00.066 I/service_manager_stats(21366): [100,33,22657815]
02-17 10:07:00.067 I/wm_on_top_resumed_gained_called(21366): [187916372,com.android.settings.Settings,topWhenResuming]
02-17 10:07:00.071 I/input_focus( 1524): [Focus leaving 321be4b com.android.launcher3/com.android.launcher3.uioverrides.QuickstepLauncher (server),reason=NO_WINDOW]
02-17 10:07:00.073 I/input_focus( 1524): [Focus request 1377f9b com.android.settings/com.android.settings.Settings,reason=UpdateInputWindows]
02-17 10:07:00.085 I/sysui_multi_action( 1524): [319,34,321,32,322,55,325,22657,757,761,758,9,759,4,806,com.android.settings,871,com.android.settings.Settings,904,com.android.launcher3,905,0,1320,8,1321,5]
02-17 10:07:00.088 I/input_focus( 1524): [Focus entering 1377f9b com.android.settings/com.android.settings.Settings (server),reason=setFocusedWindow]
02-17 10:07:00.593 I/wm_stop_activity( 1524): [0,128678138,com.android.launcher3/.uioverrides.QuickstepLauncher]
02-17 10:07:00.615 I/wm_on_stop_called( 2568): [128678138,com.android.launcher3.uioverrides.QuickstepLauncher,STOP_ACTIVITY_ITEM]
02-17 10:07:00.935 I/auditd ( 0): type=1400 audit(0.0:24330): avc: denied { kill } for comm="swapper/2" capability=5 scontext=u:r:kernel:s0 tcontext=u:r:kernel:s0 tclass=capability permissive=0
02-17 10:07:01.397 I/input_interaction( 1524): Interaction with: 1377f9b com.android.settings/com.android.settings.Settings (server), edge-swipe (server), swipe-up (server), PointerEventDispatcher0 (server),
02-17 10:07:01.525 I/sysui_multi_action(21366): [757,830,758,4,833,0,854,top_level_display,1089,0]
02-17 10:07:01.633 I/sysui_multi_action(21366): [757,336,758,2,1089,1572]
02-17 10:07:01.668 I/sysui_multi_action(21366): [757,46,758,1,833,0,1089,28]
02-17 10:07:01.673 I/sysui_multi_action(21366): [757,1729,758,4,854,isParalleledControllers:false,1089,33]
02-17 10:07:01.935 I/auditd ( 0): type=1400 audit(0.0:24331): avc: denied { kill } for comm="swapper/2" capability=5 scontext=u:r:kernel:s0 tcontext=u:r:kernel:s0 tclass=capability permissive=0
02-17 10:07:02.609 I/wm_task_created( 1524): [130,-1]
02-17 10:07:02.616 I/wm_task_moved( 1524): [130,1,7]
02-17 10:07:02.616 I/wm_task_to_front( 1524): [0,130]
02-17 10:07:02.616 I/wm_create_task( 1524): [0,130]
02-17 10:07:02.616 I/wm_create_activity( 1524): [0,35612700,130,com.android.systemui/.settings.brightness.BrightnessDialog,com.android.intent.action.SHOW_BRIGHTNESS_DIALOG,NULL,NULL,276824064]
02-17 10:07:02.616 I/wm_task_moved( 1524): [130,1,7]
02-17 10:07:02.617 I/wm_pause_activity( 1524): [0,187916372,com.android.settings/.Settings,userLeaving=true,pauseBackTasks]
02-17 10:07:02.618 I/sysui_multi_action(21366): [757,830,758,4,833,0,854,brightness,1089,0]
02-17 10:07:02.619 I/wm_on_top_resumed_lost_called(21366): [187916372,com.android.settings.Settings,topStateChangedWhenResumed]
02-17 10:07:02.620 I/sysui_multi_action(21366): [757,35,758,2,1089,2562]
02-17 10:07:02.620 I/sysui_multi_action(21366): [757,46,758,2,1089,952]
02-17 10:07:02.620 I/wm_on_paused_called(21366): [187916372,com.android.settings.Settings,performPause]
02-17 10:07:02.621 I/wm_restart_activity( 1524): [0,35612700,130,com.android.systemui/.settings.brightness.BrightnessDialog]
02-17 10:07:02.622 I/wm_set_resumed_activity( 1524): [0,com.android.systemui/.settings.brightness.BrightnessDialog,minimalResumeActivityLocked]
02-17 10:07:02.624 I/sysui_multi_action( 1524): [757,803,799,window_time_0,802,3]
02-17 10:07:02.630 I/wm_on_create_called(21245): [35612700,com.android.systemui.settings.brightness.BrightnessDialog,performCreate]
02-17 10:07:02.631 I/sysui_multi_action(21245): [757,220,758,1]
02-17 10:07:02.631 I/wm_on_start_called(21245): [35612700,com.android.systemui.settings.brightness.BrightnessDialog,handleStartActivity]
02-17 10:07:02.631 I/wm_on_resume_called(21245): [35612700,com.android.systemui.settings.brightness.BrightnessDialog,RESUME_ACTIVITY]
02-17 10:07:02.633 I/wm_on_top_resumed_gained_called(21245): [35612700,com.android.systemui.settings.brightness.BrightnessDialog,topStateChangedWhenResumed]
02-17 10:07:02.644 I/input_focus( 1524): [Focus request b1ce3c6 com.android.systemui/com.android.systemui.settings.brightness.BrightnessDialog,reason=UpdateInputWindows]
02-17 10:07:02.651 I/sysui_multi_action( 1524): [319,45,322,44,325,22660,757,761,758,8,759,2,806,com.android.systemui,871,com.android.systemui.settings.brightness.BrightnessDialog,904,com.android.settings,905,0,1320,8,1321,5]
02-17 10:07:02.651 I/wm_activity_launch_time( 1524): [0,35612700,com.android.systemui/.settings.brightness.BrightnessDialog,44]
02-17 10:07:02.660 I/input_focus( 1524): [Focus leaving 1377f9b com.android.settings/com.android.settings.Settings (server),reason=Waiting for window because NOT_VISIBLE]
02-17 10:07:02.666 I/am_pss ( 1524): [21483,10082,com.qualcomm.qti.qccauthmgr,6441984,4288512,0,94367744,0,19,5]
02-17 10:07:02.676 I/input_focus( 1524): [Focus entering b1ce3c6 com.android.systemui/com.android.systemui.settings.brightness.BrightnessDialog (server),reason=Window became focusable. Previous reason: NOT_VISIBLE]
02-17 10:07:02.935 I/auditd ( 0): type=1400 audit(0.0:24332): avc: denied { kill } for comm="swapper/2" capability=5 scontext=u:r:kernel:s0 tcontext=u:r:kernel:s0 tclass=capability permissive=0
02-17 10:07:03.499 I/input_interaction( 1524): Interaction with: b1ce3c6 com.android.systemui/com.android.systemui.settings.brightness.BrightnessDialog (server), edge-swipe (server), swipe-up (server), PointerEventDispatcher0 (server),
02-17 10:07:03.501 I/am_wtf ( 1524): [0,1524,system_server,-1,DisplayDeviceConfig,requesting nits when no mapping exists.]
02-17 10:07:03.502 I/am_wtf ( 1524): [0,1524,system_server,-1,DisplayDeviceConfig,requesting nits when no mapping exists.]
02-17 10:07:03.546 I/am_wtf ( 1524): [0,1524,system_server,-1,DisplayDeviceConfig,requesting nits when no mapping exists.]
02-17 10:07:03.547 I/am_wtf ( 1524): [0,1524,system_server,-1,DisplayDeviceConfig,requesting nits when no mapping exists.]
02-17 10:07:03.561 I/am_wtf ( 1524): [0,1524,system_server,-1,DisplayDeviceConfig,requesting nits when no mapping exists.]
02-17 10:07:03.562 I/am_wtf ( 1524): [0,1524,system_server,-1,DisplayDeviceConfig,requesting nits when no mapping exists.]
02-17 10:07:03.595 I/am_wtf ( 1524): [0,1524,system_server,-1,DisplayDeviceConfig,requesting nits when no mapping exists.]
02-17 10:07:03.595 I/am_wtf ( 1524): [0,1524,system_server,-1,DisplayDeviceConfig,requesting nits when no mapping exists.]
02-17 10:07:03.611 I/am_wtf ( 1524): [0,1524,system_server,-1,DisplayDeviceConfig,requesting nits when no mapping exists.]
02-17 10:07:03.612 I/am_wtf ( 1524): [0,1524,system_server,-1,DisplayDeviceConfig,requesting nits when no mapping exists.]
02-17 10:07:03.628 I/am_wtf ( 1524): [0,1524,system_server,-1,DisplayDeviceConfig,requesting nits when no mapping exists.]
02-17 10:07:03.628 I/am_wtf ( 1524): [0,1524,system_server,-1,DisplayDeviceConfig,requesting nits when no mapping exists.]
02-17 10:07:03.645 I/am_wtf ( 1524): [0,1524,system_server,-1,DisplayDeviceConfig,requesting nits when no mapping exists.]
02-17 10:07:03.645 I/am_wtf ( 1524): [0,1524,system_server,-1,DisplayDeviceConfig,requesting nits when no mapping exists.]
02-17 10:07:03.662 I/am_wtf ( 1524): [0,1524,system_server,-1,DisplayDeviceConfig,requesting nits when no mapping exists.]
02-17 10:07:03.662 I/am_wtf ( 1524): [0,1524,system_server,-1,DisplayDeviceConfig,requesting nits when no mapping exists.]
02-17 10:07:03.678 I/am_wtf ( 1524): [0,1524,system_server,-1,DisplayDeviceConfig,requesting nits when no mapping exists.]
02-17 10:07:03.679 I/am_wtf ( 1524): [0,1524,system_server,-1,DisplayDeviceConfig,requesting nits when no mapping exists.]
02-17 10:07:03.695 I/am_wtf ( 1524): [0,1524,system_server,-1,DisplayDeviceConfig,requesting nits when no mapping exists.]
02-17 10:07:03.695 I/am_wtf ( 1524): [0,1524,system_server,-1,DisplayDeviceConfig,requesting nits when no mapping exists.]
02-17 10:07:03.712 I/am_wtf ( 1524): [0,1524,system_server,-1,DisplayDeviceConfig,requesting nits when no mapping exists.]
02-17 10:07:03.712 I/am_wtf ( 1524): [0,1524,system_server,-1,DisplayDeviceConfig,requesting nits when no mapping exists.]
02-17 10:07:03.728 I/am_wtf ( 1524): [0,1524,system_server,-1,DisplayDeviceConfig,requesting nits when no mapping exists.]
02-17 10:07:03.729 I/am_wtf ( 1524): [0,1524,system_server,-1,DisplayDeviceConfig,requesting nits when no mapping exists.]
02-17 10:07:03.745 I/am_wtf ( 1524): [0,1524,system_server,-1,DisplayDeviceConfig,requesting nits when no mapping exists.]
02-17 10:07:03.745 I/am_wtf ( 1524): [0,1524,system_server,-1,DisplayDeviceConfig,requesting nits when no mapping exists.]
02-17 10:07:03.762 I/am_wtf ( 1524): [0,1524,system_server,-1,DisplayDeviceConfig,requesting nits when no mapping exists.]
02-17 10:07:03.762 I/am_wtf ( 1524): [0,1524,system_server,-1,DisplayDeviceConfig,requesting nits when no mapping exists.]
02-17 10:07:03.800 I/sysui_multi_action(21245): [757,219,758,4,759,47]
02-17 10:07:03.802 I/commit_sys_config_file( 1524): [display-state,188823]
02-17 10:07:03.939 I/auditd ( 0): type=1400 audit(0.0:24333): avc: denied { kill } for comm="swapper/2" capability=5 scontext=u:r:kernel:s0 tcontext=u:r:kernel:s0 tclass=capability permissive=0
02-17 10:07:04.005 I/commit_sys_config_file( 1524): [settings-1-0,2]
02-17 10:07:04.105 I/am_wtf ( 1524): [0,1524,system_server,-1,DisplayDeviceConfig,requesting nits when no mapping exists.]
02-17 10:07:04.105 I/am_wtf ( 1524): [0,1524,system_server,-1,DisplayDeviceConfig,requesting nits when no mapping exists.]
02-17 10:07:04.129 I/am_wtf ( 1524): [0,1524,system_server,-1,DisplayDeviceConfig,requesting nits when no mapping exists.]
02-17 10:07:04.130 I/am_wtf ( 1524): [0,1524,system_server,-1,DisplayDeviceConfig,requesting nits when no mapping exists.]
02-17 10:07:04.163 I/am_wtf ( 1524): [0,1524,system_server,-1,DisplayDeviceConfig,requesting nits when no mapping exists.]
02-17 10:07:04.163 I/am_wtf ( 1524): [0,1524,system_server,-1,DisplayDeviceConfig,requesting nits when no mapping exists.]
02-17 10:07:04.179 I/am_wtf ( 1524): [0,1524,system_server,-1,DisplayDeviceConfig,requesting nits when no mapping exists.]
02-17 10:07:04.180 I/am_wtf ( 1524): [0,1524,system_server,-1,DisplayDeviceConfig,requesting nits when no mapping exists.]
02-17 10:07:04.196 I/am_wtf ( 1524): [0,1524,system_server,-1,DisplayDeviceConfig,requesting nits when no mapping exists.]
02-17 10:07:04.196 I/am_wtf ( 1524): [0,1524,system_server,-1,DisplayDeviceConfig,requesting nits when no mapping exists.]
02-17 10:07:04.213 I/am_wtf ( 1524): [0,1524,system_server,-1,DisplayDeviceConfig,requesting nits when no mapping exists.]
02-17 10:07:04.213 I/am_wtf ( 1524): [0,1524,system_server,-1,DisplayDeviceConfig,requesting nits when no mapping exists.]
02-17 10:07:04.230 I/am_wtf ( 1524): [0,1524,system_server,-1,DisplayDeviceConfig,requesting nits when no mapping exists.]
02-17 10:07:04.230 I/am_wtf ( 1524): [0,1524,system_server,-1,DisplayDeviceConfig,requesting nits when no mapping exists.]
02-17 10:07:04.246 I/am_wtf ( 1524): [0,1524,system_server,-1,DisplayDeviceConfig,requesting nits when no mapping exists.]
02-17 10:07:04.247 I/am_wtf ( 1524): [0,1524,system_server,-1,DisplayDeviceConfig,requesting nits when no mapping exists.]
02-17 10:07:04.263 I/am_wtf ( 1524): [0,1524,system_server,-1,DisplayDeviceConfig,requesting nits when no mapping exists.]
02-17 10:07:04.263 I/am_wtf ( 1524): [0,1524,system_server,-1,DisplayDeviceConfig,requesting nits when no mapping exists.]
02-17 10:07:04.281 I/am_wtf ( 1524): [0,1524,system_server,-1,DisplayDeviceConfig,requesting nits when no mapping exists.]
02-17 10:07:04.281 I/am_wtf ( 1524): [0,1524,system_server,-1,DisplayDeviceConfig,requesting nits when no mapping exists.]
02-17 10:07:04.296 I/am_wtf ( 1524): [0,1524,system_server,-1,DisplayDeviceConfig,requesting nits when no mapping exists.]
02-17 10:07:04.297 I/am_wtf ( 1524): [0,1524,system_server,-1,DisplayDeviceConfig,requesting nits when no mapping exists.]
02-17 10:07:04.313 I/am_wtf ( 1524): [0,1524,system_server,-1,DisplayDeviceConfig,requesting nits when no mapping exists.]
02-17 10:07:04.313 I/am_wtf ( 1524): [0,1524,system_server,-1,DisplayDeviceConfig,requesting nits when no mapping exists.]
02-17 10:07:04.330 I/am_wtf ( 1524): [0,1524,system_server,-1,DisplayDeviceConfig,requesting nits when no mapping exists.]
02-17 10:07:04.330 I/am_wtf ( 1524): [0,1524,system_server,-1,DisplayDeviceConfig,requesting nits when no mapping exists.]
02-17 10:07:04.347 I/am_wtf ( 1524): [0,1524,system_server,-1,DisplayDeviceConfig,requesting nits when no mapping exists.]
02-17 10:07:04.347 I/am_wtf ( 1524): [0,1524,system_server,-1,DisplayDeviceConfig,requesting nits when no mapping exists.]
02-17 10:07:04.363 I/am_wtf ( 1524): [0,1524,system_server,-1,DisplayDeviceConfig,requesting nits when no mapping exists.]
02-17 10:07:04.364 I/am_wtf ( 1524): [0,1524,system_server,-1,DisplayDeviceConfig,requesting nits when no mapping exists.]
02-17 10:07:04.380 I/am_wtf ( 1524): [0,1524,system_server,-1,DisplayDeviceConfig,requesting nits when no mapping exists.]
02-17 10:07:04.380 I/am_wtf ( 1524): [0,1524,system_server,-1,DisplayDeviceConfig,requesting nits when no mapping exists.]
02-17 10:07:04.397 I/am_wtf ( 1524): [0,1524,system_server,-1,DisplayDeviceConfig,requesting nits when no mapping exists.]
02-17 10:07:04.397 I/am_wtf ( 1524): [0,1524,system_server,-1,DisplayDeviceConfig,requesting nits when no mapping exists.]
02-17 10:07:04.432 I/sysui_multi_action(21245): [757,219,758,4,759,91]
02-17 10:07:04.433 I/commit_sys_config_file( 1524): [display-state,189455]
02-17 10:07:04.639 I/commit_sys_config_file( 1524): [settings-1-0,3]
02-17 10:07:04.649 I/am_wtf ( 1524): [0,1524,system_server,-1,DisplayDeviceConfig,requesting nits when no mapping exists.]
02-17 10:07:04.650 I/am_wtf ( 1524): [0,1524,system_server,-1,DisplayDeviceConfig,requesting nits when no mapping exists.]
02-17 10:07:04.665 I/am_wtf ( 1524): [0,1524,system_server,-1,DisplayDeviceConfig,requesting nits when no mapping exists.]
02-17 10:07:04.666 I/am_wtf ( 1524): [0,1524,system_server,-1,DisplayDeviceConfig,requesting nits when no mapping exists.]
02-17 10:07:04.682 I/am_wtf ( 1524): [0,1524,system_server,-1,DisplayDeviceConfig,requesting nits when no mapping exists.]
02-17 10:07:04.683 I/am_wtf ( 1524): [0,1524,system_server,-1,DisplayDeviceConfig,requesting nits when no mapping exists.]
02-17 10:07:04.699 I/am_wtf ( 1524): [0,1524,system_server,-1,DisplayDeviceConfig,requesting nits when no mapping exists.]
02-17 10:07:04.699 I/am_wtf ( 1524): [0,1524,system_server,-1,DisplayDeviceConfig,requesting nits when no mapping exists.]
02-17 10:07:04.715 I/am_wtf ( 1524): [0,1524,system_server,-1,DisplayDeviceConfig,requesting nits when no mapping exists.]
02-17 10:07:04.716 I/am_wtf ( 1524): [0,1524,system_server,-1,DisplayDeviceConfig,requesting nits when no mapping exists.]
02-17 10:07:04.735 I/am_wtf ( 1524): [0,1524,system_server,-1,DisplayDeviceConfig,requesting nits when no mapping exists.]
02-17 10:07:04.735 I/am_wtf ( 1524): [0,1524,system_server,-1,DisplayDeviceConfig,requesting nits when no mapping exists.]
02-17 10:07:04.753 I/am_wtf ( 1524): [0,1524,system_server,-1,DisplayDeviceConfig,requesting nits when no mapping exists.]
02-17 10:07:04.753 I/am_wtf ( 1524): [0,1524,system_server,-1,DisplayDeviceConfig,requesting nits when no mapping exists.]
02-17 10:07:04.766 I/am_wtf ( 1524): [0,1524,system_server,-1,DisplayDeviceConfig,requesting nits when no mapping exists.]
02-17 10:07:04.767 I/am_wtf ( 1524): [0,1524,system_server,-1,DisplayDeviceConfig,requesting nits when no mapping exists.]
02-17 10:07:04.782 I/am_wtf ( 1524): [0,1524,system_server,-1,DisplayDeviceConfig,requesting nits when no mapping exists.]
02-17 10:07:04.785 I/am_wtf ( 1524): [0,1524,system_server,-1,DisplayDeviceConfig,requesting nits when no mapping exists.]
02-17 10:07:04.799 I/am_wtf ( 1524): [0,1524,system_server,-1,DisplayDeviceConfig,requesting nits when no mapping exists.]
02-17 10:07:04.799 I/am_wtf ( 1524): [0,1524,system_server,-1,DisplayDeviceConfig,requesting nits when no mapping exists.]
02-17 10:07:04.820 I/am_wtf ( 1524): [0,1524,system_server,-1,DisplayDeviceConfig,requesting nits when no mapping exists.]
02-17 10:07:04.820 I/am_wtf ( 1524): [0,1524,system_server,-1,DisplayDeviceConfig,requesting nits when no mapping exists.]
02-17 10:07:04.836 I/am_wtf ( 1524): [0,1524,system_server,-1,DisplayDeviceConfig,requesting nits when no mapping exists.]
02-17 10:07:04.837 I/am_wtf ( 1524): [0,1524,system_server,-1,DisplayDeviceConfig,requesting nits when no mapping exists.]
02-17 10:07:04.849 I/am_wtf ( 1524): [0,1524,system_server,-1,DisplayDeviceConfig,requesting nits when no mapping exists.]
02-17 10:07:04.850 I/am_wtf ( 1524): [0,1524,system_server,-1,DisplayDeviceConfig,requesting nits when no mapping exists.]
02-17 10:07:04.886 I/sysui_multi_action(21245): [757,219,758,4,759,52]
02-17 10:07:04.890 I/commit_sys_config_file( 1524): [display-state,189911]
02-17 10:07:05.097 I/service_manager_stats( 1524): [114,31,5165]
02-17 10:07:05.101 I/am_wtf ( 1524): [0,1524,system_server,-1,DisplayDeviceConfig,requesting nits when no mapping exists.]
02-17 10:07:05.101 I/am_wtf ( 1524): [0,1524,system_server,-1,DisplayDeviceConfig,requesting nits when no mapping exists.]
02-17 10:07:05.102 I/commit_sys_config_file( 1524): [settings-1-0,9]
02-17 10:07:05.134 I/am_wtf ( 1524): [0,1524,system_server,-1,DisplayDeviceConfig,requesting nits when no mapping exists.]
02-17 10:07:05.135 I/am_wtf ( 1524): [0,1524,system_server,-1,DisplayDeviceConfig,requesting nits when no mapping exists.]
02-17 10:07:05.150 I/am_wtf ( 1524): [0,1524,system_server,-1,DisplayDeviceConfig,requesting nits when no mapping exists.]
02-17 10:07:05.151 I/am_wtf ( 1524): [0,1524,system_server,-1,DisplayDeviceConfig,requesting nits when no mapping exists.]
02-17 10:07:05.167 I/am_wtf ( 1524): [0,1524,system_server,-1,DisplayDeviceConfig,requesting nits when no mapping exists.]
02-17 10:07:05.169 I/am_wtf ( 1524): [0,1524,system_server,-1,DisplayDeviceConfig,requesting nits when no mapping exists.]
02-17 10:07:05.183 I/am_wtf ( 1524): [0,1524,system_server,-1,DisplayDeviceConfig,requesting nits when no mapping exists.]
02-17 10:07:05.184 I/am_wtf ( 1524): [0,1524,system_server,-1,DisplayDeviceConfig,requesting nits when no mapping exists.]
02-17 10:07:05.200 I/am_wtf ( 1524): [0,1524,system_server,-1,DisplayDeviceConfig,requesting nits when no mapping exists.]
02-17 10:07:05.200 I/am_wtf ( 1524): [0,1524,system_server,-1,DisplayDeviceConfig,requesting nits when no mapping exists.]
02-17 10:07:05.221 I/am_wtf ( 1524): [0,1524,system_server,-1,DisplayDeviceConfig,requesting nits when no mapping exists.]
02-17 10:07:05.221 I/am_wtf ( 1524): [0,1524,system_server,-1,DisplayDeviceConfig,requesting nits when no mapping exists.]
02-17 10:07:05.234 I/am_wtf ( 1524): [0,1524,system_server,-1,DisplayDeviceConfig,requesting nits when no mapping exists.]
02-17 10:07:05.235 I/am_wtf ( 1524): [0,1524,system_server,-1,DisplayDeviceConfig,requesting nits when no mapping exists.]
02-17 10:07:05.251 I/am_wtf ( 1524): [0,1524,system_server,-1,DisplayDeviceConfig,requesting nits when no mapping exists.]
02-17 10:07:05.254 I/am_wtf ( 1524): [0,1524,system_server,-1,DisplayDeviceConfig,requesting nits when no mapping exists.]
02-17 10:07:05.267 I/am_wtf ( 1524): [0,1524,system_server,-1,DisplayDeviceConfig,requesting nits when no mapping exists.]
02-17 10:07:05.268 I/am_wtf ( 1524): [0,1524,system_server,-1,DisplayDeviceConfig,requesting nits when no mapping exists.]
02-17 10:07:05.287 I/am_wtf ( 1524): [0,1524,system_server,-1,DisplayDeviceConfig,requesting nits when no mapping exists.]
02-17 10:07:05.288 I/am_wtf ( 1524): [0,1524,system_server,-1,DisplayDeviceConfig,requesting nits when no mapping exists.]
02-17 10:07:05.303 I/am_wtf ( 1524): [0,1524,system_server,-1,DisplayDeviceConfig,requesting nits when no mapping exists.]
02-17 10:07:05.304 I/am_wtf ( 1524): [0,1524,system_server,-1,DisplayDeviceConfig,requesting nits when no mapping exists.]
02-17 10:07:05.317 I/am_wtf ( 1524): [0,1524,system_server,-1,DisplayDeviceConfig,requesting nits when no mapping exists.]
02-17 10:07:05.319 I/am_wtf ( 1524): [0,1524,system_server,-1,DisplayDeviceConfig,requesting nits when no mapping exists.]
02-17 10:07:05.334 I/am_wtf ( 1524): [0,1524,system_server,-1,DisplayDeviceConfig,requesting nits when no mapping exists.]
02-17 10:07:05.335 I/am_wtf ( 1524): [0,1524,system_server,-1,DisplayDeviceConfig,requesting nits when no mapping exists.]
02-17 10:07:05.351 I/am_wtf ( 1524): [0,1524,system_server,-1,DisplayDeviceConfig,requesting nits when no mapping exists.]
02-17 10:07:05.352 I/am_wtf ( 1524): [0,1524,system_server,-1,DisplayDeviceConfig,requesting nits when no mapping exists.]
02-17 10:07:05.394 I/sysui_multi_action(21245): [757,219,758,4,759,92]
02-17 10:07:05.399 I/commit_sys_config_file( 1524): [display-state,190420]
02-17 10:07:05.568 I/am_wtf ( 1524): [0,1524,system_server,-1,DisplayDeviceConfig,requesting nits when no mapping exists.]
02-17 10:07:05.570 I/am_wtf ( 1524): [0,1524,system_server,-1,DisplayDeviceConfig,requesting nits when no mapping exists.]
02-17 10:07:05.602 I/am_wtf ( 1524): [0,1524,system_server,-1,DisplayDeviceConfig,requesting nits when no mapping exists.]
02-17 10:07:05.603 I/am_wtf ( 1524): [0,1524,system_server,-1,DisplayDeviceConfig,requesting nits when no mapping exists.]
02-17 10:07:05.605 I/commit_sys_config_file( 1524): [settings-1-0,3]
02-17 10:07:05.618 I/am_wtf ( 1524): [0,1524,system_server,-1,DisplayDeviceConfig,requesting nits when no mapping exists.]
02-17 10:07:05.619 I/am_wtf ( 1524): [0,1524,system_server,-1,DisplayDeviceConfig,requesting nits when no mapping exists.]
02-17 10:07:05.637 I/am_wtf ( 1524): [0,1524,system_server,-1,DisplayDeviceConfig,requesting nits when no mapping exists.]
02-17 10:07:05.637 I/am_wtf ( 1524): [0,1524,system_server,-1,DisplayDeviceConfig,requesting nits when no mapping exists.]
02-17 10:07:05.652 I/am_wtf ( 1524): [0,1524,system_server,-1,DisplayDeviceConfig,requesting nits when no mapping exists.]
02-17 10:07:05.654 I/am_wtf ( 1524): [0,1524,system_server,-1,DisplayDeviceConfig,requesting nits when no mapping exists.]
02-17 10:07:05.668 I/am_wtf ( 1524): [0,1524,system_server,-1,DisplayDeviceConfig,requesting nits when no mapping exists.]
02-17 10:07:05.671 I/am_wtf ( 1524): [0,1524,system_server,-1,DisplayDeviceConfig,requesting nits when no mapping exists.]
02-17 10:07:05.685 I/am_wtf ( 1524): [0,1524,system_server,-1,DisplayDeviceConfig,requesting nits when no mapping exists.]
02-17 10:07:05.685 I/am_wtf ( 1524): [0,1524,system_server,-1,DisplayDeviceConfig,requesting nits when no mapping exists.]
02-17 10:07:05.702 I/am_wtf ( 1524): [0,1524,system_server,-1,DisplayDeviceConfig,requesting nits when no mapping exists.]
02-17 10:07:05.702 I/am_wtf ( 1524): [0,1524,system_server,-1,DisplayDeviceConfig,requesting nits when no mapping exists.]
02-17 10:07:05.718 I/am_wtf ( 1524): [0,1524,system_server,-1,DisplayDeviceConfig,requesting nits when no mapping exists.]
02-17 10:07:05.721 I/am_wtf ( 1524): [0,1524,system_server,-1,DisplayDeviceConfig,requesting nits when no mapping exists.]
02-17 10:07:05.734 I/am_wtf ( 1524): [0,1524,system_server,-1,DisplayDeviceConfig,requesting nits when no mapping exists.]
02-17 10:07:05.737 I/am_wtf ( 1524): [0,1524,system_server,-1,DisplayDeviceConfig,requesting nits when no mapping exists.]
02-17 10:07:05.752 I/am_wtf ( 1524): [0,1524,system_server,-1,DisplayDeviceConfig,requesting nits when no mapping exists.]
02-17 10:07:05.752 I/am_wtf ( 1524): [0,1524,system_server,-1,DisplayDeviceConfig,requesting nits when no mapping exists.]
02-17 10:07:05.768 I/am_wtf ( 1524): [0,1524,system_server,-1,DisplayDeviceConfig,requesting nits when no mapping exists.]
02-17 10:07:05.769 I/am_wtf ( 1524): [0,1524,system_server,-1,DisplayDeviceConfig,requesting nits when no mapping exists.]
02-17 10:07:05.786 I/am_wtf ( 1524): [0,1524,system_server,-1,DisplayDeviceConfig,requesting nits when no mapping exists.]
02-17 10:07:05.787 I/am_wtf ( 1524): [0,1524,system_server,-1,DisplayDeviceConfig,requesting nits when no mapping exists.]
02-17 10:07:05.801 I/am_wtf ( 1524): [0,1524,system_server,-1,DisplayDeviceConfig,requesting nits when no mapping exists.]
02-17 10:07:05.802 I/am_wtf ( 1524): [0,1524,system_server,-1,DisplayDeviceConfig,requesting nits when no mapping exists.]
02-17 10:07:05.818 I/am_wtf ( 1524): [0,1524,system_server,-1,DisplayDeviceConfig,requesting nits when no mapping exists.]
02-17 10:07:05.819 I/am_wtf ( 1524): [0,1524,system_server,-1,DisplayDeviceConfig,requesting nits when no mapping exists.]
02-17 10:07:05.835 I/am_wtf ( 1524): [0,1524,system_server,-1,DisplayDeviceConfig,requesting nits when no mapping exists.]
02-17 10:07:05.837 I/am_wtf ( 1524): [0,1524,system_server,-1,DisplayDeviceConfig,requesting nits when no mapping exists.]
02-17 10:07:05.852 I/am_wtf ( 1524): [0,1524,system_server,-1,DisplayDeviceConfig,requesting nits when no mapping exists.]
02-17 10:07:05.852 I/am_wtf ( 1524): [0,1524,system_server,-1,DisplayDeviceConfig,requesting nits when no mapping exists.]
02-17 10:07:05.889 I/sysui_multi_action(21245): [757,219,758,4,759,39]
02-17 10:07:05.893 I/commit_sys_config_file( 1524): [display-state,190914]
02-17 10:07:05.935 I/auditd ( 0): type=1400 audit(0.0:24334): avc: denied { kill } for comm="swapper/3" capability=5 scontext=u:r:kernel:s0 tcontext=u:r:kernel:s0 tclass=capability permissive=0
02-17 10:07:06.102 I/commit_sys_config_file( 1524): [settings-1-0,6]
02-17 10:07:06.117 I/am_wtf ( 1524): [0,1524,system_server,-1,DisplayDeviceConfig,requesting nits when no mapping exists.]
02-17 10:07:06.118 I/am_wtf ( 1524): [0,1524,system_server,-1,DisplayDeviceConfig,requesting nits when no mapping exists.]
02-17 10:07:06.137 I/am_wtf ( 1524): [0,1524,system_server,-1,DisplayDeviceConfig,requesting nits when no mapping exists.]
02-17 10:07:06.138 I/am_wtf ( 1524): [0,1524,system_server,-1,DisplayDeviceConfig,requesting nits when no mapping exists.]
02-17 10:07:06.169 I/am_wtf ( 1524): [0,1524,system_server,-1,DisplayDeviceConfig,requesting nits when no mapping exists.]
02-17 10:07:06.170 I/am_wtf ( 1524): [0,1524,system_server,-1,DisplayDeviceConfig,requesting nits when no mapping exists.]
02-17 10:07:06.186 I/am_wtf ( 1524): [0,1524,system_server,-1,DisplayDeviceConfig,requesting nits when no mapping exists.]
02-17 10:07:06.188 I/am_wtf ( 1524): [0,1524,system_server,-1,DisplayDeviceConfig,requesting nits when no mapping exists.]
02-17 10:07:06.203 I/am_wtf ( 1524): [0,1524,system_server,-1,DisplayDeviceConfig,requesting nits when no mapping exists.]
02-17 10:07:06.204 I/am_wtf ( 1524): [0,1524,system_server,-1,DisplayDeviceConfig,requesting nits when no mapping exists.]
02-17 10:07:06.220 I/am_wtf ( 1524): [0,1524,system_server,-1,DisplayDeviceConfig,requesting nits when no mapping exists.]
02-17 10:07:06.221 I/am_wtf ( 1524): [0,1524,system_server,-1,DisplayDeviceConfig,requesting nits when no mapping exists.]
02-17 10:07:06.236 I/am_wtf ( 1524): [0,1524,system_server,-1,DisplayDeviceConfig,requesting nits when no mapping exists.]
02-17 10:07:06.238 I/am_wtf ( 1524): [0,1524,system_server,-1,DisplayDeviceConfig,requesting nits when no mapping exists.]
02-17 10:07:06.257 I/am_wtf ( 1524): [0,1524,system_server,-1,DisplayDeviceConfig,requesting nits when no mapping exists.]
02-17 10:07:06.258 I/am_wtf ( 1524): [0,1524,system_server,-1,DisplayDeviceConfig,requesting nits when no mapping exists.]
02-17 10:07:06.269 I/am_wtf ( 1524): [0,1524,system_server,-1,DisplayDeviceConfig,requesting nits when no mapping exists.]
02-17 10:07:06.272 I/am_wtf ( 1524): [0,1524,system_server,-1,DisplayDeviceConfig,requesting nits when no mapping exists.]
02-17 10:07:06.286 I/am_wtf ( 1524): [0,1524,system_server,-1,DisplayDeviceConfig,requesting nits when no mapping exists.]
02-17 10:07:06.287 I/am_wtf ( 1524): [0,1524,system_server,-1,DisplayDeviceConfig,requesting nits when no mapping exists.]
02-17 10:07:06.303 I/am_wtf ( 1524): [0,1524,system_server,-1,DisplayDeviceConfig,requesting nits when no mapping exists.]
02-17 10:07:06.303 I/am_wtf ( 1524): [0,1524,system_server,-1,DisplayDeviceConfig,requesting nits when no mapping exists.]
02-17 10:07:06.322 I/am_wtf ( 1524): [0,1524,system_server,-1,DisplayDeviceConfig,requesting nits when no mapping exists.]
02-17 10:07:06.322 I/am_wtf ( 1524): [0,1524,system_server,-1,DisplayDeviceConfig,requesting nits when no mapping exists.]
02-17 10:07:06.340 I/am_wtf ( 1524): [0,1524,system_server,-1,DisplayDeviceConfig,requesting nits when no mapping exists.]
02-17 10:07:06.340 I/am_wtf ( 1524): [0,1524,system_server,-1,DisplayDeviceConfig,requesting nits when no mapping exists.]
02-17 10:07:06.353 I/am_wtf ( 1524): [0,1524,system_server,-1,DisplayDeviceConfig,requesting nits when no mapping exists.]
02-17 10:07:06.356 I/am_wtf ( 1524): [0,1524,system_server,-1,DisplayDeviceConfig,requesting nits when no mapping exists.]
02-17 10:07:06.370 I/am_wtf ( 1524): [0,1524,system_server,-1,DisplayDeviceConfig,requesting nits when no mapping exists.]
02-17 10:07:06.371 I/am_wtf ( 1524): [0,1524,system_server,-1,DisplayDeviceConfig,requesting nits when no mapping exists.]
02-17 10:07:06.389 I/am_wtf ( 1524): [0,1524,system_server,-1,DisplayDeviceConfig,requesting nits when no mapping exists.]
02-17 10:07:06.389 I/am_wtf ( 1524): [0,1524,system_server,-1,DisplayDeviceConfig,requesting nits when no mapping exists.]
02-17 10:07:06.407 I/am_wtf ( 1524): [0,1524,system_server,-1,DisplayDeviceConfig,requesting nits when no mapping exists.]
02-17 10:07:06.407 I/am_wtf ( 1524): [0,1524,system_server,-1,DisplayDeviceConfig,requesting nits when no mapping exists.]
02-17 10:07:06.420 I/am_wtf ( 1524): [0,1524,system_server,-1,DisplayDeviceConfig,requesting nits when no mapping exists.]
02-17 10:07:06.423 I/am_wtf ( 1524): [0,1524,system_server,-1,DisplayDeviceConfig,requesting nits when no mapping exists.]
02-17 10:07:06.452 I/sysui_multi_action(21245): [757,219,758,4,759,90]
02-17 10:07:06.456 I/commit_sys_config_file( 1524): [display-state,191478]
02-17 10:07:06.628 I/am_wtf ( 1524): [0,1524,system_server,-1,DisplayDeviceConfig,requesting nits when no mapping exists.]
02-17 10:07:06.628 I/am_wtf ( 1524): [0,1524,system_server,-1,DisplayDeviceConfig,requesting nits when no mapping exists.]
02-17 10:07:06.654 I/am_wtf ( 1524): [0,1524,system_server,-1,DisplayDeviceConfig,requesting nits when no mapping exists.]
02-17 10:07:06.655 I/am_wtf ( 1524): [0,1524,system_server,-1,DisplayDeviceConfig,requesting nits when no mapping exists.]
02-17 10:07:06.662 I/commit_sys_config_file( 1524): [settings-1-0,3]
02-17 10:07:06.671 I/am_wtf ( 1524): [0,1524,system_server,-1,DisplayDeviceConfig,requesting nits when no mapping exists.]
02-17 10:07:06.672 I/am_wtf ( 1524): [0,1524,system_server,-1,DisplayDeviceConfig,requesting nits when no mapping exists.]
02-17 10:07:06.687 I/am_wtf ( 1524): [0,1524,system_server,-1,DisplayDeviceConfig,requesting nits when no mapping exists.]
02-17 10:07:06.688 I/am_wtf ( 1524): [0,1524,system_server,-1,DisplayDeviceConfig,requesting nits when no mapping exists.]
02-17 10:07:06.707 I/am_wtf ( 1524): [0,1524,system_server,-1,DisplayDeviceConfig,requesting nits when no mapping exists.]
