02-17 10:08:13.939 I/auditd ( 0): type=1400 audit(0.0:24397): avc: denied { kill } for comm="swapper/3" capability=5 scontext=u:r:kernel:s0 tcontext=u:r:kernel:s0 tclass=capability permissive=0
02-17 10:08:14.935 I/auditd ( 0): type=1400 audit(0.0:24398): avc: denied { kill } for comm="swapper/3" capability=5 scontext=u:r:kernel:s0 tcontext=u:r:kernel:s0 tclass=capability permissive=0
02-17 10:08:15.935 I/auditd ( 0): type=1400 audit(0.0:24399): avc: denied { kill } for comm="swapper/3" capability=5 scontext=u:r:kernel:s0 tcontext=u:r:kernel:s0 tclass=capability permissive=0
02-17 10:08:16.939 I/auditd ( 0): type=1400 audit(0.0:24400): avc: denied { kill } for comm="swapper/3" capability=5 scontext=u:r:kernel:s0 tcontext=u:r:kernel:s0 tclass=capability permissive=0
02-17 10:08:17.935 I/auditd ( 0): type=1400 audit(0.0:24401): avc: denied { kill } for comm="swapper/3" capability=5 scontext=u:r:kernel:s0 tcontext=u:r:kernel:s0 tclass=capability permissive=0
02-17 10:08:18.939 I/auditd ( 0): type=1400 audit(0.0:24402): avc: denied { kill } for comm="swapper/3" capability=5 scontext=u:r:kernel:s0 tcontext=u:r:kernel:s0 tclass=capability permissive=0
02-17 10:08:19.935 I/auditd ( 0): type=1400 audit(0.0:24403): avc: denied { kill } for comm="swapper/3" capability=5 scontext=u:r:kernel:s0 tcontext=u:r:kernel:s0 tclass=capability permissive=0
02-17 10:08:20.935 I/auditd ( 0): type=1400 audit(0.0:24404): avc: denied { kill } for comm="swapper/3" capability=5 scontext=u:r:kernel:s0 tcontext=u:r:kernel:s0 tclass=capability permissive=0
02-17 10:08:21.939 I/auditd ( 0): type=1400 audit(0.0:24405): avc: denied { kill } for comm="swapper/3" capability=5 scontext=u:r:kernel:s0 tcontext=u:r:kernel:s0 tclass=capability permissive=0
02-17 10:08:22.939 I/auditd ( 0): type=1400 audit(0.0:24406): avc: denied { kill } for comm="swapper/3" capability=5 scontext=u:r:kernel:s0 tcontext=u:r:kernel:s0 tclass=capability permissive=0
02-17 10:08:23.935 I/auditd ( 0): type=1400 audit(0.0:24407): avc: denied { kill } for comm="swapper/3" capability=5 scontext=u:r:kernel:s0 tcontext=u:r:kernel:s0 tclass=capability permissive=0
02-17 10:08:24.935 I/auditd ( 0): type=1400 audit(0.0:24408): avc: denied { kill } for comm="swapper/3" capability=5 scontext=u:r:kernel:s0 tcontext=u:r:kernel:s0 tclass=capability permissive=0
02-17 10:08:25.939 I/auditd ( 0): type=1400 audit(0.0:24409): avc: denied { kill } for comm="swapper/3" capability=5 scontext=u:r:kernel:s0 tcontext=u:r:kernel:s0 tclass=capability permissive=0
02-17 10:08:26.939 I/auditd ( 0): type=1400 audit(0.0:24410): avc: denied { kill } for comm="swapper/3" capability=5 scontext=u:r:kernel:s0 tcontext=u:r:kernel:s0 tclass=capability permissive=0
02-17 10:08:27.939 I/auditd ( 0): type=1400 audit(0.0:24411): avc: denied { kill } for comm="swapper/3" capability=5 scontext=u:r:kernel:s0 tcontext=u:r:kernel:s0 tclass=capability permissive=0
02-17 10:08:28.939 I/auditd ( 0): type=1400 audit(0.0:24412): avc: denied { kill } for comm="swapper/3" capability=5 scontext=u:r:kernel:s0 tcontext=u:r:kernel:s0 tclass=capability permissive=0
02-17 10:08:29.935 I/auditd ( 0): type=1400 audit(0.0:24413): avc: denied { kill } for comm="swapper/3" capability=5 scontext=u:r:kernel:s0 tcontext=u:r:kernel:s0 tclass=capability permissive=0
02-17 10:08:30.935 I/auditd ( 0): type=1400 audit(0.0:24414): avc: denied { kill } for comm="swapper/3" capability=5 scontext=u:r:kernel:s0 tcontext=u:r:kernel:s0 tclass=capability permissive=0
02-17 10:08:31.935 I/auditd ( 0): type=1400 audit(0.0:24415): avc: denied { kill } for comm="swapper/3" capability=5 scontext=u:r:kernel:s0 tcontext=u:r:kernel:s0 tclass=capability permissive=0
02-17 10:08:32.935 I/auditd ( 0): type=1400 audit(0.0:24416): avc: denied { kill } for comm="swapper/3" capability=5 scontext=u:r:kernel:s0 tcontext=u:r:kernel:s0 tclass=capability permissive=0
02-17 10:08:32.972 I/input_interaction( 1524): Interaction with: bfce9a1 StatusBar (server), edge-swipe (server), swipe-up (server), PointerEventDispatcher0 (server),
02-17 10:08:32.974 I/service_manager_stats( 1524): [161,100,33894]
02-17 10:08:32.976 I/sysui_multi_action(21245): [757,803,799,panel_open,802,1]
02-17 10:08:32.977 I/sysui_multi_action(21245): [757,1328,758,4,1326,48,1327,2,1329,0]
02-17 10:08:33.031 I/sysui_multi_action( 1524): [757,127,758,1]
02-17 10:08:33.031 I/sysui_multi_action( 1524): [757,804,799,note_load,801,3,802,1]
02-17 10:08:33.031 I/notification_panel_revealed( 1524): 3
02-17 10:08:33.039 I/input_focus( 1524): [Focus request 8a2dc1c NotificationShade,reason=UpdateInputWindows]
02-17 10:08:33.047 I/sysui_multi_action( 1524): [757,128,758,1,793,21537658,794,0,795,21537658,796,26,798,0,806,android,857,DEVELOPER_IMPORTANT,858,4,947,0,1395,3,1500,21537451,1688,1]
02-17 10:08:33.047 I/sysui_multi_action( 1524): [757,804,799,note_freshness,801,21537658,802,1]
02-17 10:08:33.047 I/notification_visibility( 1524): [-1|android|26|null|1000,1,21537658,21537658,0,0]
02-17 10:08:33.047 I/sysui_multi_action( 1524): [757,128,758,1,793,6770581,794,0,795,6770581,796,4273,798,1,806,com.android.systemui,857,screen_record,858,3,947,0,1395,3,1500,6770377,1688,1,1745,680407814]
02-17 10:08:33.047 I/sysui_multi_action( 1524): [757,804,799,note_freshness,801,6770581,802,1]
02-17 10:08:33.047 I/notification_visibility( 1524): [0|com.android.systemui|4273|null|10080,1,6770581,6770581,0,1]
02-17 10:08:33.048 I/sysui_multi_action( 1524): [757,128,758,1,793,22739593,794,0,795,22739593,796,32,798,2,806,android,857,USB,858,1,947,0,1395,3,1500,22739161,1688,1]
02-17 10:08:33.048 I/sysui_multi_action( 1524): [757,804,799,note_freshness,801,22739593,802,1]
02-17 10:08:33.048 I/notification_visibility( 1524): [-1|android|32|null|1000,1,22739593,22739593,0,2]
02-17 10:08:33.061 I/input_focus( 1524): [Focus leaving 1377f9b com.android.settings/com.android.settings.Settings (server),reason=setFocusedWindow]
02-17 10:08:33.061 I/input_focus( 1524): [Focus entering 8a2dc1c NotificationShade (server),reason=setFocusedWindow]
02-17 10:08:33.093 I/sysui_multi_action(21245): [757,111,758,1]
02-17 10:08:33.094 I/sysui_multi_action(21245): [757,126,758,1,759,126,927,0,928,0,1593,0]
02-17 10:08:33.094 I/sysui_multi_action(21245): [757,113,758,1,759,113,927,1,928,1,1593,0]
02-17 10:08:33.094 I/sysui_multi_action(21245): [757,0,758,1,759,0,927,2,928,0,1593,0]
02-17 10:08:33.094 I/sysui_multi_action(21245): [757,0,758,1,759,0,927,3,928,0,1593,0]
02-17 10:08:33.094 I/sysui_multi_action(21245): [757,491,758,1,759,491,927,4,928,0,1311,-1,1593,0]
02-17 10:08:33.095 I/sysui_multi_action(21245): [757,122,758,1,759,122,927,5,928,1,1593,0]
02-17 10:08:33.095 I/sysui_multi_action(21245): [757,0,758,1,759,0,927,6,928,0,1593,0]
02-17 10:08:33.095 I/sysui_multi_action(21245): [757,0,758,1,759,0,927,7,1593,0]
02-17 10:08:33.095 I/sysui_multi_action(21245): [757,111,758,1]
02-17 10:08:33.095 I/sysui_multi_action(21245): [757,126,758,1,759,126,927,0,928,0,1593,0]
02-17 10:08:33.095 I/sysui_multi_action(21245): [757,113,758,1,759,113,927,1,928,1,1593,0]
02-17 10:08:33.095 I/sysui_multi_action(21245): [757,0,758,1,759,0,927,2,928,0,1593,0]
02-17 10:08:33.095 I/sysui_multi_action(21245): [757,0,758,1,759,0,927,3,928,0,1593,0]
02-17 10:08:33.935 I/auditd ( 0): type=1400 audit(0.0:24417): avc: denied { kill } for comm="swapper/3" capability=5 scontext=u:r:kernel:s0 tcontext=u:r:kernel:s0 tclass=capability permissive=0
02-17 10:08:34.299 I/input_interaction( 1524): Interaction with: 8a2dc1c NotificationShade (server), edge-swipe (server), swipe-up (server), PointerEventDispatcher0 (server),
02-17 10:08:34.939 I/auditd ( 0): type=1400 audit(0.0:24418): avc: denied { kill } for comm="swapper/3" capability=5 scontext=u:r:kernel:s0 tcontext=u:r:kernel:s0 tclass=capability permissive=0
02-17 10:08:35.322 I/volume_changed( 1524): [3,13,33,39,com.android.systemui]
02-17 10:08:35.330 I/volume_changed( 1524): [3,33,13,39,com.android.systemui]
02-17 10:08:35.939 I/auditd ( 0): type=1400 audit(0.0:24419): avc: denied { kill } for comm="swapper/1" capability=5 scontext=u:r:kernel:s0 tcontext=u:r:kernel:s0 tclass=capability permissive=0
02-17 10:08:36.935 I/auditd ( 0): type=1400 audit(0.0:24420): avc: denied { kill } for comm="swapper/1" capability=5 scontext=u:r:kernel:s0 tcontext=u:r:kernel:s0 tclass=capability permissive=0
02-17 10:08:37.118 I/volume_changed( 1524): [3,13,35,39,com.android.systemui]
02-17 10:08:37.129 I/volume_changed( 1524): [3,35,13,39,com.android.systemui]
02-17 10:08:37.935 I/auditd ( 0): type=1400 audit(0.0:24421): avc: denied { kill } for comm="swapper/1" capability=5 scontext=u:r:kernel:s0 tcontext=u:r:kernel:s0 tclass=capability permissive=0
02-17 10:08:38.896 I/volume_changed( 1524): [3,13,39,39,com.android.systemui]
02-17 10:08:38.904 I/volume_changed( 1524): [3,39,13,39,com.android.systemui]
02-17 10:08:39.939 I/auditd ( 0): type=1400 audit(0.0:24422): avc: denied { kill } for comm="swapper/0" capability=5 scontext=u:r:kernel:s0 tcontext=u:r:kernel:s0 tclass=capability permissive=0
02-17 10:08:40.284 I/volume_changed( 1524): [3,13,26,39,com.android.systemui]
02-17 10:08:40.297 I/volume_changed( 1524): [3,26,13,39,com.android.systemui]
02-17 10:08:40.939 I/auditd ( 0): type=1400 audit(0.0:24423): avc: denied { kill } for comm="swapper/0" capability=5 scontext=u:r:kernel:s0 tcontext=u:r:kernel:s0 tclass=capability permissive=0
02-17 10:08:41.083 I/volume_changed( 1524): [3,13,8,39,com.android.systemui]
02-17 10:08:41.107 I/volume_changed( 1524): [3,8,13,39,com.android.systemui]
02-17 10:08:41.735 I/volume_changed( 1524): [3,13,21,39,com.android.systemui]
02-17 10:08:41.754 I/volume_changed( 1524): [3,21,13,39,com.android.systemui]
02-17 10:08:41.939 I/auditd ( 0): type=1400 audit(0.0:24424): avc: denied { kill } for comm="swapper/0" capability=5 scontext=u:r:kernel:s0 tcontext=u:r:kernel:s0 tclass=capability permissive=0
02-17 10:08:42.906 I/volume_changed( 1524): [3,13,39,39,com.android.systemui]
02-17 10:08:42.920 I/volume_changed( 1524): [3,39,13,39,com.android.systemui]
02-17 10:08:42.935 I/auditd ( 0): type=1400 audit(0.0:24425): avc: denied { kill } for comm="swapper/0" capability=5 scontext=u:r:kernel:s0 tcontext=u:r:kernel:s0 tclass=capability permissive=0
02-17 10:08:44.845 I/volume_changed( 1524): [3,13,3,39,com.android.systemui]
02-17 10:08:44.855 I/volume_changed( 1524): [3,3,13,39,com.android.systemui]
02-17 10:08:44.939 I/auditd ( 0): type=1400 audit(0.0:24426): avc: denied { kill } for comm="swapper/0" capability=5 scontext=u:r:kernel:s0 tcontext=u:r:kernel:s0 tclass=capability permissive=0
02-17 10:08:45.480 I/volume_changed( 1524): [3,13,35,39,com.android.systemui]
02-17 10:08:45.490 I/volume_changed( 1524): [3,35,13,39,com.android.systemui]
02-17 10:08:45.935 I/auditd ( 0): type=1400 audit(0.0:24427): avc: denied { kill } for comm="swapper/0" capability=5 scontext=u:r:kernel:s0 tcontext=u:r:kernel:s0 tclass=capability permissive=0
02-17 10:08:47.939 I/auditd ( 0): type=1400 audit(0.0:24428): avc: denied { kill } for comm="swapper/3" capability=5 scontext=u:r:kernel:s0 tcontext=u:r:kernel:s0 tclass=capability permissive=0
02-17 10:08:48.067 I/volume_changed( 1524): [3,13,3,39,com.android.systemui]
02-17 10:08:48.075 I/volume_changed( 1524): [3,3,13,39,com.android.systemui]
02-17 10:08:48.699 I/volume_changed( 1524): [3,13,36,39,com.android.systemui]
02-17 10:08:48.711 I/volume_changed( 1524): [3,36,13,39,com.android.systemui]
02-17 10:08:48.939 I/auditd ( 0): type=1400 audit(0.0:24429): avc: denied { kill } for comm="swapper/3" capability=5 scontext=u:r:kernel:s0 tcontext=u:r:kernel:s0 tclass=capability permissive=0
02-17 10:08:49.323 I/volume_changed( 1524): [3,13,7,39,com.android.systemui]
02-17 10:08:49.331 I/volume_changed( 1524): [3,7,13,39,com.android.systemui]
02-17 10:08:49.935 I/auditd ( 0): type=1400 audit(0.0:24430): avc: denied { kill } for comm="swapper/3" capability=5 scontext=u:r:kernel:s0 tcontext=u:r:kernel:s0 tclass=capability permissive=0
02-17 10:08:49.953 I/volume_changed( 1524): [3,13,30,39,com.android.systemui]
02-17 10:08:49.961 I/volume_changed( 1524): [3,30,13,39,com.android.systemui]
02-17 10:08:50.257 I/service_manager_stats( 1524): [100,48,17282]
02-17 10:08:50.584 I/volume_changed( 1524): [3,13,8,39,com.android.systemui]
02-17 10:08:50.600 I/volume_changed( 1524): [3,8,13,39,com.android.systemui]
02-17 10:08:50.939 I/auditd ( 0): type=1400 audit(0.0:24431): avc: denied { kill } for comm="swapper/3" capability=5 scontext=u:r:kernel:s0 tcontext=u:r:kernel:s0 tclass=capability permissive=0
02-17 10:08:51.216 I/volume_changed( 1524): [3,13,36,39,com.android.systemui]
02-17 10:08:51.227 I/volume_changed( 1524): [3,36,13,39,com.android.systemui]
02-17 10:08:51.841 I/volume_changed( 1524): [3,13,7,39,com.android.systemui]
02-17 10:08:51.847 I/volume_changed( 1524): [3,7,13,39,com.android.systemui]
02-17 10:08:51.939 I/auditd ( 0): type=1400 audit(0.0:24432): avc: denied { kill } for comm="swapper/3" capability=5 scontext=u:r:kernel:s0 tcontext=u:r:kernel:s0 tclass=capability permissive=0
02-17 10:08:52.467 I/volume_changed( 1524): [3,13,6,39,com.android.systemui]
02-17 10:08:52.478 I/volume_changed( 1524): [3,6,13,39,com.android.systemui]
02-17 10:08:52.522 I/am_anr ( 1524): [0,21245,com.android.systemui,818462221,Input dispatching timed out (edge-swipe (server) is not responding. Waited 5000ms for MotionEvent)]
02-17 10:08:52.522 I/input_interaction( 1524): Interaction with: 8a2dc1c NotificationShade (server), swipe-up (server), PointerEventDispatcher0 (server),
02-17 10:08:52.935 I/auditd ( 0): type=1400 audit(0.0:24433): avc: denied { kill } for comm="swapper/3" capability=5 scontext=u:r:kernel:s0 tcontext=u:r:kernel:s0 tclass=capability permissive=0
02-17 10:08:53.092 I/volume_changed( 1524): [3,13,11,39,com.android.systemui]
02-17 10:08:53.099 I/volume_changed( 1524): [3,11,13,39,com.android.systemui]
02-17 10:08:53.712 I/volume_changed( 1524): [3,13,33,39,com.android.systemui]
02-17 10:08:53.721 I/volume_changed( 1524): [3,33,13,39,com.android.systemui]
02-17 10:08:53.935 I/auditd ( 0): type=1400 audit(0.0:24434): avc: denied { kill } for comm="swapper/3" capability=5 scontext=u:r:kernel:s0 tcontext=u:r:kernel:s0 tclass=capability permissive=0
02-17 10:08:54.330 I/volume_changed( 1524): [3,13,15,39,com.android.systemui]
02-17 10:08:54.332 I/volume_changed( 1524): [3,15,13,39,com.android.systemui]
02-17 10:08:54.619 I/auditd (21935): type=1400 audit(0.0:24435): avc: denied { ptrace } for comm="crash_dump64" scontext=u:r:crash_dump:s0 tcontext=u:r:vold:s0 tclass=process permissive=0
02-17 10:08:54.935 I/auditd ( 0): type=1400 audit(0.0:24436): avc: denied { kill } for comm="swapper/3" capability=5 scontext=u:r:kernel:s0 tcontext=u:r:kernel:s0 tclass=capability permissive=0
02-17 10:08:54.954 I/volume_changed( 1524): [3,13,31,39,com.android.systemui]
02-17 10:08:54.963 I/volume_changed( 1524): [3,31,13,39,com.android.systemui]
02-17 10:08:55.422 I/input_interaction( 1524): Interaction with: 8a2dc1c NotificationShade (server), a1e468b com.android.systemui.ImageWallpaper (server), edge-swipe (server), swipe-up (server), PointerEventDispatcher0 (server),
02-17 10:08:56.055 I/auditd (22027): type=1400 audit(0.0:24437): avc: denied { ptrace } for comm="crash_dump64" scontext=u:r:crash_dump:s0 tcontext=u:r:keystore:s0 tclass=process permissive=0
02-17 10:08:56.152 I/input_focus( 1524): [Focus request 260d04d Application Not Responding: com.android.systemui,reason=UpdateInputWindows]
02-17 10:08:56.184 I/input_focus( 1524): [Focus leaving 8a2dc1c NotificationShade (server),reason=Waiting for window because NOT_VISIBLE]
02-17 10:08:56.201 I/input_focus( 1524): [Focus entering 260d04d Application Not Responding: com.android.systemui (server),reason=Window became focusable. Previous reason: NOT_VISIBLE]
02-17 10:08:56.276 I/input_interaction( 1524): Interaction with: 260d04d Application Not Responding: com.android.systemui (server), edge-swipe (server), swipe-up (server), PointerEventDispatcher0 (server),
02-17 10:08:56.939 I/auditd ( 0): type=1400 audit(0.0:24438): avc: denied { kill } for comm="swapper/3" capability=5 scontext=u:r:kernel:s0 tcontext=u:r:kernel:s0 tclass=capability permissive=0
02-17 10:08:57.935 I/auditd ( 0): type=1400 audit(0.0:24439): avc: denied { kill } for comm="swapper/3" capability=5 scontext=u:r:kernel:s0 tcontext=u:r:kernel:s0 tclass=capability permissive=0
02-17 10:08:58.935 I/auditd ( 0): type=1400 audit(0.0:24440): avc: denied { kill } for comm="swapper/3" capability=5 scontext=u:r:kernel:s0 tcontext=u:r:kernel:s0 tclass=capability permissive=0
02-17 10:08:59.939 I/auditd ( 0): type=1400 audit(0.0:24441): avc: denied { kill } for comm="swapper/3" capability=5 scontext=u:r:kernel:s0 tcontext=u:r:kernel:s0 tclass=capability permissive=0
02-17 10:09:00.939 I/auditd ( 0): type=1400 audit(0.0:24442): avc: denied { kill } for comm="swapper/3" capability=5 scontext=u:r:kernel:s0 tcontext=u:r:kernel:s0 tclass=capability permissive=0
02-17 10:09:01.939 I/auditd ( 0): type=1400 audit(0.0:24443): avc: denied { kill } for comm="swapper/3" capability=5 scontext=u:r:kernel:s0 tcontext=u:r:kernel:s0 tclass=capability permissive=0
02-17 10:09:02.939 I/auditd ( 0): type=1400 audit(0.0:24444): avc: denied { kill } for comm="swapper/3" capability=5 scontext=u:r:kernel:s0 tcontext=u:r:kernel:s0 tclass=capability permissive=0
02-17 10:09:03.939 I/auditd ( 0): type=1400 audit(0.0:24445): avc: denied { kill } for comm="swapper/3" capability=5 scontext=u:r:kernel:s0 tcontext=u:r:kernel:s0 tclass=capability permissive=0
02-17 10:09:04.935 I/auditd ( 0): type=1400 audit(0.0:24446): avc: denied { kill } for comm="swapper/3" capability=5 scontext=u:r:kernel:s0 tcontext=u:r:kernel:s0 tclass=capability permissive=0
02-17 10:09:05.935 I/auditd ( 0): type=1400 audit(0.0:24447): avc: denied { kill } for comm="swapper/3" capability=5 scontext=u:r:kernel:s0 tcontext=u:r:kernel:s0 tclass=capability permissive=0
02-17 10:09:06.939 I/auditd ( 0): type=1400 audit(0.0:24448): avc: denied { kill } for comm="swapper/3" capability=5 scontext=u:r:kernel:s0 tcontext=u:r:kernel:s0 tclass=capability permissive=0
02-17 10:09:07.482 I/am_uid_idle( 1524): 10062
02-17 10:09:07.935 I/auditd ( 0): type=1400 audit(0.0:24449): avc: denied { kill } for comm="swapper/3" capability=5 scontext=u:r:kernel:s0 tcontext=u:r:kernel:s0 tclass=capability permissive=0
02-17 10:09:08.939 I/auditd ( 0): type=1400 audit(0.0:24450): avc: denied { kill } for comm="swapper/3" capability=5 scontext=u:r:kernel:s0 tcontext=u:r:kernel:s0 tclass=capability permissive=0
02-17 10:09:09.935 I/auditd ( 0): type=1400 audit(0.0:24451): avc: denied { kill } for comm="swapper/3" capability=5 scontext=u:r:kernel:s0 tcontext=u:r:kernel:s0 tclass=capability permissive=0
02-17 10:09:10.939 I/auditd ( 0): type=1400 audit(0.0:24452): avc: denied { kill } for comm="swapper/3" capability=5 scontext=u:r:kernel:s0 tcontext=u:r:kernel:s0 tclass=capability permissive=0
02-17 10:09:11.939 I/auditd ( 0): type=1400 audit(0.0:24453): avc: denied { kill } for comm="swapper/3" capability=5 scontext=u:r:kernel:s0 tcontext=u:r:kernel:s0 tclass=capability permissive=0
02-17 10:09:12.939 I/auditd ( 0): type=1400 audit(0.0:24454): avc: denied { kill } for comm="swapper/3" capability=5 scontext=u:r:kernel:s0 tcontext=u:r:kernel:s0 tclass=capability permissive=0
02-17 10:09:13.939 I/auditd ( 0): type=1400 audit(0.0:24455): avc: denied { kill } for comm="swapper/3" capability=5 scontext=u:r:kernel:s0 tcontext=u:r:kernel:s0 tclass=capability permissive=0
02-17 10:09:14.939 I/auditd ( 0): type=1400 audit(0.0:24456): avc: denied { kill } for comm="swapper/3" capability=5 scontext=u:r:kernel:s0 tcontext=u:r:kernel:s0 tclass=capability permissive=0
02-17 10:09:15.939 I/auditd ( 0): type=1400 audit(0.0:24457): avc: denied { kill } for comm="swapper/3" capability=5 scontext=u:r:kernel:s0 tcontext=u:r:kernel:s0 tclass=capability permissive=0
02-17 10:09:16.939 I/auditd ( 0): type=1400 audit(0.0:24458): avc: denied { kill } for comm="swapper/3" capability=5 scontext=u:r:kernel:s0 tcontext=u:r:kernel:s0 tclass=capability permissive=0
02-17 10:09:17.939 I/auditd ( 0): type=1400 audit(0.0:24459): avc: denied { kill } for comm="swapper/3" capability=5 scontext=u:r:kernel:s0 tcontext=u:r:kernel:s0 tclass=capability permissive=0
02-17 10:09:18.939 I/auditd ( 0): type=1400 audit(0.0:24460): avc: denied { kill } for comm="swapper/3" capability=5 scontext=u:r:kernel:s0 tcontext=u:r:kernel:s0 tclass=capability permissive=0
02-17 10:09:19.935 I/auditd ( 0): type=1400 audit(0.0:24461): avc: denied { kill } for comm="swapper/3" capability=5 scontext=u:r:kernel:s0 tcontext=u:r:kernel:s0 tclass=capability permissive=0
02-17 10:09:20.935 I/auditd ( 0): type=1400 audit(0.0:24462): avc: denied { kill } for comm="swapper/3" capability=5 scontext=u:r:kernel:s0 tcontext=u:r:kernel:s0 tclass=capability permissive=0
02-17 10:09:21.939 I/auditd ( 0): type=1400 audit(0.0:24463): avc: denied { kill } for comm="swapper/3" capability=5 scontext=u:r:kernel:s0 tcontext=u:r:kernel:s0 tclass=capability permissive=0
02-17 10:09:22.939 I/auditd ( 0): type=1400 audit(0.0:24464): avc: denied { kill } for comm="swapper/3" capability=5 scontext=u:r:kernel:s0 tcontext=u:r:kernel:s0 tclass=capability permissive=0
02-17 10:09:23.939 I/auditd ( 0): type=1400 audit(0.0:24465): avc: denied { kill } for comm="swapper/3" capability=5 scontext=u:r:kernel:s0 tcontext=u:r:kernel:s0 tclass=capability permissive=0
02-17 10:09:24.939 I/auditd ( 0): type=1400 audit(0.0:24466): avc: denied { kill } for comm="swapper/3" capability=5 scontext=u:r:kernel:s0 tcontext=u:r:kernel:s0 tclass=capability permissive=0
02-17 10:09:25.935 I/auditd ( 0): type=1400 audit(0.0:24467): avc: denied { kill } for comm="swapper/3" capability=5 scontext=u:r:kernel:s0 tcontext=u:r:kernel:s0 tclass=capability permissive=0
02-17 10:09:26.935 I/auditd ( 0): type=1400 audit(0.0:24468): avc: denied { kill } for comm="swapper/3" capability=5 scontext=u:r:kernel:s0 tcontext=u:r:kernel:s0 tclass=capability permissive=0
02-17 10:09:27.939 I/auditd ( 0): type=1400 audit(0.0:24469): avc: denied { kill } for comm="swapper/3" capability=5 scontext=u:r:kernel:s0 tcontext=u:r:kernel:s0 tclass=capability permissive=0
02-17 10:09:28.935 I/auditd ( 0): type=1400 audit(0.0:24470): avc: denied { kill } for comm="swapper/3" capability=5 scontext=u:r:kernel:s0 tcontext=u:r:kernel:s0 tclass=capability permissive=0
02-17 10:09:29.935 I/auditd ( 0): type=1400 audit(0.0:24471): avc: denied { kill } for comm="swapper/3" capability=5 scontext=u:r:kernel:s0 tcontext=u:r:kernel:s0 tclass=capability permissive=0
02-17 10:09:31.939 I/auditd ( 0): type=1400 audit(0.0:24472): avc: denied { kill } for comm="swapper/3" capability=5 scontext=u:r:kernel:s0 tcontext=u:r:kernel:s0 tclass=capability permissive=0
02-17 10:09:32.939 I/auditd ( 0): type=1400 audit(0.0:24473): avc: denied { kill } for comm="swapper/3" capability=5 scontext=u:r:kernel:s0 tcontext=u:r:kernel:s0 tclass=capability permissive=0
02-17 10:09:33.935 I/auditd ( 0): type=1400 audit(0.0:24474): avc: denied { kill } for comm="swapper/3" capability=5 scontext=u:r:kernel:s0 tcontext=u:r:kernel:s0 tclass=capability permissive=0
02-17 10:09:34.939 I/auditd ( 0): type=1400 audit(0.0:24475): avc: denied { kill } for comm="swapper/3" capability=5 scontext=u:r:kernel:s0 tcontext=u:r:kernel:s0 tclass=capability permissive=0
02-17 10:09:35.939 I/auditd ( 0): type=1400 audit(0.0:24476): avc: denied { kill } for comm="swapper/3" capability=5 scontext=u:r:kernel:s0 tcontext=u:r:kernel:s0 tclass=capability permissive=0
02-17 10:09:36.935 I/auditd ( 0): type=1400 audit(0.0:24477): avc: denied { kill } for comm="swapper/3" capability=5 scontext=u:r:kernel:s0 tcontext=u:r:kernel:s0 tclass=capability permissive=0
02-17 10:09:37.935 I/auditd ( 0): type=1400 audit(0.0:24478): avc: denied { kill } for comm="swapper/3" capability=5 scontext=u:r:kernel:s0 tcontext=u:r:kernel:s0 tclass=capability permissive=0
02-17 10:09:38.935 I/auditd ( 0): type=1400 audit(0.0:24479): avc: denied { kill } for comm="swapper/3" capability=5 scontext=u:r:kernel:s0 tcontext=u:r:kernel:s0 tclass=capability permissive=0
02-17 10:09:39.939 I/auditd ( 0): type=1400 audit(0.0:24480): avc: denied { kill } for comm="swapper/3" capability=5 scontext=u:r:kernel:s0 tcontext=u:r:kernel:s0 tclass=capability permissive=0
02-17 10:09:40.939 I/auditd ( 0): type=1400 audit(0.0:24481): avc: denied { kill } for comm="swapper/3" capability=5 scontext=u:r:kernel:s0 tcontext=u:r:kernel:s0 tclass=capability permissive=0
02-17 10:09:41.939 I/auditd ( 0): type=1400 audit(0.0:24482): avc: denied { kill } for comm="swapper/3" capability=5 scontext=u:r:kernel:s0 tcontext=u:r:kernel:s0 tclass=capability permissive=0
02-17 10:09:42.939 I/auditd ( 0): type=1400 audit(0.0:24483): avc: denied { kill } for comm="swapper/3" capability=5 scontext=u:r:kernel:s0 tcontext=u:r:kernel:s0 tclass=capability permissive=0
02-17 10:09:43.935 I/auditd ( 0): type=1400 audit(0.0:24484): avc: denied { kill } for comm="swapper/3" capability=5 scontext=u:r:kernel:s0 tcontext=u:r:kernel:s0 tclass=capability permissive=0
02-17 10:09:44.939 I/auditd ( 0): type=1400 audit(0.0:24485): avc: denied { kill } for comm="swapper/3" capability=5 scontext=u:r:kernel:s0 tcontext=u:r:kernel:s0 tclass=capability permissive=0
02-17 10:09:45.939 I/auditd ( 0): type=1400 audit(0.0:24486): avc: denied { kill } for comm="swapper/3" capability=5 scontext=u:r:kernel:s0 tcontext=u:r:kernel:s0 tclass=capability permissive=0
02-17 10:09:46.939 I/auditd ( 0): type=1400 audit(0.0:24487): avc: denied { kill } for comm="swapper/3" capability=5 scontext=u:r:kernel:s0 tcontext=u:r:kernel:s0 tclass=capability permissive=0
02-17 10:09:47.939 I/auditd ( 0): type=1400 audit(0.0:24488): avc: denied { kill } for comm="swapper/3" capability=5 scontext=u:r:kernel:s0 tcontext=u:r:kernel:s0 tclass=capability permissive=0
02-17 10:09:48.939 I/auditd ( 0): type=1400 audit(0.0:24489): avc: denied { kill } for comm="swapper/3" capability=5 scontext=u:r:kernel:s0 tcontext=u:r:kernel:s0 tclass=capability permissive=0
02-17 10:09:49.513 I/sysui_multi_action( 1524): [757,1696,758,6,759,2]
02-17 10:09:49.526 I/am_wtf ( 1524): [0,1524,system_server,-1,DisplayDeviceConfig,requesting nits when no mapping exists.]
02-17 10:09:49.530 I/am_wtf ( 1524): [0,1524,system_server,-1,DisplayDeviceConfig,requesting nits when no mapping exists.]
02-17 10:09:49.542 I/am_wtf ( 1524): [0,1524,system_server,-1,DisplayDeviceConfig,requesting nits when no mapping exists.]
02-17 10:09:49.544 I/am_wtf ( 1524): [0,1524,system_server,-1,DisplayDeviceConfig,requesting nits when no mapping exists.]
02-17 10:09:49.558 I/am_wtf ( 1524): [0,1524,system_server,-1,DisplayDeviceConfig,requesting nits when no mapping exists.]
02-17 10:09:49.560 I/am_wtf ( 1524): [0,1524,system_server,-1,DisplayDeviceConfig,requesting nits when no mapping exists.]
02-17 10:09:49.578 I/am_wtf ( 1524): [0,1524,system_server,-1,DisplayDeviceConfig,requesting nits when no mapping exists.]
02-17 10:09:49.580 I/am_wtf ( 1524): [0,1524,system_server,-1,DisplayDeviceConfig,requesting nits when no mapping exists.]
02-17 10:09:49.594 I/am_wtf ( 1524): [0,1524,system_server,-1,DisplayDeviceConfig,requesting nits when no mapping exists.]
02-17 10:09:49.595 I/am_wtf ( 1524): [0,1524,system_server,-1,DisplayDeviceConfig,requesting nits when no mapping exists.]
02-17 10:09:49.611 I/am_wtf ( 1524): [0,1524,system_server,-1,DisplayDeviceConfig,requesting nits when no mapping exists.]
02-17 10:09:49.612 I/am_wtf ( 1524): [0,1524,system_server,-1,DisplayDeviceConfig,requesting nits when no mapping exists.]
02-17 10:09:49.628 I/am_wtf ( 1524): [0,1524,system_server,-1,DisplayDeviceConfig,requesting nits when no mapping exists.]
02-17 10:09:49.629 I/am_wtf ( 1524): [0,1524,system_server,-1,DisplayDeviceConfig,requesting nits when no mapping exists.]
02-17 10:09:49.645 I/am_wtf ( 1524): [0,1524,system_server,-1,DisplayDeviceConfig,requesting nits when no mapping exists.]
02-17 10:09:49.645 I/am_wtf ( 1524): [0,1524,system_server,-1,DisplayDeviceConfig,requesting nits when no mapping exists.]
02-17 10:09:49.662 I/am_wtf ( 1524): [0,1524,system_server,-1,DisplayDeviceConfig,requesting nits when no mapping exists.]
02-17 10:09:49.664 I/am_wtf ( 1524): [0,1524,system_server,-1,DisplayDeviceConfig,requesting nits when no mapping exists.]
02-17 10:09:49.678 I/am_wtf ( 1524): [0,1524,system_server,-1,DisplayDeviceConfig,requesting nits when no mapping exists.]
02-17 10:09:49.679 I/am_wtf ( 1524): [0,1524,system_server,-1,DisplayDeviceConfig,requesting nits when no mapping exists.]
02-17 10:09:49.696 I/am_wtf ( 1524): [0,1524,system_server,-1,DisplayDeviceConfig,requesting nits when no mapping exists.]
02-17 10:09:49.697 I/am_wtf ( 1524): [0,1524,system_server,-1,DisplayDeviceConfig,requesting nits when no mapping exists.]
02-17 10:09:49.712 I/am_wtf ( 1524): [0,1524,system_server,-1,DisplayDeviceConfig,requesting nits when no mapping exists.]
02-17 10:09:49.713 I/am_wtf ( 1524): [0,1524,system_server,-1,DisplayDeviceConfig,requesting nits when no mapping exists.]
02-17 10:09:49.728 I/am_wtf ( 1524): [0,1524,system_server,-1,DisplayDeviceConfig,requesting nits when no mapping exists.]
02-17 10:09:49.729 I/am_wtf ( 1524): [0,1524,system_server,-1,DisplayDeviceConfig,requesting nits when no mapping exists.]
02-17 10:09:49.745 I/am_wtf ( 1524): [0,1524,system_server,-1,DisplayDeviceConfig,requesting nits when no mapping exists.]
02-17 10:09:49.746 I/am_wtf ( 1524): [0,1524,system_server,-1,DisplayDeviceConfig,requesting nits when no mapping exists.]
02-17 10:09:49.761 I/am_wtf ( 1524): [0,1524,system_server,-1,DisplayDeviceConfig,requesting nits when no mapping exists.]
02-17 10:09:49.762 I/am_wtf ( 1524): [0,1524,system_server,-1,DisplayDeviceConfig,requesting nits when no mapping exists.]
02-17 10:09:49.778 I/am_wtf ( 1524): [0,1524,system_server,-1,DisplayDeviceConfig,requesting nits when no mapping exists.]
02-17 10:09:49.779 I/am_wtf ( 1524): [0,1524,system_server,-1,DisplayDeviceConfig,requesting nits when no mapping exists.]
02-17 10:09:49.795 I/am_wtf ( 1524): [0,1524,system_server,-1,DisplayDeviceConfig,requesting nits when no mapping exists.]
02-17 10:09:49.796 I/am_wtf ( 1524): [0,1524,system_server,-1,DisplayDeviceConfig,requesting nits when no mapping exists.]
02-17 10:09:49.811 I/am_wtf ( 1524): [0,1524,system_server,-1,DisplayDeviceConfig,requesting nits when no mapping exists.]
02-17 10:09:49.812 I/am_wtf ( 1524): [0,1524,system_server,-1,DisplayDeviceConfig,requesting nits when no mapping exists.]
02-17 10:09:49.828 I/am_wtf ( 1524): [0,1524,system_server,-1,DisplayDeviceConfig,requesting nits when no mapping exists.]
02-17 10:09:49.829 I/am_wtf ( 1524): [0,1524,system_server,-1,DisplayDeviceConfig,requesting nits when no mapping exists.]
02-17 10:09:49.845 I/am_wtf ( 1524): [0,1524,system_server,-1,DisplayDeviceConfig,requesting nits when no mapping exists.]
02-17 10:09:49.846 I/am_wtf ( 1524): [0,1524,system_server,-1,DisplayDeviceConfig,requesting nits when no mapping exists.]
02-17 10:09:49.861 I/am_wtf ( 1524): [0,1524,system_server,-1,DisplayDeviceConfig,requesting nits when no mapping exists.]
02-17 10:09:49.862 I/am_wtf ( 1524): [0,1524,system_server,-1,DisplayDeviceConfig,requesting nits when no mapping exists.]
02-17 10:09:49.878 I/am_wtf ( 1524): [0,1524,system_server,-1,DisplayDeviceConfig,requesting nits when no mapping exists.]
02-17 10:09:49.879 I/am_wtf ( 1524): [0,1524,system_server,-1,DisplayDeviceConfig,requesting nits when no mapping exists.]
02-17 10:09:49.895 I/am_wtf ( 1524): [0,1524,system_server,-1,DisplayDeviceConfig,requesting nits when no mapping exists.]
02-17 10:09:49.896 I/am_wtf ( 1524): [0,1524,system_server,-1,DisplayDeviceConfig,requesting nits when no mapping exists.]
02-17 10:09:49.912 I/am_wtf ( 1524): [0,1524,system_server,-1,DisplayDeviceConfig,requesting nits when no mapping exists.]
02-17 10:09:49.913 I/am_wtf ( 1524): [0,1524,system_server,-1,DisplayDeviceConfig,requesting nits when no mapping exists.]
02-17 10:09:49.913 I/service_manager_stats( 1524): [100,54,59657]
02-17 10:09:49.928 I/am_wtf ( 1524): [0,1524,system_server,-1,DisplayDeviceConfig,requesting nits when no mapping exists.]
02-17 10:09:49.929 I/am_wtf ( 1524): [0,1524,system_server,-1,DisplayDeviceConfig,requesting nits when no mapping exists.]
02-17 10:09:49.935 I/auditd ( 0): type=1400 audit(0.0:24490): avc: denied { kill } for comm="swapper/3" capability=5 scontext=u:r:kernel:s0 tcontext=u:r:kernel:s0 tclass=capability permissive=0
02-17 10:09:49.945 I/am_wtf ( 1524): [0,1524,system_server,-1,DisplayDeviceConfig,requesting nits when no mapping exists.]
02-17 10:09:49.946 I/am_wtf ( 1524): [0,1524,system_server,-1,DisplayDeviceConfig,requesting nits when no mapping exists.]
02-17 10:09:49.962 I/am_wtf ( 1524): [0,1524,system_server,-1,DisplayDeviceConfig,requesting nits when no mapping exists.]
02-17 10:09:49.963 I/am_wtf ( 1524): [0,1524,system_server,-1,DisplayDeviceConfig,requesting nits when no mapping exists.]
02-17 10:09:49.978 I/am_wtf ( 1524): [0,1524,system_server,-1,DisplayDeviceConfig,requesting nits when no mapping exists.]
02-17 10:09:49.979 I/am_wtf ( 1524): [0,1524,system_server,-1,DisplayDeviceConfig,requesting nits when no mapping exists.]
02-17 10:09:49.995 I/am_wtf ( 1524): [0,1524,system_server,-1,DisplayDeviceConfig,requesting nits when no mapping exists.]
02-17 10:09:49.997 I/am_wtf ( 1524): [0,1524,system_server,-1,DisplayDeviceConfig,requesting nits when no mapping exists.]
02-17 10:09:50.011 I/am_wtf ( 1524): [0,1524,system_server,-1,DisplayDeviceConfig,requesting nits when no mapping exists.]
02-17 10:09:50.012 I/am_wtf ( 1524): [0,1524,system_server,-1,DisplayDeviceConfig,requesting nits when no mapping exists.]
02-17 10:09:50.029 I/am_wtf ( 1524): [0,1524,system_server,-1,DisplayDeviceConfig,requesting nits when no mapping exists.]
02-17 10:09:50.030 I/am_wtf ( 1524): [0,1524,system_server,-1,DisplayDeviceConfig,requesting nits when no mapping exists.]
02-17 10:09:50.045 I/am_wtf ( 1524): [0,1524,system_server,-1,DisplayDeviceConfig,requesting nits when no mapping exists.]
02-17 10:09:50.046 I/am_wtf ( 1524): [0,1524,system_server,-1,DisplayDeviceConfig,requesting nits when no mapping exists.]
02-17 10:09:50.062 I/am_wtf ( 1524): [0,1524,system_server,-1,DisplayDeviceConfig,requesting nits when no mapping exists.]
02-17 10:09:50.063 I/am_wtf ( 1524): [0,1524,system_server,-1,DisplayDeviceConfig,requesting nits when no mapping exists.]
02-17 10:09:50.078 I/am_wtf ( 1524): [0,1524,system_server,-1,DisplayDeviceConfig,requesting nits when no mapping exists.]
02-17 10:09:50.079 I/am_wtf ( 1524): [0,1524,system_server,-1,DisplayDeviceConfig,requesting nits when no mapping exists.]
02-17 10:09:50.095 I/am_wtf ( 1524): [0,1524,system_server,-1,DisplayDeviceConfig,requesting nits when no mapping exists.]
02-17 10:09:50.096 I/am_wtf ( 1524): [0,1524,system_server,-1,DisplayDeviceConfig,requesting nits when no mapping exists.]
02-17 10:09:50.112 I/am_wtf ( 1524): [0,1524,system_server,-1,DisplayDeviceConfig,requesting nits when no mapping exists.]
02-17 10:09:50.113 I/am_wtf ( 1524): [0,1524,system_server,-1,DisplayDeviceConfig,requesting nits when no mapping exists.]
02-17 10:09:50.129 I/am_wtf ( 1524): [0,1524,system_server,-1,DisplayDeviceConfig,requesting nits when no mapping exists.]
02-17 10:09:50.129 I/am_wtf ( 1524): [0,1524,system_server,-1,DisplayDeviceConfig,requesting nits when no mapping exists.]
02-17 10:09:50.146 I/am_wtf ( 1524): [0,1524,system_server,-1,DisplayDeviceConfig,requesting nits when no mapping exists.]
02-17 10:09:50.147 I/am_wtf ( 1524): [0,1524,system_server,-1,DisplayDeviceConfig,requesting nits when no mapping exists.]
02-17 10:09:50.162 I/am_wtf ( 1524): [0,1524,system_server,-1,DisplayDeviceConfig,requesting nits when no mapping exists.]
02-17 10:09:50.163 I/am_wtf ( 1524): [0,1524,system_server,-1,DisplayDeviceConfig,requesting nits when no mapping exists.]
02-17 10:09:50.179 I/am_wtf ( 1524): [0,1524,system_server,-1,DisplayDeviceConfig,requesting nits when no mapping exists.]
02-17 10:09:50.180 I/am_wtf ( 1524): [0,1524,system_server,-1,DisplayDeviceConfig,requesting nits when no mapping exists.]
02-17 10:09:50.196 I/am_wtf ( 1524): [0,1524,system_server,-1,DisplayDeviceConfig,requesting nits when no mapping exists.]
02-17 10:09:50.196 I/am_wtf ( 1524): [0,1524,system_server,-1,DisplayDeviceConfig,requesting nits when no mapping exists.]
02-17 10:09:50.212 I/am_wtf ( 1524): [0,1524,system_server,-1,DisplayDeviceConfig,requesting nits when no mapping exists.]
02-17 10:09:50.213 I/am_wtf ( 1524): [0,1524,system_server,-1,DisplayDeviceConfig,requesting nits when no mapping exists.]
02-17 10:09:50.229 I/am_wtf ( 1524): [0,1524,system_server,-1,DisplayDeviceConfig,requesting nits when no mapping exists.]
02-17 10:09:50.230 I/am_wtf ( 1524): [0,1524,system_server,-1,DisplayDeviceConfig,requesting nits when no mapping exists.]
02-17 10:09:50.246 I/am_wtf ( 1524): [0,1524,system_server,-1,DisplayDeviceConfig,requesting nits when no mapping exists.]
02-17 10:09:50.247 I/am_wtf ( 1524): [0,1524,system_server,-1,DisplayDeviceConfig,requesting nits when no mapping exists.]
02-17 10:09:50.262 I/am_wtf ( 1524): [0,1524,system_server,-1,DisplayDeviceConfig,requesting nits when no mapping exists.]
02-17 10:09:50.263 I/am_wtf ( 1524): [0,1524,system_server,-1,DisplayDeviceConfig,requesting nits when no mapping exists.]
02-17 10:09:50.279 I/am_wtf ( 1524): [0,1524,system_server,-1,DisplayDeviceConfig,requesting nits when no mapping exists.]
02-17 10:09:50.280 I/am_wtf ( 1524): [0,1524,system_server,-1,DisplayDeviceConfig,requesting nits when no mapping exists.]
02-17 10:09:50.297 I/am_wtf ( 1524): [0,1524,system_server,-1,DisplayDeviceConfig,requesting nits when no mapping exists.]
02-17 10:09:50.297 I/am_wtf ( 1524): [0,1524,system_server,-1,DisplayDeviceConfig,requesting nits when no mapping exists.]
02-17 10:09:50.313 I/am_wtf ( 1524): [0,1524,system_server,-1,DisplayDeviceConfig,requesting nits when no mapping exists.]
02-17 10:09:50.314 I/am_wtf ( 1524): [0,1524,system_server,-1,DisplayDeviceConfig,requesting nits when no mapping exists.]
02-17 10:09:50.329 I/am_wtf ( 1524): [0,1524,system_server,-1,DisplayDeviceConfig,requesting nits when no mapping exists.]
02-17 10:09:50.330 I/am_wtf ( 1524): [0,1524,system_server,-1,DisplayDeviceConfig,requesting nits when no mapping exists.]
02-17 10:09:50.346 I/am_wtf ( 1524): [0,1524,system_server,-1,DisplayDeviceConfig,requesting nits when no mapping exists.]
02-17 10:09:50.347 I/am_wtf ( 1524): [0,1524,system_server,-1,DisplayDeviceConfig,requesting nits when no mapping exists.]
02-17 10:09:50.363 I/am_wtf ( 1524): [0,1524,system_server,-1,DisplayDeviceConfig,requesting nits when no mapping exists.]
02-17 10:09:50.363 I/am_wtf ( 1524): [0,1524,system_server,-1,DisplayDeviceConfig,requesting nits when no mapping exists.]
02-17 10:09:50.379 I/am_wtf ( 1524): [0,1524,system_server,-1,DisplayDeviceConfig,requesting nits when no mapping exists.]
02-17 10:09:50.380 I/am_wtf ( 1524): [0,1524,system_server,-1,DisplayDeviceConfig,requesting nits when no mapping exists.]
02-17 10:09:50.396 I/am_wtf ( 1524): [0,1524,system_server,-1,DisplayDeviceConfig,requesting nits when no mapping exists.]
02-17 10:09:50.397 I/am_wtf ( 1524): [0,1524,system_server,-1,DisplayDeviceConfig,requesting nits when no mapping exists.]
02-17 10:09:50.413 I/am_wtf ( 1524): [0,1524,system_server,-1,DisplayDeviceConfig,requesting nits when no mapping exists.]
02-17 10:09:50.413 I/am_wtf ( 1524): [0,1524,system_server,-1,DisplayDeviceConfig,requesting nits when no mapping exists.]
02-17 10:09:50.429 I/am_wtf ( 1524): [0,1524,system_server,-1,DisplayDeviceConfig,requesting nits when no mapping exists.]
02-17 10:09:50.430 I/am_wtf ( 1524): [0,1524,system_server,-1,DisplayDeviceConfig,requesting nits when no mapping exists.]
02-17 10:09:50.446 I/am_wtf ( 1524): [0,1524,system_server,-1,DisplayDeviceConfig,requesting nits when no mapping exists.]
02-17 10:09:50.448 I/am_wtf ( 1524): [0,1524,system_server,-1,DisplayDeviceConfig,requesting nits when no mapping exists.]
02-17 10:09:50.939 I/auditd ( 0): type=1400 audit(0.0:24491): avc: denied { kill } for comm="swapper/3" capability=5 scontext=u:r:kernel:s0 tcontext=u:r:kernel:s0 tclass=capability permissive=0
02-17 10:09:51.939 I/auditd ( 0): type=1400 audit(0.0:24492): avc: denied { kill } for comm="swapper/3" capability=5 scontext=u:r:kernel:s0 tcontext=u:r:kernel:s0 tclass=capability permissive=0
02-17 10:09:52.939 I/auditd ( 0): type=1400 audit(0.0:24493): avc: denied { kill } for comm="swapper/3" capability=5 scontext=u:r:kernel:s0 tcontext=u:r:kernel:s0 tclass=capability permissive=0
02-17 10:09:53.935 I/auditd ( 0): type=1400 audit(0.0:24494): avc: denied { kill } for comm="swapper/3" capability=5 scontext=u:r:kernel:s0 tcontext=u:r:kernel:s0 tclass=capability permissive=0
02-17 10:09:54.935 I/auditd ( 0): type=1400 audit(0.0:24495): avc: denied { kill } for comm="swapper/3" capability=5 scontext=u:r:kernel:s0 tcontext=u:r:kernel:s0 tclass=capability permissive=0
02-17 10:09:55.939 I/auditd ( 0): type=1400 audit(0.0:24496): avc: denied { kill } for comm="swapper/3" capability=5 scontext=u:r:kernel:s0 tcontext=u:r:kernel:s0 tclass=capability permissive=0
02-17 10:09:56.530 I/sysui_multi_action( 1524): [757,222,758,1]
02-17 10:09:56.532 I/am_uid_active( 1524): 10040
02-17 10:09:56.537 I/sysui_multi_action( 1524): [757,317,758,4,759,1]
02-17 10:09:56.539 I/am_pss ( 1524): [21366,1000,com.android.settings,194633728,175534080,0,334516224,0,2,19]
02-17 10:09:56.540 I/am_kill ( 1524): [0,21245,com.android.systemui,-800,user request after error]
02-17 10:09:56.548 I/am_pss ( 1524): [20712,1000,com.qti.diagservices,6121472,3837952,0,93487104,0,10,7]
02-17 10:09:56.553 I/wm_task_created( 1524): [132,-1]
02-17 10:09:56.556 I/wm_task_moved( 1524): [132,1,7]
02-17 10:09:56.556 I/wm_task_to_front( 1524): [0,132]
02-17 10:09:56.556 I/wm_create_task( 1524): [0,132]
02-17 10:09:56.556 I/wm_create_activity( 1524): [0,129411697,132,com.thundercomm.screensaver/android.service.dreams.DreamActivity,NULL,NULL,NULL,276824064]
02-17 10:09:56.556 I/wm_task_moved( 1524): [132,1,7]
02-17 10:09:56.556 I/wm_on_top_resumed_lost_called(21366): [187916372,com.android.settings.Settings,topStateChangedWhenResumed]
02-17 10:09:56.557 I/wm_pause_activity( 1524): [0,187916372,com.android.settings/.Settings,userLeaving=true,pauseBackTasks]
02-17 10:09:56.619 I/am_proc_died( 1524): [0,21245,com.android.systemui,-800,1]
02-17 10:09:56.624 I/wm_task_removed( 1524): [124,setTaskOrganizer]
02-17 10:09:56.624 I/wm_task_removed( 1524): [125,setTaskOrganizer]
02-17 10:09:56.624 I/wm_task_removed( 1524): [126,setTaskOrganizer]
02-17 10:09:56.624 I/wm_task_removed( 1524): [127,setTaskOrganizer]
02-17 10:09:56.624 I/wm_task_removed( 1524): [128,setTaskOrganizer]
02-17 10:09:56.635 I/input_focus( 1524): [Focus request 1377f9b com.android.settings/com.android.settings.Settings,reason=UpdateInputWindows]
02-17 10:09:56.635 I/am_schedule_service_restart( 1524): [0,com.android.systemui/.keyguard.KeyguardService,0]
02-17 10:09:56.636 I/am_schedule_service_restart( 1524): [0,com.android.systemui/.ImageWallpaper,0]
02-17 10:09:56.636 I/am_schedule_service_restart( 1524): [0,com.android.systemui/.SystemUIService,0]
02-17 10:09:56.636 I/am_schedule_service_restart( 1524): [0,com.android.systemui/.dump.SystemUIAuxiliaryDumpService,0]
02-17 10:09:56.637 I/am_uid_stopped( 1524): 10080
02-17 10:09:56.637 I/am_uid_running( 1524): 10080
02-17 10:09:56.638 I/sysui_multi_action(21366): [757,35,758,2,1089,115310]
02-17 10:09:56.639 I/sysui_multi_action(21366): [757,46,758,2,1089,115307]
02-17 10:09:56.639 I/wm_on_paused_called(21366): [187916372,com.android.settings.Settings,performPause]
02-17 10:09:56.640 I/wm_add_to_stopping( 1524): [0,187916372,com.android.settings/.Settings,makeInvisible]
02-17 10:09:56.641 I/wm_restart_activity( 1524): [0,129411697,132,com.thundercomm.screensaver/android.service.dreams.DreamActivity]
02-17 10:09:56.641 I/wm_set_resumed_activity( 1524): [0,com.thundercomm.screensaver/android.service.dreams.DreamActivity,minimalResumeActivityLocked]
02-17 10:09:56.642 I/am_proc_start( 1524): [0,22047,10080,com.android.systemui,restart,com.android.systemui]
02-17 10:09:56.643 I/wm_set_keyguard_shown( 1524): [1,0,0,setKeyguardShown]
02-17 10:09:56.660 I/wm_pause_activity( 1524): [0,129411697,com.thundercomm.screensaver/android.service.dreams.DreamActivity,userLeaving=false,sleep]
02-17 10:09:56.660 I/wm_add_to_stopping( 1524): [0,129411697,com.thundercomm.screensaver/android.service.dreams.DreamActivity,makeInvisible]
02-17 10:09:56.661 I/am_proc_bound( 1524): [0,22047,com.android.systemui]
02-17 10:09:56.662 I/am_uid_active( 1524): 10080
02-17 10:09:56.665 I/wm_on_create_called(19147): [129411697,android.service.dreams.DreamActivity,performCreate]
02-17 10:09:56.666 I/wm_on_start_called(19147): [129411697,android.service.dreams.DreamActivity,handleStartActivity]
02-17 10:09:56.667 I/sysui_multi_action( 1524): [757,803,799,window_time_0,802,115]
02-17 10:09:56.669 I/sysui_multi_action( 1524): [757,1144,758,8,806,com.thundercomm.screensaver,871,android.service.dreams.DreamActivity]
02-17 10:09:56.671 I/wm_on_resume_called(19147): [129411697,android.service.dreams.DreamActivity,RESUME_ACTIVITY]
02-17 10:09:56.674 I/am_uid_active( 1524): 10062
02-17 10:09:56.675 I/wm_set_resumed_activity( 1524): [0,com.thundercomm.screensaver/android.service.dreams.DreamActivity,resumeTopActivityInnerLocked]
02-17 10:09:56.677 I/wm_resume_activity( 1524): [0,129411697,132,com.thundercomm.screensaver/android.service.dreams.DreamActivity]
02-17 10:09:56.680 I/sysui_multi_action( 1524): [757,803,799,window_time_0,802,0]
02-17 10:09:56.681 I/wm_on_top_resumed_gained_called(19147): [129411697,android.service.dreams.DreamActivity,topStateChangedWhenResumed]
02-17 10:09:56.681 I/wm_on_top_resumed_lost_called(19147): [129411697,android.service.dreams.DreamActivity,topStateChangedWhenResumed]
02-17 10:09:56.682 I/wm_on_paused_called(19147): [129411697,android.service.dreams.DreamActivity,performPause]
02-17 10:09:56.682 I/wm_failed_to_pause( 1524): [0,129411697,com.thundercomm.screensaver/android.service.dreams.DreamActivity,(none)]
02-17 10:09:56.690 I/input_focus( 1524): [Focus request 5b75aa2 com.thundercomm.screensaver/android.service.dreams.DreamActivity,reason=UpdateInputWindows]
02-17 10:09:56.694 I/wm_on_resume_called(19147): [129411697,android.service.dreams.DreamActivity,RESUME_ACTIVITY]
02-17 10:09:56.694 I/wm_on_top_resumed_gained_called(19147): [129411697,android.service.dreams.DreamActivity,topStateChangedWhenResumed]
02-17 10:09:56.702 I/sysui_multi_action( 1524): [757,1696,758,6,759,3]
02-17 10:09:56.706 I/wm_task_created( 1524): [133,-1]
02-17 10:09:56.707 I/wm_task_created( 1524): [134,-1]
02-17 10:09:56.710 I/am_wtf ( 1524): [0,1524,system_server,-1,DisplayDeviceConfig,requesting nits when no mapping exists.]
02-17 10:09:56.712 I/am_wtf ( 1524): [0,1524,system_server,-1,DisplayDeviceConfig,requesting nits when no mapping exists.]
02-17 10:09:56.718 I/wm_task_created( 1524): [135,-1]
02-17 10:09:56.719 I/wm_task_created( 1524): [136,-1]
02-17 10:09:56.720 I/wm_task_created( 1524): [137,-1]
02-17 10:09:56.728 I/am_wtf ( 1524): [0,1524,system_server,-1,DisplayDeviceConfig,requesting nits when no mapping exists.]
02-17 10:09:56.728 I/input_focus( 1524): [Focus entering 5b75aa2 com.thundercomm.screensaver/android.service.dreams.DreamActivity (server),reason=Window became focusable. Previous reason: NOT_VISIBLE]
02-17 10:09:56.729 I/am_wtf ( 1524): [0,1524,system_server,-1,DisplayDeviceConfig,requesting nits when no mapping exists.]
02-17 10:09:56.744 I/am_wtf ( 1524): [0,1524,system_server,-1,DisplayDeviceConfig,requesting nits when no mapping exists.]
02-17 10:09:56.745 I/am_wtf ( 1524): [0,1524,system_server,-1,DisplayDeviceConfig,requesting nits when no mapping exists.]
02-17 10:09:56.747 D/TelephonyRegistry( 1524): listen oscl: mHasNotifySubscriptionInfoChangedOccurred==false no callback
02-17 10:09:56.760 I/am_wtf ( 1524): [0,1524,system_server,-1,DisplayDeviceConfig,requesting nits when no mapping exists.]
02-17 10:09:56.761 I/am_wtf ( 1524): [0,1524,system_server,-1,DisplayDeviceConfig,requesting nits when no mapping exists.]
02-17 10:09:56.777 I/am_wtf ( 1524): [0,1524,system_server,-1,DisplayDeviceConfig,requesting nits when no mapping exists.]
02-17 10:09:56.777 I/am_wtf ( 1524): [0,1524,system_server,-1,DisplayDeviceConfig,requesting nits when no mapping exists.]
02-17 10:09:56.784 I/notification_enqueue( 1524): [10080,22047,com.android.systemui,1,empty_media,0,Notification(channel=empty_media_style_id shortcut=null contentView=null vibrate=null sound=null defaults=0x0 flags=0x20 color=0x00000000 category=transport actions=4 vis=PRIVATE),1]
02-17 10:09:56.795 I/am_wtf ( 1524): [0,1524,system_server,-1,DisplayDeviceConfig,requesting nits when no mapping exists.]
02-17 10:09:56.795 I/am_wtf ( 1524): [0,1524,system_server,-1,DisplayDeviceConfig,requesting nits when no mapping exists.]
02-17 10:09:56.798 I/notification_cancel_all( 1524): [1000,1524,com.android.systemui,0,0,0,20,NULL]
02-17 10:09:56.800 I/wm_set_keyguard_shown( 1524): [0,0,0,setKeyguardShown]
02-17 10:09:56.811 I/am_wtf ( 1524): [0,1524,system_server,-1,DisplayDeviceConfig,requesting nits when no mapping exists.]
02-17 10:09:56.811 I/am_wtf ( 1524): [0,1524,system_server,-1,DisplayDeviceConfig,requesting nits when no mapping exists.]
02-17 10:09:56.827 I/am_wtf ( 1524): [0,1524,system_server,-1,DisplayDeviceConfig,requesting nits when no mapping exists.]
02-17 10:09:56.828 I/am_wtf ( 1524): [0,1524,system_server,-1,DisplayDeviceConfig,requesting nits when no mapping exists.]
