02-17 10:13:29.734 I/input_interaction( 1524): Interaction with: 21c20aa com.thundercomm.screensaver/android.service.dreams.DreamActivity (server), edge-swipe (server), swipe-up (server), PointerEventDispatcher0 (server),
02-17 10:13:29.735 I/wm_finish_activity( 1524): [0,18552990,144,com.thundercomm.screensaver/android.service.dreams.DreamActivity,finish-activity]
02-17 10:13:29.735 I/wm_task_moved( 1524): [129,1,6]
02-17 10:13:29.735 I/wm_task_to_front( 1524): [0,129]
02-17 10:13:29.735 I/wm_focused_root_task( 1524): [0,0,129,144,finish-top adjustFocusToNextFocusableTask]
02-17 10:13:29.736 I/wm_pause_activity( 1524): [0,18552990,com.thundercomm.screensaver/android.service.dreams.DreamActivity,userLeaving=false,finish]
02-17 10:13:29.738 I/sysui_multi_action( 1524): [757,803,799,window_time_0,802,2]
02-17 10:13:29.738 I/wm_on_top_resumed_lost_called(19147): [18552990,android.service.dreams.DreamActivity,topStateChangedWhenResumed]
02-17 10:13:29.738 I/wm_on_paused_called(19147): [18552990,android.service.dreams.DreamActivity,performPause]
02-17 10:13:29.738 I/wm_add_to_stopping( 1524): [0,18552990,com.thundercomm.screensaver/android.service.dreams.DreamActivity,completeFinishing]
02-17 10:13:29.739 I/wm_set_resumed_activity( 1524): [0,com.android.settings/.Settings,resumeTopActivityInnerLocked]
02-17 10:13:29.740 I/wm_resume_activity( 1524): [0,187916372,129,com.android.settings/.Settings]
02-17 10:13:29.742 I/input_focus( 1524): [Focus leaving 21c20aa com.thundercomm.screensaver/android.service.dreams.DreamActivity (server),reason=NO_WINDOW]
02-17 10:13:29.743 I/view_enqueue_input_event(19147): [Motion - Cancel,com.thundercomm.screensaver/android.service.dreams.DreamActivity]
02-17 10:13:29.743 I/sysui_multi_action( 1524): [757,803,799,window_time_0,802,0]
02-17 10:13:29.745 I/input_interaction( 1524): Interaction with: edge-swipe (server), swipe-up (server), PointerEventDispatcher0 (server),
02-17 10:13:29.759 I/wm_on_restart_called(21366): [187916372,com.android.settings.Settings,performRestartActivity]
02-17 10:13:29.762 I/wm_on_start_called(21366): [187916372,com.android.settings.Settings,handleStartActivity]
02-17 10:13:29.763 I/snet_event_log(21366): [120484087,-1,]
02-17 10:13:29.763 I/wm_on_resume_called(21366): [187916372,com.android.settings.Settings,RESUME_ACTIVITY]
02-17 10:13:29.763 I/sysui_multi_action(21366): [757,35,758,1,833,0,1089,0]
02-17 10:13:29.765 I/sysui_multi_action(21366): [757,46,758,1,833,0,1089,0]
02-17 10:13:29.768 I/wm_on_top_resumed_gained_called(21366): [187916372,com.android.settings.Settings,topWhenResuming]
02-17 10:13:29.777 I/input_focus( 1524): [Focus request 1377f9b com.android.settings/com.android.settings.Settings,reason=UpdateInputWindows]
02-17 10:13:29.792 I/input_focus( 1524): [Focus entering 1377f9b com.android.settings/com.android.settings.Settings (server),reason=setFocusedWindow]
02-17 10:13:30.297 I/wm_destroy_activity( 1524): [0,18552990,144,com.thundercomm.screensaver/android.service.dreams.DreamActivity,finish-imm:idle]
02-17 10:13:30.319 I/wm_on_stop_called(19147): [18552990,android.service.dreams.DreamActivity,LIFECYCLER_STOP_ACTIVITY]
02-17 10:13:30.320 I/wm_on_destroy_called(19147): [18552990,android.service.dreams.DreamActivity,performDestroy]
02-17 10:13:30.322 I/sysui_multi_action( 1524): [757,222,758,2]
02-17 10:13:30.322 I/sysui_multi_action( 1524): [757,804,799,dreaming_minutes,801,0,802,1]
02-17 10:13:30.332 I/wm_task_removed( 1524): [144,removeChild:removeChild last r=ActivityRecord{11b189e u0 com.thundercomm.screensaver/android.service.dreams.DreamActivity t-1 f}} in t=Task{c9d9005 #144 type=dream A=10040:android:com.thundercomm.screensaver/dream U=0 visible=false mode=fullscreen translucent=true sz=0}]
02-17 10:13:30.332 I/wm_task_removed( 1524): [144,removeChild]
02-17 10:13:30.935 I/auditd ( 0): type=1400 audit(0.0:24810): avc: denied { kill } for comm="swapper/7" capability=5 scontext=u:r:kernel:s0 tcontext=u:r:kernel:s0 tclass=capability permissive=0
02-17 10:13:31.939 I/auditd ( 0): type=1400 audit(0.0:24811): avc: denied { kill } for comm="swapper/7" capability=5 scontext=u:r:kernel:s0 tcontext=u:r:kernel:s0 tclass=capability permissive=0
02-17 10:13:32.939 I/auditd ( 0): type=1400 audit(0.0:24812): avc: denied { kill } for comm="swapper/7" capability=5 scontext=u:r:kernel:s0 tcontext=u:r:kernel:s0 tclass=capability permissive=0
02-17 10:13:33.939 I/auditd ( 0): type=1400 audit(0.0:24813): avc: denied { kill } for comm="swapper/7" capability=5 scontext=u:r:kernel:s0 tcontext=u:r:kernel:s0 tclass=capability permissive=0
02-17 10:13:34.939 I/auditd ( 0): type=1400 audit(0.0:24814): avc: denied { kill } for comm="swapper/7" capability=5 scontext=u:r:kernel:s0 tcontext=u:r:kernel:s0 tclass=capability permissive=0
02-17 10:13:35.939 I/auditd ( 0): type=1400 audit(0.0:24815): avc: denied { kill } for comm="swapper/7" capability=5 scontext=u:r:kernel:s0 tcontext=u:r:kernel:s0 tclass=capability permissive=0
02-17 10:13:36.935 I/auditd ( 0): type=1400 audit(0.0:24816): avc: denied { kill } for comm="swapper/1" capability=5 scontext=u:r:kernel:s0 tcontext=u:r:kernel:s0 tclass=capability permissive=0
02-17 10:13:37.935 I/auditd ( 0): type=1400 audit(0.0:24817): avc: denied { kill } for comm="swapper/1" capability=5 scontext=u:r:kernel:s0 tcontext=u:r:kernel:s0 tclass=capability permissive=0
02-17 10:13:38.939 I/auditd ( 0): type=1400 audit(0.0:24818): avc: denied { kill } for comm="swapper/1" capability=5 scontext=u:r:kernel:s0 tcontext=u:r:kernel:s0 tclass=capability permissive=0
02-17 10:13:39.939 I/auditd ( 0): type=1400 audit(0.0:24819): avc: denied { kill } for comm="swapper/1" capability=5 scontext=u:r:kernel:s0 tcontext=u:r:kernel:s0 tclass=capability permissive=0
02-17 10:13:40.939 I/auditd ( 0): type=1400 audit(0.0:24820): avc: denied { kill } for comm="swapper/1" capability=5 scontext=u:r:kernel:s0 tcontext=u:r:kernel:s0 tclass=capability permissive=0
02-17 10:13:41.939 I/auditd ( 0): type=1400 audit(0.0:24821): avc: denied { kill } for comm="swapper/1" capability=5 scontext=u:r:kernel:s0 tcontext=u:r:kernel:s0 tclass=capability permissive=0
02-17 10:13:42.939 I/auditd ( 0): type=1400 audit(0.0:24822): avc: denied { kill } for comm="swapper/1" capability=5 scontext=u:r:kernel:s0 tcontext=u:r:kernel:s0 tclass=capability permissive=0
02-17 10:13:43.939 I/auditd ( 0): type=1400 audit(0.0:24823): avc: denied { kill } for comm="swapper/1" capability=5 scontext=u:r:kernel:s0 tcontext=u:r:kernel:s0 tclass=capability permissive=0
02-17 10:13:44.935 I/auditd ( 0): type=1400 audit(0.0:24824): avc: denied { kill } for comm="swapper/1" capability=5 scontext=u:r:kernel:s0 tcontext=u:r:kernel:s0 tclass=capability permissive=0
02-17 10:13:45.939 I/auditd ( 0): type=1400 audit(0.0:24825): avc: denied { kill } for comm="swapper/1" capability=5 scontext=u:r:kernel:s0 tcontext=u:r:kernel:s0 tclass=capability permissive=0
02-17 10:13:46.939 I/auditd ( 0): type=1400 audit(0.0:24826): avc: denied { kill } for comm="swapper/1" capability=5 scontext=u:r:kernel:s0 tcontext=u:r:kernel:s0 tclass=capability permissive=0
02-17 10:13:47.935 I/auditd ( 0): type=1400 audit(0.0:24827): avc: denied { kill } for comm="swapper/1" capability=5 scontext=u:r:kernel:s0 tcontext=u:r:kernel:s0 tclass=capability permissive=0
02-17 10:13:48.939 I/auditd ( 0): type=1400 audit(0.0:24828): avc: denied { kill } for comm="swapper/1" capability=5 scontext=u:r:kernel:s0 tcontext=u:r:kernel:s0 tclass=capability permissive=0
02-17 10:13:49.935 I/auditd ( 0): type=1400 audit(0.0:24829): avc: denied { kill } for comm="swapper/1" capability=5 scontext=u:r:kernel:s0 tcontext=u:r:kernel:s0 tclass=capability permissive=0
02-17 10:13:50.939 I/auditd ( 0): type=1400 audit(0.0:24830): avc: denied { kill } for comm="swapper/1" capability=5 scontext=u:r:kernel:s0 tcontext=u:r:kernel:s0 tclass=capability permissive=0
02-17 10:13:51.935 I/auditd ( 0): type=1400 audit(0.0:24831): avc: denied { kill } for comm="swapper/1" capability=5 scontext=u:r:kernel:s0 tcontext=u:r:kernel:s0 tclass=capability permissive=0
02-17 10:13:52.939 I/auditd ( 0): type=1400 audit(0.0:24832): avc: denied { kill } for comm="swapper/1" capability=5 scontext=u:r:kernel:s0 tcontext=u:r:kernel:s0 tclass=capability permissive=0
02-17 10:13:53.939 I/auditd ( 0): type=1400 audit(0.0:24833): avc: denied { kill } for comm="swapper/1" capability=5 scontext=u:r:kernel:s0 tcontext=u:r:kernel:s0 tclass=capability permissive=0
02-17 10:13:54.939 I/auditd ( 0): type=1400 audit(0.0:24834): avc: denied { kill } for comm="swapper/1" capability=5 scontext=u:r:kernel:s0 tcontext=u:r:kernel:s0 tclass=capability permissive=0
02-17 10:13:55.939 I/auditd ( 0): type=1400 audit(0.0:24835): avc: denied { kill } for comm="swapper/1" capability=5 scontext=u:r:kernel:s0 tcontext=u:r:kernel:s0 tclass=capability permissive=0
02-17 10:13:56.939 I/auditd ( 0): type=1400 audit(0.0:24836): avc: denied { kill } for comm="swapper/1" capability=5 scontext=u:r:kernel:s0 tcontext=u:r:kernel:s0 tclass=capability permissive=0
02-17 10:13:57.935 I/auditd ( 0): type=1400 audit(0.0:24837): avc: denied { kill } for comm="swapper/1" capability=5 scontext=u:r:kernel:s0 tcontext=u:r:kernel:s0 tclass=capability permissive=0
02-17 10:13:58.939 I/auditd ( 0): type=1400 audit(0.0:24838): avc: denied { kill } for comm="swapper/1" capability=5 scontext=u:r:kernel:s0 tcontext=u:r:kernel:s0 tclass=capability permissive=0
02-17 10:13:59.939 I/auditd (16821): type=1400 audit(0.0:24839): avc: denied { kill } for comm="kworker/u16:13" capability=5 scontext=u:r:kernel:s0 tcontext=u:r:kernel:s0 tclass=capability permissive=0
02-17 10:14:00.939 I/auditd ( 0): type=1400 audit(0.0:24840): avc: denied { kill } for comm="swapper/1" capability=5 scontext=u:r:kernel:s0 tcontext=u:r:kernel:s0 tclass=capability permissive=0
02-17 10:14:01.939 I/auditd ( 0): type=1400 audit(0.0:24841): avc: denied { kill } for comm="swapper/1" capability=5 scontext=u:r:kernel:s0 tcontext=u:r:kernel:s0 tclass=capability permissive=0
02-17 10:14:02.939 I/auditd ( 0): type=1400 audit(0.0:24842): avc: denied { kill } for comm="swapper/1" capability=5 scontext=u:r:kernel:s0 tcontext=u:r:kernel:s0 tclass=capability permissive=0
02-17 10:14:03.939 I/auditd ( 0): type=1400 audit(0.0:24843): avc: denied { kill } for comm="swapper/1" capability=5 scontext=u:r:kernel:s0 tcontext=u:r:kernel:s0 tclass=capability permissive=0
02-17 10:14:04.939 I/auditd ( 0): type=1400 audit(0.0:24844): avc: denied { kill } for comm="swapper/1" capability=5 scontext=u:r:kernel:s0 tcontext=u:r:kernel:s0 tclass=capability permissive=0
02-17 10:14:05.939 I/auditd ( 0): type=1400 audit(0.0:24845): avc: denied { kill } for comm="swapper/1" capability=5 scontext=u:r:kernel:s0 tcontext=u:r:kernel:s0 tclass=capability permissive=0
02-17 10:14:06.939 I/auditd ( 0): type=1400 audit(0.0:24846): avc: denied { kill } for comm="swapper/1" capability=5 scontext=u:r:kernel:s0 tcontext=u:r:kernel:s0 tclass=capability permissive=0
02-17 10:14:07.939 I/auditd ( 0): type=1400 audit(0.0:24847): avc: denied { kill } for comm="swapper/1" capability=5 scontext=u:r:kernel:s0 tcontext=u:r:kernel:s0 tclass=capability permissive=0
02-17 10:14:08.939 I/auditd ( 0): type=1400 audit(0.0:24848): avc: denied { kill } for comm="swapper/1" capability=5 scontext=u:r:kernel:s0 tcontext=u:r:kernel:s0 tclass=capability permissive=0
02-17 10:14:09.939 I/auditd ( 0): type=1400 audit(0.0:24849): avc: denied { kill } for comm="swapper/1" capability=5 scontext=u:r:kernel:s0 tcontext=u:r:kernel:s0 tclass=capability permissive=0
02-17 10:14:10.939 I/auditd ( 0): type=1400 audit(0.0:24850): avc: denied { kill } for comm="swapper/1" capability=5 scontext=u:r:kernel:s0 tcontext=u:r:kernel:s0 tclass=capability permissive=0
02-17 10:14:11.939 I/auditd ( 0): type=1400 audit(0.0:24851): avc: denied { kill } for comm="swapper/1" capability=5 scontext=u:r:kernel:s0 tcontext=u:r:kernel:s0 tclass=capability permissive=0
02-17 10:14:12.939 I/auditd ( 0): type=1400 audit(0.0:24852): avc: denied { kill } for comm="swapper/1" capability=5 scontext=u:r:kernel:s0 tcontext=u:r:kernel:s0 tclass=capability permissive=0
02-17 10:14:13.939 I/auditd ( 0): type=1400 audit(0.0:24853): avc: denied { kill } for comm="swapper/1" capability=5 scontext=u:r:kernel:s0 tcontext=u:r:kernel:s0 tclass=capability permissive=0
02-17 10:14:14.939 I/auditd ( 0): type=1400 audit(0.0:24854): avc: denied { kill } for comm="swapper/1" capability=5 scontext=u:r:kernel:s0 tcontext=u:r:kernel:s0 tclass=capability permissive=0
02-17 10:14:15.939 I/auditd ( 0): type=1400 audit(0.0:24855): avc: denied { kill } for comm="swapper/1" capability=5 scontext=u:r:kernel:s0 tcontext=u:r:kernel:s0 tclass=capability permissive=0
02-17 10:14:16.939 I/auditd ( 0): type=1400 audit(0.0:24856): avc: denied { kill } for comm="swapper/1" capability=5 scontext=u:r:kernel:s0 tcontext=u:r:kernel:s0 tclass=capability permissive=0
02-17 10:14:17.939 I/auditd ( 0): type=1400 audit(0.0:24857): avc: denied { kill } for comm="swapper/1" capability=5 scontext=u:r:kernel:s0 tcontext=u:r:kernel:s0 tclass=capability permissive=0
02-17 10:14:18.939 I/auditd ( 0): type=1400 audit(0.0:24858): avc: denied { kill } for comm="swapper/1" capability=5 scontext=u:r:kernel:s0 tcontext=u:r:kernel:s0 tclass=capability permissive=0
02-17 10:14:19.935 I/auditd ( 0): type=1400 audit(0.0:24859): avc: denied { kill } for comm="swapper/1" capability=5 scontext=u:r:kernel:s0 tcontext=u:r:kernel:s0 tclass=capability permissive=0
02-17 10:14:20.939 I/auditd ( 0): type=1400 audit(0.0:24860): avc: denied { kill } for comm="swapper/1" capability=5 scontext=u:r:kernel:s0 tcontext=u:r:kernel:s0 tclass=capability permissive=0
02-17 10:14:21.935 I/auditd ( 0): type=1400 audit(0.0:24861): avc: denied { kill } for comm="swapper/1" capability=5 scontext=u:r:kernel:s0 tcontext=u:r:kernel:s0 tclass=capability permissive=0
02-17 10:14:22.388 I/input_interaction( 1524): Interaction with: a0a10ec StatusBar (server), edge-swipe (server), swipe-up (server), PointerEventDispatcher0 (server),
02-17 10:14:22.391 I/sysui_multi_action(22372): [757,803,799,panel_open,802,1]
02-17 10:14:22.392 I/sysui_multi_action(22372): [757,1328,758,4,1326,52,1327,1,1329,0]
02-17 10:14:22.431 I/sysui_multi_action( 1524): [757,127,758,1]
02-17 10:14:22.431 I/sysui_multi_action( 1524): [757,804,799,note_load,801,3,802,1]
02-17 10:14:22.431 I/notification_panel_revealed( 1524): 3
02-17 10:14:22.441 I/input_focus( 1524): [Focus request ef6fa43 NotificationShade,reason=UpdateInputWindows]
02-17 10:14:22.450 I/sysui_multi_action( 1524): [757,128,758,1,793,21887061,794,0,795,21887061,796,26,798,0,806,android,857,DEVELOPER_IMPORTANT,858,4,947,0,1395,3,1500,21886854,1688,1]
02-17 10:14:22.450 I/sysui_multi_action( 1524): [757,804,799,note_freshness,801,21887061,802,1]
02-17 10:14:22.450 I/notification_visibility( 1524): [-1|android|26|null|1000,1,21887061,21887061,0,0]
02-17 10:14:22.450 I/sysui_multi_action( 1524): [757,128,758,1,793,7119984,794,0,795,7119984,796,4273,798,1,806,com.android.systemui,857,screen_record,858,3,947,0,1395,3,1500,7119780,1688,1,1745,680407814]
02-17 10:14:22.451 I/sysui_multi_action( 1524): [757,804,799,note_freshness,801,7119984,802,1]
02-17 10:14:22.451 I/notification_visibility( 1524): [0|com.android.systemui|4273|null|10080,1,7119984,7119984,0,1]
02-17 10:14:22.451 I/sysui_multi_action( 1524): [757,128,758,1,793,23088996,794,0,795,23088996,796,32,798,2,806,android,857,USB,858,1,947,0,1395,3,1500,23088564,1688,1]
02-17 10:14:22.451 I/sysui_multi_action( 1524): [757,804,799,note_freshness,801,23088996,802,1]
02-17 10:14:22.451 I/notification_visibility( 1524): [-1|android|32|null|1000,1,23088996,23088996,0,2]
02-17 10:14:22.470 I/input_focus( 1524): [Focus leaving 1377f9b com.android.settings/com.android.settings.Settings (server),reason=setFocusedWindow]
02-17 10:14:22.470 I/input_focus( 1524): [Focus entering ef6fa43 NotificationShade (server),reason=setFocusedWindow]
02-17 10:14:22.480 I/sysui_multi_action(22372): [757,111,758,1]
02-17 10:14:22.480 I/sysui_multi_action(22372): [757,126,758,1,759,126,927,0,928,0,1593,0]
02-17 10:14:22.480 I/sysui_multi_action(22372): [757,113,758,1,759,113,927,1,928,1,1593,0]
02-17 10:14:22.480 I/sysui_multi_action(22372): [757,0,758,1,759,0,927,2,928,0,1593,0]
02-17 10:14:22.480 I/sysui_multi_action(22372): [757,0,758,1,759,0,927,3,928,0,1593,0]
02-17 10:14:22.481 I/sysui_multi_action(22372): [757,491,758,1,759,491,927,4,928,0,1311,-1,1593,0]
02-17 10:14:22.481 I/sysui_multi_action(22372): [757,122,758,1,759,122,927,5,928,1,1593,0]
02-17 10:14:22.481 I/sysui_multi_action(22372): [757,0,758,1,759,0,927,6,928,0,1593,0]
02-17 10:14:22.481 I/sysui_multi_action(22372): [757,0,758,1,759,0,927,7,1593,0]
02-17 10:14:22.481 I/sysui_multi_action(22372): [757,111,758,1]
02-17 10:14:22.481 I/sysui_multi_action(22372): [757,126,758,1,759,126,927,0,928,0,1593,0]
02-17 10:14:22.481 I/sysui_multi_action(22372): [757,113,758,1,759,113,927,1,928,1,1593,0]
02-17 10:14:22.481 I/sysui_multi_action(22372): [757,0,758,1,759,0,927,2,928,0,1593,0]
02-17 10:14:22.481 I/sysui_multi_action(22372): [757,0,758,1,759,0,927,3,928,0,1593,0]
02-17 10:14:22.935 I/auditd ( 0): type=1400 audit(0.0:24862): avc: denied { kill } for comm="swapper/1" capability=5 scontext=u:r:kernel:s0 tcontext=u:r:kernel:s0 tclass=capability permissive=0
02-17 10:14:23.939 I/auditd ( 0): type=1400 audit(0.0:24863): avc: denied { kill } for comm="swapper/1" capability=5 scontext=u:r:kernel:s0 tcontext=u:r:kernel:s0 tclass=capability permissive=0
02-17 10:14:24.935 I/auditd ( 0): type=1400 audit(0.0:24864): avc: denied { kill } for comm="swapper/1" capability=5 scontext=u:r:kernel:s0 tcontext=u:r:kernel:s0 tclass=capability permissive=0
02-17 10:14:25.935 I/auditd ( 0): type=1400 audit(0.0:24865): avc: denied { kill } for comm="swapper/1" capability=5 scontext=u:r:kernel:s0 tcontext=u:r:kernel:s0 tclass=capability permissive=0
02-17 10:14:26.939 I/auditd ( 0): type=1400 audit(0.0:24866): avc: denied { kill } for comm="swapper/1" capability=5 scontext=u:r:kernel:s0 tcontext=u:r:kernel:s0 tclass=capability permissive=0
02-17 10:14:27.939 I/auditd ( 0): type=1400 audit(0.0:24867): avc: denied { kill } for comm="swapper/1" capability=5 scontext=u:r:kernel:s0 tcontext=u:r:kernel:s0 tclass=capability permissive=0
02-17 10:14:28.939 I/auditd ( 0): type=1400 audit(0.0:24868): avc: denied { kill } for comm="swapper/1" capability=5 scontext=u:r:kernel:s0 tcontext=u:r:kernel:s0 tclass=capability permissive=0
02-17 10:14:29.939 I/auditd ( 0): type=1400 audit(0.0:24869): avc: denied { kill } for comm="swapper/1" capability=5 scontext=u:r:kernel:s0 tcontext=u:r:kernel:s0 tclass=capability permissive=0
02-17 10:14:30.349 I/am_uid_idle( 1524): 10040
02-17 10:14:30.939 I/auditd ( 0): type=1400 audit(0.0:24870): avc: denied { kill } for comm="swapper/1" capability=5 scontext=u:r:kernel:s0 tcontext=u:r:kernel:s0 tclass=capability permissive=0
02-17 10:14:31.939 I/auditd ( 0): type=1400 audit(0.0:24871): avc: denied { kill } for comm="swapper/1" capability=5 scontext=u:r:kernel:s0 tcontext=u:r:kernel:s0 tclass=capability permissive=0
02-17 10:14:32.939 I/auditd ( 0): type=1400 audit(0.0:24872): avc: denied { kill } for comm="swapper/1" capability=5 scontext=u:r:kernel:s0 tcontext=u:r:kernel:s0 tclass=capability permissive=0
02-17 10:14:33.935 I/auditd ( 0): type=1400 audit(0.0:24873): avc: denied { kill } for comm="swapper/1" capability=5 scontext=u:r:kernel:s0 tcontext=u:r:kernel:s0 tclass=capability permissive=0
02-17 10:14:34.353 I/am_uid_idle( 1524): 10062
02-17 10:14:34.935 I/auditd ( 0): type=1400 audit(0.0:24874): avc: denied { kill } for comm="swapper/1" capability=5 scontext=u:r:kernel:s0 tcontext=u:r:kernel:s0 tclass=capability permissive=0
02-17 10:14:35.939 I/auditd ( 0): type=1400 audit(0.0:24875): avc: denied { kill } for comm="swapper/1" capability=5 scontext=u:r:kernel:s0 tcontext=u:r:kernel:s0 tclass=capability permissive=0
02-17 10:14:36.939 I/auditd ( 0): type=1400 audit(0.0:24876): avc: denied { kill } for comm="swapper/1" capability=5 scontext=u:r:kernel:s0 tcontext=u:r:kernel:s0 tclass=capability permissive=0
02-17 10:14:37.935 I/auditd ( 0): type=1400 audit(0.0:24877): avc: denied { kill } for comm="swapper/1" capability=5 scontext=u:r:kernel:s0 tcontext=u:r:kernel:s0 tclass=capability permissive=0
02-17 10:14:38.939 I/auditd ( 0): type=1400 audit(0.0:24878): avc: denied { kill } for comm="swapper/1" capability=5 scontext=u:r:kernel:s0 tcontext=u:r:kernel:s0 tclass=capability permissive=0
02-17 10:14:39.939 I/auditd ( 0): type=1400 audit(0.0:24879): avc: denied { kill } for comm="swapper/1" capability=5 scontext=u:r:kernel:s0 tcontext=u:r:kernel:s0 tclass=capability permissive=0
02-17 10:14:40.939 I/auditd ( 0): type=1400 audit(0.0:24880): avc: denied { kill } for comm="swapper/1" capability=5 scontext=u:r:kernel:s0 tcontext=u:r:kernel:s0 tclass=capability permissive=0
02-17 10:14:41.935 I/auditd ( 0): type=1400 audit(0.0:24881): avc: denied { kill } for comm="swapper/1" capability=5 scontext=u:r:kernel:s0 tcontext=u:r:kernel:s0 tclass=capability permissive=0
02-17 10:14:42.935 I/auditd ( 0): type=1400 audit(0.0:24882): avc: denied { kill } for comm="swapper/1" capability=5 scontext=u:r:kernel:s0 tcontext=u:r:kernel:s0 tclass=capability permissive=0
02-17 10:14:43.939 I/auditd ( 0): type=1400 audit(0.0:24883): avc: denied { kill } for comm="swapper/1" capability=5 scontext=u:r:kernel:s0 tcontext=u:r:kernel:s0 tclass=capability permissive=0
02-17 10:14:44.935 I/auditd ( 0): type=1400 audit(0.0:24884): avc: denied { kill } for comm="swapper/1" capability=5 scontext=u:r:kernel:s0 tcontext=u:r:kernel:s0 tclass=capability permissive=0
02-17 10:14:45.935 I/auditd ( 0): type=1400 audit(0.0:24885): avc: denied { kill } for comm="swapper/1" capability=5 scontext=u:r:kernel:s0 tcontext=u:r:kernel:s0 tclass=capability permissive=0
02-17 10:14:46.935 I/auditd ( 0): type=1400 audit(0.0:24886): avc: denied { kill } for comm="swapper/1" capability=5 scontext=u:r:kernel:s0 tcontext=u:r:kernel:s0 tclass=capability permissive=0
02-17 10:14:47.939 I/auditd ( 0): type=1400 audit(0.0:24887): avc: denied { kill } for comm="swapper/1" capability=5 scontext=u:r:kernel:s0 tcontext=u:r:kernel:s0 tclass=capability permissive=0
02-17 10:14:48.939 I/auditd ( 0): type=1400 audit(0.0:24888): avc: denied { kill } for comm="swapper/1" capability=5 scontext=u:r:kernel:s0 tcontext=u:r:kernel:s0 tclass=capability permissive=0
02-17 10:14:49.935 I/auditd ( 0): type=1400 audit(0.0:24889): avc: denied { kill } for comm="swapper/1" capability=5 scontext=u:r:kernel:s0 tcontext=u:r:kernel:s0 tclass=capability permissive=0
02-17 10:14:50.939 I/auditd ( 0): type=1400 audit(0.0:24890): avc: denied { kill } for comm="swapper/1" capability=5 scontext=u:r:kernel:s0 tcontext=u:r:kernel:s0 tclass=capability permissive=0
02-17 10:14:51.939 I/auditd ( 0): type=1400 audit(0.0:24891): avc: denied { kill } for comm="swapper/1" capability=5 scontext=u:r:kernel:s0 tcontext=u:r:kernel:s0 tclass=capability permissive=0
02-17 10:14:52.935 I/auditd ( 0): type=1400 audit(0.0:24892): avc: denied { kill } for comm="swapper/1" capability=5 scontext=u:r:kernel:s0 tcontext=u:r:kernel:s0 tclass=capability permissive=0
02-17 10:14:53.939 I/auditd ( 0): type=1400 audit(0.0:24893): avc: denied { kill } for comm="swapper/1" capability=5 scontext=u:r:kernel:s0 tcontext=u:r:kernel:s0 tclass=capability permissive=0
02-17 10:14:54.939 I/auditd ( 0): type=1400 audit(0.0:24894): avc: denied { kill } for comm="swapper/1" capability=5 scontext=u:r:kernel:s0 tcontext=u:r:kernel:s0 tclass=capability permissive=0
02-17 10:14:55.939 I/auditd ( 0): type=1400 audit(0.0:24895): avc: denied { kill } for comm="swapper/1" capability=5 scontext=u:r:kernel:s0 tcontext=u:r:kernel:s0 tclass=capability permissive=0
02-17 10:14:56.935 I/auditd ( 0): type=1400 audit(0.0:24896): avc: denied { kill } for comm="swapper/1" capability=5 scontext=u:r:kernel:s0 tcontext=u:r:kernel:s0 tclass=capability permissive=0
02-17 10:14:57.939 I/auditd ( 0): type=1400 audit(0.0:24897): avc: denied { kill } for comm="swapper/1" capability=5 scontext=u:r:kernel:s0 tcontext=u:r:kernel:s0 tclass=capability permissive=0
02-17 10:14:58.935 I/auditd ( 0): type=1400 audit(0.0:24898): avc: denied { kill } for comm="swapper/1" capability=5 scontext=u:r:kernel:s0 tcontext=u:r:kernel:s0 tclass=capability permissive=0
02-17 10:14:59.935 I/auditd ( 0): type=1400 audit(0.0:24899): avc: denied { kill } for comm="swapper/1" capability=5 scontext=u:r:kernel:s0 tcontext=u:r:kernel:s0 tclass=capability permissive=0
02-17 10:15:00.939 I/auditd ( 0): type=1400 audit(0.0:24900): avc: denied { kill } for comm="swapper/1" capability=5 scontext=u:r:kernel:s0 tcontext=u:r:kernel:s0 tclass=capability permissive=0
02-17 10:15:01.935 I/auditd ( 0): type=1400 audit(0.0:24901): avc: denied { kill } for comm="swapper/1" capability=5 scontext=u:r:kernel:s0 tcontext=u:r:kernel:s0 tclass=capability permissive=0
02-17 10:15:02.935 I/auditd ( 0): type=1400 audit(0.0:24902): avc: denied { kill } for comm="swapper/1" capability=5 scontext=u:r:kernel:s0 tcontext=u:r:kernel:s0 tclass=capability permissive=0
02-17 10:15:03.939 I/auditd ( 0): type=1400 audit(0.0:24903): avc: denied { kill } for comm="swapper/1" capability=5 scontext=u:r:kernel:s0 tcontext=u:r:kernel:s0 tclass=capability permissive=0
02-17 10:15:04.939 I/auditd ( 0): type=1400 audit(0.0:24904): avc: denied { kill } for comm="swapper/1" capability=5 scontext=u:r:kernel:s0 tcontext=u:r:kernel:s0 tclass=capability permissive=0
02-17 10:15:05.935 I/auditd ( 0): type=1400 audit(0.0:24905): avc: denied { kill } for comm="swapper/1" capability=5 scontext=u:r:kernel:s0 tcontext=u:r:kernel:s0 tclass=capability permissive=0
02-17 10:15:06.935 I/auditd ( 0): type=1400 audit(0.0:24906): avc: denied { kill } for comm="swapper/1" capability=5 scontext=u:r:kernel:s0 tcontext=u:r:kernel:s0 tclass=capability permissive=0
02-17 10:15:07.939 I/auditd ( 0): type=1400 audit(0.0:24907): avc: denied { kill } for comm="swapper/1" capability=5 scontext=u:r:kernel:s0 tcontext=u:r:kernel:s0 tclass=capability permissive=0
02-17 10:15:08.935 I/auditd ( 0): type=1400 audit(0.0:24908): avc: denied { kill } for comm="swapper/1" capability=5 scontext=u:r:kernel:s0 tcontext=u:r:kernel:s0 tclass=capability permissive=0
02-17 10:15:09.939 I/auditd ( 0): type=1400 audit(0.0:24909): avc: denied { kill } for comm="swapper/1" capability=5 scontext=u:r:kernel:s0 tcontext=u:r:kernel:s0 tclass=capability permissive=0
02-17 10:15:10.939 I/auditd ( 0): type=1400 audit(0.0:24910): avc: denied { kill } for comm="swapper/1" capability=5 scontext=u:r:kernel:s0 tcontext=u:r:kernel:s0 tclass=capability permissive=0
02-17 10:15:11.935 I/auditd ( 0): type=1400 audit(0.0:24911): avc: denied { kill } for comm="swapper/1" capability=5 scontext=u:r:kernel:s0 tcontext=u:r:kernel:s0 tclass=capability permissive=0
02-17 10:15:12.939 I/auditd ( 0): type=1400 audit(0.0:24912): avc: denied { kill } for comm="swapper/1" capability=5 scontext=u:r:kernel:s0 tcontext=u:r:kernel:s0 tclass=capability permissive=0
02-17 10:15:13.935 I/auditd ( 0): type=1400 audit(0.0:24913): avc: denied { kill } for comm="swapper/1" capability=5 scontext=u:r:kernel:s0 tcontext=u:r:kernel:s0 tclass=capability permissive=0
02-17 10:15:14.935 I/auditd ( 0): type=1400 audit(0.0:24914): avc: denied { kill } for comm="swapper/1" capability=5 scontext=u:r:kernel:s0 tcontext=u:r:kernel:s0 tclass=capability permissive=0
02-17 10:15:15.643 I/sysui_multi_action( 1524): [757,1696,758,6,759,2]
02-17 10:15:15.656 I/am_wtf ( 1524): [0,1524,system_server,-1,DisplayDeviceConfig,requesting nits when no mapping exists.]
02-17 10:15:15.660 I/am_wtf ( 1524): [0,1524,system_server,-1,DisplayDeviceConfig,requesting nits when no mapping exists.]
02-17 10:15:15.672 I/am_wtf ( 1524): [0,1524,system_server,-1,DisplayDeviceConfig,requesting nits when no mapping exists.]
02-17 10:15:15.673 I/am_wtf ( 1524): [0,1524,system_server,-1,DisplayDeviceConfig,requesting nits when no mapping exists.]
02-17 10:15:15.675 I/am_wtf ( 1524): [0,1524,system_server,-1,DisplayDeviceConfig,requesting nits when no mapping exists.]
02-17 10:15:15.676 I/am_wtf ( 1524): [0,1524,system_server,-1,DisplayDeviceConfig,requesting nits when no mapping exists.]
02-17 10:15:15.692 I/am_wtf ( 1524): [0,1524,system_server,-1,DisplayDeviceConfig,requesting nits when no mapping exists.]
02-17 10:15:15.693 I/am_wtf ( 1524): [0,1524,system_server,-1,DisplayDeviceConfig,requesting nits when no mapping exists.]
02-17 10:15:15.709 I/am_wtf ( 1524): [0,1524,system_server,-1,DisplayDeviceConfig,requesting nits when no mapping exists.]
02-17 10:15:15.710 I/am_wtf ( 1524): [0,1524,system_server,-1,DisplayDeviceConfig,requesting nits when no mapping exists.]
02-17 10:15:15.725 I/am_wtf ( 1524): [0,1524,system_server,-1,DisplayDeviceConfig,requesting nits when no mapping exists.]
02-17 10:15:15.727 I/am_wtf ( 1524): [0,1524,system_server,-1,DisplayDeviceConfig,requesting nits when no mapping exists.]
02-17 10:15:15.742 I/am_wtf ( 1524): [0,1524,system_server,-1,DisplayDeviceConfig,requesting nits when no mapping exists.]
02-17 10:15:15.743 I/am_wtf ( 1524): [0,1524,system_server,-1,DisplayDeviceConfig,requesting nits when no mapping exists.]
02-17 10:15:15.759 I/am_wtf ( 1524): [0,1524,system_server,-1,DisplayDeviceConfig,requesting nits when no mapping exists.]
02-17 10:15:15.760 I/am_wtf ( 1524): [0,1524,system_server,-1,DisplayDeviceConfig,requesting nits when no mapping exists.]
02-17 10:15:15.777 I/am_wtf ( 1524): [0,1524,system_server,-1,DisplayDeviceConfig,requesting nits when no mapping exists.]
02-17 10:15:15.778 I/am_wtf ( 1524): [0,1524,system_server,-1,DisplayDeviceConfig,requesting nits when no mapping exists.]
02-17 10:15:15.792 I/am_wtf ( 1524): [0,1524,system_server,-1,DisplayDeviceConfig,requesting nits when no mapping exists.]
02-17 10:15:15.793 I/am_wtf ( 1524): [0,1524,system_server,-1,DisplayDeviceConfig,requesting nits when no mapping exists.]
02-17 10:15:15.809 I/am_wtf ( 1524): [0,1524,system_server,-1,DisplayDeviceConfig,requesting nits when no mapping exists.]
02-17 10:15:15.810 I/am_wtf ( 1524): [0,1524,system_server,-1,DisplayDeviceConfig,requesting nits when no mapping exists.]
02-17 10:15:15.826 I/am_wtf ( 1524): [0,1524,system_server,-1,DisplayDeviceConfig,requesting nits when no mapping exists.]
02-17 10:15:15.827 I/am_wtf ( 1524): [0,1524,system_server,-1,DisplayDeviceConfig,requesting nits when no mapping exists.]
02-17 10:15:15.843 I/am_wtf ( 1524): [0,1524,system_server,-1,DisplayDeviceConfig,requesting nits when no mapping exists.]
02-17 10:15:15.844 I/am_wtf ( 1524): [0,1524,system_server,-1,DisplayDeviceConfig,requesting nits when no mapping exists.]
02-17 10:15:15.860 I/am_wtf ( 1524): [0,1524,system_server,-1,DisplayDeviceConfig,requesting nits when no mapping exists.]
02-17 10:15:15.860 I/am_wtf ( 1524): [0,1524,system_server,-1,DisplayDeviceConfig,requesting nits when no mapping exists.]
02-17 10:15:15.876 I/am_wtf ( 1524): [0,1524,system_server,-1,DisplayDeviceConfig,requesting nits when no mapping exists.]
02-17 10:15:15.877 I/am_wtf ( 1524): [0,1524,system_server,-1,DisplayDeviceConfig,requesting nits when no mapping exists.]
02-17 10:15:15.893 I/am_wtf ( 1524): [0,1524,system_server,-1,DisplayDeviceConfig,requesting nits when no mapping exists.]
02-17 10:15:15.894 I/am_wtf ( 1524): [0,1524,system_server,-1,DisplayDeviceConfig,requesting nits when no mapping exists.]
02-17 10:15:15.910 I/am_wtf ( 1524): [0,1524,system_server,-1,DisplayDeviceConfig,requesting nits when no mapping exists.]
02-17 10:15:15.910 I/am_wtf ( 1524): [0,1524,system_server,-1,DisplayDeviceConfig,requesting nits when no mapping exists.]
02-17 10:15:15.926 I/am_wtf ( 1524): [0,1524,system_server,-1,DisplayDeviceConfig,requesting nits when no mapping exists.]
02-17 10:15:15.927 I/am_wtf ( 1524): [0,1524,system_server,-1,DisplayDeviceConfig,requesting nits when no mapping exists.]
02-17 10:15:15.935 I/auditd ( 0): type=1400 audit(0.0:24915): avc: denied { kill } for comm="swapper/1" capability=5 scontext=u:r:kernel:s0 tcontext=u:r:kernel:s0 tclass=capability permissive=0
02-17 10:15:15.943 I/am_wtf ( 1524): [0,1524,system_server,-1,DisplayDeviceConfig,requesting nits when no mapping exists.]
02-17 10:15:15.943 I/am_wtf ( 1524): [0,1524,system_server,-1,DisplayDeviceConfig,requesting nits when no mapping exists.]
02-17 10:15:15.959 I/am_wtf ( 1524): [0,1524,system_server,-1,DisplayDeviceConfig,requesting nits when no mapping exists.]
02-17 10:15:15.960 I/am_wtf ( 1524): [0,1524,system_server,-1,DisplayDeviceConfig,requesting nits when no mapping exists.]
02-17 10:15:15.976 I/am_wtf ( 1524): [0,1524,system_server,-1,DisplayDeviceConfig,requesting nits when no mapping exists.]
02-17 10:15:15.977 I/am_wtf ( 1524): [0,1524,system_server,-1,DisplayDeviceConfig,requesting nits when no mapping exists.]
02-17 10:15:15.993 I/am_wtf ( 1524): [0,1524,system_server,-1,DisplayDeviceConfig,requesting nits when no mapping exists.]
02-17 10:15:15.993 I/am_wtf ( 1524): [0,1524,system_server,-1,DisplayDeviceConfig,requesting nits when no mapping exists.]
02-17 10:15:16.010 I/am_wtf ( 1524): [0,1524,system_server,-1,DisplayDeviceConfig,requesting nits when no mapping exists.]
02-17 10:15:16.010 I/am_wtf ( 1524): [0,1524,system_server,-1,DisplayDeviceConfig,requesting nits when no mapping exists.]
02-17 10:15:16.026 I/am_wtf ( 1524): [0,1524,system_server,-1,DisplayDeviceConfig,requesting nits when no mapping exists.]
02-17 10:15:16.027 I/am_wtf ( 1524): [0,1524,system_server,-1,DisplayDeviceConfig,requesting nits when no mapping exists.]
02-17 10:15:16.043 I/am_wtf ( 1524): [0,1524,system_server,-1,DisplayDeviceConfig,requesting nits when no mapping exists.]
02-17 10:15:16.044 I/am_wtf ( 1524): [0,1524,system_server,-1,DisplayDeviceConfig,requesting nits when no mapping exists.]
02-17 10:15:16.060 I/am_wtf ( 1524): [0,1524,system_server,-1,DisplayDeviceConfig,requesting nits when no mapping exists.]
02-17 10:15:16.061 I/am_wtf ( 1524): [0,1524,system_server,-1,DisplayDeviceConfig,requesting nits when no mapping exists.]
02-17 10:15:16.077 I/am_wtf ( 1524): [0,1524,system_server,-1,DisplayDeviceConfig,requesting nits when no mapping exists.]
02-17 10:15:16.078 I/am_wtf ( 1524): [0,1524,system_server,-1,DisplayDeviceConfig,requesting nits when no mapping exists.]
02-17 10:15:16.093 I/am_wtf ( 1524): [0,1524,system_server,-1,DisplayDeviceConfig,requesting nits when no mapping exists.]
02-17 10:15:16.094 I/am_wtf ( 1524): [0,1524,system_server,-1,DisplayDeviceConfig,requesting nits when no mapping exists.]
02-17 10:15:16.110 I/am_wtf ( 1524): [0,1524,system_server,-1,DisplayDeviceConfig,requesting nits when no mapping exists.]
02-17 10:15:16.111 I/am_wtf ( 1524): [0,1524,system_server,-1,DisplayDeviceConfig,requesting nits when no mapping exists.]
02-17 10:15:16.127 I/am_wtf ( 1524): [0,1524,system_server,-1,DisplayDeviceConfig,requesting nits when no mapping exists.]
02-17 10:15:16.127 I/am_wtf ( 1524): [0,1524,system_server,-1,DisplayDeviceConfig,requesting nits when no mapping exists.]
02-17 10:15:16.143 I/am_wtf ( 1524): [0,1524,system_server,-1,DisplayDeviceConfig,requesting nits when no mapping exists.]
02-17 10:15:16.144 I/am_wtf ( 1524): [0,1524,system_server,-1,DisplayDeviceConfig,requesting nits when no mapping exists.]
02-17 10:15:16.145 I/service_manager_stats( 1524): [100,41,107677]
02-17 10:15:16.160 I/am_wtf ( 1524): [0,1524,system_server,-1,DisplayDeviceConfig,requesting nits when no mapping exists.]
02-17 10:15:16.161 I/am_wtf ( 1524): [0,1524,system_server,-1,DisplayDeviceConfig,requesting nits when no mapping exists.]
02-17 10:15:16.177 I/am_wtf ( 1524): [0,1524,system_server,-1,DisplayDeviceConfig,requesting nits when no mapping exists.]
02-17 10:15:16.177 I/am_wtf ( 1524): [0,1524,system_server,-1,DisplayDeviceConfig,requesting nits when no mapping exists.]
02-17 10:15:16.193 I/am_wtf ( 1524): [0,1524,system_server,-1,DisplayDeviceConfig,requesting nits when no mapping exists.]
02-17 10:15:16.194 I/am_wtf ( 1524): [0,1524,system_server,-1,DisplayDeviceConfig,requesting nits when no mapping exists.]
02-17 10:15:16.210 I/am_wtf ( 1524): [0,1524,system_server,-1,DisplayDeviceConfig,requesting nits when no mapping exists.]
02-17 10:15:16.211 I/am_wtf ( 1524): [0,1524,system_server,-1,DisplayDeviceConfig,requesting nits when no mapping exists.]
02-17 10:15:16.227 I/am_wtf ( 1524): [0,1524,system_server,-1,DisplayDeviceConfig,requesting nits when no mapping exists.]
02-17 10:15:16.228 I/am_wtf ( 1524): [0,1524,system_server,-1,DisplayDeviceConfig,requesting nits when no mapping exists.]
02-17 10:15:16.244 I/am_wtf ( 1524): [0,1524,system_server,-1,DisplayDeviceConfig,requesting nits when no mapping exists.]
02-17 10:15:16.245 I/am_wtf ( 1524): [0,1524,system_server,-1,DisplayDeviceConfig,requesting nits when no mapping exists.]
02-17 10:15:16.260 I/am_wtf ( 1524): [0,1524,system_server,-1,DisplayDeviceConfig,requesting nits when no mapping exists.]
02-17 10:15:16.261 I/am_wtf ( 1524): [0,1524,system_server,-1,DisplayDeviceConfig,requesting nits when no mapping exists.]
02-17 10:15:16.277 I/am_wtf ( 1524): [0,1524,system_server,-1,DisplayDeviceConfig,requesting nits when no mapping exists.]
02-17 10:15:16.278 I/am_wtf ( 1524): [0,1524,system_server,-1,DisplayDeviceConfig,requesting nits when no mapping exists.]
02-17 10:15:16.294 I/am_wtf ( 1524): [0,1524,system_server,-1,DisplayDeviceConfig,requesting nits when no mapping exists.]
02-17 10:15:16.294 I/am_wtf ( 1524): [0,1524,system_server,-1,DisplayDeviceConfig,requesting nits when no mapping exists.]
02-17 10:15:16.310 I/am_wtf ( 1524): [0,1524,system_server,-1,DisplayDeviceConfig,requesting nits when no mapping exists.]
02-17 10:15:16.311 I/am_wtf ( 1524): [0,1524,system_server,-1,DisplayDeviceConfig,requesting nits when no mapping exists.]
02-17 10:15:16.327 I/am_wtf ( 1524): [0,1524,system_server,-1,DisplayDeviceConfig,requesting nits when no mapping exists.]
02-17 10:15:16.328 I/am_wtf ( 1524): [0,1524,system_server,-1,DisplayDeviceConfig,requesting nits when no mapping exists.]
02-17 10:15:16.344 I/am_wtf ( 1524): [0,1524,system_server,-1,DisplayDeviceConfig,requesting nits when no mapping exists.]
02-17 10:15:16.345 I/am_wtf ( 1524): [0,1524,system_server,-1,DisplayDeviceConfig,requesting nits when no mapping exists.]
02-17 10:15:16.361 I/am_wtf ( 1524): [0,1524,system_server,-1,DisplayDeviceConfig,requesting nits when no mapping exists.]
02-17 10:15:16.361 I/am_wtf ( 1524): [0,1524,system_server,-1,DisplayDeviceConfig,requesting nits when no mapping exists.]
02-17 10:15:16.377 I/am_wtf ( 1524): [0,1524,system_server,-1,DisplayDeviceConfig,requesting nits when no mapping exists.]
02-17 10:15:16.378 I/am_wtf ( 1524): [0,1524,system_server,-1,DisplayDeviceConfig,requesting nits when no mapping exists.]
02-17 10:15:16.394 I/am_wtf ( 1524): [0,1524,system_server,-1,DisplayDeviceConfig,requesting nits when no mapping exists.]
02-17 10:15:16.395 I/am_wtf ( 1524): [0,1524,system_server,-1,DisplayDeviceConfig,requesting nits when no mapping exists.]
02-17 10:15:16.411 I/am_wtf ( 1524): [0,1524,system_server,-1,DisplayDeviceConfig,requesting nits when no mapping exists.]
02-17 10:15:16.412 I/am_wtf ( 1524): [0,1524,system_server,-1,DisplayDeviceConfig,requesting nits when no mapping exists.]
02-17 10:15:16.428 I/am_wtf ( 1524): [0,1524,system_server,-1,DisplayDeviceConfig,requesting nits when no mapping exists.]
02-17 10:15:16.429 I/am_wtf ( 1524): [0,1524,system_server,-1,DisplayDeviceConfig,requesting nits when no mapping exists.]
02-17 10:15:16.444 I/am_wtf ( 1524): [0,1524,system_server,-1,DisplayDeviceConfig,requesting nits when no mapping exists.]
02-17 10:15:16.445 I/am_wtf ( 1524): [0,1524,system_server,-1,DisplayDeviceConfig,requesting nits when no mapping exists.]
02-17 10:15:16.461 I/am_wtf ( 1524): [0,1524,system_server,-1,DisplayDeviceConfig,requesting nits when no mapping exists.]
02-17 10:15:16.462 I/am_wtf ( 1524): [0,1524,system_server,-1,DisplayDeviceConfig,requesting nits when no mapping exists.]
02-17 10:15:16.477 I/am_wtf ( 1524): [0,1524,system_server,-1,DisplayDeviceConfig,requesting nits when no mapping exists.]
02-17 10:15:16.478 I/am_wtf ( 1524): [0,1524,system_server,-1,DisplayDeviceConfig,requesting nits when no mapping exists.]
02-17 10:15:16.495 I/am_wtf ( 1524): [0,1524,system_server,-1,DisplayDeviceConfig,requesting nits when no mapping exists.]
02-17 10:15:16.495 I/am_wtf ( 1524): [0,1524,system_server,-1,DisplayDeviceConfig,requesting nits when no mapping exists.]
02-17 10:15:16.511 I/am_wtf ( 1524): [0,1524,system_server,-1,DisplayDeviceConfig,requesting nits when no mapping exists.]
02-17 10:15:16.512 I/am_wtf ( 1524): [0,1524,system_server,-1,DisplayDeviceConfig,requesting nits when no mapping exists.]
02-17 10:15:16.528 I/am_wtf ( 1524): [0,1524,system_server,-1,DisplayDeviceConfig,requesting nits when no mapping exists.]
02-17 10:15:16.529 I/am_wtf ( 1524): [0,1524,system_server,-1,DisplayDeviceConfig,requesting nits when no mapping exists.]
02-17 10:15:16.544 I/am_wtf ( 1524): [0,1524,system_server,-1,DisplayDeviceConfig,requesting nits when no mapping exists.]
02-17 10:15:16.545 I/am_wtf ( 1524): [0,1524,system_server,-1,DisplayDeviceConfig,requesting nits when no mapping exists.]
02-17 10:15:16.561 I/am_wtf ( 1524): [0,1524,system_server,-1,DisplayDeviceConfig,requesting nits when no mapping exists.]
02-17 10:15:16.562 I/am_wtf ( 1524): [0,1524,system_server,-1,DisplayDeviceConfig,requesting nits when no mapping exists.]
02-17 10:15:16.578 I/am_wtf ( 1524): [0,1524,system_server,-1,DisplayDeviceConfig,requesting nits when no mapping exists.]
02-17 10:15:16.579 I/am_wtf ( 1524): [0,1524,system_server,-1,DisplayDeviceConfig,requesting nits when no mapping exists.]
02-17 10:15:16.935 I/auditd ( 0): type=1400 audit(0.0:24916): avc: denied { kill } for comm="swapper/1" capability=5 scontext=u:r:kernel:s0 tcontext=u:r:kernel:s0 tclass=capability permissive=0
02-17 10:15:17.939 I/auditd ( 0): type=1400 audit(0.0:24917): avc: denied { kill } for comm="swapper/1" capability=5 scontext=u:r:kernel:s0 tcontext=u:r:kernel:s0 tclass=capability permissive=0
02-17 10:15:18.939 I/auditd ( 0): type=1400 audit(0.0:24918): avc: denied { kill } for comm="swapper/1" capability=5 scontext=u:r:kernel:s0 tcontext=u:r:kernel:s0 tclass=capability permissive=0
02-17 10:15:19.939 I/auditd ( 0): type=1400 audit(0.0:24919): avc: denied { kill } for comm="swapper/1" capability=5 scontext=u:r:kernel:s0 tcontext=u:r:kernel:s0 tclass=capability permissive=0
02-17 10:15:20.939 I/auditd ( 0): type=1400 audit(0.0:24920): avc: denied { kill } for comm="swapper/1" capability=5 scontext=u:r:kernel:s0 tcontext=u:r:kernel:s0 tclass=capability permissive=0
02-17 10:15:21.935 I/auditd ( 0): type=1400 audit(0.0:24921): avc: denied { kill } for comm="swapper/1" capability=5 scontext=u:r:kernel:s0 tcontext=u:r:kernel:s0 tclass=capability permissive=0
02-17 10:15:22.648 I/sysui_multi_action( 1524): [757,222,758,1]
02-17 10:15:22.650 I/am_uid_active( 1524): 10040
02-17 10:15:22.668 I/wm_task_created( 1524): [145,-1]
02-17 10:15:22.673 I/wm_task_moved( 1524): [145,1,7]
02-17 10:15:22.673 I/wm_task_to_front( 1524): [0,145]
02-17 10:15:22.673 I/wm_create_task( 1524): [0,145]
02-17 10:15:22.673 I/wm_create_activity( 1524): [0,177294838,145,com.thundercomm.screensaver/android.service.dreams.DreamActivity,NULL,NULL,NULL,276824064]
02-17 10:15:22.673 I/wm_task_moved( 1524): [145,1,7]
02-17 10:15:22.674 I/wm_pause_activity( 1524): [0,187916372,com.android.settings/.Settings,userLeaving=true,pauseBackTasks]
02-17 10:15:22.675 I/wm_on_top_resumed_lost_called(21366): [187916372,com.android.settings.Settings,topStateChangedWhenResumed]
02-17 10:15:22.676 I/input_focus( 1524): [Focus request 1377f9b com.android.settings/com.android.settings.Settings,reason=UpdateInputWindows]
02-17 10:15:22.677 I/sysui_multi_action(21366): [757,35,758,2,1089,112914]
02-17 10:15:22.678 I/sysui_multi_action(21366): [757,46,758,2,1089,112913]
02-17 10:15:22.679 I/wm_on_paused_called(21366): [187916372,com.android.settings.Settings,performPause]
02-17 10:15:22.681 I/wm_add_to_stopping( 1524): [0,187916372,com.android.settings/.Settings,makeInvisible]
02-17 10:15:22.681 I/wm_restart_activity( 1524): [0,177294838,145,com.thundercomm.screensaver/android.service.dreams.DreamActivity]
02-17 10:15:22.682 I/wm_set_resumed_activity( 1524): [0,com.thundercomm.screensaver/android.service.dreams.DreamActivity,minimalResumeActivityLocked]
02-17 10:15:22.682 I/input_focus( 1524): [Focus leaving ef6fa43 NotificationShade (server),reason=NOT_FOCUSABLE]
02-17 10:15:22.683 I/input_focus( 1524): [Focus entering 1377f9b com.android.settings/com.android.settings.Settings (server),reason=setFocusedWindow]
02-17 10:15:22.686 I/wm_on_create_called(19147): [177294838,android.service.dreams.DreamActivity,performCreate]
02-17 10:15:22.686 I/wm_on_start_called(19147): [177294838,android.service.dreams.DreamActivity,handleStartActivity]
02-17 10:15:22.687 I/wm_on_resume_called(19147): [177294838,android.service.dreams.DreamActivity,RESUME_ACTIVITY]
02-17 10:15:22.688 I/wm_on_top_resumed_gained_called(19147): [177294838,android.service.dreams.DreamActivity,topStateChangedWhenResumed]
02-17 10:15:22.689 I/sysui_multi_action( 1524): [757,803,799,window_time_0,802,113]
02-17 10:15:22.690 I/am_uid_active( 1524): 10062
02-17 10:15:22.697 I/input_focus( 1524): [Focus leaving 1377f9b com.android.settings/com.android.settings.Settings (server),reason=NO_WINDOW]
02-17 10:15:22.702 I/input_focus( 1524): [Focus request 61eeecd com.thundercomm.screensaver/android.service.dreams.DreamActivity,reason=UpdateInputWindows]
02-17 10:15:22.715 I/sysui_multi_action(22372): [757,111,758,2]
02-17 10:15:22.715 I/notification_enqueue( 1524): [10080,22372,com.android.systemui,2048,NULL,0,Notification(channel=updateNotification shortcut=null contentView=null vibrate=null sound=null defaults=0x0 flags=0x0 color=0x00000000 vis=PRIVATE),1]
02-17 10:15:22.715 I/sysui_multi_action(22372): [757,111,758,2]
02-17 10:15:22.716 I/sysui_multi_action( 1524): [319,47,322,43,325,23160,757,761,758,8,759,2,806,com.thundercomm.screensaver,871,android.service.dreams.DreamActivity,904,com.thundercomm.screensaver,905,0,1320,4,1321,2]
02-17 10:15:22.716 I/wm_activity_launch_time( 1524): [0,177294838,com.thundercomm.screensaver/android.service.dreams.DreamActivity,43]
02-17 10:15:22.718 I/sysui_multi_action( 1524): [757,1696,758,6,759,3]
02-17 10:15:22.727 I/am_wtf ( 1524): [0,1524,system_server,-1,DisplayDeviceConfig,requesting nits when no mapping exists.]
02-17 10:15:22.727 I/sysui_multi_action(22372): [757,111,758,1]
02-17 10:15:22.727 I/sysui_multi_action(22372): [757,126,758,1,759,126,927,0,928,0,1593,1]
02-17 10:15:22.727 I/sysui_multi_action(22372): [757,113,758,1,759,113,927,1,928,1,1593,1]
02-17 10:15:22.727 I/sysui_multi_action(22372): [757,0,758,1,759,0,927,2,928,0,1593,1]
02-17 10:15:22.727 I/sysui_multi_action(22372): [757,0,758,1,759,0,927,3,928,0,1593,0]
02-17 10:15:22.727 I/am_wtf ( 1524): [0,1524,system_server,-1,DisplayDeviceConfig,requesting nits when no mapping exists.]
02-17 10:15:22.728 I/sysui_multi_action(22372): [757,491,758,1,759,491,927,4,928,0,1311,-1,1593,0]
02-17 10:15:22.728 I/sysui_multi_action(22372): [757,122,758,1,759,122,927,5,928,1,1593,0]
02-17 10:15:22.728 I/sysui_multi_action(22372): [757,0,758,1,759,0,927,6,928,0,1593,0]
02-17 10:15:22.728 I/sysui_multi_action(22372): [757,0,758,1,759,0,927,7,1593,0]
02-17 10:15:22.728 I/sysui_multi_action(22372): [757,111,758,1]
02-17 10:15:22.728 I/sysui_multi_action(22372): [757,126,758,1,759,126,927,0,928,0,1593,1]
02-17 10:15:22.728 I/sysui_multi_action(22372): [757,113,758,1,759,113,927,1,928,1,1593,1]
02-17 10:15:22.728 I/sysui_multi_action(22372): [757,0,758,1,759,0,927,2,928,0,1593,1]
02-17 10:15:22.728 I/sysui_multi_action(22372): [757,0,758,1,759,0,927,3,928,0,1593,1]
02-17 10:15:22.744 I/am_wtf ( 1524): [0,1524,system_server,-1,DisplayDeviceConfig,requesting nits when no mapping exists.]
02-17 10:15:22.745 I/am_wtf ( 1524): [0,1524,system_server,-1,DisplayDeviceConfig,requesting nits when no mapping exists.]
02-17 10:15:22.745 I/input_focus( 1524): [Focus entering 61eeecd com.thundercomm.screensaver/android.service.dreams.DreamActivity (server),reason=Window became focusable. Previous reason: NOT_VISIBLE]
02-17 10:15:22.762 I/am_wtf ( 1524): [0,1524,system_server,-1,DisplayDeviceConfig,requesting nits when no mapping exists.]
02-17 10:15:22.762 I/am_wtf ( 1524): [0,1524,system_server,-1,DisplayDeviceConfig,requesting nits when no mapping exists.]
02-17 10:15:22.778 I/am_wtf ( 1524): [0,1524,system_server,-1,DisplayDeviceConfig,requesting nits when no mapping exists.]
02-17 10:15:22.778 I/am_wtf ( 1524): [0,1524,system_server,-1,DisplayDeviceConfig,requesting nits when no mapping exists.]
02-17 10:15:22.795 I/am_wtf ( 1524): [0,1524,system_server,-1,DisplayDeviceConfig,requesting nits when no mapping exists.]
02-17 10:15:22.795 I/am_wtf ( 1524): [0,1524,system_server,-1,DisplayDeviceConfig,requesting nits when no mapping exists.]
02-17 10:15:22.812 I/am_wtf ( 1524): [0,1524,system_server,-1,DisplayDeviceConfig,requesting nits when no mapping exists.]
02-17 10:15:22.813 I/am_wtf ( 1524): [0,1524,system_server,-1,DisplayDeviceConfig,requesting nits when no mapping exists.]
02-17 10:15:22.828 I/am_wtf ( 1524): [0,1524,system_server,-1,DisplayDeviceConfig,requesting nits when no mapping exists.]
02-17 10:15:22.828 I/am_wtf ( 1524): [0,1524,system_server,-1,DisplayDeviceConfig,requesting nits when no mapping exists.]
02-17 10:15:22.844 I/am_wtf ( 1524): [0,1524,system_server,-1,DisplayDeviceConfig,requesting nits when no mapping exists.]
02-17 10:15:22.845 I/am_wtf ( 1524): [0,1524,system_server,-1,DisplayDeviceConfig,requesting nits when no mapping exists.]
