02-17 10:40:48.935 I/auditd ( 0): type=1400 audit(0.0:26529): avc: denied { kill } for comm="swapper/2" capability=5 scontext=u:r:kernel:s0 tcontext=u:r:kernel:s0 tclass=capability permissive=0
02-17 10:40:49.315 I/wm_task_moved( 1524): [1,1,7]
02-17 10:40:49.316 I/wm_focused_root_task( 1524): [0,0,1,161,RecentsAnimation.onAnimationFinished()]
02-17 10:40:49.316 I/wm_on_top_resumed_lost_called(23631): [25742069,com.android.gallery3d.app.MovieActivity,topStateChangedWhenResumed]
02-17 10:40:49.317 I/wm_pause_activity( 1524): [0,25742069,com.android.gallery3d/.app.MovieActivity,userLeaving=false,pauseBackTasks]
02-17 10:40:49.319 I/wm_set_resumed_activity( 1524): [0,com.android.launcher3/.uioverrides.QuickstepLauncher,resumeTopActivityInnerLocked]
02-17 10:40:49.320 I/wm_resume_activity( 1524): [0,128678138,9,com.android.launcher3/.uioverrides.QuickstepLauncher]
02-17 10:40:49.321 I/wm_add_to_stopping( 1524): [0,25742069,com.android.gallery3d/.app.MovieActivity,makeInvisible]
02-17 10:40:49.321 I/wm_on_resume_called( 2568): [128678138,com.android.launcher3.uioverrides.QuickstepLauncher,RESUME_ACTIVITY]
02-17 10:40:49.332 I/sysui_multi_action( 1524): [757,803,799,window_time_0,802,2]
02-17 10:40:49.333 I/input_focus( 1524): [Focus request 321be4b com.android.launcher3/com.android.launcher3.uioverrides.QuickstepLauncher,reason=UpdateInputWindows]
02-17 10:40:49.337 I/input_focus( 1524): [Focus leaving recents_animation_input_consumer (server),reason=NOT_VISIBLE]
02-17 10:40:49.337 I/wm_on_paused_called(23631): [25742069,com.android.gallery3d.app.MovieActivity,performPause]
02-17 10:40:49.341 I/wm_stop_activity( 1524): [0,25742069,com.android.gallery3d/.app.MovieActivity]
02-17 10:40:49.343 I/sysui_multi_action( 1524): [757,803,799,window_time_0,802,0]
02-17 10:40:49.366 I/input_focus( 1524): [Focus entering 321be4b com.android.launcher3/com.android.launcher3.uioverrides.QuickstepLauncher (server),reason=setFocusedWindow]
02-17 10:40:49.367 I/wm_on_top_resumed_gained_called( 2568): [128678138,com.android.launcher3.uioverrides.QuickstepLauncher,topStateChangedWhenResumed]
02-17 10:40:49.373 I/wm_on_stop_called(23631): [25742069,com.android.gallery3d.app.MovieActivity,STOP_ACTIVITY_ITEM]
02-17 10:40:49.563 I/commit_sys_config_file( 1524): [settings-1-0,5]
02-17 10:40:49.939 I/auditd ( 0): type=1400 audit(0.0:26530): avc: denied { kill } for comm="swapper/2" capability=5 scontext=u:r:kernel:s0 tcontext=u:r:kernel:s0 tclass=capability permissive=0
02-17 10:40:49.965 I/input_interaction( 1524): Interaction with: 321be4b com.android.launcher3/com.android.launcher3.uioverrides.QuickstepLauncher (server), acb9a4a com.android.systemui.ImageWallpaper (server), edge-swipe (server), swipe-up (server), PointerEventDispatcher0 (server),
02-17 10:40:50.466 I/wm_finish_activity( 1524): [0,25742069,161,com.android.gallery3d/.app.MovieActivity,recent-task-trimmed]
02-17 10:40:50.468 I/wm_destroy_activity( 1524): [0,25742069,161,com.android.gallery3d/.app.MovieActivity,finish-imm:finishIfPossible]
02-17 10:40:50.470 I/wm_finish_activity( 1524): [0,232585020,161,com.android.gallery3d/.app.GalleryActivity,recent-task-trimmed]
02-17 10:40:50.471 I/wm_destroy_activity( 1524): [0,232585020,161,com.android.gallery3d/.app.GalleryActivity,finish-imm:finishIfPossible]
02-17 10:40:50.472 I/wm_on_destroy_called(23631): [25742069,com.android.gallery3d.app.MovieActivity,performDestroy]
02-17 10:40:50.475 I/am_kill ( 1524): [0,23631,com.android.gallery3d,900,remove task]
02-17 10:40:50.477 I/sysui_multi_action( 1524): [757,803,799,window_time_0,802,1]
02-17 10:40:50.525 I/am_proc_died( 1524): [0,23631,com.android.gallery3d,900,18]
02-17 10:40:50.540 I/am_uid_stopped( 1524): 10065
02-17 10:40:50.542 I/wm_task_removed( 1524): [161,removeChild:removeChild last r=ActivityRecord{188caf5 u0 com.android.gallery3d/.app.MovieActivity t-1 f}} in t=Task{2f4d2c3 #161 type=standard A=10065:com.android.gallery3d U=0 visible=false mode=fullscreen translucent=true sz=0}]
02-17 10:40:50.542 I/wm_task_removed( 1524): [161,removeChild]
02-17 10:40:50.549 I/am_uid_running( 1524): 10065
02-17 10:40:50.568 I/am_proc_start( 1524): [0,23763,10065,com.android.gallery3d,NULL,]
02-17 10:40:50.597 I/am_proc_bound( 1524): [0,23763,com.android.gallery3d]
02-17 10:40:50.935 I/auditd ( 0): type=1400 audit(0.0:26531): avc: denied { kill } for comm="swapper/2" capability=5 scontext=u:r:kernel:s0 tcontext=u:r:kernel:s0 tclass=capability permissive=0
02-17 10:40:51.939 I/auditd ( 0): type=1400 audit(0.0:26532): avc: denied { kill } for comm="swapper/2" capability=5 scontext=u:r:kernel:s0 tcontext=u:r:kernel:s0 tclass=capability permissive=0
02-17 10:40:52.552 I/input_interaction( 1524): Interaction with: a0a10ec StatusBar (server), edge-swipe (server), swipe-up (server), PointerEventDispatcher0 (server),
02-17 10:40:52.557 I/sysui_multi_action(22372): [757,803,799,panel_open,802,1]
02-17 10:40:52.559 I/sysui_multi_action(22372): [757,1328,758,4,1326,31,1327,1,1329,0]
02-17 10:40:52.588 I/sysui_multi_action( 1524): [757,127,758,1]
02-17 10:40:52.588 I/sysui_multi_action( 1524): [757,804,799,note_load,801,3,802,1]
02-17 10:40:52.588 I/notification_panel_revealed( 1524): 3
02-17 10:40:52.601 I/input_focus( 1524): [Focus request ef6fa43 NotificationShade,reason=UpdateInputWindows]
02-17 10:40:52.610 I/sysui_multi_action( 1524): [757,128,758,1,793,23477221,794,0,795,23477221,796,26,798,0,806,android,857,DEVELOPER_IMPORTANT,858,4,947,0,1395,3,1500,23477014,1688,1]
02-17 10:40:52.610 I/sysui_multi_action( 1524): [757,804,799,note_freshness,801,23477221,802,1]
02-17 10:40:52.610 I/notification_visibility( 1524): [-1|android|26|null|1000,1,23477221,23477221,0,0]
02-17 10:40:52.610 I/sysui_multi_action( 1524): [757,128,758,1,793,24679155,794,0,795,24679155,796,32,798,2,806,android,857,USB,858,1,947,0,1395,3,1500,24678723,1688,1]
02-17 10:40:52.610 I/sysui_multi_action( 1524): [757,804,799,note_freshness,801,24679155,802,1]
02-17 10:40:52.610 I/notification_visibility( 1524): [-1|android|32|null|1000,1,24679155,24679155,0,2]
02-17 10:40:52.611 I/sysui_multi_action( 1524): [757,128,758,1,793,363822,794,0,795,363822,796,2147483647,797,ranker_group,798,1,806,com.android.systemui,857,empty_media_style_id,858,4,946,ranker_group,947,1,1395,3,1500,363822,1688,1]
02-17 10:40:52.611 I/sysui_multi_action( 1524): [757,804,799,note_freshness,801,363822,802,1]
02-17 10:40:52.611 I/notification_visibility( 1524): [0|com.android.systemui|2147483647|ranker_group|10080|ranker_group,1,363822,363822,0,1]
02-17 10:40:52.627 I/input_focus( 1524): [Focus leaving 321be4b com.android.launcher3/com.android.launcher3.uioverrides.QuickstepLauncher (server),reason=setFocusedWindow]
02-17 10:40:52.627 I/input_focus( 1524): [Focus entering ef6fa43 NotificationShade (server),reason=setFocusedWindow]
02-17 10:40:52.655 I/sysui_multi_action(22372): [757,111,758,1]
02-17 10:40:52.656 I/sysui_multi_action(22372): [757,126,758,1,759,126,927,0,928,0,1593,1]
02-17 10:40:52.656 I/sysui_multi_action(22372): [757,113,758,1,759,113,927,1,928,1,1593,1]
02-17 10:40:52.656 I/sysui_multi_action(22372): [757,0,758,1,759,0,927,2,928,0,1593,1]
02-17 10:40:52.656 I/sysui_multi_action(22372): [757,0,758,1,759,0,927,3,928,0,1593,1]
02-17 10:40:52.656 I/sysui_multi_action(22372): [757,491,758,1,759,491,927,4,928,0,1311,-1,1593,0]
02-17 10:40:52.656 I/sysui_multi_action(22372): [757,122,758,1,759,122,927,5,928,1,1593,0]
02-17 10:40:52.657 I/sysui_multi_action(22372): [757,0,758,1,759,0,927,6,928,0,1593,0]
02-17 10:40:52.657 I/sysui_multi_action(22372): [757,0,758,1,759,0,927,7,1593,0]
02-17 10:40:52.657 I/sysui_multi_action(22372): [757,111,758,1]
02-17 10:40:52.657 I/sysui_multi_action(22372): [757,126,758,1,759,126,927,0,928,0,1593,1]
02-17 10:40:52.657 I/sysui_multi_action(22372): [757,113,758,1,759,113,927,1,928,1,1593,1]
02-17 10:40:52.657 I/sysui_multi_action(22372): [757,0,758,1,759,0,927,2,928,0,1593,1]
02-17 10:40:52.657 I/sysui_multi_action(22372): [757,0,758,1,759,0,927,3,928,0,1593,1]
02-17 10:40:52.935 I/auditd ( 0): type=1400 audit(0.0:26533): avc: denied { kill } for comm="swapper/2" capability=5 scontext=u:r:kernel:s0 tcontext=u:r:kernel:s0 tclass=capability permissive=0
02-17 10:40:53.939 I/auditd ( 0): type=1400 audit(0.0:26534): avc: denied { kill } for comm="swapper/2" capability=5 scontext=u:r:kernel:s0 tcontext=u:r:kernel:s0 tclass=capability permissive=0
02-17 10:40:53.943 I/input_interaction( 1524): Interaction with: ef6fa43 NotificationShade (server), edge-swipe (server), swipe-up (server), PointerEventDispatcher0 (server),
02-17 10:40:54.587 I/sysui_multi_action(22372): [757,410,758,4,759,1]
02-17 10:40:54.935 I/auditd ( 0): type=1400 audit(0.0:26535): avc: denied { kill } for comm="swapper/2" capability=5 scontext=u:r:kernel:s0 tcontext=u:r:kernel:s0 tclass=capability permissive=0
02-17 10:40:55.507 I/sysui_multi_action(22372): [757,409,758,4,759,1]
02-17 10:40:56.935 I/auditd ( 0): type=1400 audit(0.0:26536): avc: denied { kill } for comm="swapper/0" capability=5 scontext=u:r:kernel:s0 tcontext=u:r:kernel:s0 tclass=capability permissive=0
02-17 10:40:57.935 I/auditd ( 0): type=1400 audit(0.0:26537): avc: denied { kill } for comm="swapper/0" capability=5 scontext=u:r:kernel:s0 tcontext=u:r:kernel:s0 tclass=capability permissive=0
02-17 10:40:58.624 I/sysui_multi_action(22372): [757,803,799,notification_dismissed,802,1]
02-17 10:40:58.629 I/sysui_multi_action( 1524): [757,804,799,note_dismiss_longevity,801,6,802,1]
02-17 10:40:58.629 I/sysui_multi_action( 1524): [757,128,758,5,759,2,793,369840,794,6018,795,369840,796,2147483647,797,ranker_group,798,1,806,com.android.systemui,857,empty_media_style_id,858,4,946,ranker_group,947,1,1395,3,1500,369840,1688,1]
02-17 10:40:58.629 I/notification_canceled( 1524): [0|com.android.systemui|2147483647|ranker_group|10080|ranker_group,2,369840,369840,6018,1,3,NULL]
02-17 10:40:58.629 I/notification_cancel( 1524): [10080,22372,com.android.systemui,2048,NULL,0,0,0,12,NULL]
02-17 10:40:58.630 I/sysui_multi_action( 1524): [757,128,758,5,759,12,793,24241527,794,0,795,90589,796,2048,806,com.android.systemui,857,updateNotification,858,3,946,ranker_group,947,0,1500,90589,1688,1]
02-17 10:40:58.630 I/notification_canceled( 1524): [0|com.android.systemui|2048|null|10080,12,24241527,90589,0,-1,-1,NULL]
02-17 10:40:58.630 I/notification_cancel( 1524): [10080,22372,com.android.systemui,1,empty_media,0,0,0,12,NULL]
02-17 10:40:58.630 I/sysui_multi_action( 1524): [757,128,758,5,759,12,793,24686261,794,0,795,1748258,796,1,797,empty_media,806,com.android.systemui,857,empty_media_style_id,858,4,946,ranker_group,947,0,1500,1748258,1641,transport,1688,1,1745,1043716538]
02-17 10:40:58.631 I/notification_canceled( 1524): [0|com.android.systemui|1|empty_media|10080,12,24686261,1748258,0,-1,-1,NULL]
02-17 10:40:58.692 I/notification_enqueue( 1524): [10080,22372,com.android.systemui,1,empty_media,0,Notification(channel=empty_media_style_id shortcut=null contentView=null vibrate=null sound=null defaults=0x0 flags=0x20 color=0x00000000 category=transport actions=4 vis=PRIVATE),0]
02-17 10:40:58.896 I/sysui_multi_action( 1524): [757,1501,758,1,793,205,794,0,795,205,796,1,797,empty_media,806,com.android.systemui,857,empty_media_style_id,858,4,947,0,1500,0,1641,transport,1688,1,1745,1043716538]
02-17 10:40:58.897 I/sysui_multi_action( 1524): [757,804,799,note_interruptive,801,0,802,1]
02-17 10:40:59.935 I/auditd ( 0): type=1400 audit(0.0:26538): avc: denied { kill } for comm="swapper/0" capability=5 scontext=u:r:kernel:s0 tcontext=u:r:kernel:s0 tclass=capability permissive=0
02-17 10:41:00.935 I/auditd ( 0): type=1400 audit(0.0:26539): avc: denied { kill } for comm="swapper/0" capability=5 scontext=u:r:kernel:s0 tcontext=u:r:kernel:s0 tclass=capability permissive=0
02-17 10:41:01.143 I/notification_enqueue( 1524): [10080,22372,com.android.systemui,2048,NULL,0,Notification(channel=updateNotification shortcut=null contentView=null vibrate=null sound=null defaults=0x0 flags=0x0 color=0x00000000 vis=PRIVATE),0]
02-17 10:41:01.143 I/sysui_multi_action(22372): [757,111,758,2]
02-17 10:41:01.144 I/sysui_multi_action(22372): [757,111,758,2]
02-17 10:41:01.321 I/input_focus( 1524): [Focus request 321be4b com.android.launcher3/com.android.launcher3.uioverrides.QuickstepLauncher,reason=UpdateInputWindows]
02-17 10:41:01.325 I/sysui_multi_action( 1524): [757,128,758,2,793,23485936,794,8715,795,23485936,796,26,798,0,806,android,857,DEVELOPER_IMPORTANT,858,4,947,0,1395,2,1500,23485729,1688,1]
02-17 10:41:01.325 I/notification_visibility( 1524): [-1|android|26|null|1000,0,23485936,23485936,0,0]
02-17 10:41:01.326 I/sysui_multi_action( 1524): [757,128,758,2,793,24687871,794,8716,795,24687871,796,32,798,1,806,android,857,USB,858,1,947,0,1395,2,1500,24687439,1688,1]
02-17 10:41:01.326 I/notification_visibility( 1524): [-1|android|32|null|1000,0,24687871,24687871,0,1]
02-17 10:41:01.327 I/sysui_multi_action( 1524): [757,127,758,2]
02-17 10:41:01.327 I/notification_panel_hidden( 1524):
02-17 10:41:01.345 I/sysui_multi_action( 1524): [757,1501,758,1,793,202,794,0,795,202,796,2048,806,com.android.systemui,857,updateNotification,858,3,947,0,1500,0,1688,1]
02-17 10:41:01.345 I/sysui_multi_action( 1524): [757,804,799,note_interruptive,801,0,802,1]
02-17 10:41:01.348 I/input_focus( 1524): [Focus leaving ef6fa43 NotificationShade (server),reason=NO_WINDOW]
02-17 10:41:01.348 I/input_focus( 1524): [Focus entering 321be4b com.android.launcher3/com.android.launcher3.uioverrides.QuickstepLauncher (server),reason=setFocusedWindow]
02-17 10:41:01.939 I/auditd ( 0): type=1400 audit(0.0:26540): avc: denied { kill } for comm="swapper/0" capability=5 scontext=u:r:kernel:s0 tcontext=u:r:kernel:s0 tclass=capability permissive=0
02-17 10:41:02.939 I/auditd ( 0): type=1400 audit(0.0:26541): avc: denied { kill } for comm="swapper/0" capability=5 scontext=u:r:kernel:s0 tcontext=u:r:kernel:s0 tclass=capability permissive=0
02-17 10:41:03.939 I/auditd ( 0): type=1400 audit(0.0:26542): avc: denied { kill } for comm="swapper/0" capability=5 scontext=u:r:kernel:s0 tcontext=u:r:kernel:s0 tclass=capability permissive=0
02-17 10:41:04.750 I/input_interaction( 1524): Interaction with: 321be4b com.android.launcher3/com.android.launcher3.uioverrides.QuickstepLauncher (server), acb9a4a com.android.systemui.ImageWallpaper (server), edge-swipe (server), swipe-up (server), PointerEventDispatcher0 (server),
02-17 10:41:04.851 I/view_enqueue_input_event( 2568): [Motion - Cancel,com.android.launcher3/com.android.launcher3.uioverrides.QuickstepLauncher]
02-17 10:41:04.857 I/input_interaction( 1524): Interaction with: edge-swipe (server), swipe-up (server), PointerEventDispatcher0 (server),
02-17 10:41:04.935 I/auditd ( 0): type=1400 audit(0.0:26543): avc: denied { kill } for comm="swapper/0" capability=5 scontext=u:r:kernel:s0 tcontext=u:r:kernel:s0 tclass=capability permissive=0
02-17 10:41:05.038 I/commit_sys_config_file( 1524): [settings-1-0,3]
02-17 10:41:05.504 I/commit_sys_config_file( 1524): [settings-1-0,4]
02-17 10:41:05.939 I/auditd ( 0): type=1400 audit(0.0:26544): avc: denied { kill } for comm="swapper/0" capability=5 scontext=u:r:kernel:s0 tcontext=u:r:kernel:s0 tclass=capability permissive=0
02-17 10:41:06.000 I/input_interaction( 1524): Interaction with: 321be4b com.android.launcher3/com.android.launcher3.uioverrides.QuickstepLauncher (server), acb9a4a com.android.systemui.ImageWallpaper (server), edge-swipe (server), swipe-up (server), PointerEventDispatcher0 (server),
02-17 10:41:06.935 I/auditd ( 0): type=1400 audit(0.0:26545): avc: denied { kill } for comm="swapper/0" capability=5 scontext=u:r:kernel:s0 tcontext=u:r:kernel:s0 tclass=capability permissive=0
02-17 10:41:07.935 I/auditd ( 0): type=1400 audit(0.0:26546): avc: denied { kill } for comm="swapper/0" capability=5 scontext=u:r:kernel:s0 tcontext=u:r:kernel:s0 tclass=capability permissive=0
02-17 10:41:08.939 I/auditd ( 0): type=1400 audit(0.0:26547): avc: denied { kill } for comm="swapper/0" capability=5 scontext=u:r:kernel:s0 tcontext=u:r:kernel:s0 tclass=capability permissive=0
02-17 10:41:09.939 I/auditd ( 0): type=1400 audit(0.0:26548): avc: denied { kill } for comm="swapper/0" capability=5 scontext=u:r:kernel:s0 tcontext=u:r:kernel:s0 tclass=capability permissive=0
02-17 10:41:10.939 I/auditd ( 0): type=1400 audit(0.0:26549): avc: denied { kill } for comm="swapper/0" capability=5 scontext=u:r:kernel:s0 tcontext=u:r:kernel:s0 tclass=capability permissive=0
02-17 10:41:11.939 I/auditd ( 0): type=1400 audit(0.0:26550): avc: denied { kill } for comm="swapper/0" capability=5 scontext=u:r:kernel:s0 tcontext=u:r:kernel:s0 tclass=capability permissive=0
02-17 10:41:12.403 I/view_enqueue_input_event( 2568): [Motion - Cancel,com.android.launcher3/com.android.launcher3.uioverrides.QuickstepLauncher]
02-17 10:41:12.403 I/input_interaction( 1524): Interaction with: edge-swipe (server), swipe-up (server), PointerEventDispatcher0 (server),
02-17 10:41:12.593 I/commit_sys_config_file( 1524): [settings-1-0,7]
02-17 10:41:13.079 I/commit_sys_config_file( 1524): [settings-1-0,5]
02-17 10:41:13.840 I/input_interaction( 1524): Interaction with: 321be4b com.android.launcher3/com.android.launcher3.uioverrides.QuickstepLauncher (server), acb9a4a com.android.systemui.ImageWallpaper (server), edge-swipe (server), swipe-up (server), PointerEventDispatcher0 (server),
02-17 10:41:13.935 I/auditd ( 0): type=1400 audit(0.0:26551): avc: denied { kill } for comm="swapper/2" capability=5 scontext=u:r:kernel:s0 tcontext=u:r:kernel:s0 tclass=capability permissive=0
02-17 10:41:14.802 I/view_enqueue_input_event( 2568): [Motion - Cancel,com.android.launcher3/com.android.launcher3.uioverrides.QuickstepLauncher]
02-17 10:41:14.803 I/input_interaction( 1524): Interaction with: edge-swipe (server), swipe-up (server), PointerEventDispatcher0 (server),
02-17 10:41:14.935 I/auditd ( 0): type=1400 audit(0.0:26552): avc: denied { kill } for comm="swapper/2" capability=5 scontext=u:r:kernel:s0 tcontext=u:r:kernel:s0 tclass=capability permissive=0
02-17 10:41:14.996 I/commit_sys_config_file( 1524): [settings-1-0,4]
02-17 10:41:15.403 I/commit_sys_config_file( 1524): [settings-1-0,10]
02-17 10:41:15.888 I/input_interaction( 1524): Interaction with: 321be4b com.android.launcher3/com.android.launcher3.uioverrides.QuickstepLauncher (server), acb9a4a com.android.systemui.ImageWallpaper (server), edge-swipe (server), swipe-up (server), PointerEventDispatcher0 (server),
02-17 10:41:15.935 I/auditd ( 0): type=1400 audit(0.0:26553): avc: denied { kill } for comm="swapper/2" capability=5 scontext=u:r:kernel:s0 tcontext=u:r:kernel:s0 tclass=capability permissive=0
02-17 10:41:16.939 I/auditd ( 0): type=1400 audit(0.0:26554): avc: denied { kill } for comm="swapper/2" capability=5 scontext=u:r:kernel:s0 tcontext=u:r:kernel:s0 tclass=capability permissive=0
02-17 10:41:17.935 I/auditd ( 0): type=1400 audit(0.0:26555): avc: denied { kill } for comm="swapper/2" capability=5 scontext=u:r:kernel:s0 tcontext=u:r:kernel:s0 tclass=capability permissive=0
02-17 10:41:18.935 I/auditd ( 0): type=1400 audit(0.0:26556): avc: denied { kill } for comm="swapper/2" capability=5 scontext=u:r:kernel:s0 tcontext=u:r:kernel:s0 tclass=capability permissive=0
02-17 10:41:19.939 I/auditd ( 0): type=1400 audit(0.0:26557): avc: denied { kill } for comm="swapper/2" capability=5 scontext=u:r:kernel:s0 tcontext=u:r:kernel:s0 tclass=capability permissive=0
02-17 10:41:20.935 I/auditd ( 0): type=1400 audit(0.0:26558): avc: denied { kill } for comm="swapper/2" capability=5 scontext=u:r:kernel:s0 tcontext=u:r:kernel:s0 tclass=capability permissive=0
02-17 10:41:21.939 I/auditd ( 0): type=1400 audit(0.0:26559): avc: denied { kill } for comm="swapper/2" capability=5 scontext=u:r:kernel:s0 tcontext=u:r:kernel:s0 tclass=capability permissive=0
02-17 10:41:22.686 I/input_interaction( 1524): Interaction with: a0a10ec StatusBar (server), edge-swipe (server), swipe-up (server), PointerEventDispatcher0 (server),
02-17 10:41:22.690 I/sysui_multi_action(22372): [757,803,799,panel_open,802,1]
02-17 10:41:22.691 I/sysui_multi_action(22372): [757,1328,758,4,1326,31,1327,1,1329,0]
02-17 10:41:22.732 I/sysui_multi_action( 1524): [757,127,758,1]
02-17 10:41:22.732 I/sysui_multi_action( 1524): [757,804,799,note_load,801,2,802,1]
02-17 10:41:22.732 I/notification_panel_revealed( 1524): 2
02-17 10:41:22.744 I/input_focus( 1524): [Focus request ef6fa43 NotificationShade,reason=UpdateInputWindows]
02-17 10:41:22.753 I/sysui_multi_action( 1524): [757,128,758,1,793,23507364,794,0,795,23507364,796,26,798,0,806,android,857,DEVELOPER_IMPORTANT,858,4,947,0,1395,2,1500,23507157,1688,1]
02-17 10:41:22.754 I/sysui_multi_action( 1524): [757,804,799,note_freshness,801,23507364,802,1]
02-17 10:41:22.754 I/notification_visibility( 1524): [-1|android|26|null|1000,1,23507364,23507364,0,0]
02-17 10:41:22.754 I/sysui_multi_action( 1524): [757,128,758,1,793,24709299,794,0,795,24709299,796,32,798,1,806,android,857,USB,858,1,947,0,1395,2,1500,24708867,1688,1]
02-17 10:41:22.754 I/sysui_multi_action( 1524): [757,804,799,note_freshness,801,24709299,802,1]
02-17 10:41:22.754 I/notification_visibility( 1524): [-1|android|32|null|1000,1,24709299,24709299,0,1]
02-17 10:41:22.765 I/input_focus( 1524): [Focus leaving 321be4b com.android.launcher3/com.android.launcher3.uioverrides.QuickstepLauncher (server),reason=setFocusedWindow]
02-17 10:41:22.765 I/input_focus( 1524): [Focus entering ef6fa43 NotificationShade (server),reason=setFocusedWindow]
02-17 10:41:22.811 I/sysui_multi_action(22372): [757,111,758,1]
02-17 10:41:22.812 I/sysui_multi_action(22372): [757,126,758,1,759,126,927,0,928,0,1593,0]
02-17 10:41:22.812 I/sysui_multi_action(22372): [757,113,758,1,759,113,927,1,928,1,1593,0]
02-17 10:41:22.812 I/sysui_multi_action(22372): [757,0,758,1,759,0,927,2,928,0,1593,0]
02-17 10:41:22.812 I/sysui_multi_action(22372): [757,0,758,1,759,0,927,3,928,0,1593,0]
02-17 10:41:22.813 I/sysui_multi_action(22372): [757,491,758,1,759,491,927,4,928,0,1311,-1,1593,0]
02-17 10:41:22.813 I/sysui_multi_action(22372): [757,122,758,1,759,122,927,5,928,1,1593,0]
02-17 10:41:22.813 I/sysui_multi_action(22372): [757,0,758,1,759,0,927,6,928,0,1593,0]
02-17 10:41:22.813 I/sysui_multi_action(22372): [757,0,758,1,759,0,927,7,1593,0]
02-17 10:41:22.813 I/sysui_multi_action(22372): [757,111,758,1]
02-17 10:41:22.813 I/sysui_multi_action(22372): [757,126,758,1,759,126,927,0,928,0,1593,0]
02-17 10:41:22.813 I/sysui_multi_action(22372): [757,113,758,1,759,113,927,1,928,1,1593,0]
02-17 10:41:22.813 I/sysui_multi_action(22372): [757,0,758,1,759,0,927,2,928,0,1593,0]
02-17 10:41:22.813 I/sysui_multi_action(22372): [757,0,758,1,759,0,927,3,928,0,1593,0]
02-17 10:41:22.935 I/auditd ( 0): type=1400 audit(0.0:26560): avc: denied { kill } for comm="swapper/2" capability=5 scontext=u:r:kernel:s0 tcontext=u:r:kernel:s0 tclass=capability permissive=0
02-17 10:41:23.780 I/input_interaction( 1524): Interaction with: ef6fa43 NotificationShade (server), edge-swipe (server), swipe-up (server), PointerEventDispatcher0 (server),
02-17 10:41:23.781 I/service_manager_stats( 1524): [100,63,45007]
02-17 10:41:23.935 I/auditd ( 0): type=1400 audit(0.0:26561): avc: denied { kill } for comm="swapper/2" capability=5 scontext=u:r:kernel:s0 tcontext=u:r:kernel:s0 tclass=capability permissive=0
02-17 10:41:24.219 I/sysui_multi_action(22372): [757,409,758,4,759,1]
02-17 10:41:24.935 I/auditd ( 0): type=1400 audit(0.0:26562): avc: denied { kill } for comm="swapper/2" capability=5 scontext=u:r:kernel:s0 tcontext=u:r:kernel:s0 tclass=capability permissive=0
02-17 10:41:25.136 I/notification_enqueue( 1524): [10080,22372,com.android.systemui,2048,NULL,0,Notification(channel=updateNotification shortcut=null contentView=null vibrate=null sound=null defaults=0x0 flags=0x0 color=0x00000000 vis=PRIVATE),1]
02-17 10:41:25.136 I/sysui_multi_action(22372): [757,111,758,2]
02-17 10:41:25.137 I/sysui_multi_action(22372): [757,111,758,2]
02-17 10:41:25.347 I/input_focus( 1524): [Focus request 321be4b com.android.launcher3/com.android.launcher3.uioverrides.QuickstepLauncher,reason=UpdateInputWindows]
02-17 10:41:25.351 I/sysui_multi_action( 1524): [757,128,758,2,793,23509962,794,2598,795,23509962,796,26,798,0,806,android,857,DEVELOPER_IMPORTANT,858,4,947,0,1395,2,1500,23509755,1688,1]
02-17 10:41:25.351 I/notification_visibility( 1524): [-1|android|26|null|1000,0,23509962,23509962,0,0]
02-17 10:41:25.351 I/sysui_multi_action( 1524): [757,128,758,2,793,24711896,794,2597,795,24711896,796,32,798,1,806,android,857,USB,858,1,947,0,1395,2,1500,24711464,1688,1]
02-17 10:41:25.352 I/notification_visibility( 1524): [-1|android|32|null|1000,0,24711896,24711896,0,1]
02-17 10:41:25.352 I/sysui_multi_action( 1524): [757,127,758,2]
02-17 10:41:25.352 I/notification_panel_hidden( 1524):
02-17 10:41:25.371 I/input_focus( 1524): [Focus leaving ef6fa43 NotificationShade (server),reason=NO_WINDOW]
02-17 10:41:25.371 I/input_focus( 1524): [Focus entering 321be4b com.android.launcher3/com.android.launcher3.uioverrides.QuickstepLauncher (server),reason=setFocusedWindow]
02-17 10:41:25.935 I/auditd ( 0): type=1400 audit(0.0:26563): avc: denied { kill } for comm="swapper/2" capability=5 scontext=u:r:kernel:s0 tcontext=u:r:kernel:s0 tclass=capability permissive=0
02-17 10:41:26.935 I/auditd ( 0): type=1400 audit(0.0:26564): avc: denied { kill } for comm="swapper/2" capability=5 scontext=u:r:kernel:s0 tcontext=u:r:kernel:s0 tclass=capability permissive=0
02-17 10:41:27.935 I/auditd ( 0): type=1400 audit(0.0:26565): avc: denied { kill } for comm="swapper/2" capability=5 scontext=u:r:kernel:s0 tcontext=u:r:kernel:s0 tclass=capability permissive=0
02-17 10:41:28.935 I/auditd ( 0): type=1400 audit(0.0:26566): avc: denied { kill } for comm="swapper/2" capability=5 scontext=u:r:kernel:s0 tcontext=u:r:kernel:s0 tclass=capability permissive=0
02-17 10:41:29.939 I/auditd ( 0): type=1400 audit(0.0:26567): avc: denied { kill } for comm="swapper/2" capability=5 scontext=u:r:kernel:s0 tcontext=u:r:kernel:s0 tclass=capability permissive=0
02-17 10:41:30.935 I/auditd ( 0): type=1400 audit(0.0:26568): avc: denied { kill } for comm="swapper/2" capability=5 scontext=u:r:kernel:s0 tcontext=u:r:kernel:s0 tclass=capability permissive=0
02-17 10:41:31.939 I/auditd ( 0): type=1400 audit(0.0:26569): avc: denied { kill } for comm="swapper/2" capability=5 scontext=u:r:kernel:s0 tcontext=u:r:kernel:s0 tclass=capability permissive=0
02-17 10:41:32.939 I/auditd ( 0): type=1400 audit(0.0:26570): avc: denied { kill } for comm="swapper/2" capability=5 scontext=u:r:kernel:s0 tcontext=u:r:kernel:s0 tclass=capability permissive=0
02-17 10:41:33.939 I/auditd ( 0): type=1400 audit(0.0:26571): avc: denied { kill } for comm="swapper/2" capability=5 scontext=u:r:kernel:s0 tcontext=u:r:kernel:s0 tclass=capability permissive=0
02-17 10:41:34.939 I/auditd ( 0): type=1400 audit(0.0:26572): avc: denied { kill } for comm="swapper/2" capability=5 scontext=u:r:kernel:s0 tcontext=u:r:kernel:s0 tclass=capability permissive=0
02-17 10:41:35.935 I/auditd ( 0): type=1400 audit(0.0:26573): avc: denied { kill } for comm="swapper/2" capability=5 scontext=u:r:kernel:s0 tcontext=u:r:kernel:s0 tclass=capability permissive=0
02-17 10:41:36.939 I/auditd ( 0): type=1400 audit(0.0:26574): avc: denied { kill } for comm="swapper/2" capability=5 scontext=u:r:kernel:s0 tcontext=u:r:kernel:s0 tclass=capability permissive=0
02-17 10:41:37.939 I/auditd ( 0): type=1400 audit(0.0:26575): avc: denied { kill } for comm="swapper/2" capability=5 scontext=u:r:kernel:s0 tcontext=u:r:kernel:s0 tclass=capability permissive=0
02-17 10:41:38.939 I/auditd ( 0): type=1400 audit(0.0:26576): avc: denied { kill } for comm="swapper/2" capability=5 scontext=u:r:kernel:s0 tcontext=u:r:kernel:s0 tclass=capability permissive=0
02-17 10:41:39.939 I/auditd ( 0): type=1400 audit(0.0:26577): avc: denied { kill } for comm="swapper/2" capability=5 scontext=u:r:kernel:s0 tcontext=u:r:kernel:s0 tclass=capability permissive=0
02-17 10:41:40.939 I/auditd ( 0): type=1400 audit(0.0:26578): avc: denied { kill } for comm="swapper/2" capability=5 scontext=u:r:kernel:s0 tcontext=u:r:kernel:s0 tclass=capability permissive=0
02-17 10:41:41.939 I/auditd ( 0): type=1400 audit(0.0:26579): avc: denied { kill } for comm="swapper/2" capability=5 scontext=u:r:kernel:s0 tcontext=u:r:kernel:s0 tclass=capability permissive=0
02-17 10:41:42.939 I/auditd ( 0): type=1400 audit(0.0:26580): avc: denied { kill } for comm="swapper/2" capability=5 scontext=u:r:kernel:s0 tcontext=u:r:kernel:s0 tclass=capability permissive=0
02-17 10:41:43.939 I/auditd ( 0): type=1400 audit(0.0:26581): avc: denied { kill } for comm="swapper/2" capability=5 scontext=u:r:kernel:s0 tcontext=u:r:kernel:s0 tclass=capability permissive=0
02-17 10:41:44.939 I/auditd ( 0): type=1400 audit(0.0:26582): avc: denied { kill } for comm="swapper/2" capability=5 scontext=u:r:kernel:s0 tcontext=u:r:kernel:s0 tclass=capability permissive=0
02-17 10:41:45.939 I/auditd ( 0): type=1400 audit(0.0:26583): avc: denied { kill } for comm="swapper/2" capability=5 scontext=u:r:kernel:s0 tcontext=u:r:kernel:s0 tclass=capability permissive=0
02-17 10:41:46.939 I/auditd ( 0): type=1400 audit(0.0:26584): avc: denied { kill } for comm="swapper/2" capability=5 scontext=u:r:kernel:s0 tcontext=u:r:kernel:s0 tclass=capability permissive=0
02-17 10:41:47.939 I/auditd ( 0): type=1400 audit(0.0:26585): avc: denied { kill } for comm="swapper/2" capability=5 scontext=u:r:kernel:s0 tcontext=u:r:kernel:s0 tclass=capability permissive=0
02-17 10:41:48.939 I/auditd ( 0): type=1400 audit(0.0:26586): avc: denied { kill } for comm="swapper/2" capability=5 scontext=u:r:kernel:s0 tcontext=u:r:kernel:s0 tclass=capability permissive=0
02-17 10:41:49.935 I/auditd ( 0): type=1400 audit(0.0:26587): avc: denied { kill } for comm="swapper/2" capability=5 scontext=u:r:kernel:s0 tcontext=u:r:kernel:s0 tclass=capability permissive=0
02-17 10:41:50.935 I/auditd ( 0): type=1400 audit(0.0:26588): avc: denied { kill } for comm="swapper/2" capability=5 scontext=u:r:kernel:s0 tcontext=u:r:kernel:s0 tclass=capability permissive=0
02-17 10:41:51.935 I/auditd ( 0): type=1400 audit(0.0:26589): avc: denied { kill } for comm="swapper/2" capability=5 scontext=u:r:kernel:s0 tcontext=u:r:kernel:s0 tclass=capability permissive=0
02-17 10:41:52.939 I/auditd ( 0): type=1400 audit(0.0:26590): avc: denied { kill } for comm="swapper/2" capability=5 scontext=u:r:kernel:s0 tcontext=u:r:kernel:s0 tclass=capability permissive=0
02-17 10:41:53.935 I/auditd ( 0): type=1400 audit(0.0:26591): avc: denied { kill } for comm="swapper/2" capability=5 scontext=u:r:kernel:s0 tcontext=u:r:kernel:s0 tclass=capability permissive=0
02-17 10:41:53.935 I/auditd (10901): type=1400 audit(0.0:26592): avc: denied { search } for comm=73796E6320737663203237 name="oem" dev="dm-5" ino=42 scontext=u:r:adbd:s0 tcontext=u:object_r:oemfs:s0 tclass=dir permissive=0
02-17 10:41:53.939 I/auditd (10901): type=1400 audit(0.0:26593): avc: denied { search } for comm=73796E6320737663203237 name="oem" dev="dm-5" ino=42 scontext=u:r:adbd:s0 tcontext=u:object_r:oemfs:s0 tclass=dir permissive=0
02-17 10:41:53.939 I/auditd (10901): type=1400 audit(0.0:26594): avc: denied { search } for comm=73796E6320737663203237 name="oem" dev="dm-5" ino=42 scontext=u:r:adbd:s0 tcontext=u:object_r:oemfs:s0 tclass=dir permissive=0
02-17 10:41:53.939 I/auditd (10901): type=1400 audit(0.0:26595): avc: denied { search } for comm=73796E6320737663203237 name="oem" dev="dm-5" ino=42 scontext=u:r:adbd:s0 tcontext=u:object_r:oemfs:s0 tclass=dir permissive=0
02-17 10:41:54.935 I/auditd ( 0): type=1400 audit(0.0:26596): avc: denied { kill } for comm="swapper/2" capability=5 scontext=u:r:kernel:s0 tcontext=u:r:kernel:s0 tclass=capability permissive=0
02-17 10:41:55.469 I/am_uid_idle( 1524): 10062
02-17 10:41:56.935 I/auditd ( 0): type=1400 audit(0.0:26597): avc: denied { kill } for comm="swapper/2" capability=5 scontext=u:r:kernel:s0 tcontext=u:r:kernel:s0 tclass=capability permissive=0
02-17 10:41:57.935 I/auditd ( 0): type=1400 audit(0.0:26598): avc: denied { kill } for comm="swapper/2" capability=5 scontext=u:r:kernel:s0 tcontext=u:r:kernel:s0 tclass=capability permissive=0
02-17 10:41:58.444 I/storage_state( 1524): [41217664-9172-527a-b3d5-edabb50a7d69,0,0,116066959360,118610538496]
02-17 10:41:58.723 I/auditd (10901): type=1400 audit(0.0:26599): avc: denied { search } for comm=73796E6320737663203237 name="oem" dev="dm-5" ino=42 scontext=u:r:adbd:s0 tcontext=u:object_r:oemfs:s0 tclass=dir permissive=0
02-17 10:41:58.935 I/auditd ( 0): type=1400 audit(0.0:26600): avc: denied { kill } for comm="swapper/2" capability=5 scontext=u:r:kernel:s0 tcontext=u:r:kernel:s0 tclass=capability permissive=0
02-17 10:41:59.935 I/auditd ( 0): type=1400 audit(0.0:26601): avc: denied { kill } for comm="swapper/2" capability=5 scontext=u:r:kernel:s0 tcontext=u:r:kernel:s0 tclass=capability permissive=0
02-17 10:42:00.935 I/auditd ( 0): type=1400 audit(0.0:26602): avc: denied { kill } for comm="swapper/2" capability=5 scontext=u:r:kernel:s0 tcontext=u:r:kernel:s0 tclass=capability permissive=0
02-17 10:42:01.935 I/auditd ( 0): type=1400 audit(0.0:26603): avc: denied { kill } for comm="swapper/2" capability=5 scontext=u:r:kernel:s0 tcontext=u:r:kernel:s0 tclass=capability permissive=0
02-17 10:42:02.935 I/auditd ( 0): type=1400 audit(0.0:26604): avc: denied { kill } for comm="swapper/2" capability=5 scontext=u:r:kernel:s0 tcontext=u:r:kernel:s0 tclass=capability permissive=0
02-17 10:42:03.939 I/auditd ( 0): type=1400 audit(0.0:26605): avc: denied { kill } for comm="swapper/2" capability=5 scontext=u:r:kernel:s0 tcontext=u:r:kernel:s0 tclass=capability permissive=0
02-17 10:42:04.935 I/auditd ( 0): type=1400 audit(0.0:26606): avc: denied { kill } for comm="swapper/2" capability=5 scontext=u:r:kernel:s0 tcontext=u:r:kernel:s0 tclass=capability permissive=0
02-17 10:42:06.291 I/auditd (10901): type=1400 audit(0.0:26607): avc: denied { search } for comm=73796E6320737663203237 name="oem" dev="dm-5" ino=42 scontext=u:r:adbd:s0 tcontext=u:object_r:oemfs:s0 tclass=dir permissive=0
02-17 10:42:06.935 I/auditd (22803): type=1400 audit(0.0:26608): avc: denied { kill } for comm="kworker/u17:1" capability=5 scontext=u:r:kernel:s0 tcontext=u:r:kernel:s0 tclass=capability permissive=0
02-17 10:42:07.935 I/auditd ( 0): type=1400 audit(0.0:26609): avc: denied { kill } for comm="swapper/2" capability=5 scontext=u:r:kernel:s0 tcontext=u:r:kernel:s0 tclass=capability permissive=0
02-17 10:42:11.815 I/auditd (10901): type=1400 audit(0.0:26610): avc: denied { search } for comm=73796E6320737663203237 name="oem" dev="dm-5" ino=42 scontext=u:r:adbd:s0 tcontext=u:object_r:oemfs:s0 tclass=dir permissive=0
02-17 10:42:11.935 I/auditd ( 0): type=1400 audit(0.0:26611): avc: denied { kill } for comm="swapper/2" capability=5 scontext=u:r:kernel:s0 tcontext=u:r:kernel:s0 tclass=capability permissive=0
02-17 10:42:12.935 I/auditd ( 0): type=1400 audit(0.0:26612): avc: denied { kill } for comm="swapper/2" capability=5 scontext=u:r:kernel:s0 tcontext=u:r:kernel:s0 tclass=capability permissive=0
02-17 10:42:13.935 I/auditd ( 0): type=1400 audit(0.0:26613): avc: denied { kill } for comm="swapper/2" capability=5 scontext=u:r:kernel:s0 tcontext=u:r:kernel:s0 tclass=capability permissive=0
02-17 10:42:14.935 I/auditd ( 0): type=1400 audit(0.0:26614): avc: denied { kill } for comm="swapper/2" capability=5 scontext=u:r:kernel:s0 tcontext=u:r:kernel:s0 tclass=capability permissive=0
02-17 10:42:15.935 I/auditd ( 0): type=1400 audit(0.0:26615): avc: denied { kill } for comm="swapper/2" capability=5 scontext=u:r:kernel:s0 tcontext=u:r:kernel:s0 tclass=capability permissive=0
02-17 10:42:16.935 I/auditd ( 0): type=1400 audit(0.0:26616): avc: denied { kill } for comm="swapper/2" capability=5 scontext=u:r:kernel:s0 tcontext=u:r:kernel:s0 tclass=capability permissive=0
02-17 10:42:17.731 I/sysui_multi_action( 1524): [757,1696,758,6,759,2]
02-17 10:42:17.734 I/am_wtf ( 1524): [0,1524,system_server,-1,DisplayDeviceConfig,requesting nits when no mapping exists.]
02-17 10:42:17.738 I/am_wtf ( 1524): [0,1524,system_server,-1,DisplayDeviceConfig,requesting nits when no mapping exists.]
02-17 10:42:17.750 I/am_wtf ( 1524): [0,1524,system_server,-1,DisplayDeviceConfig,requesting nits when no mapping exists.]
02-17 10:42:17.751 I/am_wtf ( 1524): [0,1524,system_server,-1,DisplayDeviceConfig,requesting nits when no mapping exists.]
02-17 10:42:17.767 I/am_wtf ( 1524): [0,1524,system_server,-1,DisplayDeviceConfig,requesting nits when no mapping exists.]
02-17 10:42:17.770 I/am_wtf ( 1524): [0,1524,system_server,-1,DisplayDeviceConfig,requesting nits when no mapping exists.]
02-17 10:42:17.775 I/am_wtf ( 1524): [0,1524,system_server,-1,DisplayDeviceConfig,requesting nits when no mapping exists.]
02-17 10:42:17.776 I/am_wtf ( 1524): [0,1524,system_server,-1,DisplayDeviceConfig,requesting nits when no mapping exists.]
02-17 10:42:17.791 I/am_wtf ( 1524): [0,1524,system_server,-1,DisplayDeviceConfig,requesting nits when no mapping exists.]
02-17 10:42:17.793 I/am_wtf ( 1524): [0,1524,system_server,-1,DisplayDeviceConfig,requesting nits when no mapping exists.]
02-17 10:42:17.808 I/am_wtf ( 1524): [0,1524,system_server,-1,DisplayDeviceConfig,requesting nits when no mapping exists.]
02-17 10:42:17.810 I/am_wtf ( 1524): [0,1524,system_server,-1,DisplayDeviceConfig,requesting nits when no mapping exists.]
02-17 10:42:17.826 I/am_wtf ( 1524): [0,1524,system_server,-1,DisplayDeviceConfig,requesting nits when no mapping exists.]
02-17 10:42:17.827 I/am_wtf ( 1524): [0,1524,system_server,-1,DisplayDeviceConfig,requesting nits when no mapping exists.]
02-17 10:42:17.842 I/am_wtf ( 1524): [0,1524,system_server,-1,DisplayDeviceConfig,requesting nits when no mapping exists.]
02-17 10:42:17.844 I/am_wtf ( 1524): [0,1524,system_server,-1,DisplayDeviceConfig,requesting nits when no mapping exists.]
02-17 10:42:17.859 I/am_wtf ( 1524): [0,1524,system_server,-1,DisplayDeviceConfig,requesting nits when no mapping exists.]
02-17 10:42:17.861 I/am_wtf ( 1524): [0,1524,system_server,-1,DisplayDeviceConfig,requesting nits when no mapping exists.]
02-17 10:42:17.876 I/am_wtf ( 1524): [0,1524,system_server,-1,DisplayDeviceConfig,requesting nits when no mapping exists.]
02-17 10:42:17.877 I/am_wtf ( 1524): [0,1524,system_server,-1,DisplayDeviceConfig,requesting nits when no mapping exists.]
02-17 10:42:17.892 I/am_wtf ( 1524): [0,1524,system_server,-1,DisplayDeviceConfig,requesting nits when no mapping exists.]
02-17 10:42:17.893 I/am_wtf ( 1524): [0,1524,system_server,-1,DisplayDeviceConfig,requesting nits when no mapping exists.]
02-17 10:42:17.909 I/am_wtf ( 1524): [0,1524,system_server,-1,DisplayDeviceConfig,requesting nits when no mapping exists.]
02-17 10:42:17.910 I/am_wtf ( 1524): [0,1524,system_server,-1,DisplayDeviceConfig,requesting nits when no mapping exists.]
02-17 10:42:17.925 I/am_wtf ( 1524): [0,1524,system_server,-1,DisplayDeviceConfig,requesting nits when no mapping exists.]
02-17 10:42:17.925 I/am_wtf ( 1524): [0,1524,system_server,-1,DisplayDeviceConfig,requesting nits when no mapping exists.]
02-17 10:42:17.935 I/auditd ( 0): type=1400 audit(0.0:26617): avc: denied { kill } for comm="swapper/2" capability=5 scontext=u:r:kernel:s0 tcontext=u:r:kernel:s0 tclass=capability permissive=0
02-17 10:42:17.942 I/am_wtf ( 1524): [0,1524,system_server,-1,DisplayDeviceConfig,requesting nits when no mapping exists.]
02-17 10:42:17.944 I/am_wtf ( 1524): [0,1524,system_server,-1,DisplayDeviceConfig,requesting nits when no mapping exists.]
02-17 10:42:17.959 I/am_wtf ( 1524): [0,1524,system_server,-1,DisplayDeviceConfig,requesting nits when no mapping exists.]
02-17 10:42:17.962 I/am_wtf ( 1524): [0,1524,system_server,-1,DisplayDeviceConfig,requesting nits when no mapping exists.]
02-17 10:42:17.976 I/am_wtf ( 1524): [0,1524,system_server,-1,DisplayDeviceConfig,requesting nits when no mapping exists.]
02-17 10:42:17.977 I/am_wtf ( 1524): [0,1524,system_server,-1,DisplayDeviceConfig,requesting nits when no mapping exists.]
02-17 10:42:17.992 I/am_wtf ( 1524): [0,1524,system_server,-1,DisplayDeviceConfig,requesting nits when no mapping exists.]
02-17 10:42:17.994 I/am_wtf ( 1524): [0,1524,system_server,-1,DisplayDeviceConfig,requesting nits when no mapping exists.]
02-17 10:42:18.009 I/am_wtf ( 1524): [0,1524,system_server,-1,DisplayDeviceConfig,requesting nits when no mapping exists.]
02-17 10:42:18.010 I/am_wtf ( 1524): [0,1524,system_server,-1,DisplayDeviceConfig,requesting nits when no mapping exists.]
02-17 10:42:18.026 I/am_wtf ( 1524): [0,1524,system_server,-1,DisplayDeviceConfig,requesting nits when no mapping exists.]
02-17 10:42:18.027 I/am_wtf ( 1524): [0,1524,system_server,-1,DisplayDeviceConfig,requesting nits when no mapping exists.]
02-17 10:42:18.044 I/am_wtf ( 1524): [0,1524,system_server,-1,DisplayDeviceConfig,requesting nits when no mapping exists.]
02-17 10:42:18.045 I/am_wtf ( 1524): [0,1524,system_server,-1,DisplayDeviceConfig,requesting nits when no mapping exists.]
02-17 10:42:18.059 I/am_wtf ( 1524): [0,1524,system_server,-1,DisplayDeviceConfig,requesting nits when no mapping exists.]
02-17 10:42:18.060 I/am_wtf ( 1524): [0,1524,system_server,-1,DisplayDeviceConfig,requesting nits when no mapping exists.]
02-17 10:42:18.076 I/am_wtf ( 1524): [0,1524,system_server,-1,DisplayDeviceConfig,requesting nits when no mapping exists.]
02-17 10:42:18.077 I/am_wtf ( 1524): [0,1524,system_server,-1,DisplayDeviceConfig,requesting nits when no mapping exists.]
02-17 10:42:18.093 I/am_wtf ( 1524): [0,1524,system_server,-1,DisplayDeviceConfig,requesting nits when no mapping exists.]
02-17 10:42:18.093 I/am_wtf ( 1524): [0,1524,system_server,-1,DisplayDeviceConfig,requesting nits when no mapping exists.]
02-17 10:42:18.109 I/am_wtf ( 1524): [0,1524,system_server,-1,DisplayDeviceConfig,requesting nits when no mapping exists.]
02-17 10:42:18.110 I/am_wtf ( 1524): [0,1524,system_server,-1,DisplayDeviceConfig,requesting nits when no mapping exists.]
02-17 10:42:18.126 I/am_wtf ( 1524): [0,1524,system_server,-1,DisplayDeviceConfig,requesting nits when no mapping exists.]
02-17 10:42:18.126 I/am_wtf ( 1524): [0,1524,system_server,-1,DisplayDeviceConfig,requesting nits when no mapping exists.]
02-17 10:42:18.142 I/am_wtf ( 1524): [0,1524,system_server,-1,DisplayDeviceConfig,requesting nits when no mapping exists.]
02-17 10:42:18.143 I/am_wtf ( 1524): [0,1524,system_server,-1,DisplayDeviceConfig,requesting nits when no mapping exists.]
02-17 10:42:18.160 I/am_wtf ( 1524): [0,1524,system_server,-1,DisplayDeviceConfig,requesting nits when no mapping exists.]
02-17 10:42:18.161 I/am_wtf ( 1524): [0,1524,system_server,-1,DisplayDeviceConfig,requesting nits when no mapping exists.]
02-17 10:42:18.176 I/am_wtf ( 1524): [0,1524,system_server,-1,DisplayDeviceConfig,requesting nits when no mapping exists.]
02-17 10:42:18.177 I/am_wtf ( 1524): [0,1524,system_server,-1,DisplayDeviceConfig,requesting nits when no mapping exists.]
02-17 10:42:18.193 I/am_wtf ( 1524): [0,1524,system_server,-1,DisplayDeviceConfig,requesting nits when no mapping exists.]
02-17 10:42:18.194 I/am_wtf ( 1524): [0,1524,system_server,-1,DisplayDeviceConfig,requesting nits when no mapping exists.]
02-17 10:42:18.209 I/am_wtf ( 1524): [0,1524,system_server,-1,DisplayDeviceConfig,requesting nits when no mapping exists.]
02-17 10:42:18.210 I/am_wtf ( 1524): [0,1524,system_server,-1,DisplayDeviceConfig,requesting nits when no mapping exists.]
02-17 10:42:18.226 I/am_wtf ( 1524): [0,1524,system_server,-1,DisplayDeviceConfig,requesting nits when no mapping exists.]
02-17 10:42:18.227 I/am_wtf ( 1524): [0,1524,system_server,-1,DisplayDeviceConfig,requesting nits when no mapping exists.]
02-17 10:42:18.244 I/am_wtf ( 1524): [0,1524,system_server,-1,DisplayDeviceConfig,requesting nits when no mapping exists.]
02-17 10:42:18.245 I/am_wtf ( 1524): [0,1524,system_server,-1,DisplayDeviceConfig,requesting nits when no mapping exists.]
02-17 10:42:18.260 I/am_wtf ( 1524): [0,1524,system_server,-1,DisplayDeviceConfig,requesting nits when no mapping exists.]
02-17 10:42:18.260 I/am_wtf ( 1524): [0,1524,system_server,-1,DisplayDeviceConfig,requesting nits when no mapping exists.]
02-17 10:42:18.279 I/am_wtf ( 1524): [0,1524,system_server,-1,DisplayDeviceConfig,requesting nits when no mapping exists.]
02-17 10:42:18.283 I/am_wtf ( 1524): [0,1524,system_server,-1,DisplayDeviceConfig,requesting nits when no mapping exists.]
02-17 10:42:18.293 I/am_wtf ( 1524): [0,1524,system_server,-1,DisplayDeviceConfig,requesting nits when no mapping exists.]
02-17 10:42:18.294 I/am_wtf ( 1524): [0,1524,system_server,-1,DisplayDeviceConfig,requesting nits when no mapping exists.]
02-17 10:42:18.310 I/am_wtf ( 1524): [0,1524,system_server,-1,DisplayDeviceConfig,requesting nits when no mapping exists.]
02-17 10:42:18.311 I/am_wtf ( 1524): [0,1524,system_server,-1,DisplayDeviceConfig,requesting nits when no mapping exists.]
02-17 10:42:18.327 I/am_wtf ( 1524): [0,1524,system_server,-1,DisplayDeviceConfig,requesting nits when no mapping exists.]
02-17 10:42:18.328 I/am_wtf ( 1524): [0,1524,system_server,-1,DisplayDeviceConfig,requesting nits when no mapping exists.]
02-17 10:42:18.343 I/am_wtf ( 1524): [0,1524,system_server,-1,DisplayDeviceConfig,requesting nits when no mapping exists.]
02-17 10:42:18.344 I/am_wtf ( 1524): [0,1524,system_server,-1,DisplayDeviceConfig,requesting nits when no mapping exists.]
02-17 10:42:18.360 I/am_wtf ( 1524): [0,1524,system_server,-1,DisplayDeviceConfig,requesting nits when no mapping exists.]
02-17 10:42:18.360 I/am_wtf ( 1524): [0,1524,system_server,-1,DisplayDeviceConfig,requesting nits when no mapping exists.]
02-17 10:42:18.376 I/am_wtf ( 1524): [0,1524,system_server,-1,DisplayDeviceConfig,requesting nits when no mapping exists.]
02-17 10:42:18.378 I/am_wtf ( 1524): [0,1524,system_server,-1,DisplayDeviceConfig,requesting nits when no mapping exists.]
02-17 10:42:18.393 I/am_wtf ( 1524): [0,1524,system_server,-1,DisplayDeviceConfig,requesting nits when no mapping exists.]
02-17 10:42:18.394 I/am_wtf ( 1524): [0,1524,system_server,-1,DisplayDeviceConfig,requesting nits when no mapping exists.]
02-17 10:42:18.410 I/am_wtf ( 1524): [0,1524,system_server,-1,DisplayDeviceConfig,requesting nits when no mapping exists.]
02-17 10:42:18.411 I/am_wtf ( 1524): [0,1524,system_server,-1,DisplayDeviceConfig,requesting nits when no mapping exists.]
02-17 10:42:18.426 I/am_wtf ( 1524): [0,1524,system_server,-1,DisplayDeviceConfig,requesting nits when no mapping exists.]
02-17 10:42:18.428 I/am_wtf ( 1524): [0,1524,system_server,-1,DisplayDeviceConfig,requesting nits when no mapping exists.]
02-17 10:42:18.443 I/am_wtf ( 1524): [0,1524,system_server,-1,DisplayDeviceConfig,requesting nits when no mapping exists.]
02-17 10:42:18.444 I/am_wtf ( 1524): [0,1524,system_server,-1,DisplayDeviceConfig,requesting nits when no mapping exists.]
02-17 10:42:18.460 I/am_wtf ( 1524): [0,1524,system_server,-1,DisplayDeviceConfig,requesting nits when no mapping exists.]
02-17 10:42:18.460 I/am_wtf ( 1524): [0,1524,system_server,-1,DisplayDeviceConfig,requesting nits when no mapping exists.]
02-17 10:42:18.477 I/am_wtf ( 1524): [0,1524,system_server,-1,DisplayDeviceConfig,requesting nits when no mapping exists.]
02-17 10:42:18.477 I/am_wtf ( 1524): [0,1524,system_server,-1,DisplayDeviceConfig,requesting nits when no mapping exists.]
02-17 10:42:18.493 I/am_wtf ( 1524): [0,1524,system_server,-1,DisplayDeviceConfig,requesting nits when no mapping exists.]
02-17 10:42:18.494 I/am_wtf ( 1524): [0,1524,system_server,-1,DisplayDeviceConfig,requesting nits when no mapping exists.]
02-17 10:42:18.510 I/am_wtf ( 1524): [0,1524,system_server,-1,DisplayDeviceConfig,requesting nits when no mapping exists.]
02-17 10:42:18.511 I/service_manager_stats( 1524): [100,57,54729]
02-17 10:42:18.511 I/am_wtf ( 1524): [0,1524,system_server,-1,DisplayDeviceConfig,requesting nits when no mapping exists.]
02-17 10:42:18.526 I/am_wtf ( 1524): [0,1524,system_server,-1,DisplayDeviceConfig,requesting nits when no mapping exists.]
02-17 10:42:18.527 I/am_wtf ( 1524): [0,1524,system_server,-1,DisplayDeviceConfig,requesting nits when no mapping exists.]
02-17 10:42:18.543 I/am_wtf ( 1524): [0,1524,system_server,-1,DisplayDeviceConfig,requesting nits when no mapping exists.]
02-17 10:42:18.544 I/am_wtf ( 1524): [0,1524,system_server,-1,DisplayDeviceConfig,requesting nits when no mapping exists.]
02-17 10:42:18.560 I/am_wtf ( 1524): [0,1524,system_server,-1,DisplayDeviceConfig,requesting nits when no mapping exists.]
02-17 10:42:18.561 I/am_wtf ( 1524): [0,1524,system_server,-1,DisplayDeviceConfig,requesting nits when no mapping exists.]
02-17 10:42:18.577 I/am_wtf ( 1524): [0,1524,system_server,-1,DisplayDeviceConfig,requesting nits when no mapping exists.]
02-17 10:42:18.578 I/am_wtf ( 1524): [0,1524,system_server,-1,DisplayDeviceConfig,requesting nits when no mapping exists.]
02-17 10:42:18.594 I/am_wtf ( 1524): [0,1524,system_server,-1,DisplayDeviceConfig,requesting nits when no mapping exists.]
02-17 10:42:18.595 I/am_wtf ( 1524): [0,1524,system_server,-1,DisplayDeviceConfig,requesting nits when no mapping exists.]
02-17 10:42:18.610 I/am_wtf ( 1524): [0,1524,system_server,-1,DisplayDeviceConfig,requesting nits when no mapping exists.]
02-17 10:42:18.611 I/am_wtf ( 1524): [0,1524,system_server,-1,DisplayDeviceConfig,requesting nits when no mapping exists.]
02-17 10:42:18.627 I/am_wtf ( 1524): [0,1524,system_server,-1,DisplayDeviceConfig,requesting nits when no mapping exists.]
02-17 10:42:18.627 I/am_wtf ( 1524): [0,1524,system_server,-1,DisplayDeviceConfig,requesting nits when no mapping exists.]
02-17 10:42:18.644 I/am_wtf ( 1524): [0,1524,system_server,-1,DisplayDeviceConfig,requesting nits when no mapping exists.]
