02-17 10:44:32.091 I/OMX-VENC: venc_dev( 1216): stats: avg. fps 9.98, bitrate 210703
02-17 10:44:32.120 E/tlogd ( 1294): [TzLogger](isPathReadable) file /sys/kernel/debug/tzdbg/qsee_log isn't exist or no permission, err: No such file or directory
02-17 10:44:32.120 E/tlogd ( 1294): [TzLogger](saveTzlogAsync) /sys/kernel/debug/tzdbg/qsee_log can not read.
02-17 10:44:32.120 E/tlogd ( 1294): [TzLogger](isPathReadable) file /sys/kernel/debug/tzdbg/log isn't exist or no permission, err: No such file or directory
02-17 10:44:32.120 E/tlogd ( 1294): [TzLogger](saveTzlogAsync) /sys/kernel/debug/tzdbg/log can not read.
02-17 10:44:32.401 I/GameModeConfig( 1524): isGameModeOn = false
02-17 10:44:32.411 D/InterruptionStateProvider(22372): No bubble up: not allowed to bubble: 0|com.android.systemui|4274|null|10080
02-17 10:44:32.411 D/InterruptionStateProvider(22372): No alerting: filtered notification: 0|com.android.systemui|1|empty_media|10080
02-17 10:44:32.411 D/InterruptionStateProvider(22372): No bubble up: not allowed to bubble: -1|android|26|null|1000
02-17 10:44:32.411 D/InterruptionStateProvider(22372): No bubble up: not allowed to bubble: 0|com.android.systemui|2048|null|10080
02-17 10:44:32.411 D/InterruptionStateProvider(22372): No bubble up: not allowed to bubble: -1|android|32|null|1000
02-17 10:44:32.415 W/View (22372): requestLayout() improperly called by android.widget.FrameLayout{b531136 I.E...... ......ID 0,0-780,179 #2bc} during second layout pass: posting in next frame
02-17 10:44:32.415 W/View (22372): requestLayout() improperly called by com.android.systemui.statusbar.AlphaOptimizedImageView{91002d1 VFED..C.. ......ID 0,0-140,84} during second layout pass: posting in next frame
02-17 10:44:32.431 W/View (22372): requestLayout() improperly called by android.widget.FrameLayout{b531136 I.E...... ......ID 0,0-780,179 #2bc} during layout: running second layout pass
02-17 10:44:32.431 W/View (22372): requestLayout() improperly called by com.android.systemui.statusbar.AlphaOptimizedImageView{91002d1 VFED..C.. ......ID 0,0-140,84} during layout: running second layout pass
02-17 10:44:32.449 W/View (22372): requestLayout() improperly called by android.widget.FrameLayout{b531136 I.E...... ......ID 0,0-780,179 #2bc} during second layout pass: posting in next frame
02-17 10:44:32.449 W/View (22372): requestLayout() improperly called by com.android.systemui.statusbar.AlphaOptimizedImageView{91002d1 VFED..C.. ......ID 0,0-140,84} during second layout pass: posting in next frame
02-17 10:44:32.467 W/View (22372): requestLayout() improperly called by android.widget.FrameLayout{b531136 I.E...... ......ID 0,0-780,179 #2bc} during layout: running second layout pass
02-17 10:44:32.467 W/View (22372): requestLayout() improperly called by com.android.systemui.statusbar.AlphaOptimizedImageView{91002d1 VFED..C.. ......ID 0,0-140,84} during layout: running second layout pass
02-17 10:44:32.490 I/OMX-VENC: venc_dev( 1216): stats: avg. fps 1.98, bitrate 103814
02-17 10:44:32.593 I/GameModeConfig( 1524): isGameModeOn = false
02-17 10:44:32.622 I/mpu_uart( 648): [MSG-P:RECV]:No message received in 1000 ms
02-17 10:44:32.859 I/am_uid_idle( 1524): 10082
02-17 10:44:32.939 I/auditd ( 0): type=1400 audit(0.0:26837): avc: denied { kill } for comm="swapper/2" capability=5 scontext=u:r:kernel:s0 tcontext=u:r:kernel:s0 tclass=capability permissive=0
02-17 10:44:32.939 W/swapper/2( 0): type=1400 audit(0.0:26837): avc: denied { kill } for capability=5 scontext=u:r:kernel:s0 tcontext=u:r:kernel:s0 tclass=capability permissive=0
02-17 10:44:33.102 I/OMX-VENC: venc_dev( 1216): stats: avg. fps 10.88, bitrate 229708
02-17 10:44:33.323 E/audio_hw_primary( 802): out_write: error -5, cannot write stream data: I/O error
02-17 10:44:33.323 D/audio_hw_primary( 802): out_standby: enter: stream (0xedb00010) usecase(1: low-latency-playback)
02-17 10:44:33.469 W/View (22372): requestLayout() improperly called by android.widget.FrameLayout{b531136 I.E...... ......ID 0,0-780,179 #2bc} during second layout pass: posting in next frame
02-17 10:44:33.469 W/View (22372): requestLayout() improperly called by com.android.systemui.statusbar.AlphaOptimizedImageView{91002d1 VFED..C.. ......ID 0,0-140,84} during second layout pass: posting in next frame
02-17 10:44:33.486 W/View (22372): requestLayout() improperly called by android.widget.FrameLayout{b531136 I.E...... ......ID 0,0-780,179 #2bc} during layout: running second layout pass
02-17 10:44:33.486 W/View (22372): requestLayout() improperly called by com.android.systemui.statusbar.AlphaOptimizedImageView{91002d1 VFED..C.. ......ID 0,0-140,84} during layout: running second layout pass
02-17 10:44:33.505 I/OMX-VENC: venc_dev( 1216): stats: avg. fps 0.98, bitrate 51540
01-01 14:55:13.669 E/msm_pcm_playback_close( 0): CMD_EOS failed, cmd_pending 0x8
01-01 14:55:13.677 I/afe_close( 0): port_id = 0x9000
02-17 10:44:33.537 D/audio_hw_primary( 802): disable_audio_route: reset and update mixer path: low-latency-playback
02-17 10:44:33.539 E/soundtrigger( 802): audio_extn_sound_trigger_update_stream_status: invalid input device 0x0, for event 2
02-17 10:44:33.539 D/soundtrigger( 802): audio_extn_sound_trigger_update_stream_status: uc_info->id 1 of type 0 for Event 2, with Raise=0
02-17 10:44:33.539 D/msm8974_platform( 802): platform_split_snd_device: snd_device(2) num devices(0) new_snd_devices(0)
02-17 10:44:33.539 I/msm8974_platform( 802): platform_get_custom_mtmx_params: no matching param with id 0 ip_ch 2 op_ch 2 uc_id 1 snd_dev 2
02-17 10:44:33.539 D/hardware_info( 802): hw_info_append_hw_type : device_name = speaker
02-17 10:44:33.539 D/audio_hw_primary( 802): disable_snd_device: snd_device(2: speaker)
02-17 10:44:33.539 D/msm8974_platform( 802): platform_split_snd_device: snd_device(2) num devices(0) new_snd_devices(0)
02-17 10:44:33.539 I/soundtrigger( 802): audio_extn_sound_trigger_update_device_status: device 0x2 of type 0 for Event 0, with Raise=0
02-17 10:44:33.539 D/audio_hw_primary( 802): out_standby: exit
02-17 10:44:33.543 D/audio_hw_primary( 802): start_output_stream: enter: stream(0xedb00010)usecase(1: low-latency-playback) devices(0x2) is_haptic_usecase(0)
02-17 10:44:33.544 D/audio_hw_primary( 802): select_devices for use case (low-latency-playback)
02-17 10:44:33.544 I/msm8974_platform( 802): platform_check_and_set_codec_backend_cfg:becf: afe: bitwidth 16, samplerate 48000 channels 2, backend_idx 0 usecase = 1 device (speaker)
02-17 10:44:33.544 D/msm8974_platform( 802): platform_split_snd_device: snd_device(2) num devices(1) new_snd_devices(0)
02-17 10:44:33.544 I/msm8974_platform( 802): platform_check_and_set_codec_backend_cfg: new_snd_devices[0] is 2
02-17 10:44:33.544 I/msm8974_platform( 802): platform_check_codec_backend_cfg:becf: afe: bitwidth 16, samplerate 48000 channels 2, backend_idx 0 usecase = 1 device (speaker)
02-17 10:44:33.546 D/audio_hw_extn( 802): audio_extn_enable_hifi_filter: mixer_value set 0
02-17 10:44:33.546 D/msm8974_platform( 802): platform_check_codec_backend_cfg:becf: updated afe: bitwidth 16, samplerate 48000 channels 2,backend_idx 0 usecase = 1 device (speaker)
02-17 10:44:33.546 D/msm8974_platform( 802): platform_check_codec_backend_cfg:becf: afe: playback on codec device not supporting native playback set default Sample Rate(48k)
02-17 10:44:33.546 I/msm8974_platform( 802): platform_check_codec_backend_cfg:becf: afe: Codec selected backend: 0 updated bit width: 16 and sample rate: 48000
02-17 10:44:33.546 D/audio_hw_primary( 802): check_usecases_codec_backend:becf: force routing 0
02-17 10:44:33.546 E/msm8974_platform( 802): platform_check_backends_match: Invalid snd_device =
02-17 10:44:33.546 D/audio_hw_primary( 802): check_usecases_codec_backend:becf: (78) check_usecases curr device: speaker, usecase device: backends match 0
02-17 10:44:33.546 D/audio_hw_primary( 802): check_usecases_codec_backend:becf: check_usecases num.of Usecases to switch 0
02-17 10:44:33.546 D/hardware_info( 802): hw_info_append_hw_type : device_name = speaker
02-17 10:44:33.546 D/msm8974_platform( 802): platform_split_snd_device: snd_device(2) num devices(0) new_snd_devices(0)
02-17 10:44:33.546 D/audio_hw_primary( 802): enable_snd_device: snd_device(2: speaker)
02-17 10:44:33.546 D/msm8974_platform( 802): platform_get_island_cfg_on_device:island cfg status on snd_device = (speaker 0)
02-17 10:44:33.546 I/soundtrigger( 802): audio_extn_sound_trigger_update_device_status: device 0x2 of type 0 for Event 1, with Raise=0
02-17 10:44:33.546 D/audio_route( 802): Apply path: speaker
02-17 10:44:33.546 I/audio_hw_utils( 802): audio_extn_utils_update_stream_output_app_type_cfg Allowing 24 and above bits playback on speaker ONLY at default sampling rate
02-17 10:44:33.546 E/soundtrigger( 802): audio_extn_sound_trigger_update_stream_status: invalid input device 0x0, for event 3
02-17 10:44:33.546 D/soundtrigger( 802): audio_extn_sound_trigger_update_stream_status: uc_info->id 1 of type 0 for Event 3, with Raise=0
02-17 10:44:33.546 D/audio_hw_utils( 802): audio_extn_utils_send_app_type_cfg: usecase->out_snd_device speaker
02-17 10:44:33.546 D/msm8974_platform( 802): platform_split_snd_device: snd_device(2) num devices(0) new_snd_devices(0)
02-17 10:44:33.547 D/audio_hw_utils( 802): audio_extn_btsco_get_sample_rate:Not a BT SCO device, need not update sampling rate
02-17 10:44:33.547 I/audio_hw_utils( 802): send_app_type_cfg_for_device PLAYBACK app_type 69937, acdb_dev_id 15, sample_rate 48000, snd_device_be_idx 179
02-17 10:44:33.547 D/msm8974_platform( 802): platform_split_snd_device: snd_device(2) num devices(1) new_snd_devices(0)
02-17 10:44:33.547 D/audio_hw_utils( 802): audio_extn_btsco_get_sample_rate:Not a BT SCO device, need not update sampling rate
02-17 10:44:33.547 D/ACDB-LOADER( 802): ACDB -> send_audio_cal, acdb_id = 15, path = 0, app id = 0x11131, sample rate = 48000, afe_sample_rate = 48000
02-17 10:44:33.547 D/ACDB-LOADER( 802): ACDB -> send_asm_topology
02-17 10:44:33.547 D/ACDB-LOADER( 802): ACDB -> ACDB_CMD_GET_AUDPROC_STREAM_TOPOLOGY_ID
02-17 10:44:33.547 D/ACDB-LOADER( 802): ACDB -> send_adm_topology
02-17 10:44:33.547 D/ACDB-LOADER( 802): ACDB -> ACDB_CMD_GET_AUDPROC_COMMON_TOPOLOGY_ID
02-17 10:44:33.547 D/ACDB-LOADER( 802): ACDB -> send_audtable
02-17 10:44:33.547 D/ACDB-LOADER( 802): ACDB -> ACDB_CMD_GET_AUDPROC_INSTANCE_COMMON_TABLE_SIZE
02-17 10:44:33.547 D/ACDB-LOADER( 802): ACDB -> ACDB_CMD_GET_AUDPROC_INSTANCE_COMMON_TABLE
02-17 10:44:33.547 D/ACDB-LOADER( 802): ACDB -> AUDIO_SET_AUDPROC_CAL cal_type[11] acdb_id[15] app_type[69937]
02-17 10:44:33.547 D/ACDB-LOADER( 802): ACDB -> send_audvoltable
02-17 10:44:33.547 D/ACDB-LOADER( 802): ACDB -> ACDB_CMD_GET_AUDPROC_INSTANCE_GAIN_DEP_STEP_TABLE_SIZE
02-17 10:44:33.548 D/ACDB-LOADER( 802): ACDB -> ACDB_CMD_GET_AUDPROC_INSTANCE_GAIN_DEP_STEP_TABLE, vol index 5
02-17 10:44:33.548 D/ACDB-LOADER( 802): ACDB -> AUDIO_SET_VOL_CAL cal type = 12
02-17 10:44:33.548 D/ACDB-LOADER( 802): ACDB -> ACDB_CMD_GET_AUDPROC_INSTANCE_STREAM_TABLE_SIZE
02-17 10:44:33.548 D/ACDB-LOADER( 802): ACDB -> send_audstrmtable
02-17 10:44:33.548 D/ACDB-LOADER( 802): ACDB -> ACDB_CMD_GET_AUDPROC_INSTANCE_STREAM_TABLE
02-17 10:44:33.548 D/ACDB-LOADER( 802): ACDB -> audstrm_cal->cal_type.cal_data.cal_size = 20
02-17 10:44:33.548 D/ACDB-LOADER( 802): ACDB -> send_afe_topology
02-17 10:44:33.548 D/ACDB-LOADER( 802): ACDB -> ACDB_CMD_GET_AFE_TOPOLOGY_ID
02-17 10:44:33.548 D/ACDB-LOADER( 802): ACDB -> GET_AFE_TOPOLOGY_ID for adcd_id 15, Topology Id 112fc
02-17 10:44:33.548 D/ACDB-LOADER( 802): ACDB -> send_afe_cal
02-17 10:44:33.548 D/ACDB-LOADER( 802): ACDB -> ACDB_CMD_GET_AFE_INSTANCE_COMMON_TABLE_SIZE
02-17 10:44:33.548 D/android.hardware.audio.service( 802): Failed to fetch the lookup information of the device 0000000F
02-17 10:44:33.548 D/ACDB-LOADER( 802): Error: ACDB_CMD_GET_AFE_INSTANCE_COMMON_TABLE_SIZE Returned = -19
02-17 10:44:33.548 D/ACDB-LOADER( 802): ACDB -> ACDB_CMD_GET_AFE_INSTANCE_COMMON_TABLE
02-17 10:44:33.548 D/android.hardware.audio.service( 802): Failed to fetch the lookup information of the device 0000000F
02-17 10:44:33.548 D/ACDB-LOADER( 802): Error: ACDB AFE returned = -19
02-17 10:44:33.548 D/ACDB-LOADER( 802): ACDB -> AUDIO_SET_AFE_CAL cal_type[16] acdb_id[15]
02-17 10:44:33.548 D/ACDB-LOADER( 802): ACDB -> send_hw_delay : acdb_id = 15 path = 0
02-17 10:44:33.548 D/ACDB-LOADER( 802): ACDB -> ACDB_AVSYNC_INFO: ACDB_CMD_GET_DEVICE_PROPERTY
02-17 10:44:33.548 D/msm8974_platform( 802): platform_split_snd_device: snd_device(2) num devices(0) new_snd_devices(0)
02-17 10:44:33.548 I/msm8974_platform( 802): platform_get_custom_mtmx_params: no matching param with id 0 ip_ch 2 op_ch 2 uc_id 1 snd_dev 2
02-17 10:44:33.548 D/audio_hw_primary( 802): enable_audio_route: apply mixer and update path: low-latency-playback
02-17 10:44:33.548 D/audio_route( 802): Apply path: low-latency-playback
02-17 10:44:33.548 D/audio_hw_primary( 802): select_devices: done
01-01 14:55:13.699 I/afe_find_cal_topo_id_by_port( 0): port id: 0x9000, dev_acdb_id: 0
01-01 14:55:13.699 I/afe_find_cal_topo_id_by_port( 0): top_id:112fc acdb_id:15 afe_port:0x9000
01-01 14:55:13.699 I/afe_get_cal_topology_id( 0): port_id = 0x9000 acdb_id = 15 topology_id = 0x112fc cal_type_index=8 ret=0
01-01 14:55:13.699 I/afe_send_port_topology_id( 0): AFE set topology id 0x112fc enable for port 0x9000 ret 0
01-01 14:55:13.699 I/send_afe_cal_type( 0): cal_index is 0
01-01 14:55:13.699 I/send_afe_cal_type( 0): dev_acdb_id[55] is 0
01-01 14:55:13.699 I/send_afe_cal_type( 0): Sending cal_index cal 0
01-01 14:55:13.699 E/send_afe_cal_type( 0): No cal sent for cal_index 0, port_id = 0x9000! ret -22
01-01 14:55:13.699 I/afe_send_hw_delay( 0): port_id 0x9000 rate 48000 delay_usec 474 status 0
02-17 10:44:33.575 D/msm8974_platform( 802): platform_set_channel_map mixer_ctl_name:Playback Channel Map9
02-17 10:44:33.576 D/msm8974_platform( 802): platform_set_channel_map: set mapping(1 2 0 0 0 0 0 0) for channel:2
02-17 10:44:33.577 D/audio_hw_primary( 802): start_output_stream: exit
01-01 14:55:13.725 E/DTC_ETH,link_delay_work_func( 0): 3003, SQI=0, link=0
02-17 10:44:33.622 I/mpu_uart( 648): [MSG-P:RECV]:No message received in 1000 ms
02-17 10:44:33.892 I/selfinstaller( 1203): create socket failed: Network is unreachable 101
02-17 10:44:33.939 I/auditd ( 0): type=1400 audit(0.0:26838): avc: denied { kill } for comm="swapper/2" capability=5 scontext=u:r:kernel:s0 tcontext=u:r:kernel:s0 tclass=capability permissive=0
02-17 10:44:33.939 W/swapper/2( 0): type=1400 audit(0.0:26838): avc: denied { kill } for capability=5 scontext=u:r:kernel:s0 tcontext=u:r:kernel:s0 tclass=capability permissive=0
02-17 10:44:34.055 I/mpu_uart( 648): [MSG-P:R]:recv sync frame timeout
02-17 10:44:34.115 I/OMX-VENC: venc_dev( 1216): stats: avg. fps 10.86, bitrate 229396
02-17 10:44:34.296 D/RemoteControlService( 2321): startVlanDispatchThread
02-17 10:44:34.469 W/View (22372): requestLayout() improperly called by android.widget.FrameLayout{b531136 I.E...... ......ID 0,0-780,179 #2bc} during second layout pass: posting in next frame
02-17 10:44:34.469 W/View (22372): requestLayout() improperly called by com.android.systemui.statusbar.AlphaOptimizedImageView{91002d1 VFED..C.. ......ID 0,0-140,84} during second layout pass: posting in next frame
02-17 10:44:34.488 W/View (22372): requestLayout() improperly called by android.widget.FrameLayout{b531136 I.E...... ......ID 0,0-780,179 #2bc} during layout: running second layout pass
02-17 10:44:34.488 W/View (22372): requestLayout() improperly called by com.android.systemui.statusbar.AlphaOptimizedImageView{91002d1 VFED..C.. ......ID 0,0-140,84} during layout: running second layout pass
02-17 10:44:34.507 I/OMX-VENC: venc_dev( 1216): stats: avg. fps 1.00, bitrate 52291
02-17 10:44:34.623 I/mpu_uart( 648): [MSG-P:RECV]:No message received in 1000 ms
02-17 10:44:34.939 I/auditd ( 0): type=1400 audit(0.0:26839): avc: denied { kill } for comm="swapper/2" capability=5 scontext=u:r:kernel:s0 tcontext=u:r:kernel:s0 tclass=capability permissive=0
02-17 10:44:34.939 W/swapper/2( 0): type=1400 audit(0.0:26839): avc: denied { kill } for capability=5 scontext=u:r:kernel:s0 tcontext=u:r:kernel:s0 tclass=capability permissive=0
02-17 10:44:35.116 I/OMX-VENC: venc_dev( 1216): stats: avg. fps 9.99, bitrate 210897
02-17 10:44:35.471 W/View (22372): requestLayout() improperly called by android.widget.FrameLayout{b531136 I.E...... ......ID 0,0-780,179 #2bc} during second layout pass: posting in next frame
02-17 10:44:35.471 W/View (22372): requestLayout() improperly called by com.android.systemui.statusbar.AlphaOptimizedImageView{91002d1 VFED..C.. ......ID 0,0-140,84} during second layout pass: posting in next frame
02-17 10:44:35.491 W/View (22372): requestLayout() improperly called by android.widget.FrameLayout{b531136 I.E...... ......ID 0,0-780,179 #2bc} during layout: running second layout pass
02-17 10:44:35.491 W/View (22372): requestLayout() improperly called by com.android.systemui.statusbar.AlphaOptimizedImageView{91002d1 VFED..C.. ......ID 0,0-140,84} during layout: running second layout pass
02-17 10:44:35.510 I/OMX-VENC: venc_dev( 1216): stats: avg. fps 1.00, bitrate 52194
02-17 10:44:35.623 I/mpu_uart( 648): [MSG-P:RECV]:No message received in 1000 ms
02-17 10:44:35.939 I/auditd ( 0): type=1400 audit(0.0:26840): avc: denied { kill } for comm="swapper/2" capability=5 scontext=u:r:kernel:s0 tcontext=u:r:kernel:s0 tclass=capability permissive=0
02-17 10:44:35.939 W/swapper/2( 0): type=1400 audit(0.0:26840): avc: denied { kill } for capability=5 scontext=u:r:kernel:s0 tcontext=u:r:kernel:s0 tclass=capability permissive=0
02-17 10:44:36.119 I/OMX-VENC: venc_dev( 1216): stats: avg. fps 9.97, bitrate 210615
02-17 10:44:36.456 W/View (22372): requestLayout() improperly called by android.widget.FrameLayout{b531136 I.E...... ......ID 0,0-780,179 #2bc} during second layout pass: posting in next frame
02-17 10:44:36.457 W/View (22372): requestLayout() improperly called by com.android.systemui.statusbar.AlphaOptimizedImageView{91002d1 VFED..C.. ......ID 0,0-140,84} during second layout pass: posting in next frame
02-17 10:44:36.474 W/View (22372): requestLayout() improperly called by android.widget.FrameLayout{b531136 I.E...... ......ID 0,0-780,179 #2bc} during layout: running second layout pass
02-17 10:44:36.474 W/View (22372): requestLayout() improperly called by com.android.systemui.statusbar.AlphaOptimizedImageView{91002d1 VFED..C.. ......ID 0,0-140,84} during layout: running second layout pass
02-17 10:44:36.623 I/mpu_uart( 648): [MSG-P:RECV]:No message received in 1000 ms
02-17 10:44:36.935 I/auditd ( 0): type=1400 audit(0.0:26841): avc: denied { kill } for comm="swapper/2" capability=5 scontext=u:r:kernel:s0 tcontext=u:r:kernel:s0 tclass=capability permissive=0
02-17 10:44:36.935 W/swapper/2( 0): type=1400 audit(0.0:26841): avc: denied { kill } for capability=5 scontext=u:r:kernel:s0 tcontext=u:r:kernel:s0 tclass=capability permissive=0
02-17 10:44:37.058 I/mpu_uart( 648): [MSG-P:R]:recv sync frame timeout
02-17 10:44:37.120 E/tlogd ( 1294): [TzLogger](isPathReadable) file /sys/kernel/debug/tzdbg/qsee_log isn't exist or no permission, err: No such file or directory
02-17 10:44:37.120 E/tlogd ( 1294): [TzLogger](saveTzlogAsync) /sys/kernel/debug/tzdbg/qsee_log can not read.
02-17 10:44:37.120 E/tlogd ( 1294): [TzLogger](isPathReadable) file /sys/kernel/debug/tzdbg/log isn't exist or no permission, err: No such file or directory
02-17 10:44:37.120 E/tlogd ( 1294): [TzLogger](saveTzlogAsync) /sys/kernel/debug/tzdbg/log can not read.
02-17 10:44:37.203 I/OMX-VENC: venc_dev( 1216): stats: avg. fps 10.15, bitrate 214328
02-17 10:44:37.459 W/View (22372): requestLayout() improperly called by android.widget.FrameLayout{b531136 I.E...... ......ID 0,0-780,179 #2bc} during second layout pass: posting in next frame
02-17 10:44:37.459 W/View (22372): requestLayout() improperly called by com.android.systemui.statusbar.AlphaOptimizedImageView{91002d1 VFED..C.. ......ID 0,0-140,84} during second layout pass: posting in next frame
02-17 10:44:37.476 W/View (22372): requestLayout() improperly called by android.widget.FrameLayout{b531136 I.E...... ......ID 0,0-780,179 #2bc} during layout: running second layout pass
02-17 10:44:37.477 W/View (22372): requestLayout() improperly called by com.android.systemui.statusbar.AlphaOptimizedImageView{91002d1 VFED..C.. ......ID 0,0-140,84} during layout: running second layout pass
02-17 10:44:37.496 I/OMX-VENC: venc_dev( 1216): stats: avg. fps 1.01, bitrate 52729
02-17 10:44:37.624 I/mpu_uart( 648): [MSG-P:RECV]:No message received in 1000 ms
02-17 10:44:37.939 I/auditd ( 0): type=1400 audit(0.0:26842): avc: denied { kill } for comm="swapper/2" capability=5 scontext=u:r:kernel:s0 tcontext=u:r:kernel:s0 tclass=capability permissive=0
02-17 10:44:37.939 W/swapper/2( 0): type=1400 audit(0.0:26842): avc: denied { kill } for capability=5 scontext=u:r:kernel:s0 tcontext=u:r:kernel:s0 tclass=capability permissive=0
02-17 10:44:38.206 I/OMX-VENC: venc_dev( 1216): stats: avg. fps 9.97, bitrate 473704
02-17 10:44:38.461 W/View (22372): requestLayout() improperly called by android.widget.FrameLayout{b531136 I.E...... ......ID 0,0-780,179 #2bc} during second layout pass: posting in next frame
02-17 10:44:38.462 W/View (22372): requestLayout() improperly called by com.android.systemui.statusbar.AlphaOptimizedImageView{91002d1 VFED..C.. ......ID 0,0-140,84} during second layout pass: posting in next frame
02-17 10:44:38.479 W/View (22372): requestLayout() improperly called by android.widget.FrameLayout{b531136 I.E...... ......ID 0,0-780,179 #2bc} during layout: running second layout pass
02-17 10:44:38.479 W/View (22372): requestLayout() improperly called by com.android.systemui.statusbar.AlphaOptimizedImageView{91002d1 VFED..C.. ......ID 0,0-140,84} during layout: running second layout pass
02-17 10:44:38.499 I/OMX-VENC: venc_dev( 1216): stats: avg. fps 1.00, bitrate 52228
02-17 10:44:38.624 I/mpu_uart( 648): [MSG-P:RECV]:No message received in 1000 ms
01-01 14:55:18.846 E/DTC_ETH,link_delay_work_func( 0): 3003, SQI=0, link=0
02-17 10:44:38.939 I/auditd ( 0): type=1400 audit(0.0:26843): avc: denied { kill } for comm="swapper/2" capability=5 scontext=u:r:kernel:s0 tcontext=u:r:kernel:s0 tclass=capability permissive=0
02-17 10:44:38.939 W/swapper/2( 0): type=1400 audit(0.0:26843): avc: denied { kill } for capability=5 scontext=u:r:kernel:s0 tcontext=u:r:kernel:s0 tclass=capability permissive=0
02-17 10:44:39.209 I/OMX-VENC: venc_dev( 1216): stats: avg. fps 9.97, bitrate 279182
02-17 10:44:39.306 D/RemoteControlService( 2321): startVlanDispatchThread
02-17 10:44:39.464 W/View (22372): requestLayout() improperly called by android.widget.FrameLayout{b531136 I.E...... ......ID 0,0-780,179 #2bc} during second layout pass: posting in next frame
02-17 10:44:39.464 W/View (22372): requestLayout() improperly called by com.android.systemui.statusbar.AlphaOptimizedImageView{91002d1 VFED..C.. ......ID 0,0-140,84} during second layout pass: posting in next frame
02-17 10:44:39.482 W/View (22372): requestLayout() improperly called by android.widget.FrameLayout{b531136 I.E...... ......ID 0,0-780,179 #2bc} during layout: running second layout pass
02-17 10:44:39.482 W/View (22372): requestLayout() improperly called by com.android.systemui.statusbar.AlphaOptimizedImageView{91002d1 VFED..C.. ......ID 0,0-140,84} during layout: running second layout pass
02-17 10:44:39.500 I/OMX-VENC: venc_dev( 1216): stats: avg. fps 1.00, bitrate 52275
02-17 10:44:39.624 I/mpu_uart( 648): [MSG-P:RECV]:No message received in 1000 ms
02-17 10:44:39.939 I/auditd ( 0): type=1400 audit(0.0:26844): avc: denied { kill } for comm="swapper/2" capability=5 scontext=u:r:kernel:s0 tcontext=u:r:kernel:s0 tclass=capability permissive=0
02-17 10:44:39.939 W/swapper/2( 0): type=1400 audit(0.0:26844): avc: denied { kill } for capability=5 scontext=u:r:kernel:s0 tcontext=u:r:kernel:s0 tclass=capability permissive=0
02-17 10:44:40.011 I/input_interaction( 1524): Interaction with: e7542d8 systemui.screen.recording (server), edge-swipe (server), swipe-up (server), PointerEventDispatcher0 (server),
02-17 10:44:40.061 I/mpu_uart( 648): [MSG-P:R]:recv sync frame timeout
02-17 10:44:40.120 D/RecordingService(22372): onStartCommand com.android.systemui.screenrecord.STOP
02-17 10:44:40.120 D/RecordingService(22372): notifying for user 0
02-17 10:44:40.125 W/MediaCodec( 1197): mapFormat: no mediaType information
02-17 10:44:40.125 W/MediaCodec( 1197): mapFormat: no mediaType information
02-17 10:44:40.125 D/MPEG4Writer( 1197): reset()
02-17 10:44:40.125 D/MPEG4Writer( 1197): Video track stopping. Stop source
02-17 10:44:40.125 D/MPEG4Writer( 1197): Video track source stopping
02-17 10:44:40.125 I/MediaCodecSource( 1197): encoder (video) stopping
02-17 10:44:40.311 I/OMX-VENC: venc_dev( 1216): stats: avg. fps 9.97, bitrate 263826
02-17 10:44:40.624 I/mpu_uart( 648): [MSG-P:RECV]:No message received in 1000 ms
02-17 10:44:40.939 I/auditd ( 0): type=1400 audit(0.0:26845): avc: denied { kill } for comm="swapper/2" capability=5 scontext=u:r:kernel:s0 tcontext=u:r:kernel:s0 tclass=capability permissive=0
02-17 10:44:40.939 W/swapper/2( 0): type=1400 audit(0.0:26845): avc: denied { kill } for capability=5 scontext=u:r:kernel:s0 tcontext=u:r:kernel:s0 tclass=capability permissive=0
02-17 10:44:41.059 I/OMX-VENC: venc_dev( 1216): stats: avg. fps 3.21, bitrate 33611
02-17 10:44:41.075 E/OMX-VENC: venc_dev( 1216): async_venc_message_thread interrupted to be exited
02-17 10:44:41.077 I/OMX-VENC( 1216): Component Deinit
01-01 14:55:21.224 I/msm_vidc( 0): high: 00000002: h264e: Closed video instance: 0000000000000000
02-17 10:44:41.080 D/MediaCodecSource( 1197): source (video) stopping stalled
02-17 10:44:41.080 I/MediaCodecSource( 1197): encoder (video) stopped
02-17 10:44:41.080 I/MediaCodecSource( 1197): source (video) stopped
02-17 10:44:41.080 V/MediaWriter( 1197): Track event err/info msg:101, trackId:1, type:1000,val:-1011
02-17 10:44:41.081 I/MPEG4Writer( 1197): Received total/0-length (50/0) buffers and encoded 49 frames. - Video
02-17 10:44:41.081 D/MPEG4Writer( 1197): Video track source stopped
02-17 10:44:41.081 D/MPEG4Writer( 1197): Video track stopped. Status:0. Stop source
02-17 10:44:41.081 D/MPEG4Writer( 1197): 0 chunks are written in the last batch
02-17 10:44:41.081 D/MPEG4Writer( 1197): WriterThread stopped. Status:0
02-17 10:44:41.081 I/MPEG4Writer( 1197): Adjust the moov start time from 50836 us -> 50836 us
02-17 10:44:41.081 I/MPEG4Writer( 1197): MOOV atom was written to the file
02-17 10:44:41.081 D/MPEG4Writer( 1197): release()
02-17 10:44:41.082 D/MPEG4Writer( 1197): ftruncate mPreAllocateFileEndOffset:745612 mOffset:1358 mMdatEndOffset:743628 diff:1984
02-17 10:44:41.088 D/MPEG4Writer( 1197): final fsync() takes 6 ms, file size 743628
02-17 10:44:41.088 D/MPEG4Writer( 1197): MP4WtrCtrlHlpLooper stopped
02-17 10:44:41.088 D/MPEG4Writer( 1197): Top 5 write durations(microseconds): #1:100 #2:103 #3:107 #4:117 #5:539
02-17 10:44:41.088 D/MPEG4Writer( 1197): reset()
02-17 10:44:41.088 D/MPEG4Writer( 1197): Video track stopping. Stop source
02-17 10:44:41.088 E/MPEG4Writer( 1197): Stop() called but track is not started or stopped
02-17 10:44:41.089 W/StagefrightRecorder( 1197): stop while neither recording nor paused
02-17 10:44:41.091 I/DisplayDeviceRepository( 1524): Display device removed: DisplayDeviceInfo{"Recording Display": uniqueId="virtual:com.android.systemui,10080,Recording Display,0", 2380 x 1020, modeId 6, defaultModeId 6, supportedModes [{id=6, width=2380, height=1020, fps=60.0, alternativeRefreshRates=[]}], colorMode 0, supportedColorModes [0], hdrCapabilities null, allmSupported false, gameContentTypeSupported false, density 240, 240.0 x 240.0 dpi, appVsyncOff 0, presDeadline 16666666, touch NONE, rotation 0, type VIRTUAL, deviceProductInfo null, state ON, owner com.android.systemui (uid 10080), frameRateOverride , brightnessMinimum 0.0, brightnessMaximum 0.0, brightnessDefault 0.0, FLAG_PRIVATE, FLAG_PRESENTATION}
02-17 10:44:41.093 I/LogicalDisplayMapper( 1524): Removing display: 4
02-17 10:44:41.095 D/ScreenMediaRecorder(22372): end recording
02-17 10:44:41.096 W/InputManager-JNI( 1524): Input channel object 'bed94f0 ShellDropTarget (client)' was disposed without first being removed with the input manager!
02-17 10:44:41.098 D/RecordingService(22372): saving recording
02-17 10:44:41.099 I/notification_enqueue( 1524): [10080,22372,com.android.systemui,4275,NULL,0,Notification(channel=screen_record shortcut=null contentView=null vibrate=null sound=null defaults=0x0 flags=0x0 color=0x00000000 vis=PRIVATE),0]
02-17 10:44:41.100 E/ActivityManager( 1524): Sending non-protected broadcast com.android.systemui.screenrecord.UPDATE_STATE_OUTSIDE from system 22372:com.android.systemui/u0a80 pkg com.android.systemui
02-17 10:44:41.100 E/ActivityManager( 1524): java.lang.Throwable
02-17 10:44:41.100 E/ActivityManager( 1524): at com.android.server.am.ActivityManagerService.checkBroadcastFromSystem(ActivityManagerService.java:12877)
02-17 10:44:41.100 E/ActivityManager( 1524): at com.android.server.am.ActivityManagerService.broadcastIntentLocked(ActivityManagerService.java:13477)
02-17 10:44:41.100 E/ActivityManager( 1524): at com.android.server.am.ActivityManagerService.broadcastIntentLocked(ActivityManagerService.java:12894)
02-17 10:44:41.100 E/ActivityManager( 1524): at com.android.server.am.ActivityManagerService.broadcastIntentWithFeature(ActivityManagerService.java:13729)
02-17 10:44:41.100 E/ActivityManager( 1524): at android.app.IActivityManager$Stub.onTransact(IActivityManager.java:2326)
02-17 10:44:41.100 E/ActivityManager( 1524): at com.android.server.am.ActivityManagerService.onTransact(ActivityManagerService.java:2528)
02-17 10:44:41.100 E/ActivityManager( 1524): at android.os.Binder.execTransactInternal(Binder.java:1184)
02-17 10:44:41.100 E/ActivityManager( 1524): at android.os.Binder.execTransact(Binder.java:1143)
02-17 10:44:41.100 I/InputDispatcher( 1524): Erasing monitor PointerEventDispatcher4 (server) on display 4, pid=1524
02-17 10:44:41.100 I/am_wtf ( 1524): [0,1524,system_server,-1,ActivityManager,Sending non-protected broadcast com.android.systemui.screenrecord.UPDATE_STATE_OUTSIDE from system 22372:com.android.systemui/u0a80 pkg com.android.systemui]
02-17 10:44:41.101 E/ActivityManager( 1524): Sending non-protected broadcast com.android.systemui.screenrecord.UPDATE_STATE_OUTSIDE from system 22372:com.android.systemui/u0a80 pkg com.android.systemui
02-17 10:44:41.101 E/ActivityManager( 1524): java.lang.Throwable
02-17 10:44:41.101 E/ActivityManager( 1524): at com.android.server.am.ActivityManagerService.checkBroadcastFromSystem(ActivityManagerService.java:12877)
02-17 10:44:41.101 E/ActivityManager( 1524): at com.android.server.am.ActivityManagerService.broadcastIntentLocked(ActivityManagerService.java:13572)
02-17 10:44:41.101 E/ActivityManager( 1524): at com.android.server.am.ActivityManagerService.broadcastIntentLocked(ActivityManagerService.java:12894)
02-17 10:44:41.101 E/ActivityManager( 1524): at com.android.server.am.ActivityManagerService.broadcastIntentWithFeature(ActivityManagerService.java:13729)
02-17 10:44:41.101 E/ActivityManager( 1524): at android.app.IActivityManager$Stub.onTransact(IActivityManager.java:2326)
02-17 10:44:41.101 E/ActivityManager( 1524): at com.android.server.am.ActivityManagerService.onTransact(ActivityManagerService.java:2528)
02-17 10:44:41.101 E/ActivityManager( 1524): at android.os.Binder.execTransactInternal(Binder.java:1184)
02-17 10:44:41.101 E/ActivityManager( 1524): at android.os.Binder.execTransact(Binder.java:1143)
02-17 10:44:41.101 I/DropBoxManagerService( 1524): add tag=system_server_wtf isTagEnabled=true flags=0x2
02-17 10:44:41.103 I/am_wtf ( 1524): [0,1524,system_server,-1,ActivityManager,Sending non-protected broadcast com.android.systemui.screenrecord.UPDATE_STATE_OUTSIDE from system 22372:com.android.systemui/u0a80 pkg com.android.systemui]
02-17 10:44:41.103 D/GameMode_GameModeService( 2121): Received recording state update intent: false
02-17 10:44:41.103 I/DropBoxManagerService( 1524): add tag=system_server_wtf isTagEnabled=true flags=0x2
02-17 10:44:41.110 I/sysui_multi_action( 1524): [757,128,758,5,759,8,793,18726,794,0,795,18726,796,4274,806,com.android.systemui,857,screen_record,858,3,947,0,1500,18514,1688,1]
02-17 10:44:41.110 I/notification_canceled( 1524): [0|com.android.systemui|4274|null|10080,8,18726,18726,0,-1,-1,NULL]
02-17 10:44:41.111 D/CompatibilityChangeReporter( 1524): Compat change id reported: 175319604; UID 1000; state: ENABLED
02-17 10:44:41.111 I/GameMode_ActivityMonitoringService( 2121): onForegroundServicesChanged uid 10080 pid 22372 fg 0
02-17 10:44:41.111 D/CompatibilityChangeReporter( 1524): Compat change id reported: 175319604; UID 1000; state: DISABLED
02-17 10:44:41.112 D/GameMode_GameModeNotificationListenerService( 2121): onNotificationRemoved.
02-17 10:44:41.115 W/InputManager-JNI( 1524): Input channel object 'e7542d8 systemui.screen.recording (client)' was disposed without first being removed with the input manager!
02-17 10:44:41.116 V/MediaPlayer(22372): resetDrmState: mDrmInfo=null mDrmProvisioningThread=null mPrepareDrmInProgress=false mActiveDrmScheme=false
02-17 10:44:41.116 V/MediaPlayer(22372): cleanDrmObj: mDrmObj=null mDrmSessionId=null
02-17 10:44:41.116 I/MicroServiceManager( 1524): requestResult(abandonAudioFocus) parameters is{"functionInfo":{"IDCM_AudioFocus":"AudioFocus_Media"}}.
02-17 10:44:41.116 D/NuPlayerDriver( 1197): reset(0xef040010) at state 8
02-17 10:44:41.117 E/MicroService( 2127): Client is not connected.
02-17 10:44:41.117 E/MicroService( 2127): Client is not connected.
02-17 10:44:41.119 W/MediaRecorder(22372): mediarecorder went away with unhandled events
02-17 10:44:41.121 W/WindowManager( 1524): Failed looking up window session=Session{89ad00a 22372:u0a10080} callers=com.android.server.wm.WindowManagerService.windowForClientLocked:5628 com.android.server.wm.WindowManagerService.removeWindow:2033 com.android.server.wm.Session.remove:218
02-17 10:44:41.129 W/MediaProvider( 2883): isAppCloneUserPair failed. Users: 0 and 0
02-17 10:44:41.129 W/MediaProvider( 2883): isAppCloneUserPair for user 0: false
02-17 10:44:41.131 D/ScreenMediaRecorder(22372): content://media/external_primary/video/media/30
02-17 10:44:41.133 I/MediaProvider( 2883): Open with lower FS for /storage/emulated/0/Movies/screen-20230217-104441.mp4. Uid: 10080
02-17 10:44:41.139 W/MediaProvider( 2883): Failed to fetch original file descriptor
02-17 10:44:41.139 W/MediaProvider( 2883): java.io.IOException: stat failed: ENOENT (No such file or directory)
02-17 10:44:41.139 W/MediaProvider( 2883): at com.android.providers.media.MediaProvider.getFileFromFileDescriptor(MediaProvider.java:5794)
02-17 10:44:41.139 W/MediaProvider( 2883): at com.android.providers.media.MediaProvider.getOriginalMediaFormatFileDescriptor(MediaProvider.java:5711)
02-17 10:44:41.139 W/MediaProvider( 2883): at com.android.providers.media.MediaProvider.openTypedAssetFileCommon(MediaProvider.java:7134)
02-17 10:44:41.139 W/MediaProvider( 2883): at com.android.providers.media.MediaProvider.openTypedAssetFile(MediaProvider.java:7115)
02-17 10:44:41.139 W/MediaProvider( 2883): at android.content.ContentProvider$Transport.openTypedAssetFile(ContentProvider.java:548)
02-17 10:44:41.139 W/MediaProvider( 2883): at android.content.ContentProviderNative.onTransact(ContentProviderNative.java:327)
02-17 10:44:41.139 W/MediaProvider( 2883): at android.os.Binder.execTransactInternal(Binder.java:1184)
02-17 10:44:41.139 W/MediaProvider( 2883): at android.os.Binder.execTransact(Binder.java:1143)
02-17 10:44:41.139 W/MediaProvider( 2883): Caused by: android.system.ErrnoException: stat failed: ENOENT (No such file or directory)
02-17 10:44:41.139 W/MediaProvider( 2883): at libcore.io.Linux.stat(Native Method)
02-17 10:44:41.139 W/MediaProvider( 2883): at libcore.io.ForwardingOs.stat(ForwardingOs.java:853)
02-17 10:44:41.139 W/MediaProvider( 2883): at libcore.io.BlockGuardOs.stat(BlockGuardOs.java:420)
02-17 10:44:41.139 W/MediaProvider( 2883): at libcore.io.ForwardingOs.stat(ForwardingOs.java:853)
02-17 10:44:41.139 W/MediaProvider( 2883): at android.app.ActivityThread$AndroidOs.stat(ActivityThread.java:7780)
02-17 10:44:41.139 W/MediaProvider( 2883): at android.system.Os.stat(Os.java:919)
02-17 10:44:41.139 W/MediaProvider( 2883): at com.android.providers.media.MediaProvider.getFileFromFileDescriptor(MediaProvider.java:5788)
02-17 10:44:41.139 W/MediaProvider( 2883): ... 7 more
02-17 10:44:41.140 I/ExtendedUtils( 1197): printFileName fd(22) -> /data/user_de/0/com.android.systemui/cache/temp1883472077773442061.mp4
02-17 10:44:41.151 I/ExtendedUtils( 1197): printFileName fd(28) -> /storage/emulated/0/Movies/screen-20230217-104441.mp4
02-17 10:44:41.155 D/PeopleSpaceWidgetMgr(22372): Sbn doesn't contain valid PeopleTileKey: null/0/com.android.systemui
02-17 10:44:41.155 W/View (22372): requestLayout() improperly called by android.widget.FrameLayout{b531136 I.E...... ......ID 0,0-780,179 #2bc} during second layout pass: posting in next frame
02-17 10:44:41.155 W/View (22372): requestLayout() improperly called by com.android.systemui.statusbar.AlphaOptimizedImageView{91002d1 VFED..C.. ......ID 0,0-140,84} during second layout pass: posting in next frame
02-17 10:44:41.157 W/View (22372): requestLayout() improperly called by android.widget.FrameLayout{b531136 I.E...... ......ID 0,0-780,179 #2bc} during layout: running second layout pass
02-17 10:44:41.157 W/View (22372): requestLayout() improperly called by com.android.systemui.statusbar.AlphaOptimizedImageView{91002d1 VFED..C.. ......ID 0,0-140,84} during layout: running second layout pass
02-17 10:44:41.163 W/AudioTrack( 1197): pauseAndWait: timeout expired state:7 still pausing:7 after 40 ms
02-17 10:44:41.164 I/MMParserExtractor( 1188): Created(0xb4000076c365fb70)
02-17 10:44:41.164 D/CCodecBuffers( 1197): [c2.android.vorbis.decoder#695:1D-Output.Impl[N]] Client returned a buffer it does not own according to our record: 0
02-17 10:44:41.164 D/CCodecBuffers( 1197): [c2.android.vorbis.decoder#695:1D-Output.Impl[N]] Client returned a buffer it does not own according to our record: 1
02-17 10:44:41.164 D/CCodecBuffers( 1197): [c2.android.vorbis.decoder#695:1D-Output.Impl[N]] Client returned a buffer it does not own according to our record: 2
02-17 10:44:41.166 D/BufferPoolAccessor2.0( 1197): bufferpool2 0xee5c3988 : 0(0 size) total buffers - 0(0 size) used buffers - 40/48 (recycle/alloc) - 8/94 (fetch/transfer)
02-17 10:44:41.167 D/BufferPoolAccessor2.0( 1261): bufferpool2 0xb4000077caf39318 : 0(0 size) total buffers - 0(0 size) used buffers - 42/45 (recycle/alloc) - 3/44 (fetch/transfer)
02-17 10:44:41.167 I/hw-BpHwBinder( 1197): onLastStrongRef automatically unlinking death recipients
02-17 10:44:41.168 I/hw-BpHwBinder( 1261): onLastStrongRef automatically unlinking death recipients
02-17 10:44:41.169 D/NuPlayerDriver( 1197): notifyResetComplete(0xef040010)
02-17 10:44:41.169 V/C2Store ( 1261): in ~ComponentModule
02-17 10:44:41.169 V/C2Store ( 1261): unloading dll
02-17 10:44:41.170 W/AMessage( 1197): failed to post message as target looper for handler 0 is gone.
02-17 10:44:41.172 I/MediaFocusControl( 1524): abandonAudioFocus() from uid/pid 10080/22372 clientId=android.media.AudioManager@1715f80
02-17 10:44:41.173 W/View (22372): requestLayout() improperly called by android.widget.FrameLayout{b531136 I.E...... ......ID 0,0-780,179 #2bc} during second layout pass: posting in next frame
02-17 10:44:41.173 W/View (22372): requestLayout() improperly called by com.android.systemui.statusbar.AlphaOptimizedImageView{91002d1 VFED..C.. ......ID 0,0-140,84} during second layout pass: posting in next frame
02-17 10:44:41.175 E/MetadataRetrieverClient( 1197): failed to extract an album art
02-17 10:44:41.175 E/MediaMetadataRetrieverJNI(22372): getEmbeddedPicture: Call to getEmbeddedPicture failed.
02-17 10:44:41.176 I/MMParserExtractor( 1188): Created(0xb4000076c3661af0)
02-17 10:44:41.177 E/MM_OSAL ( 1188): resetPlayback no need to reset
02-17 10:44:41.180 D/MediaCodecList( 1197): codecHandlesFormat: no format, so no extra checks
02-17 10:44:41.180 D/MediaCodecList( 1197): codecHandlesFormat: no format, so no extra checks
02-17 10:44:41.180 D/MediaCodecList( 1197): codecHandlesFormat: no format, so no extra checks
02-17 10:44:41.180 D/MediaCodecList( 1197): codecHandlesFormat: no format, so no extra checks
02-17 10:44:41.180 D/FrameDecoder( 1197): FrameDecoder created
02-17 10:44:41.180 I/FrameDecoder( 1197): using surface mode
02-17 10:44:41.183 I/OMXClient( 1197): IOmx service obtained
02-17 10:44:41.183 I/OMXMaster( 1216): makeComponentInstance(OMX.qcom.video.decoder.avc) in android.hardwar process
02-17 10:44:41.187 I/ExtendedUtils( 1197): printFileName fd(19) -> /storage/emulated/0/Movies/screen-20230217-104441.mp4
02-17 10:44:41.187 W/View (22372): requestLayout() improperly called by android.widget.FrameLayout{b531136 I.E...... ......ID 0,0-780,179 #2bc} during layout: running second layout pass
02-17 10:44:41.187 W/View (22372): requestLayout() improperly called by com.android.systemui.statusbar.AlphaOptimizedImageView{91002d1 VFED..C.. ......ID 0,0-140,84} during layout: running second layout pass
02-17 10:44:41.189 E/android.hardware.media.omx@1.0-service( 1216): Service not available yet
02-17 10:44:41.190 D/PlatformConfig( 1216): getInstance: Enter
02-17 10:44:41.190 D/PlatformConfig( 1216): getConfigStoreBool: vpp/enable=false, returning false
02-17 10:44:41.192 D/PlatformConfig( 1216): getInstance: Enter
02-17 10:44:41.192 D/PlatformConfig( 1216): getInt32 Config name: vidc_dec_log_in value: 0
02-17 10:44:41.192 D/PlatformConfig( 1216): getInstance: Enter
02-17 10:44:41.192 D/PlatformConfig( 1216): getInt32 Config name: vidc_dec_log_out value: 0
02-17 10:44:41.192 D/PlatformConfig( 1216): getInstance: Enter
02-17 10:44:41.192 D/PlatformConfig( 1216): getInt32 Config name: vidc_dec_sec_prefetch_size_internal value: 209715200
02-17 10:44:41.192 D/PlatformConfig( 1216): getInstance: Enter
02-17 10:44:41.192 D/PlatformConfig( 1216): getInt32 Config name: vidc_dec_sec_prefetch_size_output value: 13434880
02-17 10:44:41.192 D/PlatformConfig( 1216): getInstance: Enter
02-17 10:44:41.192 D/PlatformConfig( 1216): getInt32 Config name: vidc_perf_control_enable value: 0
02-17 10:44:41.192 D/PlatformConfig( 1216): getInstance: Enter
02-17 10:44:41.192 D/PlatformConfig( 1216): getInt32 Config name: vidc_dec_thumbnail_yuv_output value: 0
02-17 10:44:41.192 D/PlatformConfig( 1216): getInstance: Enter
02-17 10:44:41.192 D/PlatformConfig( 1216): getInt32: Returning default
02-17 10:44:41.192 D/PlatformConfig( 1216): getInstance: Enter
02-17 10:44:41.192 D/PlatformConfig( 1216): getInt32 Config name: vidc_dec_output_rate value: 120
02-17 10:44:41.192 I/OMX-VDEC-1080P( 1216): component_init: OMX.qcom.video.decoder.avc : fd=11
02-17 10:44:41.192 E/OMX-VDEC-1080P( 1216): Unsupported output color format for c2d (2141391876)
02-17 10:44:41.192 E/OMX-VDEC-1080P( 1216): Setting color format failed
01-01 14:55:21.339 I/msm_vidc( 0): high: 00000002: ....d: Opening video instance: 0000000000000000, 1
01-01 14:55:21.339 I/msm_vidc( 0): err : 00000002: ....d: Failed to create debugfs for msm_vidc
02-17 10:44:41.195 D/PlatformConfig( 1216): getInstance: Enter
02-17 10:44:41.195 D/PlatformConfig( 1216): getInt32: Returning default
02-17 10:44:41.195 D/PlatformConfig( 1216): getInstance: Enter
02-17 10:44:41.195 D/PlatformConfig( 1216): getInt32: Returning default
02-17 10:44:41.195 I/OMX-VDEC-1080P( 1216): omx_vdec::component_init() success : fd=11
02-17 10:44:41.196 D/SurfaceUtils( 1197): connecting to surface 0xee58b068, reason connectToSurface
02-17 10:44:41.196 I/MediaCodec( 1197): [OMX.qcom.video.decoder.avc] setting surface generation to 1225837
02-17 10:44:41.196 D/SurfaceUtils( 1197): disconnecting from surface 0xee58b068, reason connectToSurface(reconnect)
02-17 10:44:41.196 D/SurfaceUtils( 1197): connecting to surface 0xee58b068, reason connectToSurface(reconnect)
02-17 10:44:41.197 E/OMX-VDEC-1080P( 1216): Extension: OMX.google.android.index.storeANWBufferInMetadata not implemented
02-17 10:44:41.197 E/OMX-VDEC-1080P( 1216): Extension: OMX.google.android.index.configureVideoTunnelMode not implemented
02-17 10:44:41.197 E/OMX-VDEC-1080P( 1216): Extension: OMX.google.android.index.useAndroidNativeBuffer is supported
02-17 10:44:41.197 E/OMX-VDEC-1080P( 1216): get_parameter: unknown param 7f000046
02-17 10:44:41.197 E/OMXNodeInstance( 1216): getParameter(0xe9440014:qcom.decoder.avc, ??(0x7f000046)) ERROR: UnsupportedIndex(0x8000101a)
02-17 10:44:41.197 E/OMX-VDEC-1080P( 1216): set_parameter: Error: 0x80001019, setting param 0x7f00005d
02-17 10:44:41.197 E/OMXNodeInstance( 1216): setParameter(0xe9440014:qcom.decoder.avc, OMX.google.android.index.allocateNativeHandle(0x7f00005d): Output:1 en=0) ERROR: UnsupportedSetting(0x80001019)
02-17 10:44:41.197 E/OMX-VDEC-1080P( 1216): Extension: OMX.google.android.index.storeANWBufferInMetadata not implemented
02-17 10:44:41.197 E/OMX-VDEC-1080P( 1216): get_parameter: unknown param 6f600011
02-17 10:44:41.197 E/OMXNodeInstance( 1216): getParameter(0xe9440014:qcom.decoder.avc, ??(0x6f600011)) ERROR: UnsupportedIndex(0x8000101a)
02-17 10:44:41.197 I/ExtendedACodec( 1197): setupVideoDecoder()
02-17 10:44:41.199 I/ExtendedACodec( 1197): Thumbnail mode enabled.
02-17 10:44:41.200 E/OMXNodeInstance( 1216): getParameter(0xe9440014:qcom.decoder.avc, ??(0x7f000044)) ERROR: UnsupportedSetting(0x80001019)
02-17 10:44:41.200 E/OMXNodeInstance( 1216): getParameter(0xe9440014:qcom.decoder.avc, ??(0x7f000044)) ERROR: UnsupportedSetting(0x80001019)
02-17 10:44:41.200 W/View (22372): requestLayout() improperly called by android.widget.FrameLayout{b531136 I.E...... ......ID 0,0-780,179 #2bc} during second layout pass: posting in next frame
02-17 10:44:41.201 W/View (22372): requestLayout() improperly called by com.android.systemui.statusbar.AlphaOptimizedImageView{91002d1 VFED..C.. ......ID 0,0-140,84} during second layout pass: posting in next frame
02-17 10:44:41.201 I/MMParserExtractor( 1188): Created(0xb4000076c3661af0)
02-17 10:44:41.201 W/ACodec ( 1197): [OMX.qcom.video.decoder.avc] does not support color format 2130708361
02-17 10:44:41.201 D/ACodec ( 1197): Setting [OMX.qcom.video.decoder.avc] input port buffer number: 1
02-17 10:44:41.202 D/ACodec ( 1197): Setting [OMX.qcom.video.decoder.avc] output port buffer number: 1
02-17 10:44:41.203 I/ExtendedACodec( 1197): Decoder will be in frame by frame mode
02-17 10:44:41.203 E/OMX-VDEC-1080P( 1216): Setparameter: unknown param 2130706434
02-17 10:44:41.203 E/OMX-VDEC-1080P( 1216): set_parameter: Error: 0x8000101a, setting param 0x7f000002
02-17 10:44:41.203 E/OMXNodeInstance( 1216): setParameter(0xe9440014:qcom.decoder.avc, ??(0x7f000002)) ERROR: UnsupportedIndex(0x8000101a)
02-17 10:44:41.203 W/ExtendedACodec( 1197): Failed to set frame packing format on component
02-17 10:44:41.204 W/View (22372): requestLayout() improperly called by android.widget.FrameLayout{b531136 I.E...... ......ID 0,0-780,179 #2bc} during layout: running second layout pass
02-17 10:44:41.204 W/View (22372): requestLayout() improperly called by com.android.systemui.statusbar.AlphaOptimizedImageView{91002d1 VFED..C.. ......ID 0,0-140,84} during layout: running second layout pass
02-17 10:44:41.204 I/OMX-VENDOR-EXT( 1216): isConfigValid
02-17 10:44:41.206 E/OMXNodeInstance( 1216): getConfig(0xe9440014:qcom.decoder.avc, ??(0x7f000062)) ERROR: UnsupportedSetting(0x80001019)
02-17 10:44:41.210 W/View (22372): requestLayout() improperly called by android.widget.FrameLayout{b531136 I.E...... ......ID 0,0-780,179 #2bc} during second layout pass: posting in next frame
02-17 10:44:41.210 W/View (22372): requestLayout() improperly called by com.android.systemui.statusbar.AlphaOptimizedImageView{91002d1 VFED..C.. ......ID 0,0-140,84} during second layout pass: posting in next frame
02-17 10:44:41.213 E/OMX-VDEC-1080P( 1216): Extension: OMX.google.android.index.AndroidNativeBufferConsumerUsage not implemented
02-17 10:44:41.214 D/SurfaceUtils( 1197): set up nativeWindow 0xee58b068 for 2380x1020, color 0x7fa30c06, rotation 0, usage 0x20402900
02-17 10:44:41.215 W/ResourceManagerService( 1197): Ignoring request to add new resource entry with value <= 0
02-17 10:44:41.216 D/MediaBufferGroup( 1188): creating MemoryDealer
02-17 10:44:41.220 W/View (22372): requestLayout() improperly called by android.widget.FrameLayout{b531136 I.E...... ......ID 0,0-780,179 #2bc} during layout: running second layout pass
02-17 10:44:41.220 W/View (22372): requestLayout() improperly called by com.android.systemui.statusbar.AlphaOptimizedImageView{91002d1 VFED..C.. ......ID 0,0-140,84} during layout: running second layout pass
02-17 10:44:41.224 W/View (22372): requestLayout() improperly called by android.widget.FrameLayout{b531136 I.E...... ......ID 0,0-780,179 #2bc} during second layout pass: posting in next frame
02-17 10:44:41.224 W/View (22372): requestLayout() improperly called by com.android.systemui.statusbar.AlphaOptimizedImageView{91002d1 VFED..C.. ......ID 0,0-140,84} during second layout pass: posting in next frame
02-17 10:44:41.230 E/OMXNodeInstance( 1216): getConfig(0xe9440014:qcom.decoder.avc, ??(0x7f000062)) ERROR: UnsupportedSetting(0x80001019)
02-17 10:44:41.233 E/OMX-VDEC-1080P( 1216): Extension: OMX.google.android.index.AndroidNativeBufferConsumerUsage not implemented
02-17 10:44:41.233 D/SurfaceUtils( 1197): set up nativeWindow 0xee58b068 for 2384x1024, color 0x7fa30c06, rotation 0, usage 0x20402900
