02-18 03:06:33.717 2537 4260 W ContextImpl: Calling a method in the system process without a qualified user: android.app.ContextImpl.startService:1816 android.content.ContextWrapper.startService:774 com.thundercomm.gamemode.ingame.services.GameModeActionUtils.startGameModeService:111 com.thundercomm.gamemode.ingame.services.GameModeActionUtils.startGameModeEntry:22 com.thundercomm.gamemode.ingame.services.ActivityMonitoringService$1.onActivityLaunch:139
02-18 03:06:33.721 1520 1520 I GameModeConfig: Current uri is uri = content://com.thundercomm.gamemode.api/gamemode_settings/gamemode_isgaming
02-18 03:06:33.724 1520 1520 I GameModeConfig: isGameModeOn = false
02-18 03:06:33.725 1520 1520 I GameModeConfig: isGameModeOn = false
02-18 03:06:33.725 1520 1520 I GameModeConfig: isDisableVoice = true
02-18 03:06:34.002 1520 1821 I input_interaction: Interaction with: ea4c11d com.android.launcher3/com.android.launcher3.uioverrides.QuickstepLauncher (server), d73543 com.android.systemui.ImageWallpaper (server), edge-swipe (server), swipe-up (server), PointerEventDispatcher0 (server),
02-18 03:06:34.103 1520 6102 I sysui_multi_action: [757,127,758,1]
02-18 03:06:34.103 1520 6102 I sysui_multi_action: [757,804,799,note_load,801,5,802,1]
02-18 03:06:34.103 1520 6102 I notification_panel_revealed: 5
02-18 03:06:34.114 1520 1613 I input_focus: [Focus request 3373de6 NotificationShade,reason=UpdateInputWindows]
02-18 03:06:34.124 1520 6102 I sysui_multi_action: [757,128,758,1,793,7675909,794,0,795,7675909,796,26,798,0,806,android,857,DEVELOPER_IMPORTANT,858,4,947,0,1395,5,1500,7675703,1688,1]
02-18 03:06:34.124 1520 6102 I sysui_multi_action: [757,804,799,note_freshness,801,7675909,802,1]
02-18 03:06:34.124 1520 6102 I notification_visibility: [-1|android|26|null|1000,1,7675909,7675909,0,0]
02-18 03:06:34.124 1520 6102 I sysui_multi_action: [757,128,758,1,793,7784057,794,0,795,216493,796,17303299,797,com.android.wifi,798,3,806,android,857,NETWORK_AVAILABLE,858,2,947,0,1395,5,1500,4163,1688,1]
02-18 03:06:34.124 1520 6102 I sysui_multi_action: [757,1501,758,1,793,7784057,794,0,795,216493,796,17303299,797,com.android.wifi,806,android,857,NETWORK_AVAILABLE,858,2,947,0,1500,0,1688,1]
02-18 03:06:34.125 1520 6102 I sysui_multi_action: [757,804,799,note_interruptive,801,0,802,1]
02-18 03:06:34.125 1520 6102 I sysui_multi_action: [757,804,799,note_freshness,801,216493,802,1]
02-18 03:06:34.125 1520 6102 I notification_visibility: [0|android|17303299|com.android.wifi|1000,1,7784057,216493,0,3]
02-18 03:06:34.125 1520 6102 I sysui_multi_action: [757,128,758,1,793,11664,794,0,795,6668,796,2147483644,798,2,806,com.android.deskclock,857,TimerModelNotification,858,3,947,0,1395,5,1500,6668,1688,1,1745,-868672399]
02-18 03:06:34.125 1520 6102 I sysui_multi_action: [757,804,799,note_freshness,801,6668,802,1]
02-18 03:06:34.125 1520 6102 I notification_visibility: [0|com.android.deskclock|2147483644|null|10064,1,11664,6668,0,2]
02-18 03:06:34.125 1520 6102 I sysui_multi_action: [757,128,758,1,793,2131,794,0,795,2131,796,2147483645,798,1,806,com.android.deskclock,857,TimerModelNotification,858,3,946,2,947,0,1395,5,1500,1930,1641,alarm,1688,1,1745,-868672399]
02-18 03:06:34.125 1520 6102 I sysui_multi_action: [757,804,799,note_freshness,801,2131,802,1]
02-18 03:06:34.125 1520 6102 I notification_visibility: [0|com.android.deskclock|2147483645|null|10064,1,2131,2131,0,1]
02-18 03:06:34.126 1520 6102 I sysui_multi_action: [757,128,758,1,793,7784928,794,0,795,7784928,796,32,798,4,806,android,857,USB,858,1,947,0,1395,5,1500,7784570,1688,1]
02-18 03:06:34.126 1520 6102 I sysui_multi_action: [757,804,799,note_freshness,801,7784928,802,1]
02-18 03:06:34.126 1520 6102 I notification_visibility: [-1|android|32|null|1000,1,7784928,7784928,0,4]
02-18 03:06:34.134 1520 1821 I input_focus: [Focus leaving ea4c11d com.android.launcher3/com.android.launcher3.uioverrides.QuickstepLauncher (server),reason=setFocusedWindow]
02-18 03:06:34.134 1520 1821 I input_focus: [Focus entering 3373de6 NotificationShade (server),reason=setFocusedWindow]
02-18 03:06:34.138 1520 1821 I input_interaction: Interaction with: ea4c11d com.android.launcher3/com.android.launcher3.uioverrides.QuickstepLauncher (server), d73543 com.android.systemui.ImageWallpaper (server), 3373de6 NotificationShade (server), edge-swipe (server), swipe-up (server), PointerEventDispatcher0 (server),
02-18 03:06:34.139 2828 2828 I view_enqueue_input_event: [Motion - Cancel,com.android.launcher3/com.android.launcher3.uioverrides.QuickstepLauncher]
02-18 03:06:34.151 1520 1821 I input_interaction: Interaction with: d73543 com.android.systemui.ImageWallpaper (server), 3373de6 NotificationShade (server), edge-swipe (server), swipe-up (server), PointerEventDispatcher0 (server),
02-18 03:06:34.167 1520 1613 I input_focus: [Focus request ea4c11d com.android.launcher3/com.android.launcher3.uioverrides.QuickstepLauncher,reason=UpdateInputWindows]
02-18 03:06:34.187 1520 1613 I input_focus: [Focus request 3373de6 NotificationShade,reason=UpdateInputWindows]
02-18 03:06:34.201 1520 1821 I input_focus: [Focus leaving 3373de6 NotificationShade (server),reason=NOT_FOCUSABLE]
02-18 03:06:34.201 1520 1821 I input_focus: [Focus entering ea4c11d com.android.launcher3/com.android.launcher3.uioverrides.QuickstepLauncher (server),reason=setFocusedWindow]
02-18 03:06:34.217 1520 1821 I input_focus: [Focus leaving ea4c11d com.android.launcher3/com.android.launcher3.uioverrides.QuickstepLauncher (server),reason=setFocusedWindow]
02-18 03:06:34.217 1520 1821 I input_focus: [Focus entering 3373de6 NotificationShade (server),reason=setFocusedWindow]
02-18 03:06:34.294 2348 2348 I sysui_multi_action: [757,111,758,1]
02-18 03:06:34.295 2348 2348 I sysui_multi_action: [757,126,758,1,759,126,927,0,928,1,1593,1]
02-18 03:06:34.295 2348 2348 I sysui_multi_action: [757,113,758,1,759,113,927,1,928,1,1593,1]
02-18 03:06:34.295 2348 2348 I sysui_multi_action: [757,0,758,1,759,0,927,2,928,0,1593,1]
02-18 03:06:34.295 2348 2348 I sysui_multi_action: [757,0,758,1,759,0,927,3,928,0,1593,1]
02-18 03:06:34.296 2348 2348 I sysui_multi_action: [757,491,758,1,759,491,927,4,928,0,1311,-1,1593,0]
02-18 03:06:34.296 2348 2348 I sysui_multi_action: [757,0,758,1,759,0,927,5,928,0,1593,0]
02-18 03:06:34.296 2348 2348 I sysui_multi_action: [757,111,758,1]
02-18 03:06:34.296 2348 2348 I sysui_multi_action: [757,126,758,1,759,126,927,0,928,1,1593,1]
02-18 03:06:34.296 2348 2348 I sysui_multi_action: [757,113,758,1,759,113,927,1,928,1,1593,1]
02-18 03:06:34.296 2348 2348 I sysui_multi_action: [757,0,758,1,759,0,927,2,928,0,1593,1]
02-18 03:06:34.296 2348 2348 I sysui_multi_action: [757,0,758,1,759,0,927,3,928,0,1593,1]
01-05 12:05:28.098 0 0 E DTC_ETH,link_delay_work_func: 3003, SQI=0, link=0
02-18 03:06:35.697 1520 1821 I input_interaction: Interaction with: 3373de6 NotificationShade (server), edge-swipe (server), swipe-up (server), PointerEventDispatcher0 (server),
02-18 03:06:35.808 2348 2348 I sysui_multi_action: [757,407,758,4,759,1]
02-18 03:06:36.211 1520 6588 I sysui_multi_action: [757,128,758,2,793,7787013,794,2085,795,7787013,796,32,798,4,806,android,857,USB,858,1,947,0,1395,5,1500,7786655,1688,1]
02-18 03:06:36.211 1520 6588 I notification_visibility: [-1|android|32|null|1000,0,7787013,7787013,0,4]
02-18 03:06:36.212 1520 6588 I sysui_multi_action: [757,128,758,3,793,13751,794,2087,795,8755,796,2147483644,806,com.android.deskclock,857,TimerModelNotification,858,3,947,0,1500,8755,1688,1,1745,-868672399]
02-18 03:06:36.747 1520 6588 I ActivityTaskManager: START u0 {cmp=com.android.deskclock/.timer.ExpiredTimersActivity} from uid 10064
02-18 03:06:36.748 1520 6588 W ActivityTaskManager: startActivity called from non-Activity context; forcing Intent.FLAG_ACTIVITY_NEW_TASK for: Intent { flg=0x800000 cmp=com.android.deskclock/.timer.ExpiredTimersActivity }
02-18 03:06:36.748 1520 6588 I wm_task_moved: [89,1,7]
02-18 03:06:36.748 1520 6588 I wm_task_to_front: [0,89]
02-18 03:06:36.749 1520 6588 I wm_focused_root_task: [0,0,89,1,bringingFoundTaskToFront]
02-18 03:06:36.749 2828 2828 I wm_on_top_resumed_lost_called: [58637558,com.android.launcher3.uioverrides.QuickstepLauncher,topStateChangedWhenResumed]
02-18 03:06:36.749 1520 6588 I wm_set_resumed_activity: [0,com.android.deskclock/.timer.ExpiredTimersActivity,bringingFoundTaskToFront]
02-18 03:06:36.749 1520 6588 I wm_new_intent: [0,84893138,89,com.android.deskclock/.timer.ExpiredTimersActivity,NULL,NULL,NULL,276824064]
02-18 03:06:36.750 1520 6588 I wm_pause_activity: [0,58637558,com.android.launcher3/.uioverrides.QuickstepLauncher,userLeaving=true,pauseBackTasks]
02-18 03:06:36.755 2828 2828 I wm_on_paused_called: [58637558,com.android.launcher3.uioverrides.QuickstepLauncher,performPause]
02-18 03:06:36.755 1520 6102 I sysui_multi_action: [757,128,758,4,793,14294,794,2630,795,9298,796,2147483644,798,1,806,com.android.deskclock,857,TimerModelNotification,858,3,947,0,1395,5,1500,9298,1688,1,1745,-868672399]
02-18 03:06:36.755 1520 6102 I notification_clicked: [0|com.android.deskclock|2147483644|null|10064,14294,9298,2630,1,5]
02-18 03:06:36.756 1520 1520 I sysui_multi_action: [757,804,799,note_click_longevity,801,0,802,1]
02-18 03:06:36.760 1520 2750 I ActivityTaskManager: FOREGROUND_APPLICATION_CHANGED to com.android.deskclock.timer.ExpiredTimersActivity
02-18 03:06:36.763 1520 2750 I wm_set_resumed_activity: [0,com.android.deskclock/.timer.ExpiredTimersActivity,resumeTopActivityInnerLocked]
02-18 03:06:36.764 1520 2750 I wm_add_to_stopping: [0,58637558,com.android.launcher3/.uioverrides.QuickstepLauncher,makeInvisible]
02-18 03:06:36.765 1520 2750 I wm_resume_activity: [0,84893138,89,com.android.deskclock/.timer.ExpiredTimersActivity]
02-18 03:06:36.775 1520 1612 I sysui_multi_action: [757,803,799,window_time_0,802,3]
02-18 03:06:36.775 14687 14687 I wm_on_restart_called: [84893138,com.android.deskclock.timer.ExpiredTimersActivity,performRestartActivity]
02-18 03:06:36.775 14687 14687 I wm_on_start_called: [84893138,com.android.deskclock.timer.ExpiredTimersActivity,handleStartActivity]
02-18 03:06:36.776 14687 14687 I wm_on_resume_called: [84893138,com.android.deskclock.timer.ExpiredTimersActivity,RESUME_ACTIVITY]
02-18 03:06:36.776 14687 14687 I wm_on_top_resumed_gained_called: [84893138,com.android.deskclock.timer.ExpiredTimersActivity,topWhenResuming]
02-18 03:06:36.781 2537 4260 W ContextImpl: Calling a method in the system process without a qualified user: android.app.ContextImpl.startService:1816 android.content.ContextWrapper.startService:774 com.thundercomm.gamemode.ingame.services.GameModeActionUtils.startGameModeService:111 com.thundercomm.gamemode.ingame.services.GameModeActionUtils.startGameModeEntry:22 com.thundercomm.gamemode.ingame.services.ActivityMonitoringService$1.onActivityLaunch:139
02-18 03:06:36.790 1520 1520 I GameModeConfig: Current uri is uri = content://com.thundercomm.gamemode.api/gamemode_settings/gamemode_isgaming
02-18 03:06:36.792 1520 1520 I GameModeConfig: isGameModeOn = false
02-18 03:06:36.792 1520 1520 I GameModeConfig: isGameModeOn = false
02-18 03:06:36.792 1520 1520 I GameModeConfig: isDisableVoice = true
02-18 03:06:36.798 1520 1608 I sysui_multi_action: [319,34,321,32,322,48,325,7810,757,761,758,9,759,4,806,com.android.deskclock,871,com.android.deskclock.timer.ExpiredTimersActivity,904,com.android.deskclock,905,0,1320,4,1321,1]
02-18 03:06:36.868 1520 6102 W FreeFormWindowHelper: Current Display FreeFormTask is null
02-18 03:06:36.873 2537 4260 W ContextImpl: Calling a method in the system process without a qualified user: android.app.ContextImpl.startService:1816 android.content.ContextWrapper.startService:774 com.thundercomm.gamemode.ingame.services.GameModeActionUtils.startGameModeService:111 com.thundercomm.gamemode.ingame.services.GameModeActionUtils.startGameModeEntry:22 com.thundercomm.gamemode.ingame.services.ActivityMonitoringService$1.onActivityLaunch:139
02-18 03:06:36.876 1520 1520 I GameModeConfig: Current uri is uri = content://com.thundercomm.gamemode.api/gamemode_settings/gamemode_isgaming
02-18 03:06:36.877 1520 1520 I GameModeConfig: isGameModeOn = false
02-18 03:06:36.878 1520 1520 I GameModeConfig: isGameModeOn = false
02-18 03:06:36.878 1520 1520 I GameModeConfig: isDisableVoice = true
02-18 03:06:37.224 1520 2750 I sysui_multi_action: [757,128,758,2,793,14763,794,3099,795,9767,796,2147483644,798,2,806,com.android.deskclock,857,TimerModelNotification,858,3,947,0,1395,5,1500,9767,1688,1,1745,-868672399]
02-18 03:06:37.224 1520 2750 I notification_visibility: [0|com.android.deskclock|2147483644|null|10064,0,14763,9767,0,2]
02-18 03:06:37.312 1520 2286 I GameModeConfig: isGameModeOn = false
02-18 03:06:37.312 1520 2286 I GameModeConfig: isGameModeOn = false
02-18 03:06:37.313 1520 2286 I GameModeConfig: isGameModeOn = false
02-18 03:06:37.313 1520 2286 I GameModeConfig: isGameModeOn = false
02-18 03:06:37.313 1520 2286 I GameModeConfig: isGameModeOn = false
02-18 03:06:37.313 1520 2286 I GameModeConfig: isGameModeOn = false
02-18 03:06:37.313 1520 2286 I GameModeConfig: isGameModeOn = false
02-18 03:06:37.314 1520 1612 I wm_stop_activity: [0,58637558,com.android.launcher3/.uioverrides.QuickstepLauncher]
02-18 03:06:37.315 2348 2348 I sysui_multi_action: [757,111,758,2]
02-18 03:06:37.315 1520 1520 I notification_enqueue: [10079,2348,com.android.systemui,2048,NULL,0,Notification(channel=updateNotification shortcut=null contentView=null vibrate=null sound=null defaults=0x0 flags=0x0 color=0x00000000 vis=PRIVATE),1]
02-18 03:06:37.315 2348 2348 I sysui_multi_action: [757,111,758,2]
02-18 03:06:37.325 1520 1613 I input_focus: [Focus request 31cd52a com.android.deskclock/com.android.deskclock.timer.ExpiredTimersActivity,reason=UpdateInputWindows]
02-18 03:06:37.336 2828 2828 I wm_on_stop_called: [58637558,com.android.launcher3.uioverrides.QuickstepLauncher,STOP_ACTIVITY_ITEM]
02-18 03:06:37.339 1520 1821 I input_focus: [Focus leaving 3373de6 NotificationShade (server),reason=NOT_FOCUSABLE]
02-18 03:06:37.339 1520 1821 I input_focus: [Focus entering 31cd52a com.android.deskclock/com.android.deskclock.timer.ExpiredTimersActivity (server),reason=setFocusedWindow]
02-18 03:06:37.343 1520 2750 I sysui_multi_action: [757,128,758,2,793,7679128,794,3219,795,7679128,796,26,798,0,806,android,857,DEVELOPER_IMPORTANT,858,4,947,0,1395,5,1500,7678922,1688,1]
02-18 03:06:37.343 1520 2750 I notification_visibility: [-1|android|26|null|1000,0,7679128,7679128,0,0]
02-18 03:06:37.343 1520 2750 I sysui_multi_action: [757,128,758,2,793,7787276,794,3219,795,219712,796,17303299,797,com.android.wifi,798,3,806,android,857,NETWORK_AVAILABLE,858,2,947,0,1395,5,1500,3219,1688,1]
02-18 03:06:37.343 1520 2750 I notification_visibility: [0|android|17303299|com.android.wifi|1000,0,7787276,219712,0,3]
02-18 03:06:37.343 1520 2750 I sysui_multi_action: [757,128,758,2,793,5349,794,3218,795,5349,796,2147483645,798,1,806,com.android.deskclock,857,TimerModelNotification,858,3,946,2,947,0,1395,5,1500,5148,1641,alarm,1688,1,1745,-868672399]
02-18 03:06:37.343 1520 2750 I notification_visibility: [0|com.android.deskclock|2147483645|null|10064,0,5349,5349,0,1]
02-18 03:06:37.344 1520 6102 I sysui_multi_action: [757,127,758,2]
02-18 03:06:37.344 1520 6102 I notification_panel_hidden:
02-18 03:06:37.367 2537 4260 W ContextImpl: Calling a method in the system process without a qualified user: android.app.ContextImpl.startService:1816 android.content.ContextWrapper.startService:774 com.thundercomm.gamemode.ingame.services.GameModeActionUtils.startGameModeService:111 com.thundercomm.gamemode.ingame.services.GameModeActionUtils.startGameModeEntry:22 com.thundercomm.gamemode.ingame.services.ActivityMonitoringService$1.onActivityLaunch:139
02-18 03:06:37.370 1520 1520 I GameModeConfig: Current uri is uri = content://com.thundercomm.gamemode.api/gamemode_settings/gamemode_isgaming
02-18 03:06:37.373 1520 1520 I GameModeConfig: isGameModeOn = false
02-18 03:06:37.373 1520 1520 I GameModeConfig: isGameModeOn = false
02-18 03:06:37.373 1520 1520 I GameModeConfig: isDisableVoice = true
02-18 03:06:37.458 1520 2286 I GameModeConfig: isGameModeOn = false
02-18 03:06:37.458 1520 2286 I GameModeConfig: isGameModeOn = false
02-18 03:06:37.458 1520 2286 I GameModeConfig: isGameModeOn = false
02-18 03:06:37.458 1520 2286 I GameModeConfig: isGameModeOn = false
02-18 03:06:37.459 1520 2286 I GameModeConfig: isGameModeOn = false
02-18 03:06:37.459 1520 2286 I GameModeConfig: isGameModeOn = false
02-18 03:06:37.517 1520 1520 I GameModeConfig: isGameModeOn = false
02-18 03:06:37.656 1520 2286 I GameModeConfig: isGameModeOn = false
02-18 03:06:37.660 1520 2286 I GameModeConfig: isGameModeOn = false
02-18 03:06:37.757 1520 1821 I input_interaction: Interaction with: 31cd52a com.android.deskclock/com.android.deskclock.timer.ExpiredTimersActivity (server), edge-swipe (server), swipe-up (server), PointerEventDispatcher0 (server),
02-18 03:06:37.767 1520 6102 W FreeFormWindowHelper: Current Display FreeFormTask is null
02-18 03:06:37.768 1520 6588 I wm_task_moved: [1,0,0]
02-18 03:06:37.768 1520 6588 I wm_task_moved: [1,0,6]
02-18 03:06:37.786 2537 4260 W ContextImpl: Calling a method in the system process without a qualified user: android.app.ContextImpl.startService:1816 android.content.ContextWrapper.startService:774 com.thundercomm.gamemode.ingame.services.GameModeActionUtils.startGameModeService:111 com.thundercomm.gamemode.ingame.services.GameModeActionUtils.startGameModeEntry:22 com.thundercomm.gamemode.ingame.services.ActivityMonitoringService$1.onActivityLaunch:139
02-18 03:06:37.789 1520 1520 I GameModeConfig: Current uri is uri = content://com.thundercomm.gamemode.api/gamemode_settings/gamemode_isgaming
02-18 03:06:37.790 2828 2828 I wm_on_restart_called: [58637558,com.android.launcher3.uioverrides.QuickstepLauncher,performRestartActivity]
02-18 03:06:37.790 1520 1520 I GameModeConfig: isGameModeOn = false
02-18 03:06:37.790 1520 1520 I GameModeConfig: isGameModeOn = false
02-18 03:06:37.790 1520 1520 I GameModeConfig: isDisableVoice = true
02-18 03:06:37.791 1520 2750 W FreeFormWindowHelper: Current Display FreeFormTask is null
02-18 03:06:37.791 1520 2750 W FreeFormWindowHelper: Current Display FreeFormTask is null
02-18 03:06:37.805 2828 2828 I wm_on_start_called: [58637558,com.android.launcher3.uioverrides.QuickstepLauncher,handleStartActivity]
02-18 03:06:37.805 1520 6588 W ActivityTaskManager: getTaskSnapshot: taskId=1089 not found
02-18 03:06:37.806 14687 14687 I view_enqueue_input_event: [Motion - Cancel,com.android.deskclock/com.android.deskclock.timer.ExpiredTimersActivity]
02-18 03:06:37.806 1520 1613 I input_focus: [Focus request recents_animation_input_consumer,reason=UpdateInputWindows]
02-18 03:06:37.809 1520 1821 I input_interaction: Interaction with: edge-swipe (server), swipe-up (server), PointerEventDispatcher0 (server),
02-18 03:06:37.810 1520 6102 W ActivityTaskManager: getTaskSnapshot: taskId=1089 not found
02-18 03:06:37.810 1520 6588 W ActivityTaskManager: getTaskSnapshot: taskId=2089 not found
02-18 03:06:37.812 1520 6588 W ActivityTaskManager: getTaskSnapshot: taskId=3089 not found
02-18 03:06:37.812 1520 6102 W FreeFormWindowHelper: Current Display FreeFormTask is null
02-18 03:06:37.812 1520 6102 W FreeFormWindowHelper: Current Display FreeFormTask is null
02-18 03:06:37.813 1520 6102 W ActivityTaskManager: getTaskSnapshot: taskId=4089 not found
02-18 03:06:37.813 2828 2828 I sysui_latency: [1,57]
02-18 03:06:37.815 1520 6588 W ActivityTaskManager: getTaskSnapshot: taskId=1089 not found
02-18 03:06:37.815 1520 6588 W ActivityTaskManager: getTaskSnapshot: taskId=2089 not found
02-18 03:06:37.815 1520 6588 W ActivityTaskManager: getTaskSnapshot: taskId=3089 not found
02-18 03:06:37.815 1520 6588 W ActivityTaskManager: getTaskSnapshot: taskId=4089 not found
02-18 03:06:37.820 1520 6102 W FreeFormWindowHelper: Current Display FreeFormTask is null
02-18 03:06:37.821 1520 2750 W FreeFormWindowHelper: Current Display FreeFormTask is null
02-18 03:06:37.822 1520 2750 W FreeFormWindowHelper: Current Display FreeFormTask is null
02-18 03:06:37.823 1520 1821 I input_focus: [Focus leaving 31cd52a com.android.deskclock/com.android.deskclock.timer.ExpiredTimersActivity (server),reason=NOT_FOCUSABLE]
02-18 03:06:37.823 1520 1821 I input_focus: [Focus entering recents_animation_input_consumer (server),reason=setFocusedWindow]
02-18 03:06:37.827 1520 6102 W ActivityTaskManager: getTaskSnapshot: taskId=1089 not found
02-18 03:06:37.830 1520 1608 I sysui_multi_action: [319,8,322,56,325,7811,757,761,758,9,759,5,806,com.android.launcher3,871,com.android.launcher3.uioverrides.QuickstepLauncher,905,0,1320,4,1321,1]
02-18 03:06:37.833 1520 6588 W ActivityTaskManager: getTaskSnapshot: taskId=2089 not found
02-18 03:06:37.835 1520 6588 W ActivityTaskManager: getTaskSnapshot: taskId=3089 not found
02-18 03:06:37.835 1520 6588 W ActivityTaskManager: getTaskSnapshot: taskId=4089 not found
02-18 03:06:37.839 1520 6588 W FreeFormWindowHelper: Current Display FreeFormTask is null
02-18 03:06:37.839 1520 6588 W FreeFormWindowHelper: Current Display FreeFormTask is null
02-18 03:06:37.855 1520 6588 W FreeFormWindowHelper: Current Display FreeFormTask is null
02-18 03:06:37.856 1520 6588 W FreeFormWindowHelper: Current Display FreeFormTask is null
02-18 03:06:38.011 1520 1768 I commit_sys_config_file: [settings-1-0,9]
02-18 03:06:38.064 1520 6102 W FreeFormWindowHelper: Current Display FreeFormTask is null
02-18 03:06:38.065 1520 6102 W FreeFormWindowHelper: Current Display FreeFormTask is null
02-18 03:06:38.065 1520 6102 W FreeFormWindowHelper: Current Display FreeFormTask is null
02-18 03:06:38.126 1520 1618 I sysui_latency: [8,63]
02-18 03:06:38.471 1520 6102 I wm_task_moved: [1,1,7]
02-18 03:06:38.472 1520 6102 I wm_focused_root_task: [0,0,1,89,RecentsAnimation.onAnimationFinished()]
02-18 03:06:38.473 14687 14687 I wm_on_top_resumed_lost_called: [84893138,com.android.deskclock.timer.ExpiredTimersActivity,topStateChangedWhenResumed]
02-18 03:06:38.474 1520 6102 I wm_pause_activity: [0,84893138,com.android.deskclock/.timer.ExpiredTimersActivity,userLeaving=false,pauseBackTasks]
02-18 03:06:38.476 1520 6102 I ActivityTaskManager: FOREGROUND_APPLICATION_CHANGED to com.android.launcher3.uioverrides.QuickstepLauncher
02-18 03:06:38.476 1520 6102 I wm_set_resumed_activity: [0,com.android.launcher3/.uioverrides.QuickstepLauncher,resumeTopActivityInnerLocked]
02-18 03:06:38.477 1520 6102 I wm_resume_activity: [0,58637558,11,com.android.launcher3/.uioverrides.QuickstepLauncher]
02-18 03:06:38.478 1520 6102 I wm_add_to_stopping: [0,84893138,com.android.deskclock/.timer.ExpiredTimersActivity,makeInvisible]
02-18 03:06:38.479 2828 2828 I wm_on_resume_called: [58637558,com.android.launcher3.uioverrides.QuickstepLauncher,RESUME_ACTIVITY]
02-18 03:06:38.483 1520 1613 I input_focus: [Focus request ea4c11d com.android.launcher3/com.android.launcher3.uioverrides.QuickstepLauncher,reason=UpdateInputWindows]
02-18 03:06:38.485 1520 2750 W FreeFormWindowHelper: Current Display FreeFormTask is null
02-18 03:06:38.485 14687 14687 I wm_on_paused_called: [84893138,com.android.deskclock.timer.ExpiredTimersActivity,performPause]
02-18 03:06:38.486 1520 1612 I sysui_multi_action: [757,803,799,window_time_0,802,1]
02-18 03:06:38.486 1520 6102 W FreeFormWindowHelper: Current Display FreeFormTask is null
02-18 03:06:38.486 1520 6101 W FreeFormWindowHelper: Current Display FreeFormTask is null
02-18 03:06:38.489 1520 6102 I wm_stop_activity: [0,84893138,com.android.deskclock/.timer.ExpiredTimersActivity]
02-18 03:06:38.494 1520 1612 I sysui_multi_action: [757,803,799,window_time_0,802,0]
02-18 03:06:38.495 14687 14687 I wm_on_stop_called: [84893138,com.android.deskclock.timer.ExpiredTimersActivity,STOP_ACTIVITY_ITEM]
02-18 03:06:38.496 1520 1821 I input_focus: [Focus leaving recents_animation_input_consumer (server),reason=NOT_VISIBLE]
02-18 03:06:38.496 1520 1821 I input_focus: [Focus entering ea4c11d com.android.launcher3/com.android.launcher3.uioverrides.QuickstepLauncher (server),reason=setFocusedWindow]
02-18 03:06:38.506 1520 6101 W FreeFormWindowHelper: Current Display FreeFormTask is null
02-18 03:06:38.506 1520 6852 W FreeFormWindowHelper: Current Display FreeFormTask is null
02-18 03:06:38.509 2828 2828 I wm_on_top_resumed_gained_called: [58637558,com.android.launcher3.uioverrides.QuickstepLauncher,topStateChangedWhenResumed]
02-18 03:06:38.522 2537 4260 W ContextImpl: Calling a method in the system process without a qualified user: android.app.ContextImpl.startService:1816 android.content.ContextWrapper.startService:774 com.thundercomm.gamemode.ingame.services.GameModeActionUtils.startGameModeService:111 com.thundercomm.gamemode.ingame.services.GameModeActionUtils.startGameModeEntry:22 com.thundercomm.gamemode.ingame.services.ActivityMonitoringService$1.onActivityLaunch:139
02-18 03:06:38.525 1520 1520 I GameModeConfig: Current uri is uri = content://com.thundercomm.gamemode.api/gamemode_settings/gamemode_isgaming
02-18 03:06:38.527 1520 1520 I GameModeConfig: isGameModeOn = false
02-18 03:06:38.527 1520 1520 I GameModeConfig: isGameModeOn = false
02-18 03:06:38.527 1520 1520 I GameModeConfig: isDisableVoice = true
02-18 03:06:38.586 1520 6830 W FreeFormWindowHelper: Current Display FreeFormTask is null
02-18 03:06:38.594 2537 4260 W ContextImpl: Calling a method in the system process without a qualified user: android.app.ContextImpl.startService:1816 android.content.ContextWrapper.startService:774 com.thundercomm.gamemode.ingame.services.GameModeActionUtils.startGameModeService:111 com.thundercomm.gamemode.ingame.services.GameModeActionUtils.startGameModeEntry:22 com.thundercomm.gamemode.ingame.services.ActivityMonitoringService$1.onActivityLaunch:139
02-18 03:06:38.600 1520 1520 I GameModeConfig: Current uri is uri = content://com.thundercomm.gamemode.api/gamemode_settings/gamemode_isgaming
02-18 03:06:38.602 1520 1520 I GameModeConfig: isGameModeOn = false
02-18 03:06:38.602 1520 1520 I GameModeConfig: isGameModeOn = false
02-18 03:06:38.602 1520 1520 I GameModeConfig: isDisableVoice = true
02-18 03:06:38.703 1520 1768 I commit_sys_config_file: [settings-1-0,4]
02-18 03:06:39.079 1520 1821 I input_interaction: Interaction with: ea4c11d com.android.launcher3/com.android.launcher3.uioverrides.QuickstepLauncher (server), d73543 com.android.systemui.ImageWallpaper (server), edge-swipe (server), swipe-up (server), PointerEventDispatcher0 (server),
02-18 03:06:39.580 1520 6588 W FreeFormWindowHelper: Current Display FreeFormTask is null
02-18 03:06:39.580 1520 6102 W FreeFormWindowHelper: Current Display FreeFormTask is null
02-18 03:06:39.581 1520 6588 W FreeFormWindowHelper: Current Display FreeFormTask is null
02-18 03:06:39.581 1520 6588 W FreeFormWindowHelper: Current Display FreeFormTask is null
02-18 03:06:39.675 1520 6588 I wm_finish_activity: [0,237732116,88,com.android.deskclock/.DeskClock,remove-task]
02-18 03:06:39.676 1520 6588 I wm_destroy_activity: [0,237732116,88,com.android.deskclock/.DeskClock,finish-imm:finishIfPossible]
02-18 03:06:39.681 1520 1612 I sysui_multi_action: [757,803,799,window_time_0,802,2]
02-18 03:06:39.682 1520 3839 E TaskPersister: File error accessing recents directory (directory doesn't exist?).
02-18 03:06:39.685 14687 14687 I wm_on_destroy_called: [237732116,com.android.deskclock.DeskClock,performDestroy]
02-18 03:06:39.690 1520 1618 W UsageStatsService: Unexpected activity event reported! (com.android.deskclock/com.android.deskclock.DeskClock event : 23 instanceId : 59341441)
02-18 03:06:39.690 1520 6588 I wm_task_removed: [88,removeChild:removeChild last r=ActivityRecord{e2b8114 u0 com.android.deskclock/.DeskClock t-1 f}} in t=Task{584645f #88 type=standard A=10064:com.android.deskclock U=0 visible=false mode=fullscreen translucent=true sz=0}]
02-18 03:06:39.690 1520 6588 I wm_task_removed: [88,removeChild]
02-18 03:06:39.693 1520 1613 W ActivityTaskManager: Can't find TaskDisplayArea to determine support for multi window. Task id=88 attached=false
02-18 03:06:39.693 1520 1613 W ActivityTaskManager: Can't find TaskDisplayArea to determine support for multi window. Task id=88 attached=false
02-18 03:06:39.782 1520 6101 W FreeFormWindowHelper: Current Display FreeFormTask is null
02-18 03:06:39.783 2537 4260 W ContextImpl: Calling a method in the system process without a qualified user: android.app.ContextImpl.startService:1816 android.content.ContextWrapper.startService:774 com.thundercomm.gamemode.ingame.services.GameModeActionUtils.startGameModeService:111 com.thundercomm.gamemode.ingame.services.GameModeActionUtils.startGameModeEntry:22 com.thundercomm.gamemode.ingame.services.ActivityMonitoringService$1.onActivityLaunch:139
02-18 03:06:39.786 1520 1520 I GameModeConfig: Current uri is uri = content://com.thundercomm.gamemode.api/gamemode_settings/gamemode_isgaming
02-18 03:06:39.788 1520 6852 W ActivityTaskManager: getTaskSnapshot: taskId=342 not found
02-18 03:06:39.790 1520 1520 I GameModeConfig: isGameModeOn = false
02-18 03:06:39.790 1520 1520 I GameModeConfig: isGameModeOn = false
02-18 03:06:39.790 1520 1520 I GameModeConfig: isDisableVoice = true
02-18 03:06:39.791 1520 6101 W FreeFormWindowHelper: Current Display FreeFormTask is null
02-18 03:06:39.792 1520 6852 W FreeFormWindowHelper: Current Display FreeFormTask is null
02-18 03:06:39.792 1520 2750 W FreeFormWindowHelper: Current Display FreeFormTask is null
02-18 03:06:39.792 1520 2750 W FreeFormWindowHelper: Current Display FreeFormTask is null
02-18 03:06:39.795 1520 2750 W ActivityTaskManager: getTaskSnapshot: taskId=342 not found
02-18 03:06:39.807 1520 2750 W FreeFormWindowHelper: Current Display FreeFormTask is null
02-18 03:06:39.807 1520 2750 W FreeFormWindowHelper: Current Display FreeFormTask is null
02-18 03:06:40.225 1520 2750 W FreeFormWindowHelper: Current Display FreeFormTask is null
02-18 03:06:40.227 1520 2750 W FreeFormWindowHelper: Current Display FreeFormTask is null
02-18 03:06:40.228 1520 2750 W FreeFormWindowHelper: Current Display FreeFormTask is null
02-18 03:06:40.229 1520 6588 W FreeFormWindowHelper: Current Display FreeFormTask is null
02-18 03:06:40.230 1520 6101 W FreeFormWindowHelper: Current Display FreeFormTask is null
02-18 03:06:40.230 1520 2750 W FreeFormWindowHelper: Current Display FreeFormTask is null
02-18 03:06:40.230 1520 6852 W FreeFormWindowHelper: Current Display FreeFormTask is null
02-18 03:06:40.231 1520 6102 W FreeFormWindowHelper: Current Display FreeFormTask is null
02-18 03:06:40.231 1520 2750 W FreeFormWindowHelper: Current Display FreeFormTask is null
02-18 03:06:40.232 1520 6101 W FreeFormWindowHelper: Current Display FreeFormTask is null
02-18 03:06:40.232 1520 2750 W FreeFormWindowHelper: Current Display FreeFormTask is null
02-18 03:06:40.232 1520 6830 W FreeFormWindowHelper: Current Display FreeFormTask is null
02-18 03:06:40.233 1520 9451 W FreeFormWindowHelper: Current Display FreeFormTask is null
02-18 03:06:40.233 1520 6852 W FreeFormWindowHelper: Current Display FreeFormTask is null
02-18 03:06:40.233 1520 6101 W FreeFormWindowHelper: Current Display FreeFormTask is null
02-18 03:06:40.234 1520 6102 W FreeFormWindowHelper: Current Display FreeFormTask is null
02-18 03:06:40.234 1520 6852 W FreeFormWindowHelper: Current Display FreeFormTask is null
02-18 03:06:40.234 1520 2748 W FreeFormWindowHelper: Current Display FreeFormTask is null
02-18 03:06:40.235 1520 6852 W FreeFormWindowHelper: Current Display FreeFormTask is null
02-18 03:06:40.235 1520 6102 W FreeFormWindowHelper: Current Display FreeFormTask is null
02-18 03:06:40.235 1520 6102 W FreeFormWindowHelper: Current Display FreeFormTask is null
02-18 03:06:40.235 1520 6852 W FreeFormWindowHelper: Current Display FreeFormTask is null
02-18 03:06:40.236 1520 6852 W FreeFormWindowHelper: Current Display FreeFormTask is null
02-18 03:06:40.236 1520 6102 W FreeFormWindowHelper: Current Display FreeFormTask is null
02-18 03:06:40.237 1520 6852 W FreeFormWindowHelper: Current Display FreeFormTask is null
02-18 03:06:40.325 1520 6102 I wm_finish_activity: [0,84893138,89,com.android.deskclock/.timer.ExpiredTimersActivity,remove-task]
02-18 03:06:40.326 1520 6102 I wm_destroy_activity: [0,84893138,89,com.android.deskclock/.timer.ExpiredTimersActivity,finish-imm:finishIfPossible]
02-18 03:06:40.328 14687 14687 I wm_on_destroy_called: [84893138,com.android.deskclock.timer.ExpiredTimersActivity,performDestroy]
02-18 03:06:40.332 1520 1612 I sysui_multi_action: [757,803,799,window_time_0,802,0]
02-18 03:06:40.333 1520 6102 I wm_task_removed: [89,removeChild:removeChild last r=ActivityRecord{50f5dd2 u0 com.android.deskclock/.timer.ExpiredTimersActivity t-1 f}} in t=Task{b7ec8b8 #89 type=standard I=com.android.deskclock/.timer.ExpiredTimersActivity U=0 visible=false mode=fullscreen translucent=true sz=0}]
02-18 03:06:40.333 1520 6102 I wm_task_removed: [89,removeChild]
02-18 03:06:40.333 1520 1618 W UsageStatsService: Unexpected activity event reported! (com.android.deskclock/com.android.deskclock.timer.ExpiredTimersActivity event : 23 instanceId : 258568285)
02-18 03:06:40.336 1520 1613 W ActivityTaskManager: Can't find TaskDisplayArea to determine support for multi window. Task id=89 attached=false
02-18 03:06:40.336 1520 1613 W ActivityTaskManager: Can't find TaskDisplayArea to determine support for multi window. Task id=89 attached=false
02-18 03:06:40.431 1520 6852 W FreeFormWindowHelper: Current Display FreeFormTask is null
02-18 03:06:40.432 1520 6588 W FreeFormWindowHelper: Current Display FreeFormTask is null
02-18 03:06:40.433 2537 4260 W ContextImpl: Calling a method in the system process without a qualified user: android.app.ContextImpl.startService:1816 android.content.ContextWrapper.startService:774 com.thundercomm.gamemode.ingame.services.GameModeActionUtils.startGameModeService:111 com.thundercomm.gamemode.ingame.services.GameModeActionUtils.startGameModeEntry:22 com.thundercomm.gamemode.ingame.services.ActivityMonitoringService$1.onActivityLaunch:139
01-05 12:05:33.218 0 0 E DTC_ETH,link_delay_work_func: 3003, SQI=0, link=0
02-18 03:06:40.436 1520 1520 I GameModeConfig: Current uri is uri = content://com.thundercomm.gamemode.api/gamemode_settings/gamemode_isgaming
02-18 03:06:40.438 1520 1520 I GameModeConfig: isGameModeOn = false
02-18 03:06:40.438 1520 1520 I GameModeConfig: isGameModeOn = false
02-18 03:06:40.438 1520 1520 I GameModeConfig: isDisableVoice = true
02-18 03:06:40.546 1520 6588 W FreeFormWindowHelper: Current Display FreeFormTask is null
02-18 03:06:41.165 1520 1821 I input_interaction: Interaction with: ae306c3 StatusBar (server), edge-swipe (server), swipe-up (server), PointerEventDispatcher0 (server),
02-18 03:06:41.171 2348 2348 I sysui_multi_action: [757,803,799,panel_open,802,1]
02-18 03:06:41.172 2348 2348 I sysui_multi_action: [757,1328,758,4,1326,67,1327,1,1329,0]
02-18 03:06:41.215 1520 6588 I sysui_multi_action: [757,127,758,1]
02-18 03:06:41.216 1520 6588 I sysui_multi_action: [757,804,799,note_load,801,5,802,1]
02-18 03:06:41.216 1520 6588 I notification_panel_revealed: 5
02-18 03:06:41.219 1520 1821 I input_interaction: Interaction with: ae306c3 StatusBar (server), ea4c11d com.android.launcher3/com.android.launcher3.uioverrides.QuickstepLauncher (server), edge-swipe (server), swipe-up (server), PointerEventDispatcher0 (server),
02-18 03:06:41.231 1520 1613 I input_focus: [Focus request 3373de6 NotificationShade,reason=UpdateInputWindows]
02-18 03:06:41.242 1520 6852 I sysui_multi_action: [757,128,758,1,793,7683027,794,0,795,7683027,796,26,798,0,806,android,857,DEVELOPER_IMPORTANT,858,4,947,0,1395,5,1500,7682821,1688,1]
02-18 03:06:41.244 1520 6852 I sysui_multi_action: [757,804,799,note_freshness,801,7683027,802,1]
02-18 03:06:41.244 1520 6852 I notification_visibility: [-1|android|26|null|1000,1,7683027,7683027,0,0]
02-18 03:06:41.245 1520 6852 I sysui_multi_action: [757,128,758,1,793,7791177,794,0,795,223613,796,17303299,797,com.android.wifi,798,3,806,android,857,NETWORK_AVAILABLE,858,2,947,0,1395,5,1500,7120,1688,1]
02-18 03:06:41.245 1520 6852 I sysui_multi_action: [757,1501,758,1,793,7791178,794,1,795,223614,796,17303299,797,com.android.wifi,806,android,857,NETWORK_AVAILABLE,858,2,947,0,1500,0,1688,1]
02-18 03:06:41.245 1520 6852 I sysui_multi_action: [757,804,799,note_interruptive,801,0,802,1]
02-18 03:06:41.245 1520 6852 I sysui_multi_action: [757,804,799,note_freshness,801,223613,802,1]
02-18 03:06:41.246 1520 6852 I notification_visibility: [0|android|17303299|com.android.wifi|1000,1,7791177,223613,0,3]
02-18 03:06:41.246 1520 6852 I sysui_multi_action: [757,128,758,1,793,18785,794,0,795,13789,796,2147483644,798,2,806,com.android.deskclock,857,TimerModelNotification,858,3,947,0,1395,5,1500,13789,1688,1,1745,-868672399]
02-18 03:06:41.246 1520 6852 I sysui_multi_action: [757,804,799,note_freshness,801,13789,802,1]
02-18 03:06:41.247 1520 6852 I notification_visibility: [0|com.android.deskclock|2147483644|null|10064,1,18785,13789,0,2]
02-18 03:06:41.247 1520 6852 I sysui_multi_action: [757,128,758,1,793,9253,794,0,795,9253,796,2147483645,798,1,806,com.android.deskclock,857,TimerModelNotification,858,3,946,2,947,0,1395,5,1500,9052,1641,alarm,1688,1,1745,-868672399]
02-18 03:06:41.247 1520 6852 I sysui_multi_action: [757,804,799,note_freshness,801,9253,802,1]
02-18 03:06:41.247 1520 6852 I notification_visibility: [0|com.android.deskclock|2147483645|null|10064,1,9253,9253,0,1]
02-18 03:06:41.247 1520 6852 I sysui_multi_action: [757,128,758,1,793,7792050,794,0,795,7792050,796,32,798,4,806,android,857,USB,858,1,947,0,1395,5,1500,7791692,1688,1]
02-18 03:06:41.248 1520 6852 I sysui_multi_action: [757,804,799,note_freshness,801,7792050,802,1]
02-18 03:06:41.248 1520 6852 I notification_visibility: [-1|android|32|null|1000,1,7792050,7792050,0,4]
02-18 03:06:41.248 1520 1821 I input_interaction: Interaction with: ea4c11d com.android.launcher3/com.android.launcher3.uioverrides.QuickstepLauncher (server), edge-swipe (server), swipe-up (server), PointerEventDispatcher0 (server),
02-18 03:06:41.251 1520 1821 I input_focus: [Focus leaving ea4c11d com.android.launcher3/com.android.launcher3.uioverrides.QuickstepLauncher (server),reason=setFocusedWindow]
02-18 03:06:41.251 1520 1821 I input_focus: [Focus entering 3373de6 NotificationShade (server),reason=setFocusedWindow]
02-18 03:06:41.342 1520 1613 I input_focus: [Focus request ea4c11d com.android.launcher3/com.android.launcher3.uioverrides.QuickstepLauncher,reason=UpdateInputWindows]
02-18 03:06:41.346 1520 6588 I sysui_multi_action: [757,128,758,2,793,7683131,794,104,795,7683131,796,26,798,0,806,android,857,DEVELOPER_IMPORTANT,858,4,947,0,1395,5,1500,7682925,1688,1]
02-18 03:06:41.347 1520 6588 I notification_visibility: [-1|android|26|null|1000,0,7683131,7683131,0,0]
02-18 03:06:41.347 1520 6588 I sysui_multi_action: [757,128,758,2,793,7791280,794,103,795,223716,796,17303299,797,com.android.wifi,798,3,806,android,857,NETWORK_AVAILABLE,858,2,947,0,1395,5,1500,102,1688,1]
02-18 03:06:41.347 1520 6588 I notification_visibility: [0|android|17303299|com.android.wifi|1000,0,7791280,223716,0,3]
02-18 03:06:41.347 1520 6588 I sysui_multi_action: [757,128,758,2,793,18886,794,101,795,13890,796,2147483644,798,2,806,com.android.deskclock,857,TimerModelNotification,858,3,947,0,1395,5,1500,13890,1688,1,1745,-868672399]
02-18 03:06:41.347 1520 6588 I notification_visibility: [0|com.android.deskclock|2147483644|null|10064,0,18886,13890,0,2]
02-18 03:06:41.347 1520 6588 I sysui_multi_action: [757,128,758,2,793,9353,794,100,795,9353,796,2147483645,798,1,806,com.android.deskclock,857,TimerModelNotification,858,3,946,2,947,0,1395,5,1500,9152,1641,alarm,1688,1,1745,-868672399]
02-18 03:06:41.347 1520 6588 I notification_visibility: [0|com.android.deskclock|2147483645|null|10064,0,9353,9353,0,1]
02-18 03:06:41.348 1520 6588 I sysui_multi_action: [757,128,758,2,793,7792151,794,101,795,7792151,796,32,798,4,806,android,857,USB,858,1,947,0,1395,5,1500,7791793,1688,1]
02-18 03:06:41.348 1520 6588 I notification_visibility: [-1|android|32|null|1000,0,7792151,7792151,0,4]
02-18 03:06:41.348 1520 6852 I sysui_multi_action: [757,127,758,2]
02-18 03:06:41.348 1520 6852 I notification_panel_hidden:
02-18 03:06:41.368 1520 1821 I input_focus: [Focus leaving 3373de6 NotificationShade (server),reason=NO_WINDOW]
02-18 03:06:41.368 1520 1821 I input_focus: [Focus entering ea4c11d com.android.launcher3/com.android.launcher3.uioverrides.QuickstepLauncher (server),reason=setFocusedWindow]
02-18 03:06:41.623 1520 1821 I input_interaction: Interaction with: ea4c11d com.android.launcher3/com.android.launcher3.uioverrides.QuickstepLauncher (server), d73543 com.android.systemui.ImageWallpaper (server), edge-swipe (server), swipe-up (server), PointerEventDispatcher0 (server),
02-18 03:06:41.764 1520 6102 W FreeFormWindowHelper: Current Display FreeFormTask is null
02-18 03:06:41.765 1520 6852 W FreeFormWindowHelper: Current Display FreeFormTask is null
02-18 03:06:41.768 1520 6588 W FreeFormWindowHelper: exitRecentTasks type=0
02-18 03:06:41.995 1520 2286 I GameModeConfig: isGameModeOn = false
02-18 03:06:41.995 1520 2286 I GameModeConfig: isGameModeOn = false
02-18 03:06:41.995 1520 2286 I GameModeConfig: isGameModeOn = false
02-18 03:06:41.995 1520 2286 I GameModeConfig: isGameModeOn = false
02-18 03:06:42.177 1520 2286 I GameModeConfig: isGameModeOn = false
02-18 03:06:42.196 1520 2286 I GameModeConfig: isGameModeOn = false
02-18 03:06:42.597 1520 1821 I input_interaction: Interaction with: ae306c3 StatusBar (server), edge-swipe (server), swipe-up (server), PointerEventDispatcher0 (server),
02-18 03:06:42.601 2348 2348 I sysui_multi_action: [757,803,799,panel_open,802,1]
02-18 03:06:42.604 2348 2348 I sysui_multi_action: [757,1328,758,4,1326,48,1327,2,1329,0]
02-18 03:06:42.652 1520 6102 I sysui_multi_action: [757,127,758,1]
02-18 03:06:42.653 1520 6102 I sysui_multi_action: [757,804,799,note_load,801,5,802,1]
02-18 03:06:42.653 1520 6102 I notification_panel_revealed: 5
02-18 03:06:42.662 1520 1613 I input_focus: [Focus request 3373de6 NotificationShade,reason=UpdateInputWindows]
02-18 03:06:42.674 1520 6588 I sysui_multi_action: [757,128,758,1,793,7684459,794,0,795,7684459,796,26,798,0,806,android,857,DEVELOPER_IMPORTANT,858,4,947,0,1395,5,1500,7684253,1688,1]
02-18 03:06:42.675 1520 6588 I sysui_multi_action: [757,804,799,note_freshness,801,7684459,802,1]
02-18 03:06:42.675 1520 6588 I notification_visibility: [-1|android|26|null|1000,1,7684459,7684459,0,0]
02-18 03:06:42.675 1520 6588 I sysui_multi_action: [757,128,758,1,793,7792608,794,0,795,225044,796,17303299,797,com.android.wifi,798,3,806,android,857,NETWORK_AVAILABLE,858,2,947,0,1395,5,1500,1430,1688,1]
02-18 03:06:42.675 1520 6588 I sysui_multi_action: [757,1501,758,1,793,7792608,794,0,795,225044,796,17303299,797,com.android.wifi,806,android,857,NETWORK_AVAILABLE,858,2,947,0,1500,0,1688,1]
02-18 03:06:42.675 1520 6588 I sysui_multi_action: [757,804,799,note_interruptive,801,0,802,1]
02-18 03:06:42.675 1520 6588 I sysui_multi_action: [757,804,799,note_freshness,801,225044,802,1]
02-18 03:06:42.675 1520 6588 I notification_visibility: [0|android|17303299|com.android.wifi|1000,1,7792608,225044,0,3]
02-18 03:06:42.675 1520 6588 I sysui_multi_action: [757,128,758,1,793,20214,794,0,795,15218,796,2147483644,798,2,806,com.android.deskclock,857,TimerModelNotification,858,3,947,0,1395,5,1500,15218,1688,1,1745,-868672399]
02-18 03:06:42.675 1520 6588 I sysui_multi_action: [757,804,799,note_freshness,801,15218,802,1]
02-18 03:06:42.675 1520 6588 I notification_visibility: [0|com.android.deskclock|2147483644|null|10064,1,20214,15218,0,2]
02-18 03:06:42.676 1520 6588 I sysui_multi_action: [757,128,758,1,793,10682,794,0,795,10682,796,2147483645,798,1,806,com.android.deskclock,857,TimerModelNotification,858,3,946,2,947,0,1395,5,1500,10481,1641,alarm,1688,1,1745,-868672399]
02-18 03:06:42.676 1520 6588 I sysui_multi_action: [757,804,799,note_freshness,801,10682,802,1]
02-18 03:06:42.676 1520 6588 I notification_visibility: [0|com.android.deskclock|2147483645|null|10064,1,10682,10682,0,1]
02-18 03:06:42.676 1520 6588 I sysui_multi_action: [757,128,758,1,793,7793479,794,0,795,7793479,796,32,798,4,806,android,857,USB,858,1,947,0,1395,5,1500,7793121,1688,1]
02-18 03:06:42.676 1520 6588 I sysui_multi_action: [757,804,799,note_freshness,801,7793479,802,1]
02-18 03:06:42.676 1520 6588 I notification_visibility: [-1|android|32|null|1000,1,7793479,7793479,0,4]
02-18 03:06:42.687 2348 2348 I sysui_multi_action: [757,111,758,1]
02-18 03:06:42.687 2348 2348 I sysui_multi_action: [757,126,758,1,759,126,927,0,928,1,1593,0]
02-18 03:06:42.687 2348 2348 I sysui_multi_action: [757,113,758,1,759,113,927,1,928,1,1593,0]
02-18 03:06:42.688 2348 2348 I sysui_multi_action: [757,0,758,1,759,0,927,2,928,0,1593,0]
02-18 03:06:42.688 1520 1821 I input_focus: [Focus leaving ea4c11d com.android.launcher3/com.android.launcher3.uioverrides.QuickstepLauncher (server),reason=setFocusedWindow]
02-18 03:06:42.688 2348 2348 I sysui_multi_action: [757,0,758,1,759,0,927,3,928,0,1593,0]
02-18 03:06:42.688 1520 1821 I input_focus: [Focus entering 3373de6 NotificationShade (server),reason=setFocusedWindow]
02-18 03:06:42.688 2348 2348 I sysui_multi_action: [757,491,758,1,759,491,927,4,928,0,1311,-1,1593,0]
02-18 03:06:42.688 2348 2348 I sysui_multi_action: [757,0,758,1,759,0,927,5,928,0,1593,0]
02-18 03:06:42.688 2348 2348 I sysui_multi_action: [757,111,758,1]
02-18 03:06:42.688 2348 2348 I sysui_multi_action: [757,126,758,1,759,126,927,0,928,1,1593,0]
02-18 03:06:42.689 2348 2348 I sysui_multi_action: [757,113,758,1,759,113,927,1,928,1,1593,0]
02-18 03:06:42.689 2348 2348 I sysui_multi_action: [757,0,758,1,759,0,927,2,928,0,1593,0]
02-18 03:06:42.689 2348 2348 I sysui_multi_action: [757,0,758,1,759,0,927,3,928,0,1593,0]
02-18 03:06:42.691 1520 3839 E TaskPersister: File error accessing recents directory (directory doesn't exist?).
02-18 03:06:43.766 1520 1821 I input_interaction: Interaction with: 3373de6 NotificationShade (server), edge-swipe (server), swipe-up (server), PointerEventDispatcher0 (server),
02-18 03:06:44.594 2348 2348 I sysui_multi_action: [757,332,758,4,796,2147483644,806,com.android.deskclock,857,TimerModelNotification,947,0,1745,-868672399]
02-18 03:06:45.500 2348 2348 I sysui_multi_action: [757,332,758,4,796,2147483645,806,com.android.deskclock,857,TimerModelNotification,946,2,947,0,1641,alarm,1745,-868672399]
01-05 12:05:38.342 0 0 E DTC_ETH,link_delay_work_func: 3003, SQI=0, link=0
02-18 03:06:46.865 2348 2348 I sysui_multi_action: [757,407,758,4,759,1]
02-18 03:06:47.221 1520 1520 I sysui_multi_action: [757,128,758,5,759,8,793,15227,794,4545,795,15227,796,2147483645,806,com.android.deskclock,857,TimerModelNotification,858,3,946,2,947,0,1500,15026,1641,alarm,1688,1,1745,-868672399]
02-18 03:06:47.222 1520 1520 I notification_canceled: [0|com.android.deskclock|2147483645|null|10064,8,15227,15227,4545,-1,-1,NULL]
02-18 03:06:47.228 1520 2286 I GameModeConfig: isGameModeOn = false
02-18 03:06:47.228 1520 2286 I GameModeConfig: isGameModeOn = false
02-18 03:06:47.228 1520 2286 I GameModeConfig: isGameModeOn = false
02-18 03:06:47.228 1520 2286 I GameModeConfig: isGameModeOn = false
02-18 03:06:47.228 1520 2286 I GameModeConfig: isGameModeOn = false
02-18 03:06:47.228 1520 2286 I GameModeConfig: isGameModeOn = false
02-18 03:06:47.229 1520 6588 W ActivityManager: Foreground service started from background can not have location/camera/microphone access: service com.android.deskclock/.timer.TimerService
02-18 03:06:47.234 1520 1520 I notification_enqueue: [10064,14687,com.android.deskclock,2147483644,NULL,0,Notification(channel=TimerModelNotification shortcut=null contentView=com.android.deskclock/0x7f0d0024 vibrate=null sound=null defaults=0x0 flags=0x1c2 color=0xff1a237e actions=1 vis=PRIVATE),1]
02-18 03:06:47.243 1520 1618 I am_pss : [14687,10064,com.android.deskclock,36653056,30515200,0,154697728,0,4,9]
02-18 03:06:47.313 1520 2286 I GameModeConfig: isGameModeOn = false
02-18 03:06:47.314 1520 2286 I GameModeConfig: isGameModeOn = false
02-18 03:06:47.436 1520 1520 I GameModeConfig: isGameModeOn = false
02-18 03:06:47.517 1520 2286 I GameModeConfig: isGameModeOn = false
02-18 03:06:47.918 1520 2748 I sysui_multi_action: [757,128,758,3,793,25457,794,5243,795,687,796,2147483644,806,com.android.deskclock,857,TimerModelNotification,858,3,947,0,1500,687,1688,1,1745,-868672399]
02-18 03:06:48.671 2348 2348 I sysui_multi_action: [757,407,758,4,759,1]
02-18 03:06:50.246 1520 6588 I ActivityTaskManager: START u0 {cmp=com.android.deskclock/.timer.ExpiredTimersActivity} from uid 10064
02-18 03:06:50.247 1520 6588 W ActivityTaskManager: startActivity called from non-Activity context; forcing Intent.FLAG_ACTIVITY_NEW_TASK for: Intent { flg=0x800000 cmp=com.android.deskclock/.timer.ExpiredTimersActivity }
02-18 03:06:50.248 1520 6588 I wm_task_created: [90,-1]
02-18 03:06:50.248 1520 6588 W ActivityTaskManager: Can't find TaskDisplayArea to determine support for multi window. Task id=90 attached=false
02-18 03:06:50.251 1520 6588 I wm_task_moved: [90,1,6]
02-18 03:06:50.251 1520 6588 I wm_task_to_front: [0,90]
02-18 03:06:50.251 1520 6588 I wm_create_task: [0,90]
02-18 03:06:50.251 1520 6588 I wm_create_activity: [0,266973645,90,com.android.deskclock/.timer.ExpiredTimersActivity,NULL,NULL,NULL,276824064]
02-18 03:06:50.251 1520 6588 I wm_task_moved: [90,1,6]
02-18 03:06:50.251 2828 2828 I wm_on_top_resumed_lost_called: [58637558,com.android.launcher3.uioverrides.QuickstepLauncher,topStateChangedWhenResumed]
02-18 03:06:50.252 1520 6588 I wm_pause_activity: [0,58637558,com.android.launcher3/.uioverrides.QuickstepLauncher,userLeaving=true,pauseBackTasks]
02-18 03:06:50.254 2828 2828 I wm_on_paused_called: [58637558,com.android.launcher3.uioverrides.QuickstepLauncher,performPause]
