02-18 03:05:14.126 14100 14100 I wm_on_top_resumed_lost_called: [23698237,com.android.deskclock.DeskClock,topStateChangedWhenResumed]
02-18 03:05:14.126 1520 9451 I wm_set_resumed_activity: [0,com.android.launcher3/.uioverrides.QuickstepLauncher,RecentsAnimation.onAnimationFinished()]
02-18 03:05:14.127 1520 9451 I wm_pause_activity: [0,23698237,com.android.deskclock/.DeskClock,userLeaving=true,pauseBackTasks]
02-18 03:05:14.128 1520 9451 I wm_add_to_stopping: [0,23698237,com.android.deskclock/.DeskClock,makeInvisible]
02-18 03:05:14.128 1520 9451 I ActivityTaskManager: FOREGROUND_APPLICATION_CHANGED to com.android.launcher3.uioverrides.QuickstepLauncher
02-18 03:05:14.128 1520 9451 I wm_set_resumed_activity: [0,com.android.launcher3/.uioverrides.QuickstepLauncher,resumeTopActivityInnerLocked]
02-18 03:05:14.129 1520 9451 I wm_resume_activity: [0,58637558,11,com.android.launcher3/.uioverrides.QuickstepLauncher]
02-18 03:05:14.130 2828 2828 I wm_on_resume_called: [58637558,com.android.launcher3.uioverrides.QuickstepLauncher,RESUME_ACTIVITY]
02-18 03:05:14.135 2828 2828 I wm_on_top_resumed_gained_called: [58637558,com.android.launcher3.uioverrides.QuickstepLauncher,topStateChangedWhenResumed]
02-18 03:05:14.137 14100 14100 I wm_on_paused_called: [23698237,com.android.deskclock.DeskClock,performPause]
02-18 03:05:14.142 1520 1612 I wm_stop_activity: [0,23698237,com.android.deskclock/.DeskClock]
02-18 03:05:14.144 1520 1612 I sysui_multi_action: [757,803,799,window_time_0,802,2]
02-18 03:05:14.145 1520 1612 I sysui_multi_action: [757,803,799,window_time_0,802,0]
02-18 03:05:14.163 14100 14100 I wm_on_stop_called: [23698237,com.android.deskclock.DeskClock,STOP_ACTIVITY_ITEM]
02-18 03:05:14.181 2537 4260 W ContextImpl: Calling a method in the system process without a qualified user: android.app.ContextImpl.startService:1816 android.content.ContextWrapper.startService:774 com.thundercomm.gamemode.ingame.services.GameModeActionUtils.startGameModeService:111 com.thundercomm.gamemode.ingame.services.GameModeActionUtils.startGameModeEntry:22 com.thundercomm.gamemode.ingame.services.ActivityMonitoringService$1.onActivityLaunch:139
02-18 03:05:14.183 1520 1520 I GameModeConfig: Current uri is uri = content://com.thundercomm.gamemode.api/gamemode_settings/gamemode_isgaming
02-18 03:05:14.185 1520 1520 I GameModeConfig: isGameModeOn = false
02-18 03:05:14.185 1520 1520 I GameModeConfig: isGameModeOn = false
02-18 03:05:14.185 1520 1520 I GameModeConfig: isDisableVoice = true
02-18 03:05:14.238 1520 2746 W FreeFormWindowHelper: Current Display FreeFormTask is null
02-18 03:05:14.240 2537 4260 W ContextImpl: Calling a method in the system process without a qualified user: android.app.ContextImpl.startService:1816 android.content.ContextWrapper.startService:774 com.thundercomm.gamemode.ingame.services.GameModeActionUtils.startGameModeService:111 com.thundercomm.gamemode.ingame.services.GameModeActionUtils.startGameModeEntry:22 com.thundercomm.gamemode.ingame.services.ActivityMonitoringService$1.onActivityLaunch:139
02-18 03:05:14.242 1520 1520 I GameModeConfig: Current uri is uri = content://com.thundercomm.gamemode.api/gamemode_settings/gamemode_isgaming
02-18 03:05:14.245 1520 1520 I GameModeConfig: isGameModeOn = false
02-18 03:05:14.245 1520 1520 I GameModeConfig: isGameModeOn = false
02-18 03:05:14.245 1520 1520 I GameModeConfig: isDisableVoice = true
02-18 03:05:16.105 1520 1821 I input_interaction: Interaction with: 3373de6 NotificationShade (server), edge-swipe (server), swipe-up (server), PointerEventDispatcher0 (server),
02-18 03:05:16.231 2348 2348 I sysui_multi_action: [757,407,758,4,759,1]
02-18 03:05:16.380 1520 1602 I sysui_multi_action: [757,128,758,3,793,21650,794,2533,795,5203,796,2147483644,806,com.android.deskclock,857,TimerModelNotification,858,3,947,0,1500,5203,1688,1,1745,-868672399]
02-18 03:05:17.803 1520 1602 I ActivityTaskManager: START u0 {cmp=com.android.deskclock/.timer.ExpiredTimersActivity} from uid 10064
02-18 03:05:17.804 1520 1602 W ActivityTaskManager: startActivity called from non-Activity context; forcing Intent.FLAG_ACTIVITY_NEW_TASK for: Intent { flg=0x800000 cmp=com.android.deskclock/.timer.ExpiredTimersActivity }
02-18 03:05:17.804 1520 1602 I wm_task_created: [86,-1]
02-18 03:05:17.804 1520 1602 W ActivityTaskManager: Can't find TaskDisplayArea to determine support for multi window. Task id=86 attached=false
02-18 03:05:17.807 1520 1602 I wm_task_moved: [86,1,7]
02-18 03:05:17.807 1520 1602 I wm_task_to_front: [0,86]
02-18 03:05:17.807 1520 1602 I wm_create_task: [0,86]
02-18 03:05:17.807 1520 1602 I wm_create_activity: [0,194707108,86,com.android.deskclock/.timer.ExpiredTimersActivity,NULL,NULL,NULL,276824064]
02-18 03:05:17.807 1520 1602 I wm_task_moved: [86,1,7]
02-18 03:05:17.807 2828 2828 I wm_on_top_resumed_lost_called: [58637558,com.android.launcher3.uioverrides.QuickstepLauncher,topStateChangedWhenResumed]
02-18 03:05:17.808 1520 1602 I wm_pause_activity: [0,58637558,com.android.launcher3/.uioverrides.QuickstepLauncher,userLeaving=true,pauseBackTasks]
02-18 03:05:17.810 1520 1602 I sysui_multi_action: [757,128,758,4,793,23081,794,3964,795,6634,796,2147483644,798,0,806,com.android.deskclock,857,TimerModelNotification,858,3,947,0,1395,4,1500,6634,1688,1,1745,-868672399]
02-18 03:05:17.810 1520 1602 I notification_clicked: [0|com.android.deskclock|2147483644|null|10064,23081,6634,3964,0,4]
02-18 03:05:17.810 2828 2828 I wm_on_paused_called: [58637558,com.android.launcher3.uioverrides.QuickstepLauncher,performPause]
02-18 03:05:17.811 1520 1520 I sysui_multi_action: [757,804,799,note_click_longevity,801,0,802,1]
02-18 03:05:17.811 1520 2746 I ActivityTaskManager: FOREGROUND_APPLICATION_CHANGED to com.android.deskclock.timer.ExpiredTimersActivity
02-18 03:05:17.813 1520 2746 I ActivityTaskManager: The Process com.android.deskclock Already Exists in BG. So sending its PID: 14100
02-18 03:05:17.813 1520 2746 W ActivityTaskManager: Tried to set launchTime (0) < mLastActivityLaunchTime (7589904)
02-18 03:05:17.813 1520 2746 I wm_add_to_stopping: [0,58637558,com.android.launcher3/.uioverrides.QuickstepLauncher,makeInvisible]
02-18 03:05:17.814 1520 2746 I wm_restart_activity: [0,194707108,86,com.android.deskclock/.timer.ExpiredTimersActivity]
02-18 03:05:17.814 1520 2746 I wm_set_resumed_activity: [0,com.android.deskclock/.timer.ExpiredTimersActivity,minimalResumeActivityLocked]
02-18 03:05:17.817 1520 1612 I sysui_multi_action: [757,803,799,window_time_0,802,4]
02-18 03:05:17.820 2537 4260 W ContextImpl: Calling a method in the system process without a qualified user: android.app.ContextImpl.startService:1816 android.content.ContextWrapper.startService:774 com.thundercomm.gamemode.ingame.services.GameModeActionUtils.startGameModeService:111 com.thundercomm.gamemode.ingame.services.GameModeActionUtils.startGameModeEntry:22 com.thundercomm.gamemode.ingame.services.ActivityMonitoringService$1.onActivityLaunch:139
02-18 03:05:17.822 1520 1520 I GameModeConfig: Current uri is uri = content://com.thundercomm.gamemode.api/gamemode_settings/gamemode_isgaming
02-18 03:05:17.823 1520 1520 I GameModeConfig: isGameModeOn = false
02-18 03:05:17.823 1520 1520 I GameModeConfig: isGameModeOn = false
02-18 03:05:17.823 1520 1520 I GameModeConfig: isDisableVoice = true
02-18 03:05:17.826 14100 14100 I wm_on_create_called: [194707108,com.android.deskclock.timer.ExpiredTimersActivity,performCreate]
02-18 03:05:17.827 14100 14100 I wm_on_start_called: [194707108,com.android.deskclock.timer.ExpiredTimersActivity,handleStartActivity]
02-18 03:05:17.827 14100 14100 I wm_on_resume_called: [194707108,com.android.deskclock.timer.ExpiredTimersActivity,RESUME_ACTIVITY]
02-18 03:05:17.829 14100 14100 I wm_on_top_resumed_gained_called: [194707108,com.android.deskclock.timer.ExpiredTimersActivity,topStateChangedWhenResumed]
02-18 03:05:17.842 1520 1608 I sysui_multi_action: [319,38,322,36,325,7731,757,761,758,8,759,2,806,com.android.deskclock,871,com.android.deskclock.timer.ExpiredTimersActivity,904,com.android.deskclock,905,0,1320,4,1321,1]
02-18 03:05:17.842 1520 1608 I wm_activity_launch_time: [0,194707108,com.android.deskclock/.timer.ExpiredTimersActivity,36]
02-18 03:05:17.848 1520 1613 I input_focus: [Focus request 34d37c5 com.android.deskclock/com.android.deskclock.timer.ExpiredTimersActivity,reason=UpdateInputWindows]
02-18 03:05:17.865 1520 1821 I input_focus: [Focus leaving 3373de6 NotificationShade (server),reason=NOT_FOCUSABLE]
02-18 03:05:17.865 1520 1821 I input_focus: [Focus entering 34d37c5 com.android.deskclock/com.android.deskclock.timer.ExpiredTimersActivity (server),reason=setFocusedWindow]
02-18 03:05:17.916 1520 2746 W FreeFormWindowHelper: Current Display FreeFormTask is null
02-18 03:05:17.918 2537 4260 W ContextImpl: Calling a method in the system process without a qualified user: android.app.ContextImpl.startService:1816 android.content.ContextWrapper.startService:774 com.thundercomm.gamemode.ingame.services.GameModeActionUtils.startGameModeService:111 com.thundercomm.gamemode.ingame.services.GameModeActionUtils.startGameModeEntry:22 com.thundercomm.gamemode.ingame.services.ActivityMonitoringService$1.onActivityLaunch:139
02-18 03:05:17.919 1520 1520 I GameModeConfig: Current uri is uri = content://com.thundercomm.gamemode.api/gamemode_settings/gamemode_isgaming
02-18 03:05:17.920 1520 1520 I GameModeConfig: isGameModeOn = false
02-18 03:05:17.920 1520 1520 I GameModeConfig: isGameModeOn = false
02-18 03:05:17.920 1520 1520 I GameModeConfig: isDisableVoice = true
02-18 03:05:18.003 1520 2286 I GameModeConfig: isGameModeOn = false
02-18 03:05:18.147 1520 2286 I GameModeConfig: isGameModeOn = false
02-18 03:05:18.147 1520 2286 I GameModeConfig: isGameModeOn = false
02-18 03:05:18.147 1520 2286 I GameModeConfig: isGameModeOn = false
02-18 03:05:18.147 1520 2286 I GameModeConfig: isGameModeOn = false
02-18 03:05:18.147 1520 2286 I GameModeConfig: isGameModeOn = false
02-18 03:05:18.147 1520 2286 I GameModeConfig: isGameModeOn = false
02-18 03:05:18.147 1520 1520 I notification_enqueue: [10079,2348,com.android.systemui,2048,NULL,0,Notification(channel=updateNotification shortcut=null contentView=null vibrate=null sound=null defaults=0x0 flags=0x0 color=0x00000000 vis=PRIVATE),1]
02-18 03:05:18.148 2348 2348 I sysui_multi_action: [757,111,758,2]
02-18 03:05:18.148 2348 2348 I sysui_multi_action: [757,111,758,2]
02-18 03:05:18.349 1520 1520 I GameModeConfig: isGameModeOn = false
02-18 03:05:18.359 1520 2746 I sysui_multi_action: [757,128,758,2,793,7600144,794,4517,795,7600144,796,26,798,0,806,android,857,DEVELOPER_IMPORTANT,858,4,947,0,1395,4,1500,7599938,1688,1]
02-18 03:05:18.359 1520 2746 I notification_visibility: [-1|android|26|null|1000,0,7600144,7600144,0,0]
02-18 03:05:18.359 1520 2746 I sysui_multi_action: [757,128,758,2,793,7708292,794,4516,795,140728,796,17303299,797,com.android.wifi,798,2,806,android,857,NETWORK_AVAILABLE,858,2,947,0,1395,4,1500,4514,1688,1]
02-18 03:05:18.359 1520 2746 I notification_visibility: [0|android|17303299|com.android.wifi|1000,0,7708292,140728,0,2]
02-18 03:05:18.359 1520 2746 I sysui_multi_action: [757,128,758,2,793,23630,794,4513,795,7183,796,2147483644,798,1,806,com.android.deskclock,857,TimerModelNotification,858,3,947,0,1395,4,1500,7183,1688,1,1745,-868672399]
02-18 03:05:18.359 1520 2746 I notification_visibility: [0|com.android.deskclock|2147483644|null|10064,0,23630,7183,0,1]
02-18 03:05:18.360 1520 2746 I sysui_multi_action: [757,128,758,2,793,7709163,794,4513,795,7709163,796,32,798,3,806,android,857,USB,858,1,947,0,1395,4,1500,7708805,1688,1]
02-18 03:05:18.360 1520 2746 I notification_visibility: [-1|android|32|null|1000,0,7709163,7709163,0,3]
02-18 03:05:18.360 1520 2746 I sysui_multi_action: [757,127,758,2]
02-18 03:05:18.360 1520 2746 I notification_panel_hidden:
02-18 03:05:18.364 1520 1612 I wm_stop_activity: [0,58637558,com.android.launcher3/.uioverrides.QuickstepLauncher]
02-18 03:05:18.384 2828 2828 I wm_on_stop_called: [58637558,com.android.launcher3.uioverrides.QuickstepLauncher,STOP_ACTIVITY_ITEM]
02-18 03:05:18.401 2537 4260 W ContextImpl: Calling a method in the system process without a qualified user: android.app.ContextImpl.startService:1816 android.content.ContextWrapper.startService:774 com.thundercomm.gamemode.ingame.services.GameModeActionUtils.startGameModeService:111 com.thundercomm.gamemode.ingame.services.GameModeActionUtils.startGameModeEntry:22 com.thundercomm.gamemode.ingame.services.ActivityMonitoringService$1.onActivityLaunch:139
02-18 03:05:18.402 1520 1520 I GameModeConfig: Current uri is uri = content://com.thundercomm.gamemode.api/gamemode_settings/gamemode_isgaming
02-18 03:05:18.403 1520 1520 I GameModeConfig: isGameModeOn = false
02-18 03:05:18.403 1520 1520 I GameModeConfig: isGameModeOn = false
02-18 03:05:18.403 1520 1520 I GameModeConfig: isDisableVoice = true
01-05 12:04:11.298 0 0 E DTC_ETH,link_delay_work_func: 3003, SQI=0, link=0
02-18 03:05:18.717 1520 1821 I input_interaction: Interaction with: 34d37c5 com.android.deskclock/com.android.deskclock.timer.ExpiredTimersActivity (server), edge-swipe (server), swipe-up (server), PointerEventDispatcher0 (server),
02-18 03:05:18.719 1520 2746 W FreeFormWindowHelper: Current Display FreeFormTask is null
02-18 03:05:18.719 1520 2746 W FreeFormWindowHelper: Current Display FreeFormTask is null
02-18 03:05:18.720 1520 9451 W FreeFormWindowHelper: Current Display FreeFormTask is null
02-18 03:05:18.720 1520 2746 I wm_task_moved: [1,0,0]
02-18 03:05:18.721 1520 2746 I wm_task_moved: [1,0,6]
02-18 03:05:18.726 2537 4260 W ContextImpl: Calling a method in the system process without a qualified user: android.app.ContextImpl.startService:1816 android.content.ContextWrapper.startService:774 com.thundercomm.gamemode.ingame.services.GameModeActionUtils.startGameModeService:111 com.thundercomm.gamemode.ingame.services.GameModeActionUtils.startGameModeEntry:22 com.thundercomm.gamemode.ingame.services.ActivityMonitoringService$1.onActivityLaunch:139
02-18 03:05:18.727 1520 1520 I GameModeConfig: Current uri is uri = content://com.thundercomm.gamemode.api/gamemode_settings/gamemode_isgaming
02-18 03:05:18.727 1520 1520 I GameModeConfig: isGameModeOn = false
02-18 03:05:18.728 1520 1520 I GameModeConfig: isGameModeOn = false
02-18 03:05:18.728 1520 1520 I GameModeConfig: isDisableVoice = true
02-18 03:05:18.729 2828 2828 I wm_on_restart_called: [58637558,com.android.launcher3.uioverrides.QuickstepLauncher,performRestartActivity]
02-18 03:05:18.729 1520 1602 W FreeFormWindowHelper: Current Display FreeFormTask is null
02-18 03:05:18.730 1520 9451 W FreeFormWindowHelper: Current Display FreeFormTask is null
02-18 03:05:18.742 2828 2828 I wm_on_start_called: [58637558,com.android.launcher3.uioverrides.QuickstepLauncher,handleStartActivity]
02-18 03:05:18.744 1520 1602 W ActivityTaskManager: getTaskSnapshot: taskId=1086 not found
02-18 03:05:18.745 1520 1602 W ActivityTaskManager: getTaskSnapshot: taskId=2086 not found
02-18 03:05:18.746 1520 1602 W ActivityTaskManager: getTaskSnapshot: taskId=3086 not found
02-18 03:05:18.746 1520 1602 W ActivityTaskManager: getTaskSnapshot: taskId=4086 not found
02-18 03:05:18.752 1520 1602 W FreeFormWindowHelper: Current Display FreeFormTask is null
02-18 03:05:18.752 1520 9451 W FreeFormWindowHelper: Current Display FreeFormTask is null
02-18 03:05:18.752 1520 1602 W ActivityTaskManager: getTaskSnapshot: taskId=1086 not found
02-18 03:05:18.752 1520 1602 W ActivityTaskManager: getTaskSnapshot: taskId=2086 not found
02-18 03:05:18.752 1520 1602 W ActivityTaskManager: getTaskSnapshot: taskId=3086 not found
02-18 03:05:18.752 1520 1602 W ActivityTaskManager: getTaskSnapshot: taskId=4086 not found
02-18 03:05:18.756 1520 1608 I sysui_multi_action: [319,3,322,34,325,7732,757,761,758,9,759,5,806,com.android.launcher3,871,com.android.launcher3.uioverrides.QuickstepLauncher,905,0,1320,4,1321,1]
02-18 03:05:18.757 14100 14100 I view_enqueue_input_event: [Motion - Cancel,com.android.deskclock/com.android.deskclock.timer.ExpiredTimersActivity]
02-18 03:05:18.758 2828 2828 I sysui_latency: [1,36]
02-18 03:05:18.758 1520 1613 I input_focus: [Focus request recents_animation_input_consumer,reason=UpdateInputWindows]
02-18 03:05:18.764 1520 6829 W FreeFormWindowHelper: Current Display FreeFormTask is null
02-18 03:05:18.764 1520 6829 W FreeFormWindowHelper: Current Display FreeFormTask is null
02-18 03:05:18.765 1520 6829 W FreeFormWindowHelper: Current Display FreeFormTask is null
02-18 03:05:18.767 1520 6829 W ActivityTaskManager: getTaskSnapshot: taskId=1086 not found
02-18 03:05:18.770 1520 1821 I input_interaction: Interaction with: edge-swipe (server), swipe-up (server), PointerEventDispatcher0 (server),
02-18 03:05:18.781 1520 6101 W FreeFormWindowHelper: Current Display FreeFormTask is null
02-18 03:05:18.781 1520 6101 W FreeFormWindowHelper: Current Display FreeFormTask is null
02-18 03:05:18.783 1520 1821 I input_focus: [Focus leaving 34d37c5 com.android.deskclock/com.android.deskclock.timer.ExpiredTimersActivity (server),reason=NOT_FOCUSABLE]
02-18 03:05:18.783 1520 1821 I input_focus: [Focus entering recents_animation_input_consumer (server),reason=setFocusedWindow]
02-18 03:05:18.798 1520 6829 W FreeFormWindowHelper: Current Display FreeFormTask is null
02-18 03:05:18.798 1520 6829 W FreeFormWindowHelper: Current Display FreeFormTask is null
02-18 03:05:18.842 1520 2286 I GameModeConfig: isGameModeOn = false
02-18 03:05:18.942 1520 1768 I commit_sys_config_file: [settings-1-0,1]
02-18 03:05:19.056 1520 1618 I sysui_latency: [8,37]
02-18 03:05:19.334 1520 1602 I wm_task_moved: [1,0,6]
02-18 03:05:19.335 1520 1602 I wm_add_to_stopping: [0,58637558,com.android.launcher3/.uioverrides.QuickstepLauncher,makeInvisible]
02-18 03:05:19.336 1520 6101 W FreeFormWindowHelper: Current Display FreeFormTask is null
02-18 03:05:19.336 1520 6101 W FreeFormWindowHelper: Current Display FreeFormTask is null
02-18 03:05:19.338 1520 1613 I input_focus: [Focus request 34d37c5 com.android.deskclock/com.android.deskclock.timer.ExpiredTimersActivity,reason=UpdateInputWindows]
02-18 03:05:19.338 1520 9451 W FreeFormWindowHelper: Current Display FreeFormTask is null
02-18 03:05:19.338 1520 1612 I wm_stop_activity: [0,58637558,com.android.launcher3/.uioverrides.QuickstepLauncher]
02-18 03:05:19.338 1520 2751 W FreeFormWindowHelper: Current Display FreeFormTask is null
02-18 03:05:19.352 1520 6829 W FreeFormWindowHelper: Current Display FreeFormTask is null
02-18 03:05:19.352 1520 6829 W FreeFormWindowHelper: Current Display FreeFormTask is null
02-18 03:05:19.353 1520 6829 W FreeFormWindowHelper: exitRecentTasks type=0
02-18 03:05:19.355 2828 2828 I wm_on_stop_called: [58637558,com.android.launcher3.uioverrides.QuickstepLauncher,STOP_ACTIVITY_ITEM]
02-18 03:05:19.367 1520 1821 I input_focus: [Focus leaving recents_animation_input_consumer (server),reason=NOT_VISIBLE]
02-18 03:05:19.367 1520 1821 I input_focus: [Focus entering 34d37c5 com.android.deskclock/com.android.deskclock.timer.ExpiredTimersActivity (server),reason=setFocusedWindow]
02-18 03:05:19.367 1520 1618 W UsageStatsService: Unexpected activity event reported! (com.android.launcher3/com.android.launcher3.uioverrides.QuickstepLauncher event : 23 instanceId : 120829467)
02-18 03:05:19.369 2537 4260 W ContextImpl: Calling a method in the system process without a qualified user: android.app.ContextImpl.startService:1816 android.content.ContextWrapper.startService:774 com.thundercomm.gamemode.ingame.services.GameModeActionUtils.startGameModeService:111 com.thundercomm.gamemode.ingame.services.GameModeActionUtils.startGameModeEntry:22 com.thundercomm.gamemode.ingame.services.ActivityMonitoringService$1.onActivityLaunch:139
02-18 03:05:19.370 1520 1520 I GameModeConfig: Current uri is uri = content://com.thundercomm.gamemode.api/gamemode_settings/gamemode_isgaming
02-18 03:05:19.371 1520 1520 I GameModeConfig: isGameModeOn = false
02-18 03:05:19.371 1520 1520 I GameModeConfig: isGameModeOn = false
02-18 03:05:19.371 1520 1520 I GameModeConfig: isDisableVoice = true
02-18 03:05:19.555 1520 1768 I commit_sys_config_file: [settings-1-0,1]
02-18 03:05:19.973 1520 1821 I input_interaction: Interaction with: 34d37c5 com.android.deskclock/com.android.deskclock.timer.ExpiredTimersActivity (server), edge-swipe (server), swipe-up (server), PointerEventDispatcher0 (server),
02-18 03:05:20.243 1520 2286 I GameModeConfig: isGameModeOn = false
02-18 03:05:20.447 1520 2286 I GameModeConfig: isGameModeOn = false
02-18 03:05:21.179 1520 2286 I GameModeConfig: isGameModeOn = false
02-18 03:05:21.380 1520 2286 I GameModeConfig: isGameModeOn = false
02-18 03:05:22.358 1520 2286 I GameModeConfig: isGameModeOn = false
02-18 03:05:22.362 1520 2286 I GameModeConfig: isGameModeOn = false
02-18 03:05:22.362 1520 2286 I GameModeConfig: isGameModeOn = false
02-18 03:05:22.362 1520 2286 I GameModeConfig: isGameModeOn = false
02-18 03:05:22.362 1520 2286 I GameModeConfig: isGameModeOn = false
02-18 03:05:22.362 1520 2286 I GameModeConfig: isGameModeOn = false
02-18 03:05:22.366 1520 1520 I notification_enqueue: [10064,14100,com.android.deskclock,2147483645,NULL,0,Notification(channel=TimerModelNotification shortcut=null contentView=com.android.deskclock/0x7f0d0024 vibrate=null sound=null defaults=0x0 flags=0x102 color=0xff1a237e category=alarm groupKey=2 sortKey=0 actions=2 vis=PUBLIC),0]
02-18 03:05:22.369 1520 2286 I GameModeConfig: isGameModeOn = false
02-18 03:05:22.369 1520 2286 I GameModeConfig: isGameModeOn = false
02-18 03:05:22.369 1520 2286 I GameModeConfig: isGameModeOn = false
02-18 03:05:22.369 1520 2286 I GameModeConfig: isGameModeOn = false
02-18 03:05:22.369 1520 2286 I GameModeConfig: isGameModeOn = false
02-18 03:05:22.369 1520 2286 I GameModeConfig: isGameModeOn = false
02-18 03:05:22.371 1520 1520 I notification_enqueue: [10064,14100,com.android.deskclock,2147483644,NULL,0,Notification(channel=TimerModelNotification shortcut=null contentView=com.android.deskclock/0x7f0d0024 vibrate=null sound=null defaults=0x0 flags=0x1c2 color=0xff1a237e actions=2 vis=PRIVATE),1]
02-18 03:05:22.567 1520 1520 I sysui_multi_action: [757,1501,758,1,793,208,794,0,795,208,796,2147483645,806,com.android.deskclock,857,TimerModelNotification,858,3,946,2,947,0,1500,0,1641,alarm,1688,1,1745,-868672399]
02-18 03:05:22.568 1520 1520 I sysui_multi_action: [757,804,799,note_interruptive,801,0,802,1]
02-18 03:05:22.568 1520 1520 I GameModeConfig: isGameModeOn = false
02-18 03:05:22.572 1520 1520 W NotificationHistory: Attempted to add notif for locked/gone/disabled user 0
02-18 03:05:22.574 1520 1520 I GameModeConfig: isGameModeOn = false
02-18 03:05:22.576 1520 1520 E NotificationService: Muting recently noisy 0|com.android.deskclock|2147483644|null|10064
01-05 12:04:16.418 0 0 E DTC_ETH,link_delay_work_func: 3003, SQI=0, link=0
02-18 03:05:24.369 1520 2751 I wm_finish_activity: [0,194707108,86,com.android.deskclock/.timer.ExpiredTimersActivity,app-request]
02-18 03:05:24.370 1520 2751 I wm_task_moved: [1,1,7]
02-18 03:05:24.371 1520 2751 I wm_task_moved: [11,1,2147483647]
02-18 03:05:24.371 1520 2751 I wm_task_to_front: [0,11]
02-18 03:05:24.371 1520 2751 I wm_focused_root_task: [0,0,1,86,finish-top adjustFocusToNextFocusableTask]
02-18 03:05:24.372 1520 2751 I wm_set_resumed_activity: [0,com.android.launcher3/.uioverrides.QuickstepLauncher,finish-top adjustFocusToNextFocusableTask]
02-18 03:05:24.383 1520 2751 I wm_pause_activity: [0,194707108,com.android.deskclock/.timer.ExpiredTimersActivity,userLeaving=false,finish]
02-18 03:05:24.391 1520 2286 I GameModeConfig: isGameModeOn = false
02-18 03:05:24.392 1520 2286 I GameModeConfig: isGameModeOn = false
02-18 03:05:24.392 1520 2286 I GameModeConfig: isGameModeOn = false
02-18 03:05:24.392 1520 2286 I GameModeConfig: isGameModeOn = false
02-18 03:05:24.393 1520 2286 I GameModeConfig: isGameModeOn = false
02-18 03:05:24.393 1520 2286 I GameModeConfig: isGameModeOn = false
02-18 03:05:24.393 1520 2286 I GameModeConfig: isGameModeOn = false
02-18 03:05:24.394 1520 1520 I notification_enqueue: [10064,14100,com.android.deskclock,2147483645,NULL,0,Notification(channel=TimerModelNotification shortcut=null contentView=com.android.deskclock/0x7f0d0024 vibrate=null sound=null defaults=0x0 flags=0x102 color=0xff1a237e category=alarm groupKey=2 sortKey=0 actions=1 vis=PUBLIC),1]
02-18 03:05:24.401 14100 14100 I wm_on_top_resumed_lost_called: [194707108,com.android.deskclock.timer.ExpiredTimersActivity,topStateChangedWhenResumed]
02-18 03:05:24.403 14100 14100 I wm_on_paused_called: [194707108,com.android.deskclock.timer.ExpiredTimersActivity,performPause]
02-18 03:05:24.404 1520 1520 I sysui_multi_action: [757,128,758,5,759,8,793,29674,794,10557,795,2033,796,2147483644,806,com.android.deskclock,857,TimerModelNotification,858,3,947,0,1500,2033,1688,1,1745,-868672399]
02-18 03:05:24.404 1520 6101 I wm_add_to_stopping: [0,194707108,com.android.deskclock/.timer.ExpiredTimersActivity,completeFinishing]
02-18 03:05:24.404 1520 6101 I ActivityTaskManager: FOREGROUND_APPLICATION_CHANGED to com.android.launcher3.uioverrides.QuickstepLauncher
02-18 03:05:24.406 1520 6101 I wm_set_resumed_activity: [0,com.android.launcher3/.uioverrides.QuickstepLauncher,resumeTopActivityInnerLocked]
02-18 03:05:24.408 1520 6101 I wm_resume_activity: [0,58637558,11,com.android.launcher3/.uioverrides.QuickstepLauncher]
02-18 03:05:24.411 2828 2828 I wm_on_restart_called: [58637558,com.android.launcher3.uioverrides.QuickstepLauncher,performRestartActivity]
02-18 03:05:24.411 1520 1520 I notification_canceled: [0|com.android.deskclock|2147483644|null|10064,8,29674,2033,10557,-1,-1,NULL]
02-18 03:05:24.411 2828 2828 I wm_on_start_called: [58637558,com.android.launcher3.uioverrides.QuickstepLauncher,handleStartActivity]
02-18 03:05:24.412 2828 2828 I wm_on_resume_called: [58637558,com.android.launcher3.uioverrides.QuickstepLauncher,RESUME_ACTIVITY]
02-18 03:05:24.412 2828 2828 I wm_on_top_resumed_gained_called: [58637558,com.android.launcher3.uioverrides.QuickstepLauncher,topWhenResuming]
02-18 03:05:24.412 1520 1612 I sysui_multi_action: [757,803,799,window_time_0,802,6]
02-18 03:05:24.413 1520 1821 I input_focus: [Focus leaving 34d37c5 com.android.deskclock/com.android.deskclock.timer.ExpiredTimersActivity (server),reason=NO_WINDOW]
02-18 03:05:24.420 2537 4260 W ContextImpl: Calling a method in the system process without a qualified user: android.app.ContextImpl.startService:1816 android.content.ContextWrapper.startService:774 com.thundercomm.gamemode.ingame.services.GameModeActionUtils.startGameModeService:111 com.thundercomm.gamemode.ingame.services.GameModeActionUtils.startGameModeEntry:22 com.thundercomm.gamemode.ingame.services.ActivityMonitoringService$1.onActivityLaunch:139
02-18 03:05:24.424 1520 1520 I GameModeConfig: Current uri is uri = content://com.thundercomm.gamemode.api/gamemode_settings/gamemode_isgaming
02-18 03:05:24.425 1520 1520 I GameModeConfig: isGameModeOn = false
02-18 03:05:24.425 1520 1520 I GameModeConfig: isGameModeOn = false
02-18 03:05:24.425 1520 1520 I GameModeConfig: isDisableVoice = true
02-18 03:05:24.437 1520 1613 I input_focus: [Focus request ea4c11d com.android.launcher3/com.android.launcher3.uioverrides.QuickstepLauncher,reason=UpdateInputWindows]
02-18 03:05:24.439 1520 9451 W FreeFormWindowHelper: Current Display FreeFormTask is null
02-18 03:05:24.439 1520 6101 W FreeFormWindowHelper: Current Display FreeFormTask is null
02-18 03:05:24.465 1520 1821 I input_focus: [Focus entering ea4c11d com.android.launcher3/com.android.launcher3.uioverrides.QuickstepLauncher (server),reason=Window became focusable. Previous reason: NOT_VISIBLE]
02-18 03:05:24.509 1520 6101 W FreeFormWindowHelper: Current Display FreeFormTask is null
02-18 03:05:24.516 2537 4260 W ContextImpl: Calling a method in the system process without a qualified user: android.app.ContextImpl.startService:1816 android.content.ContextWrapper.startService:774 com.thundercomm.gamemode.ingame.services.GameModeActionUtils.startGameModeService:111 com.thundercomm.gamemode.ingame.services.GameModeActionUtils.startGameModeEntry:22 com.thundercomm.gamemode.ingame.services.ActivityMonitoringService$1.onActivityLaunch:139
02-18 03:05:24.521 1520 1520 I GameModeConfig: Current uri is uri = content://com.thundercomm.gamemode.api/gamemode_settings/gamemode_isgaming
02-18 03:05:24.522 1520 1520 I GameModeConfig: isGameModeOn = false
02-18 03:05:24.523 1520 1520 I GameModeConfig: isGameModeOn = false
02-18 03:05:24.523 1520 1520 I GameModeConfig: isDisableVoice = true
02-18 03:05:24.596 1520 1520 I sysui_multi_action: [757,1501,758,1,793,2236,794,0,795,203,796,2147483645,806,com.android.deskclock,857,TimerModelNotification,858,3,946,2,947,0,1500,0,1641,alarm,1688,1,1745,-868672399]
02-18 03:05:24.596 1520 1520 I sysui_multi_action: [757,804,799,note_interruptive,801,0,802,1]
02-18 03:05:24.596 1520 1520 I GameModeConfig: isGameModeOn = false
02-18 03:05:24.598 1520 1520 W NotificationHistory: Attempted to add notif for locked/gone/disabled user 0
02-18 03:05:24.799 1520 1612 I wm_destroy_activity: [0,194707108,86,com.android.deskclock/.timer.ExpiredTimersActivity,finish-imm:idle]
02-18 03:05:24.809 2537 4260 W ContextImpl: Calling a method in the system process without a qualified user: android.app.ContextImpl.startService:1816 android.content.ContextWrapper.startService:774 com.thundercomm.gamemode.ingame.services.GameModeActionUtils.startGameModeService:111 com.thundercomm.gamemode.ingame.services.GameModeActionUtils.startGameModeEntry:22 com.thundercomm.gamemode.ingame.services.ActivityMonitoringService$1.onActivityLaunch:139
02-18 03:05:24.812 1520 1520 I GameModeConfig: Current uri is uri = content://com.thundercomm.gamemode.api/gamemode_settings/gamemode_isgaming
02-18 03:05:24.814 1520 1520 I GameModeConfig: isGameModeOn = false
02-18 03:05:24.814 1520 1520 I GameModeConfig: isGameModeOn = false
02-18 03:05:24.814 1520 1520 I GameModeConfig: isDisableVoice = true
02-18 03:05:24.821 14100 14100 I wm_on_stop_called: [194707108,com.android.deskclock.timer.ExpiredTimersActivity,LIFECYCLER_STOP_ACTIVITY]
02-18 03:05:24.821 14100 14100 I wm_on_destroy_called: [194707108,com.android.deskclock.timer.ExpiredTimersActivity,performDestroy]
02-18 03:05:24.825 1520 2751 I wm_task_removed: [86,removeChild:removeChild last r=ActivityRecord{b9afea4 u0 com.android.deskclock/.timer.ExpiredTimersActivity t-1 f}} in t=Task{6be784b #86 type=standard I=com.android.deskclock/.timer.ExpiredTimersActivity U=0 visible=false mode=fullscreen translucent=true sz=0}]
02-18 03:05:24.826 1520 2751 I wm_task_removed: [86,removeChild]
02-18 03:05:24.828 1520 1613 W ActivityTaskManager: Can't find TaskDisplayArea to determine support for multi window. Task id=86 attached=false
02-18 03:05:24.828 1520 1613 W ActivityTaskManager: Can't find TaskDisplayArea to determine support for multi window. Task id=86 attached=false
02-18 03:05:25.478 1520 1821 I input_interaction: Interaction with: ae306c3 StatusBar (server), edge-swipe (server), swipe-up (server), PointerEventDispatcher0 (server),
02-18 03:05:25.484 2348 2348 I sysui_multi_action: [757,803,799,panel_open,802,1]
02-18 03:05:25.486 2348 2348 I sysui_multi_action: [757,1328,758,4,1326,70,1327,4,1329,0]
02-18 03:05:25.518 1520 2751 I sysui_multi_action: [757,127,758,1]
02-18 03:05:25.518 1520 2751 I sysui_multi_action: [757,804,799,note_load,801,4,802,1]
02-18 03:05:25.518 1520 2751 I notification_panel_revealed: 4
02-18 03:05:25.528 1520 1613 I input_focus: [Focus request 3373de6 NotificationShade,reason=UpdateInputWindows]
02-18 03:05:25.540 1520 2751 I sysui_multi_action: [757,128,758,1,793,7607325,794,0,795,7607325,796,26,798,0,806,android,857,DEVELOPER_IMPORTANT,858,4,947,0,1395,4,1500,7607119,1688,1]
02-18 03:05:25.540 1520 2751 I sysui_multi_action: [757,804,799,note_freshness,801,7607325,802,1]
02-18 03:05:25.540 1520 2751 I notification_visibility: [-1|android|26|null|1000,1,7607325,7607325,0,0]
02-18 03:05:25.541 1520 2751 I sysui_multi_action: [757,128,758,1,793,7715474,794,0,795,147910,796,17303299,797,com.android.wifi,798,2,806,android,857,NETWORK_AVAILABLE,858,2,947,0,1395,4,1500,11696,1688,1]
02-18 03:05:25.541 1520 2751 I sysui_multi_action: [757,1501,758,1,793,7715474,794,0,795,147910,796,17303299,797,com.android.wifi,806,android,857,NETWORK_AVAILABLE,858,2,947,0,1500,0,1688,1]
02-18 03:05:25.541 1520 2751 I sysui_multi_action: [757,804,799,note_interruptive,801,0,802,1]
02-18 03:05:25.541 1520 2751 I sysui_multi_action: [757,804,799,note_freshness,801,147910,802,1]
02-18 03:05:25.541 1520 2751 I notification_visibility: [0|android|17303299|com.android.wifi|1000,1,7715474,147910,0,2]
02-18 03:05:25.541 1520 2751 I sysui_multi_action: [757,128,758,1,793,3182,794,0,795,1149,796,2147483645,798,1,806,com.android.deskclock,857,TimerModelNotification,858,3,946,2,947,0,1395,4,1500,946,1641,alarm,1688,1,1745,-868672399]
02-18 03:05:25.541 1520 2751 I sysui_multi_action: [757,1501,758,1,793,3182,794,0,795,1149,796,2147483645,806,com.android.deskclock,857,TimerModelNotification,858,3,946,2,947,0,1500,0,1641,alarm,1688,1,1745,-868672399]
02-18 03:05:25.542 1520 2751 I sysui_multi_action: [757,804,799,note_interruptive,801,0,802,1]
02-18 03:05:25.542 1520 2751 I sysui_multi_action: [757,804,799,note_freshness,801,1149,802,1]
02-18 03:05:25.542 1520 2751 I notification_visibility: [0|com.android.deskclock|2147483645|null|10064,1,3182,1149,0,1]
02-18 03:05:25.542 1520 2751 I sysui_multi_action: [757,128,758,1,793,7716345,794,0,795,7716345,796,32,798,3,806,android,857,USB,858,1,947,0,1395,4,1500,7715987,1688,1]
02-18 03:05:25.542 1520 2751 I sysui_multi_action: [757,804,799,note_freshness,801,7716345,802,1]
02-18 03:05:25.542 1520 2751 I notification_visibility: [-1|android|32|null|1000,1,7716345,7716345,0,3]
02-18 03:05:25.552 1520 1821 I input_focus: [Focus leaving ea4c11d com.android.launcher3/com.android.launcher3.uioverrides.QuickstepLauncher (server),reason=setFocusedWindow]
02-18 03:05:25.552 1520 1821 I input_focus: [Focus entering 3373de6 NotificationShade (server),reason=setFocusedWindow]
02-18 03:05:25.629 2348 2348 I sysui_multi_action: [757,111,758,1]
02-18 03:05:25.629 2348 2348 I sysui_multi_action: [757,126,758,1,759,126,927,0,928,1,1593,0]
02-18 03:05:25.629 2348 2348 I sysui_multi_action: [757,113,758,1,759,113,927,1,928,1,1593,0]
02-18 03:05:25.630 2348 2348 I sysui_multi_action: [757,0,758,1,759,0,927,2,928,0,1593,0]
02-18 03:05:25.630 2348 2348 I sysui_multi_action: [757,0,758,1,759,0,927,3,928,0,1593,0]
02-18 03:05:25.630 2348 2348 I sysui_multi_action: [757,491,758,1,759,491,927,4,928,0,1311,-1,1593,0]
02-18 03:05:25.630 2348 2348 I sysui_multi_action: [757,0,758,1,759,0,927,5,928,0,1593,0]
02-18 03:05:25.631 2348 2348 I sysui_multi_action: [757,111,758,1]
02-18 03:05:25.631 2348 2348 I sysui_multi_action: [757,126,758,1,759,126,927,0,928,1,1593,0]
02-18 03:05:25.631 2348 2348 I sysui_multi_action: [757,113,758,1,759,113,927,1,928,1,1593,0]
02-18 03:05:25.631 2348 2348 I sysui_multi_action: [757,0,758,1,759,0,927,2,928,0,1593,0]
02-18 03:05:25.631 2348 2348 I sysui_multi_action: [757,0,758,1,759,0,927,3,928,0,1593,0]
02-18 03:05:26.525 1520 1821 I input_interaction: Interaction with: 3373de6 NotificationShade (server), edge-swipe (server), swipe-up (server), PointerEventDispatcher0 (server),
02-18 03:05:26.621 2348 2348 I sysui_multi_action: [757,407,758,4,759,1]
02-18 03:05:27.071 1520 2751 I sysui_multi_action: [757,128,758,3,793,4712,794,1530,795,2679,796,2147483645,806,com.android.deskclock,857,TimerModelNotification,858,3,946,2,947,0,1500,1530,1641,alarm,1688,1,1745,-868672399]
02-18 03:05:28.069 1520 2286 I GameModeConfig: isGameModeOn = false
02-18 03:05:28.069 1520 2286 I GameModeConfig: isGameModeOn = false
02-18 03:05:28.069 1520 2286 I GameModeConfig: isGameModeOn = false
02-18 03:05:28.069 1520 2286 I GameModeConfig: isGameModeOn = false
02-18 03:05:28.069 1520 2286 I GameModeConfig: isGameModeOn = false
02-18 03:05:28.070 1520 2286 I GameModeConfig: isGameModeOn = false
02-18 03:05:28.071 1520 1520 I notification_enqueue: [10079,2348,com.android.systemui,2048,NULL,0,Notification(channel=updateNotification shortcut=null contentView=null vibrate=null sound=null defaults=0x0 flags=0x0 color=0x00000000 vis=PRIVATE),1]
02-18 03:05:28.071 2348 2348 I sysui_multi_action: [757,111,758,2]
02-18 03:05:28.071 2348 2348 I sysui_multi_action: [757,111,758,2]
02-18 03:05:28.148 1520 2286 I GameModeConfig: isGameModeOn = false
02-18 03:05:28.163 1520 1613 I input_focus: [Focus request ea4c11d com.android.launcher3/com.android.launcher3.uioverrides.QuickstepLauncher,reason=UpdateInputWindows]
02-18 03:05:28.169 1520 9451 I sysui_multi_action: [757,128,758,2,793,7609953,794,2628,795,7609953,796,26,798,0,806,android,857,DEVELOPER_IMPORTANT,858,4,947,0,1395,4,1500,7609747,1688,1]
02-18 03:05:28.169 1520 9451 I notification_visibility: [-1|android|26|null|1000,0,7609953,7609953,0,0]
02-18 03:05:28.170 1520 9451 I sysui_multi_action: [757,128,758,2,793,7718103,794,2629,795,150539,796,17303299,797,com.android.wifi,798,2,806,android,857,NETWORK_AVAILABLE,858,2,947,0,1395,4,1500,2629,1688,1]
02-18 03:05:28.170 1520 9451 I notification_visibility: [0|android|17303299|com.android.wifi|1000,0,7718103,150539,0,2]
02-18 03:05:28.170 1520 9451 I sysui_multi_action: [757,128,758,2,793,5811,794,2629,795,3778,796,2147483645,798,1,806,com.android.deskclock,857,TimerModelNotification,858,3,946,2,947,0,1395,4,1500,2629,1641,alarm,1688,1,1745,-868672399]
02-18 03:05:28.171 1520 9451 I notification_visibility: [0|com.android.deskclock|2147483645|null|10064,0,5811,3778,0,1]
02-18 03:05:28.171 1520 9451 I sysui_multi_action: [757,128,758,2,793,7718974,794,2629,795,7718974,796,32,798,3,806,android,857,USB,858,1,947,0,1395,4,1500,7718616,1688,1]
02-18 03:05:28.172 1520 9451 I notification_visibility: [-1|android|32|null|1000,0,7718974,7718974,0,3]
02-18 03:05:28.172 1520 2751 I sysui_multi_action: [757,127,758,2]
02-18 03:05:28.173 1520 2751 I notification_panel_hidden:
02-18 03:05:28.192 1520 1821 I input_focus: [Focus leaving 3373de6 NotificationShade (server),reason=NO_WINDOW]
02-18 03:05:28.192 1520 1821 I input_focus: [Focus entering ea4c11d com.android.launcher3/com.android.launcher3.uioverrides.QuickstepLauncher (server),reason=setFocusedWindow]
02-18 03:05:28.274 1520 1520 I GameModeConfig: isGameModeOn = false
02-18 03:05:28.350 1520 2286 I GameModeConfig: isGameModeOn = false
01-05 12:04:21.538 0 0 E DTC_ETH,link_delay_work_func: 3003, SQI=0, link=0
01-05 12:04:23.909 0 0 I msm_vidc: err : ffffffff: .....: DBLP Set: status 0
02-18 03:05:32.376 1520 2286 I GameModeConfig: isGameModeOn = false
02-18 03:05:32.376 1520 2286 I GameModeConfig: isGameModeOn = false
02-18 03:05:32.570 1520 2286 I GameModeConfig: isGameModeOn = false
01-05 12:04:26.658 0 0 E DTC_ETH,link_delay_work_func: 3003, SQI=0, link=0
02-18 03:05:34.396 1520 2286 I GameModeConfig: isGameModeOn = false
02-18 03:05:34.396 1520 2286 I GameModeConfig: isGameModeOn = false
02-18 03:05:34.597 1520 2286 I GameModeConfig: isGameModeOn = false
02-18 03:05:38.073 1520 2286 I GameModeConfig: isGameModeOn = false
02-18 03:05:38.073 1520 2286 I GameModeConfig: isGameModeOn = false
02-18 03:05:38.274 1520 2286 I GameModeConfig: isGameModeOn = false
01-05 12:04:31.778 0 0 E DTC_ETH,link_delay_work_func: 3003, SQI=0, link=0
01-05 12:04:33.637 0 0 I msm_vidc: err : ffffffff: .....: DBLP Set: status 0
02-18 03:05:41.300 1520 1821 I input_interaction: Interaction with: ea4c11d com.android.launcher3/com.android.launcher3.uioverrides.QuickstepLauncher (server), d73543 com.android.systemui.ImageWallpaper (server), edge-swipe (server), swipe-up (server), PointerEventDispatcher0 (server),
02-18 03:05:41.575 1520 1768 I commit_sys_config_file: [settings-1-0,8]
02-18 03:05:42.067 1520 9451 I thunderperf: PlatormCompat.setOverrides: Uid1=10072 Pid1=2828 Uid2=10072 Pid2=2828
02-18 03:05:42.067 1520 9451 I thunderperf: PlatormCompat.setOverrides: needCheck:false
02-18 03:05:42.068 1520 9451 I thunderperf: CompatConfig.addOverrideUnsafe: bef-state=1
02-18 03:05:42.068 1520 9451 E thunderperf: CompatConfig.addOverrideUnsafe: exception:java.lang.SecurityException: Cannot override a change on a non-debuggable app and user build.
02-18 03:05:42.068 1520 9451 I thunderperf: CompatConfig.addOverrideUnsafe: aft-state=1
02-18 03:05:42.070 1520 9451 I thunderperf: CompatConfig.addOverrideUnsafe: bef-state=1
02-18 03:05:42.070 1520 9451 E thunderperf: CompatConfig.addOverrideUnsafe: exception:java.lang.SecurityException: Cannot override a change on a non-debuggable app and user build.
02-18 03:05:42.070 1520 9451 I thunderperf: CompatConfig.addOverrideUnsafe: aft-state=1
02-18 03:05:42.071 1520 9451 I thunderperf: CompatConfig.addOverrideUnsafe: bef-state=1
02-18 03:05:42.072 1520 9451 E thunderperf: CompatConfig.addOverrideUnsafe: exception:java.lang.SecurityException: Cannot override a change on a non-debuggable app and user build.
02-18 03:05:42.072 1520 9451 I thunderperf: CompatConfig.addOverrideUnsafe: aft-state=1
02-18 03:05:42.073 1520 9451 I thunderperf: CompatConfig.addOverrideUnsafe: bef-state=1
02-18 03:05:42.073 1520 9451 E thunderperf: CompatConfig.addOverrideUnsafe: exception:java.lang.SecurityException: Cannot override a change on a non-debuggable app and user build.
02-18 03:05:42.073 1520 9451 I thunderperf: CompatConfig.addOverrideUnsafe: aft-state=1
02-18 03:05:42.074 1520 9451 I thunderperf: CompatConfig.addOverrideUnsafe: bef-state=1
02-18 03:05:42.075 1520 9451 E thunderperf: CompatConfig.addOverrideUnsafe: exception:java.lang.SecurityException: Cannot override a change on a non-debuggable app and user build.
02-18 03:05:42.075 1520 9451 I thunderperf: CompatConfig.addOverrideUnsafe: aft-state=1
02-18 03:05:42.076 1520 9451 I thunderperf: CompatConfig.addOverrideUnsafe: bef-state=1
02-18 03:05:42.076 1520 9451 E thunderperf: CompatConfig.addOverrideUnsafe: exception:java.lang.SecurityException: Cannot override a change on a non-debuggable app and user build.
02-18 03:05:42.076 1520 9451 I thunderperf: CompatConfig.addOverrideUnsafe: aft-state=1
02-18 03:05:42.077 1520 9451 I thunderperf: CompatConfig.addOverrideUnsafe: bef-state=1
02-18 03:05:42.077 1520 9451 E thunderperf: CompatConfig.addOverrideUnsafe: exception:java.lang.SecurityException: Cannot override a change on a non-debuggable app and user build.
02-18 03:05:42.077 1520 9451 I thunderperf: CompatConfig.addOverrideUnsafe: aft-state=1
02-18 03:05:42.078 1520 9451 I thunderperf: CompatConfig.addOverrideUnsafe: bef-state=1
02-18 03:05:42.078 1520 9451 E thunderperf: CompatConfig.addOverrideUnsafe: exception:java.lang.SecurityException: Cannot override a change on a non-debuggable app and user build.
02-18 03:05:42.078 1520 9451 I thunderperf: CompatConfig.addOverrideUnsafe: aft-state=1
02-18 03:05:42.078 1520 9451 I thunderperf: CompatConfig.addOverrideUnsafe: bef-state=1
02-18 03:05:42.079 1520 9451 E thunderperf: CompatConfig.addOverrideUnsafe: exception:java.lang.SecurityException: Cannot override a change on a non-debuggable app and user build.
02-18 03:05:42.079 1520 9451 I thunderperf: CompatConfig.addOverrideUnsafe: aft-state=1
02-18 03:05:42.079 1520 9451 I thunderperf: CompatConfig.addOverrideUnsafe: bef-state=1
02-18 03:05:42.080 1520 9451 E thunderperf: CompatConfig.addOverrideUnsafe: exception:java.lang.SecurityException: Cannot override a change on a non-debuggable app and user build.
02-18 03:05:42.080 1520 9451 I thunderperf: CompatConfig.addOverrideUnsafe: aft-state=1
02-18 03:05:42.080 1520 9451 I thunderperf: CompatConfig.addOverrideUnsafe: bef-state=1
02-18 03:05:42.080 1520 9451 E thunderperf: CompatConfig.addOverrideUnsafe: exception:java.lang.SecurityException: Cannot override a change on a non-debuggable app and user build.
02-18 03:05:42.081 1520 9451 I thunderperf: CompatConfig.addOverrideUnsafe: aft-state=1
02-18 03:05:42.081 1520 9451 I thunderperf: CompatConfig.addOverrideUnsafe: bef-state=1
02-18 03:05:42.082 1520 9451 E thunderperf: CompatConfig.addOverrideUnsafe: exception:java.lang.SecurityException: Cannot override a change on a non-debuggable app and user build.
02-18 03:05:42.082 1520 9451 I thunderperf: CompatConfig.addOverrideUnsafe: aft-state=1
02-18 03:05:42.082 1520 9451 I thunderperf: CompatConfig.addOverrideUnsafe: bef-state=1
02-18 03:05:42.083 1520 9451 E thunderperf: CompatConfig.addOverrideUnsafe: exception:java.lang.SecurityException: Cannot override a change on a non-debuggable app and user build.
02-18 03:05:42.083 1520 9451 I thunderperf: CompatConfig.addOverrideUnsafe: aft-state=1
02-18 03:05:42.083 1520 9451 I thunderperf: CompatConfig.addOverrideUnsafe: bef-state=1
02-18 03:05:42.083 1520 9451 E thunderperf: CompatConfig.addOverrideUnsafe: exception:java.lang.SecurityException: Cannot override a change on a non-debuggable app and user build.
02-18 03:05:42.083 1520 9451 I thunderperf: CompatConfig.addOverrideUnsafe: aft-state=1
02-18 03:05:42.090 1520 9451 I ActivityTaskManager: START u0 {act=android.intent.action.MAIN cat=[android.intent.category.LAUNCHER] flg=0x10200000 cmp=com.android.deskclock/.DeskClock bnds=[590,252][890,550]} from uid 10072
02-18 03:05:42.092 1520 9451 I wm_task_moved: [84,1,6]
02-18 03:05:42.092 1520 9451 I wm_task_to_front: [0,84]
02-18 03:05:42.093 1520 9451 I wm_focused_root_task: [0,0,84,1,bringingFoundTaskToFront]
02-18 03:05:42.093 1520 9451 I wm_set_resumed_activity: [0,com.android.deskclock/.DeskClock,bringingFoundTaskToFront]
02-18 03:05:42.094 1520 9451 I wm_new_intent: [0,23698237,84,com.android.deskclock/.DeskClock,android.intent.action.MAIN,NULL,NULL,270532608]
02-18 03:05:42.094 1520 9451 D CompatibilityChangeReporter: Compat change id reported: 168419799; UID 10064; state: DISABLED
02-18 03:05:42.098 1520 9451 I wm_pause_activity: [0,58637558,com.android.launcher3/.uioverrides.QuickstepLauncher,userLeaving=true,pauseBackTasks]
02-18 03:05:42.106 2828 2828 I wm_on_top_resumed_lost_called: [58637558,com.android.launcher3.uioverrides.QuickstepLauncher,topStateChangedWhenResumed]
02-18 03:05:42.110 2828 2828 I wm_on_paused_called: [58637558,com.android.launcher3.uioverrides.QuickstepLauncher,performPause]
02-18 03:05:42.112 1520 1602 I ActivityTaskManager: FOREGROUND_APPLICATION_CHANGED to com.android.deskclock.DeskClock
02-18 03:05:42.114 1520 1602 I wm_set_resumed_activity: [0,com.android.deskclock/.DeskClock,resumeTopActivityInnerLocked]
02-18 03:05:42.114 1520 1602 I wm_add_to_stopping: [0,58637558,com.android.launcher3/.uioverrides.QuickstepLauncher,makeInvisible]
02-18 03:05:42.115 1520 1602 D CompatibilityChangeReporter: Compat change id reported: 174042980; UID 10064; state: DISABLED
02-18 03:05:42.116 1520 1602 D CompatibilityChangeReporter: Compat change id reported: 181136395; UID 10064; state: DISABLED
02-18 03:05:42.116 1520 1602 I service_manager_stats: [100,80,97748]
02-18 03:05:42.116 1520 1602 D CompatibilityChangeReporter: Compat change id reported: 174042936; UID 10064; state: DISABLED
02-18 03:05:42.116 1520 1602 D CompatibilityChangeReporter: Compat change id reported: 184838306; UID 10064; state: DISABLED
02-18 03:05:42.117 1520 1602 D CompatibilityChangeReporter: Compat change id reported: 185004937; UID 10064; state: DISABLED
02-18 03:05:42.117 1520 1602 I wm_resume_activity: [0,23698237,84,com.android.deskclock/.DeskClock]
02-18 03:05:42.127 1520 1612 I sysui_multi_action: [757,803,799,window_time_0,802,18]
02-18 03:05:42.132 14100 14100 I wm_on_restart_called: [23698237,com.android.deskclock.DeskClock,performRestartActivity]
02-18 03:05:42.135 14100 14100 I wm_on_start_called: [23698237,com.android.deskclock.DeskClock,handleStartActivity]
02-18 03:05:42.136 1520 1520 I sysui_multi_action: [757,128,758,5,759,8,793,19776,794,16594,795,17743,796,2147483645,806,com.android.deskclock,857,TimerModelNotification,858,3,946,2,947,0,1500,16594,1641,alarm,1688,1,1745,-868672399]
02-18 03:05:42.136 1520 1520 I notification_canceled: [0|com.android.deskclock|2147483645|null|10064,8,19776,17743,16594,-1,-1,NULL]
02-18 03:05:42.136 14100 14100 I wm_on_resume_called: [23698237,com.android.deskclock.DeskClock,RESUME_ACTIVITY]
02-18 03:05:42.138 2537 4260 W ContextImpl: Calling a method in the system process without a qualified user: android.app.ContextImpl.startService:1816 android.content.ContextWrapper.startService:774 com.thundercomm.gamemode.ingame.services.GameModeActionUtils.startGameModeService:111 com.thundercomm.gamemode.ingame.services.GameModeActionUtils.startGameModeEntry:22 com.thundercomm.gamemode.ingame.services.ActivityMonitoringService$1.onActivityLaunch:139
02-18 03:05:42.139 1520 1821 I input_focus: [Focus leaving ea4c11d com.android.launcher3/com.android.launcher3.uioverrides.QuickstepLauncher (server),reason=NO_WINDOW]
02-18 03:05:42.142 14100 14100 I wm_on_top_resumed_gained_called: [23698237,com.android.deskclock.DeskClock,topWhenResuming]
02-18 03:05:42.148 1520 1520 I GameModeConfig: Current uri is uri = content://com.thundercomm.gamemode.api/gamemode_settings/gamemode_isgaming
02-18 03:05:42.150 1520 1520 I GameModeConfig: isGameModeOn = false
02-18 03:05:42.150 1520 1520 I GameModeConfig: isGameModeOn = false
02-18 03:05:42.150 1520 1520 I GameModeConfig: isDisableVoice = true
02-18 03:05:42.152 1520 1613 I input_focus: [Focus request 4f5abc com.android.deskclock/com.android.deskclock.DeskClock,reason=UpdateInputWindows]
02-18 03:05:42.169 1520 1608 I sysui_multi_action: [319,32,321,28,322,74,325,7755,757,761,758,9,759,4,806,com.android.deskclock,871,com.android.deskclock.DeskClock,904,com.android.launcher3,905,0,1320,4,1321,1]
02-18 03:05:42.173 1520 1821 I input_focus: [Focus entering 4f5abc com.android.deskclock/com.android.deskclock.DeskClock (server),reason=setFocusedWindow]
