02-18 03:12:53.690 1520 1619 I am_wtf : [0,1520,system_server,-1,DisplayDeviceConfig,requesting nits when no mapping exists.]
02-18 03:12:53.692 1520 1619 I am_wtf : [0,1520,system_server,-1,DisplayDeviceConfig,requesting nits when no mapping exists.]
02-18 03:12:53.709 1520 2324 E DisplayDeviceConfig: requesting nits when no mapping exists.
02-18 03:12:53.709 1520 2324 E DisplayDeviceConfig: requesting nits when no mapping exists.
02-18 03:12:53.710 1520 1619 I am_wtf : [0,1520,system_server,-1,DisplayDeviceConfig,requesting nits when no mapping exists.]
02-18 03:12:53.711 1520 1619 I am_wtf : [0,1520,system_server,-1,DisplayDeviceConfig,requesting nits when no mapping exists.]
02-18 03:12:53.723 1520 2324 E DisplayDeviceConfig: requesting nits when no mapping exists.
02-18 03:12:53.723 1520 2324 E DisplayDeviceConfig: requesting nits when no mapping exists.
02-18 03:12:53.724 1520 1619 I am_wtf : [0,1520,system_server,-1,DisplayDeviceConfig,requesting nits when no mapping exists.]
02-18 03:12:53.724 1520 1619 I am_wtf : [0,1520,system_server,-1,DisplayDeviceConfig,requesting nits when no mapping exists.]
02-18 03:12:53.740 1520 2324 E DisplayDeviceConfig: requesting nits when no mapping exists.
02-18 03:12:53.741 1520 1619 I am_wtf : [0,1520,system_server,-1,DisplayDeviceConfig,requesting nits when no mapping exists.]
02-18 03:12:53.742 1520 2324 E DisplayDeviceConfig: requesting nits when no mapping exists.
02-18 03:12:53.742 1520 1619 I am_wtf : [0,1520,system_server,-1,DisplayDeviceConfig,requesting nits when no mapping exists.]
02-18 03:12:53.756 1520 2324 E DisplayDeviceConfig: requesting nits when no mapping exists.
02-18 03:12:53.757 1520 1619 I am_wtf : [0,1520,system_server,-1,DisplayDeviceConfig,requesting nits when no mapping exists.]
02-18 03:12:53.758 1520 2324 E DisplayDeviceConfig: requesting nits when no mapping exists.
02-18 03:12:53.758 1520 1619 I am_wtf : [0,1520,system_server,-1,DisplayDeviceConfig,requesting nits when no mapping exists.]
02-18 03:12:53.773 1520 2324 E DisplayDeviceConfig: requesting nits when no mapping exists.
02-18 03:12:53.774 1520 1619 I am_wtf : [0,1520,system_server,-1,DisplayDeviceConfig,requesting nits when no mapping exists.]
02-18 03:12:53.774 1520 2324 E DisplayDeviceConfig: requesting nits when no mapping exists.
02-18 03:12:53.774 1520 1619 I service_manager_stats: [100,62,170732]
02-18 03:12:53.775 1520 1619 I am_wtf : [0,1520,system_server,-1,DisplayDeviceConfig,requesting nits when no mapping exists.]
02-18 03:12:53.790 1520 2324 E DisplayDeviceConfig: requesting nits when no mapping exists.
02-18 03:12:53.790 1520 2324 E DisplayDeviceConfig: requesting nits when no mapping exists.
02-18 03:12:53.790 1520 1619 I am_wtf : [0,1520,system_server,-1,DisplayDeviceConfig,requesting nits when no mapping exists.]
02-18 03:12:53.791 1520 1619 I am_wtf : [0,1520,system_server,-1,DisplayDeviceConfig,requesting nits when no mapping exists.]
02-18 03:12:53.806 1520 2324 E DisplayDeviceConfig: requesting nits when no mapping exists.
02-18 03:12:53.807 1520 1619 I am_wtf : [0,1520,system_server,-1,DisplayDeviceConfig,requesting nits when no mapping exists.]
02-18 03:12:53.807 1520 2324 E DisplayDeviceConfig: requesting nits when no mapping exists.
02-18 03:12:53.808 1520 1619 I am_wtf : [0,1520,system_server,-1,DisplayDeviceConfig,requesting nits when no mapping exists.]
02-18 03:12:53.823 1520 2324 E DisplayDeviceConfig: requesting nits when no mapping exists.
02-18 03:12:53.824 1520 2324 E DisplayDeviceConfig: requesting nits when no mapping exists.
02-18 03:12:53.824 1520 1619 I am_wtf : [0,1520,system_server,-1,DisplayDeviceConfig,requesting nits when no mapping exists.]
02-18 03:12:53.825 1520 1619 I am_wtf : [0,1520,system_server,-1,DisplayDeviceConfig,requesting nits when no mapping exists.]
02-18 03:12:53.840 1520 2324 E DisplayDeviceConfig: requesting nits when no mapping exists.
02-18 03:12:53.841 1520 2324 E DisplayDeviceConfig: requesting nits when no mapping exists.
02-18 03:12:53.841 1520 1619 I am_wtf : [0,1520,system_server,-1,DisplayDeviceConfig,requesting nits when no mapping exists.]
02-18 03:12:53.842 1520 1619 I am_wtf : [0,1520,system_server,-1,DisplayDeviceConfig,requesting nits when no mapping exists.]
02-18 03:12:53.857 1520 2324 E DisplayDeviceConfig: requesting nits when no mapping exists.
02-18 03:12:53.857 1520 2324 E DisplayDeviceConfig: requesting nits when no mapping exists.
02-18 03:12:53.858 1520 1619 I am_wtf : [0,1520,system_server,-1,DisplayDeviceConfig,requesting nits when no mapping exists.]
02-18 03:12:53.859 1520 1619 I am_wtf : [0,1520,system_server,-1,DisplayDeviceConfig,requesting nits when no mapping exists.]
02-18 03:12:53.873 1520 2324 E DisplayDeviceConfig: requesting nits when no mapping exists.
02-18 03:12:53.874 1520 2324 E DisplayDeviceConfig: requesting nits when no mapping exists.
02-18 03:12:53.874 1520 1619 I am_wtf : [0,1520,system_server,-1,DisplayDeviceConfig,requesting nits when no mapping exists.]
02-18 03:12:53.875 1520 1619 I am_wtf : [0,1520,system_server,-1,DisplayDeviceConfig,requesting nits when no mapping exists.]
02-18 03:12:53.890 1520 2324 E DisplayDeviceConfig: requesting nits when no mapping exists.
02-18 03:12:53.891 1520 2324 E DisplayDeviceConfig: requesting nits when no mapping exists.
02-18 03:12:53.891 1520 1619 I am_wtf : [0,1520,system_server,-1,DisplayDeviceConfig,requesting nits when no mapping exists.]
02-18 03:12:53.892 1520 1619 I am_wtf : [0,1520,system_server,-1,DisplayDeviceConfig,requesting nits when no mapping exists.]
02-18 03:12:53.907 1520 2324 E DisplayDeviceConfig: requesting nits when no mapping exists.
02-18 03:12:53.907 1520 2324 E DisplayDeviceConfig: requesting nits when no mapping exists.
02-18 03:12:53.908 1520 1619 I am_wtf : [0,1520,system_server,-1,DisplayDeviceConfig,requesting nits when no mapping exists.]
02-18 03:12:53.909 1520 1619 I am_wtf : [0,1520,system_server,-1,DisplayDeviceConfig,requesting nits when no mapping exists.]
02-18 03:12:53.924 1520 2324 E DisplayDeviceConfig: requesting nits when no mapping exists.
02-18 03:12:53.924 1520 2324 E DisplayDeviceConfig: requesting nits when no mapping exists.
02-18 03:12:53.924 1520 1619 I am_wtf : [0,1520,system_server,-1,DisplayDeviceConfig,requesting nits when no mapping exists.]
02-18 03:12:53.925 1520 1619 I am_wtf : [0,1520,system_server,-1,DisplayDeviceConfig,requesting nits when no mapping exists.]
02-18 03:12:53.940 1520 2324 E DisplayDeviceConfig: requesting nits when no mapping exists.
02-18 03:12:53.941 1520 1619 I am_wtf : [0,1520,system_server,-1,DisplayDeviceConfig,requesting nits when no mapping exists.]
02-18 03:12:53.942 1520 2324 E DisplayDeviceConfig: requesting nits when no mapping exists.
02-18 03:12:53.942 1520 1619 I am_wtf : [0,1520,system_server,-1,DisplayDeviceConfig,requesting nits when no mapping exists.]
02-18 03:12:53.957 1520 2324 E DisplayDeviceConfig: requesting nits when no mapping exists.
02-18 03:12:53.957 1520 2324 E DisplayDeviceConfig: requesting nits when no mapping exists.
02-18 03:12:53.958 1520 1619 I am_wtf : [0,1520,system_server,-1,DisplayDeviceConfig,requesting nits when no mapping exists.]
02-18 03:12:53.958 1520 1619 I am_wtf : [0,1520,system_server,-1,DisplayDeviceConfig,requesting nits when no mapping exists.]
02-18 03:12:53.974 1520 2324 E DisplayDeviceConfig: requesting nits when no mapping exists.
02-18 03:12:53.974 1520 2324 E DisplayDeviceConfig: requesting nits when no mapping exists.
02-18 03:12:53.974 1520 1619 I am_wtf : [0,1520,system_server,-1,DisplayDeviceConfig,requesting nits when no mapping exists.]
02-18 03:12:53.975 1520 1619 I am_wtf : [0,1520,system_server,-1,DisplayDeviceConfig,requesting nits when no mapping exists.]
02-18 03:12:53.990 1520 2324 E DisplayDeviceConfig: requesting nits when no mapping exists.
02-18 03:12:53.991 1520 2324 E DisplayDeviceConfig: requesting nits when no mapping exists.
02-18 03:12:53.992 1520 1619 I am_wtf : [0,1520,system_server,-1,DisplayDeviceConfig,requesting nits when no mapping exists.]
02-18 03:12:53.993 1520 1619 I am_wtf : [0,1520,system_server,-1,DisplayDeviceConfig,requesting nits when no mapping exists.]
02-18 03:12:54.007 1520 2324 E DisplayDeviceConfig: requesting nits when no mapping exists.
02-18 03:12:54.007 1520 2324 E DisplayDeviceConfig: requesting nits when no mapping exists.
02-18 03:12:54.008 1520 1619 I am_wtf : [0,1520,system_server,-1,DisplayDeviceConfig,requesting nits when no mapping exists.]
02-18 03:12:54.009 1520 1619 I am_wtf : [0,1520,system_server,-1,DisplayDeviceConfig,requesting nits when no mapping exists.]
02-18 03:12:54.024 1520 2324 E DisplayDeviceConfig: requesting nits when no mapping exists.
02-18 03:12:54.024 1520 2324 E DisplayDeviceConfig: requesting nits when no mapping exists.
02-18 03:12:54.024 1520 1619 I am_wtf : [0,1520,system_server,-1,DisplayDeviceConfig,requesting nits when no mapping exists.]
02-18 03:12:54.026 1520 1619 I am_wtf : [0,1520,system_server,-1,DisplayDeviceConfig,requesting nits when no mapping exists.]
02-18 03:12:54.040 1520 2324 E DisplayDeviceConfig: requesting nits when no mapping exists.
02-18 03:12:54.041 1520 1619 I am_wtf : [0,1520,system_server,-1,DisplayDeviceConfig,requesting nits when no mapping exists.]
02-18 03:12:54.041 1520 2324 E DisplayDeviceConfig: requesting nits when no mapping exists.
02-18 03:12:54.042 1520 1619 I am_wtf : [0,1520,system_server,-1,DisplayDeviceConfig,requesting nits when no mapping exists.]
02-18 03:12:54.057 1520 2324 E DisplayDeviceConfig: requesting nits when no mapping exists.
02-18 03:12:54.058 1520 2324 E DisplayDeviceConfig: requesting nits when no mapping exists.
02-18 03:12:54.058 1520 1619 I am_wtf : [0,1520,system_server,-1,DisplayDeviceConfig,requesting nits when no mapping exists.]
02-18 03:12:54.059 1520 1619 I am_wtf : [0,1520,system_server,-1,DisplayDeviceConfig,requesting nits when no mapping exists.]
02-18 03:12:54.074 1520 2324 E DisplayDeviceConfig: requesting nits when no mapping exists.
02-18 03:12:54.075 1520 1619 I am_wtf : [0,1520,system_server,-1,DisplayDeviceConfig,requesting nits when no mapping exists.]
02-18 03:12:54.075 1520 2324 E DisplayDeviceConfig: requesting nits when no mapping exists.
02-18 03:12:54.076 1520 1619 I am_wtf : [0,1520,system_server,-1,DisplayDeviceConfig,requesting nits when no mapping exists.]
02-18 03:12:54.091 1520 2324 E DisplayDeviceConfig: requesting nits when no mapping exists.
02-18 03:12:54.091 1520 1619 I am_wtf : [0,1520,system_server,-1,DisplayDeviceConfig,requesting nits when no mapping exists.]
02-18 03:12:54.091 1520 2324 E DisplayDeviceConfig: requesting nits when no mapping exists.
02-18 03:12:54.092 1520 1619 I am_wtf : [0,1520,system_server,-1,DisplayDeviceConfig,requesting nits when no mapping exists.]
02-18 03:12:54.107 1520 2324 E DisplayDeviceConfig: requesting nits when no mapping exists.
02-18 03:12:54.108 1520 1619 I am_wtf : [0,1520,system_server,-1,DisplayDeviceConfig,requesting nits when no mapping exists.]
02-18 03:12:54.108 1520 2324 E DisplayDeviceConfig: requesting nits when no mapping exists.
02-18 03:12:54.109 1520 1619 I am_wtf : [0,1520,system_server,-1,DisplayDeviceConfig,requesting nits when no mapping exists.]
02-18 03:12:54.124 1520 2324 E DisplayDeviceConfig: requesting nits when no mapping exists.
02-18 03:12:54.125 1520 1619 I am_wtf : [0,1520,system_server,-1,DisplayDeviceConfig,requesting nits when no mapping exists.]
02-18 03:12:54.125 1520 2324 E DisplayDeviceConfig: requesting nits when no mapping exists.
02-18 03:12:54.126 1520 1619 I am_wtf : [0,1520,system_server,-1,DisplayDeviceConfig,requesting nits when no mapping exists.]
02-18 03:12:54.140 1520 2324 E DisplayDeviceConfig: requesting nits when no mapping exists.
02-18 03:12:54.141 1520 1619 I am_wtf : [0,1520,system_server,-1,DisplayDeviceConfig,requesting nits when no mapping exists.]
02-18 03:12:54.141 1520 2324 E DisplayDeviceConfig: requesting nits when no mapping exists.
02-18 03:12:54.142 1520 1619 I am_wtf : [0,1520,system_server,-1,DisplayDeviceConfig,requesting nits when no mapping exists.]
01-05 12:11:46.979 0 0 E DTC_ETH,link_delay_work_func: 3003, SQI=0, link=0
02-18 03:12:55.940 1520 1619 I am_uid_idle: 10048
01-05 12:11:52.098 0 0 E DTC_ETH,link_delay_work_func: 3003, SQI=0, link=0
02-18 03:13:00.166 1520 1637 I PowerManagerService: Napping display group (groupId=0, uid=1000)...
02-18 03:13:00.166 1520 1637 I PowerManagerService: Nap time (uid 1000)...
02-18 03:13:00.168 1520 1637 I DreamManagerService: Entering dreamland.
02-18 03:13:00.170 1520 1637 I PowerManagerService: Dreaming...
02-18 03:13:00.182 1520 1608 I DreamController: Starting dream: name=ComponentInfo{com.thundercomm.screensaver/com.thundercomm.saverclock.service.ClockScreensaver}, isTest=false, canDoze=false, userId=0
02-18 03:13:00.182 1520 1608 I sysui_multi_action: [757,222,758,1]
02-18 03:13:00.187 1520 1608 I am_uid_active: 10048
02-18 03:13:00.192 1520 1618 I am_pss : [15098,1000,com.android.settings,18355200,16203776,0,104169472,0,19,10]
02-18 03:13:00.194 1520 6102 I ActivityTaskManager: START u0 {flg=0x10000000 pkg=com.thundercomm.screensaver cmp=com.thundercomm.screensaver/android.service.dreams.DreamActivity (has extras)} from uid 10048
02-18 03:13:00.196 1520 6102 I wm_task_created: [95,-1]
02-18 03:13:00.196 1520 6102 W ActivityTaskManager: Can't find TaskDisplayArea to determine support for multi window. Task id=95 attached=false
02-18 03:13:00.199 1520 1618 I am_pss : [15063,10068,com.android.gallery3d,7341056,4825088,0,91316224,0,19,6]
02-18 03:13:00.200 1520 6102 I wm_task_moved: [95,1,7]
02-18 03:13:00.200 1520 6102 I wm_task_to_front: [0,95]
02-18 03:13:00.200 1520 6102 I wm_create_task: [0,95]
02-18 03:13:00.200 1520 6102 I wm_create_activity: [0,16083368,95,com.thundercomm.screensaver/android.service.dreams.DreamActivity,NULL,NULL,NULL,276824064]
02-18 03:13:00.200 1520 6102 I wm_task_moved: [95,1,7]
02-18 03:13:00.201 1520 6102 I wm_pause_activity: [0,8963172,com.android.music/.MusicBrowserActivity,userLeaving=true,pauseBackTasks]
02-18 03:13:00.205 14061 14061 I wm_on_top_resumed_lost_called: [8963172,com.android.music.MusicBrowserActivity,topStateChangedWhenResumed]
02-18 03:13:00.205 1520 1618 I am_pss : [13815,1000,com.qti.diagservices,6129664,3977216,0,91381760,0,10,6]
02-18 03:13:00.205 14061 14061 I wm_on_paused_called: [8963172,com.android.music.MusicBrowserActivity,performPause]
02-18 03:13:00.206 1520 6852 I ActivityTaskManager: FOREGROUND_APPLICATION_CHANGED to android.service.dreams.DreamActivity
02-18 03:13:00.206 1520 6852 I ActivityTaskManager: The Process com.thundercomm.screensaver Already Exists in BG. So sending its PID: 4558
02-18 03:13:00.206 1520 6852 W ActivityTaskManager: Tried to set launchTime (0) < mLastActivityLaunchTime (7982658)
02-18 03:13:00.206 1520 6852 I wm_add_to_stopping: [0,8963172,com.android.music/.MusicBrowserActivity,makeInvisible]
02-18 03:13:00.207 1520 6852 I wm_restart_activity: [0,16083368,95,com.thundercomm.screensaver/android.service.dreams.DreamActivity]
02-18 03:13:00.207 1520 6852 I wm_set_resumed_activity: [0,com.thundercomm.screensaver/android.service.dreams.DreamActivity,minimalResumeActivityLocked]
02-18 03:13:00.209 1520 1612 I sysui_multi_action: [757,803,799,window_time_0,802,65]
02-18 03:13:00.212 4558 4558 I wm_on_create_called: [16083368,android.service.dreams.DreamActivity,performCreate]
02-18 03:13:00.212 4558 4558 I wm_on_start_called: [16083368,android.service.dreams.DreamActivity,handleStartActivity]
02-18 03:13:00.212 4558 4558 I wm_on_resume_called: [16083368,android.service.dreams.DreamActivity,RESUME_ACTIVITY]
02-18 03:13:00.213 2537 4260 W ContextImpl: Calling a method in the system process without a qualified user: android.app.ContextImpl.startService:1816 android.content.ContextWrapper.startService:774 com.thundercomm.gamemode.ingame.services.GameModeActionUtils.startGameModeService:111 com.thundercomm.gamemode.ingame.services.GameModeActionUtils.startGameModeEntry:22 com.thundercomm.gamemode.ingame.services.ActivityMonitoringService$1.onActivityLaunch:139
02-18 03:13:00.213 1520 9451 W WindowManager: Failed looking up window session=Session{ab5ba29 4558:u0a10048} callers=com.android.server.wm.WindowManagerService.windowForClientLocked:5628 com.android.server.wm.Session.insetsModified:629 android.view.IWindowSession$Stub.onTransact:1151
02-18 03:13:00.215 4558 4558 I wm_on_top_resumed_gained_called: [16083368,android.service.dreams.DreamActivity,topStateChangedWhenResumed]
02-18 03:13:00.216 1520 1520 I GameModeConfig: Current uri is uri = content://com.thundercomm.gamemode.api/gamemode_settings/gamemode_isgaming
02-18 03:13:00.217 1520 1520 I GameModeConfig: isGameModeOn = false
02-18 03:13:00.217 1520 1520 I GameModeConfig: isGameModeOn = false
02-18 03:13:00.217 1520 1520 I GameModeConfig: isDisableVoice = true
02-18 03:13:00.229 1520 1821 I input_focus: [Focus leaving 5c62bde com.android.music/com.android.music.MusicBrowserActivity (server),reason=NO_WINDOW]
02-18 03:13:00.232 1520 1613 I input_focus: [Focus request b7854 com.thundercomm.screensaver/android.service.dreams.DreamActivity,reason=UpdateInputWindows]
02-18 03:13:00.242 1520 1608 I sysui_multi_action: [319,46,322,42,325,8193,757,761,758,8,759,2,806,com.thundercomm.screensaver,871,android.service.dreams.DreamActivity,904,com.thundercomm.screensaver,905,0,1320,4,1321,2]
02-18 03:13:00.242 1520 1608 I wm_activity_launch_time: [0,16083368,com.thundercomm.screensaver/android.service.dreams.DreamActivity,42]
02-18 03:13:00.245 1520 1637 V DisplayPowerController[0]: Brightness [1.0] reason changing to: 'manual', previous reason: 'manual [ dim ]'.
02-18 03:13:00.245 1520 1637 I sysui_multi_action: [757,1696,758,6,759,3]
02-18 03:13:00.257 1520 2324 E DisplayDeviceConfig: requesting nits when no mapping exists.
02-18 03:13:00.257 1520 2324 E DisplayDeviceConfig: requesting nits when no mapping exists.
02-18 03:13:00.258 1520 1619 I am_wtf : [0,1520,system_server,-1,DisplayDeviceConfig,requesting nits when no mapping exists.]
02-18 03:13:00.258 1520 1619 I am_wtf : [0,1520,system_server,-1,DisplayDeviceConfig,requesting nits when no mapping exists.]
02-18 03:13:00.274 1520 2324 E DisplayDeviceConfig: requesting nits when no mapping exists.
02-18 03:13:00.274 1520 2324 E DisplayDeviceConfig: requesting nits when no mapping exists.
02-18 03:13:00.274 1520 1619 I am_wtf : [0,1520,system_server,-1,DisplayDeviceConfig,requesting nits when no mapping exists.]
02-18 03:13:00.275 1520 1619 I am_wtf : [0,1520,system_server,-1,DisplayDeviceConfig,requesting nits when no mapping exists.]
02-18 03:13:00.276 1520 1821 I input_focus: [Focus entering b7854 com.thundercomm.screensaver/android.service.dreams.DreamActivity (server),reason=Window became focusable. Previous reason: NOT_VISIBLE]
02-18 03:13:00.291 1520 2324 E DisplayDeviceConfig: requesting nits when no mapping exists.
02-18 03:13:00.291 1520 2324 E DisplayDeviceConfig: requesting nits when no mapping exists.
02-18 03:13:00.293 1520 1619 I am_wtf : [0,1520,system_server,-1,DisplayDeviceConfig,requesting nits when no mapping exists.]
02-18 03:13:00.293 1520 1619 I am_wtf : [0,1520,system_server,-1,DisplayDeviceConfig,requesting nits when no mapping exists.]
02-18 03:13:00.307 1520 2324 E DisplayDeviceConfig: requesting nits when no mapping exists.
02-18 03:13:00.307 1520 2324 E DisplayDeviceConfig: requesting nits when no mapping exists.
02-18 03:13:00.308 1520 1619 I am_wtf : [0,1520,system_server,-1,DisplayDeviceConfig,requesting nits when no mapping exists.]
02-18 03:13:00.308 1520 1619 I am_wtf : [0,1520,system_server,-1,DisplayDeviceConfig,requesting nits when no mapping exists.]
02-18 03:13:00.308 1520 9451 W FreeFormWindowHelper: Current Display FreeFormTask is null
02-18 03:13:00.309 1520 9451 W FreeFormWindowHelper: Current Display FreeFormTask is null
02-18 03:13:00.311 2537 4260 W ContextImpl: Calling a method in the system process without a qualified user: android.app.ContextImpl.startService:1816 android.content.ContextWrapper.startService:774 com.thundercomm.gamemode.ingame.services.GameModeActionUtils.startGameModeService:111 com.thundercomm.gamemode.ingame.services.GameModeActionUtils.startGameModeEntry:22 com.thundercomm.gamemode.ingame.services.ActivityMonitoringService$1.onActivityLaunch:139
02-18 03:13:00.312 1520 1520 I GameModeConfig: Current uri is uri = content://com.thundercomm.gamemode.api/gamemode_settings/gamemode_isgaming
02-18 03:13:00.312 1520 1520 I GameModeConfig: isGameModeOn = false
02-18 03:13:00.313 1520 1520 I GameModeConfig: isGameModeOn = false
02-18 03:13:00.313 1520 1520 I GameModeConfig: isDisableVoice = true
02-18 03:13:00.324 1520 2324 E DisplayDeviceConfig: requesting nits when no mapping exists.
02-18 03:13:00.324 1520 2324 E DisplayDeviceConfig: requesting nits when no mapping exists.
02-18 03:13:00.324 1520 1619 I am_wtf : [0,1520,system_server,-1,DisplayDeviceConfig,requesting nits when no mapping exists.]
02-18 03:13:00.325 1520 1619 I am_wtf : [0,1520,system_server,-1,DisplayDeviceConfig,requesting nits when no mapping exists.]
02-18 03:13:00.341 1520 2324 E DisplayDeviceConfig: requesting nits when no mapping exists.
02-18 03:13:00.341 1520 2324 E DisplayDeviceConfig: requesting nits when no mapping exists.
02-18 03:13:00.341 1520 1619 I am_wtf : [0,1520,system_server,-1,DisplayDeviceConfig,requesting nits when no mapping exists.]
02-18 03:13:00.342 1520 1619 I am_wtf : [0,1520,system_server,-1,DisplayDeviceConfig,requesting nits when no mapping exists.]
02-18 03:13:00.357 1520 2324 E DisplayDeviceConfig: requesting nits when no mapping exists.
02-18 03:13:00.357 1520 2324 E DisplayDeviceConfig: requesting nits when no mapping exists.
02-18 03:13:00.358 1520 1619 I am_wtf : [0,1520,system_server,-1,DisplayDeviceConfig,requesting nits when no mapping exists.]
02-18 03:13:00.358 1520 1619 I am_wtf : [0,1520,system_server,-1,DisplayDeviceConfig,requesting nits when no mapping exists.]
02-18 03:13:00.375 1520 2324 E DisplayDeviceConfig: requesting nits when no mapping exists.
02-18 03:13:00.375 1520 2324 E DisplayDeviceConfig: requesting nits when no mapping exists.
02-18 03:13:00.375 1520 1619 I am_wtf : [0,1520,system_server,-1,DisplayDeviceConfig,requesting nits when no mapping exists.]
02-18 03:13:00.375 1520 1619 I am_wtf : [0,1520,system_server,-1,DisplayDeviceConfig,requesting nits when no mapping exists.]
02-18 03:13:00.391 1520 2324 E DisplayDeviceConfig: requesting nits when no mapping exists.
02-18 03:13:00.391 1520 2324 E DisplayDeviceConfig: requesting nits when no mapping exists.
02-18 03:13:00.391 1520 1619 I am_wtf : [0,1520,system_server,-1,DisplayDeviceConfig,requesting nits when no mapping exists.]
02-18 03:13:00.391 1520 1619 I am_wtf : [0,1520,system_server,-1,DisplayDeviceConfig,requesting nits when no mapping exists.]
02-18 03:13:00.407 1520 2324 E DisplayDeviceConfig: requesting nits when no mapping exists.
02-18 03:13:00.407 1520 2324 E DisplayDeviceConfig: requesting nits when no mapping exists.
02-18 03:13:00.407 1520 1619 I am_wtf : [0,1520,system_server,-1,DisplayDeviceConfig,requesting nits when no mapping exists.]
02-18 03:13:00.408 1520 1619 I am_wtf : [0,1520,system_server,-1,DisplayDeviceConfig,requesting nits when no mapping exists.]
02-18 03:13:00.424 1520 2324 E DisplayDeviceConfig: requesting nits when no mapping exists.
02-18 03:13:00.424 1520 2324 E DisplayDeviceConfig: requesting nits when no mapping exists.
02-18 03:13:00.424 1520 1619 I am_wtf : [0,1520,system_server,-1,DisplayDeviceConfig,requesting nits when no mapping exists.]
02-18 03:13:00.425 1520 1619 I am_wtf : [0,1520,system_server,-1,DisplayDeviceConfig,requesting nits when no mapping exists.]
02-18 03:13:00.441 1520 2324 E DisplayDeviceConfig: requesting nits when no mapping exists.
02-18 03:13:00.441 1520 2324 E DisplayDeviceConfig: requesting nits when no mapping exists.
02-18 03:13:00.441 1520 1619 I am_wtf : [0,1520,system_server,-1,DisplayDeviceConfig,requesting nits when no mapping exists.]
02-18 03:13:00.442 1520 1619 I am_wtf : [0,1520,system_server,-1,DisplayDeviceConfig,requesting nits when no mapping exists.]
02-18 03:13:00.457 1520 2324 E DisplayDeviceConfig: requesting nits when no mapping exists.
02-18 03:13:00.458 1520 2324 E DisplayDeviceConfig: requesting nits when no mapping exists.
02-18 03:13:00.458 1520 1619 I am_wtf : [0,1520,system_server,-1,DisplayDeviceConfig,requesting nits when no mapping exists.]
02-18 03:13:00.458 1520 1619 I am_wtf : [0,1520,system_server,-1,DisplayDeviceConfig,requesting nits when no mapping exists.]
02-18 03:13:00.475 1520 2324 E DisplayDeviceConfig: requesting nits when no mapping exists.
02-18 03:13:00.476 1520 1619 I am_wtf : [0,1520,system_server,-1,DisplayDeviceConfig,requesting nits when no mapping exists.]
02-18 03:13:00.476 1520 2324 E DisplayDeviceConfig: requesting nits when no mapping exists.
02-18 03:13:00.476 1520 1619 I am_wtf : [0,1520,system_server,-1,DisplayDeviceConfig,requesting nits when no mapping exists.]
02-18 03:13:00.491 1520 2324 E DisplayDeviceConfig: requesting nits when no mapping exists.
02-18 03:13:00.491 1520 2324 E DisplayDeviceConfig: requesting nits when no mapping exists.
02-18 03:13:00.491 1520 1619 I am_wtf : [0,1520,system_server,-1,DisplayDeviceConfig,requesting nits when no mapping exists.]
02-18 03:13:00.491 1520 1619 I am_wtf : [0,1520,system_server,-1,DisplayDeviceConfig,requesting nits when no mapping exists.]
02-18 03:13:00.508 1520 2324 E DisplayDeviceConfig: requesting nits when no mapping exists.
02-18 03:13:00.508 1520 2324 E DisplayDeviceConfig: requesting nits when no mapping exists.
02-18 03:13:00.508 1520 1619 I am_wtf : [0,1520,system_server,-1,DisplayDeviceConfig,requesting nits when no mapping exists.]
02-18 03:13:00.508 1520 1619 I am_wtf : [0,1520,system_server,-1,DisplayDeviceConfig,requesting nits when no mapping exists.]
02-18 03:13:00.524 1520 2324 E DisplayDeviceConfig: requesting nits when no mapping exists.
02-18 03:13:00.525 1520 2324 E DisplayDeviceConfig: requesting nits when no mapping exists.
02-18 03:13:00.525 1520 1619 I am_wtf : [0,1520,system_server,-1,DisplayDeviceConfig,requesting nits when no mapping exists.]
02-18 03:13:00.525 1520 1619 I am_wtf : [0,1520,system_server,-1,DisplayDeviceConfig,requesting nits when no mapping exists.]
02-18 03:13:00.541 1520 2324 E DisplayDeviceConfig: requesting nits when no mapping exists.
02-18 03:13:00.541 1520 2324 E DisplayDeviceConfig: requesting nits when no mapping exists.
02-18 03:13:00.541 1520 1619 I am_wtf : [0,1520,system_server,-1,DisplayDeviceConfig,requesting nits when no mapping exists.]
02-18 03:13:00.542 1520 1619 I am_wtf : [0,1520,system_server,-1,DisplayDeviceConfig,requesting nits when no mapping exists.]
02-18 03:13:00.558 1520 2324 E DisplayDeviceConfig: requesting nits when no mapping exists.
02-18 03:13:00.558 1520 2324 E DisplayDeviceConfig: requesting nits when no mapping exists.
02-18 03:13:00.558 1520 1619 I am_wtf : [0,1520,system_server,-1,DisplayDeviceConfig,requesting nits when no mapping exists.]
02-18 03:13:00.558 1520 1619 I am_wtf : [0,1520,system_server,-1,DisplayDeviceConfig,requesting nits when no mapping exists.]
02-18 03:13:00.575 1520 2324 E DisplayDeviceConfig: requesting nits when no mapping exists.
02-18 03:13:00.575 1520 2324 E DisplayDeviceConfig: requesting nits when no mapping exists.
02-18 03:13:00.575 1520 1619 I am_wtf : [0,1520,system_server,-1,DisplayDeviceConfig,requesting nits when no mapping exists.]
02-18 03:13:00.575 1520 1619 I am_wtf : [0,1520,system_server,-1,DisplayDeviceConfig,requesting nits when no mapping exists.]
02-18 03:13:00.591 1520 2324 E DisplayDeviceConfig: requesting nits when no mapping exists.
02-18 03:13:00.592 1520 1619 I am_wtf : [0,1520,system_server,-1,DisplayDeviceConfig,requesting nits when no mapping exists.]
02-18 03:13:00.592 1520 2324 E DisplayDeviceConfig: requesting nits when no mapping exists.
02-18 03:13:00.592 1520 1619 I am_wtf : [0,1520,system_server,-1,DisplayDeviceConfig,requesting nits when no mapping exists.]
02-18 03:13:00.608 1520 2324 E DisplayDeviceConfig: requesting nits when no mapping exists.
02-18 03:13:00.608 1520 1619 I am_wtf : [0,1520,system_server,-1,DisplayDeviceConfig,requesting nits when no mapping exists.]
02-18 03:13:00.608 1520 2324 E DisplayDeviceConfig: requesting nits when no mapping exists.
02-18 03:13:00.609 1520 1619 I am_wtf : [0,1520,system_server,-1,DisplayDeviceConfig,requesting nits when no mapping exists.]
02-18 03:13:00.625 1520 2324 E DisplayDeviceConfig: requesting nits when no mapping exists.
02-18 03:13:00.625 1520 2324 E DisplayDeviceConfig: requesting nits when no mapping exists.
02-18 03:13:00.625 1520 1619 I am_wtf : [0,1520,system_server,-1,DisplayDeviceConfig,requesting nits when no mapping exists.]
02-18 03:13:00.625 1520 1619 I am_wtf : [0,1520,system_server,-1,DisplayDeviceConfig,requesting nits when no mapping exists.]
02-18 03:13:00.642 1520 2324 E DisplayDeviceConfig: requesting nits when no mapping exists.
02-18 03:13:00.642 1520 2324 E DisplayDeviceConfig: requesting nits when no mapping exists.
02-18 03:13:00.642 1520 1619 I am_wtf : [0,1520,system_server,-1,DisplayDeviceConfig,requesting nits when no mapping exists.]
02-18 03:13:00.642 1520 1619 I am_wtf : [0,1520,system_server,-1,DisplayDeviceConfig,requesting nits when no mapping exists.]
02-18 03:13:00.658 1520 2324 E DisplayDeviceConfig: requesting nits when no mapping exists.
02-18 03:13:00.658 1520 2324 E DisplayDeviceConfig: requesting nits when no mapping exists.
02-18 03:13:00.658 1520 1619 I am_wtf : [0,1520,system_server,-1,DisplayDeviceConfig,requesting nits when no mapping exists.]
02-18 03:13:00.659 1520 1619 I am_wtf : [0,1520,system_server,-1,DisplayDeviceConfig,requesting nits when no mapping exists.]
02-18 03:13:00.676 1520 2324 E DisplayDeviceConfig: requesting nits when no mapping exists.
02-18 03:13:00.676 1520 2324 E DisplayDeviceConfig: requesting nits when no mapping exists.
02-18 03:13:00.676 1520 1619 I am_wtf : [0,1520,system_server,-1,DisplayDeviceConfig,requesting nits when no mapping exists.]
02-18 03:13:00.677 1520 1619 I am_wtf : [0,1520,system_server,-1,DisplayDeviceConfig,requesting nits when no mapping exists.]
02-18 03:13:00.692 1520 2324 E DisplayDeviceConfig: requesting nits when no mapping exists.
02-18 03:13:00.692 1520 2324 E DisplayDeviceConfig: requesting nits when no mapping exists.
02-18 03:13:00.692 1520 1619 I am_wtf : [0,1520,system_server,-1,DisplayDeviceConfig,requesting nits when no mapping exists.]
02-18 03:13:00.692 1520 1619 I am_wtf : [0,1520,system_server,-1,DisplayDeviceConfig,requesting nits when no mapping exists.]
02-18 03:13:00.709 1520 2324 E DisplayDeviceConfig: requesting nits when no mapping exists.
02-18 03:13:00.709 1520 2324 E DisplayDeviceConfig: requesting nits when no mapping exists.
02-18 03:13:00.709 1520 1619 I am_wtf : [0,1520,system_server,-1,DisplayDeviceConfig,requesting nits when no mapping exists.]
02-18 03:13:00.709 1520 1619 I service_manager_stats: [100,45,6935]
02-18 03:13:00.709 1520 1619 I am_wtf : [0,1520,system_server,-1,DisplayDeviceConfig,requesting nits when no mapping exists.]
02-18 03:13:00.725 1520 2324 E DisplayDeviceConfig: requesting nits when no mapping exists.
02-18 03:13:00.725 1520 2324 E DisplayDeviceConfig: requesting nits when no mapping exists.
02-18 03:13:00.725 1520 1619 I am_wtf : [0,1520,system_server,-1,DisplayDeviceConfig,requesting nits when no mapping exists.]
02-18 03:13:00.726 1520 1619 I am_wtf : [0,1520,system_server,-1,DisplayDeviceConfig,requesting nits when no mapping exists.]
02-18 03:13:00.742 1520 2324 E DisplayDeviceConfig: requesting nits when no mapping exists.
02-18 03:13:00.743 1520 1619 I am_wtf : [0,1520,system_server,-1,DisplayDeviceConfig,requesting nits when no mapping exists.]
02-18 03:13:00.743 1520 2324 E DisplayDeviceConfig: requesting nits when no mapping exists.
02-18 03:13:00.743 1520 1619 I am_wtf : [0,1520,system_server,-1,DisplayDeviceConfig,requesting nits when no mapping exists.]
02-18 03:13:00.744 1520 1612 I wm_stop_activity: [0,8963172,com.android.music/.MusicBrowserActivity]
02-18 03:13:00.758 1520 2324 E DisplayDeviceConfig: requesting nits when no mapping exists.
02-18 03:13:00.758 1520 2324 E DisplayDeviceConfig: requesting nits when no mapping exists.
02-18 03:13:00.758 1520 1619 I am_wtf : [0,1520,system_server,-1,DisplayDeviceConfig,requesting nits when no mapping exists.]
02-18 03:13:00.760 1520 1619 I am_wtf : [0,1520,system_server,-1,DisplayDeviceConfig,requesting nits when no mapping exists.]
02-18 03:13:00.762 14061 14061 I wm_on_stop_called: [8963172,com.android.music.MusicBrowserActivity,STOP_ACTIVITY_ITEM]
02-18 03:13:00.776 1520 2324 E DisplayDeviceConfig: requesting nits when no mapping exists.
02-18 03:13:00.776 1520 1619 I am_wtf : [0,1520,system_server,-1,DisplayDeviceConfig,requesting nits when no mapping exists.]
02-18 03:13:00.776 1520 2324 E DisplayDeviceConfig: requesting nits when no mapping exists.
02-18 03:13:00.776 1520 1619 I am_wtf : [0,1520,system_server,-1,DisplayDeviceConfig,requesting nits when no mapping exists.]
02-18 03:13:00.780 2537 4260 W ContextImpl: Calling a method in the system process without a qualified user: android.app.ContextImpl.startService:1816 android.content.ContextWrapper.startService:774 com.thundercomm.gamemode.ingame.services.GameModeActionUtils.startGameModeService:111 com.thundercomm.gamemode.ingame.services.GameModeActionUtils.startGameModeEntry:22 com.thundercomm.gamemode.ingame.services.ActivityMonitoringService$1.onActivityLaunch:139
02-18 03:13:00.781 1520 1520 I GameModeConfig: Current uri is uri = content://com.thundercomm.gamemode.api/gamemode_settings/gamemode_isgaming
02-18 03:13:00.782 1520 1520 I GameModeConfig: isGameModeOn = false
02-18 03:13:00.782 1520 1520 I GameModeConfig: isGameModeOn = false
02-18 03:13:00.782 1520 1520 I GameModeConfig: isDisableVoice = true
02-18 03:13:00.792 1520 2324 E DisplayDeviceConfig: requesting nits when no mapping exists.
02-18 03:13:00.792 1520 2324 E DisplayDeviceConfig: requesting nits when no mapping exists.
02-18 03:13:00.793 1520 1619 I am_wtf : [0,1520,system_server,-1,DisplayDeviceConfig,requesting nits when no mapping exists.]
02-18 03:13:00.793 1520 1619 I am_wtf : [0,1520,system_server,-1,DisplayDeviceConfig,requesting nits when no mapping exists.]
02-18 03:13:00.808 1520 2324 E DisplayDeviceConfig: requesting nits when no mapping exists.
02-18 03:13:00.809 1520 2324 E DisplayDeviceConfig: requesting nits when no mapping exists.
02-18 03:13:00.809 1520 1619 I am_wtf : [0,1520,system_server,-1,DisplayDeviceConfig,requesting nits when no mapping exists.]
02-18 03:13:00.809 1520 1619 I am_wtf : [0,1520,system_server,-1,DisplayDeviceConfig,requesting nits when no mapping exists.]
02-18 03:13:00.823 1520 2324 E DisplayDeviceConfig: requesting nits when no mapping exists.
02-18 03:13:00.823 1520 2324 E DisplayDeviceConfig: requesting nits when no mapping exists.
02-18 03:13:00.823 1520 1619 I am_wtf : [0,1520,system_server,-1,DisplayDeviceConfig,requesting nits when no mapping exists.]
02-18 03:13:00.823 1520 1619 I am_wtf : [0,1520,system_server,-1,DisplayDeviceConfig,requesting nits when no mapping exists.]
02-18 03:13:00.839 1520 2324 E DisplayDeviceConfig: requesting nits when no mapping exists.
02-18 03:13:00.840 1520 2324 E DisplayDeviceConfig: requesting nits when no mapping exists.
02-18 03:13:00.840 1520 1619 I am_wtf : [0,1520,system_server,-1,DisplayDeviceConfig,requesting nits when no mapping exists.]
02-18 03:13:00.840 1520 1619 I am_wtf : [0,1520,system_server,-1,DisplayDeviceConfig,requesting nits when no mapping exists.]
02-18 03:13:00.857 1520 2324 E DisplayDeviceConfig: requesting nits when no mapping exists.
02-18 03:13:00.857 1520 2324 E DisplayDeviceConfig: requesting nits when no mapping exists.
02-18 03:13:00.857 1520 1619 I am_wtf : [0,1520,system_server,-1,DisplayDeviceConfig,requesting nits when no mapping exists.]
02-18 03:13:00.857 1520 1619 I am_wtf : [0,1520,system_server,-1,DisplayDeviceConfig,requesting nits when no mapping exists.]
02-18 03:13:00.873 1520 2324 E DisplayDeviceConfig: requesting nits when no mapping exists.
02-18 03:13:00.873 1520 2324 E DisplayDeviceConfig: requesting nits when no mapping exists.
02-18 03:13:00.873 1520 1619 I am_wtf : [0,1520,system_server,-1,DisplayDeviceConfig,requesting nits when no mapping exists.]
02-18 03:13:00.874 1520 1619 I am_wtf : [0,1520,system_server,-1,DisplayDeviceConfig,requesting nits when no mapping exists.]
02-18 03:13:00.890 1520 2324 E DisplayDeviceConfig: requesting nits when no mapping exists.
02-18 03:13:00.890 1520 2324 E DisplayDeviceConfig: requesting nits when no mapping exists.
02-18 03:13:00.890 1520 1619 I am_wtf : [0,1520,system_server,-1,DisplayDeviceConfig,requesting nits when no mapping exists.]
02-18 03:13:00.890 1520 1619 I am_wtf : [0,1520,system_server,-1,DisplayDeviceConfig,requesting nits when no mapping exists.]
02-18 03:13:00.906 1520 2324 E DisplayDeviceConfig: requesting nits when no mapping exists.
02-18 03:13:00.906 1520 2324 E DisplayDeviceConfig: requesting nits when no mapping exists.
02-18 03:13:00.906 1520 1619 I am_wtf : [0,1520,system_server,-1,DisplayDeviceConfig,requesting nits when no mapping exists.]
02-18 03:13:00.907 1520 1619 I am_wtf : [0,1520,system_server,-1,DisplayDeviceConfig,requesting nits when no mapping exists.]
02-18 03:13:00.923 1520 2324 E DisplayDeviceConfig: requesting nits when no mapping exists.
02-18 03:13:00.923 1520 2324 E DisplayDeviceConfig: requesting nits when no mapping exists.
02-18 03:13:00.923 1520 1619 I am_wtf : [0,1520,system_server,-1,DisplayDeviceConfig,requesting nits when no mapping exists.]
02-18 03:13:00.924 1520 1619 I am_wtf : [0,1520,system_server,-1,DisplayDeviceConfig,requesting nits when no mapping exists.]
02-18 03:13:00.940 1520 2324 E DisplayDeviceConfig: requesting nits when no mapping exists.
02-18 03:13:00.940 1520 2324 E DisplayDeviceConfig: requesting nits when no mapping exists.
02-18 03:13:00.940 1520 1619 I am_wtf : [0,1520,system_server,-1,DisplayDeviceConfig,requesting nits when no mapping exists.]
02-18 03:13:00.941 1520 1619 I am_wtf : [0,1520,system_server,-1,DisplayDeviceConfig,requesting nits when no mapping exists.]
02-18 03:13:00.956 1520 2324 E DisplayDeviceConfig: requesting nits when no mapping exists.
02-18 03:13:00.957 1520 2324 E DisplayDeviceConfig: requesting nits when no mapping exists.
02-18 03:13:00.957 1520 1619 I am_wtf : [0,1520,system_server,-1,DisplayDeviceConfig,requesting nits when no mapping exists.]
02-18 03:13:00.957 1520 1619 I am_wtf : [0,1520,system_server,-1,DisplayDeviceConfig,requesting nits when no mapping exists.]
02-18 03:13:00.973 1520 2324 E DisplayDeviceConfig: requesting nits when no mapping exists.
02-18 03:13:00.973 1520 1619 I am_wtf : [0,1520,system_server,-1,DisplayDeviceConfig,requesting nits when no mapping exists.]
02-18 03:13:00.974 1520 2324 E DisplayDeviceConfig: requesting nits when no mapping exists.
02-18 03:13:00.974 1520 1619 I am_wtf : [0,1520,system_server,-1,DisplayDeviceConfig,requesting nits when no mapping exists.]
02-18 03:13:00.990 1520 2324 E DisplayDeviceConfig: requesting nits when no mapping exists.
02-18 03:13:00.991 1520 1619 I am_wtf : [0,1520,system_server,-1,DisplayDeviceConfig,requesting nits when no mapping exists.]
02-18 03:13:00.991 1520 2324 E DisplayDeviceConfig: requesting nits when no mapping exists.
02-18 03:13:00.991 1520 1619 I am_wtf : [0,1520,system_server,-1,DisplayDeviceConfig,requesting nits when no mapping exists.]
02-18 03:13:01.007 1520 2324 E DisplayDeviceConfig: requesting nits when no mapping exists.
02-18 03:13:01.007 1520 2324 E DisplayDeviceConfig: requesting nits when no mapping exists.
02-18 03:13:01.007 1520 1619 I am_wtf : [0,1520,system_server,-1,DisplayDeviceConfig,requesting nits when no mapping exists.]
02-18 03:13:01.007 1520 1619 I am_wtf : [0,1520,system_server,-1,DisplayDeviceConfig,requesting nits when no mapping exists.]
02-18 03:13:01.023 1520 2324 E DisplayDeviceConfig: requesting nits when no mapping exists.
02-18 03:13:01.024 1520 1619 I am_wtf : [0,1520,system_server,-1,DisplayDeviceConfig,requesting nits when no mapping exists.]
02-18 03:13:01.024 1520 2324 E DisplayDeviceConfig: requesting nits when no mapping exists.
02-18 03:13:01.024 1520 1619 I am_wtf : [0,1520,system_server,-1,DisplayDeviceConfig,requesting nits when no mapping exists.]
02-18 03:13:01.040 1520 2324 E DisplayDeviceConfig: requesting nits when no mapping exists.
02-18 03:13:01.041 1520 2324 E DisplayDeviceConfig: requesting nits when no mapping exists.
02-18 03:13:01.041 1520 1619 I am_wtf : [0,1520,system_server,-1,DisplayDeviceConfig,requesting nits when no mapping exists.]
02-18 03:13:01.041 1520 1619 I am_wtf : [0,1520,system_server,-1,DisplayDeviceConfig,requesting nits when no mapping exists.]
02-18 03:13:01.057 1520 2324 E DisplayDeviceConfig: requesting nits when no mapping exists.
02-18 03:13:01.057 1520 2324 E DisplayDeviceConfig: requesting nits when no mapping exists.
02-18 03:13:01.057 1520 1619 I am_wtf : [0,1520,system_server,-1,DisplayDeviceConfig,requesting nits when no mapping exists.]
02-18 03:13:01.057 1520 1619 I am_wtf : [0,1520,system_server,-1,DisplayDeviceConfig,requesting nits when no mapping exists.]
02-18 03:13:01.073 1520 2324 E DisplayDeviceConfig: requesting nits when no mapping exists.
02-18 03:13:01.073 1520 2324 E DisplayDeviceConfig: requesting nits when no mapping exists.
02-18 03:13:01.073 1520 1619 I am_wtf : [0,1520,system_server,-1,DisplayDeviceConfig,requesting nits when no mapping exists.]
02-18 03:13:01.074 1520 1619 I am_wtf : [0,1520,system_server,-1,DisplayDeviceConfig,requesting nits when no mapping exists.]
02-18 03:13:01.090 1520 2324 E DisplayDeviceConfig: requesting nits when no mapping exists.
02-18 03:13:01.090 1520 2324 E DisplayDeviceConfig: requesting nits when no mapping exists.
02-18 03:13:01.090 1520 1619 I am_wtf : [0,1520,system_server,-1,DisplayDeviceConfig,requesting nits when no mapping exists.]
02-18 03:13:01.090 1520 1619 I am_wtf : [0,1520,system_server,-1,DisplayDeviceConfig,requesting nits when no mapping exists.]
02-18 03:13:01.107 1520 2324 E DisplayDeviceConfig: requesting nits when no mapping exists.
02-18 03:13:01.107 1520 2324 E DisplayDeviceConfig: requesting nits when no mapping exists.
02-18 03:13:01.107 1520 1619 I am_wtf : [0,1520,system_server,-1,DisplayDeviceConfig,requesting nits when no mapping exists.]
02-18 03:13:01.107 1520 1619 I am_wtf : [0,1520,system_server,-1,DisplayDeviceConfig,requesting nits when no mapping exists.]
02-18 03:13:01.123 1520 2324 E DisplayDeviceConfig: requesting nits when no mapping exists.
02-18 03:13:01.124 1520 2324 E DisplayDeviceConfig: requesting nits when no mapping exists.
02-18 03:13:01.124 1520 1619 I am_wtf : [0,1520,system_server,-1,DisplayDeviceConfig,requesting nits when no mapping exists.]
02-18 03:13:01.124 1520 1619 I am_wtf : [0,1520,system_server,-1,DisplayDeviceConfig,requesting nits when no mapping exists.]
02-18 03:13:01.140 1520 2324 E DisplayDeviceConfig: requesting nits when no mapping exists.
02-18 03:13:01.140 1520 2324 E DisplayDeviceConfig: requesting nits when no mapping exists.
02-18 03:13:01.140 1520 1619 I am_wtf : [0,1520,system_server,-1,DisplayDeviceConfig,requesting nits when no mapping exists.]
02-18 03:13:01.141 1520 1619 I am_wtf : [0,1520,system_server,-1,DisplayDeviceConfig,requesting nits when no mapping exists.]
02-18 03:13:01.157 1520 2324 E DisplayDeviceConfig: requesting nits when no mapping exists.
02-18 03:13:01.158 1520 2324 E DisplayDeviceConfig: requesting nits when no mapping exists.
02-18 03:13:01.158 1520 1619 I am_wtf : [0,1520,system_server,-1,DisplayDeviceConfig,requesting nits when no mapping exists.]
02-18 03:13:01.158 1520 1619 I am_wtf : [0,1520,system_server,-1,DisplayDeviceConfig,requesting nits when no mapping exists.]
02-18 03:13:01.174 1520 2324 E DisplayDeviceConfig: requesting nits when no mapping exists.
02-18 03:13:01.174 1520 2324 E DisplayDeviceConfig: requesting nits when no mapping exists.
02-18 03:13:01.174 1520 1619 I am_wtf : [0,1520,system_server,-1,DisplayDeviceConfig,requesting nits when no mapping exists.]
02-18 03:13:01.174 1520 1619 I am_wtf : [0,1520,system_server,-1,DisplayDeviceConfig,requesting nits when no mapping exists.]
02-18 03:13:01.190 1520 2324 E DisplayDeviceConfig: requesting nits when no mapping exists.
02-18 03:13:01.190 1520 2324 E DisplayDeviceConfig: requesting nits when no mapping exists.
02-18 03:13:01.190 1520 1619 I am_wtf : [0,1520,system_server,-1,DisplayDeviceConfig,requesting nits when no mapping exists.]
02-18 03:13:01.191 1520 1619 I am_wtf : [0,1520,system_server,-1,DisplayDeviceConfig,requesting nits when no mapping exists.]
02-18 03:13:01.207 1520 2324 E DisplayDeviceConfig: requesting nits when no mapping exists.
02-18 03:13:01.207 1520 2324 E DisplayDeviceConfig: requesting nits when no mapping exists.
02-18 03:13:01.207 1520 1619 I am_wtf : [0,1520,system_server,-1,DisplayDeviceConfig,requesting nits when no mapping exists.]
02-18 03:13:01.207 1520 1619 I am_wtf : [0,1520,system_server,-1,DisplayDeviceConfig,requesting nits when no mapping exists.]
01-05 12:11:57.218 0 0 E DTC_ETH,link_delay_work_func: 3003, SQI=0, link=0
01-05 12:11:58.533 0 0 I msm_vidc: err : ffffffff: .....: DBLP Set: status 0
01-05 12:12:02.339 0 0 E DTC_ETH,link_delay_work_func: 3003, SQI=0, link=0
01-05 12:12:07.458 0 0 E DTC_ETH,link_delay_work_func: 3003, SQI=0, link=0
01-05 12:12:12.579 0 0 E DTC_ETH,link_delay_work_func: 3003, SQI=0, link=0
02-18 03:13:22.094 1520 1821 I input_interaction: Interaction with: b7854 com.thundercomm.screensaver/android.service.dreams.DreamActivity (server), edge-swipe (server), swipe-up (server), PointerEventDispatcher0 (server),
02-18 03:13:22.098 1520 6852 I wm_finish_activity: [0,16083368,95,com.thundercomm.screensaver/android.service.dreams.DreamActivity,finish-activity]
02-18 03:13:22.098 1520 6852 I wm_task_moved: [93,1,6]
02-18 03:13:22.098 1520 6852 I wm_task_to_front: [0,93]
02-18 03:13:22.100 1520 6852 I wm_focused_root_task: [0,0,93,95,finish-top adjustFocusToNextFocusableTask]
02-18 03:13:22.101 1520 6852 I wm_pause_activity: [0,16083368,com.thundercomm.screensaver/android.service.dreams.DreamActivity,userLeaving=false,finish]
02-18 03:13:22.107 1520 6102 I DreamManagerService: Gently waking up from dream.
02-18 03:13:22.109 1520 1608 I DreamManagerService: Performing gentle wake from dream.
02-18 03:13:22.109 4558 4558 I wm_on_top_resumed_lost_called: [16083368,android.service.dreams.DreamActivity,topStateChangedWhenResumed]
02-18 03:13:22.112 4558 4558 I wm_on_paused_called: [16083368,android.service.dreams.DreamActivity,performPause]
02-18 03:13:22.113 1520 6830 I wm_add_to_stopping: [0,16083368,com.thundercomm.screensaver/android.service.dreams.DreamActivity,completeFinishing]
02-18 03:13:22.115 1520 6830 I ActivityTaskManager: FOREGROUND_APPLICATION_CHANGED to com.android.music.MusicBrowserActivity
02-18 03:13:22.118 1520 6830 I wm_set_resumed_activity: [0,com.android.music/.MusicBrowserActivity,resumeTopActivityInnerLocked]
02-18 03:13:22.119 1520 6830 I wm_resume_activity: [0,8963172,93,com.android.music/.MusicBrowserActivity]
02-18 03:13:22.122 1520 1612 I sysui_multi_action: [757,803,799,window_time_0,802,22]
02-18 03:13:22.125 1520 1612 I sysui_multi_action: [757,803,799,window_time_0,802,0]
02-18 03:13:22.130 2537 4260 W ContextImpl: Calling a method in the system process without a qualified user: android.app.ContextImpl.startService:1816 android.content.ContextWrapper.startService:774 com.thundercomm.gamemode.ingame.services.GameModeActionUtils.startGameModeService:111 com.thundercomm.gamemode.ingame.services.GameModeActionUtils.startGameModeEntry:22 com.thundercomm.gamemode.ingame.services.ActivityMonitoringService$1.onActivityLaunch:139
02-18 03:13:22.134 1520 1520 I GameModeConfig: Current uri is uri = content://com.thundercomm.gamemode.api/gamemode_settings/gamemode_isgaming
02-18 03:13:22.136 1520 1520 I GameModeConfig: isGameModeOn = false
02-18 03:13:22.136 1520 1520 I GameModeConfig: isGameModeOn = false
02-18 03:13:22.136 1520 1520 I GameModeConfig: isDisableVoice = true
02-18 03:13:22.138 1520 1618 I am_pss : [15098,1000,com.android.settings,18355200,16203776,0,104169472,0,19,6]
02-18 03:13:22.144 1520 1821 I input_focus: [Focus leaving b7854 com.thundercomm.screensaver/android.service.dreams.DreamActivity (server),reason=NO_WINDOW]
02-18 03:13:22.144 14061 14061 I wm_on_restart_called: [8963172,com.android.music.MusicBrowserActivity,performRestartActivity]
02-18 03:13:22.145 4558 4558 I view_enqueue_input_event: [Motion - Cancel,com.thundercomm.screensaver/android.service.dreams.DreamActivity]
02-18 03:13:22.146 14061 14061 I wm_on_start_called: [8963172,com.android.music.MusicBrowserActivity,handleStartActivity]
02-18 03:13:22.147 14061 14061 I wm_on_resume_called: [8963172,com.android.music.MusicBrowserActivity,RESUME_ACTIVITY]
02-18 03:13:22.150 14061 14061 I wm_on_top_resumed_gained_called: [8963172,com.android.music.MusicBrowserActivity,topWhenResuming]
02-18 03:13:22.165 1520 1613 I input_focus: [Focus request 5c62bde com.android.music/com.android.music.MusicBrowserActivity,reason=UpdateInputWindows]
02-18 03:13:22.171 1520 2286 I GameModeConfig: isGameModeOn = false
02-18 03:13:22.171 1520 2286 I GameModeConfig: isGameModeOn = false
02-18 03:13:22.171 1520 2286 I GameModeConfig: isGameModeOn = false
02-18 03:13:22.172 1520 2286 I GameModeConfig: isGameModeOn = false
02-18 03:13:22.172 1520 2286 I GameModeConfig: isGameModeOn = false
02-18 03:13:22.172 1520 2286 I GameModeConfig: isGameModeOn = false
02-18 03:13:22.178 1520 1821 I input_focus: [Focus entering 5c62bde com.android.music/com.android.music.MusicBrowserActivity (server),reason=setFocusedWindow]
