02-18 03:05:07.868 1520 6829 I sysui_multi_action: [757,128,758,2,793,7697801,794,760,795,130237,796,17303299,797,com.android.wifi,798,2,806,android,857,NETWORK_AVAILABLE,858,2,947,0,1395,4,1500,760,1688,1]
02-18 03:05:07.868 1520 6829 I notification_visibility: [0|android|17303299|com.android.wifi|1000,0,7697801,130237,0,2]
02-18 03:05:07.868 1520 6829 I sysui_multi_action: [757,128,758,2,793,13139,794,759,795,13139,796,2147483644,798,1,806,com.android.deskclock,857,TimerModelNotification,858,3,947,0,1395,4,1500,12934,1688,1,1745,-868672399]
02-18 03:05:07.868 1520 6829 I notification_visibility: [0|com.android.deskclock|2147483644|null|10064,0,13139,13139,0,1]
02-18 03:05:07.868 1520 6829 I sysui_multi_action: [757,128,758,2,793,7698671,794,758,795,7698671,796,32,798,3,806,android,857,USB,858,1,947,0,1395,4,1500,7698313,1688,1]
02-18 03:05:07.868 1520 6829 I notification_visibility: [-1|android|32|null|1000,0,7698671,7698671,0,3]
02-18 03:05:07.869 1520 7379 I sysui_multi_action: [757,127,758,2]
02-18 03:05:07.869 1520 7379 I notification_panel_hidden:
02-18 03:05:07.893 1520 1821 I input_focus: [Focus leaving 3373de6 NotificationShade (server),reason=NO_WINDOW]
02-18 03:05:07.893 1520 1821 I input_focus: [Focus entering 4f5abc com.android.deskclock/com.android.deskclock.DeskClock (server),reason=setFocusedWindow]
02-18 03:05:07.992 1520 1520 I GameModeConfig: isGameModeOn = false
02-18 03:05:08.009 1520 1821 I input_interaction: Interaction with: 4f5abc com.android.deskclock/com.android.deskclock.DeskClock (server), edge-swipe (server), swipe-up (server), PointerEventDispatcher0 (server),
02-18 03:05:08.015 1520 7379 W FreeFormWindowHelper: Current Display FreeFormTask is null
02-18 03:05:08.016 1520 2746 I wm_task_moved: [1,0,0]
02-18 03:05:08.016 1520 2746 I wm_task_moved: [1,0,5]
02-18 03:05:08.024 2828 2828 I wm_on_restart_called: [58637558,com.android.launcher3.uioverrides.QuickstepLauncher,performRestartActivity]
02-18 03:05:08.024 1520 7379 W FreeFormWindowHelper: Current Display FreeFormTask is null
02-18 03:05:08.025 1520 1602 W FreeFormWindowHelper: Current Display FreeFormTask is null
02-18 03:05:08.026 1520 1602 W FreeFormWindowHelper: Current Display FreeFormTask is null
02-18 03:05:08.037 2537 4260 W ContextImpl: Calling a method in the system process without a qualified user: android.app.ContextImpl.startService:1816 android.content.ContextWrapper.startService:774 com.thundercomm.gamemode.ingame.services.GameModeActionUtils.startGameModeService:111 com.thundercomm.gamemode.ingame.services.GameModeActionUtils.startGameModeEntry:22 com.thundercomm.gamemode.ingame.services.ActivityMonitoringService$1.onActivityLaunch:139
02-18 03:05:08.040 1520 1520 I GameModeConfig: Current uri is uri = content://com.thundercomm.gamemode.api/gamemode_settings/gamemode_isgaming
02-18 03:05:08.042 1520 1520 I GameModeConfig: isGameModeOn = false
02-18 03:05:08.042 1520 1520 I GameModeConfig: isGameModeOn = false
02-18 03:05:08.042 1520 1520 I GameModeConfig: isDisableVoice = true
02-18 03:05:08.049 2828 2828 I wm_on_start_called: [58637558,com.android.launcher3.uioverrides.QuickstepLauncher,handleStartActivity]
02-18 03:05:08.049 14100 14100 I view_enqueue_input_event: [Motion - Cancel,com.android.deskclock/com.android.deskclock.DeskClock]
02-18 03:05:08.051 1520 1613 I input_focus: [Focus request recents_animation_input_consumer,reason=UpdateInputWindows]
02-18 03:05:08.052 1520 2746 W ActivityTaskManager: getTaskSnapshot: taskId=1084 not found
02-18 03:05:08.054 1520 2746 W ActivityTaskManager: getTaskSnapshot: taskId=2084 not found
02-18 03:05:08.055 1520 2746 W ActivityTaskManager: getTaskSnapshot: taskId=3084 not found
02-18 03:05:08.061 1520 7379 W ActivityTaskManager: getTaskSnapshot: taskId=4084 not found
02-18 03:05:08.061 1520 2746 W FreeFormWindowHelper: Current Display FreeFormTask is null
02-18 03:05:08.061 1520 2746 W FreeFormWindowHelper: Current Display FreeFormTask is null
02-18 03:05:08.062 2828 2828 I sysui_latency: [1,52]
02-18 03:05:08.063 1520 1821 I input_interaction: Interaction with: edge-swipe (server), swipe-up (server), PointerEventDispatcher0 (server),
02-18 03:05:08.064 1520 2746 W ActivityTaskManager: getTaskSnapshot: taskId=1084 not found
02-18 03:05:08.064 1520 2746 W ActivityTaskManager: getTaskSnapshot: taskId=2084 not found
02-18 03:05:08.064 1520 2746 W ActivityTaskManager: getTaskSnapshot: taskId=3084 not found
02-18 03:05:08.064 1520 2746 W ActivityTaskManager: getTaskSnapshot: taskId=4084 not found
02-18 03:05:08.064 1520 2746 W ActivityTaskManager: getTaskSnapshot: taskId=5084 not found
02-18 03:05:08.066 1520 7379 W FreeFormWindowHelper: Current Display FreeFormTask is null
02-18 03:05:08.067 1520 1602 W FreeFormWindowHelper: Current Display FreeFormTask is null
02-18 03:05:08.067 1520 7379 W FreeFormWindowHelper: Current Display FreeFormTask is null
02-18 03:05:08.069 1520 2746 W ActivityTaskManager: getTaskSnapshot: taskId=1084 not found
02-18 03:05:08.070 1520 2746 W ActivityTaskManager: getTaskSnapshot: taskId=2084 not found
02-18 03:05:08.070 1520 2746 W ActivityTaskManager: getTaskSnapshot: taskId=3084 not found
02-18 03:05:08.070 1520 2746 W ActivityTaskManager: getTaskSnapshot: taskId=4084 not found
02-18 03:05:08.070 1520 2746 W ActivityTaskManager: getTaskSnapshot: taskId=5084 not found
02-18 03:05:08.073 1520 2746 W FreeFormWindowHelper: Current Display FreeFormTask is null
02-18 03:05:08.074 1520 2746 W FreeFormWindowHelper: Current Display FreeFormTask is null
02-18 03:05:08.075 1520 1821 I input_focus: [Focus leaving 4f5abc com.android.deskclock/com.android.deskclock.DeskClock (server),reason=NOT_FOCUSABLE]
02-18 03:05:08.075 1520 1821 I input_focus: [Focus entering recents_animation_input_consumer (server),reason=setFocusedWindow]
02-18 03:05:08.077 1520 1608 I sysui_multi_action: [319,11,322,52,325,7721,757,761,758,9,759,5,806,com.android.launcher3,871,com.android.launcher3.uioverrides.QuickstepLauncher,905,0,1320,4,1321,1]
02-18 03:05:08.089 1520 1602 W FreeFormWindowHelper: Current Display FreeFormTask is null
02-18 03:05:08.089 1520 1602 W FreeFormWindowHelper: Current Display FreeFormTask is null
02-18 03:05:08.134 1520 2746 W FreeFormWindowHelper: exitRecentTasks type=0
02-18 03:05:08.139 1520 2746 W FreeFormWindowHelper: Current Display FreeFormTask is null
02-18 03:05:08.140 1520 2746 W FreeFormWindowHelper: Current Display FreeFormTask is null
02-18 03:05:08.252 1520 1768 I commit_sys_config_file: [settings-1-0,4]
01-05 12:04:01.058 0 0 E DTC_ETH,link_delay_work_func: 3003, SQI=0, link=0
02-18 03:05:08.368 1520 1618 I sysui_latency: [8,56]
02-18 03:05:08.504 1520 1821 I input_interaction: Interaction with: ae306c3 StatusBar (server), edge-swipe (server), swipe-up (server), PointerEventDispatcher0 (server),
02-18 03:05:08.511 2348 2348 I sysui_multi_action: [757,803,799,panel_open,802,1]
02-18 03:05:08.515 2348 2348 I sysui_multi_action: [757,1328,758,4,1326,73,1327,2,1329,0]
02-18 03:05:08.552 1520 6829 I sysui_multi_action: [757,127,758,1]
02-18 03:05:08.552 1520 6829 I sysui_multi_action: [757,804,799,note_load,801,4,802,1]
02-18 03:05:08.552 1520 6829 I notification_panel_revealed: 4
02-18 03:05:08.562 1520 1613 I input_focus: [Focus request 3373de6 NotificationShade,reason=UpdateInputWindows]
02-18 03:05:08.571 1520 6829 I sysui_multi_action: [757,128,758,1,793,7590356,794,0,795,7590356,796,26,798,0,806,android,857,DEVELOPER_IMPORTANT,858,4,947,0,1395,4,1500,7590150,1688,1]
02-18 03:05:08.572 1520 6829 I sysui_multi_action: [757,804,799,note_freshness,801,7590356,802,1]
02-18 03:05:08.572 1520 6829 I notification_visibility: [-1|android|26|null|1000,1,7590356,7590356,0,0]
02-18 03:05:08.572 1520 6829 I sysui_multi_action: [757,128,758,1,793,7698505,794,0,795,130941,796,17303299,797,com.android.wifi,798,2,806,android,857,NETWORK_AVAILABLE,858,2,947,0,1395,4,1500,1464,1688,1]
02-18 03:05:08.572 1520 6829 I sysui_multi_action: [757,1501,758,1,793,7698505,794,0,795,130941,796,17303299,797,com.android.wifi,806,android,857,NETWORK_AVAILABLE,858,2,947,0,1500,0,1688,1]
02-18 03:05:08.572 1520 6829 I sysui_multi_action: [757,804,799,note_interruptive,801,0,802,1]
02-18 03:05:08.572 1520 6829 I sysui_multi_action: [757,804,799,note_freshness,801,130941,802,1]
02-18 03:05:08.572 1520 6829 I notification_visibility: [0|android|17303299|com.android.wifi|1000,1,7698505,130941,0,2]
02-18 03:05:08.572 1520 6829 I sysui_multi_action: [757,128,758,1,793,13843,794,0,795,13843,796,2147483644,798,1,806,com.android.deskclock,857,TimerModelNotification,858,3,947,0,1395,4,1500,13638,1688,1,1745,-868672399]
02-18 03:05:08.572 1520 6829 I sysui_multi_action: [757,804,799,note_freshness,801,13843,802,1]
02-18 03:05:08.572 1520 6829 I notification_visibility: [0|com.android.deskclock|2147483644|null|10064,1,13843,13843,0,1]
02-18 03:05:08.573 1520 6829 I sysui_multi_action: [757,128,758,1,793,7699376,794,0,795,7699376,796,32,798,3,806,android,857,USB,858,1,947,0,1395,4,1500,7699018,1688,1]
02-18 03:05:08.573 1520 6829 I sysui_multi_action: [757,804,799,note_freshness,801,7699376,802,1]
02-18 03:05:08.573 1520 6829 I notification_visibility: [-1|android|32|null|1000,1,7699376,7699376,0,3]
02-18 03:05:08.590 2348 2348 I sysui_multi_action: [757,111,758,1]
02-18 03:05:08.590 2348 2348 I sysui_multi_action: [757,126,758,1,759,126,927,0,928,1,1593,0]
02-18 03:05:08.590 2348 2348 I sysui_multi_action: [757,113,758,1,759,113,927,1,928,1,1593,0]
02-18 03:05:08.591 2348 2348 I sysui_multi_action: [757,0,758,1,759,0,927,2,928,0,1593,0]
02-18 03:05:08.591 2348 2348 I sysui_multi_action: [757,0,758,1,759,0,927,3,928,0,1593,0]
02-18 03:05:08.591 2348 2348 I sysui_multi_action: [757,491,758,1,759,491,927,4,928,0,1311,-1,1593,0]
02-18 03:05:08.591 2348 2348 I sysui_multi_action: [757,0,758,1,759,0,927,5,928,0,1593,0]
02-18 03:05:08.591 2348 2348 I sysui_multi_action: [757,111,758,1]
02-18 03:05:08.591 2348 2348 I sysui_multi_action: [757,126,758,1,759,126,927,0,928,1,1593,0]
02-18 03:05:08.591 2348 2348 I sysui_multi_action: [757,113,758,1,759,113,927,1,928,1,1593,0]
02-18 03:05:08.592 2348 2348 I sysui_multi_action: [757,0,758,1,759,0,927,2,928,0,1593,0]
02-18 03:05:08.592 2348 2348 I sysui_multi_action: [757,0,758,1,759,0,927,3,928,0,1593,0]
02-18 03:05:08.593 1520 1821 I input_focus: [Focus leaving recents_animation_input_consumer (server),reason=setFocusedWindow]
02-18 03:05:08.593 1520 1821 I input_focus: [Focus entering 3373de6 NotificationShade (server),reason=setFocusedWindow]
02-18 03:05:08.791 1520 2751 W FreeFormWindowHelper: Current Display FreeFormTask is null
02-18 03:05:08.791 1520 2751 W FreeFormWindowHelper: Current Display FreeFormTask is null
02-18 03:05:08.802 1520 7379 I wm_task_moved: [1,1,6]
02-18 03:05:08.802 1520 7379 I wm_task_moved: [11,1,2147483647]
02-18 03:05:08.802 1520 7379 I wm_task_to_front: [0,11]
02-18 03:05:08.802 1520 7379 I wm_focused_root_task: [0,0,1,84,RecentsAnimation.onAnimationFinished()]
02-18 03:05:08.802 14100 14100 I wm_on_top_resumed_lost_called: [23698237,com.android.deskclock.DeskClock,topStateChangedWhenResumed]
02-18 03:05:08.803 1520 7379 I wm_set_resumed_activity: [0,com.android.launcher3/.uioverrides.QuickstepLauncher,RecentsAnimation.onAnimationFinished()]
02-18 03:05:08.805 1520 7379 I wm_pause_activity: [0,23698237,com.android.deskclock/.DeskClock,userLeaving=true,pauseBackTasks]
02-18 03:05:08.806 1520 7379 I wm_add_to_stopping: [0,23698237,com.android.deskclock/.DeskClock,makeInvisible]
02-18 03:05:08.806 1520 7379 I ActivityTaskManager: FOREGROUND_APPLICATION_CHANGED to com.android.launcher3.uioverrides.QuickstepLauncher
02-18 03:05:08.807 1520 7379 I wm_set_resumed_activity: [0,com.android.launcher3/.uioverrides.QuickstepLauncher,resumeTopActivityInnerLocked]
02-18 03:05:08.810 1520 7379 I wm_resume_activity: [0,58637558,11,com.android.launcher3/.uioverrides.QuickstepLauncher]
02-18 03:05:08.810 2828 2828 I wm_on_resume_called: [58637558,com.android.launcher3.uioverrides.QuickstepLauncher,RESUME_ACTIVITY]
02-18 03:05:08.817 2828 2828 I wm_on_top_resumed_gained_called: [58637558,com.android.launcher3.uioverrides.QuickstepLauncher,topStateChangedWhenResumed]
02-18 03:05:08.822 14100 14100 I wm_on_paused_called: [23698237,com.android.deskclock.DeskClock,performPause]
02-18 03:05:08.826 1520 2751 I wm_stop_activity: [0,23698237,com.android.deskclock/.DeskClock]
02-18 03:05:08.829 1520 1612 I sysui_multi_action: [757,803,799,window_time_0,802,48]
02-18 03:05:08.829 1520 1612 I sysui_multi_action: [757,803,799,window_time_0,802,0]
02-18 03:05:08.839 1520 2286 I GameModeConfig: isGameModeOn = false
02-18 03:05:08.839 1520 2286 I GameModeConfig: isGameModeOn = false
02-18 03:05:08.839 1520 2286 I GameModeConfig: isGameModeOn = false
02-18 03:05:08.839 1520 2286 I GameModeConfig: isGameModeOn = false
02-18 03:05:08.839 1520 2286 I GameModeConfig: isGameModeOn = false
02-18 03:05:08.839 1520 2286 I GameModeConfig: isGameModeOn = false
02-18 03:05:08.841 1520 1520 I notification_enqueue: [10064,14100,com.android.deskclock,2147483645,NULL,0,Notification(channel=TimerModelNotification shortcut=null contentView=com.android.deskclock/0x7f0d0024 vibrate=null sound=null defaults=0x0 flags=0x102 color=0xff1a237e category=alarm groupKey=2 sortKey=0 actions=2 vis=PUBLIC),0]
02-18 03:05:08.842 14100 14100 I wm_on_stop_called: [23698237,com.android.deskclock.DeskClock,STOP_ACTIVITY_ITEM]
02-18 03:05:08.846 1520 1618 I am_pss : [13815,1000,com.qti.diagservices,6032384,3977216,0,91381760,0,10,7]
02-18 03:05:08.863 2537 4260 W ContextImpl: Calling a method in the system process without a qualified user: android.app.ContextImpl.startService:1816 android.content.ContextWrapper.startService:774 com.thundercomm.gamemode.ingame.services.GameModeActionUtils.startGameModeService:111 com.thundercomm.gamemode.ingame.services.GameModeActionUtils.startGameModeEntry:22 com.thundercomm.gamemode.ingame.services.ActivityMonitoringService$1.onActivityLaunch:139
02-18 03:05:08.864 1520 1520 I GameModeConfig: Current uri is uri = content://com.thundercomm.gamemode.api/gamemode_settings/gamemode_isgaming
02-18 03:05:08.866 1520 1520 I GameModeConfig: isGameModeOn = false
02-18 03:05:08.866 1520 1520 I GameModeConfig: isGameModeOn = false
02-18 03:05:08.866 1520 1520 I GameModeConfig: isDisableVoice = true
02-18 03:05:08.920 1520 2751 W FreeFormWindowHelper: Current Display FreeFormTask is null
02-18 03:05:08.931 2537 4260 W ContextImpl: Calling a method in the system process without a qualified user: android.app.ContextImpl.startService:1816 android.content.ContextWrapper.startService:774 com.thundercomm.gamemode.ingame.services.GameModeActionUtils.startGameModeService:111 com.thundercomm.gamemode.ingame.services.GameModeActionUtils.startGameModeEntry:22 com.thundercomm.gamemode.ingame.services.ActivityMonitoringService$1.onActivityLaunch:139
02-18 03:05:08.933 1520 1520 I GameModeConfig: Current uri is uri = content://com.thundercomm.gamemode.api/gamemode_settings/gamemode_isgaming
02-18 03:05:08.935 1520 1520 I GameModeConfig: isGameModeOn = false
02-18 03:05:08.936 1520 1520 I GameModeConfig: isGameModeOn = false
02-18 03:05:08.936 1520 1520 I GameModeConfig: isDisableVoice = true
02-18 03:05:09.043 1520 1520 I sysui_multi_action: [757,1501,758,1,793,205,794,0,795,205,796,2147483645,806,com.android.deskclock,857,TimerModelNotification,858,3,946,2,947,0,1500,0,1641,alarm,1688,1,1745,-868672399]
02-18 03:05:09.044 1520 1520 I sysui_multi_action: [757,804,799,note_interruptive,801,0,802,1]
02-18 03:05:09.044 1520 1520 I GameModeConfig: isGameModeOn = false
02-18 03:05:09.048 1520 1520 W NotificationHistory: Attempted to add notif for locked/gone/disabled user 0
02-18 03:05:09.550 1520 1821 I input_interaction: Interaction with: 3373de6 NotificationShade (server), edge-swipe (server), swipe-up (server), PointerEventDispatcher0 (server),
02-18 03:05:09.599 1520 2751 I sysui_multi_action: [757,128,758,1,793,760,794,0,795,760,796,2147483645,798,1,806,com.android.deskclock,857,TimerModelNotification,858,3,946,2,947,0,1395,5,1500,555,1641,alarm,1688,1,1745,-868672399]
02-18 03:05:09.599 1520 2751 I sysui_multi_action: [757,804,799,note_freshness,801,760,802,1]
02-18 03:05:09.599 1520 2751 I notification_visibility: [0|com.android.deskclock|2147483645|null|10064,1,760,760,0,1]
02-18 03:05:09.636 1520 1602 I sysui_multi_action: [757,128,758,4,793,798,794,38,795,798,796,2147483645,798,0,806,com.android.deskclock,857,TimerModelNotification,858,3,946,2,947,0,1395,5,1500,593,1641,alarm,1688,1,1745,-868672399]
02-18 03:05:09.636 1520 1602 I notification_clicked: [0|com.android.deskclock|2147483645|null|10064,798,798,38,0,5]
02-18 03:05:09.636 1520 1520 I sysui_multi_action: [757,804,799,note_click_longevity,801,0,802,1]
02-18 03:05:09.638 1520 2751 I thunderperf: PlatormCompat.setOverrides: Uid1=10064 Pid1=14100 Uid2=10064 Pid2=14100
02-18 03:05:09.638 1520 2751 I thunderperf: PlatormCompat.setOverrides: needCheck:false
02-18 03:05:09.638 1520 2751 W PackageManager: MATCH_ANY_USER flag requires INTERACT_ACROSS_USERS permission: UID 10064 requires android.permission.INTERACT_ACROSS_USERS_FULL or android.permission.INTERACT_ACROSS_USERS to access user 0.
02-18 03:05:09.639 1520 2751 I ActivityTaskManager: START u0 {flg=0x10000000 cmp=com.android.deskclock/.DeskClock (has extras)} from uid 10064
02-18 03:05:09.639 1520 2751 W NotificationService: Indirect notification activity start (trampoline) from com.android.deskclock, this should be avoided for performance reasons
02-18 03:05:09.640 1520 2751 I wm_task_moved: [84,1,6]
02-18 03:05:09.640 1520 2751 I wm_task_to_front: [0,84]
02-18 03:05:09.641 1520 2751 I wm_focused_root_task: [0,0,84,1,bringingFoundTaskToFront]
02-18 03:05:09.641 2828 2828 I wm_on_top_resumed_lost_called: [58637558,com.android.launcher3.uioverrides.QuickstepLauncher,topStateChangedWhenResumed]
02-18 03:05:09.641 1520 2751 I wm_set_resumed_activity: [0,com.android.deskclock/.DeskClock,bringingFoundTaskToFront]
02-18 03:05:09.642 1520 2751 I wm_new_intent: [0,23698237,84,com.android.deskclock/.DeskClock,android.intent.action.MAIN,NULL,NULL,270532608]
02-18 03:05:09.643 1520 2751 I wm_pause_activity: [0,58637558,com.android.launcher3/.uioverrides.QuickstepLauncher,userLeaving=true,pauseBackTasks]
02-18 03:05:09.648 2828 2828 I wm_on_paused_called: [58637558,com.android.launcher3.uioverrides.QuickstepLauncher,performPause]
02-18 03:05:09.652 1520 2751 I ActivityTaskManager: FOREGROUND_APPLICATION_CHANGED to com.android.deskclock.DeskClock
02-18 03:05:09.656 1520 2751 I wm_set_resumed_activity: [0,com.android.deskclock/.DeskClock,resumeTopActivityInnerLocked]
02-18 03:05:09.657 1520 2751 I wm_add_to_stopping: [0,58637558,com.android.launcher3/.uioverrides.QuickstepLauncher,makeInvisible]
02-18 03:05:09.658 1520 2751 I wm_resume_activity: [0,23698237,84,com.android.deskclock/.DeskClock]
02-18 03:05:09.665 1520 1612 I sysui_multi_action: [757,803,799,window_time_0,802,1]
02-18 03:05:09.665 14100 14100 I wm_on_restart_called: [23698237,com.android.deskclock.DeskClock,performRestartActivity]
02-18 03:05:09.666 2537 4260 W ContextImpl: Calling a method in the system process without a qualified user: android.app.ContextImpl.startService:1816 android.content.ContextWrapper.startService:774 com.thundercomm.gamemode.ingame.services.GameModeActionUtils.startGameModeService:111 com.thundercomm.gamemode.ingame.services.GameModeActionUtils.startGameModeEntry:22 com.thundercomm.gamemode.ingame.services.ActivityMonitoringService$1.onActivityLaunch:139
02-18 03:05:09.667 14100 14100 I wm_on_start_called: [23698237,com.android.deskclock.DeskClock,handleStartActivity]
02-18 03:05:09.668 14100 14100 I wm_on_resume_called: [23698237,com.android.deskclock.DeskClock,RESUME_ACTIVITY]
02-18 03:05:09.668 1520 1520 I sysui_multi_action: [757,128,758,5,759,8,793,830,794,70,795,830,796,2147483645,806,com.android.deskclock,857,TimerModelNotification,858,3,946,2,947,0,1500,625,1641,alarm,1688,1,1745,-868672399]
02-18 03:05:09.668 1520 1520 I notification_canceled: [0|com.android.deskclock|2147483645|null|10064,8,830,830,70,-1,-1,NULL]
02-18 03:05:09.669 1520 1520 I GameModeConfig: Current uri is uri = content://com.thundercomm.gamemode.api/gamemode_settings/gamemode_isgaming
02-18 03:05:09.670 1520 1520 I GameModeConfig: isGameModeOn = false
02-18 03:05:09.671 14100 14100 I wm_on_top_resumed_gained_called: [23698237,com.android.deskclock.DeskClock,topWhenResuming]
02-18 03:05:09.671 1520 1520 I GameModeConfig: isGameModeOn = false
02-18 03:05:09.671 1520 1520 I GameModeConfig: isDisableVoice = true
02-18 03:05:09.702 1520 1608 I sysui_multi_action: [319,58,322,56,325,7723,757,761,758,9,759,2,806,com.android.deskclock,871,com.android.deskclock.DeskClock,904,com.android.launcher3,905,0,1320,4,1321,1]
02-18 03:05:09.762 1520 2751 W FreeFormWindowHelper: Current Display FreeFormTask is null
02-18 03:05:09.767 2537 4260 W ContextImpl: Calling a method in the system process without a qualified user: android.app.ContextImpl.startService:1816 android.content.ContextWrapper.startService:774 com.thundercomm.gamemode.ingame.services.GameModeActionUtils.startGameModeService:111 com.thundercomm.gamemode.ingame.services.GameModeActionUtils.startGameModeEntry:22 com.thundercomm.gamemode.ingame.services.ActivityMonitoringService$1.onActivityLaunch:139
02-18 03:05:09.771 1520 1520 I GameModeConfig: Current uri is uri = content://com.thundercomm.gamemode.api/gamemode_settings/gamemode_isgaming
02-18 03:05:09.773 1520 1520 I GameModeConfig: isGameModeOn = false
02-18 03:05:09.773 1520 1520 I GameModeConfig: isGameModeOn = false
02-18 03:05:09.773 1520 1520 I GameModeConfig: isDisableVoice = true
02-18 03:05:10.237 1520 1612 I wm_stop_activity: [0,58637558,com.android.launcher3/.uioverrides.QuickstepLauncher]
02-18 03:05:10.241 1520 2286 I GameModeConfig: isGameModeOn = false
02-18 03:05:10.241 1520 2286 I GameModeConfig: isGameModeOn = false
02-18 03:05:10.241 1520 2286 I GameModeConfig: isGameModeOn = false
02-18 03:05:10.241 1520 2286 I GameModeConfig: isGameModeOn = false
02-18 03:05:10.241 1520 2286 I GameModeConfig: isGameModeOn = false
02-18 03:05:10.242 1520 2286 I GameModeConfig: isGameModeOn = false
02-18 03:05:10.243 1520 1520 I notification_enqueue: [10079,2348,com.android.systemui,2048,NULL,0,Notification(channel=updateNotification shortcut=null contentView=null vibrate=null sound=null defaults=0x0 flags=0x0 color=0x00000000 vis=PRIVATE),1]
02-18 03:05:10.244 2348 2348 I sysui_multi_action: [757,111,758,2]
02-18 03:05:10.244 2348 2348 I sysui_multi_action: [757,111,758,2]
02-18 03:05:10.255 1520 1613 I input_focus: [Focus request 4f5abc com.android.deskclock/com.android.deskclock.DeskClock,reason=UpdateInputWindows]
02-18 03:05:10.265 2828 2828 I wm_on_stop_called: [58637558,com.android.launcher3.uioverrides.QuickstepLauncher,STOP_ACTIVITY_ITEM]
02-18 03:05:10.265 1520 1821 I input_focus: [Focus leaving 3373de6 NotificationShade (server),reason=NOT_FOCUSABLE]
02-18 03:05:10.265 1520 1821 I input_focus: [Focus entering 4f5abc com.android.deskclock/com.android.deskclock.DeskClock (server),reason=setFocusedWindow]
02-18 03:05:10.269 1520 6829 I sysui_multi_action: [757,128,758,2,793,7592054,794,1698,795,7592054,796,26,798,0,806,android,857,DEVELOPER_IMPORTANT,858,4,947,0,1395,4,1500,7591848,1688,1]
02-18 03:05:10.269 1520 6829 I notification_visibility: [-1|android|26|null|1000,0,7592054,7592054,0,0]
02-18 03:05:10.269 1520 6829 I sysui_multi_action: [757,128,758,2,793,7700202,794,1697,795,132638,796,17303299,797,com.android.wifi,798,2,806,android,857,NETWORK_AVAILABLE,858,2,947,0,1395,4,1500,1697,1688,1]
02-18 03:05:10.269 1520 6829 I notification_visibility: [0|android|17303299|com.android.wifi|1000,0,7700202,132638,0,2]
02-18 03:05:10.269 1520 6829 I sysui_multi_action: [757,128,758,2,793,15540,794,1697,795,15540,796,2147483644,798,1,806,com.android.deskclock,857,TimerModelNotification,858,3,947,0,1395,4,1500,15335,1688,1,1745,-868672399]
02-18 03:05:10.270 1520 6829 I notification_visibility: [0|com.android.deskclock|2147483644|null|10064,0,15540,15540,0,1]
02-18 03:05:10.270 1520 6829 I sysui_multi_action: [757,128,758,2,793,7701073,794,1697,795,7701073,796,32,798,3,806,android,857,USB,858,1,947,0,1395,4,1500,7700715,1688,1]
02-18 03:05:10.270 1520 6829 I notification_visibility: [-1|android|32|null|1000,0,7701073,7701073,0,3]
02-18 03:05:10.272 1520 2746 I sysui_multi_action: [757,127,758,2]
02-18 03:05:10.272 1520 2746 I notification_panel_hidden:
02-18 03:05:10.287 2537 4260 W ContextImpl: Calling a method in the system process without a qualified user: android.app.ContextImpl.startService:1816 android.content.ContextWrapper.startService:774 com.thundercomm.gamemode.ingame.services.GameModeActionUtils.startGameModeService:111 com.thundercomm.gamemode.ingame.services.GameModeActionUtils.startGameModeEntry:22 com.thundercomm.gamemode.ingame.services.ActivityMonitoringService$1.onActivityLaunch:139
02-18 03:05:10.292 1520 1520 I GameModeConfig: Current uri is uri = content://com.thundercomm.gamemode.api/gamemode_settings/gamemode_isgaming
02-18 03:05:10.293 1520 1520 I GameModeConfig: isGameModeOn = false
02-18 03:05:10.293 1520 1520 I GameModeConfig: isGameModeOn = false
02-18 03:05:10.293 1520 1520 I GameModeConfig: isDisableVoice = true
02-18 03:05:10.446 1520 1520 I GameModeConfig: isGameModeOn = false
02-18 03:05:10.674 1520 1821 I input_interaction: Interaction with: 4f5abc com.android.deskclock/com.android.deskclock.DeskClock (server), edge-swipe (server), swipe-up (server), PointerEventDispatcher0 (server),
02-18 03:05:10.686 1520 2746 W FreeFormWindowHelper: Current Display FreeFormTask is null
02-18 03:05:10.686 1520 7379 I wm_task_moved: [1,0,0]
02-18 03:05:10.687 1520 7379 I wm_task_moved: [1,0,5]
02-18 03:05:10.700 14100 14100 I view_enqueue_input_event: [Motion - Cancel,com.android.deskclock/com.android.deskclock.DeskClock]
02-18 03:05:10.707 1520 1613 I input_focus: [Focus request recents_animation_input_consumer,reason=UpdateInputWindows]
02-18 03:05:10.709 2537 4260 W ContextImpl: Calling a method in the system process without a qualified user: android.app.ContextImpl.startService:1816 android.content.ContextWrapper.startService:774 com.thundercomm.gamemode.ingame.services.GameModeActionUtils.startGameModeService:111 com.thundercomm.gamemode.ingame.services.GameModeActionUtils.startGameModeEntry:22 com.thundercomm.gamemode.ingame.services.ActivityMonitoringService$1.onActivityLaunch:139
02-18 03:05:10.711 1520 1520 I GameModeConfig: Current uri is uri = content://com.thundercomm.gamemode.api/gamemode_settings/gamemode_isgaming
02-18 03:05:10.713 1520 1520 I GameModeConfig: isGameModeOn = false
02-18 03:05:10.714 1520 1520 I GameModeConfig: isGameModeOn = false
02-18 03:05:10.714 1520 1520 I GameModeConfig: isDisableVoice = true
02-18 03:05:10.715 2828 2828 I wm_on_restart_called: [58637558,com.android.launcher3.uioverrides.QuickstepLauncher,performRestartActivity]
02-18 03:05:10.719 1520 1821 I input_interaction: Interaction with: edge-swipe (server), swipe-up (server), PointerEventDispatcher0 (server),
02-18 03:05:10.719 1520 6829 W FreeFormWindowHelper: Current Display FreeFormTask is null
02-18 03:05:10.720 1520 6829 W FreeFormWindowHelper: Current Display FreeFormTask is null
02-18 03:05:10.730 1520 1821 I input_focus: [Focus leaving 4f5abc com.android.deskclock/com.android.deskclock.DeskClock (server),reason=NOT_FOCUSABLE]
02-18 03:05:10.730 1520 1821 I input_focus: [Focus entering recents_animation_input_consumer (server),reason=setFocusedWindow]
02-18 03:05:10.740 2828 2828 I wm_on_start_called: [58637558,com.android.launcher3.uioverrides.QuickstepLauncher,handleStartActivity]
02-18 03:05:10.740 1520 7379 W ActivityTaskManager: getTaskSnapshot: taskId=1084 not found
02-18 03:05:10.741 1520 7379 W ActivityTaskManager: getTaskSnapshot: taskId=2084 not found
02-18 03:05:10.743 1520 6829 W ActivityTaskManager: getTaskSnapshot: taskId=3084 not found
02-18 03:05:10.744 1520 7379 W ActivityTaskManager: getTaskSnapshot: taskId=4084 not found
02-18 03:05:10.745 1520 7379 W FreeFormWindowHelper: Current Display FreeFormTask is null
02-18 03:05:10.745 1520 7379 W FreeFormWindowHelper: Current Display FreeFormTask is null
02-18 03:05:10.746 2828 2828 I sysui_latency: [1,71]
02-18 03:05:10.751 1520 2751 W FreeFormWindowHelper: Current Display FreeFormTask is null
02-18 03:05:10.752 1520 2751 W FreeFormWindowHelper: Current Display FreeFormTask is null
02-18 03:05:10.752 1520 2751 W FreeFormWindowHelper: Current Display FreeFormTask is null
02-18 03:05:10.760 1520 1608 I sysui_multi_action: [319,13,322,68,325,7724,757,761,758,9,759,5,806,com.android.launcher3,871,com.android.launcher3.uioverrides.QuickstepLauncher,905,0,1320,4,1321,1]
02-18 03:05:10.761 1520 6829 W ActivityTaskManager: getTaskSnapshot: taskId=1084 not found
02-18 03:05:10.761 1520 6829 W ActivityTaskManager: getTaskSnapshot: taskId=2084 not found
02-18 03:05:10.761 1520 6829 W ActivityTaskManager: getTaskSnapshot: taskId=3084 not found
02-18 03:05:10.761 1520 6829 W ActivityTaskManager: getTaskSnapshot: taskId=4084 not found
02-18 03:05:10.761 1520 6829 W ActivityTaskManager: getTaskSnapshot: taskId=5084 not found
02-18 03:05:10.762 1520 6829 W FreeFormWindowHelper: Current Display FreeFormTask is null
02-18 03:05:10.762 1520 6829 W FreeFormWindowHelper: Current Display FreeFormTask is null
02-18 03:05:10.779 1520 2746 W FreeFormWindowHelper: Current Display FreeFormTask is null
02-18 03:05:10.780 1520 2746 W FreeFormWindowHelper: Current Display FreeFormTask is null
02-18 03:05:10.942 1520 1768 I commit_sys_config_file: [settings-1-0,4]
02-18 03:05:11.014 1520 2746 W FreeFormWindowHelper: Current Display FreeFormTask is null
02-18 03:05:11.014 1520 2746 W FreeFormWindowHelper: Current Display FreeFormTask is null
02-18 03:05:11.015 1520 7379 W FreeFormWindowHelper: Current Display FreeFormTask is null
02-18 03:05:11.057 1520 1618 I sysui_latency: [8,77]
02-18 03:05:11.174 1520 2286 I GameModeConfig: isGameModeOn = false
02-18 03:05:11.175 1520 2286 I GameModeConfig: isGameModeOn = false
02-18 03:05:11.176 1520 2286 I GameModeConfig: isGameModeOn = false
02-18 03:05:11.176 1520 2286 I GameModeConfig: isGameModeOn = false
02-18 03:05:11.176 1520 2286 I GameModeConfig: isGameModeOn = false
02-18 03:05:11.176 1520 2286 I GameModeConfig: isGameModeOn = false
02-18 03:05:11.178 1520 1520 I notification_enqueue: [10064,14100,com.android.deskclock,2147483644,NULL,0,Notification(channel=TimerModelNotification shortcut=null contentView=com.android.deskclock/0x7f0d0024 vibrate=null sound=null defaults=0x0 flags=0x1c2 color=0xff1a237e actions=1 vis=PRIVATE),1]
02-18 03:05:11.336 1520 7379 I wm_task_moved: [1,1,6]
02-18 03:05:11.337 1520 7379 I wm_focused_root_task: [0,0,1,84,RecentsAnimation.onAnimationFinished()]
02-18 03:05:11.340 1520 7379 I wm_pause_activity: [0,23698237,com.android.deskclock/.DeskClock,userLeaving=false,pauseBackTasks]
02-18 03:05:11.341 1520 7379 I ActivityTaskManager: FOREGROUND_APPLICATION_CHANGED to com.android.launcher3.uioverrides.QuickstepLauncher
02-18 03:05:11.342 1520 7379 I wm_set_resumed_activity: [0,com.android.launcher3/.uioverrides.QuickstepLauncher,resumeTopActivityInnerLocked]
02-18 03:05:11.343 1520 7379 I wm_resume_activity: [0,58637558,11,com.android.launcher3/.uioverrides.QuickstepLauncher]
02-18 03:05:11.344 1520 7379 I wm_add_to_stopping: [0,23698237,com.android.deskclock/.DeskClock,makeInvisible]
02-18 03:05:11.347 2828 2828 I wm_on_resume_called: [58637558,com.android.launcher3.uioverrides.QuickstepLauncher,RESUME_ACTIVITY]
02-18 03:05:11.347 14100 14100 I wm_on_top_resumed_lost_called: [23698237,com.android.deskclock.DeskClock,topStateChangedWhenResumed]
02-18 03:05:11.356 1520 1613 I input_focus: [Focus request ea4c11d com.android.launcher3/com.android.launcher3.uioverrides.QuickstepLauncher,reason=UpdateInputWindows]
02-18 03:05:11.357 1520 1612 I sysui_multi_action: [757,803,799,window_time_0,802,1]
02-18 03:05:11.359 14100 14100 I wm_on_paused_called: [23698237,com.android.deskclock.DeskClock,performPause]
02-18 03:05:11.360 1520 2746 W FreeFormWindowHelper: Current Display FreeFormTask is null
02-18 03:05:11.361 1520 2746 W FreeFormWindowHelper: Current Display FreeFormTask is null
02-18 03:05:11.362 1520 7379 W FreeFormWindowHelper: Current Display FreeFormTask is null
02-18 03:05:11.366 1520 1821 I input_focus: [Focus leaving recents_animation_input_consumer (server),reason=NOT_VISIBLE]
02-18 03:05:11.366 1520 1821 I input_focus: [Focus entering ea4c11d com.android.launcher3/com.android.launcher3.uioverrides.QuickstepLauncher (server),reason=setFocusedWindow]
02-18 03:05:11.369 1520 1612 I wm_stop_activity: [0,23698237,com.android.deskclock/.DeskClock]
02-18 03:05:11.371 1520 1612 I sysui_multi_action: [757,803,799,window_time_0,802,0]
02-18 03:05:11.373 14100 14100 I wm_on_stop_called: [23698237,com.android.deskclock.DeskClock,STOP_ACTIVITY_ITEM]
02-18 03:05:11.379 1520 1520 I GameModeConfig: isGameModeOn = false
02-18 03:05:11.382 2828 2828 I wm_on_top_resumed_gained_called: [58637558,com.android.launcher3.uioverrides.QuickstepLauncher,topStateChangedWhenResumed]
02-18 03:05:11.384 1520 2751 W FreeFormWindowHelper: Current Display FreeFormTask is null
02-18 03:05:11.384 1520 2751 W FreeFormWindowHelper: Current Display FreeFormTask is null
02-18 03:05:11.405 2537 4260 W ContextImpl: Calling a method in the system process without a qualified user: android.app.ContextImpl.startService:1816 android.content.ContextWrapper.startService:774 com.thundercomm.gamemode.ingame.services.GameModeActionUtils.startGameModeService:111 com.thundercomm.gamemode.ingame.services.GameModeActionUtils.startGameModeEntry:22 com.thundercomm.gamemode.ingame.services.ActivityMonitoringService$1.onActivityLaunch:139
02-18 03:05:11.409 1520 1520 I GameModeConfig: Current uri is uri = content://com.thundercomm.gamemode.api/gamemode_settings/gamemode_isgaming
02-18 03:05:11.412 1520 1520 I GameModeConfig: isGameModeOn = false
02-18 03:05:11.412 1520 1520 I GameModeConfig: isGameModeOn = false
02-18 03:05:11.412 1520 1520 I GameModeConfig: isDisableVoice = true
02-18 03:05:11.459 1520 6829 W FreeFormWindowHelper: Current Display FreeFormTask is null
02-18 03:05:11.465 2537 4260 W ContextImpl: Calling a method in the system process without a qualified user: android.app.ContextImpl.startService:1816 android.content.ContextWrapper.startService:774 com.thundercomm.gamemode.ingame.services.GameModeActionUtils.startGameModeService:111 com.thundercomm.gamemode.ingame.services.GameModeActionUtils.startGameModeEntry:22 com.thundercomm.gamemode.ingame.services.ActivityMonitoringService$1.onActivityLaunch:139
02-18 03:05:11.470 1520 1520 I GameModeConfig: Current uri is uri = content://com.thundercomm.gamemode.api/gamemode_settings/gamemode_isgaming
02-18 03:05:11.472 1520 1520 I GameModeConfig: isGameModeOn = false
02-18 03:05:11.472 1520 1520 I GameModeConfig: isGameModeOn = false
02-18 03:05:11.472 1520 1520 I GameModeConfig: isDisableVoice = true
02-18 03:05:11.579 1520 1768 I commit_sys_config_file: [settings-1-0,4]
02-18 03:05:11.951 1520 1821 I input_interaction: Interaction with: ea4c11d com.android.launcher3/com.android.launcher3.uioverrides.QuickstepLauncher (server), d73543 com.android.systemui.ImageWallpaper (server), edge-swipe (server), swipe-up (server), PointerEventDispatcher0 (server),
02-18 03:05:12.034 1520 6101 I wm_task_moved: [1,1,6]
02-18 03:05:12.035 1520 6101 I wm_set_resumed_activity: [0,com.android.launcher3/.uioverrides.QuickstepLauncher,positionChildAt]
02-18 03:05:12.036 1520 6101 I wm_task_moved: [84,1,6]
02-18 03:05:12.036 1520 6101 I wm_focused_root_task: [0,0,84,1,moveTaskToFront findTaskToMoveToFront]
02-18 03:05:12.036 1520 6101 I wm_set_resumed_activity: [0,com.android.deskclock/.DeskClock,moveTaskToFront findTaskToMoveToFront]
02-18 03:05:12.037 1520 6101 I wm_pause_activity: [0,58637558,com.android.launcher3/.uioverrides.QuickstepLauncher,userLeaving=true,pauseBackTasks]
02-18 03:05:12.044 2828 2828 I wm_on_top_resumed_lost_called: [58637558,com.android.launcher3.uioverrides.QuickstepLauncher,topStateChangedWhenResumed]
02-18 03:05:12.045 2828 2828 I wm_on_paused_called: [58637558,com.android.launcher3.uioverrides.QuickstepLauncher,performPause]
02-18 03:05:12.048 1520 6101 I ActivityTaskManager: FOREGROUND_APPLICATION_CHANGED to com.android.deskclock.DeskClock
02-18 03:05:12.049 1520 6101 I wm_set_resumed_activity: [0,com.android.deskclock/.DeskClock,resumeTopActivityInnerLocked]
02-18 03:05:12.050 1520 6101 I wm_add_to_stopping: [0,58637558,com.android.launcher3/.uioverrides.QuickstepLauncher,makeInvisible]
02-18 03:05:12.051 1520 6101 I wm_resume_activity: [0,23698237,84,com.android.deskclock/.DeskClock]
02-18 03:05:12.064 1520 1612 I sysui_multi_action: [757,803,799,window_time_0,802,1]
02-18 03:05:12.067 1520 1821 I input_focus: [Focus leaving ea4c11d com.android.launcher3/com.android.launcher3.uioverrides.QuickstepLauncher (server),reason=NO_WINDOW]
02-18 03:05:12.071 14100 14100 I wm_on_restart_called: [23698237,com.android.deskclock.DeskClock,performRestartActivity]
02-18 03:05:12.074 14100 14100 I wm_on_start_called: [23698237,com.android.deskclock.DeskClock,handleStartActivity]
02-18 03:05:12.074 14100 14100 I wm_on_resume_called: [23698237,com.android.deskclock.DeskClock,RESUME_ACTIVITY]
02-18 03:05:12.077 14100 14100 I wm_on_top_resumed_gained_called: [23698237,com.android.deskclock.DeskClock,topWhenResuming]
02-18 03:05:12.077 2537 4260 W ContextImpl: Calling a method in the system process without a qualified user: android.app.ContextImpl.startService:1816 android.content.ContextWrapper.startService:774 com.thundercomm.gamemode.ingame.services.GameModeActionUtils.startGameModeService:111 com.thundercomm.gamemode.ingame.services.GameModeActionUtils.startGameModeEntry:22 com.thundercomm.gamemode.ingame.services.ActivityMonitoringService$1.onActivityLaunch:139
02-18 03:05:12.080 1520 1520 I GameModeConfig: Current uri is uri = content://com.thundercomm.gamemode.api/gamemode_settings/gamemode_isgaming
02-18 03:05:12.082 1520 1520 I GameModeConfig: isGameModeOn = false
02-18 03:05:12.082 1520 1520 I GameModeConfig: isGameModeOn = false
02-18 03:05:12.082 1520 1520 I GameModeConfig: isDisableVoice = true
02-18 03:05:12.089 1520 1613 I input_focus: [Focus request 4f5abc com.android.deskclock/com.android.deskclock.DeskClock,reason=UpdateInputWindows]
02-18 03:05:12.106 1520 1608 I sysui_multi_action: [319,26,321,21,322,67,325,7725,757,761,758,9,759,4,806,com.android.deskclock,871,com.android.deskclock.DeskClock,904,com.android.launcher3,905,0,1320,4,1321,1]
02-18 03:05:12.118 1520 1821 I input_focus: [Focus entering 4f5abc com.android.deskclock/com.android.deskclock.DeskClock (server),reason=setFocusedWindow]
02-18 03:05:12.154 1520 2746 W FreeFormWindowHelper: Current Display FreeFormTask is null
02-18 03:05:12.158 2537 4260 W ContextImpl: Calling a method in the system process without a qualified user: android.app.ContextImpl.startService:1816 android.content.ContextWrapper.startService:774 com.thundercomm.gamemode.ingame.services.GameModeActionUtils.startGameModeService:111 com.thundercomm.gamemode.ingame.services.GameModeActionUtils.startGameModeEntry:22 com.thundercomm.gamemode.ingame.services.ActivityMonitoringService$1.onActivityLaunch:139
02-18 03:05:12.161 1520 1520 I GameModeConfig: Current uri is uri = content://com.thundercomm.gamemode.api/gamemode_settings/gamemode_isgaming
02-18 03:05:12.163 1520 1520 I GameModeConfig: isGameModeOn = false
02-18 03:05:12.163 1520 1520 I GameModeConfig: isGameModeOn = false
02-18 03:05:12.163 1520 1520 I GameModeConfig: isDisableVoice = true
02-18 03:05:12.421 1520 1612 I wm_stop_activity: [0,58637558,com.android.launcher3/.uioverrides.QuickstepLauncher]
02-18 03:05:12.439 1520 1602 W FreeFormWindowHelper: Current Display FreeFormTask is null
02-18 03:05:12.439 1520 1602 W FreeFormWindowHelper: Current Display FreeFormTask is null
02-18 03:05:12.443 1520 1602 W FreeFormWindowHelper: exitRecentTasks type=0
02-18 03:05:12.450 2828 2828 I wm_on_stop_called: [58637558,com.android.launcher3.uioverrides.QuickstepLauncher,STOP_ACTIVITY_ITEM]
02-18 03:05:12.462 2537 4260 W ContextImpl: Calling a method in the system process without a qualified user: android.app.ContextImpl.startService:1816 android.content.ContextWrapper.startService:774 com.thundercomm.gamemode.ingame.services.GameModeActionUtils.startGameModeService:111 com.thundercomm.gamemode.ingame.services.GameModeActionUtils.startGameModeEntry:22 com.thundercomm.gamemode.ingame.services.ActivityMonitoringService$1.onActivityLaunch:139
02-18 03:05:12.465 1520 1520 I GameModeConfig: Current uri is uri = content://com.thundercomm.gamemode.api/gamemode_settings/gamemode_isgaming
02-18 03:05:12.467 1520 1520 I GameModeConfig: isGameModeOn = false
02-18 03:05:12.467 1520 1520 I GameModeConfig: isGameModeOn = false
02-18 03:05:12.467 1520 1520 I GameModeConfig: isDisableVoice = true
02-18 03:05:12.541 1520 1821 I input_interaction: Interaction with: 4f5abc com.android.deskclock/com.android.deskclock.DeskClock (server), edge-swipe (server), swipe-up (server), PointerEventDispatcher0 (server),
02-18 03:05:13.167 1520 3839 E TaskPersister: File error accessing recents directory (directory doesn't exist?).
02-18 03:05:13.353 1520 1602 W FreeFormWindowHelper: Current Display FreeFormTask is null
02-18 03:05:13.354 1520 6829 I wm_task_moved: [1,0,0]
02-18 03:05:13.355 1520 6829 I wm_task_moved: [1,0,5]
02-18 03:05:13.367 14100 14100 I view_enqueue_input_event: [Motion - Cancel,com.android.deskclock/com.android.deskclock.DeskClock]
02-18 03:05:13.376 1520 1613 I input_focus: [Focus request recents_animation_input_consumer,reason=UpdateInputWindows]
02-18 03:05:13.380 2537 4260 W ContextImpl: Calling a method in the system process without a qualified user: android.app.ContextImpl.startService:1816 android.content.ContextWrapper.startService:774 com.thundercomm.gamemode.ingame.services.GameModeActionUtils.startGameModeService:111 com.thundercomm.gamemode.ingame.services.GameModeActionUtils.startGameModeEntry:22 com.thundercomm.gamemode.ingame.services.ActivityMonitoringService$1.onActivityLaunch:139
02-18 03:05:13.381 1520 1821 I input_interaction: Interaction with: edge-swipe (server), swipe-up (server), PointerEventDispatcher0 (server),
02-18 03:05:13.382 1520 1520 I GameModeConfig: Current uri is uri = content://com.thundercomm.gamemode.api/gamemode_settings/gamemode_isgaming
02-18 03:05:13.384 1520 1520 I GameModeConfig: isGameModeOn = false
02-18 03:05:13.384 1520 1520 I GameModeConfig: isGameModeOn = false
02-18 03:05:13.384 1520 1520 I GameModeConfig: isDisableVoice = true
02-18 03:05:13.388 2828 2828 I wm_on_restart_called: [58637558,com.android.launcher3.uioverrides.QuickstepLauncher,performRestartActivity]
02-18 03:05:13.389 1520 9451 W FreeFormWindowHelper: Current Display FreeFormTask is null
02-18 03:05:13.389 1520 9451 W FreeFormWindowHelper: Current Display FreeFormTask is null
02-18 03:05:13.389 1520 9451 W FreeFormWindowHelper: Current Display FreeFormTask is null
01-05 12:04:06.178 0 0 E DTC_ETH,link_delay_work_func: 3003, SQI=0, link=0
02-18 03:05:13.403 1520 1821 I input_focus: [Focus leaving 4f5abc com.android.deskclock/com.android.deskclock.DeskClock (server),reason=NOT_FOCUSABLE]
02-18 03:05:13.403 1520 1821 I input_focus: [Focus entering recents_animation_input_consumer (server),reason=setFocusedWindow]
02-18 03:05:13.407 2828 2828 I wm_on_start_called: [58637558,com.android.launcher3.uioverrides.QuickstepLauncher,handleStartActivity]
02-18 03:05:13.407 1520 2746 W FreeFormWindowHelper: Current Display FreeFormTask is null
02-18 03:05:13.412 1520 9451 W ActivityTaskManager: getTaskSnapshot: taskId=1084 not found
02-18 03:05:13.414 1520 9451 W ActivityTaskManager: getTaskSnapshot: taskId=2084 not found
02-18 03:05:13.415 1520 9451 W ActivityTaskManager: getTaskSnapshot: taskId=3084 not found
02-18 03:05:13.416 1520 9451 W FreeFormWindowHelper: Current Display FreeFormTask is null
02-18 03:05:13.416 1520 9451 W FreeFormWindowHelper: Current Display FreeFormTask is null
02-18 03:05:13.416 1520 9451 W ActivityTaskManager: getTaskSnapshot: taskId=4084 not found
02-18 03:05:13.417 2828 2828 I sysui_latency: [1,74]
02-18 03:05:13.418 1520 9451 W ActivityTaskManager: getTaskSnapshot: taskId=1084 not found
02-18 03:05:13.418 1520 9451 W ActivityTaskManager: getTaskSnapshot: taskId=2084 not found
02-18 03:05:13.418 1520 9451 W ActivityTaskManager: getTaskSnapshot: taskId=3084 not found
02-18 03:05:13.419 1520 9451 W ActivityTaskManager: getTaskSnapshot: taskId=4084 not found
02-18 03:05:13.420 1520 9451 W ActivityTaskManager: getTaskSnapshot: taskId=5084 not found
02-18 03:05:13.431 1520 1608 I sysui_multi_action: [319,13,322,69,325,7726,757,761,758,9,759,5,806,com.android.launcher3,871,com.android.launcher3.uioverrides.QuickstepLauncher,905,0,1320,4,1321,1]
02-18 03:05:13.436 1520 9451 W FreeFormWindowHelper: Current Display FreeFormTask is null
02-18 03:05:13.436 1520 9451 W FreeFormWindowHelper: Current Display FreeFormTask is null
02-18 03:05:13.470 1520 9451 W FreeFormWindowHelper: exitRecentTasks type=0
02-18 03:05:13.475 1520 6829 W FreeFormWindowHelper: Current Display FreeFormTask is null
02-18 03:05:13.475 1520 6829 W FreeFormWindowHelper: Current Display FreeFormTask is null
02-18 03:05:13.614 1520 1768 I commit_sys_config_file: [settings-1-0,8]
02-18 03:05:13.725 1520 1618 I sysui_latency: [8,77]
02-18 03:05:13.781 1520 1821 I input_interaction: Interaction with: ae306c3 StatusBar (server), edge-swipe (server), swipe-up (server), PointerEventDispatcher0 (server),
02-18 03:05:13.785 2348 2348 I sysui_multi_action: [757,803,799,panel_open,802,1]
02-18 03:05:13.786 2348 2348 I sysui_multi_action: [757,1328,758,4,1326,58,1327,5,1329,0]
02-18 03:05:13.823 1520 1602 I sysui_multi_action: [757,127,758,1]
02-18 03:05:13.824 1520 1602 I sysui_multi_action: [757,804,799,note_load,801,4,802,1]
02-18 03:05:13.824 1520 1602 I notification_panel_revealed: 4
02-18 03:05:13.834 1520 1613 I input_focus: [Focus request 3373de6 NotificationShade,reason=UpdateInputWindows]
02-18 03:05:13.843 1520 9451 I sysui_multi_action: [757,128,758,1,793,7595627,794,0,795,7595627,796,26,798,0,806,android,857,DEVELOPER_IMPORTANT,858,4,947,0,1395,4,1500,7595421,1688,1]
02-18 03:05:13.843 1520 9451 I sysui_multi_action: [757,804,799,note_freshness,801,7595627,802,1]
02-18 03:05:13.843 1520 9451 I notification_visibility: [-1|android|26|null|1000,1,7595627,7595627,0,0]
02-18 03:05:13.843 1520 9451 I sysui_multi_action: [757,128,758,1,793,7703776,794,0,795,136212,796,17303299,797,com.android.wifi,798,2,806,android,857,NETWORK_AVAILABLE,858,2,947,0,1395,4,1500,5271,1688,1]
02-18 03:05:13.845 1520 9451 I sysui_multi_action: [757,1501,758,1,793,7703778,794,2,795,136214,796,17303299,797,com.android.wifi,806,android,857,NETWORK_AVAILABLE,858,2,947,0,1500,0,1688,1]
02-18 03:05:13.845 1520 9451 I sysui_multi_action: [757,804,799,note_interruptive,801,0,802,1]
02-18 03:05:13.845 1520 9451 I sysui_multi_action: [757,804,799,note_freshness,801,136212,802,1]
02-18 03:05:13.845 1520 9451 I notification_visibility: [0|android|17303299|com.android.wifi|1000,1,7703776,136212,0,2]
02-18 03:05:13.846 1520 9451 I sysui_multi_action: [757,128,758,1,793,19117,794,0,795,2670,796,2147483644,798,1,806,com.android.deskclock,857,TimerModelNotification,858,3,947,0,1395,4,1500,2670,1688,1,1745,-868672399]
02-18 03:05:13.846 1520 9451 I sysui_multi_action: [757,804,799,note_freshness,801,2670,802,1]
02-18 03:05:13.846 1520 9451 I notification_visibility: [0|com.android.deskclock|2147483644|null|10064,1,19117,2670,0,1]
02-18 03:05:13.847 1520 9451 I sysui_multi_action: [757,128,758,1,793,7704650,794,0,795,7704650,796,32,798,3,806,android,857,USB,858,1,947,0,1395,4,1500,7704292,1688,1]
02-18 03:05:13.847 1520 9451 I sysui_multi_action: [757,804,799,note_freshness,801,7704650,802,1]
02-18 03:05:13.847 1520 9451 I notification_visibility: [-1|android|32|null|1000,1,7704650,7704650,0,3]
02-18 03:05:13.855 2348 2348 I sysui_multi_action: [757,111,758,1]
02-18 03:05:13.856 2348 2348 I sysui_multi_action: [757,126,758,1,759,126,927,0,928,1,1593,1]
02-18 03:05:13.856 2348 2348 I sysui_multi_action: [757,113,758,1,759,113,927,1,928,1,1593,1]
02-18 03:05:13.856 2348 2348 I sysui_multi_action: [757,0,758,1,759,0,927,2,928,0,1593,1]
02-18 03:05:13.856 2348 2348 I sysui_multi_action: [757,0,758,1,759,0,927,3,928,0,1593,1]
02-18 03:05:13.856 2348 2348 I sysui_multi_action: [757,491,758,1,759,491,927,4,928,0,1311,-1,1593,0]
02-18 03:05:13.857 2348 2348 I sysui_multi_action: [757,0,758,1,759,0,927,5,928,0,1593,0]
02-18 03:05:13.857 2348 2348 I sysui_multi_action: [757,111,758,1]
02-18 03:05:13.857 1520 1821 I input_focus: [Focus leaving recents_animation_input_consumer (server),reason=setFocusedWindow]
02-18 03:05:13.857 1520 1821 I input_focus: [Focus entering 3373de6 NotificationShade (server),reason=setFocusedWindow]
02-18 03:05:13.857 2348 2348 I sysui_multi_action: [757,126,758,1,759,126,927,0,928,1,1593,1]
02-18 03:05:13.857 2348 2348 I sysui_multi_action: [757,113,758,1,759,113,927,1,928,1,1593,1]
02-18 03:05:13.857 2348 2348 I sysui_multi_action: [757,0,758,1,759,0,927,2,928,0,1593,1]
02-18 03:05:13.857 2348 2348 I sysui_multi_action: [757,0,758,1,759,0,927,3,928,0,1593,1]
02-18 03:05:14.122 1520 6101 W FreeFormWindowHelper: Current Display FreeFormTask is null
02-18 03:05:14.122 1520 6829 W FreeFormWindowHelper: Current Display FreeFormTask is null
02-18 03:05:14.126 1520 9451 I wm_task_moved: [1,1,6]
02-18 03:05:14.126 1520 9451 I wm_task_moved: [11,1,2147483647]
02-18 03:05:14.126 1520 9451 I wm_task_to_front: [0,11]
02-18 03:05:14.126 1520 9451 I wm_focused_root_task: [0,0,1,84,RecentsAnimation.onAnimationFinished()]
