02-18 03:03:41.404 1520 1520 I GameModeConfig: Current uri is uri = content://com.thundercomm.gamemode.api/gamemode_settings/gamemode_isgaming
02-18 03:03:41.406 1520 1520 I GameModeConfig: isGameModeOn = false
02-18 03:03:41.406 1520 1520 I GameModeConfig: isGameModeOn = false
02-18 03:03:41.406 1520 1520 I GameModeConfig: isDisableVoice = true
02-18 03:03:41.413 2828 2828 I wm_on_start_called: [58637558,com.android.launcher3.uioverrides.QuickstepLauncher,handleStartActivity]
02-18 03:03:41.414 14100 14100 I view_enqueue_input_event: [Motion - Cancel,com.android.deskclock/com.android.deskclock.timer.ExpiredTimersActivity]
02-18 03:03:41.416 1520 1613 I input_focus: [Focus request recents_animation_input_consumer,reason=UpdateInputWindows]
02-18 03:03:41.417 1520 9451 W ActivityTaskManager: getTaskSnapshot: taskId=1085 not found
02-18 03:03:41.418 1520 1821 I input_interaction: Interaction with: edge-swipe (server), swipe-up (server), PointerEventDispatcher0 (server),
02-18 03:03:41.419 1520 9451 W FreeFormWindowHelper: Current Display FreeFormTask is null
02-18 03:03:41.419 1520 9451 W FreeFormWindowHelper: Current Display FreeFormTask is null
02-18 03:03:41.419 2828 2828 I sysui_latency: [1,54]
02-18 03:03:41.422 1520 9451 W ActivityTaskManager: getTaskSnapshot: taskId=1085 not found
02-18 03:03:41.422 1520 9451 W ActivityTaskManager: getTaskSnapshot: taskId=2085 not found
02-18 03:03:41.423 1520 9451 W ActivityTaskManager: getTaskSnapshot: taskId=3085 not found
02-18 03:03:41.423 1520 9451 W FreeFormWindowHelper: Current Display FreeFormTask is null
02-18 03:03:41.427 1520 1602 W ActivityTaskManager: getTaskSnapshot: taskId=1085 not found
02-18 03:03:41.427 1520 1602 W ActivityTaskManager: getTaskSnapshot: taskId=2085 not found
02-18 03:03:41.427 1520 1602 W ActivityTaskManager: getTaskSnapshot: taskId=3085 not found
02-18 03:03:41.427 1520 1602 W ActivityTaskManager: getTaskSnapshot: taskId=4085 not found
02-18 03:03:41.428 1520 1608 I sysui_multi_action: [319,12,322,43,325,7634,757,761,758,9,759,5,806,com.android.launcher3,871,com.android.launcher3.uioverrides.QuickstepLauncher,905,0,1320,4,1321,1]
02-18 03:03:41.431 1520 2746 W FreeFormWindowHelper: Current Display FreeFormTask is null
02-18 03:03:41.431 1520 2746 W FreeFormWindowHelper: Current Display FreeFormTask is null
02-18 03:03:41.432 1520 1821 I input_focus: [Focus leaving 57d6ca4 com.android.deskclock/com.android.deskclock.timer.ExpiredTimersActivity (server),reason=NOT_FOCUSABLE]
02-18 03:03:41.432 1520 1821 I input_focus: [Focus entering recents_animation_input_consumer (server),reason=setFocusedWindow]
02-18 03:03:41.448 1520 9451 W FreeFormWindowHelper: Current Display FreeFormTask is null
02-18 03:03:41.448 1520 9451 W FreeFormWindowHelper: Current Display FreeFormTask is null
02-18 03:03:41.550 1520 2286 I GameModeConfig: isGameModeOn = false
02-18 03:03:41.551 1520 2286 I GameModeConfig: isGameModeOn = false
02-18 03:03:41.617 1520 1768 I commit_sys_config_file: [settings-1-0,6]
02-18 03:03:41.726 1520 1618 I sysui_latency: [8,51]
02-18 03:03:41.753 1520 2286 I GameModeConfig: isGameModeOn = false
02-18 03:03:41.969 1520 6829 W FreeFormWindowHelper: Current Display FreeFormTask is null
02-18 03:03:41.970 1520 6829 W FreeFormWindowHelper: Current Display FreeFormTask is null
02-18 03:03:41.971 1520 2746 I wm_task_moved: [1,0,5]
02-18 03:03:41.972 1520 2746 I wm_add_to_stopping: [0,58637558,com.android.launcher3/.uioverrides.QuickstepLauncher,makeInvisible]
02-18 03:03:41.974 1520 6101 W FreeFormWindowHelper: Current Display FreeFormTask is null
02-18 03:03:41.974 1520 9451 W FreeFormWindowHelper: Current Display FreeFormTask is null
02-18 03:03:41.977 1520 1613 I input_focus: [Focus request 57d6ca4 com.android.deskclock/com.android.deskclock.timer.ExpiredTimersActivity,reason=UpdateInputWindows]
02-18 03:03:41.978 1520 1612 I wm_stop_activity: [0,58637558,com.android.launcher3/.uioverrides.QuickstepLauncher]
02-18 03:03:41.984 1520 6829 W FreeFormWindowHelper: Current Display FreeFormTask is null
02-18 03:03:41.984 1520 6829 W FreeFormWindowHelper: Current Display FreeFormTask is null
02-18 03:03:41.987 1520 1821 I input_focus: [Focus leaving recents_animation_input_consumer (server),reason=NOT_VISIBLE]
02-18 03:03:41.987 1520 1821 I input_focus: [Focus entering 57d6ca4 com.android.deskclock/com.android.deskclock.timer.ExpiredTimersActivity (server),reason=setFocusedWindow]
02-18 03:03:41.988 1520 6829 W FreeFormWindowHelper: exitRecentTasks type=0
02-18 03:03:41.991 2828 2828 I wm_on_stop_called: [58637558,com.android.launcher3.uioverrides.QuickstepLauncher,STOP_ACTIVITY_ITEM]
02-18 03:03:42.001 1520 1618 W UsageStatsService: Unexpected activity event reported! (com.android.launcher3/com.android.launcher3.uioverrides.QuickstepLauncher event : 23 instanceId : 120829467)
02-18 03:03:42.004 2537 4260 W ContextImpl: Calling a method in the system process without a qualified user: android.app.ContextImpl.startService:1816 android.content.ContextWrapper.startService:774 com.thundercomm.gamemode.ingame.services.GameModeActionUtils.startGameModeService:111 com.thundercomm.gamemode.ingame.services.GameModeActionUtils.startGameModeEntry:22 com.thundercomm.gamemode.ingame.services.ActivityMonitoringService$1.onActivityLaunch:139
02-18 03:03:42.005 1520 1520 I GameModeConfig: Current uri is uri = content://com.thundercomm.gamemode.api/gamemode_settings/gamemode_isgaming
02-18 03:03:42.007 1520 1520 I GameModeConfig: isGameModeOn = false
02-18 03:03:42.007 1520 1520 I GameModeConfig: isGameModeOn = false
02-18 03:03:42.007 1520 1520 I GameModeConfig: isDisableVoice = true
02-18 03:03:42.035 1520 3839 E TaskPersister: File error accessing recents directory (directory doesn't exist?).
02-18 03:03:42.194 1520 1768 I commit_sys_config_file: [settings-1-0,3]
02-18 03:03:42.634 1520 1821 I input_interaction: Interaction with: 57d6ca4 com.android.deskclock/com.android.deskclock.timer.ExpiredTimersActivity (server), edge-swipe (server), swipe-up (server), PointerEventDispatcher0 (server),
02-18 03:03:42.646 1520 2746 I wm_task_moved: [1,0,0]
02-18 03:03:42.646 1520 2751 W FreeFormWindowHelper: Current Display FreeFormTask is null
02-18 03:03:42.647 1520 2746 I wm_task_moved: [1,0,6]
02-18 03:03:42.657 2828 2828 I wm_on_restart_called: [58637558,com.android.launcher3.uioverrides.QuickstepLauncher,performRestartActivity]
02-18 03:03:42.658 1520 2746 W FreeFormWindowHelper: Current Display FreeFormTask is null
02-18 03:03:42.659 1520 2746 W FreeFormWindowHelper: Current Display FreeFormTask is null
02-18 03:03:42.666 2537 4260 W ContextImpl: Calling a method in the system process without a qualified user: android.app.ContextImpl.startService:1816 android.content.ContextWrapper.startService:774 com.thundercomm.gamemode.ingame.services.GameModeActionUtils.startGameModeService:111 com.thundercomm.gamemode.ingame.services.GameModeActionUtils.startGameModeEntry:22 com.thundercomm.gamemode.ingame.services.ActivityMonitoringService$1.onActivityLaunch:139
02-18 03:03:42.668 1520 1520 I GameModeConfig: Current uri is uri = content://com.thundercomm.gamemode.api/gamemode_settings/gamemode_isgaming
02-18 03:03:42.669 1520 1520 I GameModeConfig: isGameModeOn = false
02-18 03:03:42.669 1520 1520 I GameModeConfig: isGameModeOn = false
02-18 03:03:42.669 1520 1520 I GameModeConfig: isDisableVoice = true
02-18 03:03:42.679 1520 2751 W ActivityTaskManager: getTaskSnapshot: taskId=1085 not found
02-18 03:03:42.679 2828 2828 I wm_on_start_called: [58637558,com.android.launcher3.uioverrides.QuickstepLauncher,handleStartActivity]
02-18 03:03:42.680 14100 14100 I view_enqueue_input_event: [Motion - Cancel,com.android.deskclock/com.android.deskclock.timer.ExpiredTimersActivity]
02-18 03:03:42.681 1520 1613 I input_focus: [Focus request recents_animation_input_consumer,reason=UpdateInputWindows]
02-18 03:03:42.681 1520 2746 W ActivityTaskManager: getTaskSnapshot: taskId=1085 not found
02-18 03:03:42.685 1520 2746 W FreeFormWindowHelper: Current Display FreeFormTask is null
02-18 03:03:42.685 1520 2746 W FreeFormWindowHelper: Current Display FreeFormTask is null
02-18 03:03:42.685 1520 1821 I input_focus: [Focus leaving 57d6ca4 com.android.deskclock/com.android.deskclock.timer.ExpiredTimersActivity (server),reason=NOT_FOCUSABLE]
02-18 03:03:42.686 1520 1821 I input_focus: [Focus entering recents_animation_input_consumer (server),reason=setFocusedWindow]
02-18 03:03:42.686 1520 1821 I input_interaction: Interaction with: edge-swipe (server), swipe-up (server), PointerEventDispatcher0 (server),
02-18 03:03:42.686 2828 2828 I sysui_latency: [1,52]
02-18 03:03:42.690 1520 6829 W FreeFormWindowHelper: Current Display FreeFormTask is null
02-18 03:03:42.691 1520 2751 W FreeFormWindowHelper: Current Display FreeFormTask is null
02-18 03:03:42.691 1520 2751 W FreeFormWindowHelper: Current Display FreeFormTask is null
02-18 03:03:42.697 1520 2746 W ActivityTaskManager: getTaskSnapshot: taskId=1085 not found
02-18 03:03:42.697 1520 1608 I sysui_multi_action: [319,9,322,46,325,7636,757,761,758,9,759,5,806,com.android.launcher3,871,com.android.launcher3.uioverrides.QuickstepLauncher,905,0,1320,4,1321,1]
02-18 03:03:42.702 1520 2751 W FreeFormWindowHelper: Current Display FreeFormTask is null
02-18 03:03:42.703 1520 2751 W FreeFormWindowHelper: Current Display FreeFormTask is null
02-18 03:03:42.717 1520 2746 W FreeFormWindowHelper: Current Display FreeFormTask is null
02-18 03:03:42.718 1520 2746 W FreeFormWindowHelper: Current Display FreeFormTask is null
02-18 03:03:42.882 1520 1768 I commit_sys_config_file: [settings-1-0,3]
02-18 03:03:42.996 1520 1618 I sysui_latency: [8,55]
02-18 03:03:42.996 1520 2751 W FreeFormWindowHelper: Current Display FreeFormTask is null
02-18 03:03:42.997 1520 2746 W FreeFormWindowHelper: Current Display FreeFormTask is null
02-18 03:03:42.997 1520 2746 W FreeFormWindowHelper: Current Display FreeFormTask is null
02-18 03:03:43.327 1520 9451 I wm_task_moved: [1,1,7]
02-18 03:03:43.328 1520 9451 I wm_focused_root_task: [0,0,1,85,RecentsAnimation.onAnimationFinished()]
02-18 03:03:43.330 1520 9451 I wm_pause_activity: [0,127674380,com.android.deskclock/.timer.ExpiredTimersActivity,userLeaving=false,pauseBackTasks]
02-18 03:03:43.331 1520 9451 I ActivityTaskManager: FOREGROUND_APPLICATION_CHANGED to com.android.launcher3.uioverrides.QuickstepLauncher
02-18 03:03:43.332 1520 9451 I wm_set_resumed_activity: [0,com.android.launcher3/.uioverrides.QuickstepLauncher,resumeTopActivityInnerLocked]
02-18 03:03:43.334 1520 9451 I wm_resume_activity: [0,58637558,11,com.android.launcher3/.uioverrides.QuickstepLauncher]
02-18 03:03:43.334 1520 9451 I wm_add_to_stopping: [0,127674380,com.android.deskclock/.timer.ExpiredTimersActivity,makeInvisible]
02-18 03:03:43.334 2828 2828 I wm_on_resume_called: [58637558,com.android.launcher3.uioverrides.QuickstepLauncher,RESUME_ACTIVITY]
02-18 03:03:43.338 14100 14100 I wm_on_top_resumed_lost_called: [127674380,com.android.deskclock.timer.ExpiredTimersActivity,topStateChangedWhenResumed]
02-18 03:03:43.343 1520 1613 I input_focus: [Focus request ea4c11d com.android.launcher3/com.android.launcher3.uioverrides.QuickstepLauncher,reason=UpdateInputWindows]
02-18 03:03:43.345 1520 9451 W FreeFormWindowHelper: Current Display FreeFormTask is null
02-18 03:03:43.345 1520 9451 W FreeFormWindowHelper: Current Display FreeFormTask is null
02-18 03:03:43.347 1520 9451 W FreeFormWindowHelper: Current Display FreeFormTask is null
02-18 03:03:43.349 1520 6101 I wm_stop_activity: [0,127674380,com.android.deskclock/.timer.ExpiredTimersActivity]
02-18 03:03:43.349 1520 1612 I sysui_multi_action: [757,803,799,window_time_0,802,2]
02-18 03:03:43.349 14100 14100 I wm_on_paused_called: [127674380,com.android.deskclock.timer.ExpiredTimersActivity,performPause]
02-18 03:03:43.352 1520 1612 I sysui_multi_action: [757,803,799,window_time_0,802,0]
02-18 03:03:43.355 1520 1821 I input_focus: [Focus leaving recents_animation_input_consumer (server),reason=NOT_VISIBLE]
02-18 03:03:43.355 1520 1821 I input_focus: [Focus entering ea4c11d com.android.launcher3/com.android.launcher3.uioverrides.QuickstepLauncher (server),reason=setFocusedWindow]
02-18 03:03:43.356 14100 14100 I wm_on_stop_called: [127674380,com.android.deskclock.timer.ExpiredTimersActivity,STOP_ACTIVITY_ITEM]
02-18 03:03:43.364 1520 6101 W FreeFormWindowHelper: Current Display FreeFormTask is null
02-18 03:03:43.364 1520 2751 W FreeFormWindowHelper: Current Display FreeFormTask is null
02-18 03:03:43.366 2828 2828 I wm_on_top_resumed_gained_called: [58637558,com.android.launcher3.uioverrides.QuickstepLauncher,topStateChangedWhenResumed]
02-18 03:03:43.376 2537 4260 W ContextImpl: Calling a method in the system process without a qualified user: android.app.ContextImpl.startService:1816 android.content.ContextWrapper.startService:774 com.thundercomm.gamemode.ingame.services.GameModeActionUtils.startGameModeService:111 com.thundercomm.gamemode.ingame.services.GameModeActionUtils.startGameModeEntry:22 com.thundercomm.gamemode.ingame.services.ActivityMonitoringService$1.onActivityLaunch:139
02-18 03:03:43.380 1520 1520 I GameModeConfig: Current uri is uri = content://com.thundercomm.gamemode.api/gamemode_settings/gamemode_isgaming
02-18 03:03:43.382 1520 1520 I GameModeConfig: isGameModeOn = false
02-18 03:03:43.382 1520 1520 I GameModeConfig: isGameModeOn = false
02-18 03:03:43.382 1520 1520 I GameModeConfig: isDisableVoice = true
02-18 03:03:43.451 1520 2751 W FreeFormWindowHelper: Current Display FreeFormTask is null
02-18 03:03:43.457 2537 4260 W ContextImpl: Calling a method in the system process without a qualified user: android.app.ContextImpl.startService:1816 android.content.ContextWrapper.startService:774 com.thundercomm.gamemode.ingame.services.GameModeActionUtils.startGameModeService:111 com.thundercomm.gamemode.ingame.services.GameModeActionUtils.startGameModeEntry:22 com.thundercomm.gamemode.ingame.services.ActivityMonitoringService$1.onActivityLaunch:139
02-18 03:03:43.462 1520 1520 I GameModeConfig: Current uri is uri = content://com.thundercomm.gamemode.api/gamemode_settings/gamemode_isgaming
02-18 03:03:43.466 1520 1520 I GameModeConfig: isGameModeOn = false
02-18 03:03:43.467 1520 1520 I GameModeConfig: isGameModeOn = false
02-18 03:03:43.467 1520 1520 I GameModeConfig: isDisableVoice = true
02-18 03:03:43.565 1520 1768 I commit_sys_config_file: [settings-1-0,5]
02-18 03:03:43.922 1520 2286 I GameModeConfig: isGameModeOn = false
02-18 03:03:43.922 1520 2286 I GameModeConfig: isGameModeOn = false
02-18 03:03:43.923 1520 2286 I GameModeConfig: isGameModeOn = false
02-18 03:03:44.125 1520 2286 I GameModeConfig: isGameModeOn = false
02-18 03:03:44.269 1520 1821 I input_interaction: Interaction with: ea4c11d com.android.launcher3/com.android.launcher3.uioverrides.QuickstepLauncher (server), d73543 com.android.systemui.ImageWallpaper (server), edge-swipe (server), swipe-up (server), PointerEventDispatcher0 (server),
02-18 03:03:44.477 1520 2751 I wm_task_moved: [1,1,7]
02-18 03:03:44.478 1520 2751 I wm_set_resumed_activity: [0,com.android.launcher3/.uioverrides.QuickstepLauncher,positionChildAt]
02-18 03:03:44.478 1520 2751 I wm_task_moved: [84,1,7]
02-18 03:03:44.478 1520 2751 I wm_task_to_front: [0,84]
02-18 03:03:44.479 1520 2751 I wm_focused_root_task: [0,0,84,1,moveTaskToFront findTaskToMoveToFront]
02-18 03:03:44.480 1520 2751 I wm_set_resumed_activity: [0,com.android.deskclock/.DeskClock,moveTaskToFront findTaskToMoveToFront]
02-18 03:03:44.481 1520 2751 I wm_pause_activity: [0,58637558,com.android.launcher3/.uioverrides.QuickstepLauncher,userLeaving=true,pauseBackTasks]
02-18 03:03:44.488 2828 2828 I wm_on_top_resumed_lost_called: [58637558,com.android.launcher3.uioverrides.QuickstepLauncher,topStateChangedWhenResumed]
02-18 03:03:44.491 2828 2828 I wm_on_paused_called: [58637558,com.android.launcher3.uioverrides.QuickstepLauncher,performPause]
02-18 03:03:44.496 1520 6101 I ActivityTaskManager: FOREGROUND_APPLICATION_CHANGED to com.android.deskclock.DeskClock
02-18 03:03:44.499 1520 6101 I wm_set_resumed_activity: [0,com.android.deskclock/.DeskClock,resumeTopActivityInnerLocked]
02-18 03:03:44.499 1520 6101 I wm_add_to_stopping: [0,58637558,com.android.launcher3/.uioverrides.QuickstepLauncher,makeInvisible]
02-18 03:03:44.500 1520 6101 I wm_resume_activity: [0,23698237,84,com.android.deskclock/.DeskClock]
02-18 03:03:44.508 1520 1612 I sysui_multi_action: [757,803,799,window_time_0,802,1]
02-18 03:03:44.510 1520 1821 I input_focus: [Focus leaving ea4c11d com.android.launcher3/com.android.launcher3.uioverrides.QuickstepLauncher (server),reason=NO_WINDOW]
02-18 03:03:44.511 14100 14100 I wm_on_restart_called: [23698237,com.android.deskclock.DeskClock,performRestartActivity]
02-18 03:03:44.514 14100 14100 I wm_on_start_called: [23698237,com.android.deskclock.DeskClock,handleStartActivity]
02-18 03:03:44.514 14100 14100 I wm_on_resume_called: [23698237,com.android.deskclock.DeskClock,RESUME_ACTIVITY]
02-18 03:03:44.514 1520 1520 I sysui_multi_action: [757,128,758,5,759,8,793,3356,794,0,795,3356,796,2147483645,806,com.android.deskclock,857,TimerModelNotification,858,3,946,2,947,0,1500,3153,1641,alarm,1688,1,1745,-868672399]
02-18 03:03:44.515 1520 1520 I notification_canceled: [0|com.android.deskclock|2147483645|null|10064,8,3356,3356,0,-1,-1,NULL]
02-18 03:03:44.516 14100 14100 I wm_on_top_resumed_gained_called: [23698237,com.android.deskclock.DeskClock,topWhenResuming]
02-18 03:03:44.519 2537 4260 W ContextImpl: Calling a method in the system process without a qualified user: android.app.ContextImpl.startService:1816 android.content.ContextWrapper.startService:774 com.thundercomm.gamemode.ingame.services.GameModeActionUtils.startGameModeService:111 com.thundercomm.gamemode.ingame.services.GameModeActionUtils.startGameModeEntry:22 com.thundercomm.gamemode.ingame.services.ActivityMonitoringService$1.onActivityLaunch:139
02-18 03:03:44.525 1520 1520 I GameModeConfig: Current uri is uri = content://com.thundercomm.gamemode.api/gamemode_settings/gamemode_isgaming
02-18 03:03:44.526 1520 1613 I input_focus: [Focus request 4f5abc com.android.deskclock/com.android.deskclock.DeskClock,reason=UpdateInputWindows]
02-18 03:03:44.527 1520 1520 I GameModeConfig: isGameModeOn = false
02-18 03:03:44.527 1520 1520 I GameModeConfig: isGameModeOn = false
02-18 03:03:44.527 1520 1520 I GameModeConfig: isDisableVoice = true
02-18 03:03:44.543 1520 1821 I input_focus: [Focus entering 4f5abc com.android.deskclock/com.android.deskclock.DeskClock (server),reason=setFocusedWindow]
02-18 03:03:44.547 1520 1608 I sysui_multi_action: [319,27,321,25,322,58,325,7637,757,761,758,9,759,4,806,com.android.deskclock,871,com.android.deskclock.DeskClock,904,com.android.launcher3,905,0,1320,4,1321,1]
02-18 03:03:44.601 1520 6101 W FreeFormWindowHelper: Current Display FreeFormTask is null
02-18 03:03:44.606 2537 4260 W ContextImpl: Calling a method in the system process without a qualified user: android.app.ContextImpl.startService:1816 android.content.ContextWrapper.startService:774 com.thundercomm.gamemode.ingame.services.GameModeActionUtils.startGameModeService:111 com.thundercomm.gamemode.ingame.services.GameModeActionUtils.startGameModeEntry:22 com.thundercomm.gamemode.ingame.services.ActivityMonitoringService$1.onActivityLaunch:139
02-18 03:03:44.610 1520 1520 I GameModeConfig: Current uri is uri = content://com.thundercomm.gamemode.api/gamemode_settings/gamemode_isgaming
02-18 03:03:44.613 1520 1520 I GameModeConfig: isGameModeOn = false
02-18 03:03:44.613 1520 1520 I GameModeConfig: isGameModeOn = false
02-18 03:03:44.613 1520 1520 I GameModeConfig: isDisableVoice = true
02-18 03:03:44.861 1520 1612 I wm_stop_activity: [0,58637558,com.android.launcher3/.uioverrides.QuickstepLauncher]
02-18 03:03:44.873 1520 2751 W FreeFormWindowHelper: Current Display FreeFormTask is null
02-18 03:03:44.873 1520 2751 W FreeFormWindowHelper: Current Display FreeFormTask is null
02-18 03:03:44.877 1520 2751 W FreeFormWindowHelper: exitRecentTasks type=0
02-18 03:03:44.888 2828 2828 I wm_on_stop_called: [58637558,com.android.launcher3.uioverrides.QuickstepLauncher,STOP_ACTIVITY_ITEM]
02-18 03:03:44.901 2537 4260 W ContextImpl: Calling a method in the system process without a qualified user: android.app.ContextImpl.startService:1816 android.content.ContextWrapper.startService:774 com.thundercomm.gamemode.ingame.services.GameModeActionUtils.startGameModeService:111 com.thundercomm.gamemode.ingame.services.GameModeActionUtils.startGameModeEntry:22 com.thundercomm.gamemode.ingame.services.ActivityMonitoringService$1.onActivityLaunch:139
02-18 03:03:44.904 1520 1520 I GameModeConfig: Current uri is uri = content://com.thundercomm.gamemode.api/gamemode_settings/gamemode_isgaming
02-18 03:03:44.906 1520 1520 I GameModeConfig: isGameModeOn = false
02-18 03:03:44.907 1520 1520 I GameModeConfig: isGameModeOn = false
02-18 03:03:44.907 1520 1520 I GameModeConfig: isDisableVoice = true
02-18 03:03:45.665 1520 1821 I input_interaction: Interaction with: 4f5abc com.android.deskclock/com.android.deskclock.DeskClock (server), edge-swipe (server), swipe-up (server), PointerEventDispatcher0 (server),
02-18 03:03:45.677 1520 6852 W FreeFormWindowHelper: Current Display FreeFormTask is null
02-18 03:03:45.678 1520 6852 I wm_task_moved: [1,0,0]
02-18 03:03:45.679 1520 6852 I wm_task_moved: [1,0,6]
02-18 03:03:45.689 2828 2828 I wm_on_restart_called: [58637558,com.android.launcher3.uioverrides.QuickstepLauncher,performRestartActivity]
02-18 03:03:45.691 1520 6101 W FreeFormWindowHelper: Current Display FreeFormTask is null
02-18 03:03:45.691 1520 6101 W FreeFormWindowHelper: Current Display FreeFormTask is null
02-18 03:03:45.691 1520 6101 W FreeFormWindowHelper: Current Display FreeFormTask is null
02-18 03:03:45.698 2537 4260 W ContextImpl: Calling a method in the system process without a qualified user: android.app.ContextImpl.startService:1816 android.content.ContextWrapper.startService:774 com.thundercomm.gamemode.ingame.services.GameModeActionUtils.startGameModeService:111 com.thundercomm.gamemode.ingame.services.GameModeActionUtils.startGameModeEntry:22 com.thundercomm.gamemode.ingame.services.ActivityMonitoringService$1.onActivityLaunch:139
02-18 03:03:45.701 1520 1520 I GameModeConfig: Current uri is uri = content://com.thundercomm.gamemode.api/gamemode_settings/gamemode_isgaming
02-18 03:03:45.703 1520 1520 I GameModeConfig: isGameModeOn = false
02-18 03:03:45.703 1520 1520 I GameModeConfig: isGameModeOn = false
02-18 03:03:45.703 1520 1520 I GameModeConfig: isDisableVoice = true
02-18 03:03:45.705 2828 2828 I wm_on_start_called: [58637558,com.android.launcher3.uioverrides.QuickstepLauncher,handleStartActivity]
02-18 03:03:45.706 14100 14100 I view_enqueue_input_event: [Motion - Cancel,com.android.deskclock/com.android.deskclock.DeskClock]
02-18 03:03:45.706 1520 6101 W ActivityTaskManager: getTaskSnapshot: taskId=1084 not found
02-18 03:03:45.707 1520 6101 W ActivityTaskManager: getTaskSnapshot: taskId=1084 not found
02-18 03:03:45.710 1520 6101 W ActivityTaskManager: getTaskSnapshot: taskId=2084 not found
02-18 03:03:45.712 1520 6101 W ActivityTaskManager: getTaskSnapshot: taskId=3084 not found
02-18 03:03:45.713 1520 1613 I input_focus: [Focus request recents_animation_input_consumer,reason=UpdateInputWindows]
02-18 03:03:45.713 1520 6852 W ActivityTaskManager: getTaskSnapshot: taskId=4084 not found
02-18 03:03:45.714 1520 6852 W FreeFormWindowHelper: Current Display FreeFormTask is null
02-18 03:03:45.714 1520 6852 W FreeFormWindowHelper: Current Display FreeFormTask is null
02-18 03:03:45.715 1520 6852 W ActivityTaskManager: getTaskSnapshot: taskId=5084 not found
02-18 03:03:45.715 2828 2828 I sysui_latency: [1,52]
02-18 03:03:45.716 1520 1821 I input_interaction: Interaction with: edge-swipe (server), swipe-up (server), PointerEventDispatcher0 (server),
02-18 03:03:45.717 1520 6852 W ActivityTaskManager: getTaskSnapshot: taskId=1084 not found
02-18 03:03:45.717 1520 6852 W ActivityTaskManager: getTaskSnapshot: taskId=2084 not found
02-18 03:03:45.717 1520 6852 W ActivityTaskManager: getTaskSnapshot: taskId=3084 not found
02-18 03:03:45.717 1520 6852 W ActivityTaskManager: getTaskSnapshot: taskId=4084 not found
02-18 03:03:45.718 1520 6852 W ActivityTaskManager: getTaskSnapshot: taskId=5084 not found
02-18 03:03:45.718 1520 6101 W FreeFormWindowHelper: Current Display FreeFormTask is null
02-18 03:03:45.725 1520 1608 I sysui_multi_action: [319,9,322,42,325,7639,757,761,758,9,759,5,806,com.android.launcher3,871,com.android.launcher3.uioverrides.QuickstepLauncher,905,0,1320,4,1321,1]
02-18 03:03:45.725 1520 2751 W FreeFormWindowHelper: Current Display FreeFormTask is null
02-18 03:03:45.726 1520 2751 W FreeFormWindowHelper: Current Display FreeFormTask is null
02-18 03:03:45.726 1520 6101 W ActivityTaskManager: getTaskSnapshot: taskId=1084 not found
02-18 03:03:45.726 1520 2751 W ActivityTaskManager: getTaskSnapshot: taskId=2084 not found
02-18 03:03:45.727 1520 2751 W ActivityTaskManager: getTaskSnapshot: taskId=3084 not found
02-18 03:03:45.727 1520 2751 W ActivityTaskManager: getTaskSnapshot: taskId=4084 not found
02-18 03:03:45.727 1520 2751 W ActivityTaskManager: getTaskSnapshot: taskId=5084 not found
02-18 03:03:45.728 1520 1821 I input_focus: [Focus leaving 4f5abc com.android.deskclock/com.android.deskclock.DeskClock (server),reason=NOT_FOCUSABLE]
02-18 03:03:45.728 1520 1821 I input_focus: [Focus entering recents_animation_input_consumer (server),reason=setFocusedWindow]
02-18 03:03:45.741 1520 6852 W FreeFormWindowHelper: Current Display FreeFormTask is null
02-18 03:03:45.742 1520 6852 W FreeFormWindowHelper: Current Display FreeFormTask is null
02-18 03:03:45.907 1520 1768 I commit_sys_config_file: [settings-1-0,4]
02-18 03:03:45.997 1520 6852 W FreeFormWindowHelper: Current Display FreeFormTask is null
02-18 03:03:45.997 1520 6852 W FreeFormWindowHelper: Current Display FreeFormTask is null
02-18 03:03:45.997 1520 6852 W FreeFormWindowHelper: Current Display FreeFormTask is null
02-18 03:03:46.023 1520 1618 I sysui_latency: [8,51]
01-05 12:02:39.138 0 0 E DTC_ETH,link_delay_work_func: 3003, SQI=0, link=0
02-18 03:03:46.416 1520 6852 I wm_task_moved: [1,1,7]
02-18 03:03:46.419 1520 6852 I wm_focused_root_task: [0,0,1,84,RecentsAnimation.onAnimationFinished()]
02-18 03:03:46.420 14100 14100 I wm_on_top_resumed_lost_called: [23698237,com.android.deskclock.DeskClock,topStateChangedWhenResumed]
02-18 03:03:46.421 1520 6852 I wm_pause_activity: [0,23698237,com.android.deskclock/.DeskClock,userLeaving=false,pauseBackTasks]
02-18 03:03:46.422 1520 6852 I ActivityTaskManager: FOREGROUND_APPLICATION_CHANGED to com.android.launcher3.uioverrides.QuickstepLauncher
02-18 03:03:46.424 1520 6852 I wm_set_resumed_activity: [0,com.android.launcher3/.uioverrides.QuickstepLauncher,resumeTopActivityInnerLocked]
02-18 03:03:46.425 1520 6852 I wm_resume_activity: [0,58637558,11,com.android.launcher3/.uioverrides.QuickstepLauncher]
02-18 03:03:46.426 1520 6852 I wm_add_to_stopping: [0,23698237,com.android.deskclock/.DeskClock,makeInvisible]
02-18 03:03:46.429 2828 2828 I wm_on_resume_called: [58637558,com.android.launcher3.uioverrides.QuickstepLauncher,RESUME_ACTIVITY]
02-18 03:03:46.434 1520 1613 I input_focus: [Focus request ea4c11d com.android.launcher3/com.android.launcher3.uioverrides.QuickstepLauncher,reason=UpdateInputWindows]
02-18 03:03:46.436 14100 14100 I wm_on_paused_called: [23698237,com.android.deskclock.DeskClock,performPause]
02-18 03:03:46.437 1520 1612 I sysui_multi_action: [757,803,799,window_time_0,802,2]
02-18 03:03:46.439 1520 1602 W FreeFormWindowHelper: Current Display FreeFormTask is null
02-18 03:03:46.439 1520 1602 W FreeFormWindowHelper: Current Display FreeFormTask is null
02-18 03:03:46.440 1520 6852 W FreeFormWindowHelper: Current Display FreeFormTask is null
02-18 03:03:46.443 1520 6101 I wm_stop_activity: [0,23698237,com.android.deskclock/.DeskClock]
02-18 03:03:46.444 1520 1821 I input_focus: [Focus leaving recents_animation_input_consumer (server),reason=NOT_VISIBLE]
02-18 03:03:46.444 1520 1821 I input_focus: [Focus entering ea4c11d com.android.launcher3/com.android.launcher3.uioverrides.QuickstepLauncher (server),reason=setFocusedWindow]
02-18 03:03:46.451 1520 1612 I sysui_multi_action: [757,803,799,window_time_0,802,0]
02-18 03:03:46.456 1520 2286 I GameModeConfig: isGameModeOn = false
02-18 03:03:46.456 1520 2286 I GameModeConfig: isGameModeOn = false
02-18 03:03:46.456 1520 2286 I GameModeConfig: isGameModeOn = false
02-18 03:03:46.456 1520 2286 I GameModeConfig: isGameModeOn = false
02-18 03:03:46.456 1520 2286 I GameModeConfig: isGameModeOn = false
02-18 03:03:46.456 1520 2286 I GameModeConfig: isGameModeOn = false
02-18 03:03:46.458 1520 1520 I notification_enqueue: [10064,14100,com.android.deskclock,2147483645,NULL,0,Notification(channel=TimerModelNotification shortcut=null contentView=com.android.deskclock/0x7f0d0024 vibrate=null sound=null defaults=0x0 flags=0x102 color=0xff1a237e category=alarm groupKey=2 sortKey=0 actions=2 vis=PUBLIC),0]
02-18 03:03:46.458 2828 2828 I wm_on_top_resumed_gained_called: [58637558,com.android.launcher3.uioverrides.QuickstepLauncher,topStateChangedWhenResumed]
02-18 03:03:46.459 1520 6101 W FreeFormWindowHelper: Current Display FreeFormTask is null
02-18 03:03:46.459 1520 6101 W FreeFormWindowHelper: Current Display FreeFormTask is null
02-18 03:03:46.461 14100 14100 I wm_on_stop_called: [23698237,com.android.deskclock.DeskClock,STOP_ACTIVITY_ITEM]
02-18 03:03:46.478 2537 4260 W ContextImpl: Calling a method in the system process without a qualified user: android.app.ContextImpl.startService:1816 android.content.ContextWrapper.startService:774 com.thundercomm.gamemode.ingame.services.GameModeActionUtils.startGameModeService:111 com.thundercomm.gamemode.ingame.services.GameModeActionUtils.startGameModeEntry:22 com.thundercomm.gamemode.ingame.services.ActivityMonitoringService$1.onActivityLaunch:139
02-18 03:03:46.481 1520 1520 I GameModeConfig: Current uri is uri = content://com.thundercomm.gamemode.api/gamemode_settings/gamemode_isgaming
02-18 03:03:46.483 1520 1520 I GameModeConfig: isGameModeOn = false
02-18 03:03:46.484 1520 1520 I GameModeConfig: isGameModeOn = false
02-18 03:03:46.484 1520 1520 I GameModeConfig: isDisableVoice = true
02-18 03:03:46.536 1520 6101 W FreeFormWindowHelper: Current Display FreeFormTask is null
02-18 03:03:46.545 2537 4260 W ContextImpl: Calling a method in the system process without a qualified user: android.app.ContextImpl.startService:1816 android.content.ContextWrapper.startService:774 com.thundercomm.gamemode.ingame.services.GameModeActionUtils.startGameModeService:111 com.thundercomm.gamemode.ingame.services.GameModeActionUtils.startGameModeEntry:22 com.thundercomm.gamemode.ingame.services.ActivityMonitoringService$1.onActivityLaunch:139
02-18 03:03:46.550 1520 1520 I GameModeConfig: Current uri is uri = content://com.thundercomm.gamemode.api/gamemode_settings/gamemode_isgaming
02-18 03:03:46.552 1520 1520 I GameModeConfig: isGameModeOn = false
02-18 03:03:46.552 1520 1520 I GameModeConfig: isGameModeOn = false
02-18 03:03:46.552 1520 1520 I GameModeConfig: isDisableVoice = true
02-18 03:03:46.659 1520 1520 I sysui_multi_action: [757,1501,758,1,793,202,794,0,795,202,796,2147483645,806,com.android.deskclock,857,TimerModelNotification,858,3,946,2,947,0,1500,0,1641,alarm,1688,1,1745,-868672399]
02-18 03:03:46.659 1520 1768 I commit_sys_config_file: [settings-1-0,4]
02-18 03:03:46.660 1520 1520 I sysui_multi_action: [757,804,799,note_interruptive,801,0,802,1]
02-18 03:03:46.660 1520 1520 I GameModeConfig: isGameModeOn = false
02-18 03:03:46.664 1520 1520 W NotificationHistory: Attempted to add notif for locked/gone/disabled user 0
02-18 03:03:47.048 1520 1821 I input_interaction: Interaction with: ea4c11d com.android.launcher3/com.android.launcher3.uioverrides.QuickstepLauncher (server), d73543 com.android.systemui.ImageWallpaper (server), edge-swipe (server), swipe-up (server), PointerEventDispatcher0 (server),
02-18 03:03:47.158 1520 2751 I wm_task_moved: [1,1,7]
02-18 03:03:47.159 1520 2751 I wm_set_resumed_activity: [0,com.android.launcher3/.uioverrides.QuickstepLauncher,positionChildAt]
02-18 03:03:47.159 1520 2751 I wm_task_moved: [84,1,7]
02-18 03:03:47.160 1520 2751 I wm_focused_root_task: [0,0,84,1,moveTaskToFront findTaskToMoveToFront]
02-18 03:03:47.160 1520 2751 I wm_set_resumed_activity: [0,com.android.deskclock/.DeskClock,moveTaskToFront findTaskToMoveToFront]
02-18 03:03:47.161 1520 2751 I wm_pause_activity: [0,58637558,com.android.launcher3/.uioverrides.QuickstepLauncher,userLeaving=true,pauseBackTasks]
02-18 03:03:47.166 2828 2828 I wm_on_top_resumed_lost_called: [58637558,com.android.launcher3.uioverrides.QuickstepLauncher,topStateChangedWhenResumed]
02-18 03:03:47.171 2828 2828 I wm_on_paused_called: [58637558,com.android.launcher3.uioverrides.QuickstepLauncher,performPause]
02-18 03:03:47.172 1520 6101 I ActivityTaskManager: FOREGROUND_APPLICATION_CHANGED to com.android.deskclock.DeskClock
02-18 03:03:47.174 1520 6101 I wm_set_resumed_activity: [0,com.android.deskclock/.DeskClock,resumeTopActivityInnerLocked]
02-18 03:03:47.174 1520 6101 I wm_add_to_stopping: [0,58637558,com.android.launcher3/.uioverrides.QuickstepLauncher,makeInvisible]
02-18 03:03:47.176 1520 6101 I wm_resume_activity: [0,23698237,84,com.android.deskclock/.DeskClock]
02-18 03:03:47.186 1520 1612 I sysui_multi_action: [757,803,799,window_time_0,802,1]
02-18 03:03:47.189 14100 14100 I wm_on_restart_called: [23698237,com.android.deskclock.DeskClock,performRestartActivity]
02-18 03:03:47.190 2537 4260 W ContextImpl: Calling a method in the system process without a qualified user: android.app.ContextImpl.startService:1816 android.content.ContextWrapper.startService:774 com.thundercomm.gamemode.ingame.services.GameModeActionUtils.startGameModeService:111 com.thundercomm.gamemode.ingame.services.GameModeActionUtils.startGameModeEntry:22 com.thundercomm.gamemode.ingame.services.ActivityMonitoringService$1.onActivityLaunch:139
02-18 03:03:47.192 14100 14100 I wm_on_start_called: [23698237,com.android.deskclock.DeskClock,handleStartActivity]
02-18 03:03:47.192 1520 1520 I sysui_multi_action: [757,128,758,5,759,8,793,735,794,0,795,735,796,2147483645,806,com.android.deskclock,857,TimerModelNotification,858,3,946,2,947,0,1500,533,1641,alarm,1688,1,1745,-868672399]
02-18 03:03:47.192 14100 14100 I wm_on_resume_called: [23698237,com.android.deskclock.DeskClock,RESUME_ACTIVITY]
02-18 03:03:47.192 1520 1520 I notification_canceled: [0|com.android.deskclock|2147483645|null|10064,8,735,735,0,-1,-1,NULL]
02-18 03:03:47.195 14100 14100 I wm_on_top_resumed_gained_called: [23698237,com.android.deskclock.DeskClock,topWhenResuming]
02-18 03:03:47.198 1520 1821 I input_focus: [Focus leaving ea4c11d com.android.launcher3/com.android.launcher3.uioverrides.QuickstepLauncher (server),reason=NO_WINDOW]
02-18 03:03:47.198 1520 1520 I GameModeConfig: Current uri is uri = content://com.thundercomm.gamemode.api/gamemode_settings/gamemode_isgaming
02-18 03:03:47.200 1520 1520 I GameModeConfig: isGameModeOn = false
02-18 03:03:47.201 1520 1520 I GameModeConfig: isGameModeOn = false
02-18 03:03:47.201 1520 1520 I GameModeConfig: isDisableVoice = true
02-18 03:03:47.203 1520 1613 I input_focus: [Focus request 4f5abc com.android.deskclock/com.android.deskclock.DeskClock,reason=UpdateInputWindows]
02-18 03:03:47.226 1520 1608 I sysui_multi_action: [319,24,321,21,322,57,325,7640,757,761,758,9,759,4,806,com.android.deskclock,871,com.android.deskclock.DeskClock,904,com.android.launcher3,905,0,1320,4,1321,1]
02-18 03:03:47.230 1520 1821 I input_focus: [Focus entering 4f5abc com.android.deskclock/com.android.deskclock.DeskClock (server),reason=setFocusedWindow]
02-18 03:03:47.277 1520 1602 W FreeFormWindowHelper: Current Display FreeFormTask is null
02-18 03:03:47.284 2537 4260 W ContextImpl: Calling a method in the system process without a qualified user: android.app.ContextImpl.startService:1816 android.content.ContextWrapper.startService:774 com.thundercomm.gamemode.ingame.services.GameModeActionUtils.startGameModeService:111 com.thundercomm.gamemode.ingame.services.GameModeActionUtils.startGameModeEntry:22 com.thundercomm.gamemode.ingame.services.ActivityMonitoringService$1.onActivityLaunch:139
02-18 03:03:47.288 1520 1520 I GameModeConfig: Current uri is uri = content://com.thundercomm.gamemode.api/gamemode_settings/gamemode_isgaming
02-18 03:03:47.289 1520 1520 I GameModeConfig: isGameModeOn = false
02-18 03:03:47.289 1520 1520 I GameModeConfig: isGameModeOn = false
02-18 03:03:47.289 1520 1520 I GameModeConfig: isDisableVoice = true
02-18 03:03:47.533 1520 1612 I wm_stop_activity: [0,58637558,com.android.launcher3/.uioverrides.QuickstepLauncher]
02-18 03:03:47.552 1520 2751 W FreeFormWindowHelper: Current Display FreeFormTask is null
02-18 03:03:47.552 1520 2751 W FreeFormWindowHelper: Current Display FreeFormTask is null
02-18 03:03:47.554 1520 2751 W FreeFormWindowHelper: exitRecentTasks type=0
02-18 03:03:47.566 2828 2828 I wm_on_stop_called: [58637558,com.android.launcher3.uioverrides.QuickstepLauncher,STOP_ACTIVITY_ITEM]
02-18 03:03:47.574 2537 4260 W ContextImpl: Calling a method in the system process without a qualified user: android.app.ContextImpl.startService:1816 android.content.ContextWrapper.startService:774 com.thundercomm.gamemode.ingame.services.GameModeActionUtils.startGameModeService:111 com.thundercomm.gamemode.ingame.services.GameModeActionUtils.startGameModeEntry:22 com.thundercomm.gamemode.ingame.services.ActivityMonitoringService$1.onActivityLaunch:139
02-18 03:03:47.577 1520 1520 I GameModeConfig: Current uri is uri = content://com.thundercomm.gamemode.api/gamemode_settings/gamemode_isgaming
02-18 03:03:47.578 1520 1520 I GameModeConfig: isGameModeOn = false
02-18 03:03:47.579 1520 1520 I GameModeConfig: isGameModeOn = false
02-18 03:03:47.579 1520 1520 I GameModeConfig: isDisableVoice = true
02-18 03:03:48.010 1520 3839 E TaskPersister: File error accessing recents directory (directory doesn't exist?).
02-18 03:03:50.546 1520 1821 I input_interaction: Interaction with: 4f5abc com.android.deskclock/com.android.deskclock.DeskClock (server), edge-swipe (server), swipe-up (server), PointerEventDispatcher0 (server),
02-18 03:03:50.889 1520 2751 I wm_finish_activity: [0,127674380,85,com.android.deskclock/.timer.ExpiredTimersActivity,app-request]
02-18 03:03:50.891 1520 2751 I wm_destroy_activity: [0,127674380,85,com.android.deskclock/.timer.ExpiredTimersActivity,finish-imm:finishIfPossible]
02-18 03:03:50.894 1520 1520 I sysui_multi_action: [757,128,758,5,759,8,793,72719,794,11359,795,34360,796,2147483644,806,com.android.deskclock,857,TimerModelNotification,858,3,947,0,1500,34360,1688,1,1745,-868672399]
02-18 03:03:50.894 1520 1520 I notification_canceled: [0|com.android.deskclock|2147483644|null|10064,8,72719,34360,11359,-1,-1,NULL]
02-18 03:03:50.905 14100 14100 I wm_on_destroy_called: [127674380,com.android.deskclock.timer.ExpiredTimersActivity,performDestroy]
02-18 03:03:50.914 1520 2751 I wm_task_removed: [85,removeChild:removeChild last r=ActivityRecord{79c280c u0 com.android.deskclock/.timer.ExpiredTimersActivity t-1 f}} in t=Task{f704dc2 #85 type=standard I=com.android.deskclock/.timer.ExpiredTimersActivity U=0 visible=false mode=fullscreen translucent=true sz=0}]
02-18 03:03:50.914 1520 2751 I wm_task_removed: [85,removeChild]
02-18 03:03:50.914 1520 1618 W UsageStatsService: Unexpected activity event reported! (com.android.deskclock/com.android.deskclock.timer.ExpiredTimersActivity event : 23 instanceId : 243431231)
02-18 03:03:50.917 1520 1613 W ActivityTaskManager: Can't find TaskDisplayArea to determine support for multi window. Task id=85 attached=false
02-18 03:03:50.917 1520 1613 W ActivityTaskManager: Can't find TaskDisplayArea to determine support for multi window. Task id=85 attached=false
02-18 03:03:51.160 1520 2286 I GameModeConfig: isGameModeOn = false
02-18 03:03:51.161 1520 2286 I GameModeConfig: isGameModeOn = false
02-18 03:03:51.359 1520 2286 I GameModeConfig: isGameModeOn = false
01-05 12:02:44.258 0 0 E DTC_ETH,link_delay_work_func: 3003, SQI=0, link=0
02-18 03:03:56.463 1520 2286 I GameModeConfig: isGameModeOn = false
01-05 12:02:49.378 0 0 E DTC_ETH,link_delay_work_func: 3003, SQI=0, link=0
01-05 12:02:54.498 0 0 E DTC_ETH,link_delay_work_func: 3003, SQI=0, link=0
02-18 03:04:03.099 1520 2751 W FreeFormWindowHelper: Current Display FreeFormTask is null
02-18 03:04:03.100 1520 6101 I wm_task_moved: [1,0,0]
02-18 03:04:03.100 1520 6101 I wm_task_moved: [1,0,5]
02-18 03:04:03.114 2828 2828 I wm_on_restart_called: [58637558,com.android.launcher3.uioverrides.QuickstepLauncher,performRestartActivity]
02-18 03:04:03.116 1520 2751 W FreeFormWindowHelper: Current Display FreeFormTask is null
02-18 03:04:03.117 1520 2746 W FreeFormWindowHelper: Current Display FreeFormTask is null
02-18 03:04:03.118 1520 1602 W FreeFormWindowHelper: Current Display FreeFormTask is null
02-18 03:04:03.122 2537 4260 W ContextImpl: Calling a method in the system process without a qualified user: android.app.ContextImpl.startService:1816 android.content.ContextWrapper.startService:774 com.thundercomm.gamemode.ingame.services.GameModeActionUtils.startGameModeService:111 com.thundercomm.gamemode.ingame.services.GameModeActionUtils.startGameModeEntry:22 com.thundercomm.gamemode.ingame.services.ActivityMonitoringService$1.onActivityLaunch:139
02-18 03:04:03.127 1520 1520 I GameModeConfig: Current uri is uri = content://com.thundercomm.gamemode.api/gamemode_settings/gamemode_isgaming
02-18 03:04:03.131 1520 1520 I GameModeConfig: isGameModeOn = false
02-18 03:04:03.132 1520 1520 I GameModeConfig: isGameModeOn = false
02-18 03:04:03.132 1520 1520 I GameModeConfig: isDisableVoice = true
02-18 03:04:03.133 2828 2828 I wm_on_start_called: [58637558,com.android.launcher3.uioverrides.QuickstepLauncher,handleStartActivity]
02-18 03:04:03.136 1520 6101 W ActivityTaskManager: getTaskSnapshot: taskId=1084 not found
02-18 03:04:03.139 1520 6101 W ActivityTaskManager: getTaskSnapshot: taskId=2084 not found
02-18 03:04:03.142 1520 6101 W ActivityTaskManager: getTaskSnapshot: taskId=3084 not found
02-18 03:04:03.142 1520 1602 W FreeFormWindowHelper: Current Display FreeFormTask is null
02-18 03:04:03.142 1520 6101 W FreeFormWindowHelper: Current Display FreeFormTask is null
02-18 03:04:03.143 1520 1602 W ActivityTaskManager: getTaskSnapshot: taskId=4084 not found
02-18 03:04:03.145 1520 1602 W ActivityTaskManager: getTaskSnapshot: taskId=5084 not found
02-18 03:04:03.147 14100 14100 I view_enqueue_input_event: [Motion - Cancel,com.android.deskclock/com.android.deskclock.DeskClock]
02-18 03:04:03.148 1520 6101 W ActivityTaskManager: getTaskSnapshot: taskId=1084 not found
02-18 03:04:03.148 1520 6101 W ActivityTaskManager: getTaskSnapshot: taskId=2084 not found
02-18 03:04:03.148 1520 6101 W ActivityTaskManager: getTaskSnapshot: taskId=3084 not found
02-18 03:04:03.148 2828 2828 I sysui_latency: [1,58]
02-18 03:04:03.148 1520 6101 W ActivityTaskManager: getTaskSnapshot: taskId=4084 not found
02-18 03:04:03.149 1520 6101 W FreeFormWindowHelper: Current Display FreeFormTask is null
02-18 03:04:03.149 1520 1602 W ActivityTaskManager: getTaskSnapshot: taskId=1084 not found
02-18 03:04:03.150 1520 6101 W FreeFormWindowHelper: Current Display FreeFormTask is null
02-18 03:04:03.150 1520 6101 W FreeFormWindowHelper: Current Display FreeFormTask is null
02-18 03:04:03.152 1520 1821 I input_interaction: Interaction with: edge-swipe (server), swipe-up (server), PointerEventDispatcher0 (server),
02-18 03:04:03.159 1520 1602 W ActivityTaskManager: getTaskSnapshot: taskId=2084 not found
02-18 03:04:03.159 1520 1602 W ActivityTaskManager: getTaskSnapshot: taskId=1084 not found
02-18 03:04:03.159 1520 1602 W ActivityTaskManager: getTaskSnapshot: taskId=2084 not found
02-18 03:04:03.159 1520 1602 W ActivityTaskManager: getTaskSnapshot: taskId=3084 not found
02-18 03:04:03.160 1520 1608 I sysui_multi_action: [319,12,322,55,325,7656,757,761,758,9,759,5,806,com.android.launcher3,871,com.android.launcher3.uioverrides.QuickstepLauncher,905,0,1320,4,1321,1]
02-18 03:04:03.160 1520 1602 W ActivityTaskManager: getTaskSnapshot: taskId=4084 not found
02-18 03:04:03.160 1520 1602 W ActivityTaskManager: getTaskSnapshot: taskId=5084 not found
02-18 03:04:03.161 1520 1613 I input_focus: [Focus request recents_animation_input_consumer,reason=UpdateInputWindows]
02-18 03:04:03.167 1520 2751 W FreeFormWindowHelper: Current Display FreeFormTask is null
02-18 03:04:03.167 1520 2751 W FreeFormWindowHelper: Current Display FreeFormTask is null
02-18 03:04:03.168 1520 1821 I input_focus: [Focus leaving 4f5abc com.android.deskclock/com.android.deskclock.DeskClock (server),reason=NOT_FOCUSABLE]
02-18 03:04:03.168 1520 1821 I input_focus: [Focus entering recents_animation_input_consumer (server),reason=setFocusedWindow]
02-18 03:04:03.183 1520 2751 W FreeFormWindowHelper: Current Display FreeFormTask is null
02-18 03:04:03.184 1520 2751 W FreeFormWindowHelper: Current Display FreeFormTask is null
02-18 03:04:03.340 1520 1768 I commit_sys_config_file: [settings-1-0,9]
02-18 03:04:03.433 1520 6101 W FreeFormWindowHelper: Current Display FreeFormTask is null
02-18 03:04:03.433 1520 2751 W FreeFormWindowHelper: Current Display FreeFormTask is null
02-18 03:04:03.434 1520 2751 W FreeFormWindowHelper: Current Display FreeFormTask is null
02-18 03:04:03.459 1520 1618 I sysui_latency: [8,64]
02-18 03:04:03.838 1520 6101 I wm_task_moved: [1,1,6]
02-18 03:04:03.839 1520 6101 I wm_focused_root_task: [0,0,1,84,RecentsAnimation.onAnimationFinished()]
02-18 03:04:03.840 1520 6101 I wm_pause_activity: [0,23698237,com.android.deskclock/.DeskClock,userLeaving=false,pauseBackTasks]
02-18 03:04:03.841 1520 6101 I ActivityTaskManager: FOREGROUND_APPLICATION_CHANGED to com.android.launcher3.uioverrides.QuickstepLauncher
02-18 03:04:03.841 14100 14100 I wm_on_top_resumed_lost_called: [23698237,com.android.deskclock.DeskClock,topStateChangedWhenResumed]
02-18 03:04:03.841 1520 6101 I wm_set_resumed_activity: [0,com.android.launcher3/.uioverrides.QuickstepLauncher,resumeTopActivityInnerLocked]
02-18 03:04:03.842 1520 6101 I wm_resume_activity: [0,58637558,11,com.android.launcher3/.uioverrides.QuickstepLauncher]
02-18 03:04:03.842 1520 6101 I wm_add_to_stopping: [0,23698237,com.android.deskclock/.DeskClock,makeInvisible]
02-18 03:04:03.844 2828 2828 I wm_on_resume_called: [58637558,com.android.launcher3.uioverrides.QuickstepLauncher,RESUME_ACTIVITY]
02-18 03:04:03.850 1520 1613 I input_focus: [Focus request ea4c11d com.android.launcher3/com.android.launcher3.uioverrides.QuickstepLauncher,reason=UpdateInputWindows]
02-18 03:04:03.852 1520 1612 I sysui_multi_action: [757,803,799,window_time_0,802,17]
02-18 03:04:03.853 1520 1821 I input_focus: [Focus leaving recents_animation_input_consumer (server),reason=NOT_VISIBLE]
02-18 03:04:03.853 1520 9451 W FreeFormWindowHelper: Current Display FreeFormTask is null
02-18 03:04:03.853 1520 9451 W FreeFormWindowHelper: Current Display FreeFormTask is null
02-18 03:04:03.855 1520 1602 W FreeFormWindowHelper: Current Display FreeFormTask is null
02-18 03:04:03.860 1520 1612 I wm_stop_activity: [0,23698237,com.android.deskclock/.DeskClock]
02-18 03:04:03.861 14100 14100 I wm_on_paused_called: [23698237,com.android.deskclock.DeskClock,performPause]
02-18 03:04:03.861 1520 1612 I sysui_multi_action: [757,803,799,window_time_0,802,0]
02-18 03:04:03.869 1520 1618 I am_pss : [14061,10083,com.android.music,10869760,7720960,0,103952384,0,19,6]
02-18 03:04:03.870 1520 1821 I input_focus: [Focus entering ea4c11d com.android.launcher3/com.android.launcher3.uioverrides.QuickstepLauncher (server),reason=setFocusedWindow]
02-18 03:04:03.876 2828 2828 I wm_on_top_resumed_gained_called: [58637558,com.android.launcher3.uioverrides.QuickstepLauncher,topStateChangedWhenResumed]
02-18 03:04:03.877 1520 2751 W FreeFormWindowHelper: Current Display FreeFormTask is null
02-18 03:04:03.877 1520 2751 W FreeFormWindowHelper: Current Display FreeFormTask is null
02-18 03:04:03.883 1520 2286 I GameModeConfig: isGameModeOn = false
02-18 03:04:03.883 1520 2286 I GameModeConfig: isGameModeOn = false
02-18 03:04:03.883 1520 2286 I GameModeConfig: isGameModeOn = false
02-18 03:04:03.883 1520 2286 I GameModeConfig: isGameModeOn = false
02-18 03:04:03.883 1520 2286 I GameModeConfig: isGameModeOn = false
02-18 03:04:03.884 1520 1520 I notification_enqueue: [10064,14100,com.android.deskclock,2147483645,NULL,0,Notification(channel=TimerModelNotification shortcut=null contentView=com.android.deskclock/0x7f0d0024 vibrate=null sound=null defaults=0x0 flags=0x102 color=0xff1a237e category=alarm groupKey=2 sortKey=0 actions=1 vis=PUBLIC),0]
02-18 03:04:03.894 14100 14100 I wm_on_stop_called: [23698237,com.android.deskclock.DeskClock,STOP_ACTIVITY_ITEM]
02-18 03:04:03.911 2537 4260 W ContextImpl: Calling a method in the system process without a qualified user: android.app.ContextImpl.startService:1816 android.content.ContextWrapper.startService:774 com.thundercomm.gamemode.ingame.services.GameModeActionUtils.startGameModeService:111 com.thundercomm.gamemode.ingame.services.GameModeActionUtils.startGameModeEntry:22 com.thundercomm.gamemode.ingame.services.ActivityMonitoringService$1.onActivityLaunch:139
02-18 03:04:03.914 1520 1520 I GameModeConfig: Current uri is uri = content://com.thundercomm.gamemode.api/gamemode_settings/gamemode_isgaming
02-18 03:04:03.917 1520 1520 I GameModeConfig: isGameModeOn = false
02-18 03:04:03.918 1520 1520 I GameModeConfig: isGameModeOn = false
02-18 03:04:03.918 1520 1520 I GameModeConfig: isDisableVoice = true
