02-18 03:09:29.752 1520 1619 I am_wtf : [0,1520,system_server,-1,DisplayDeviceConfig,requesting nits when no mapping exists.]
02-18 03:09:29.769 1520 2324 E DisplayDeviceConfig: requesting nits when no mapping exists.
02-18 03:09:29.770 1520 2324 E DisplayDeviceConfig: requesting nits when no mapping exists.
02-18 03:09:29.770 1520 1619 I am_wtf : [0,1520,system_server,-1,DisplayDeviceConfig,requesting nits when no mapping exists.]
02-18 03:09:29.770 1520 1612 I wm_stop_activity: [0,8963172,com.android.music/.MusicBrowserActivity]
02-18 03:09:29.770 1520 1619 I am_wtf : [0,1520,system_server,-1,DisplayDeviceConfig,requesting nits when no mapping exists.]
02-18 03:09:29.784 1520 2324 E DisplayDeviceConfig: requesting nits when no mapping exists.
02-18 03:09:29.785 1520 1619 I am_wtf : [0,1520,system_server,-1,DisplayDeviceConfig,requesting nits when no mapping exists.]
02-18 03:09:29.785 1520 2324 E DisplayDeviceConfig: requesting nits when no mapping exists.
02-18 03:09:29.785 1520 1619 I am_wtf : [0,1520,system_server,-1,DisplayDeviceConfig,requesting nits when no mapping exists.]
02-18 03:09:29.790 14061 14061 I wm_on_stop_called: [8963172,com.android.music.MusicBrowserActivity,STOP_ACTIVITY_ITEM]
02-18 03:09:29.801 1520 2324 E DisplayDeviceConfig: requesting nits when no mapping exists.
02-18 03:09:29.801 1520 2324 E DisplayDeviceConfig: requesting nits when no mapping exists.
02-18 03:09:29.802 1520 1619 I am_wtf : [0,1520,system_server,-1,DisplayDeviceConfig,requesting nits when no mapping exists.]
02-18 03:09:29.803 1520 1619 I am_wtf : [0,1520,system_server,-1,DisplayDeviceConfig,requesting nits when no mapping exists.]
02-18 03:09:29.810 2537 4260 W ContextImpl: Calling a method in the system process without a qualified user: android.app.ContextImpl.startService:1816 android.content.ContextWrapper.startService:774 com.thundercomm.gamemode.ingame.services.GameModeActionUtils.startGameModeService:111 com.thundercomm.gamemode.ingame.services.GameModeActionUtils.startGameModeEntry:22 com.thundercomm.gamemode.ingame.services.ActivityMonitoringService$1.onActivityLaunch:139
02-18 03:09:29.811 1520 1520 I GameModeConfig: Current uri is uri = content://com.thundercomm.gamemode.api/gamemode_settings/gamemode_isgaming
02-18 03:09:29.812 1520 1520 I GameModeConfig: isGameModeOn = false
02-18 03:09:29.812 1520 1520 I GameModeConfig: isGameModeOn = false
02-18 03:09:29.812 1520 1520 I GameModeConfig: isDisableVoice = true
02-18 03:09:29.818 1520 2324 E DisplayDeviceConfig: requesting nits when no mapping exists.
02-18 03:09:29.818 1520 2324 E DisplayDeviceConfig: requesting nits when no mapping exists.
02-18 03:09:29.818 1520 1619 I am_wtf : [0,1520,system_server,-1,DisplayDeviceConfig,requesting nits when no mapping exists.]
02-18 03:09:29.819 1520 1619 I am_wtf : [0,1520,system_server,-1,DisplayDeviceConfig,requesting nits when no mapping exists.]
02-18 03:09:29.835 1520 2324 E DisplayDeviceConfig: requesting nits when no mapping exists.
02-18 03:09:29.835 1520 2324 E DisplayDeviceConfig: requesting nits when no mapping exists.
02-18 03:09:29.835 1520 1619 I am_wtf : [0,1520,system_server,-1,DisplayDeviceConfig,requesting nits when no mapping exists.]
02-18 03:09:29.836 1520 1619 I am_wtf : [0,1520,system_server,-1,DisplayDeviceConfig,requesting nits when no mapping exists.]
02-18 03:09:29.850 1520 2324 E DisplayDeviceConfig: requesting nits when no mapping exists.
02-18 03:09:29.850 1520 2324 E DisplayDeviceConfig: requesting nits when no mapping exists.
02-18 03:09:29.850 1520 1619 I am_wtf : [0,1520,system_server,-1,DisplayDeviceConfig,requesting nits when no mapping exists.]
02-18 03:09:29.850 1520 1619 I am_wtf : [0,1520,system_server,-1,DisplayDeviceConfig,requesting nits when no mapping exists.]
02-18 03:09:29.866 1520 2324 E DisplayDeviceConfig: requesting nits when no mapping exists.
02-18 03:09:29.866 1520 2324 E DisplayDeviceConfig: requesting nits when no mapping exists.
02-18 03:09:29.866 1520 1619 I am_wtf : [0,1520,system_server,-1,DisplayDeviceConfig,requesting nits when no mapping exists.]
02-18 03:09:29.866 1520 1619 I am_wtf : [0,1520,system_server,-1,DisplayDeviceConfig,requesting nits when no mapping exists.]
02-18 03:09:29.883 1520 2324 E DisplayDeviceConfig: requesting nits when no mapping exists.
02-18 03:09:29.883 1520 2324 E DisplayDeviceConfig: requesting nits when no mapping exists.
02-18 03:09:29.883 1520 1619 I am_wtf : [0,1520,system_server,-1,DisplayDeviceConfig,requesting nits when no mapping exists.]
02-18 03:09:29.884 1520 1619 I am_wtf : [0,1520,system_server,-1,DisplayDeviceConfig,requesting nits when no mapping exists.]
02-18 03:09:29.899 1520 2324 E DisplayDeviceConfig: requesting nits when no mapping exists.
02-18 03:09:29.900 1520 2324 E DisplayDeviceConfig: requesting nits when no mapping exists.
02-18 03:09:29.900 1520 1619 I am_wtf : [0,1520,system_server,-1,DisplayDeviceConfig,requesting nits when no mapping exists.]
02-18 03:09:29.900 1520 1619 I am_wtf : [0,1520,system_server,-1,DisplayDeviceConfig,requesting nits when no mapping exists.]
02-18 03:09:29.916 1520 2324 E DisplayDeviceConfig: requesting nits when no mapping exists.
02-18 03:09:29.916 1520 2324 E DisplayDeviceConfig: requesting nits when no mapping exists.
02-18 03:09:29.916 1520 1619 I am_wtf : [0,1520,system_server,-1,DisplayDeviceConfig,requesting nits when no mapping exists.]
02-18 03:09:29.917 1520 1619 I am_wtf : [0,1520,system_server,-1,DisplayDeviceConfig,requesting nits when no mapping exists.]
02-18 03:09:29.932 1520 2324 E DisplayDeviceConfig: requesting nits when no mapping exists.
02-18 03:09:29.933 1520 2324 E DisplayDeviceConfig: requesting nits when no mapping exists.
02-18 03:09:29.933 1520 1619 I am_wtf : [0,1520,system_server,-1,DisplayDeviceConfig,requesting nits when no mapping exists.]
02-18 03:09:29.933 1520 1619 I am_wtf : [0,1520,system_server,-1,DisplayDeviceConfig,requesting nits when no mapping exists.]
02-18 03:09:29.949 1520 2324 E DisplayDeviceConfig: requesting nits when no mapping exists.
02-18 03:09:29.949 1520 2324 E DisplayDeviceConfig: requesting nits when no mapping exists.
02-18 03:09:29.949 1520 1619 I am_wtf : [0,1520,system_server,-1,DisplayDeviceConfig,requesting nits when no mapping exists.]
02-18 03:09:29.950 1520 1619 I am_wtf : [0,1520,system_server,-1,DisplayDeviceConfig,requesting nits when no mapping exists.]
02-18 03:09:29.966 1520 2324 E DisplayDeviceConfig: requesting nits when no mapping exists.
02-18 03:09:29.966 1520 2324 E DisplayDeviceConfig: requesting nits when no mapping exists.
02-18 03:09:29.966 1520 1619 I am_wtf : [0,1520,system_server,-1,DisplayDeviceConfig,requesting nits when no mapping exists.]
02-18 03:09:29.966 1520 1619 I am_wtf : [0,1520,system_server,-1,DisplayDeviceConfig,requesting nits when no mapping exists.]
02-18 03:09:29.983 1520 2324 E DisplayDeviceConfig: requesting nits when no mapping exists.
02-18 03:09:29.983 1520 2324 E DisplayDeviceConfig: requesting nits when no mapping exists.
02-18 03:09:29.983 1520 1619 I am_wtf : [0,1520,system_server,-1,DisplayDeviceConfig,requesting nits when no mapping exists.]
02-18 03:09:29.983 1520 1619 I am_wtf : [0,1520,system_server,-1,DisplayDeviceConfig,requesting nits when no mapping exists.]
02-18 03:09:30.000 1520 2324 E DisplayDeviceConfig: requesting nits when no mapping exists.
02-18 03:09:30.000 1520 2324 E DisplayDeviceConfig: requesting nits when no mapping exists.
02-18 03:09:30.000 1520 1619 I am_wtf : [0,1520,system_server,-1,DisplayDeviceConfig,requesting nits when no mapping exists.]
02-18 03:09:30.000 1520 1619 I am_wtf : [0,1520,system_server,-1,DisplayDeviceConfig,requesting nits when no mapping exists.]
02-18 03:09:30.017 1520 2324 E DisplayDeviceConfig: requesting nits when no mapping exists.
02-18 03:09:30.017 1520 2324 E DisplayDeviceConfig: requesting nits when no mapping exists.
02-18 03:09:30.017 1520 1619 I am_wtf : [0,1520,system_server,-1,DisplayDeviceConfig,requesting nits when no mapping exists.]
02-18 03:09:30.017 1520 1619 I am_wtf : [0,1520,system_server,-1,DisplayDeviceConfig,requesting nits when no mapping exists.]
02-18 03:09:30.033 1520 2324 E DisplayDeviceConfig: requesting nits when no mapping exists.
02-18 03:09:30.033 1520 2324 E DisplayDeviceConfig: requesting nits when no mapping exists.
02-18 03:09:30.033 1520 1619 I am_wtf : [0,1520,system_server,-1,DisplayDeviceConfig,requesting nits when no mapping exists.]
02-18 03:09:30.033 1520 1619 I am_wtf : [0,1520,system_server,-1,DisplayDeviceConfig,requesting nits when no mapping exists.]
02-18 03:09:30.051 1520 2324 E DisplayDeviceConfig: requesting nits when no mapping exists.
02-18 03:09:30.051 1520 2324 E DisplayDeviceConfig: requesting nits when no mapping exists.
02-18 03:09:30.051 1520 1619 I am_wtf : [0,1520,system_server,-1,DisplayDeviceConfig,requesting nits when no mapping exists.]
02-18 03:09:30.051 1520 1619 I am_wtf : [0,1520,system_server,-1,DisplayDeviceConfig,requesting nits when no mapping exists.]
02-18 03:09:30.066 1520 2324 E DisplayDeviceConfig: requesting nits when no mapping exists.
02-18 03:09:30.066 1520 2324 E DisplayDeviceConfig: requesting nits when no mapping exists.
02-18 03:09:30.067 1520 1619 I am_wtf : [0,1520,system_server,-1,DisplayDeviceConfig,requesting nits when no mapping exists.]
02-18 03:09:30.067 1520 1619 I am_wtf : [0,1520,system_server,-1,DisplayDeviceConfig,requesting nits when no mapping exists.]
02-18 03:09:30.083 1520 2324 E DisplayDeviceConfig: requesting nits when no mapping exists.
02-18 03:09:30.083 1520 2324 E DisplayDeviceConfig: requesting nits when no mapping exists.
02-18 03:09:30.083 1520 1619 I am_wtf : [0,1520,system_server,-1,DisplayDeviceConfig,requesting nits when no mapping exists.]
02-18 03:09:30.083 1520 1619 I am_wtf : [0,1520,system_server,-1,DisplayDeviceConfig,requesting nits when no mapping exists.]
02-18 03:09:30.100 1520 2324 E DisplayDeviceConfig: requesting nits when no mapping exists.
02-18 03:09:30.100 1520 2324 E DisplayDeviceConfig: requesting nits when no mapping exists.
02-18 03:09:30.100 1520 1619 I am_wtf : [0,1520,system_server,-1,DisplayDeviceConfig,requesting nits when no mapping exists.]
02-18 03:09:30.100 1520 1619 I am_wtf : [0,1520,system_server,-1,DisplayDeviceConfig,requesting nits when no mapping exists.]
02-18 03:09:30.116 1520 2324 E DisplayDeviceConfig: requesting nits when no mapping exists.
02-18 03:09:30.116 1520 2324 E DisplayDeviceConfig: requesting nits when no mapping exists.
02-18 03:09:30.116 1520 1619 I am_wtf : [0,1520,system_server,-1,DisplayDeviceConfig,requesting nits when no mapping exists.]
02-18 03:09:30.117 1520 1619 I am_wtf : [0,1520,system_server,-1,DisplayDeviceConfig,requesting nits when no mapping exists.]
02-18 03:09:30.133 1520 2324 E DisplayDeviceConfig: requesting nits when no mapping exists.
02-18 03:09:30.133 1520 2324 E DisplayDeviceConfig: requesting nits when no mapping exists.
02-18 03:09:30.133 1520 1619 I am_wtf : [0,1520,system_server,-1,DisplayDeviceConfig,requesting nits when no mapping exists.]
02-18 03:09:30.134 1520 1619 I am_wtf : [0,1520,system_server,-1,DisplayDeviceConfig,requesting nits when no mapping exists.]
02-18 03:09:30.150 1520 2324 E DisplayDeviceConfig: requesting nits when no mapping exists.
02-18 03:09:30.150 1520 2324 E DisplayDeviceConfig: requesting nits when no mapping exists.
02-18 03:09:30.150 1520 1619 I am_wtf : [0,1520,system_server,-1,DisplayDeviceConfig,requesting nits when no mapping exists.]
02-18 03:09:30.150 1520 1619 I am_wtf : [0,1520,system_server,-1,DisplayDeviceConfig,requesting nits when no mapping exists.]
02-18 03:09:30.166 1520 2324 E DisplayDeviceConfig: requesting nits when no mapping exists.
02-18 03:09:30.166 1520 2324 E DisplayDeviceConfig: requesting nits when no mapping exists.
02-18 03:09:30.166 1520 1619 I am_wtf : [0,1520,system_server,-1,DisplayDeviceConfig,requesting nits when no mapping exists.]
02-18 03:09:30.167 1520 1619 I am_wtf : [0,1520,system_server,-1,DisplayDeviceConfig,requesting nits when no mapping exists.]
02-18 03:09:30.183 1520 2324 E DisplayDeviceConfig: requesting nits when no mapping exists.
02-18 03:09:30.183 1520 1619 I am_wtf : [0,1520,system_server,-1,DisplayDeviceConfig,requesting nits when no mapping exists.]
02-18 03:09:30.183 1520 2324 E DisplayDeviceConfig: requesting nits when no mapping exists.
02-18 03:09:30.183 1520 1619 I am_wtf : [0,1520,system_server,-1,DisplayDeviceConfig,requesting nits when no mapping exists.]
02-18 03:09:30.200 1520 2324 E DisplayDeviceConfig: requesting nits when no mapping exists.
02-18 03:09:30.200 1520 2324 E DisplayDeviceConfig: requesting nits when no mapping exists.
02-18 03:09:30.200 1520 1619 I am_wtf : [0,1520,system_server,-1,DisplayDeviceConfig,requesting nits when no mapping exists.]
02-18 03:09:30.200 1520 1619 I am_wtf : [0,1520,system_server,-1,DisplayDeviceConfig,requesting nits when no mapping exists.]
02-18 03:09:30.217 1520 2324 E DisplayDeviceConfig: requesting nits when no mapping exists.
02-18 03:09:30.217 1520 2324 E DisplayDeviceConfig: requesting nits when no mapping exists.
02-18 03:09:30.217 1520 1619 I am_wtf : [0,1520,system_server,-1,DisplayDeviceConfig,requesting nits when no mapping exists.]
02-18 03:09:30.217 1520 1619 I am_wtf : [0,1520,system_server,-1,DisplayDeviceConfig,requesting nits when no mapping exists.]
02-18 03:09:30.233 1520 2324 E DisplayDeviceConfig: requesting nits when no mapping exists.
02-18 03:09:30.233 1520 2324 E DisplayDeviceConfig: requesting nits when no mapping exists.
02-18 03:09:30.233 1520 1619 I am_wtf : [0,1520,system_server,-1,DisplayDeviceConfig,requesting nits when no mapping exists.]
02-18 03:09:30.234 1520 1619 I am_wtf : [0,1520,system_server,-1,DisplayDeviceConfig,requesting nits when no mapping exists.]
01-05 12:08:27.298 0 0 E DTC_ETH,link_delay_work_func: 3003, SQI=0, link=0
01-05 12:08:27.557 0 0 I msm_vidc: err : ffffffff: .....: DBLP Set: status 0
01-05 12:08:32.418 0 0 E DTC_ETH,link_delay_work_func: 3003, SQI=0, link=0
01-05 12:08:37.538 0 0 E DTC_ETH,link_delay_work_func: 3003, SQI=0, link=0
01-05 12:08:42.658 0 0 E DTC_ETH,link_delay_work_func: 3003, SQI=0, link=0
01-05 12:08:47.778 0 0 E DTC_ETH,link_delay_work_func: 3003, SQI=0, link=0
01-05 12:08:52.898 0 0 E DTC_ETH,link_delay_work_func: 3003, SQI=0, link=0
02-18 03:10:02.928 1520 1802 D ActivityManager: freezing 13982 com.android.gallery3d
02-18 03:10:02.928 1520 1802 E ActivityManager: Unable to freeze binder for 13982 com.android.gallery3d
01-05 12:08:55.715 0 0 I binder : 1520:1802 ioctl 400c620e 6f1c4355d8 returned -22
01-05 12:08:55.717 0 0 I binder : 1520:1802 ioctl c00c620f 6f1c4355b8 returned -22
02-18 03:10:02.930 1520 1802 D ActivityManager: froze 13982 com.android.gallery3d
02-18 03:10:02.930 1520 1802 I am_freeze: [13982,com.android.gallery3d]
02-18 03:10:02.930 1520 1802 E ActivityManager: Unable to freeze binder for 13982 com.android.gallery3d
02-18 03:10:02.931 1520 1802 I ActivityManager: Killing 13982:com.android.gallery3d/u0a68 (adj 945): Unable to freeze binder interface
02-18 03:10:02.932 1520 1802 I am_kill : [0,13982,com.android.gallery3d,945,Unable to freeze binder interface]
02-18 03:10:02.978 1520 6588 I am_proc_died: [0,13982,com.android.gallery3d,945,19]
02-18 03:10:02.978 1520 6588 I am_uid_stopped: 10068
02-18 03:10:02.986 1520 1612 I am_uid_running: 10068
02-18 03:10:02.986 1520 1612 D CompatibilityChangeReporter: Compat change id reported: 135634846; UID 10068; state: DISABLED
02-18 03:10:02.987 1520 1612 D CompatibilityChangeReporter: Compat change id reported: 177438394; UID 10068; state: DISABLED
02-18 03:10:02.987 1520 1612 D CompatibilityChangeReporter: Compat change id reported: 135772972; UID 10068; state: DISABLED
02-18 03:10:02.987 1520 1612 D CompatibilityChangeReporter: Compat change id reported: 135754954; UID 10068; state: DISABLED
02-18 03:10:02.988 1520 1620 D CompatibilityChangeReporter: Compat change id reported: 143937733; UID 10068; state: DISABLED
02-18 03:10:02.994 1520 1618 I am_pss : [14061,10083,com.android.music,35651584,29274112,0,151371776,0,10,10]
02-18 03:10:03.002 1520 1618 I am_pss : [15020,10031,com.android.documentsui,11527168,8523776,0,103714816,0,19,6]
02-18 03:10:03.005 1520 1620 I am_proc_start: [0,15063,10068,com.android.gallery3d,NULL,]
02-18 03:10:03.005 1520 1620 I ActivityManager: Start proc 15063:com.android.gallery3d/u0a68 for null
02-18 03:10:03.010 1520 1618 I am_pss : [14971,10035,com.microsoft.emmx,36733952,32534528,0,131735552,0,19,7]
01-05 12:08:55.817 0 0 I binder : 15063:15063 ioctl 40046210 7fd1658544 returned -22
02-18 03:10:03.041 1520 6588 I am_proc_bound: [0,15063,com.android.gallery3d]
02-18 03:10:03.042 1520 6588 I service_manager_stats: [122,27,33830]
02-18 03:10:03.042 1520 6588 D CompatibilityChangeReporter: Compat change id reported: 168419799; UID 10068; state: DISABLED
01-05 12:08:58.018 0 0 E DTC_ETH,link_delay_work_func: 3003, SQI=0, link=0
01-05 12:08:58.372 0 0 I msm_vidc: err : ffffffff: .....: DBLP Set: status 0
01-05 12:09:03.138 0 0 E DTC_ETH,link_delay_work_func: 3003, SQI=0, link=0
01-05 12:09:08.258 0 0 E DTC_ETH,link_delay_work_func: 3003, SQI=0, link=0
01-05 12:09:13.378 0 0 E DTC_ETH,link_delay_work_func: 3003, SQI=0, link=0
01-05 12:09:18.498 0 0 E DTC_ETH,link_delay_work_func: 3003, SQI=0, link=0
02-18 03:10:29.774 1520 1619 I am_uid_idle: 10083
01-05 12:09:23.618 0 0 E DTC_ETH,link_delay_work_func: 3003, SQI=0, link=0
02-18 03:10:35.848 1520 1619 I am_uid_idle: 10067
01-05 12:09:28.738 0 0 E DTC_ETH,link_delay_work_func: 3003, SQI=0, link=0
01-05 12:09:33.858 0 0 E DTC_ETH,link_delay_work_func: 3003, SQI=0, link=0
01-05 12:09:38.978 0 0 E DTC_ETH,link_delay_work_func: 3003, SQI=0, link=0
01-05 12:09:44.098 0 0 E DTC_ETH,link_delay_work_func: 3003, SQI=0, link=0
01-05 12:09:49.218 0 0 E DTC_ETH,link_delay_work_func: 3003, SQI=0, link=0
01-05 12:09:54.338 0 0 E DTC_ETH,link_delay_work_func: 3003, SQI=0, link=0
01-05 12:09:58.437 0 0 I msm_vidc: err : ffffffff: .....: DBLP Set: status 0
01-05 12:09:59.458 0 0 E DTC_ETH,link_delay_work_func: 3003, SQI=0, link=0
01-05 12:10:04.578 0 0 E DTC_ETH,link_delay_work_func: 3003, SQI=0, link=0
01-05 12:10:09.699 0 0 E DTC_ETH,link_delay_work_func: 3003, SQI=0, link=0
01-05 12:10:14.818 0 0 E DTC_ETH,link_delay_work_func: 3003, SQI=0, link=0
01-05 12:10:19.938 0 0 E DTC_ETH,link_delay_work_func: 3003, SQI=0, link=0
01-05 12:10:25.058 0 0 E DTC_ETH,link_delay_work_func: 3003, SQI=0, link=0
01-05 12:10:28.273 0 0 I : PARTIAL DRAIN, do not wait for EOS ack
02-18 03:11:35.494 1520 6102 I snet_event_log: [172655291,-1,]
01-05 12:10:28.362 0 0 E q6asm_callback: cmd = 0x10bce returned error = 0xa
01-05 12:10:28.363 0 0 E __q6asm_cmd: DSP returned error[ADSP_ENOTREADY] opcode 68558
02-18 03:11:35.723 1520 2286 I GameModeConfig: isGameModeOn = false
02-18 03:11:35.723 1520 2286 I GameModeConfig: isGameModeOn = false
02-18 03:11:35.723 1520 2286 I GameModeConfig: isGameModeOn = false
02-18 03:11:35.723 1520 2286 I GameModeConfig: isGameModeOn = false
02-18 03:11:35.723 1520 2286 I GameModeConfig: isGameModeOn = false
02-18 03:11:35.723 1520 2286 I GameModeConfig: isGameModeOn = false
02-18 03:11:35.749 1520 1520 I notification_enqueue: [10083,14061,com.android.music,1,NULL,0,Notification(channel=Channel-music shortcut=null contentView=null vibrate=null sound=null defaults=0x0 flags=0x2 color=0x00000000 category=transport actions=4 vis=PRIVATE),1]
02-18 03:11:35.950 1520 1520 I sysui_multi_action: [757,1501,758,1,793,198554,794,0,795,202,796,1,806,com.android.music,857,Channel-music,858,2,947,0,1500,0,1641,transport,1688,1,1745,1043716538]
02-18 03:11:35.951 1520 1520 I sysui_multi_action: [757,804,799,note_interruptive,801,0,802,1]
02-18 03:11:35.951 1520 1520 I GameModeConfig: isGameModeOn = false
02-18 03:11:35.954 1520 1520 W NotificationHistory: Attempted to add notif for locked/gone/disabled user 0
01-05 12:10:30.178 0 0 E DTC_ETH,link_delay_work_func: 3003, SQI=0, link=0
01-05 12:10:35.298 0 0 E DTC_ETH,link_delay_work_func: 3003, SQI=0, link=0
01-05 12:10:39.160 0 0 I binder : 1520:1802 ioctl 400c620e 6f1c4355d8 returned -22
01-05 12:10:39.162 0 0 I binder : 1520:1802 ioctl c00c620f 6f1c4355b8 returned -22
02-18 03:11:46.372 1520 1802 D ActivityManager: freezing 14018 com.android.settings
02-18 03:11:46.372 1520 1802 E ActivityManager: Unable to freeze binder for 14018 com.android.settings
02-18 03:11:46.375 1520 1802 D ActivityManager: froze 14018 com.android.settings
02-18 03:11:46.375 1520 1802 I am_freeze: [14018,com.android.settings]
02-18 03:11:46.375 1520 1802 E ActivityManager: Unable to freeze binder for 14018 com.android.settings
02-18 03:11:46.376 1520 1802 I ActivityManager: Killing 14018:com.android.settings/1000 (adj 945): Unable to freeze binder interface
02-18 03:11:46.376 1520 1802 I am_kill : [0,14018,com.android.settings,945,Unable to freeze binder interface]
02-18 03:11:46.408 1520 6102 I am_proc_died: [0,14018,com.android.settings,945,19]
02-18 03:11:46.415 1520 1612 D CompatibilityChangeReporter: Compat change id reported: 135634846; UID 1000; state: DISABLED
02-18 03:11:46.415 1520 1612 D CompatibilityChangeReporter: Compat change id reported: 177438394; UID 1000; state: DISABLED
02-18 03:11:46.415 1520 1612 D CompatibilityChangeReporter: Compat change id reported: 135772972; UID 1000; state: DISABLED
02-18 03:11:46.415 1520 1612 D CompatibilityChangeReporter: Compat change id reported: 135754954; UID 1000; state: ENABLED
02-18 03:11:46.419 1520 1618 I am_pss : [14061,10083,com.android.music,35326976,28946432,0,151040000,0,10,8]
02-18 03:11:46.425 1520 1618 I am_pss : [15063,10068,com.android.gallery3d,7372800,4825088,0,91316224,0,19,6]
02-18 03:11:46.430 1520 1620 I am_proc_start: [0,15098,1000,com.android.settings,NULL,]
02-18 03:11:46.430 1520 1620 I ActivityManager: Start proc 15098:com.android.settings/1000 for null
02-18 03:11:46.431 1520 1618 I am_pss : [15020,10031,com.android.documentsui,11342848,8339456,0,103530496,0,19,5]
02-18 03:11:46.441 1520 1618 I am_pss : [14687,10064,com.android.deskclock,49052672,42528768,0,168390656,0,4,9]
01-05 12:10:39.247 0 0 I binder : 15098:15098 ioctl 40046210 7fd1658544 returned -22
02-18 03:11:46.466 1520 6102 I am_proc_bound: [0,15098,com.android.settings]
02-18 03:11:46.526 1520 6102 I am_wtf : [0,15098,com.android.settings,952647173,RoleParser,com.android.permissioncontroller.role.model.AssistantRoleBehavior]
02-18 03:11:46.528 1520 15114 I DropBoxManagerService: add tag=system_app_wtf isTagEnabled=true flags=0x2
02-18 03:11:46.529 1520 6102 I am_wtf : [0,15098,com.android.settings,952647173,RoleParser,com.android.permissioncontroller.role.model.BrowserRoleBehavior]
02-18 03:11:46.529 1520 15115 I DropBoxManagerService: add tag=system_app_wtf isTagEnabled=true flags=0x2
02-18 03:11:46.530 1520 6102 I am_wtf : [0,15098,com.android.settings,952647173,RoleParser,com.android.permissioncontroller.role.model.DialerRoleBehavior]
02-18 03:11:46.531 1520 15116 I DropBoxManagerService: add tag=system_app_wtf isTagEnabled=true flags=0x2
02-18 03:11:46.532 1520 6102 I am_wtf : [0,15098,com.android.settings,952647173,RoleParser,com.android.permissioncontroller.role.model.SmsRoleBehavior]
02-18 03:11:46.533 1520 15117 I DropBoxManagerService: add tag=system_app_wtf isTagEnabled=true flags=0x2
02-18 03:11:46.534 1520 6102 I am_wtf : [0,15098,com.android.settings,952647173,RoleParser,com.android.permissioncontroller.role.model.EmergencyRoleBehavior]
02-18 03:11:46.535 1520 15118 I DropBoxManagerService: add tag=system_app_wtf isTagEnabled=true flags=0x2
02-18 03:11:46.536 1520 6102 I am_wtf : [0,15098,com.android.settings,952647173,RoleParser,com.android.permissioncontroller.role.model.HomeRoleBehavior]
02-18 03:11:46.539 1520 6102 I am_wtf : [0,15098,com.android.settings,952647173,RoleParser,com.android.permissioncontroller.role.model.SystemAutomotiveClusterRoleBehavior]
02-18 03:11:46.541 1520 6102 I am_wtf : [0,15098,com.android.settings,952647173,RoleParser,com.android.permissioncontroller.role.model.CompanionDeviceWatchRoleBehavior]
02-18 03:11:46.543 1520 6102 I am_wtf : [0,15098,com.android.settings,952647173,RoleParser,com.android.permissioncontroller.role.model.SystemShellRoleBehavior]
02-18 03:11:46.545 1520 6102 I am_wtf : [0,15098,com.android.settings,952647173,RoleParser,com.android.permissioncontroller.role.model.TelevisionRoleBehavior]
02-18 03:11:46.550 1520 6102 I am_wtf : [0,15098,com.android.settings,952647173,RoleParser,com.android.permissioncontroller.role.model.TelevisionRoleBehavior]
01-05 12:10:40.418 0 0 E DTC_ETH,link_delay_work_func: 3003, SQI=0, link=0
01-05 12:10:45.539 0 0 E DTC_ETH,link_delay_work_func: 3003, SQI=0, link=0
02-18 03:11:55.321 1520 1821 I input_interaction: Interaction with: 8a455b0 com.thundercomm.screensaver/android.service.dreams.DreamActivity (server), edge-swipe (server), swipe-up (server), PointerEventDispatcher0 (server),
02-18 03:11:55.325 1520 6588 I wm_finish_activity: [0,250603844,94,com.thundercomm.screensaver/android.service.dreams.DreamActivity,finish-activity]
02-18 03:11:55.325 1520 6588 I wm_task_moved: [93,1,6]
02-18 03:11:55.326 1520 6588 I wm_task_to_front: [0,93]
02-18 03:11:55.327 1520 6588 I wm_focused_root_task: [0,0,93,94,finish-top adjustFocusToNextFocusableTask]
02-18 03:11:55.329 1520 6588 I wm_pause_activity: [0,250603844,com.thundercomm.screensaver/android.service.dreams.DreamActivity,userLeaving=false,finish]
02-18 03:11:55.336 1520 1612 I sysui_multi_action: [757,803,799,window_time_0,802,146]
02-18 03:11:55.336 1520 6588 I DreamManagerService: Gently waking up from dream.
02-18 03:11:55.339 4558 4558 I wm_on_top_resumed_lost_called: [250603844,android.service.dreams.DreamActivity,topStateChangedWhenResumed]
02-18 03:11:55.339 1520 1608 I DreamManagerService: Performing gentle wake from dream.
02-18 03:11:55.339 4558 4558 I wm_on_paused_called: [250603844,android.service.dreams.DreamActivity,performPause]
02-18 03:11:55.340 1520 6102 I wm_add_to_stopping: [0,250603844,com.thundercomm.screensaver/android.service.dreams.DreamActivity,completeFinishing]
02-18 03:11:55.340 1520 6102 I ActivityTaskManager: FOREGROUND_APPLICATION_CHANGED to com.android.music.MusicBrowserActivity
02-18 03:11:55.342 1520 6102 I wm_set_resumed_activity: [0,com.android.music/.MusicBrowserActivity,resumeTopActivityInnerLocked]
02-18 03:11:55.345 1520 6102 I wm_resume_activity: [0,8963172,93,com.android.music/.MusicBrowserActivity]
02-18 03:11:55.349 1520 1612 I am_uid_active: 10083
02-18 03:11:55.353 4558 4558 I view_enqueue_input_event: [Motion - Cancel,com.thundercomm.screensaver/android.service.dreams.DreamActivity]
02-18 03:11:55.354 1520 1612 I sysui_multi_action: [757,803,799,window_time_0,802,0]
02-18 03:11:55.356 1520 1821 I input_focus: [Focus leaving 8a455b0 com.thundercomm.screensaver/android.service.dreams.DreamActivity (server),reason=NO_WINDOW]
02-18 03:11:55.358 14061 14061 I wm_on_restart_called: [8963172,com.android.music.MusicBrowserActivity,performRestartActivity]
02-18 03:11:55.360 14061 14061 I wm_on_start_called: [8963172,com.android.music.MusicBrowserActivity,handleStartActivity]
02-18 03:11:55.360 14061 14061 I wm_on_resume_called: [8963172,com.android.music.MusicBrowserActivity,RESUME_ACTIVITY]
02-18 03:11:55.364 14061 14061 I wm_on_top_resumed_gained_called: [8963172,com.android.music.MusicBrowserActivity,topWhenResuming]
02-18 03:11:55.369 2537 4260 W ContextImpl: Calling a method in the system process without a qualified user: android.app.ContextImpl.startService:1816 android.content.ContextWrapper.startService:774 com.thundercomm.gamemode.ingame.services.GameModeActionUtils.startGameModeService:111 com.thundercomm.gamemode.ingame.services.GameModeActionUtils.startGameModeEntry:22 com.thundercomm.gamemode.ingame.services.ActivityMonitoringService$1.onActivityLaunch:139
02-18 03:11:55.372 1520 6852 I am_uid_active: 10067
02-18 03:11:55.375 1520 1613 I input_focus: [Focus request 5c62bde com.android.music/com.android.music.MusicBrowserActivity,reason=UpdateInputWindows]
02-18 03:11:55.377 1520 1520 I GameModeConfig: Current uri is uri = content://com.thundercomm.gamemode.api/gamemode_settings/gamemode_isgaming
02-18 03:11:55.378 1520 1520 I GameModeConfig: isGameModeOn = false
02-18 03:11:55.378 1520 1520 I GameModeConfig: isGameModeOn = false
02-18 03:11:55.378 1520 1520 I GameModeConfig: isDisableVoice = true
02-18 03:11:55.384 1520 2286 I GameModeConfig: isGameModeOn = false
02-18 03:11:55.385 1520 2286 I GameModeConfig: isGameModeOn = false
02-18 03:11:55.387 1520 2286 I GameModeConfig: isGameModeOn = false
02-18 03:11:55.387 1520 2286 I GameModeConfig: isGameModeOn = false
02-18 03:11:55.387 1520 2286 I GameModeConfig: isGameModeOn = false
02-18 03:11:55.387 1520 2286 I GameModeConfig: isGameModeOn = false
02-18 03:11:55.403 1520 1821 I input_focus: [Focus entering 5c62bde com.android.music/com.android.music.MusicBrowserActivity (server),reason=setFocusedWindow]
02-18 03:11:55.408 1520 1520 I notification_enqueue: [10083,14061,com.android.music,1,NULL,0,Notification(channel=Channel-music shortcut=null contentView=null vibrate=null sound=null defaults=0x0 flags=0x2 color=0x00000000 category=transport actions=4 vis=PRIVATE),1]
02-18 03:11:55.409 1520 1520 I notification_enqueue: [10083,14061,com.android.music,1,NULL,0,Notification(channel=Channel-music shortcut=null contentView=null vibrate=null sound=null defaults=0x0 flags=0x42 color=0x00000000 category=transport actions=4 vis=PRIVATE),1]
02-18 03:11:55.433 1520 6852 W ActivityManager: Receiver with filter android.content.IntentFilter@b90ae61 already registered for pid 14061, callerPackage is com.android.music
02-18 03:11:55.448 1520 6852 W FreeFormWindowHelper: Current Display FreeFormTask is null
02-18 03:11:55.449 2537 4260 W ContextImpl: Calling a method in the system process without a qualified user: android.app.ContextImpl.startService:1816 android.content.ContextWrapper.startService:774 com.thundercomm.gamemode.ingame.services.GameModeActionUtils.startGameModeService:111 com.thundercomm.gamemode.ingame.services.GameModeActionUtils.startGameModeEntry:22 com.thundercomm.gamemode.ingame.services.ActivityMonitoringService$1.onActivityLaunch:139
02-18 03:11:55.449 1520 6588 W FreeFormWindowHelper: Current Display FreeFormTask is null
02-18 03:11:55.454 1520 1520 I GameModeConfig: Current uri is uri = content://com.thundercomm.gamemode.api/gamemode_settings/gamemode_isgaming
02-18 03:11:55.455 1520 1520 I GameModeConfig: isGameModeOn = false
02-18 03:11:55.455 1520 1520 I GameModeConfig: isGameModeOn = false
02-18 03:11:55.455 1520 1520 I GameModeConfig: isDisableVoice = true
02-18 03:11:55.610 1520 1520 I GameModeConfig: isGameModeOn = false
02-18 03:11:55.611 1520 1520 I GameModeConfig: isGameModeOn = false
02-18 03:11:55.705 1520 1821 I input_interaction: Interaction with: 5c62bde com.android.music/com.android.music.MusicBrowserActivity (server), edge-swipe (server), swipe-up (server), PointerEventDispatcher0 (server),
02-18 03:11:55.707 1520 1637 I PowerManagerService: Powering on display group fromDreaming (groupId=0, uid=1000, reason=WAKE_REASON_UNKNOWN, details=android.server.power:DREAM_FINISHED)...
02-18 03:11:55.707 1520 1637 I PowerManagerService: Waking up from Dreaming (uid=1000, reason=WAKE_REASON_UNKNOWN, details=android.server.power:DREAM_FINISHED)...
02-18 03:11:55.908 1520 1612 I wm_destroy_activity: [0,250603844,94,com.thundercomm.screensaver/android.service.dreams.DreamActivity,finish-imm:transit]
02-18 03:11:55.915 2537 4260 W ContextImpl: Calling a method in the system process without a qualified user: android.app.ContextImpl.startService:1816 android.content.ContextWrapper.startService:774 com.thundercomm.gamemode.ingame.services.GameModeActionUtils.startGameModeService:111 com.thundercomm.gamemode.ingame.services.GameModeActionUtils.startGameModeEntry:22 com.thundercomm.gamemode.ingame.services.ActivityMonitoringService$1.onActivityLaunch:139
02-18 03:11:55.917 1520 1520 I GameModeConfig: Current uri is uri = content://com.thundercomm.gamemode.api/gamemode_settings/gamemode_isgaming
02-18 03:11:55.920 1520 1520 I GameModeConfig: isGameModeOn = false
02-18 03:11:55.920 1520 1520 I GameModeConfig: isGameModeOn = false
02-18 03:11:55.920 1520 1520 I GameModeConfig: isDisableVoice = true
02-18 03:11:55.933 4558 4558 I wm_on_stop_called: [250603844,android.service.dreams.DreamActivity,LIFECYCLER_STOP_ACTIVITY]
02-18 03:11:55.934 4558 4558 I wm_on_destroy_called: [250603844,android.service.dreams.DreamActivity,performDestroy]
02-18 03:11:55.935 1520 6102 I DreamManagerService: Leaving dreamland.
02-18 03:11:55.937 1520 1608 I DreamManagerService: Performing gentle wake from dream.
02-18 03:11:55.937 1520 1608 I DreamController: Stopping dream: name=ComponentInfo{com.thundercomm.screensaver/com.thundercomm.saverclock.service.ClockScreensaver}, isTest=false, canDoze=false, userId=0, reason='finished self'(from 'finished self')
02-18 03:11:55.937 1520 1608 I sysui_multi_action: [757,222,758,2]
02-18 03:11:55.937 1520 1608 I sysui_multi_action: [757,804,799,dreaming_minutes,801,2,802,1]
02-18 03:11:55.944 1520 9451 I wm_task_removed: [94,removeChild:removeChild last r=ActivityRecord{eefe944 u0 com.thundercomm.screensaver/android.service.dreams.DreamActivity t-1 f}} in t=Task{9b9199 #94 type=dream A=10048:android:com.thundercomm.screensaver/dream U=0 visible=false mode=fullscreen translucent=true sz=0}]
02-18 03:11:55.944 1520 9451 I wm_task_removed: [94,removeChild]
02-18 03:11:55.948 1520 1613 W ActivityTaskManager: Can't find TaskDisplayArea to determine support for multi window. Task id=94 attached=false
01-05 12:10:50.658 0 0 E DTC_ETH,link_delay_work_func: 3003, SQI=0, link=0
01-05 12:10:50.922 0 0 D cnss : Host time = 8133811980 us, device time = 8109353730 us, offset = 24458250 us
01-05 12:10:50.922 0 0 D cnss : Updated time sync regs [0x984] = 0x175340a, [0x988] = 0x0
01-05 12:10:55.778 0 0 E DTC_ETH,link_delay_work_func: 3003, SQI=0, link=0
02-18 03:12:05.335 1520 1612 W ActivityTaskManager: Launch timeout has expired, giving up wake lock!
01-05 12:11:00.898 0 0 E DTC_ETH,link_delay_work_func: 3003, SQI=0, link=0
01-05 12:11:06.018 0 0 E DTC_ETH,link_delay_work_func: 3003, SQI=0, link=0
01-05 12:11:09.177 0 0 I [schedu][0x24714cf616][03:12:16.389989] wlan: [2158:I:OSIF] scan start scan id 41000
01-05 12:11:10.137 0 0 I [schedu][0x2472665400][03:12:17.350388] wlan: [2158:I:OSIF] vdev 0, scan id 41000 type COMPLETED(1) reason COMPLETED(1) scan found 57 bss
02-18 03:12:17.367 1282 3045 I liblog : 9
02-18 03:12:17.410 1520 1520 I notification_enqueue: [1000,1520,android,17303299,com.android.wifi,0,Notification(channel=NETWORK_AVAILABLE shortcut=null contentView=null vibrate=null sound=null tick defaults=0x0 flags=0x100 color=0x00000000 actions=2 vis=PRIVATE),1]
02-18 03:12:17.612 1520 1520 I sysui_multi_action: [757,1501,758,1,793,8127545,794,312953,795,202,796,17303299,797,com.android.wifi,806,android,857,NETWORK_AVAILABLE,858,2,947,0,1500,0,1688,1]
02-18 03:12:17.613 1520 1520 I sysui_multi_action: [757,804,799,note_interruptive,801,0,802,1]
02-18 03:12:17.613 1520 1520 I GameModeConfig: isGameModeOn = false
02-18 03:12:17.617 1520 1520 W NotificationHistory: Attempted to add notif for locked/gone/disabled user 0
01-05 12:11:11.138 0 0 E DTC_ETH,link_delay_work_func: 3003, SQI=0, link=0
01-05 12:11:16.258 0 0 E DTC_ETH,link_delay_work_func: 3003, SQI=0, link=0
01-05 12:11:21.382 0 0 E DTC_ETH,link_delay_work_func: 3003, SQI=0, link=0
01-05 12:11:26.498 0 0 E DTC_ETH,link_delay_work_func: 3003, SQI=0, link=0
01-05 12:11:31.618 0 0 E DTC_ETH,link_delay_work_func: 3003, SQI=0, link=0
01-05 12:11:36.738 0 0 E DTC_ETH,link_delay_work_func: 3003, SQI=0, link=0
01-05 12:11:41.858 0 0 E DTC_ETH,link_delay_work_func: 3003, SQI=0, link=0
02-18 03:12:53.185 1520 1637 V DisplayPowerController[0]: Brightness [0.05] reason changing to: 'manual [ dim ]', previous reason: 'manual'.
02-18 03:12:53.185 1520 1637 I sysui_multi_action: [757,1696,758,6,759,2]
02-18 03:12:53.186 1520 1637 W PowerManagerService: Screen on took 57478 ms
02-18 03:12:53.189 1520 2324 E DisplayDeviceConfig: requesting nits when no mapping exists.
02-18 03:12:53.189 1520 2324 E DisplayDeviceConfig: requesting nits when no mapping exists.
02-18 03:12:53.190 1520 1619 I am_wtf : [0,1520,system_server,-1,DisplayDeviceConfig,requesting nits when no mapping exists.]
02-18 03:12:53.191 1520 1619 I DropBoxManagerService: add tag=system_server_wtf isTagEnabled=true flags=0x2
02-18 03:12:53.193 1520 1619 I am_wtf : [0,1520,system_server,-1,DisplayDeviceConfig,requesting nits when no mapping exists.]
02-18 03:12:53.195 1520 1619 I DropBoxManagerService: add tag=system_server_wtf isTagEnabled=true flags=0x2
02-18 03:12:53.205 1520 2324 E DisplayDeviceConfig: requesting nits when no mapping exists.
02-18 03:12:53.206 1520 2324 E DisplayDeviceConfig: requesting nits when no mapping exists.
02-18 03:12:53.206 1520 1619 I am_wtf : [0,1520,system_server,-1,DisplayDeviceConfig,requesting nits when no mapping exists.]
02-18 03:12:53.208 1520 1619 I DropBoxManagerService: add tag=system_server_wtf isTagEnabled=true flags=0x2
02-18 03:12:53.208 1520 1619 I am_wtf : [0,1520,system_server,-1,DisplayDeviceConfig,requesting nits when no mapping exists.]
02-18 03:12:53.209 1520 1619 I DropBoxManagerService: add tag=system_server_wtf isTagEnabled=true flags=0x2
02-18 03:12:53.223 1520 2324 E DisplayDeviceConfig: requesting nits when no mapping exists.
02-18 03:12:53.224 1520 2324 E DisplayDeviceConfig: requesting nits when no mapping exists.
02-18 03:12:53.224 1520 1619 I am_wtf : [0,1520,system_server,-1,DisplayDeviceConfig,requesting nits when no mapping exists.]
02-18 03:12:53.225 1520 1619 I DropBoxManagerService: add tag=system_server_wtf isTagEnabled=true flags=0x2
02-18 03:12:53.226 1520 1619 I am_wtf : [0,1520,system_server,-1,DisplayDeviceConfig,requesting nits when no mapping exists.]
02-18 03:12:53.238 1520 2324 E DisplayDeviceConfig: requesting nits when no mapping exists.
02-18 03:12:53.239 1520 2324 E DisplayDeviceConfig: requesting nits when no mapping exists.
02-18 03:12:53.239 1520 1619 I am_wtf : [0,1520,system_server,-1,DisplayDeviceConfig,requesting nits when no mapping exists.]
02-18 03:12:53.239 1520 1619 I am_wtf : [0,1520,system_server,-1,DisplayDeviceConfig,requesting nits when no mapping exists.]
02-18 03:12:53.256 1520 2324 E DisplayDeviceConfig: requesting nits when no mapping exists.
02-18 03:12:53.257 1520 1619 I am_wtf : [0,1520,system_server,-1,DisplayDeviceConfig,requesting nits when no mapping exists.]
02-18 03:12:53.257 1520 2324 E DisplayDeviceConfig: requesting nits when no mapping exists.
02-18 03:12:53.258 1520 1619 I am_wtf : [0,1520,system_server,-1,DisplayDeviceConfig,requesting nits when no mapping exists.]
02-18 03:12:53.273 1520 2324 E DisplayDeviceConfig: requesting nits when no mapping exists.
02-18 03:12:53.273 1520 2324 E DisplayDeviceConfig: requesting nits when no mapping exists.
02-18 03:12:53.274 1520 1619 I am_wtf : [0,1520,system_server,-1,DisplayDeviceConfig,requesting nits when no mapping exists.]
02-18 03:12:53.275 1520 1619 I am_wtf : [0,1520,system_server,-1,DisplayDeviceConfig,requesting nits when no mapping exists.]
02-18 03:12:53.289 1520 2324 E DisplayDeviceConfig: requesting nits when no mapping exists.
02-18 03:12:53.289 1520 2324 E DisplayDeviceConfig: requesting nits when no mapping exists.
02-18 03:12:53.289 1520 1619 I am_wtf : [0,1520,system_server,-1,DisplayDeviceConfig,requesting nits when no mapping exists.]
02-18 03:12:53.290 1520 1619 I am_wtf : [0,1520,system_server,-1,DisplayDeviceConfig,requesting nits when no mapping exists.]
02-18 03:12:53.306 1520 2324 E DisplayDeviceConfig: requesting nits when no mapping exists.
02-18 03:12:53.306 1520 2324 E DisplayDeviceConfig: requesting nits when no mapping exists.
02-18 03:12:53.306 1520 1619 I am_wtf : [0,1520,system_server,-1,DisplayDeviceConfig,requesting nits when no mapping exists.]
02-18 03:12:53.307 1520 1619 I am_wtf : [0,1520,system_server,-1,DisplayDeviceConfig,requesting nits when no mapping exists.]
02-18 03:12:53.322 1520 2324 E DisplayDeviceConfig: requesting nits when no mapping exists.
02-18 03:12:53.323 1520 2324 E DisplayDeviceConfig: requesting nits when no mapping exists.
02-18 03:12:53.323 1520 1619 I am_wtf : [0,1520,system_server,-1,DisplayDeviceConfig,requesting nits when no mapping exists.]
02-18 03:12:53.324 1520 1619 I am_wtf : [0,1520,system_server,-1,DisplayDeviceConfig,requesting nits when no mapping exists.]
02-18 03:12:53.339 1520 2324 E DisplayDeviceConfig: requesting nits when no mapping exists.
02-18 03:12:53.340 1520 2324 E DisplayDeviceConfig: requesting nits when no mapping exists.
02-18 03:12:53.340 1520 1619 I am_wtf : [0,1520,system_server,-1,DisplayDeviceConfig,requesting nits when no mapping exists.]
02-18 03:12:53.341 1520 1619 I am_wtf : [0,1520,system_server,-1,DisplayDeviceConfig,requesting nits when no mapping exists.]
02-18 03:12:53.358 1520 2324 E DisplayDeviceConfig: requesting nits when no mapping exists.
02-18 03:12:53.358 1520 2324 E DisplayDeviceConfig: requesting nits when no mapping exists.
02-18 03:12:53.366 1520 1619 I am_wtf : [0,1520,system_server,-1,DisplayDeviceConfig,requesting nits when no mapping exists.]
02-18 03:12:53.367 1520 1619 I am_wtf : [0,1520,system_server,-1,DisplayDeviceConfig,requesting nits when no mapping exists.]
02-18 03:12:53.372 1520 2324 E DisplayDeviceConfig: requesting nits when no mapping exists.
02-18 03:12:53.372 1520 2324 E DisplayDeviceConfig: requesting nits when no mapping exists.
02-18 03:12:53.372 1520 1619 I am_wtf : [0,1520,system_server,-1,DisplayDeviceConfig,requesting nits when no mapping exists.]
02-18 03:12:53.373 1520 1619 I am_wtf : [0,1520,system_server,-1,DisplayDeviceConfig,requesting nits when no mapping exists.]
02-18 03:12:53.389 1520 2324 E DisplayDeviceConfig: requesting nits when no mapping exists.
02-18 03:12:53.390 1520 2324 E DisplayDeviceConfig: requesting nits when no mapping exists.
02-18 03:12:53.390 1520 1619 I am_wtf : [0,1520,system_server,-1,DisplayDeviceConfig,requesting nits when no mapping exists.]
02-18 03:12:53.390 1520 1619 I am_wtf : [0,1520,system_server,-1,DisplayDeviceConfig,requesting nits when no mapping exists.]
02-18 03:12:53.405 1520 2324 E DisplayDeviceConfig: requesting nits when no mapping exists.
02-18 03:12:53.406 1520 2324 E DisplayDeviceConfig: requesting nits when no mapping exists.
02-18 03:12:53.406 1520 1619 I am_wtf : [0,1520,system_server,-1,DisplayDeviceConfig,requesting nits when no mapping exists.]
02-18 03:12:53.406 1520 1619 I am_wtf : [0,1520,system_server,-1,DisplayDeviceConfig,requesting nits when no mapping exists.]
02-18 03:12:53.422 1520 2324 E DisplayDeviceConfig: requesting nits when no mapping exists.
02-18 03:12:53.423 1520 1619 I am_wtf : [0,1520,system_server,-1,DisplayDeviceConfig,requesting nits when no mapping exists.]
02-18 03:12:53.422 1520 2324 E DisplayDeviceConfig: requesting nits when no mapping exists.
02-18 03:12:53.424 1520 1619 I am_wtf : [0,1520,system_server,-1,DisplayDeviceConfig,requesting nits when no mapping exists.]
02-18 03:12:53.439 1520 2324 E DisplayDeviceConfig: requesting nits when no mapping exists.
02-18 03:12:53.440 1520 2324 E DisplayDeviceConfig: requesting nits when no mapping exists.
02-18 03:12:53.440 1520 1619 I am_wtf : [0,1520,system_server,-1,DisplayDeviceConfig,requesting nits when no mapping exists.]
02-18 03:12:53.441 1520 1619 I am_wtf : [0,1520,system_server,-1,DisplayDeviceConfig,requesting nits when no mapping exists.]
02-18 03:12:53.455 1520 2324 E DisplayDeviceConfig: requesting nits when no mapping exists.
02-18 03:12:53.456 1520 1619 I am_wtf : [0,1520,system_server,-1,DisplayDeviceConfig,requesting nits when no mapping exists.]
02-18 03:12:53.456 1520 2324 E DisplayDeviceConfig: requesting nits when no mapping exists.
02-18 03:12:53.457 1520 1619 I am_wtf : [0,1520,system_server,-1,DisplayDeviceConfig,requesting nits when no mapping exists.]
02-18 03:12:53.472 1520 2324 E DisplayDeviceConfig: requesting nits when no mapping exists.
02-18 03:12:53.473 1520 2324 E DisplayDeviceConfig: requesting nits when no mapping exists.
02-18 03:12:53.474 1520 1619 I am_wtf : [0,1520,system_server,-1,DisplayDeviceConfig,requesting nits when no mapping exists.]
02-18 03:12:53.475 1520 1619 I am_wtf : [0,1520,system_server,-1,DisplayDeviceConfig,requesting nits when no mapping exists.]
02-18 03:12:53.489 1520 2324 E DisplayDeviceConfig: requesting nits when no mapping exists.
02-18 03:12:53.490 1520 2324 E DisplayDeviceConfig: requesting nits when no mapping exists.
02-18 03:12:53.490 1520 1619 I am_wtf : [0,1520,system_server,-1,DisplayDeviceConfig,requesting nits when no mapping exists.]
02-18 03:12:53.491 1520 1619 I am_wtf : [0,1520,system_server,-1,DisplayDeviceConfig,requesting nits when no mapping exists.]
02-18 03:12:53.506 1520 2324 E DisplayDeviceConfig: requesting nits when no mapping exists.
02-18 03:12:53.507 1520 2324 E DisplayDeviceConfig: requesting nits when no mapping exists.
02-18 03:12:53.507 1520 1619 I am_wtf : [0,1520,system_server,-1,DisplayDeviceConfig,requesting nits when no mapping exists.]
02-18 03:12:53.508 1520 1619 I am_wtf : [0,1520,system_server,-1,DisplayDeviceConfig,requesting nits when no mapping exists.]
02-18 03:12:53.522 1520 2324 E DisplayDeviceConfig: requesting nits when no mapping exists.
02-18 03:12:53.523 1520 2324 E DisplayDeviceConfig: requesting nits when no mapping exists.
02-18 03:12:53.524 1520 1619 I am_wtf : [0,1520,system_server,-1,DisplayDeviceConfig,requesting nits when no mapping exists.]
02-18 03:12:53.525 1520 1619 I am_wtf : [0,1520,system_server,-1,DisplayDeviceConfig,requesting nits when no mapping exists.]
02-18 03:12:53.539 1520 2324 E DisplayDeviceConfig: requesting nits when no mapping exists.
02-18 03:12:53.540 1520 2324 E DisplayDeviceConfig: requesting nits when no mapping exists.
02-18 03:12:53.540 1520 1619 I am_wtf : [0,1520,system_server,-1,DisplayDeviceConfig,requesting nits when no mapping exists.]
02-18 03:12:53.541 1520 1619 I am_wtf : [0,1520,system_server,-1,DisplayDeviceConfig,requesting nits when no mapping exists.]
02-18 03:12:53.556 1520 2324 E DisplayDeviceConfig: requesting nits when no mapping exists.
02-18 03:12:53.556 1520 2324 E DisplayDeviceConfig: requesting nits when no mapping exists.
02-18 03:12:53.557 1520 1619 I am_wtf : [0,1520,system_server,-1,DisplayDeviceConfig,requesting nits when no mapping exists.]
02-18 03:12:53.558 1520 1619 I am_wtf : [0,1520,system_server,-1,DisplayDeviceConfig,requesting nits when no mapping exists.]
02-18 03:12:53.572 1520 2324 E DisplayDeviceConfig: requesting nits when no mapping exists.
02-18 03:12:53.573 1520 2324 E DisplayDeviceConfig: requesting nits when no mapping exists.
02-18 03:12:53.573 1520 1619 I am_wtf : [0,1520,system_server,-1,DisplayDeviceConfig,requesting nits when no mapping exists.]
02-18 03:12:53.574 1520 1619 I am_wtf : [0,1520,system_server,-1,DisplayDeviceConfig,requesting nits when no mapping exists.]
02-18 03:12:53.589 1520 2324 E DisplayDeviceConfig: requesting nits when no mapping exists.
02-18 03:12:53.590 1520 2324 E DisplayDeviceConfig: requesting nits when no mapping exists.
02-18 03:12:53.590 1520 1619 I am_wtf : [0,1520,system_server,-1,DisplayDeviceConfig,requesting nits when no mapping exists.]
02-18 03:12:53.591 1520 1619 I am_wtf : [0,1520,system_server,-1,DisplayDeviceConfig,requesting nits when no mapping exists.]
02-18 03:12:53.607 1520 2324 E DisplayDeviceConfig: requesting nits when no mapping exists.
02-18 03:12:53.607 1520 2324 E DisplayDeviceConfig: requesting nits when no mapping exists.
02-18 03:12:53.607 1520 1619 I am_wtf : [0,1520,system_server,-1,DisplayDeviceConfig,requesting nits when no mapping exists.]
02-18 03:12:53.608 1520 1619 I am_wtf : [0,1520,system_server,-1,DisplayDeviceConfig,requesting nits when no mapping exists.]
02-18 03:12:53.623 1520 2324 E DisplayDeviceConfig: requesting nits when no mapping exists.
02-18 03:12:53.624 1520 2324 E DisplayDeviceConfig: requesting nits when no mapping exists.
02-18 03:12:53.625 1520 1619 I am_wtf : [0,1520,system_server,-1,DisplayDeviceConfig,requesting nits when no mapping exists.]
02-18 03:12:53.626 1520 1619 I am_wtf : [0,1520,system_server,-1,DisplayDeviceConfig,requesting nits when no mapping exists.]
02-18 03:12:53.639 1520 2324 E DisplayDeviceConfig: requesting nits when no mapping exists.
02-18 03:12:53.640 1520 2324 E DisplayDeviceConfig: requesting nits when no mapping exists.
02-18 03:12:53.640 1520 1619 I am_wtf : [0,1520,system_server,-1,DisplayDeviceConfig,requesting nits when no mapping exists.]
02-18 03:12:53.641 1520 1619 I am_wtf : [0,1520,system_server,-1,DisplayDeviceConfig,requesting nits when no mapping exists.]
02-18 03:12:53.656 1520 2324 E DisplayDeviceConfig: requesting nits when no mapping exists.
02-18 03:12:53.657 1520 2324 E DisplayDeviceConfig: requesting nits when no mapping exists.
02-18 03:12:53.657 1520 1619 I am_wtf : [0,1520,system_server,-1,DisplayDeviceConfig,requesting nits when no mapping exists.]
02-18 03:12:53.658 1520 1619 I am_wtf : [0,1520,system_server,-1,DisplayDeviceConfig,requesting nits when no mapping exists.]
02-18 03:12:53.673 1520 2324 E DisplayDeviceConfig: requesting nits when no mapping exists.
02-18 03:12:53.673 1520 2324 E DisplayDeviceConfig: requesting nits when no mapping exists.
02-18 03:12:53.674 1520 1619 I am_wtf : [0,1520,system_server,-1,DisplayDeviceConfig,requesting nits when no mapping exists.]
02-18 03:12:53.674 1520 1619 I am_wtf : [0,1520,system_server,-1,DisplayDeviceConfig,requesting nits when no mapping exists.]
02-18 03:12:53.690 1520 2324 E DisplayDeviceConfig: requesting nits when no mapping exists.
02-18 03:12:53.690 1520 2324 E DisplayDeviceConfig: requesting nits when no mapping exists.
