02-18 02:59:09.821 2537 4260 W ContextImpl: Calling a method in the system process without a qualified user: android.app.ContextImpl.startService:1816 android.content.ContextWrapper.startService:774 com.thundercomm.gamemode.ingame.services.GameModeActionUtils.startGameModeService:111 com.thundercomm.gamemode.ingame.services.GameModeActionUtils.startGameModeEntry:22 com.thundercomm.gamemode.ingame.services.ActivityMonitoringService$1.onActivityLaunch:139
02-18 02:59:09.824 1520 1520 I GameModeConfig: Current uri is uri = content://com.thundercomm.gamemode.api/gamemode_settings/gamemode_isgaming
02-18 02:59:09.825 1520 1520 I GameModeConfig: isGameModeOn = false
02-18 02:59:09.826 1520 1520 I GameModeConfig: isGameModeOn = false
02-18 02:59:09.826 1520 1520 I GameModeConfig: isDisableVoice = true
01-05 11:58:02.658 0 0 E DTC_ETH,link_delay_work_func: 3003, SQI=0, link=0
02-18 02:59:10.101 1520 6830 W NotificationService: Toast already killed. pkg=android token=android.os.Binder@7d6f836
02-18 02:59:10.473 1520 1520 W WindowManager: removeWindowToken: Attempted to remove non-existing token: android.os.Binder@ebe6eb4
02-18 02:59:12.249 1520 3839 E TaskPersister: File error accessing recents directory (directory doesn't exist?).
02-18 02:59:12.691 1520 6830 W NotificationService: Toast already killed. pkg=android token=android.os.Binder@c8c722f
02-18 02:59:13.063 1520 1520 W WindowManager: removeWindowToken: Attempted to remove non-existing token: android.os.Binder@4e36903
02-18 02:59:13.240 1520 1603 W FreeFormWindowHelper: Current Display FreeFormTask is null
02-18 02:59:13.253 1520 2396 W FreeFormWindowHelper: Current Display FreeFormTask is null
02-18 02:59:13.254 1520 2396 W FreeFormWindowHelper: Current Display FreeFormTask is null
02-18 02:59:13.270 2537 4260 W ContextImpl: Calling a method in the system process without a qualified user: android.app.ContextImpl.startService:1816 android.content.ContextWrapper.startService:774 com.thundercomm.gamemode.ingame.services.GameModeActionUtils.startGameModeService:111 com.thundercomm.gamemode.ingame.services.GameModeActionUtils.startGameModeEntry:22 com.thundercomm.gamemode.ingame.services.ActivityMonitoringService$1.onActivityLaunch:139
02-18 02:59:13.274 1520 1520 I GameModeConfig: Current uri is uri = content://com.thundercomm.gamemode.api/gamemode_settings/gamemode_isgaming
02-18 02:59:13.277 1520 1520 I GameModeConfig: isGameModeOn = false
02-18 02:59:13.277 1520 1520 I GameModeConfig: isGameModeOn = false
02-18 02:59:13.277 1520 1520 I GameModeConfig: isDisableVoice = true
02-18 02:59:13.280 1520 2396 W ActivityTaskManager: getTaskSnapshot: taskId=1077 not found
02-18 02:59:13.281 1520 1603 W ActivityTaskManager: getTaskSnapshot: taskId=2077 not found
02-18 02:59:13.285 1520 2396 W ActivityTaskManager: getTaskSnapshot: taskId=3077 not found
02-18 02:59:13.287 1520 2396 W ActivityTaskManager: getTaskSnapshot: taskId=4077 not found
02-18 02:59:13.287 1520 6830 W FreeFormWindowHelper: Current Display FreeFormTask is null
02-18 02:59:13.287 1520 6830 W FreeFormWindowHelper: Current Display FreeFormTask is null
02-18 02:59:13.296 1520 1603 W FreeFormWindowHelper: Current Display FreeFormTask is null
02-18 02:59:13.296 1520 1603 W FreeFormWindowHelper: Current Display FreeFormTask is null
02-18 02:59:13.303 1520 1603 W FreeFormWindowHelper: Current Display FreeFormTask is null
02-18 02:59:13.303 1520 1603 W FreeFormWindowHelper: Current Display FreeFormTask is null
02-18 02:59:13.331 1520 1603 W FreeFormWindowHelper: Current Display FreeFormTask is null
02-18 02:59:13.331 1520 1603 W FreeFormWindowHelper: Current Display FreeFormTask is null
02-18 02:59:13.333 1520 6830 W FreeFormWindowHelper: Current Display FreeFormTask is null
02-18 02:59:13.334 1520 6830 W ActivityTaskManager: getTaskSnapshot: taskId=1077 not found
02-18 02:59:13.336 1520 6830 W FreeFormWindowHelper: Current Display FreeFormTask is null
02-18 02:59:13.336 1520 6830 W FreeFormWindowHelper: Current Display FreeFormTask is null
02-18 02:59:13.353 1520 1603 W FreeFormWindowHelper: Current Display FreeFormTask is null
02-18 02:59:13.354 1520 1603 W FreeFormWindowHelper: Current Display FreeFormTask is null
02-18 02:59:13.572 1520 1603 W FreeFormWindowHelper: exitRecentTasks type=0
02-18 02:59:13.577 1520 6830 W FreeFormWindowHelper: Current Display FreeFormTask is null
02-18 02:59:13.577 1520 6830 W FreeFormWindowHelper: Current Display FreeFormTask is null
02-18 02:59:14.206 1520 1603 W FreeFormWindowHelper: Current Display FreeFormTask is null
02-18 02:59:14.206 1520 1603 W FreeFormWindowHelper: Current Display FreeFormTask is null
02-18 02:59:14.217 1520 6830 I ActivityTaskManager: FOREGROUND_APPLICATION_CHANGED to com.android.launcher3.uioverrides.QuickstepLauncher
02-18 02:59:14.278 2537 4260 W ContextImpl: Calling a method in the system process without a qualified user: android.app.ContextImpl.startService:1816 android.content.ContextWrapper.startService:774 com.thundercomm.gamemode.ingame.services.GameModeActionUtils.startGameModeService:111 com.thundercomm.gamemode.ingame.services.GameModeActionUtils.startGameModeEntry:22 com.thundercomm.gamemode.ingame.services.ActivityMonitoringService$1.onActivityLaunch:139
02-18 02:59:14.283 1520 1520 I GameModeConfig: Current uri is uri = content://com.thundercomm.gamemode.api/gamemode_settings/gamemode_isgaming
02-18 02:59:14.285 1520 1520 I GameModeConfig: isGameModeOn = false
02-18 02:59:14.285 1520 1520 I GameModeConfig: isGameModeOn = false
02-18 02:59:14.285 1520 1520 I GameModeConfig: isDisableVoice = true
02-18 02:59:14.333 1520 2396 W FreeFormWindowHelper: Current Display FreeFormTask is null
02-18 02:59:14.339 2537 4260 W ContextImpl: Calling a method in the system process without a qualified user: android.app.ContextImpl.startService:1816 android.content.ContextWrapper.startService:774 com.thundercomm.gamemode.ingame.services.GameModeActionUtils.startGameModeService:111 com.thundercomm.gamemode.ingame.services.GameModeActionUtils.startGameModeEntry:22 com.thundercomm.gamemode.ingame.services.ActivityMonitoringService$1.onActivityLaunch:139
02-18 02:59:14.343 1520 1520 I GameModeConfig: Current uri is uri = content://com.thundercomm.gamemode.api/gamemode_settings/gamemode_isgaming
02-18 02:59:14.345 1520 1520 I GameModeConfig: isGameModeOn = false
02-18 02:59:14.345 1520 1520 I GameModeConfig: isGameModeOn = false
02-18 02:59:14.345 1520 1520 I GameModeConfig: isDisableVoice = true
02-18 02:59:14.776 1520 2396 W FreeFormWindowHelper: Current Display FreeFormTask is null
02-18 02:59:14.777 1520 6103 W FreeFormWindowHelper: Current Display FreeFormTask is null
02-18 02:59:14.796 1520 6830 W FreeFormWindowHelper: Current Display FreeFormTask is null
02-18 02:59:14.797 1520 6830 W FreeFormWindowHelper: Current Display FreeFormTask is null
02-18 02:59:14.798 1520 6830 W FreeFormWindowHelper: Current Display FreeFormTask is null
02-18 02:59:14.799 1520 6830 W FreeFormWindowHelper: Current Display FreeFormTask is null
02-18 02:59:14.799 1520 6830 W FreeFormWindowHelper: Current Display FreeFormTask is null
02-18 02:59:14.799 1520 6830 W ActivityTaskManager: getTaskSnapshot: taskId=1077 not found
02-18 02:59:14.800 1520 6830 W ActivityTaskManager: getTaskSnapshot: taskId=2077 not found
02-18 02:59:14.801 1520 6830 W ActivityTaskManager: getTaskSnapshot: taskId=3077 not found
02-18 02:59:14.802 1520 6830 W ActivityTaskManager: getTaskSnapshot: taskId=4077 not found
02-18 02:59:14.807 1520 6830 W FreeFormWindowHelper: Current Display FreeFormTask is null
02-18 02:59:14.807 1520 6830 W FreeFormWindowHelper: Current Display FreeFormTask is null
01-05 11:58:07.778 0 0 E DTC_ETH,link_delay_work_func: 3003, SQI=0, link=0
02-18 02:59:15.030 1520 6103 W FreeFormWindowHelper: Current Display FreeFormTask is null
02-18 02:59:15.030 1520 6103 W FreeFormWindowHelper: Current Display FreeFormTask is null
02-18 02:59:15.041 1520 6103 W FreeFormWindowHelper: Current Display FreeFormTask is null
02-18 02:59:15.041 1520 6103 W FreeFormWindowHelper: Current Display FreeFormTask is null
02-18 02:59:15.058 1520 2415 W FreeFormWindowHelper: Current Display FreeFormTask is null
02-18 02:59:15.058 1520 2415 W FreeFormWindowHelper: Current Display FreeFormTask is null
02-18 02:59:15.077 1520 6103 W FreeFormWindowHelper: Current Display FreeFormTask is null
02-18 02:59:15.077 1520 6103 W FreeFormWindowHelper: Current Display FreeFormTask is null
02-18 02:59:15.095 1520 6103 W FreeFormWindowHelper: Current Display FreeFormTask is null
02-18 02:59:15.095 1520 6103 W FreeFormWindowHelper: Current Display FreeFormTask is null
02-18 02:59:15.112 1520 2415 W FreeFormWindowHelper: Current Display FreeFormTask is null
02-18 02:59:15.112 1520 2415 W FreeFormWindowHelper: Current Display FreeFormTask is null
02-18 02:59:15.128 1520 6103 W FreeFormWindowHelper: Current Display FreeFormTask is null
02-18 02:59:15.128 1520 6103 W FreeFormWindowHelper: Current Display FreeFormTask is null
02-18 02:59:15.144 1520 6103 W FreeFormWindowHelper: Current Display FreeFormTask is null
02-18 02:59:15.144 1520 6103 W FreeFormWindowHelper: Current Display FreeFormTask is null
02-18 02:59:15.161 1520 2415 W FreeFormWindowHelper: Current Display FreeFormTask is null
02-18 02:59:15.162 1520 2415 W FreeFormWindowHelper: Current Display FreeFormTask is null
02-18 02:59:15.178 1520 6103 W FreeFormWindowHelper: Current Display FreeFormTask is null
02-18 02:59:15.179 1520 6103 W FreeFormWindowHelper: Current Display FreeFormTask is null
02-18 02:59:15.195 1520 2415 W FreeFormWindowHelper: Current Display FreeFormTask is null
02-18 02:59:15.195 1520 2415 W FreeFormWindowHelper: Current Display FreeFormTask is null
02-18 02:59:15.212 1520 2415 W FreeFormWindowHelper: Current Display FreeFormTask is null
02-18 02:59:15.212 1520 2415 W FreeFormWindowHelper: Current Display FreeFormTask is null
02-18 02:59:15.228 1520 6103 W FreeFormWindowHelper: Current Display FreeFormTask is null
02-18 02:59:15.228 1520 6103 W FreeFormWindowHelper: Current Display FreeFormTask is null
02-18 02:59:15.245 1520 2415 W FreeFormWindowHelper: Current Display FreeFormTask is null
02-18 02:59:15.245 1520 2415 W FreeFormWindowHelper: Current Display FreeFormTask is null
02-18 02:59:15.261 1520 2415 W FreeFormWindowHelper: Current Display FreeFormTask is null
02-18 02:59:15.262 1520 6103 W FreeFormWindowHelper: Current Display FreeFormTask is null
02-18 02:59:15.278 1520 6103 W FreeFormWindowHelper: Current Display FreeFormTask is null
02-18 02:59:15.278 1520 6103 W FreeFormWindowHelper: Current Display FreeFormTask is null
02-18 02:59:15.295 1520 6103 W FreeFormWindowHelper: Current Display FreeFormTask is null
02-18 02:59:15.295 1520 6103 W FreeFormWindowHelper: Current Display FreeFormTask is null
02-18 02:59:15.312 1520 6103 W FreeFormWindowHelper: Current Display FreeFormTask is null
02-18 02:59:15.312 1520 2415 W FreeFormWindowHelper: Current Display FreeFormTask is null
02-18 02:59:15.329 1520 2415 W FreeFormWindowHelper: Current Display FreeFormTask is null
02-18 02:59:15.330 1520 2415 W FreeFormWindowHelper: Current Display FreeFormTask is null
02-18 02:59:15.330 1520 2415 W FreeFormWindowHelper: Current Display FreeFormTask is null
02-18 02:59:15.346 1520 2415 W FreeFormWindowHelper: Current Display FreeFormTask is null
02-18 02:59:15.346 1520 2415 W FreeFormWindowHelper: Current Display FreeFormTask is null
02-18 02:59:15.650 1520 1520 W WindowManager: removeWindowToken: Attempted to remove non-existing token: android.os.Binder@11d0bd6
02-18 02:59:16.077 1520 2415 W FreeFormWindowHelper: Current Display FreeFormTask is null
02-18 02:59:16.398 1520 2415 W FreeFormWindowHelper: Current Display FreeFormTask is null
02-18 02:59:16.498 1520 1612 I ActivityManager: Killing 13249:com.android.documentsui/u0a31 (adj 900): remove task
02-18 02:59:16.505 1520 3839 E TaskPersister: File error accessing recents directory (directory doesn't exist?).
02-18 02:59:16.507 1520 1612 I ActivityManager: Killing 12921:com.android.music/u0a83 (adj 50): remove task
02-18 02:59:16.510 1520 3839 E TaskPersister: File error accessing recents directory (directory doesn't exist?).
01-05 11:58:09.333 0 0 I binder : undelivered TRANSACTION_COMPLETE
01-05 11:58:09.333 0 0 I binder : undelivered transaction 2519750, process died.
02-18 02:59:16.551 1520 6588 I WindowManager: WIN DEATH: Window{492cb2b u0 com.android.music/com.android.music.MusicBrowserActivity}
02-18 02:59:16.555 1520 6103 W ActivityManager: Scheduling restart of crashed service com.android.music/.MediaPlaybackService in 1000ms for start-requested
02-18 02:59:16.558 1520 1520 D CompatibilityChangeReporter: Compat change id reported: 175319604; UID 1000; state: ENABLED
02-18 02:59:16.558 1520 1612 W ActivityManager: setHasOverlayUi called on unknown pid: 12921
02-18 02:59:16.558 1520 1520 D CompatibilityChangeReporter: Compat change id reported: 175319604; UID 1000; state: DISABLED
02-18 02:59:16.558 1520 1613 W ActivityTaskManager: Can't find TaskDisplayArea to determine support for multi window. Task id=77 attached=false
02-18 02:59:16.558 1520 1613 W ActivityTaskManager: Can't find TaskDisplayArea to determine support for multi window. Task id=77 attached=false
02-18 02:59:16.560 1520 1612 W ActivityManager: ProcessRecord{9e6c7c5 13249:com.android.documentsui/u0a31} is attached to a previous process
02-18 02:59:16.561 1520 1612 W ActivityManager: Existing proc ProcessRecord{9e6c7c5 13249:com.android.documentsui/u0a31} was killed 61ms ago when adding ProcessRecord{db2c446 0:com.android.documentsui/u0a31}
02-18 02:59:16.561 1520 1612 D CompatibilityChangeReporter: Compat change id reported: 135634846; UID 10031; state: DISABLED
02-18 02:59:16.561 1520 1612 D CompatibilityChangeReporter: Compat change id reported: 177438394; UID 10031; state: DISABLED
02-18 02:59:16.561 1520 1612 D CompatibilityChangeReporter: Compat change id reported: 135772972; UID 10031; state: DISABLED
02-18 02:59:16.561 1520 1612 D CompatibilityChangeReporter: Compat change id reported: 135754954; UID 10031; state: ENABLED
02-18 02:59:16.562 1520 1612 D CompatibilityChangeReporter: Compat change id reported: 135634846; UID 10083; state: DISABLED
02-18 02:59:16.562 1520 1612 D CompatibilityChangeReporter: Compat change id reported: 177438394; UID 10083; state: DISABLED
02-18 02:59:16.562 1520 1612 D CompatibilityChangeReporter: Compat change id reported: 135772972; UID 10083; state: DISABLED
02-18 02:59:16.562 1520 1612 D CompatibilityChangeReporter: Compat change id reported: 135754954; UID 10083; state: ENABLED
02-18 02:59:16.568 1520 1618 W UsageStatsService: Unexpected activity event reported! (com.android.music/com.android.music.MusicBrowserActivity event : 23 instanceId : 100969699)
02-18 02:59:16.574 1520 6103 I WindowManager: WIN DEATH: Window{3971e6e u0 com.android.documentsui/com.android.documentsui.files.FilesActivity}
01-05 11:58:09.359 0 0 I binder : undelivered TRANSACTION_COMPLETE
01-05 11:58:09.359 0 0 I binder : undelivered transaction 2519719, process died.
02-18 02:59:16.577 1520 1620 D CompatibilityChangeReporter: Compat change id reported: 143937733; UID 10031; state: ENABLED
02-18 02:59:16.580 1520 1612 W ActivityManager: setHasOverlayUi called on unknown pid: 13249
02-18 02:59:16.581 1520 1618 W UsageStatsService: Unexpected activity event reported! (com.android.documentsui/com.android.documentsui.files.FilesActivity event : 23 instanceId : 182163570)
02-18 02:59:16.585 1520 1613 W ActivityTaskManager: Can't find TaskDisplayArea to determine support for multi window. Task id=80 attached=false
02-18 02:59:16.585 1520 1613 W ActivityTaskManager: Can't find TaskDisplayArea to determine support for multi window. Task id=80 attached=false
02-18 02:59:16.594 1520 2286 I GameModeConfig: isGameModeOn = false
02-18 02:59:16.594 1520 2286 I GameModeConfig: isGameModeOn = false
02-18 02:59:16.594 1520 2286 I GameModeConfig: isGameModeOn = false
02-18 02:59:16.594 1520 2286 I GameModeConfig: isGameModeOn = false
02-18 02:59:16.595 1520 1620 I ActivityManager: Start proc 13876:com.android.documentsui/u0a31 for null
02-18 02:59:16.596 1520 1620 D CompatibilityChangeReporter: Compat change id reported: 143937733; UID 10083; state: ENABLED
02-18 02:59:16.608 1520 2748 W FreeFormWindowHelper: Current Display FreeFormTask is null
02-18 02:59:16.609 1520 7380 W FreeFormWindowHelper: Current Display FreeFormTask is null
02-18 02:59:16.612 1520 1620 I ActivityManager: Start proc 13882:com.android.music/u0a83 for null
01-05 11:58:09.404 0 0 I binder : 13876:13876 ioctl 40046210 7fd1658544 returned -22
02-18 02:59:16.615 2537 4260 W ContextImpl: Calling a method in the system process without a qualified user: android.app.ContextImpl.startService:1816 android.content.ContextWrapper.startService:774 com.thundercomm.gamemode.ingame.services.GameModeActionUtils.startGameModeService:111 com.thundercomm.gamemode.ingame.services.GameModeActionUtils.startGameModeEntry:22 com.thundercomm.gamemode.ingame.services.ActivityMonitoringService$1.onActivityLaunch:139
02-18 02:59:16.622 1520 1520 I GameModeConfig: Current uri is uri = content://com.thundercomm.gamemode.api/gamemode_settings/gamemode_isgaming
02-18 02:59:16.626 1520 1520 I GameModeConfig: isGameModeOn = false
02-18 02:59:16.626 1520 1520 I GameModeConfig: isGameModeOn = false
02-18 02:59:16.626 1520 1520 I GameModeConfig: isDisableVoice = true
01-05 11:58:09.422 0 0 I binder : 13882:13882 ioctl 40046210 7fd1658544 returned -22
01-05 11:58:09.488 0 0 I btfm_slim_enable_ch: chipset soc version:400a0200
01-05 11:58:09.488 0 0 I btfm_slim_enable_ch: channel define - prot:2, dataf:0, auxf:0
01-05 11:58:09.488 0 0 I btfm_slim_enable_ch: channel define - rates:44100, baser:2, ratem:4
01-05 11:58:09.488 0 0 E btfm_slim_enable_ch: slim_define_ch failed ret[-106]
01-05 11:58:09.488 0 0 E btfm_slim_dai_prepare: channel opened without closing, return success
02-18 02:59:16.803 1520 2286 I GameModeConfig: isGameModeOn = false
02-18 02:59:16.803 1520 2286 I GameModeConfig: isGameModeOn = false
02-18 02:59:16.803 1520 2286 I GameModeConfig: isGameModeOn = false
02-18 02:59:16.803 1520 2286 I GameModeConfig: isGameModeOn = false
02-18 02:59:16.804 1520 1520 I GameModeConfig: isGameModeOn = false
02-18 02:59:16.810 1520 1520 W NotificationHistory: Attempted to add notif for locked/gone/disabled user 0
02-18 02:59:16.847 1520 1520 I NotificationService: Cannot find enqueued record for key: 0|com.android.music|1|null|10083
02-18 02:59:16.856 1520 2748 W ActivityManager: Foreground service started from background can not have location/camera/microphone access: service com.android.music/.MediaPlaybackService
02-18 02:59:16.856 1520 2748 I ActivityManager: Background started FGS: Allowed [callingPackage: com.android.music; callingUid: 10083; uidState: SVC ; intent: Intent { cmp=com.android.music/.MediaPlaybackService }; code:SYSTEM_ALERT_WINDOW_PERMISSION; tempAllowListReason:<,reasonCode:SYSTEM_ALLOW_LISTED,duration:9223372036854775807,callingUid:-1>; targetSdkVersion:31; callerTargetSdkVersion:31; startForegroundCount:12; bindFromPackage:null]
02-18 02:59:16.975 1520 10280 I thunderperf: PlatormCompat.setOverrides: Uid1=10072 Pid1=2828 Uid2=10072 Pid2=2828
02-18 02:59:16.975 1520 10280 I thunderperf: PlatormCompat.setOverrides: needCheck:false
02-18 02:59:16.975 1520 10280 I thunderperf: CompatConfig.addOverrideUnsafe: bef-state=1
02-18 02:59:16.975 1520 10280 E thunderperf: CompatConfig.addOverrideUnsafe: exception:java.lang.SecurityException: Cannot override a change on a non-debuggable app and user build.
02-18 02:59:16.975 1520 10280 I thunderperf: CompatConfig.addOverrideUnsafe: aft-state=1
02-18 02:59:16.977 1520 10280 I thunderperf: CompatConfig.addOverrideUnsafe: bef-state=1
02-18 02:59:16.977 1520 10280 E thunderperf: CompatConfig.addOverrideUnsafe: exception:java.lang.SecurityException: Cannot override a change on a non-debuggable app and user build.
02-18 02:59:16.977 1520 10280 I thunderperf: CompatConfig.addOverrideUnsafe: aft-state=1
02-18 02:59:16.978 1520 10280 I thunderperf: CompatConfig.addOverrideUnsafe: bef-state=1
02-18 02:59:16.978 1520 10280 E thunderperf: CompatConfig.addOverrideUnsafe: exception:java.lang.SecurityException: Cannot override a change on a non-debuggable app and user build.
02-18 02:59:16.978 1520 10280 I thunderperf: CompatConfig.addOverrideUnsafe: aft-state=1
02-18 02:59:16.979 1520 10280 I thunderperf: CompatConfig.addOverrideUnsafe: bef-state=1
02-18 02:59:16.979 1520 10280 E thunderperf: CompatConfig.addOverrideUnsafe: exception:java.lang.SecurityException: Cannot override a change on a non-debuggable app and user build.
02-18 02:59:16.979 1520 10280 I thunderperf: CompatConfig.addOverrideUnsafe: aft-state=1
02-18 02:59:16.980 1520 10280 I thunderperf: CompatConfig.addOverrideUnsafe: bef-state=1
02-18 02:59:16.980 1520 10280 E thunderperf: CompatConfig.addOverrideUnsafe: exception:java.lang.SecurityException: Cannot override a change on a non-debuggable app and user build.
02-18 02:59:16.980 1520 10280 I thunderperf: CompatConfig.addOverrideUnsafe: aft-state=1
02-18 02:59:16.981 1520 10280 I thunderperf: CompatConfig.addOverrideUnsafe: bef-state=1
02-18 02:59:16.981 1520 10280 E thunderperf: CompatConfig.addOverrideUnsafe: exception:java.lang.SecurityException: Cannot override a change on a non-debuggable app and user build.
02-18 02:59:16.981 1520 10280 I thunderperf: CompatConfig.addOverrideUnsafe: aft-state=1
02-18 02:59:16.982 1520 10280 I thunderperf: CompatConfig.addOverrideUnsafe: bef-state=1
02-18 02:59:16.982 1520 10280 E thunderperf: CompatConfig.addOverrideUnsafe: exception:java.lang.SecurityException: Cannot override a change on a non-debuggable app and user build.
02-18 02:59:16.982 1520 10280 I thunderperf: CompatConfig.addOverrideUnsafe: aft-state=1
02-18 02:59:16.983 1520 10280 I thunderperf: CompatConfig.addOverrideUnsafe: bef-state=1
02-18 02:59:16.983 1520 10280 E thunderperf: CompatConfig.addOverrideUnsafe: exception:java.lang.SecurityException: Cannot override a change on a non-debuggable app and user build.
02-18 02:59:16.983 1520 10280 I thunderperf: CompatConfig.addOverrideUnsafe: aft-state=1
02-18 02:59:16.984 1520 10280 I thunderperf: CompatConfig.addOverrideUnsafe: bef-state=1
02-18 02:59:16.984 1520 10280 E thunderperf: CompatConfig.addOverrideUnsafe: exception:java.lang.SecurityException: Cannot override a change on a non-debuggable app and user build.
02-18 02:59:16.984 1520 10280 I thunderperf: CompatConfig.addOverrideUnsafe: aft-state=1
02-18 02:59:16.984 1520 10280 I thunderperf: CompatConfig.addOverrideUnsafe: bef-state=1
02-18 02:59:16.985 1520 10280 E thunderperf: CompatConfig.addOverrideUnsafe: exception:java.lang.SecurityException: Cannot override a change on a non-debuggable app and user build.
02-18 02:59:16.985 1520 10280 I thunderperf: CompatConfig.addOverrideUnsafe: aft-state=1
02-18 02:59:16.985 1520 10280 I thunderperf: CompatConfig.addOverrideUnsafe: bef-state=1
02-18 02:59:16.986 1520 10280 E thunderperf: CompatConfig.addOverrideUnsafe: exception:java.lang.SecurityException: Cannot override a change on a non-debuggable app and user build.
02-18 02:59:16.986 1520 10280 I thunderperf: CompatConfig.addOverrideUnsafe: aft-state=1
02-18 02:59:16.986 1520 10280 I thunderperf: CompatConfig.addOverrideUnsafe: bef-state=1
02-18 02:59:16.986 1520 10280 E thunderperf: CompatConfig.addOverrideUnsafe: exception:java.lang.SecurityException: Cannot override a change on a non-debuggable app and user build.
02-18 02:59:16.986 1520 10280 I thunderperf: CompatConfig.addOverrideUnsafe: aft-state=1
02-18 02:59:16.987 1520 10280 I thunderperf: CompatConfig.addOverrideUnsafe: bef-state=1
02-18 02:59:16.987 1520 10280 E thunderperf: CompatConfig.addOverrideUnsafe: exception:java.lang.SecurityException: Cannot override a change on a non-debuggable app and user build.
02-18 02:59:16.987 1520 10280 I thunderperf: CompatConfig.addOverrideUnsafe: aft-state=1
02-18 02:59:16.988 1520 10280 I thunderperf: CompatConfig.addOverrideUnsafe: bef-state=1
02-18 02:59:16.988 1520 10280 E thunderperf: CompatConfig.addOverrideUnsafe: exception:java.lang.SecurityException: Cannot override a change on a non-debuggable app and user build.
02-18 02:59:16.988 1520 10280 I thunderperf: CompatConfig.addOverrideUnsafe: aft-state=1
02-18 02:59:16.993 1520 10280 I ActivityTaskManager: START u0 {act=android.intent.action.MAIN cat=[android.intent.category.LAUNCHER] flg=0x10200000 cmp=com.android.music/.MusicBrowserActivity bnds=[2128,510][2314,710]} from uid 10072
02-18 02:59:16.997 1520 10280 W ActivityTaskManager: Can't find TaskDisplayArea to determine support for multi window. Task id=82 attached=false
02-18 02:59:16.998 1520 10280 D CompatibilityChangeReporter: Compat change id reported: 174042980; UID 10083; state: DISABLED
02-18 02:59:16.998 1520 10280 D CompatibilityChangeReporter: Compat change id reported: 184838306; UID 10083; state: DISABLED
02-18 02:59:16.999 1520 10280 D CompatibilityChangeReporter: Compat change id reported: 185004937; UID 10083; state: DISABLED
02-18 02:59:16.999 1520 10280 D CompatibilityChangeReporter: Compat change id reported: 181136395; UID 10083; state: DISABLED
02-18 02:59:16.999 1520 10280 D CompatibilityChangeReporter: Compat change id reported: 174042936; UID 10083; state: DISABLED
02-18 02:59:17.000 1520 10280 D CompatibilityChangeReporter: Compat change id reported: 168419799; UID 10083; state: DISABLED
02-18 02:59:17.005 1520 7380 I ActivityTaskManager: FOREGROUND_APPLICATION_CHANGED to com.android.music.MusicBrowserActivity
02-18 02:59:17.006 1520 7380 I ActivityTaskManager: The Process com.android.music Already Exists in BG. So sending its PID: 13882
02-18 02:59:17.016 1520 7380 D CompatibilityChangeReporter: Compat change id reported: 149924527; UID 10083; state: ENABLED
02-18 02:59:17.016 1520 7380 D CompatibilityChangeReporter: Compat change id reported: 132649864; UID 10083; state: DISABLED
02-18 02:59:17.017 1520 7380 D CompatibilityChangeReporter: Compat change id reported: 182734110; UID 10083; state: ENABLED
02-18 02:59:17.017 2537 4260 W ContextImpl: Calling a method in the system process without a qualified user: android.app.ContextImpl.startService:1816 android.content.ContextWrapper.startService:774 com.thundercomm.gamemode.ingame.services.GameModeActionUtils.startGameModeService:111 com.thundercomm.gamemode.ingame.services.GameModeActionUtils.startGameModeEntry:22 com.thundercomm.gamemode.ingame.services.ActivityMonitoringService$1.onActivityLaunch:139
02-18 02:59:17.020 1520 1520 I GameModeConfig: Current uri is uri = content://com.thundercomm.gamemode.api/gamemode_settings/gamemode_isgaming
02-18 02:59:17.020 1520 1520 I GameModeConfig: isGameModeOn = false
02-18 02:59:17.021 1520 1520 I GameModeConfig: isGameModeOn = false
02-18 02:59:17.021 1520 1520 I GameModeConfig: isDisableVoice = true
02-18 02:59:17.051 1520 2286 I GameModeConfig: isGameModeOn = false
02-18 02:59:17.051 1520 2286 I GameModeConfig: isGameModeOn = false
02-18 02:59:17.051 1520 2286 I GameModeConfig: isGameModeOn = false
02-18 02:59:17.051 1520 2286 I GameModeConfig: isGameModeOn = false
02-18 02:59:17.051 1520 2286 I GameModeConfig: isGameModeOn = false
02-18 02:59:17.056 1520 1520 I GameModeConfig: isGameModeOn = false
02-18 02:59:17.057 1520 1520 W NotificationHistory: Attempted to add notif for locked/gone/disabled user 0
02-18 02:59:17.063 1520 1520 I NotificationService: Cannot find enqueued record for key: 0|com.android.music|1|null|10083
01-05 11:58:09.875 0 0 I binder : 13882:13939 ioctl 40046210 6f4fe741f4 returned -22
02-18 02:59:17.097 1520 2286 I GameModeConfig: isGameModeOn = false
02-18 02:59:17.097 1520 2286 I GameModeConfig: isGameModeOn = false
02-18 02:59:17.098 1520 2286 I GameModeConfig: isGameModeOn = false
02-18 02:59:17.098 1520 2286 I GameModeConfig: isGameModeOn = false
02-18 02:59:17.098 1520 2286 I GameModeConfig: isGameModeOn = false
02-18 02:59:17.109 1520 7380 W FreeFormWindowHelper: Current Display FreeFormTask is null
02-18 02:59:17.109 1520 2748 W FreeFormWindowHelper: Current Display FreeFormTask is null
02-18 02:59:17.110 2537 4260 W ContextImpl: Calling a method in the system process without a qualified user: android.app.ContextImpl.startService:1816 android.content.ContextWrapper.startService:774 com.thundercomm.gamemode.ingame.services.GameModeActionUtils.startGameModeService:111 com.thundercomm.gamemode.ingame.services.GameModeActionUtils.startGameModeEntry:22 com.thundercomm.gamemode.ingame.services.ActivityMonitoringService$1.onActivityLaunch:139
02-18 02:59:17.116 1520 1520 I GameModeConfig: Current uri is uri = content://com.thundercomm.gamemode.api/gamemode_settings/gamemode_isgaming
02-18 02:59:17.117 1520 1520 I GameModeConfig: isGameModeOn = false
02-18 02:59:17.118 1520 1520 I GameModeConfig: isGameModeOn = false
02-18 02:59:17.118 1520 1520 I GameModeConfig: isDisableVoice = true
02-18 02:59:17.267 1520 1520 I GameModeConfig: isGameModeOn = false
02-18 02:59:17.267 1520 1520 I GameModeConfig: isGameModeOn = false
02-18 02:59:17.315 1520 1520 I GameModeConfig: isGameModeOn = false
02-18 02:59:17.316 1520 1520 I GameModeConfig: isGameModeOn = false
02-18 02:59:17.548 1520 6829 W FreeFormWindowHelper: Current Display FreeFormTask is null
02-18 02:59:17.548 1520 10280 W FreeFormWindowHelper: Current Display FreeFormTask is null
02-18 02:59:17.566 1520 7380 W FreeFormWindowHelper: exitRecentTasks type=0
02-18 02:59:17.582 2537 4260 W ContextImpl: Calling a method in the system process without a qualified user: android.app.ContextImpl.startService:1816 android.content.ContextWrapper.startService:774 com.thundercomm.gamemode.ingame.services.GameModeActionUtils.startGameModeService:111 com.thundercomm.gamemode.ingame.services.GameModeActionUtils.startGameModeEntry:22 com.thundercomm.gamemode.ingame.services.ActivityMonitoringService$1.onActivityLaunch:139
02-18 02:59:17.584 1520 1520 I GameModeConfig: Current uri is uri = content://com.thundercomm.gamemode.api/gamemode_settings/gamemode_isgaming
02-18 02:59:17.584 1520 1520 I GameModeConfig: isGameModeOn = false
02-18 02:59:17.584 1520 1520 I GameModeConfig: isGameModeOn = false
02-18 02:59:17.584 1520 1520 I GameModeConfig: isDisableVoice = true
02-18 02:59:18.241 1520 1520 W WindowManager: removeWindowToken: Attempted to remove non-existing token: android.os.Binder@46e1686
02-18 02:59:19.170 1520 2286 I GameModeConfig: isGameModeOn = false
02-18 02:59:19.170 1520 2286 I GameModeConfig: isGameModeOn = false
02-18 02:59:19.170 1520 2286 I GameModeConfig: isGameModeOn = false
02-18 02:59:19.171 1520 2286 I GameModeConfig: isGameModeOn = false
02-18 02:59:19.171 1520 2286 I GameModeConfig: isGameModeOn = false
02-18 02:59:19.264 1520 1520 I GameModeConfig: isGameModeOn = false
02-18 02:59:19.318 1520 7380 W ActivityManager: Receiver with filter android.content.IntentFilter@c5c133b already registered for pid 13882, callerPackage is com.android.music
02-18 02:59:19.390 1520 1520 I GameModeConfig: isGameModeOn = false
02-18 02:59:19.392 1520 1520 W NotificationHistory: Attempted to add notif for locked/gone/disabled user 0
01-05 11:58:12.899 0 0 E DTC_ETH,link_delay_work_func: 3003, SQI=0, link=0
02-18 02:59:20.569 1520 3839 E TaskPersister: File error accessing recents directory (directory doesn't exist?).
02-18 02:59:20.829 1520 1520 W WindowManager: removeWindowToken: Attempted to remove non-existing token: android.os.Binder@955a255
02-18 02:59:23.423 1520 1520 W WindowManager: removeWindowToken: Attempted to remove non-existing token: android.os.Binder@74759f8
01-05 11:58:18.018 0 0 E DTC_ETH,link_delay_work_func: 3003, SQI=0, link=0
02-18 02:59:25.810 1520 2286 I GameModeConfig: isGameModeOn = false
02-18 02:59:25.810 1520 2286 I GameModeConfig: isGameModeOn = false
02-18 02:59:25.810 1520 2286 I GameModeConfig: isGameModeOn = false
02-18 02:59:25.811 1520 2286 I GameModeConfig: isGameModeOn = false
02-18 02:59:25.813 1520 2286 I GameModeConfig: isGameModeOn = false
02-18 02:59:25.883 1520 7379 W ActivityManager: Receiver with filter android.content.IntentFilter@e1d17cc already registered for pid 13882, callerPackage is com.android.music
02-18 02:59:26.058 1520 1520 I GameModeConfig: isGameModeOn = false
01-05 11:58:21.668 0 0 I afe_close: port_id = 0x400e
01-05 11:58:21.676 0 0 I btfm_slim_disable_ch: port:16, grp: 0, ch->grph:0x0, ch->ch_hdl:0x1d
01-05 11:58:23.138 0 0 E DTC_ETH,link_delay_work_func: 3003, SQI=0, link=0
01-05 11:58:28.258 0 0 E DTC_ETH,link_delay_work_func: 3003, SQI=0, link=0
01-05 11:58:33.378 0 0 E DTC_ETH,link_delay_work_func: 3003, SQI=0, link=0
01-05 11:58:38.498 0 0 E DTC_ETH,link_delay_work_func: 3003, SQI=0, link=0
01-05 11:58:43.618 0 0 E DTC_ETH,link_delay_work_func: 3003, SQI=0, link=0
01-05 11:58:48.738 0 0 E DTC_ETH,link_delay_work_func: 3003, SQI=0, link=0
01-05 11:58:53.858 0 0 E DTC_ETH,link_delay_work_func: 3003, SQI=0, link=0
02-18 03:00:02.778 1520 1802 D ActivityManager: freezing 13185 com.android.gallery3d
02-18 03:00:02.778 1520 1802 E ActivityManager: Unable to freeze binder for 13185 com.android.gallery3d
01-05 11:58:55.565 0 0 I binder : 1520:1802 ioctl 400c620e 6f1c4355d8 returned -22
02-18 03:00:02.780 1520 1802 D ActivityManager: froze 13185 com.android.gallery3d
02-18 03:00:02.780 1520 1802 E ActivityManager: Unable to freeze binder for 13185 com.android.gallery3d
01-05 11:58:55.568 0 0 I binder : 1520:1802 ioctl c00c620f 6f1c4355b8 returned -22
02-18 03:00:02.782 1520 1802 I ActivityManager: Killing 13185:com.android.gallery3d/u0a68 (adj 945): Unable to freeze binder interface
02-18 03:00:02.823 1520 1612 D CompatibilityChangeReporter: Compat change id reported: 135634846; UID 10068; state: DISABLED
02-18 03:00:02.823 1520 1612 D CompatibilityChangeReporter: Compat change id reported: 177438394; UID 10068; state: DISABLED
02-18 03:00:02.823 1520 1612 D CompatibilityChangeReporter: Compat change id reported: 135772972; UID 10068; state: DISABLED
02-18 03:00:02.823 1520 1612 D CompatibilityChangeReporter: Compat change id reported: 135754954; UID 10068; state: DISABLED
02-18 03:00:02.824 1520 1620 D CompatibilityChangeReporter: Compat change id reported: 143937733; UID 10068; state: DISABLED
02-18 03:00:02.844 1520 1620 I ActivityManager: Start proc 13982:com.android.gallery3d/u0a68 for null
01-05 11:58:55.663 0 0 I binder : 13982:13982 ioctl 40046210 7fd1658544 returned -22
02-18 03:00:02.883 1520 10280 D CompatibilityChangeReporter: Compat change id reported: 168419799; UID 10068; state: DISABLED
01-05 11:58:58.978 0 0 E DTC_ETH,link_delay_work_func: 3003, SQI=0, link=0
01-05 11:59:04.098 0 0 E DTC_ETH,link_delay_work_func: 3003, SQI=0, link=0
01-05 11:59:09.218 0 0 E DTC_ETH,link_delay_work_func: 3003, SQI=0, link=0
02-18 03:00:18.719 1520 1637 V DisplayPowerController[0]: Brightness [0.05] reason changing to: 'manual [ dim ]', previous reason: 'manual'.
02-18 03:00:18.720 1520 1637 W PowerManagerService: Screen on took 185522 ms
02-18 03:00:18.725 1520 2324 E DisplayDeviceConfig: requesting nits when no mapping exists.
02-18 03:00:18.726 1520 2324 E DisplayDeviceConfig: requesting nits when no mapping exists.
02-18 03:00:18.729 1520 1619 I DropBoxManagerService: add tag=system_server_wtf isTagEnabled=true flags=0x2
02-18 03:00:18.732 1520 1619 I DropBoxManagerService: add tag=system_server_wtf isTagEnabled=true flags=0x2
02-18 03:00:18.742 1520 2324 E DisplayDeviceConfig: requesting nits when no mapping exists.
02-18 03:00:18.742 1520 2324 E DisplayDeviceConfig: requesting nits when no mapping exists.
02-18 03:00:18.743 1520 1619 I DropBoxManagerService: add tag=system_server_wtf isTagEnabled=true flags=0x2
02-18 03:00:18.746 1520 1619 I DropBoxManagerService: add tag=system_server_wtf isTagEnabled=true flags=0x2
02-18 03:00:18.758 1520 2324 E DisplayDeviceConfig: requesting nits when no mapping exists.
02-18 03:00:18.758 1520 2324 E DisplayDeviceConfig: requesting nits when no mapping exists.
02-18 03:00:18.760 1520 1619 I DropBoxManagerService: add tag=system_server_wtf isTagEnabled=true flags=0x2
02-18 03:00:18.775 1520 2324 E DisplayDeviceConfig: requesting nits when no mapping exists.
02-18 03:00:18.775 1520 2324 E DisplayDeviceConfig: requesting nits when no mapping exists.
02-18 03:00:18.792 1520 2324 E DisplayDeviceConfig: requesting nits when no mapping exists.
02-18 03:00:18.792 1520 2324 E DisplayDeviceConfig: requesting nits when no mapping exists.
02-18 03:00:18.808 1520 2324 E DisplayDeviceConfig: requesting nits when no mapping exists.
02-18 03:00:18.809 1520 2324 E DisplayDeviceConfig: requesting nits when no mapping exists.
02-18 03:00:18.825 1520 2324 E DisplayDeviceConfig: requesting nits when no mapping exists.
02-18 03:00:18.826 1520 2324 E DisplayDeviceConfig: requesting nits when no mapping exists.
02-18 03:00:18.842 1520 2324 E DisplayDeviceConfig: requesting nits when no mapping exists.
02-18 03:00:18.842 1520 2324 E DisplayDeviceConfig: requesting nits when no mapping exists.
02-18 03:00:18.859 1520 2324 E DisplayDeviceConfig: requesting nits when no mapping exists.
02-18 03:00:18.860 1520 2324 E DisplayDeviceConfig: requesting nits when no mapping exists.
02-18 03:00:18.875 1520 2324 E DisplayDeviceConfig: requesting nits when no mapping exists.
02-18 03:00:18.876 1520 2324 E DisplayDeviceConfig: requesting nits when no mapping exists.
02-18 03:00:18.892 1520 2324 E DisplayDeviceConfig: requesting nits when no mapping exists.
02-18 03:00:18.893 1520 2324 E DisplayDeviceConfig: requesting nits when no mapping exists.
02-18 03:00:18.909 1520 2324 E DisplayDeviceConfig: requesting nits when no mapping exists.
02-18 03:00:18.909 1520 2324 E DisplayDeviceConfig: requesting nits when no mapping exists.
02-18 03:00:18.925 1520 2324 E DisplayDeviceConfig: requesting nits when no mapping exists.
02-18 03:00:18.926 1520 2324 E DisplayDeviceConfig: requesting nits when no mapping exists.
02-18 03:00:18.942 1520 2324 E DisplayDeviceConfig: requesting nits when no mapping exists.
02-18 03:00:18.942 1520 2324 E DisplayDeviceConfig: requesting nits when no mapping exists.
02-18 03:00:18.959 1520 2324 E DisplayDeviceConfig: requesting nits when no mapping exists.
02-18 03:00:18.960 1520 2324 E DisplayDeviceConfig: requesting nits when no mapping exists.
02-18 03:00:18.976 1520 2324 E DisplayDeviceConfig: requesting nits when no mapping exists.
02-18 03:00:18.976 1520 2324 E DisplayDeviceConfig: requesting nits when no mapping exists.
02-18 03:00:18.992 1520 2324 E DisplayDeviceConfig: requesting nits when no mapping exists.
02-18 03:00:18.993 1520 2324 E DisplayDeviceConfig: requesting nits when no mapping exists.
02-18 03:00:19.009 1520 2324 E DisplayDeviceConfig: requesting nits when no mapping exists.
02-18 03:00:19.009 1520 2324 E DisplayDeviceConfig: requesting nits when no mapping exists.
02-18 03:00:19.026 1520 2324 E DisplayDeviceConfig: requesting nits when no mapping exists.
02-18 03:00:19.026 1520 2324 E DisplayDeviceConfig: requesting nits when no mapping exists.
02-18 03:00:19.042 1520 2324 E DisplayDeviceConfig: requesting nits when no mapping exists.
02-18 03:00:19.043 1520 2324 E DisplayDeviceConfig: requesting nits when no mapping exists.
02-18 03:00:19.059 1520 2324 E DisplayDeviceConfig: requesting nits when no mapping exists.
02-18 03:00:19.060 1520 2324 E DisplayDeviceConfig: requesting nits when no mapping exists.
02-18 03:00:19.076 1520 2324 E DisplayDeviceConfig: requesting nits when no mapping exists.
02-18 03:00:19.076 1520 2324 E DisplayDeviceConfig: requesting nits when no mapping exists. --------- beginning of events
02-18 03:00:19.076 1520 1619 I am_wtf : [0,1520,system_server,-1,DisplayDeviceConfig,requesting nits when no mapping exists.]
02-18 03:00:19.077 1520 1619 I am_wtf : [0,1520,system_server,-1,DisplayDeviceConfig,requesting nits when no mapping exists.]
02-18 03:00:19.092 1520 2324 E DisplayDeviceConfig: requesting nits when no mapping exists.
02-18 03:00:19.093 1520 2324 E DisplayDeviceConfig: requesting nits when no mapping exists.
02-18 03:00:19.094 1520 1619 I am_wtf : [0,1520,system_server,-1,DisplayDeviceConfig,requesting nits when no mapping exists.]
02-18 03:00:19.095 1520 1619 I am_wtf : [0,1520,system_server,-1,DisplayDeviceConfig,requesting nits when no mapping exists.]
02-18 03:00:19.109 1520 2324 E DisplayDeviceConfig: requesting nits when no mapping exists.
02-18 03:00:19.109 1520 2324 E DisplayDeviceConfig: requesting nits when no mapping exists.
02-18 03:00:19.109 1520 1619 I am_wtf : [0,1520,system_server,-1,DisplayDeviceConfig,requesting nits when no mapping exists.]
02-18 03:00:19.110 1520 1619 I am_wtf : [0,1520,system_server,-1,DisplayDeviceConfig,requesting nits when no mapping exists.]
02-18 03:00:19.126 1520 2324 E DisplayDeviceConfig: requesting nits when no mapping exists.
02-18 03:00:19.126 1520 2324 E DisplayDeviceConfig: requesting nits when no mapping exists.
02-18 03:00:19.126 1520 1619 I am_wtf : [0,1520,system_server,-1,DisplayDeviceConfig,requesting nits when no mapping exists.]
02-18 03:00:19.127 1520 1619 I am_wtf : [0,1520,system_server,-1,DisplayDeviceConfig,requesting nits when no mapping exists.]
02-18 03:00:19.142 1520 2324 E DisplayDeviceConfig: requesting nits when no mapping exists.
02-18 03:00:19.143 1520 2324 E DisplayDeviceConfig: requesting nits when no mapping exists.
02-18 03:00:19.143 1520 1619 I am_wtf : [0,1520,system_server,-1,DisplayDeviceConfig,requesting nits when no mapping exists.]
02-18 03:00:19.144 1520 1619 I am_wtf : [0,1520,system_server,-1,DisplayDeviceConfig,requesting nits when no mapping exists.]
02-18 03:00:19.159 1520 2324 E DisplayDeviceConfig: requesting nits when no mapping exists.
02-18 03:00:19.160 1520 2324 E DisplayDeviceConfig: requesting nits when no mapping exists.
02-18 03:00:19.161 1520 1619 I am_wtf : [0,1520,system_server,-1,DisplayDeviceConfig,requesting nits when no mapping exists.]
02-18 03:00:19.162 1520 1619 I am_wtf : [0,1520,system_server,-1,DisplayDeviceConfig,requesting nits when no mapping exists.]
02-18 03:00:19.176 1520 2324 E DisplayDeviceConfig: requesting nits when no mapping exists.
02-18 03:00:19.176 1520 1619 I am_wtf : [0,1520,system_server,-1,DisplayDeviceConfig,requesting nits when no mapping exists.]
02-18 03:00:19.176 1520 2324 E DisplayDeviceConfig: requesting nits when no mapping exists.
02-18 03:00:19.177 1520 1619 I am_wtf : [0,1520,system_server,-1,DisplayDeviceConfig,requesting nits when no mapping exists.]
02-18 03:00:19.192 1520 2324 E DisplayDeviceConfig: requesting nits when no mapping exists.
02-18 03:00:19.192 1520 1619 I am_wtf : [0,1520,system_server,-1,DisplayDeviceConfig,requesting nits when no mapping exists.]
02-18 03:00:19.192 1520 2324 E DisplayDeviceConfig: requesting nits when no mapping exists.
02-18 03:00:19.193 1520 1619 I am_wtf : [0,1520,system_server,-1,DisplayDeviceConfig,requesting nits when no mapping exists.]
02-18 03:00:19.209 1520 2324 E DisplayDeviceConfig: requesting nits when no mapping exists.
02-18 03:00:19.209 1520 2324 E DisplayDeviceConfig: requesting nits when no mapping exists.
02-18 03:00:19.210 1520 1619 I am_wtf : [0,1520,system_server,-1,DisplayDeviceConfig,requesting nits when no mapping exists.]
02-18 03:00:19.210 1520 1619 I am_wtf : [0,1520,system_server,-1,DisplayDeviceConfig,requesting nits when no mapping exists.]
02-18 03:00:19.226 1520 2324 E DisplayDeviceConfig: requesting nits when no mapping exists.
02-18 03:00:19.227 1520 1619 I am_wtf : [0,1520,system_server,-1,DisplayDeviceConfig,requesting nits when no mapping exists.]
02-18 03:00:19.227 1520 2324 E DisplayDeviceConfig: requesting nits when no mapping exists.
02-18 03:00:19.228 1520 1619 I am_wtf : [0,1520,system_server,-1,DisplayDeviceConfig,requesting nits when no mapping exists.]
02-18 03:00:19.243 1520 2324 E DisplayDeviceConfig: requesting nits when no mapping exists.
02-18 03:00:19.244 1520 2324 E DisplayDeviceConfig: requesting nits when no mapping exists.
02-18 03:00:19.244 1520 1619 I am_wtf : [0,1520,system_server,-1,DisplayDeviceConfig,requesting nits when no mapping exists.]
02-18 03:00:19.245 1520 1619 I am_wtf : [0,1520,system_server,-1,DisplayDeviceConfig,requesting nits when no mapping exists.]
02-18 03:00:19.260 1520 2324 E DisplayDeviceConfig: requesting nits when no mapping exists.
02-18 03:00:19.260 1520 2324 E DisplayDeviceConfig: requesting nits when no mapping exists.
02-18 03:00:19.260 1520 1619 I am_wtf : [0,1520,system_server,-1,DisplayDeviceConfig,requesting nits when no mapping exists.]
02-18 03:00:19.261 1520 1619 I am_wtf : [0,1520,system_server,-1,DisplayDeviceConfig,requesting nits when no mapping exists.]
02-18 03:00:19.276 1520 2324 E DisplayDeviceConfig: requesting nits when no mapping exists.
02-18 03:00:19.277 1520 2324 E DisplayDeviceConfig: requesting nits when no mapping exists.
02-18 03:00:19.277 1520 1619 I am_wtf : [0,1520,system_server,-1,DisplayDeviceConfig,requesting nits when no mapping exists.]
02-18 03:00:19.277 1520 1619 I service_manager_stats: [100,63,65713]
02-18 03:00:19.278 1520 1619 I am_wtf : [0,1520,system_server,-1,DisplayDeviceConfig,requesting nits when no mapping exists.]
02-18 03:00:19.293 1520 2324 E DisplayDeviceConfig: requesting nits when no mapping exists.
02-18 03:00:19.293 1520 1619 I am_wtf : [0,1520,system_server,-1,DisplayDeviceConfig,requesting nits when no mapping exists.]
02-18 03:00:19.293 1520 2324 E DisplayDeviceConfig: requesting nits when no mapping exists.
02-18 03:00:19.294 1520 1619 I am_wtf : [0,1520,system_server,-1,DisplayDeviceConfig,requesting nits when no mapping exists.]
02-18 03:00:19.309 1520 2324 E DisplayDeviceConfig: requesting nits when no mapping exists.
02-18 03:00:19.310 1520 1619 I am_wtf : [0,1520,system_server,-1,DisplayDeviceConfig,requesting nits when no mapping exists.]
02-18 03:00:19.310 1520 2324 E DisplayDeviceConfig: requesting nits when no mapping exists.
02-18 03:00:19.311 1520 1619 I am_wtf : [0,1520,system_server,-1,DisplayDeviceConfig,requesting nits when no mapping exists.]
02-18 03:00:19.326 1520 2324 E DisplayDeviceConfig: requesting nits when no mapping exists.
02-18 03:00:19.327 1520 1619 I am_wtf : [0,1520,system_server,-1,DisplayDeviceConfig,requesting nits when no mapping exists.]
02-18 03:00:19.327 1520 2324 E DisplayDeviceConfig: requesting nits when no mapping exists.
02-18 03:00:19.328 1520 1619 I am_wtf : [0,1520,system_server,-1,DisplayDeviceConfig,requesting nits when no mapping exists.]
02-18 03:00:19.343 1520 2324 E DisplayDeviceConfig: requesting nits when no mapping exists.
02-18 03:00:19.344 1520 1619 I am_wtf : [0,1520,system_server,-1,DisplayDeviceConfig,requesting nits when no mapping exists.]
02-18 03:00:19.344 1520 2324 E DisplayDeviceConfig: requesting nits when no mapping exists.
02-18 03:00:19.345 1520 1619 I am_wtf : [0,1520,system_server,-1,DisplayDeviceConfig,requesting nits when no mapping exists.]
02-18 03:00:19.360 1520 2324 E DisplayDeviceConfig: requesting nits when no mapping exists.
02-18 03:00:19.360 1520 1619 I am_wtf : [0,1520,system_server,-1,DisplayDeviceConfig,requesting nits when no mapping exists.]
02-18 03:00:19.360 1520 2324 E DisplayDeviceConfig: requesting nits when no mapping exists.
02-18 03:00:19.361 1520 1619 I am_wtf : [0,1520,system_server,-1,DisplayDeviceConfig,requesting nits when no mapping exists.]
02-18 03:00:19.376 1520 2324 E DisplayDeviceConfig: requesting nits when no mapping exists.
02-18 03:00:19.377 1520 1619 I am_wtf : [0,1520,system_server,-1,DisplayDeviceConfig,requesting nits when no mapping exists.]
02-18 03:00:19.378 1520 2324 E DisplayDeviceConfig: requesting nits when no mapping exists.
02-18 03:00:19.379 1520 1619 I am_wtf : [0,1520,system_server,-1,DisplayDeviceConfig,requesting nits when no mapping exists.]
02-18 03:00:19.393 1520 2324 E DisplayDeviceConfig: requesting nits when no mapping exists.
02-18 03:00:19.394 1520 2324 E DisplayDeviceConfig: requesting nits when no mapping exists.
02-18 03:00:19.394 1520 1619 I am_wtf : [0,1520,system_server,-1,DisplayDeviceConfig,requesting nits when no mapping exists.]
02-18 03:00:19.394 1520 1619 I am_wtf : [0,1520,system_server,-1,DisplayDeviceConfig,requesting nits when no mapping exists.]
02-18 03:00:19.410 1520 2324 E DisplayDeviceConfig: requesting nits when no mapping exists.
02-18 03:00:19.410 1520 1619 I am_wtf : [0,1520,system_server,-1,DisplayDeviceConfig,requesting nits when no mapping exists.]
02-18 03:00:19.410 1520 2324 E DisplayDeviceConfig: requesting nits when no mapping exists.
02-18 03:00:19.411 1520 1619 I am_wtf : [0,1520,system_server,-1,DisplayDeviceConfig,requesting nits when no mapping exists.]
02-18 03:00:19.427 1520 2324 E DisplayDeviceConfig: requesting nits when no mapping exists.
02-18 03:00:19.428 1520 2324 E DisplayDeviceConfig: requesting nits when no mapping exists.
02-18 03:00:19.428 1520 1619 I am_wtf : [0,1520,system_server,-1,DisplayDeviceConfig,requesting nits when no mapping exists.]
02-18 03:00:19.429 1520 1619 I am_wtf : [0,1520,system_server,-1,DisplayDeviceConfig,requesting nits when no mapping exists.]
02-18 03:00:19.443 1520 2324 E DisplayDeviceConfig: requesting nits when no mapping exists.
02-18 03:00:19.444 1520 2324 E DisplayDeviceConfig: requesting nits when no mapping exists.
02-18 03:00:19.444 1520 1619 I am_wtf : [0,1520,system_server,-1,DisplayDeviceConfig,requesting nits when no mapping exists.]
02-18 03:00:19.446 1520 1619 I am_wtf : [0,1520,system_server,-1,DisplayDeviceConfig,requesting nits when no mapping exists.]
02-18 03:00:19.460 1520 2324 E DisplayDeviceConfig: requesting nits when no mapping exists.
02-18 03:00:19.461 1520 2324 E DisplayDeviceConfig: requesting nits when no mapping exists.
02-18 03:00:19.461 1520 1619 I am_wtf : [0,1520,system_server,-1,DisplayDeviceConfig,requesting nits when no mapping exists.]
