02-18 03:05:42.221 1520 2751 W FreeFormWindowHelper: Current Display FreeFormTask is null
02-18 03:05:42.224 2537 4260 W ContextImpl: Calling a method in the system process without a qualified user: android.app.ContextImpl.startService:1816 android.content.ContextWrapper.startService:774 com.thundercomm.gamemode.ingame.services.GameModeActionUtils.startGameModeService:111 com.thundercomm.gamemode.ingame.services.GameModeActionUtils.startGameModeEntry:22 com.thundercomm.gamemode.ingame.services.ActivityMonitoringService$1.onActivityLaunch:139
02-18 03:05:42.228 1520 1520 I GameModeConfig: Current uri is uri = content://com.thundercomm.gamemode.api/gamemode_settings/gamemode_isgaming
02-18 03:05:42.230 1520 1520 I GameModeConfig: isGameModeOn = false
02-18 03:05:42.231 1520 1520 I GameModeConfig: isGameModeOn = false
02-18 03:05:42.231 1520 1520 I GameModeConfig: isDisableVoice = true
02-18 03:05:42.661 1520 1612 I wm_stop_activity: [0,58637558,com.android.launcher3/.uioverrides.QuickstepLauncher]
02-18 03:05:42.685 2828 2828 I wm_on_stop_called: [58637558,com.android.launcher3.uioverrides.QuickstepLauncher,STOP_ACTIVITY_ITEM]
02-18 03:05:42.700 2537 4260 W ContextImpl: Calling a method in the system process without a qualified user: android.app.ContextImpl.startService:1816 android.content.ContextWrapper.startService:774 com.thundercomm.gamemode.ingame.services.GameModeActionUtils.startGameModeService:111 com.thundercomm.gamemode.ingame.services.GameModeActionUtils.startGameModeEntry:22 com.thundercomm.gamemode.ingame.services.ActivityMonitoringService$1.onActivityLaunch:139
02-18 03:05:42.704 1520 1520 I GameModeConfig: Current uri is uri = content://com.thundercomm.gamemode.api/gamemode_settings/gamemode_isgaming
02-18 03:05:42.705 1520 1520 I GameModeConfig: isGameModeOn = false
02-18 03:05:42.706 1520 1520 I GameModeConfig: isGameModeOn = false
02-18 03:05:42.706 1520 1520 I GameModeConfig: isDisableVoice = true
02-18 03:05:43.873 1520 1821 I input_interaction: Interaction with: 4f5abc com.android.deskclock/com.android.deskclock.DeskClock (server), edge-swipe (server), swipe-up (server), PointerEventDispatcher0 (server),
01-05 12:04:36.898 0 0 E DTC_ETH,link_delay_work_func: 3003, SQI=0, link=0
02-18 03:05:45.121 1520 3839 E TaskPersister: File error accessing recents directory (directory doesn't exist?).
01-05 12:04:42.018 0 0 E DTC_ETH,link_delay_work_func: 3003, SQI=0, link=0
02-18 03:05:52.236 1520 6101 W FreeFormWindowHelper: Current Display FreeFormTask is null
02-18 03:05:52.239 1520 6101 I wm_task_moved: [1,0,0]
02-18 03:05:52.240 1520 6101 I wm_task_moved: [1,0,5]
02-18 03:05:52.259 2828 2828 I wm_on_restart_called: [58637558,com.android.launcher3.uioverrides.QuickstepLauncher,performRestartActivity]
02-18 03:05:52.264 1520 6829 W FreeFormWindowHelper: Current Display FreeFormTask is null
02-18 03:05:52.264 1520 6829 W FreeFormWindowHelper: Current Display FreeFormTask is null
02-18 03:05:52.266 2537 4260 W ContextImpl: Calling a method in the system process without a qualified user: android.app.ContextImpl.startService:1816 android.content.ContextWrapper.startService:774 com.thundercomm.gamemode.ingame.services.GameModeActionUtils.startGameModeService:111 com.thundercomm.gamemode.ingame.services.GameModeActionUtils.startGameModeEntry:22 com.thundercomm.gamemode.ingame.services.ActivityMonitoringService$1.onActivityLaunch:139
02-18 03:05:52.270 1520 1520 I GameModeConfig: Current uri is uri = content://com.thundercomm.gamemode.api/gamemode_settings/gamemode_isgaming
02-18 03:05:52.273 1520 1520 I GameModeConfig: isGameModeOn = false
02-18 03:05:52.273 1520 1520 I GameModeConfig: isGameModeOn = false
02-18 03:05:52.273 1520 1520 I GameModeConfig: isDisableVoice = true
02-18 03:05:52.277 2828 2828 I wm_on_start_called: [58637558,com.android.launcher3.uioverrides.QuickstepLauncher,handleStartActivity]
02-18 03:05:52.278 14100 14100 I view_enqueue_input_event: [Motion - Cancel,com.android.deskclock/com.android.deskclock.DeskClock]
02-18 03:05:52.280 1520 6829 W ActivityTaskManager: getTaskSnapshot: taskId=1084 not found
02-18 03:05:52.283 1520 6101 W ActivityTaskManager: getTaskSnapshot: taskId=2084 not found
02-18 03:05:52.284 1520 1613 I input_focus: [Focus request recents_animation_input_consumer,reason=UpdateInputWindows]
02-18 03:05:52.285 1520 1602 W FreeFormWindowHelper: Current Display FreeFormTask is null
02-18 03:05:52.285 1520 2751 W FreeFormWindowHelper: Current Display FreeFormTask is null
02-18 03:05:52.285 1520 1602 W ActivityTaskManager: getTaskSnapshot: taskId=3084 not found
02-18 03:05:52.286 2828 2828 I sysui_latency: [1,62]
02-18 03:05:52.287 1520 1602 W ActivityTaskManager: getTaskSnapshot: taskId=1084 not found
02-18 03:05:52.288 1520 1602 W ActivityTaskManager: getTaskSnapshot: taskId=2084 not found
02-18 03:05:52.288 1520 1602 W ActivityTaskManager: getTaskSnapshot: taskId=3084 not found
02-18 03:05:52.288 1520 1602 W ActivityTaskManager: getTaskSnapshot: taskId=4084 not found
02-18 03:05:52.289 1520 1602 W ActivityTaskManager: getTaskSnapshot: taskId=5084 not found
02-18 03:05:52.291 1520 1821 I input_interaction: Interaction with: edge-swipe (server), swipe-up (server), PointerEventDispatcher0 (server),
02-18 03:05:52.293 1520 1602 W FreeFormWindowHelper: Current Display FreeFormTask is null
02-18 03:05:52.295 1520 6829 W FreeFormWindowHelper: Current Display FreeFormTask is null
02-18 03:05:52.295 1520 2751 W FreeFormWindowHelper: Current Display FreeFormTask is null
02-18 03:05:52.299 1520 1602 W ActivityTaskManager: getTaskSnapshot: taskId=1084 not found
02-18 03:05:52.299 1520 1602 W ActivityTaskManager: getTaskSnapshot: taskId=2084 not found
02-18 03:05:52.299 1520 1602 W ActivityTaskManager: getTaskSnapshot: taskId=3084 not found
02-18 03:05:52.300 1520 1602 W ActivityTaskManager: getTaskSnapshot: taskId=4084 not found
02-18 03:05:52.300 1520 1602 W ActivityTaskManager: getTaskSnapshot: taskId=5084 not found
02-18 03:05:52.304 1520 1608 I sysui_multi_action: [319,15,322,57,325,7765,757,761,758,9,759,5,806,com.android.launcher3,871,com.android.launcher3.uioverrides.QuickstepLauncher,905,0,1320,4,1321,1]
02-18 03:05:52.312 1520 1602 W FreeFormWindowHelper: Current Display FreeFormTask is null
02-18 03:05:52.313 1520 6829 W FreeFormWindowHelper: Current Display FreeFormTask is null
02-18 03:05:52.314 1520 1821 I input_focus: [Focus leaving 4f5abc com.android.deskclock/com.android.deskclock.DeskClock (server),reason=NOT_FOCUSABLE]
02-18 03:05:52.314 1520 1821 I input_focus: [Focus entering recents_animation_input_consumer (server),reason=setFocusedWindow]
02-18 03:05:52.329 1520 9451 W FreeFormWindowHelper: Current Display FreeFormTask is null
02-18 03:05:52.329 1520 9451 W FreeFormWindowHelper: Current Display FreeFormTask is null
02-18 03:05:52.470 1520 1768 I commit_sys_config_file: [settings-1-0,7]
02-18 03:05:52.563 1520 9451 W FreeFormWindowHelper: Current Display FreeFormTask is null
02-18 03:05:52.565 1520 6829 W FreeFormWindowHelper: Current Display FreeFormTask is null
02-18 03:05:52.566 1520 1602 W FreeFormWindowHelper: Current Display FreeFormTask is null
02-18 03:05:52.598 1520 1618 I sysui_latency: [8,69]
02-18 03:05:52.887 1520 1602 I wm_task_moved: [1,1,6]
02-18 03:05:52.890 1520 1602 I wm_focused_root_task: [0,0,1,84,RecentsAnimation.onAnimationFinished()]
02-18 03:05:52.890 14100 14100 I wm_on_top_resumed_lost_called: [23698237,com.android.deskclock.DeskClock,topStateChangedWhenResumed]
02-18 03:05:52.895 1520 1602 I wm_pause_activity: [0,23698237,com.android.deskclock/.DeskClock,userLeaving=false,pauseBackTasks]
02-18 03:05:52.897 1520 1602 I ActivityTaskManager: FOREGROUND_APPLICATION_CHANGED to com.android.launcher3.uioverrides.QuickstepLauncher
02-18 03:05:52.898 1520 1602 I wm_set_resumed_activity: [0,com.android.launcher3/.uioverrides.QuickstepLauncher,resumeTopActivityInnerLocked]
02-18 03:05:52.901 1520 1602 I wm_resume_activity: [0,58637558,11,com.android.launcher3/.uioverrides.QuickstepLauncher]
02-18 03:05:52.901 1520 1602 I wm_add_to_stopping: [0,23698237,com.android.deskclock/.DeskClock,makeInvisible]
02-18 03:05:52.902 2828 2828 I wm_on_resume_called: [58637558,com.android.launcher3.uioverrides.QuickstepLauncher,RESUME_ACTIVITY]
02-18 03:05:52.910 1520 1613 I input_focus: [Focus request ea4c11d com.android.launcher3/com.android.launcher3.uioverrides.QuickstepLauncher,reason=UpdateInputWindows]
02-18 03:05:52.912 14100 14100 I wm_on_paused_called: [23698237,com.android.deskclock.DeskClock,performPause]
02-18 03:05:52.913 1520 1612 I sysui_multi_action: [757,803,799,window_time_0,802,11]
02-18 03:05:52.915 1520 1821 I input_focus: [Focus leaving recents_animation_input_consumer (server),reason=NOT_VISIBLE]
02-18 03:05:52.916 1520 1821 I input_focus: [Focus entering ea4c11d com.android.launcher3/com.android.launcher3.uioverrides.QuickstepLauncher (server),reason=setFocusedWindow]
02-18 03:05:52.917 1520 1602 W FreeFormWindowHelper: Current Display FreeFormTask is null
02-18 03:05:52.918 1520 1602 W FreeFormWindowHelper: Current Display FreeFormTask is null
02-18 03:05:52.918 1520 1602 W FreeFormWindowHelper: Current Display FreeFormTask is null
02-18 03:05:52.923 1520 6829 I wm_stop_activity: [0,23698237,com.android.deskclock/.DeskClock]
02-18 03:05:52.925 1520 1612 I sysui_multi_action: [757,803,799,window_time_0,802,0]
02-18 03:05:52.931 1520 1520 I notification_enqueue: [10064,14100,com.android.deskclock,2147483645,NULL,0,Notification(channel=TimerModelNotification shortcut=null contentView=com.android.deskclock/0x7f0d0024 vibrate=null sound=null defaults=0x0 flags=0x102 color=0xff1a237e category=alarm groupKey=2 sortKey=0 actions=1 vis=PUBLIC),0]
02-18 03:05:52.932 1520 2286 I GameModeConfig: isGameModeOn = false
02-18 03:05:52.932 14100 14100 I wm_on_stop_called: [23698237,com.android.deskclock.DeskClock,STOP_ACTIVITY_ITEM]
02-18 03:05:52.932 1520 2286 I GameModeConfig: isGameModeOn = false
02-18 03:05:52.932 1520 2286 I GameModeConfig: isGameModeOn = false
02-18 03:05:52.932 1520 2286 I GameModeConfig: isGameModeOn = false
02-18 03:05:52.932 1520 2286 I GameModeConfig: isGameModeOn = false
02-18 03:05:52.945 2828 2828 I wm_on_top_resumed_gained_called: [58637558,com.android.launcher3.uioverrides.QuickstepLauncher,topStateChangedWhenResumed]
02-18 03:05:52.947 1520 7379 W FreeFormWindowHelper: Current Display FreeFormTask is null
02-18 03:05:52.947 1520 7379 W FreeFormWindowHelper: Current Display FreeFormTask is null
02-18 03:05:52.963 2537 4260 W ContextImpl: Calling a method in the system process without a qualified user: android.app.ContextImpl.startService:1816 android.content.ContextWrapper.startService:774 com.thundercomm.gamemode.ingame.services.GameModeActionUtils.startGameModeService:111 com.thundercomm.gamemode.ingame.services.GameModeActionUtils.startGameModeEntry:22 com.thundercomm.gamemode.ingame.services.ActivityMonitoringService$1.onActivityLaunch:139
02-18 03:05:52.966 1520 1520 I GameModeConfig: Current uri is uri = content://com.thundercomm.gamemode.api/gamemode_settings/gamemode_isgaming
02-18 03:05:52.967 1520 1520 I GameModeConfig: isGameModeOn = false
02-18 03:05:52.967 1520 1520 I GameModeConfig: isGameModeOn = false
02-18 03:05:52.967 1520 1520 I GameModeConfig: isDisableVoice = true
02-18 03:05:53.013 1520 9451 W FreeFormWindowHelper: Current Display FreeFormTask is null
02-18 03:05:53.019 2537 4260 W ContextImpl: Calling a method in the system process without a qualified user: android.app.ContextImpl.startService:1816 android.content.ContextWrapper.startService:774 com.thundercomm.gamemode.ingame.services.GameModeActionUtils.startGameModeService:111 com.thundercomm.gamemode.ingame.services.GameModeActionUtils.startGameModeEntry:22 com.thundercomm.gamemode.ingame.services.ActivityMonitoringService$1.onActivityLaunch:139
02-18 03:05:53.023 1520 1520 I GameModeConfig: Current uri is uri = content://com.thundercomm.gamemode.api/gamemode_settings/gamemode_isgaming
02-18 03:05:53.025 1520 1520 I GameModeConfig: isGameModeOn = false
02-18 03:05:53.025 1520 1520 I GameModeConfig: isGameModeOn = false
02-18 03:05:53.026 1520 1520 I GameModeConfig: isDisableVoice = true
02-18 03:05:53.132 1520 1520 I sysui_multi_action: [757,1501,758,1,793,204,794,0,795,204,796,2147483645,806,com.android.deskclock,857,TimerModelNotification,858,3,946,2,947,0,1500,0,1641,alarm,1688,1,1745,-868672399]
02-18 03:05:53.133 1520 1520 I sysui_multi_action: [757,804,799,note_interruptive,801,0,802,1]
02-18 03:05:53.133 1520 1520 I GameModeConfig: isGameModeOn = false
02-18 03:05:53.136 1520 1520 W NotificationHistory: Attempted to add notif for locked/gone/disabled user 0
02-18 03:05:53.146 1520 1768 I commit_sys_config_file: [settings-1-0,4]
02-18 03:05:53.387 1520 1821 I input_interaction: Interaction with: ea4c11d com.android.launcher3/com.android.launcher3.uioverrides.QuickstepLauncher (server), d73543 com.android.systemui.ImageWallpaper (server), edge-swipe (server), swipe-up (server), PointerEventDispatcher0 (server),
02-18 03:05:53.480 1520 7379 W FreeFormWindowHelper: Current Display FreeFormTask is null
02-18 03:05:53.480 1520 7379 W FreeFormWindowHelper: Current Display FreeFormTask is null
02-18 03:05:53.486 1520 9451 W FreeFormWindowHelper: exitRecentTasks type=0
02-18 03:05:53.496 1520 9451 W FreeFormWindowHelper: Current Display FreeFormTask is null
02-18 03:05:53.497 1520 9451 W FreeFormWindowHelper: Current Display FreeFormTask is null
02-18 03:05:53.909 1520 1821 I input_interaction: Interaction with: ae306c3 StatusBar (server), edge-swipe (server), swipe-up (server), PointerEventDispatcher0 (server),
02-18 03:05:53.915 2348 2348 I sysui_multi_action: [757,803,799,panel_open,802,1]
02-18 03:05:53.916 2348 2348 I sysui_multi_action: [757,1328,758,4,1326,73,1327,4,1329,0]
02-18 03:05:53.951 1520 7379 I sysui_multi_action: [757,127,758,1]
02-18 03:05:53.951 1520 7379 I sysui_multi_action: [757,804,799,note_load,801,4,802,1]
02-18 03:05:53.951 1520 7379 I notification_panel_revealed: 4
02-18 03:05:53.962 1520 1613 I input_focus: [Focus request 3373de6 NotificationShade,reason=UpdateInputWindows]
02-18 03:05:53.973 1520 7379 I sysui_multi_action: [757,128,758,1,793,7635758,794,0,795,7635758,796,26,798,0,806,android,857,DEVELOPER_IMPORTANT,858,4,947,0,1395,4,1500,7635552,1688,1]
02-18 03:05:53.973 1520 7379 I sysui_multi_action: [757,804,799,note_freshness,801,7635758,802,1]
02-18 03:05:53.973 1520 7379 I notification_visibility: [-1|android|26|null|1000,1,7635758,7635758,0,0]
02-18 03:05:53.974 1520 7379 I sysui_multi_action: [757,128,758,1,793,7743906,794,0,795,176342,796,17303299,797,com.android.wifi,798,2,806,android,857,NETWORK_AVAILABLE,858,2,947,0,1395,4,1500,28432,1688,1]
02-18 03:05:53.974 1520 7379 I sysui_multi_action: [757,1501,758,1,793,7743907,794,1,795,176343,796,17303299,797,com.android.wifi,806,android,857,NETWORK_AVAILABLE,858,2,947,0,1500,0,1688,1]
02-18 03:05:53.974 1520 7379 I sysui_multi_action: [757,804,799,note_interruptive,801,0,802,1]
02-18 03:05:53.974 1520 7379 I sysui_multi_action: [757,804,799,note_freshness,801,176342,802,1]
02-18 03:05:53.974 1520 7379 I notification_visibility: [0|android|17303299|com.android.wifi|1000,1,7743906,176342,0,2]
02-18 03:05:53.974 1520 7379 I sysui_multi_action: [757,128,758,1,793,1046,794,0,795,1046,796,2147483645,798,1,806,com.android.deskclock,857,TimerModelNotification,858,3,946,2,947,0,1395,4,1500,842,1641,alarm,1688,1,1745,-868672399]
02-18 03:05:53.974 1520 7379 I sysui_multi_action: [757,804,799,note_freshness,801,1046,802,1]
02-18 03:05:53.974 1520 7379 I notification_visibility: [0|com.android.deskclock|2147483645|null|10064,1,1046,1046,0,1]
02-18 03:05:53.975 1520 7379 I sysui_multi_action: [757,128,758,1,793,7744777,794,0,795,7744777,796,32,798,3,806,android,857,USB,858,1,947,0,1395,4,1500,7744419,1688,1]
02-18 03:05:53.975 1520 7379 I sysui_multi_action: [757,804,799,note_freshness,801,7744777,802,1]
02-18 03:05:53.975 1520 7379 I notification_visibility: [-1|android|32|null|1000,1,7744777,7744777,0,3]
02-18 03:05:53.986 2348 2348 I sysui_multi_action: [757,111,758,1]
02-18 03:05:53.986 2348 2348 I sysui_multi_action: [757,126,758,1,759,126,927,0,928,1,1593,0]
02-18 03:05:53.986 2348 2348 I sysui_multi_action: [757,113,758,1,759,113,927,1,928,1,1593,0]
02-18 03:05:53.986 2348 2348 I sysui_multi_action: [757,0,758,1,759,0,927,2,928,0,1593,0]
02-18 03:05:53.986 2348 2348 I sysui_multi_action: [757,0,758,1,759,0,927,3,928,0,1593,0]
02-18 03:05:53.987 2348 2348 I sysui_multi_action: [757,491,758,1,759,491,927,4,928,0,1311,-1,1593,0]
02-18 03:05:53.987 2348 2348 I sysui_multi_action: [757,0,758,1,759,0,927,5,928,0,1593,0]
02-18 03:05:53.987 2348 2348 I sysui_multi_action: [757,111,758,1]
02-18 03:05:53.987 2348 2348 I sysui_multi_action: [757,126,758,1,759,126,927,0,928,1,1593,0]
02-18 03:05:53.988 2348 2348 I sysui_multi_action: [757,113,758,1,759,113,927,1,928,1,1593,0]
02-18 03:05:53.988 2348 2348 I sysui_multi_action: [757,0,758,1,759,0,927,2,928,0,1593,0]
02-18 03:05:53.988 1520 1821 I input_focus: [Focus leaving ea4c11d com.android.launcher3/com.android.launcher3.uioverrides.QuickstepLauncher (server),reason=setFocusedWindow]
02-18 03:05:53.988 2348 2348 I sysui_multi_action: [757,0,758,1,759,0,927,3,928,0,1593,0]
02-18 03:05:53.988 1520 1821 I input_focus: [Focus entering 3373de6 NotificationShade (server),reason=setFocusedWindow]
01-05 12:04:47.138 0 0 E DTC_ETH,link_delay_work_func: 3003, SQI=0, link=0
02-18 03:05:54.878 1520 1821 I input_interaction: Interaction with: 3373de6 NotificationShade (server), edge-swipe (server), swipe-up (server), PointerEventDispatcher0 (server),
02-18 03:05:54.990 2348 2348 I sysui_multi_action: [757,407,758,4,759,1]
02-18 03:05:54.990 1520 7379 I sysui_multi_action: [757,128,758,3,793,2062,794,1016,795,2062,796,2147483645,806,com.android.deskclock,857,TimerModelNotification,858,3,946,2,947,0,1500,1858,1641,alarm,1688,1,1745,-868672399]
02-18 03:05:56.284 1520 7379 I sysui_multi_action: [757,128,758,4,793,3356,794,2310,795,3356,796,2147483645,798,0,806,com.android.deskclock,857,TimerModelNotification,858,3,946,2,947,0,1395,4,1500,3152,1641,alarm,1688,1,1745,-868672399]
02-18 03:05:56.284 1520 7379 I notification_clicked: [0|com.android.deskclock|2147483645|null|10064,3356,3356,2310,0,4]
02-18 03:05:56.286 1520 1520 I sysui_multi_action: [757,804,799,note_click_longevity,801,0,802,1]
02-18 03:05:56.288 1520 7379 I thunderperf: PlatormCompat.setOverrides: Uid1=10064 Pid1=14100 Uid2=10064 Pid2=14100
02-18 03:05:56.288 1520 7379 I thunderperf: PlatormCompat.setOverrides: needCheck:false
02-18 03:05:56.289 1520 7379 W PackageManager: MATCH_ANY_USER flag requires INTERACT_ACROSS_USERS permission: UID 10064 requires android.permission.INTERACT_ACROSS_USERS_FULL or android.permission.INTERACT_ACROSS_USERS to access user 0.
02-18 03:05:56.290 1520 7379 I ActivityTaskManager: START u0 {flg=0x10000000 cmp=com.android.deskclock/.DeskClock (has extras)} from uid 10064
02-18 03:05:56.292 1520 7379 I wm_task_moved: [84,1,6]
02-18 03:05:56.292 1520 7379 I wm_focused_root_task: [0,0,84,1,bringingFoundTaskToFront]
02-18 03:05:56.293 1520 7379 I wm_set_resumed_activity: [0,com.android.deskclock/.DeskClock,bringingFoundTaskToFront]
02-18 03:05:56.293 1520 7379 I wm_new_intent: [0,23698237,84,com.android.deskclock/.DeskClock,android.intent.action.MAIN,NULL,NULL,270532608]
02-18 03:05:56.293 1520 7379 I wm_pause_activity: [0,58637558,com.android.launcher3/.uioverrides.QuickstepLauncher,userLeaving=true,pauseBackTasks]
02-18 03:05:56.295 2828 2828 I wm_on_top_resumed_lost_called: [58637558,com.android.launcher3.uioverrides.QuickstepLauncher,topStateChangedWhenResumed]
02-18 03:05:56.297 2828 2828 I wm_on_paused_called: [58637558,com.android.launcher3.uioverrides.QuickstepLauncher,performPause]
02-18 03:05:56.298 1520 2746 I ActivityTaskManager: FOREGROUND_APPLICATION_CHANGED to com.android.deskclock.DeskClock
02-18 03:05:56.299 1520 2746 I wm_set_resumed_activity: [0,com.android.deskclock/.DeskClock,resumeTopActivityInnerLocked]
02-18 03:05:56.299 1520 2746 I wm_add_to_stopping: [0,58637558,com.android.launcher3/.uioverrides.QuickstepLauncher,makeInvisible]
02-18 03:05:56.300 1520 2746 I wm_resume_activity: [0,23698237,84,com.android.deskclock/.DeskClock]
02-18 03:05:56.304 1520 1612 I sysui_multi_action: [757,803,799,window_time_0,802,3]
02-18 03:05:56.307 14100 14100 I wm_on_restart_called: [23698237,com.android.deskclock.DeskClock,performRestartActivity]
02-18 03:05:56.310 14100 14100 I wm_on_start_called: [23698237,com.android.deskclock.DeskClock,handleStartActivity]
02-18 03:05:56.311 1520 1520 I sysui_multi_action: [757,128,758,5,759,8,793,3383,794,2337,795,3383,796,2147483645,806,com.android.deskclock,857,TimerModelNotification,858,3,946,2,947,0,1500,3179,1641,alarm,1688,1,1745,-868672399]
02-18 03:05:56.311 14100 14100 I wm_on_resume_called: [23698237,com.android.deskclock.DeskClock,RESUME_ACTIVITY]
02-18 03:05:56.311 1520 1520 I notification_canceled: [0|com.android.deskclock|2147483645|null|10064,8,3383,3383,2337,-1,-1,NULL]
02-18 03:05:56.316 14100 14100 E AndroidRuntime: FATAL EXCEPTION: main
02-18 03:05:56.316 14100 14100 E AndroidRuntime: Process: com.android.deskclock, PID: 14100
02-18 03:05:56.316 14100 14100 E AndroidRuntime: java.lang.RuntimeException: Unable to resume activity {com.android.deskclock/com.android.deskclock.DeskClock}: java.lang.IllegalStateException: FragmentManager is already executing transactions
02-18 03:05:56.316 14100 14100 E AndroidRuntime: at android.app.ActivityThread.performResumeActivity(ActivityThread.java:4758)
02-18 03:05:56.316 14100 14100 E AndroidRuntime: at android.app.ActivityThread.handleResumeActivity(ActivityThread.java:4791)
02-18 03:05:56.316 14100 14100 E AndroidRuntime: at android.app.servertransaction.ResumeActivityItem.execute(ResumeActivityItem.java:54)
02-18 03:05:56.316 14100 14100 E AndroidRuntime: at android.app.servertransaction.ActivityTransactionItem.execute(ActivityTransactionItem.java:45)
02-18 03:05:56.316 14100 14100 E AndroidRuntime: at android.app.servertransaction.TransactionExecutor.executeLifecycleState(TransactionExecutor.java:176)
02-18 03:05:56.316 14100 14100 E AndroidRuntime: at android.app.servertransaction.TransactionExecutor.execute(TransactionExecutor.java:97)
02-18 03:05:56.316 14100 14100 E AndroidRuntime: at android.app.ActivityThread$H.handleMessage(ActivityThread.java:2211)
02-18 03:05:56.316 14100 14100 E AndroidRuntime: at android.os.Handler.dispatchMessage(Handler.java:106)
02-18 03:05:56.316 14100 14100 E AndroidRuntime: at android.os.Looper.loopOnce(Looper.java:201)
02-18 03:05:56.316 14100 14100 E AndroidRuntime: at android.os.Looper.loop(Looper.java:288)
02-18 03:05:56.316 14100 14100 E AndroidRuntime: at android.app.ActivityThread.main(ActivityThread.java:7880)
02-18 03:05:56.316 14100 14100 E AndroidRuntime: at java.lang.reflect.Method.invoke(Native Method)
02-18 03:05:56.316 14100 14100 E AndroidRuntime: at com.android.internal.os.RuntimeInit$MethodAndArgsCaller.run(RuntimeInit.java:548)
02-18 03:05:56.316 14100 14100 E AndroidRuntime: at com.android.internal.os.ZygoteInit.main(ZygoteInit.java:1009)
02-18 03:05:56.316 14100 14100 E AndroidRuntime: Caused by: java.lang.IllegalStateException: FragmentManager is already executing transactions
02-18 03:05:56.316 14100 14100 E AndroidRuntime: at androidx.fragment.app.FragmentManager.ensureExecReady(FragmentManager.java:1951)
02-18 03:05:56.316 14100 14100 E AndroidRuntime: at androidx.fragment.app.FragmentManager.execPendingActions(FragmentManager.java:2016)
02-18 03:05:56.316 14100 14100 E AndroidRuntime: at androidx.fragment.app.FragmentManager.executePendingTransactions(FragmentManager.java:603)
02-18 03:05:56.316 14100 14100 E AndroidRuntime: at com.android.deskclock.timer.TimerPagerAdapter.finishUpdate(TimerPagerAdapter.kt:125)
02-18 03:05:56.316 14100 14100 E AndroidRuntime: at androidx.viewpager.widget.ViewPager.populate(ViewPager.java:1237)
02-18 03:05:56.316 14100 14100 E AndroidRuntime: at androidx.viewpager.widget.ViewPager.setCurrentItemInternal(ViewPager.java:672)
02-18 03:05:56.316 14100 14100 E AndroidRuntime: at androidx.viewpager.widget.ViewPager.setCurrentItemInternal(ViewPager.java:634)
02-18 03:05:56.316 14100 14100 E AndroidRuntime: at androidx.viewpager.widget.ViewPager.setCurrentItem(ViewPager.java:615)
02-18 03:05:56.316 14100 14100 E AndroidRuntime: at com.android.deskclock.timer.TimerFragment.onResume(TimerFragment.kt:181)
02-18 03:05:56.316 14100 14100 E AndroidRuntime: at androidx.fragment.app.Fragment.performResume(Fragment.java:3029)
02-18 03:05:56.316 14100 14100 E AndroidRuntime: at androidx.fragment.app.FragmentStateManager.resume(FragmentStateManager.java:583)
02-18 03:05:56.316 14100 14100 E AndroidRuntime: at androidx.fragment.app.FragmentStateManager.moveToExpectedState(FragmentStateManager.java:282)
02-18 03:05:56.316 14100 14100 E AndroidRuntime: at androidx.fragment.app.FragmentStore.moveToExpectedState(FragmentStore.java:112)
02-18 03:05:56.316 14100 14100 E AndroidRuntime: at androidx.fragment.app.FragmentManager.moveToState(FragmentManager.java:1667)
02-18 03:05:56.316 14100 14100 E AndroidRuntime: at androidx.fragment.app.FragmentManager.dispatchStateChange(FragmentManager.java:3234)
02-18 03:05:56.316 14100 14100 E AndroidRuntime: at androidx.fragment.app.FragmentManager.dispatchResume(FragmentManager.java:3192)
02-18 03:05:56.316 14100 14100 E AndroidRuntime: at androidx.fragment.app.FragmentController.dispatchResume(FragmentController.java:273)
02-18 03:05:56.316 14100 14100 E AndroidRuntime: at androidx.fragment.app.FragmentActivity.onResumeFragments(FragmentActivity.java:434)
02-18 03:05:56.316 14100 14100 E AndroidRuntime: at androidx.fragment.app.FragmentActivity.onPostResume(FragmentActivity.java:423)
02-18 03:05:56.316 14100 14100 E AndroidRuntime: at androidx.appcompat.app.AppCompatActivity.onPostResume(AppCompatActivity.java:240)
02-18 03:05:56.316 14100 14100 E AndroidRuntime: at com.android.deskclock.DeskClock.onPostResume(DeskClock.kt:315)
02-18 03:05:56.316 14100 14100 E AndroidRuntime: at android.app.Activity.performResume(Activity.java:8241)
02-18 03:05:56.316 14100 14100 E AndroidRuntime: at android.app.ActivityThread.performResumeActivity(ActivityThread.java:4748)
02-18 03:05:56.316 14100 14100 E AndroidRuntime: ... 13 more
02-18 03:05:56.316 1520 2746 I am_crash: [14100,0,com.android.deskclock,818429509,java.lang.IllegalStateException,FragmentManager is already executing transactions,FragmentManager.java,1951]
02-18 03:05:56.317 2537 4260 W ContextImpl: Calling a method in the system process without a qualified user: android.app.ContextImpl.startService:1816 android.content.ContextWrapper.startService:774 com.thundercomm.gamemode.ingame.services.GameModeActionUtils.startGameModeService:111 com.thundercomm.gamemode.ingame.services.GameModeActionUtils.startGameModeEntry:22 com.thundercomm.gamemode.ingame.services.ActivityMonitoringService$1.onActivityLaunch:139
02-18 03:05:56.317 1520 14569 I DropBoxManagerService: add tag=system_app_crash isTagEnabled=true flags=0x2
02-18 03:05:56.318 1520 2746 W ActivityTaskManager: Force finishing activity com.android.deskclock/.DeskClock
02-18 03:05:56.318 1520 2746 I wm_finish_activity: [0,23698237,84,com.android.deskclock/.DeskClock,force-crash]
02-18 03:05:56.318 1520 2746 I wm_task_moved: [1,1,6]
02-18 03:05:56.318 1520 2746 I wm_task_moved: [11,1,2147483647]
02-18 03:05:56.318 1520 2746 I wm_task_to_front: [0,11]
02-18 03:05:56.319 1520 2746 I wm_focused_root_task: [0,0,1,84,finish-top adjustFocusToNextFocusableTask]
02-18 03:05:56.319 1520 2746 I wm_set_resumed_activity: [0,com.android.launcher3/.uioverrides.QuickstepLauncher,finish-top adjustFocusToNextFocusableTask]
02-18 03:05:56.319 1520 2746 I wm_pause_activity: [0,23698237,com.android.deskclock/.DeskClock,userLeaving=false,finish]
02-18 03:05:56.320 1520 2746 I sysui_multi_action: [757,316,758,4,759,-1]
02-18 03:05:56.321 1520 1612 I sysui_multi_action: [757,1144,758,9,806,com.android.deskclock,871,com.android.deskclock.DeskClock]
02-18 03:05:56.323 1520 1520 I GameModeConfig: Current uri is uri = content://com.thundercomm.gamemode.api/gamemode_settings/gamemode_isgaming
02-18 03:05:56.326 1520 1520 I GameModeConfig: isGameModeOn = false
02-18 03:05:56.326 1520 1520 I GameModeConfig: isGameModeOn = false
02-18 03:05:56.326 1520 1520 I GameModeConfig: isDisableVoice = true
02-18 03:05:56.378 1520 9451 I ActivityManager: Process com.android.deskclock (pid 14100) has died: fg TOP
02-18 03:05:56.378 1520 9451 I am_proc_died: [0,14100,com.android.deskclock,0,2]
02-18 03:05:56.379 1520 6852 I WindowManager: WIN DEATH: Window{4f5abc u0 com.android.deskclock/com.android.deskclock.DeskClock}
02-18 03:05:56.382 1520 9451 I am_uid_stopped: 10064
02-18 03:05:56.383 1520 9451 I wm_task_removed: [84,removeChild:removeChild last r=ActivityRecord{1699b3d u0 com.android.deskclock/.DeskClock t-1 f}} in t=Task{70af0fb #84 type=standard A=10064:com.android.deskclock U=0 visible=false mode=fullscreen translucent=true sz=0}]
02-18 03:05:56.383 1520 9451 I wm_task_removed: [84,removeChild]
02-18 03:05:56.385 1520 9451 I ActivityTaskManager: FOREGROUND_APPLICATION_CHANGED to com.android.launcher3.uioverrides.QuickstepLauncher
02-18 03:05:56.385 1520 9451 I wm_set_resumed_activity: [0,com.android.launcher3/.uioverrides.QuickstepLauncher,resumeTopActivityInnerLocked]
02-18 03:05:56.386 1520 9451 I wm_resume_activity: [0,58637558,11,com.android.launcher3/.uioverrides.QuickstepLauncher]
02-18 03:05:56.387 2828 2828 I wm_on_resume_called: [58637558,com.android.launcher3.uioverrides.QuickstepLauncher,RESUME_ACTIVITY]
02-18 03:05:56.392 1520 9451 W ActivityTaskManager: Can't find TaskDisplayArea to determine support for multi window. Task id=84 attached=false
02-18 03:05:56.392 1520 9451 W ActivityTaskManager: Can't find TaskDisplayArea to determine support for multi window. Task id=84 attached=false
02-18 03:05:56.395 1520 1612 W ActivityManager: setHasOverlayUi called on unknown pid: 14100
02-18 03:05:56.402 1520 9451 W FreeFormWindowHelper: Current Display FreeFormTask is null
02-18 03:05:56.407 2537 4260 W ContextImpl: Calling a method in the system process without a qualified user: android.app.ContextImpl.startService:1816 android.content.ContextWrapper.startService:774 com.thundercomm.gamemode.ingame.services.GameModeActionUtils.startGameModeService:111 com.thundercomm.gamemode.ingame.services.GameModeActionUtils.startGameModeEntry:22 com.thundercomm.gamemode.ingame.services.ActivityMonitoringService$1.onActivityLaunch:139
02-18 03:05:56.408 1520 9451 I sysui_multi_action: [757,128,758,2,793,7638193,794,2435,795,7638193,796,26,798,0,806,android,857,DEVELOPER_IMPORTANT,858,4,947,0,1395,4,1500,7637987,1688,1]
02-18 03:05:56.408 1520 9451 I notification_visibility: [-1|android|26|null|1000,0,7638193,7638193,0,0]
02-18 03:05:56.409 1520 9451 I sysui_multi_action: [757,128,758,2,793,7746342,794,2436,795,178778,796,17303299,797,com.android.wifi,798,2,806,android,857,NETWORK_AVAILABLE,858,2,947,0,1395,4,1500,2435,1688,1]
02-18 03:05:56.409 1520 9451 I notification_visibility: [0|android|17303299|com.android.wifi|1000,0,7746342,178778,0,2]
02-18 03:05:56.409 1520 9451 I sysui_multi_action: [757,128,758,2,793,7747212,794,2435,795,7747212,796,32,798,3,806,android,857,USB,858,1,947,0,1395,4,1500,7746854,1688,1]
02-18 03:05:56.409 1520 9451 I notification_visibility: [-1|android|32|null|1000,0,7747212,7747212,0,3]
02-18 03:05:56.409 1520 9451 I sysui_multi_action: [757,127,758,2]
02-18 03:05:56.409 1520 9451 I notification_panel_hidden:
02-18 03:05:56.410 1520 1520 I GameModeConfig: Current uri is uri = content://com.thundercomm.gamemode.api/gamemode_settings/gamemode_isgaming
02-18 03:05:56.412 1520 1520 I GameModeConfig: isGameModeOn = false
02-18 03:05:56.412 1520 1520 I GameModeConfig: isGameModeOn = false
02-18 03:05:56.412 1520 1520 I GameModeConfig: isDisableVoice = true
02-18 03:05:56.425 1520 1613 I input_focus: [Focus request ea4c11d com.android.launcher3/com.android.launcher3.uioverrides.QuickstepLauncher,reason=UpdateInputWindows]
02-18 03:05:56.460 1520 1821 I input_focus: [Focus leaving 3373de6 NotificationShade (server),reason=NOT_FOCUSABLE]
02-18 03:05:56.460 1520 1821 I input_focus: [Focus entering ea4c11d com.android.launcher3/com.android.launcher3.uioverrides.QuickstepLauncher (server),reason=setFocusedWindow]
02-18 03:05:56.818 1520 1612 W ActivityTaskManager: Activity top resumed state loss timeout for ActivityRecord{1699b3d u0 com.android.deskclock/.DeskClock t-1 f}}
02-18 03:05:56.819 2828 2828 I wm_on_top_resumed_gained_called: [58637558,com.android.launcher3.uioverrides.QuickstepLauncher,topStateChangedWhenResumed]
02-18 03:05:56.855 1520 2286 I GameModeConfig: isGameModeOn = false
02-18 03:05:56.855 1520 2286 I GameModeConfig: isGameModeOn = false
02-18 03:05:56.855 1520 2286 I GameModeConfig: isGameModeOn = false
02-18 03:05:56.855 1520 2286 I GameModeConfig: isGameModeOn = false
02-18 03:05:56.856 1520 2286 I GameModeConfig: isGameModeOn = false
02-18 03:05:56.857 1520 1520 I notification_enqueue: [10079,2348,com.android.systemui,2048,NULL,0,Notification(channel=updateNotification shortcut=null contentView=null vibrate=null sound=null defaults=0x0 flags=0x0 color=0x00000000 vis=PRIVATE),1]
02-18 03:05:56.857 2348 2348 I sysui_multi_action: [757,111,758,2]
02-18 03:05:56.857 2348 2348 I sysui_multi_action: [757,111,758,2]
02-18 03:05:57.059 1520 1520 I GameModeConfig: isGameModeOn = false
02-18 03:05:57.949 1520 1821 I input_interaction: Interaction with: ae306c3 StatusBar (server), edge-swipe (server), swipe-up (server), PointerEventDispatcher0 (server),
02-18 03:05:57.953 2348 2348 I sysui_multi_action: [757,803,799,panel_open,802,1]
02-18 03:05:57.955 2348 2348 I sysui_multi_action: [757,1328,758,4,1326,60,1327,2,1329,0]
02-18 03:05:58.012 1520 6852 I sysui_multi_action: [757,127,758,1]
02-18 03:05:58.012 1520 6852 I sysui_multi_action: [757,804,799,note_load,801,3,802,1]
02-18 03:05:58.012 1520 6852 I notification_panel_revealed: 3
02-18 03:05:58.022 1520 1613 I input_focus: [Focus request 3373de6 NotificationShade,reason=UpdateInputWindows]
02-18 03:05:58.035 1520 2415 I sysui_multi_action: [757,128,758,1,793,7639820,794,0,795,7639820,796,26,798,0,806,android,857,DEVELOPER_IMPORTANT,858,4,947,0,1395,3,1500,7639614,1688,1]
02-18 03:05:58.035 1520 2415 I sysui_multi_action: [757,804,799,note_freshness,801,7639820,802,1]
02-18 03:05:58.036 1520 2415 I notification_visibility: [-1|android|26|null|1000,1,7639820,7639820,0,0]
02-18 03:05:58.036 1520 2415 I sysui_multi_action: [757,128,758,1,793,7747969,794,0,795,180405,796,17303299,797,com.android.wifi,798,1,806,android,857,NETWORK_AVAILABLE,858,2,947,0,1395,3,1500,4062,1688,1]
02-18 03:05:58.036 1520 2415 I sysui_multi_action: [757,1501,758,1,793,7747969,794,0,795,180405,796,17303299,797,com.android.wifi,806,android,857,NETWORK_AVAILABLE,858,2,947,0,1500,0,1688,1]
02-18 03:05:58.036 1520 2415 I sysui_multi_action: [757,804,799,note_interruptive,801,0,802,1]
02-18 03:05:58.036 1520 2415 I sysui_multi_action: [757,804,799,note_freshness,801,180405,802,1]
02-18 03:05:58.036 1520 2415 I notification_visibility: [0|android|17303299|com.android.wifi|1000,1,7747969,180405,0,1]
02-18 03:05:58.036 1520 2415 I sysui_multi_action: [757,128,758,1,793,7748839,794,0,795,7748839,796,32,798,2,806,android,857,USB,858,1,947,0,1395,3,1500,7748481,1688,1]
02-18 03:05:58.037 1520 2415 I sysui_multi_action: [757,804,799,note_freshness,801,7748839,802,1]
02-18 03:05:58.037 1520 2415 I notification_visibility: [-1|android|32|null|1000,1,7748839,7748839,0,2]
02-18 03:05:58.047 1520 1821 I input_focus: [Focus leaving ea4c11d com.android.launcher3/com.android.launcher3.uioverrides.QuickstepLauncher (server),reason=setFocusedWindow]
02-18 03:05:58.047 1520 1821 I input_focus: [Focus entering 3373de6 NotificationShade (server),reason=setFocusedWindow]
02-18 03:05:58.057 2348 2348 I sysui_multi_action: [757,111,758,1]
02-18 03:05:58.057 2348 2348 I sysui_multi_action: [757,126,758,1,759,126,927,0,928,1,1593,0]
02-18 03:05:58.057 2348 2348 I sysui_multi_action: [757,113,758,1,759,113,927,1,928,1,1593,0]
02-18 03:05:58.057 2348 2348 I sysui_multi_action: [757,0,758,1,759,0,927,2,928,0,1593,0]
02-18 03:05:58.057 2348 2348 I sysui_multi_action: [757,0,758,1,759,0,927,3,928,0,1593,0]
02-18 03:05:58.058 2348 2348 I sysui_multi_action: [757,491,758,1,759,491,927,4,928,0,1311,-1,1593,0]
02-18 03:05:58.058 2348 2348 I sysui_multi_action: [757,0,758,1,759,0,927,5,928,0,1593,0]
02-18 03:05:58.058 2348 2348 I sysui_multi_action: [757,111,758,1]
02-18 03:05:58.058 2348 2348 I sysui_multi_action: [757,126,758,1,759,126,927,0,928,1,1593,0]
02-18 03:05:58.059 2348 2348 I sysui_multi_action: [757,113,758,1,759,113,927,1,928,1,1593,0]
02-18 03:05:58.059 2348 2348 I sysui_multi_action: [757,0,758,1,759,0,927,2,928,0,1593,0]
02-18 03:05:58.059 2348 2348 I sysui_multi_action: [757,0,758,1,759,0,927,3,928,0,1593,0]
01-05 12:04:52.258 0 0 E DTC_ETH,link_delay_work_func: 3003, SQI=0, link=0
02-18 03:05:59.472 1520 1821 I input_interaction: Interaction with: 3373de6 NotificationShade (server), edge-swipe (server), swipe-up (server), PointerEventDispatcher0 (server),
02-18 03:05:59.695 1520 2286 I GameModeConfig: isGameModeOn = false
02-18 03:05:59.696 1520 2286 I GameModeConfig: isGameModeOn = false
02-18 03:05:59.696 1520 2286 I GameModeConfig: isGameModeOn = false
02-18 03:05:59.696 1520 2286 I GameModeConfig: isGameModeOn = false
02-18 03:05:59.696 1520 2286 I GameModeConfig: isGameModeOn = false
02-18 03:05:59.697 1520 1520 I notification_enqueue: [10079,2348,com.android.systemui,2048,NULL,0,Notification(channel=updateNotification shortcut=null contentView=null vibrate=null sound=null defaults=0x0 flags=0x0 color=0x00000000 vis=PRIVATE),1]
02-18 03:05:59.697 2348 2348 I sysui_multi_action: [757,111,758,2]
02-18 03:05:59.698 2348 2348 I sysui_multi_action: [757,111,758,2]
02-18 03:05:59.753 1520 1613 I input_focus: [Focus request ea4c11d com.android.launcher3/com.android.launcher3.uioverrides.QuickstepLauncher,reason=UpdateInputWindows]
02-18 03:05:59.757 1520 6852 I sysui_multi_action: [757,128,758,2,793,7641542,794,1722,795,7641542,796,26,798,0,806,android,857,DEVELOPER_IMPORTANT,858,4,947,0,1395,3,1500,7641336,1688,1]
02-18 03:05:59.757 1520 6852 I notification_visibility: [-1|android|26|null|1000,0,7641542,7641542,0,0]
02-18 03:05:59.757 1520 6852 I sysui_multi_action: [757,128,758,2,793,7749690,794,1721,795,182126,796,17303299,797,com.android.wifi,798,1,806,android,857,NETWORK_AVAILABLE,858,2,947,0,1395,3,1500,1721,1688,1]
02-18 03:05:59.757 1520 6852 I notification_visibility: [0|android|17303299|com.android.wifi|1000,0,7749690,182126,0,1]
02-18 03:05:59.757 1520 6852 I sysui_multi_action: [757,128,758,2,793,7750560,794,1721,795,7750560,796,32,798,2,806,android,857,USB,858,1,947,0,1395,3,1500,7750202,1688,1]
02-18 03:05:59.758 1520 6852 I notification_visibility: [-1|android|32|null|1000,0,7750560,7750560,0,2]
02-18 03:05:59.758 1520 2415 I sysui_multi_action: [757,127,758,2]
02-18 03:05:59.758 1520 2415 I notification_panel_hidden:
02-18 03:05:59.768 1520 1821 I input_focus: [Focus leaving 3373de6 NotificationShade (server),reason=NO_WINDOW]
02-18 03:05:59.785 1520 1821 I input_focus: [Focus entering ea4c11d com.android.launcher3/com.android.launcher3.uioverrides.QuickstepLauncher (server),reason=setFocusedWindow]
02-18 03:05:59.808 1520 3839 E TaskPersister: File error accessing recents directory (directory doesn't exist?).
02-18 03:05:59.900 1520 1520 I GameModeConfig: isGameModeOn = false
02-18 03:06:00.062 1520 1821 I input_interaction: Interaction with: ea4c11d com.android.launcher3/com.android.launcher3.uioverrides.QuickstepLauncher (server), d73543 com.android.systemui.ImageWallpaper (server), edge-swipe (server), swipe-up (server), PointerEventDispatcher0 (server),
02-18 03:06:01.573 1520 6852 I sysui_multi_action: [757,127,758,1]
02-18 03:06:01.573 1520 6852 I sysui_multi_action: [757,804,799,note_load,801,3,802,1]
02-18 03:06:01.573 1520 6852 I notification_panel_revealed: 3
02-18 03:06:01.584 1520 1613 I input_focus: [Focus request 3373de6 NotificationShade,reason=UpdateInputWindows]
02-18 03:06:01.593 1520 6852 I sysui_multi_action: [757,128,758,1,793,7643378,794,0,795,7643378,796,26,798,0,806,android,857,DEVELOPER_IMPORTANT,858,4,947,0,1395,3,1500,7643172,1688,1]
02-18 03:06:01.593 1520 6852 I sysui_multi_action: [757,804,799,note_freshness,801,7643378,802,1]
02-18 03:06:01.593 1520 6852 I notification_visibility: [-1|android|26|null|1000,1,7643378,7643378,0,0]
02-18 03:06:01.593 1520 6852 I sysui_multi_action: [757,128,758,1,793,7751526,794,0,795,183962,796,17303299,797,com.android.wifi,798,1,806,android,857,NETWORK_AVAILABLE,858,2,947,0,1395,3,1500,3557,1688,1]
02-18 03:06:01.594 1520 6852 I sysui_multi_action: [757,1501,758,1,793,7751526,794,0,795,183962,796,17303299,797,com.android.wifi,806,android,857,NETWORK_AVAILABLE,858,2,947,0,1500,0,1688,1]
02-18 03:06:01.594 1520 6852 I sysui_multi_action: [757,804,799,note_interruptive,801,0,802,1]
02-18 03:06:01.594 1520 6852 I sysui_multi_action: [757,804,799,note_freshness,801,183962,802,1]
02-18 03:06:01.594 1520 6852 I notification_visibility: [0|android|17303299|com.android.wifi|1000,1,7751526,183962,0,1]
02-18 03:06:01.594 1520 6852 I sysui_multi_action: [757,128,758,1,793,7752397,794,0,795,7752397,796,32,798,2,806,android,857,USB,858,1,947,0,1395,3,1500,7752039,1688,1]
02-18 03:06:01.594 1520 6852 I sysui_multi_action: [757,804,799,note_freshness,801,7752397,802,1]
02-18 03:06:01.594 1520 6852 I notification_visibility: [-1|android|32|null|1000,1,7752397,7752397,0,2]
02-18 03:06:01.605 1520 1821 I input_focus: [Focus leaving ea4c11d com.android.launcher3/com.android.launcher3.uioverrides.QuickstepLauncher (server),reason=setFocusedWindow]
02-18 03:06:01.606 1520 1821 I input_focus: [Focus entering 3373de6 NotificationShade (server),reason=setFocusedWindow]
02-18 03:06:01.614 1520 1821 I input_interaction: Interaction with: ea4c11d com.android.launcher3/com.android.launcher3.uioverrides.QuickstepLauncher (server), d73543 com.android.systemui.ImageWallpaper (server), 3373de6 NotificationShade (server), edge-swipe (server), swipe-up (server), PointerEventDispatcher0 (server),
02-18 03:06:01.614 2828 2828 I view_enqueue_input_event: [Motion - Cancel,com.android.launcher3/com.android.launcher3.uioverrides.QuickstepLauncher]
02-18 03:06:01.616 2348 2348 I sysui_multi_action: [757,803,799,panel_open,802,1]
02-18 03:06:01.617 2348 2348 I sysui_multi_action: [757,1328,758,4,1326,60,1327,61,1329,0]
02-18 03:06:01.629 1520 1821 I input_interaction: Interaction with: d73543 com.android.systemui.ImageWallpaper (server), 3373de6 NotificationShade (server), edge-swipe (server), swipe-up (server), PointerEventDispatcher0 (server),
02-18 03:06:01.654 2348 2348 I sysui_multi_action: [757,111,758,1]
02-18 03:06:01.655 2348 2348 I sysui_multi_action: [757,126,758,1,759,126,927,0,928,1,1593,0]
02-18 03:06:01.655 2348 2348 I sysui_multi_action: [757,113,758,1,759,113,927,1,928,1,1593,0]
02-18 03:06:01.655 2348 2348 I sysui_multi_action: [757,0,758,1,759,0,927,2,928,0,1593,0]
02-18 03:06:01.655 2348 2348 I sysui_multi_action: [757,0,758,1,759,0,927,3,928,0,1593,0]
02-18 03:06:01.656 2348 2348 I sysui_multi_action: [757,491,758,1,759,491,927,4,928,0,1311,-1,1593,0]
02-18 03:06:01.656 2348 2348 I sysui_multi_action: [757,0,758,1,759,0,927,5,928,0,1593,0]
02-18 03:06:01.657 2348 2348 I sysui_multi_action: [757,111,758,1]
02-18 03:06:01.657 2348 2348 I sysui_multi_action: [757,126,758,1,759,126,927,0,928,1,1593,0]
02-18 03:06:01.657 2348 2348 I sysui_multi_action: [757,113,758,1,759,113,927,1,928,1,1593,0]
02-18 03:06:01.657 2348 2348 I sysui_multi_action: [757,0,758,1,759,0,927,2,928,0,1593,0]
02-18 03:06:01.657 2348 2348 I sysui_multi_action: [757,0,758,1,759,0,927,3,928,0,1593,0]
02-18 03:06:01.907 1520 1821 I input_interaction: Interaction with: 3373de6 NotificationShade (server), edge-swipe (server), swipe-up (server), PointerEventDispatcher0 (server),
02-18 03:06:02.552 1520 2286 I GameModeConfig: isGameModeOn = false
02-18 03:06:02.552 1520 2286 I GameModeConfig: isGameModeOn = false
02-18 03:06:02.552 1520 2286 I GameModeConfig: isGameModeOn = false
02-18 03:06:02.552 1520 2286 I GameModeConfig: isGameModeOn = false
02-18 03:06:02.552 1520 2286 I GameModeConfig: isGameModeOn = false
02-18 03:06:02.553 1520 1520 I notification_enqueue: [10079,2348,com.android.systemui,2048,NULL,0,Notification(channel=updateNotification shortcut=null contentView=null vibrate=null sound=null defaults=0x0 flags=0x0 color=0x00000000 vis=PRIVATE),1]
02-18 03:06:02.553 2348 2348 I sysui_multi_action: [757,111,758,2]
02-18 03:06:02.554 2348 2348 I sysui_multi_action: [757,111,758,2]
02-18 03:06:02.609 1520 1613 I input_focus: [Focus request ea4c11d com.android.launcher3/com.android.launcher3.uioverrides.QuickstepLauncher,reason=UpdateInputWindows]
02-18 03:06:02.613 1520 2415 I sysui_multi_action: [757,128,758,2,793,7644398,794,1020,795,7644398,796,26,798,0,806,android,857,DEVELOPER_IMPORTANT,858,4,947,0,1395,3,1500,7644192,1688,1]
02-18 03:06:02.614 1520 2415 I notification_visibility: [-1|android|26|null|1000,0,7644398,7644398,0,0]
02-18 03:06:02.614 1520 2415 I sysui_multi_action: [757,128,758,2,793,7752547,794,1021,795,184983,796,17303299,797,com.android.wifi,798,1,806,android,857,NETWORK_AVAILABLE,858,2,947,0,1395,3,1500,1021,1688,1]
02-18 03:06:02.615 1520 2415 I notification_visibility: [0|android|17303299|com.android.wifi|1000,0,7752547,184983,0,1]
02-18 03:06:02.617 1520 2415 I sysui_multi_action: [757,128,758,2,793,7753420,794,1023,795,7753420,796,32,798,2,806,android,857,USB,858,1,947,0,1395,3,1500,7753062,1688,1]
02-18 03:06:02.617 1520 2415 I notification_visibility: [-1|android|32|null|1000,0,7753420,7753420,0,2]
02-18 03:06:02.618 1520 10101 I sysui_multi_action: [757,127,758,2]
02-18 03:06:02.618 1520 10101 I notification_panel_hidden:
02-18 03:06:02.642 1520 1821 I input_focus: [Focus leaving 3373de6 NotificationShade (server),reason=NO_WINDOW]
02-18 03:06:02.642 1520 1821 I input_focus: [Focus entering ea4c11d com.android.launcher3/com.android.launcher3.uioverrides.QuickstepLauncher (server),reason=setFocusedWindow]
02-18 03:06:02.756 1520 1520 I GameModeConfig: isGameModeOn = false
02-18 03:06:02.786 1520 1821 I input_interaction: Interaction with: ea4c11d com.android.launcher3/com.android.launcher3.uioverrides.QuickstepLauncher (server), d73543 com.android.systemui.ImageWallpaper (server), edge-swipe (server), swipe-up (server), PointerEventDispatcher0 (server),
02-18 03:06:02.840 1520 2415 W FreeFormWindowHelper: Current Display FreeFormTask is null
02-18 03:06:02.840 1520 10101 W FreeFormWindowHelper: Current Display FreeFormTask is null
02-18 03:06:02.841 1520 6852 W FreeFormWindowHelper: Current Display FreeFormTask is null
02-18 03:06:02.852 1520 9451 W FreeFormWindowHelper: Current Display FreeFormTask is null
02-18 03:06:02.852 1520 9451 W FreeFormWindowHelper: Current Display FreeFormTask is null
02-18 03:06:02.853 2828 2828 I view_enqueue_input_event: [Motion - Cancel,com.android.launcher3/com.android.launcher3.uioverrides.QuickstepLauncher]
02-18 03:06:02.854 1520 6852 W FreeFormWindowHelper: Current Display FreeFormTask is null
02-18 03:06:02.854 1520 1821 I input_interaction: Interaction with: edge-swipe (server), swipe-up (server), PointerEventDispatcher0 (server),
02-18 03:06:02.854 1520 6852 W FreeFormWindowHelper: Current Display FreeFormTask is null
02-18 03:06:02.855 1520 6852 W FreeFormWindowHelper: Current Display FreeFormTask is null
02-18 03:06:02.856 1520 6852 W FreeFormWindowHelper: Current Display FreeFormTask is null
02-18 03:06:02.857 1520 6852 W FreeFormWindowHelper: Current Display FreeFormTask is null
02-18 03:06:03.043 1520 1768 I commit_sys_config_file: [settings-1-0,4]
02-18 03:06:03.107 1520 6852 W FreeFormWindowHelper: Current Display FreeFormTask is null
02-18 03:06:03.109 1520 6852 W FreeFormWindowHelper: Current Display FreeFormTask is null
02-18 03:06:03.109 1520 6852 W FreeFormWindowHelper: Current Display FreeFormTask is null
02-18 03:06:03.119 1520 6852 W FreeFormWindowHelper: Current Display FreeFormTask is null
02-18 03:06:03.119 1520 2415 W FreeFormWindowHelper: Current Display FreeFormTask is null
02-18 03:06:03.137 1520 6852 W FreeFormWindowHelper: Current Display FreeFormTask is null
02-18 03:06:03.153 1520 2415 W FreeFormWindowHelper: Current Display FreeFormTask is null
02-18 03:06:03.169 1520 6852 W FreeFormWindowHelper: Current Display FreeFormTask is null
02-18 03:06:03.186 1520 2415 W FreeFormWindowHelper: Current Display FreeFormTask is null
02-18 03:06:03.203 1520 6852 W FreeFormWindowHelper: Current Display FreeFormTask is null
02-18 03:06:03.220 1520 6852 W FreeFormWindowHelper: Current Display FreeFormTask is null
02-18 03:06:03.237 1520 6852 W FreeFormWindowHelper: Current Display FreeFormTask is null
02-18 03:06:03.253 1520 6852 W FreeFormWindowHelper: Current Display FreeFormTask is null
02-18 03:06:03.270 1520 9451 W FreeFormWindowHelper: Current Display FreeFormTask is null
02-18 03:06:03.286 1520 6852 W FreeFormWindowHelper: Current Display FreeFormTask is null
02-18 03:06:03.303 1520 6852 W FreeFormWindowHelper: Current Display FreeFormTask is null
02-18 03:06:03.310 1520 1768 I commit_sys_config_file: [settings-1-0,5]
02-18 03:06:03.320 1520 6852 W FreeFormWindowHelper: Current Display FreeFormTask is null
02-18 03:06:03.336 1520 6852 W FreeFormWindowHelper: Current Display FreeFormTask is null
02-18 03:06:03.353 1520 6852 W FreeFormWindowHelper: Current Display FreeFormTask is null
02-18 03:06:03.370 1520 6852 W FreeFormWindowHelper: Current Display FreeFormTask is null
