02-18 03:08:54.026 1520 1612 D CompatibilityChangeReporter: Compat change id reported: 177438394; UID 10035; state: DISABLED
02-18 03:08:54.026 1520 1612 D CompatibilityChangeReporter: Compat change id reported: 135772972; UID 10035; state: DISABLED
02-18 03:08:54.027 1520 1612 D CompatibilityChangeReporter: Compat change id reported: 135754954; UID 10035; state: ENABLED
02-18 03:08:54.027 1520 1620 D CompatibilityChangeReporter: Compat change id reported: 143937733; UID 10035; state: ENABLED
02-18 03:08:54.044 1520 1620 I am_proc_start: [0,14971,10035,com.microsoft.emmx,NULL,]
02-18 03:08:54.044 1520 1620 I ActivityManager: Start proc 14971:com.microsoft.emmx/u0a35 for null
01-05 12:07:46.859 0 0 I binder : 14971:14971 ioctl 40046210 7fd1658544 returned -22
02-18 03:08:54.081 1520 6852 I am_proc_bound: [0,14971,com.microsoft.emmx]
02-18 03:08:54.082 1520 6852 D CompatibilityChangeReporter: Compat change id reported: 168419799; UID 10035; state: DISABLED
01-05 12:07:50.193 0 0 I qcom_rpmh DRV: apps_rsc TCS Busy, retrying RPMH message send: addr=0x40d00
01-05 12:07:50.193 0 0 I qcom_rpmh DRV: apps_rsc TCS Busy, retrying RPMH message send: addr=0x40d00
01-05 12:07:51.458 0 0 E DTC_ETH,link_delay_work_func: 3003, SQI=0, link=0
01-05 12:07:56.578 0 0 E DTC_ETH,link_delay_work_func: 3003, SQI=0, link=0
01-05 12:08:00.283 0 0 I binder : 1520:1802 ioctl 400c620e 6f1c4355d8 returned -22
01-05 12:08:00.285 0 0 I binder : 1520:1802 ioctl c00c620f 6f1c4355b8 returned -22
02-18 03:09:07.496 1520 1802 D ActivityManager: freezing 13440 com.android.externalstorage
02-18 03:09:07.496 1520 1802 E ActivityManager: Unable to freeze binder for 13440 com.android.externalstorage
02-18 03:09:07.498 1520 1802 D ActivityManager: froze 13440 com.android.externalstorage
02-18 03:09:07.498 1520 1802 I am_freeze: [13440,com.android.externalstorage]
02-18 03:09:07.498 1520 1802 E ActivityManager: Unable to freeze binder for 13440 com.android.externalstorage
02-18 03:09:07.500 1520 1802 I ActivityManager: Killing 13440:com.android.externalstorage/u0a18 (adj 965): Unable to freeze binder interface
02-18 03:09:07.500 1520 1802 I am_kill : [0,13440,com.android.externalstorage,965,Unable to freeze binder interface]
02-18 03:09:07.548 1520 6102 I am_proc_died: [0,13440,com.android.externalstorage,965,19]
02-18 03:09:07.549 1520 6102 I am_uid_stopped: 10018
01-05 12:08:01.702 0 0 E DTC_ETH,link_delay_work_func: 3003, SQI=0, link=0
01-05 12:08:06.818 0 0 E DTC_ETH,link_delay_work_func: 3003, SQI=0, link=0
02-18 03:09:15.007 1520 1619 I am_uid_idle: 10048
02-18 03:09:16.667 1520 1802 D ActivityManager: freezing 13876 com.android.documentsui
02-18 03:09:16.668 1520 1802 E ActivityManager: Unable to freeze binder for 13876 com.android.documentsui
02-18 03:09:16.669 1520 1802 D ActivityManager: froze 13876 com.android.documentsui
02-18 03:09:16.669 1520 1802 I am_freeze: [13876,com.android.documentsui]
02-18 03:09:16.669 1520 1802 E ActivityManager: Unable to freeze binder for 13876 com.android.documentsui
01-05 12:08:09.455 0 0 I binder : 1520:1802 ioctl 400c620e 6f1c4355d8 returned -22
01-05 12:08:09.456 0 0 I binder : 1520:1802 ioctl c00c620f 6f1c4355b8 returned -22
02-18 03:09:16.671 1520 1802 I ActivityManager: Killing 13876:com.android.documentsui/u0a31 (adj 965): Unable to freeze binder interface
02-18 03:09:16.671 1520 1802 I am_kill : [0,13876,com.android.documentsui,965,Unable to freeze binder interface]
02-18 03:09:16.704 1520 6102 I am_proc_died: [0,13876,com.android.documentsui,965,19]
02-18 03:09:16.705 1520 6102 I am_uid_stopped: 10031
02-18 03:09:16.712 1520 1612 I am_uid_running: 10031
02-18 03:09:16.713 1520 1612 D CompatibilityChangeReporter: Compat change id reported: 135634846; UID 10031; state: DISABLED
02-18 03:09:16.713 1520 1612 D CompatibilityChangeReporter: Compat change id reported: 177438394; UID 10031; state: DISABLED
02-18 03:09:16.713 1520 1612 D CompatibilityChangeReporter: Compat change id reported: 135772972; UID 10031; state: DISABLED
02-18 03:09:16.713 1520 1612 D CompatibilityChangeReporter: Compat change id reported: 135754954; UID 10031; state: ENABLED
02-18 03:09:16.714 1520 1620 D CompatibilityChangeReporter: Compat change id reported: 143937733; UID 10031; state: ENABLED
02-18 03:09:16.722 1520 1618 I am_pss : [14971,10035,com.microsoft.emmx,37076992,32825344,0,132059136,0,19,9]
02-18 03:09:16.732 1520 1620 I am_proc_start: [0,15020,10031,com.android.documentsui,NULL,]
02-18 03:09:16.732 1520 1620 I ActivityManager: Start proc 15020:com.android.documentsui/u0a31 for null
01-05 12:08:09.541 0 0 I binder : 15020:15020 ioctl 40046210 7fd1658544 returned -22
02-18 03:09:16.757 1520 6588 I am_proc_bound: [0,15020,com.android.documentsui]
02-18 03:09:16.758 1520 6588 D CompatibilityChangeReporter: Compat change id reported: 168419799; UID 10031; state: DISABLED
01-05 12:08:11.940 0 0 E DTC_ETH,link_delay_work_func: 3003, SQI=0, link=0
02-18 03:09:20.987 1520 1619 I am_uid_idle: 10067
02-18 03:09:22.185 1520 1637 V DisplayPowerController[0]: Brightness [0.05] reason changing to: 'manual [ dim ]', previous reason: 'manual'.
02-18 03:09:22.185 1520 1637 I sysui_multi_action: [757,1696,758,6,759,2]
02-18 03:09:22.185 1520 1637 W PowerManagerService: Screen on took 67471 ms
02-18 03:09:22.199 1520 2324 E DisplayDeviceConfig: requesting nits when no mapping exists.
02-18 03:09:22.199 1520 2324 E DisplayDeviceConfig: requesting nits when no mapping exists.
02-18 03:09:22.199 1520 1619 I am_wtf : [0,1520,system_server,-1,DisplayDeviceConfig,requesting nits when no mapping exists.]
02-18 03:09:22.201 1520 1619 I DropBoxManagerService: add tag=system_server_wtf isTagEnabled=true flags=0x2
02-18 03:09:22.205 1520 1619 I am_wtf : [0,1520,system_server,-1,DisplayDeviceConfig,requesting nits when no mapping exists.]
02-18 03:09:22.206 1520 1619 I DropBoxManagerService: add tag=system_server_wtf isTagEnabled=true flags=0x2
02-18 03:09:22.217 1520 2324 E DisplayDeviceConfig: requesting nits when no mapping exists.
02-18 03:09:22.217 1520 2324 E DisplayDeviceConfig: requesting nits when no mapping exists.
02-18 03:09:22.218 1520 1619 I am_wtf : [0,1520,system_server,-1,DisplayDeviceConfig,requesting nits when no mapping exists.]
02-18 03:09:22.220 1520 1619 I service_manager_stats: [100,42,72846]
02-18 03:09:22.221 1520 1619 I DropBoxManagerService: add tag=system_server_wtf isTagEnabled=true flags=0x2
02-18 03:09:22.221 1520 1619 I am_wtf : [0,1520,system_server,-1,DisplayDeviceConfig,requesting nits when no mapping exists.]
02-18 03:09:22.222 1520 1619 I DropBoxManagerService: add tag=system_server_wtf isTagEnabled=true flags=0x2
02-18 03:09:22.231 1520 2324 E DisplayDeviceConfig: requesting nits when no mapping exists.
02-18 03:09:22.231 1520 2324 E DisplayDeviceConfig: requesting nits when no mapping exists.
02-18 03:09:22.232 1520 1619 I am_wtf : [0,1520,system_server,-1,DisplayDeviceConfig,requesting nits when no mapping exists.]
02-18 03:09:22.233 1520 1619 I DropBoxManagerService: add tag=system_server_wtf isTagEnabled=true flags=0x2
02-18 03:09:22.233 1520 1619 I am_wtf : [0,1520,system_server,-1,DisplayDeviceConfig,requesting nits when no mapping exists.]
02-18 03:09:22.248 1520 2324 E DisplayDeviceConfig: requesting nits when no mapping exists.
02-18 03:09:22.248 1520 2324 E DisplayDeviceConfig: requesting nits when no mapping exists.
02-18 03:09:22.248 1520 1619 I am_wtf : [0,1520,system_server,-1,DisplayDeviceConfig,requesting nits when no mapping exists.]
02-18 03:09:22.249 1520 1619 I am_wtf : [0,1520,system_server,-1,DisplayDeviceConfig,requesting nits when no mapping exists.]
02-18 03:09:22.265 1520 2324 E DisplayDeviceConfig: requesting nits when no mapping exists.
02-18 03:09:22.265 1520 2324 E DisplayDeviceConfig: requesting nits when no mapping exists.
02-18 03:09:22.265 1520 1619 I am_wtf : [0,1520,system_server,-1,DisplayDeviceConfig,requesting nits when no mapping exists.]
02-18 03:09:22.266 1520 1619 I am_wtf : [0,1520,system_server,-1,DisplayDeviceConfig,requesting nits when no mapping exists.]
02-18 03:09:22.281 1520 2324 E DisplayDeviceConfig: requesting nits when no mapping exists.
02-18 03:09:22.282 1520 2324 E DisplayDeviceConfig: requesting nits when no mapping exists.
02-18 03:09:22.282 1520 1619 I am_wtf : [0,1520,system_server,-1,DisplayDeviceConfig,requesting nits when no mapping exists.]
02-18 03:09:22.284 1520 1619 I am_wtf : [0,1520,system_server,-1,DisplayDeviceConfig,requesting nits when no mapping exists.]
02-18 03:09:22.298 1520 2324 E DisplayDeviceConfig: requesting nits when no mapping exists.
02-18 03:09:22.298 1520 2324 E DisplayDeviceConfig: requesting nits when no mapping exists.
02-18 03:09:22.298 1520 1619 I am_wtf : [0,1520,system_server,-1,DisplayDeviceConfig,requesting nits when no mapping exists.]
02-18 03:09:22.299 1520 1619 I am_wtf : [0,1520,system_server,-1,DisplayDeviceConfig,requesting nits when no mapping exists.]
02-18 03:09:22.315 1520 2324 E DisplayDeviceConfig: requesting nits when no mapping exists.
02-18 03:09:22.315 1520 2324 E DisplayDeviceConfig: requesting nits when no mapping exists.
02-18 03:09:22.315 1520 1619 I am_wtf : [0,1520,system_server,-1,DisplayDeviceConfig,requesting nits when no mapping exists.]
02-18 03:09:22.317 1520 1619 I am_wtf : [0,1520,system_server,-1,DisplayDeviceConfig,requesting nits when no mapping exists.]
02-18 03:09:22.332 1520 2324 E DisplayDeviceConfig: requesting nits when no mapping exists.
02-18 03:09:22.332 1520 2324 E DisplayDeviceConfig: requesting nits when no mapping exists.
02-18 03:09:22.333 1520 1619 I am_wtf : [0,1520,system_server,-1,DisplayDeviceConfig,requesting nits when no mapping exists.]
02-18 03:09:22.334 1520 1619 I am_wtf : [0,1520,system_server,-1,DisplayDeviceConfig,requesting nits when no mapping exists.]
02-18 03:09:22.348 1520 2324 E DisplayDeviceConfig: requesting nits when no mapping exists.
02-18 03:09:22.349 1520 2324 E DisplayDeviceConfig: requesting nits when no mapping exists.
02-18 03:09:22.349 1520 1619 I am_wtf : [0,1520,system_server,-1,DisplayDeviceConfig,requesting nits when no mapping exists.]
02-18 03:09:22.350 1520 1619 I am_wtf : [0,1520,system_server,-1,DisplayDeviceConfig,requesting nits when no mapping exists.]
02-18 03:09:22.365 1520 2324 E DisplayDeviceConfig: requesting nits when no mapping exists.
02-18 03:09:22.366 1520 2324 E DisplayDeviceConfig: requesting nits when no mapping exists.
02-18 03:09:22.366 1520 1619 I am_wtf : [0,1520,system_server,-1,DisplayDeviceConfig,requesting nits when no mapping exists.]
02-18 03:09:22.367 1520 1619 I am_wtf : [0,1520,system_server,-1,DisplayDeviceConfig,requesting nits when no mapping exists.]
02-18 03:09:22.382 1520 2324 E DisplayDeviceConfig: requesting nits when no mapping exists.
02-18 03:09:22.382 1520 2324 E DisplayDeviceConfig: requesting nits when no mapping exists.
02-18 03:09:22.383 1520 1619 I am_wtf : [0,1520,system_server,-1,DisplayDeviceConfig,requesting nits when no mapping exists.]
02-18 03:09:22.384 1520 1619 I am_wtf : [0,1520,system_server,-1,DisplayDeviceConfig,requesting nits when no mapping exists.]
02-18 03:09:22.400 1520 2324 E DisplayDeviceConfig: requesting nits when no mapping exists.
02-18 03:09:22.401 1520 2324 E DisplayDeviceConfig: requesting nits when no mapping exists.
02-18 03:09:22.401 1520 1619 I am_wtf : [0,1520,system_server,-1,DisplayDeviceConfig,requesting nits when no mapping exists.]
02-18 03:09:22.402 1520 1619 I am_wtf : [0,1520,system_server,-1,DisplayDeviceConfig,requesting nits when no mapping exists.]
02-18 03:09:22.415 1520 2324 E DisplayDeviceConfig: requesting nits when no mapping exists.
02-18 03:09:22.415 1520 2324 E DisplayDeviceConfig: requesting nits when no mapping exists.
02-18 03:09:22.415 1520 1619 I am_wtf : [0,1520,system_server,-1,DisplayDeviceConfig,requesting nits when no mapping exists.]
02-18 03:09:22.416 1520 1619 I am_wtf : [0,1520,system_server,-1,DisplayDeviceConfig,requesting nits when no mapping exists.]
02-18 03:09:22.432 1520 2324 E DisplayDeviceConfig: requesting nits when no mapping exists.
02-18 03:09:22.432 1520 2324 E DisplayDeviceConfig: requesting nits when no mapping exists.
02-18 03:09:22.432 1520 1619 I am_wtf : [0,1520,system_server,-1,DisplayDeviceConfig,requesting nits when no mapping exists.]
02-18 03:09:22.433 1520 1619 I am_wtf : [0,1520,system_server,-1,DisplayDeviceConfig,requesting nits when no mapping exists.]
02-18 03:09:22.448 1520 2324 E DisplayDeviceConfig: requesting nits when no mapping exists.
02-18 03:09:22.449 1520 1619 I am_wtf : [0,1520,system_server,-1,DisplayDeviceConfig,requesting nits when no mapping exists.]
02-18 03:09:22.449 1520 2324 E DisplayDeviceConfig: requesting nits when no mapping exists.
02-18 03:09:22.450 1520 1619 I am_wtf : [0,1520,system_server,-1,DisplayDeviceConfig,requesting nits when no mapping exists.]
02-18 03:09:22.465 1520 2324 E DisplayDeviceConfig: requesting nits when no mapping exists.
02-18 03:09:22.465 1520 2324 E DisplayDeviceConfig: requesting nits when no mapping exists.
02-18 03:09:22.465 1520 1619 I am_wtf : [0,1520,system_server,-1,DisplayDeviceConfig,requesting nits when no mapping exists.]
02-18 03:09:22.466 1520 1619 I am_wtf : [0,1520,system_server,-1,DisplayDeviceConfig,requesting nits when no mapping exists.]
02-18 03:09:22.482 1520 2324 E DisplayDeviceConfig: requesting nits when no mapping exists.
02-18 03:09:22.482 1520 1619 I am_wtf : [0,1520,system_server,-1,DisplayDeviceConfig,requesting nits when no mapping exists.]
02-18 03:09:22.482 1520 2324 E DisplayDeviceConfig: requesting nits when no mapping exists.
02-18 03:09:22.483 1520 1619 I am_wtf : [0,1520,system_server,-1,DisplayDeviceConfig,requesting nits when no mapping exists.]
02-18 03:09:22.498 1520 2324 E DisplayDeviceConfig: requesting nits when no mapping exists.
02-18 03:09:22.499 1520 2324 E DisplayDeviceConfig: requesting nits when no mapping exists.
02-18 03:09:22.501 1520 1619 I am_wtf : [0,1520,system_server,-1,DisplayDeviceConfig,requesting nits when no mapping exists.]
02-18 03:09:22.502 1520 1619 I am_wtf : [0,1520,system_server,-1,DisplayDeviceConfig,requesting nits when no mapping exists.]
02-18 03:09:22.515 1520 2324 E DisplayDeviceConfig: requesting nits when no mapping exists.
02-18 03:09:22.516 1520 2324 E DisplayDeviceConfig: requesting nits when no mapping exists.
02-18 03:09:22.516 1520 1619 I am_wtf : [0,1520,system_server,-1,DisplayDeviceConfig,requesting nits when no mapping exists.]
02-18 03:09:22.517 1520 1619 I am_wtf : [0,1520,system_server,-1,DisplayDeviceConfig,requesting nits when no mapping exists.]
02-18 03:09:22.532 1520 2324 E DisplayDeviceConfig: requesting nits when no mapping exists.
02-18 03:09:22.533 1520 1619 I am_wtf : [0,1520,system_server,-1,DisplayDeviceConfig,requesting nits when no mapping exists.]
02-18 03:09:22.533 1520 2324 E DisplayDeviceConfig: requesting nits when no mapping exists.
02-18 03:09:22.535 1520 1619 I am_wtf : [0,1520,system_server,-1,DisplayDeviceConfig,requesting nits when no mapping exists.]
02-18 03:09:22.548 1520 2324 E DisplayDeviceConfig: requesting nits when no mapping exists.
02-18 03:09:22.549 1520 2324 E DisplayDeviceConfig: requesting nits when no mapping exists.
02-18 03:09:22.550 1520 1619 I am_wtf : [0,1520,system_server,-1,DisplayDeviceConfig,requesting nits when no mapping exists.]
02-18 03:09:22.550 1520 1619 I am_wtf : [0,1520,system_server,-1,DisplayDeviceConfig,requesting nits when no mapping exists.]
02-18 03:09:22.565 1520 2324 E DisplayDeviceConfig: requesting nits when no mapping exists.
02-18 03:09:22.566 1520 2324 E DisplayDeviceConfig: requesting nits when no mapping exists.
02-18 03:09:22.567 1520 1619 I am_wtf : [0,1520,system_server,-1,DisplayDeviceConfig,requesting nits when no mapping exists.]
02-18 03:09:22.568 1520 1619 I am_wtf : [0,1520,system_server,-1,DisplayDeviceConfig,requesting nits when no mapping exists.]
02-18 03:09:22.582 1520 2324 E DisplayDeviceConfig: requesting nits when no mapping exists.
02-18 03:09:22.582 1520 1619 I am_wtf : [0,1520,system_server,-1,DisplayDeviceConfig,requesting nits when no mapping exists.]
02-18 03:09:22.582 1520 2324 E DisplayDeviceConfig: requesting nits when no mapping exists.
02-18 03:09:22.583 1520 1619 I am_wtf : [0,1520,system_server,-1,DisplayDeviceConfig,requesting nits when no mapping exists.]
02-18 03:09:22.599 1520 2324 E DisplayDeviceConfig: requesting nits when no mapping exists.
02-18 03:09:22.599 1520 2324 E DisplayDeviceConfig: requesting nits when no mapping exists.
02-18 03:09:22.599 1520 1619 I am_wtf : [0,1520,system_server,-1,DisplayDeviceConfig,requesting nits when no mapping exists.]
02-18 03:09:22.600 1520 1619 I am_wtf : [0,1520,system_server,-1,DisplayDeviceConfig,requesting nits when no mapping exists.]
02-18 03:09:22.616 1520 2324 E DisplayDeviceConfig: requesting nits when no mapping exists.
02-18 03:09:22.616 1520 2324 E DisplayDeviceConfig: requesting nits when no mapping exists.
02-18 03:09:22.616 1520 1619 I am_wtf : [0,1520,system_server,-1,DisplayDeviceConfig,requesting nits when no mapping exists.]
02-18 03:09:22.617 1520 1619 I am_wtf : [0,1520,system_server,-1,DisplayDeviceConfig,requesting nits when no mapping exists.]
02-18 03:09:22.632 1520 2324 E DisplayDeviceConfig: requesting nits when no mapping exists.
02-18 03:09:22.633 1520 2324 E DisplayDeviceConfig: requesting nits when no mapping exists.
02-18 03:09:22.633 1520 1619 I am_wtf : [0,1520,system_server,-1,DisplayDeviceConfig,requesting nits when no mapping exists.]
02-18 03:09:22.634 1520 1619 I am_wtf : [0,1520,system_server,-1,DisplayDeviceConfig,requesting nits when no mapping exists.]
02-18 03:09:22.649 1520 2324 E DisplayDeviceConfig: requesting nits when no mapping exists.
02-18 03:09:22.649 1520 2324 E DisplayDeviceConfig: requesting nits when no mapping exists.
02-18 03:09:22.649 1520 1619 I am_wtf : [0,1520,system_server,-1,DisplayDeviceConfig,requesting nits when no mapping exists.]
02-18 03:09:22.650 1520 1619 I am_wtf : [0,1520,system_server,-1,DisplayDeviceConfig,requesting nits when no mapping exists.]
02-18 03:09:22.665 1520 2324 E DisplayDeviceConfig: requesting nits when no mapping exists.
02-18 03:09:22.666 1520 1619 I am_wtf : [0,1520,system_server,-1,DisplayDeviceConfig,requesting nits when no mapping exists.]
02-18 03:09:22.666 1520 2324 E DisplayDeviceConfig: requesting nits when no mapping exists.
02-18 03:09:22.666 1520 1619 I am_wtf : [0,1520,system_server,-1,DisplayDeviceConfig,requesting nits when no mapping exists.]
02-18 03:09:22.682 1520 2324 E DisplayDeviceConfig: requesting nits when no mapping exists.
02-18 03:09:22.683 1520 2324 E DisplayDeviceConfig: requesting nits when no mapping exists.
02-18 03:09:22.684 1520 1619 I am_wtf : [0,1520,system_server,-1,DisplayDeviceConfig,requesting nits when no mapping exists.]
02-18 03:09:22.685 1520 1619 I am_wtf : [0,1520,system_server,-1,DisplayDeviceConfig,requesting nits when no mapping exists.]
02-18 03:09:22.699 1520 2324 E DisplayDeviceConfig: requesting nits when no mapping exists.
02-18 03:09:22.699 1520 2324 E DisplayDeviceConfig: requesting nits when no mapping exists.
02-18 03:09:22.702 1520 1619 I am_wtf : [0,1520,system_server,-1,DisplayDeviceConfig,requesting nits when no mapping exists.]
02-18 03:09:22.702 1520 1619 I am_wtf : [0,1520,system_server,-1,DisplayDeviceConfig,requesting nits when no mapping exists.]
02-18 03:09:22.716 1520 2324 E DisplayDeviceConfig: requesting nits when no mapping exists.
02-18 03:09:22.716 1520 2324 E DisplayDeviceConfig: requesting nits when no mapping exists.
02-18 03:09:22.719 1520 1619 I am_wtf : [0,1520,system_server,-1,DisplayDeviceConfig,requesting nits when no mapping exists.]
02-18 03:09:22.719 1520 1619 I am_wtf : [0,1520,system_server,-1,DisplayDeviceConfig,requesting nits when no mapping exists.]
02-18 03:09:22.732 1520 2324 E DisplayDeviceConfig: requesting nits when no mapping exists.
02-18 03:09:22.733 1520 1619 I am_wtf : [0,1520,system_server,-1,DisplayDeviceConfig,requesting nits when no mapping exists.]
02-18 03:09:22.733 1520 2324 E DisplayDeviceConfig: requesting nits when no mapping exists.
02-18 03:09:22.736 1520 1619 I am_wtf : [0,1520,system_server,-1,DisplayDeviceConfig,requesting nits when no mapping exists.]
02-18 03:09:22.749 1520 2324 E DisplayDeviceConfig: requesting nits when no mapping exists.
02-18 03:09:22.749 1520 2324 E DisplayDeviceConfig: requesting nits when no mapping exists.
02-18 03:09:22.749 1520 1619 I am_wtf : [0,1520,system_server,-1,DisplayDeviceConfig,requesting nits when no mapping exists.]
02-18 03:09:22.750 1520 1619 I am_wtf : [0,1520,system_server,-1,DisplayDeviceConfig,requesting nits when no mapping exists.]
02-18 03:09:22.766 1520 2324 E DisplayDeviceConfig: requesting nits when no mapping exists.
02-18 03:09:22.766 1520 2324 E DisplayDeviceConfig: requesting nits when no mapping exists.
02-18 03:09:22.767 1520 1619 I am_wtf : [0,1520,system_server,-1,DisplayDeviceConfig,requesting nits when no mapping exists.]
02-18 03:09:22.769 1520 1619 I am_wtf : [0,1520,system_server,-1,DisplayDeviceConfig,requesting nits when no mapping exists.]
02-18 03:09:22.783 1520 2324 E DisplayDeviceConfig: requesting nits when no mapping exists.
02-18 03:09:22.783 1520 2324 E DisplayDeviceConfig: requesting nits when no mapping exists.
02-18 03:09:22.786 1520 1619 I am_wtf : [0,1520,system_server,-1,DisplayDeviceConfig,requesting nits when no mapping exists.]
02-18 03:09:22.787 1520 1619 I am_wtf : [0,1520,system_server,-1,DisplayDeviceConfig,requesting nits when no mapping exists.]
02-18 03:09:22.799 1520 2324 E DisplayDeviceConfig: requesting nits when no mapping exists.
02-18 03:09:22.800 1520 2324 E DisplayDeviceConfig: requesting nits when no mapping exists.
02-18 03:09:22.800 1520 1619 I am_wtf : [0,1520,system_server,-1,DisplayDeviceConfig,requesting nits when no mapping exists.]
02-18 03:09:22.802 1520 1619 I am_wtf : [0,1520,system_server,-1,DisplayDeviceConfig,requesting nits when no mapping exists.]
02-18 03:09:22.816 1520 2324 E DisplayDeviceConfig: requesting nits when no mapping exists.
02-18 03:09:22.816 1520 2324 E DisplayDeviceConfig: requesting nits when no mapping exists.
02-18 03:09:22.816 1520 1619 I am_wtf : [0,1520,system_server,-1,DisplayDeviceConfig,requesting nits when no mapping exists.]
02-18 03:09:22.817 1520 1619 I am_wtf : [0,1520,system_server,-1,DisplayDeviceConfig,requesting nits when no mapping exists.]
02-18 03:09:22.832 1520 2324 E DisplayDeviceConfig: requesting nits when no mapping exists.
02-18 03:09:22.833 1520 2324 E DisplayDeviceConfig: requesting nits when no mapping exists.
02-18 03:09:22.833 1520 1619 I am_wtf : [0,1520,system_server,-1,DisplayDeviceConfig,requesting nits when no mapping exists.]
02-18 03:09:22.834 1520 1619 I am_wtf : [0,1520,system_server,-1,DisplayDeviceConfig,requesting nits when no mapping exists.]
02-18 03:09:22.849 1520 2324 E DisplayDeviceConfig: requesting nits when no mapping exists.
02-18 03:09:22.850 1520 1619 I am_wtf : [0,1520,system_server,-1,DisplayDeviceConfig,requesting nits when no mapping exists.]
02-18 03:09:22.850 1520 2324 E DisplayDeviceConfig: requesting nits when no mapping exists.
02-18 03:09:22.851 1520 1619 I am_wtf : [0,1520,system_server,-1,DisplayDeviceConfig,requesting nits when no mapping exists.]
02-18 03:09:22.866 1520 2324 E DisplayDeviceConfig: requesting nits when no mapping exists.
02-18 03:09:22.866 1520 1619 I am_wtf : [0,1520,system_server,-1,DisplayDeviceConfig,requesting nits when no mapping exists.]
02-18 03:09:22.866 1520 2324 E DisplayDeviceConfig: requesting nits when no mapping exists.
02-18 03:09:22.868 1520 1619 I am_wtf : [0,1520,system_server,-1,DisplayDeviceConfig,requesting nits when no mapping exists.]
02-18 03:09:22.883 1520 2324 E DisplayDeviceConfig: requesting nits when no mapping exists.
02-18 03:09:22.883 1520 1619 I am_wtf : [0,1520,system_server,-1,DisplayDeviceConfig,requesting nits when no mapping exists.]
02-18 03:09:22.883 1520 2324 E DisplayDeviceConfig: requesting nits when no mapping exists.
02-18 03:09:22.884 1520 1619 I am_wtf : [0,1520,system_server,-1,DisplayDeviceConfig,requesting nits when no mapping exists.]
02-18 03:09:22.900 1520 2324 E DisplayDeviceConfig: requesting nits when no mapping exists.
02-18 03:09:22.900 1520 1619 I am_wtf : [0,1520,system_server,-1,DisplayDeviceConfig,requesting nits when no mapping exists.]
02-18 03:09:22.901 1520 2324 E DisplayDeviceConfig: requesting nits when no mapping exists.
02-18 03:09:22.902 1520 1619 I am_wtf : [0,1520,system_server,-1,DisplayDeviceConfig,requesting nits when no mapping exists.]
02-18 03:09:22.916 1520 2324 E DisplayDeviceConfig: requesting nits when no mapping exists.
02-18 03:09:22.917 1520 1619 I am_wtf : [0,1520,system_server,-1,DisplayDeviceConfig,requesting nits when no mapping exists.]
02-18 03:09:22.918 1520 2324 E DisplayDeviceConfig: requesting nits when no mapping exists.
02-18 03:09:22.919 1520 1619 I am_wtf : [0,1520,system_server,-1,DisplayDeviceConfig,requesting nits when no mapping exists.]
02-18 03:09:22.933 1520 2324 E DisplayDeviceConfig: requesting nits when no mapping exists.
02-18 03:09:22.934 1520 1619 I am_wtf : [0,1520,system_server,-1,DisplayDeviceConfig,requesting nits when no mapping exists.]
02-18 03:09:22.935 1520 2324 E DisplayDeviceConfig: requesting nits when no mapping exists.
02-18 03:09:22.936 1520 1619 I am_wtf : [0,1520,system_server,-1,DisplayDeviceConfig,requesting nits when no mapping exists.]
02-18 03:09:22.950 1520 2324 E DisplayDeviceConfig: requesting nits when no mapping exists.
02-18 03:09:22.950 1520 1619 I am_wtf : [0,1520,system_server,-1,DisplayDeviceConfig,requesting nits when no mapping exists.]
02-18 03:09:22.951 1520 2324 E DisplayDeviceConfig: requesting nits when no mapping exists.
02-18 03:09:22.952 1520 1619 I am_wtf : [0,1520,system_server,-1,DisplayDeviceConfig,requesting nits when no mapping exists.]
02-18 03:09:22.966 1520 2324 E DisplayDeviceConfig: requesting nits when no mapping exists.
02-18 03:09:22.967 1520 2324 E DisplayDeviceConfig: requesting nits when no mapping exists.
02-18 03:09:22.967 1520 1619 I am_wtf : [0,1520,system_server,-1,DisplayDeviceConfig,requesting nits when no mapping exists.]
02-18 03:09:22.968 1520 1619 I am_wtf : [0,1520,system_server,-1,DisplayDeviceConfig,requesting nits when no mapping exists.]
02-18 03:09:22.983 1520 2324 E DisplayDeviceConfig: requesting nits when no mapping exists.
02-18 03:09:22.984 1520 1619 I am_wtf : [0,1520,system_server,-1,DisplayDeviceConfig,requesting nits when no mapping exists.]
02-18 03:09:22.984 1520 2324 E DisplayDeviceConfig: requesting nits when no mapping exists.
02-18 03:09:22.984 1520 1619 I am_wtf : [0,1520,system_server,-1,DisplayDeviceConfig,requesting nits when no mapping exists.]
02-18 03:09:23.000 1520 2324 E DisplayDeviceConfig: requesting nits when no mapping exists.
02-18 03:09:23.000 1520 2324 E DisplayDeviceConfig: requesting nits when no mapping exists.
02-18 03:09:23.000 1520 1619 I am_wtf : [0,1520,system_server,-1,DisplayDeviceConfig,requesting nits when no mapping exists.]
02-18 03:09:23.001 1520 1619 I am_wtf : [0,1520,system_server,-1,DisplayDeviceConfig,requesting nits when no mapping exists.]
02-18 03:09:23.016 1520 2324 E DisplayDeviceConfig: requesting nits when no mapping exists.
02-18 03:09:23.017 1520 2324 E DisplayDeviceConfig: requesting nits when no mapping exists.
02-18 03:09:23.017 1520 1619 I am_wtf : [0,1520,system_server,-1,DisplayDeviceConfig,requesting nits when no mapping exists.]
02-18 03:09:23.018 1520 1619 I am_wtf : [0,1520,system_server,-1,DisplayDeviceConfig,requesting nits when no mapping exists.]
02-18 03:09:23.033 1520 2324 E DisplayDeviceConfig: requesting nits when no mapping exists.
02-18 03:09:23.033 1520 2324 E DisplayDeviceConfig: requesting nits when no mapping exists.
02-18 03:09:23.033 1520 1619 I am_wtf : [0,1520,system_server,-1,DisplayDeviceConfig,requesting nits when no mapping exists.]
02-18 03:09:23.034 1520 1619 I am_wtf : [0,1520,system_server,-1,DisplayDeviceConfig,requesting nits when no mapping exists.]
02-18 03:09:23.050 1520 2324 E DisplayDeviceConfig: requesting nits when no mapping exists.
02-18 03:09:23.050 1520 2324 E DisplayDeviceConfig: requesting nits when no mapping exists.
02-18 03:09:23.050 1520 1619 I am_wtf : [0,1520,system_server,-1,DisplayDeviceConfig,requesting nits when no mapping exists.]
02-18 03:09:23.051 1520 1619 I am_wtf : [0,1520,system_server,-1,DisplayDeviceConfig,requesting nits when no mapping exists.]
02-18 03:09:23.066 1520 2324 E DisplayDeviceConfig: requesting nits when no mapping exists.
02-18 03:09:23.067 1520 2324 E DisplayDeviceConfig: requesting nits when no mapping exists.
02-18 03:09:23.067 1520 1619 I am_wtf : [0,1520,system_server,-1,DisplayDeviceConfig,requesting nits when no mapping exists.]
02-18 03:09:23.069 1520 1619 I am_wtf : [0,1520,system_server,-1,DisplayDeviceConfig,requesting nits when no mapping exists.]
02-18 03:09:23.083 1520 2324 E DisplayDeviceConfig: requesting nits when no mapping exists.
02-18 03:09:23.084 1520 1619 I am_wtf : [0,1520,system_server,-1,DisplayDeviceConfig,requesting nits when no mapping exists.]
02-18 03:09:23.084 1520 2324 E DisplayDeviceConfig: requesting nits when no mapping exists.
02-18 03:09:23.085 1520 1619 I am_wtf : [0,1520,system_server,-1,DisplayDeviceConfig,requesting nits when no mapping exists.]
02-18 03:09:23.100 1520 2324 E DisplayDeviceConfig: requesting nits when no mapping exists.
02-18 03:09:23.101 1520 2324 E DisplayDeviceConfig: requesting nits when no mapping exists.
02-18 03:09:23.101 1520 1619 I am_wtf : [0,1520,system_server,-1,DisplayDeviceConfig,requesting nits when no mapping exists.]
02-18 03:09:23.102 1520 1619 I am_wtf : [0,1520,system_server,-1,DisplayDeviceConfig,requesting nits when no mapping exists.]
02-18 03:09:23.117 1520 2324 E DisplayDeviceConfig: requesting nits when no mapping exists.
02-18 03:09:23.117 1520 1619 I am_wtf : [0,1520,system_server,-1,DisplayDeviceConfig,requesting nits when no mapping exists.]
02-18 03:09:23.118 1520 2324 E DisplayDeviceConfig: requesting nits when no mapping exists.
02-18 03:09:23.118 1520 1619 I am_wtf : [0,1520,system_server,-1,DisplayDeviceConfig,requesting nits when no mapping exists.]
02-18 03:09:23.133 1520 2324 E DisplayDeviceConfig: requesting nits when no mapping exists.
02-18 03:09:23.133 1520 1619 I am_wtf : [0,1520,system_server,-1,DisplayDeviceConfig,requesting nits when no mapping exists.]
02-18 03:09:23.133 1520 2324 E DisplayDeviceConfig: requesting nits when no mapping exists.
02-18 03:09:23.134 1520 1619 I am_wtf : [0,1520,system_server,-1,DisplayDeviceConfig,requesting nits when no mapping exists.]
01-05 12:08:17.058 0 0 E DTC_ETH,link_delay_work_func: 3003, SQI=0, link=0
02-18 03:09:29.183 1520 1637 I PowerManagerService: Napping display group (groupId=0, uid=1000)...
02-18 03:09:29.183 1520 1637 I PowerManagerService: Nap time (uid 1000)...
02-18 03:09:29.185 1520 1637 I DreamManagerService: Entering dreamland.
02-18 03:09:29.196 1520 1637 I PowerManagerService: Dreaming...
02-18 03:09:29.202 1520 1608 I DreamController: Starting dream: name=ComponentInfo{com.thundercomm.screensaver/com.thundercomm.saverclock.service.ClockScreensaver}, isTest=false, canDoze=false, userId=0
02-18 03:09:29.202 1520 1608 I sysui_multi_action: [757,222,758,1]
02-18 03:09:29.204 1520 1608 I am_uid_active: 10048
02-18 03:09:29.207 1520 1618 I am_pss : [14687,10064,com.android.deskclock,49024000,42528768,0,168390656,0,4,13]
02-18 03:09:29.212 1520 1608 I service_manager_stats: [112,69,6992]
02-18 03:09:29.217 1520 6588 I ActivityTaskManager: START u0 {flg=0x10000000 pkg=com.thundercomm.screensaver cmp=com.thundercomm.screensaver/android.service.dreams.DreamActivity (has extras)} from uid 10048
02-18 03:09:29.222 1520 6588 I wm_task_created: [94,-1]
02-18 03:09:29.222 1520 6588 W ActivityTaskManager: Can't find TaskDisplayArea to determine support for multi window. Task id=94 attached=false
02-18 03:09:29.226 1520 6588 I wm_task_moved: [94,1,7]
02-18 03:09:29.226 1520 6588 I wm_task_to_front: [0,94]
02-18 03:09:29.227 1520 6588 I wm_create_task: [0,94]
02-18 03:09:29.227 1520 6588 I wm_create_activity: [0,250603844,94,com.thundercomm.screensaver/android.service.dreams.DreamActivity,NULL,NULL,NULL,276824064]
02-18 03:09:29.227 1520 6588 I wm_task_moved: [94,1,7]
02-18 03:09:29.227 1520 6588 I wm_pause_activity: [0,8963172,com.android.music/.MusicBrowserActivity,userLeaving=true,pauseBackTasks]
02-18 03:09:29.231 14061 14061 I wm_on_top_resumed_lost_called: [8963172,com.android.music.MusicBrowserActivity,topStateChangedWhenResumed]
02-18 03:09:29.232 14061 14061 I wm_on_paused_called: [8963172,com.android.music.MusicBrowserActivity,performPause]
02-18 03:09:29.232 1520 6852 I ActivityTaskManager: FOREGROUND_APPLICATION_CHANGED to android.service.dreams.DreamActivity
02-18 03:09:29.232 1520 6852 I ActivityTaskManager: The Process com.thundercomm.screensaver Already Exists in BG. So sending its PID: 4558
02-18 03:09:29.233 1520 6852 W ActivityTaskManager: Tried to set launchTime (0) < mLastActivityLaunchTime (7902315)
02-18 03:09:29.233 1520 6852 I wm_add_to_stopping: [0,8963172,com.android.music/.MusicBrowserActivity,makeInvisible]
02-18 03:09:29.233 1520 6852 I wm_restart_activity: [0,250603844,94,com.thundercomm.screensaver/android.service.dreams.DreamActivity]
02-18 03:09:29.234 1520 6852 I wm_set_resumed_activity: [0,com.thundercomm.screensaver/android.service.dreams.DreamActivity,minimalResumeActivityLocked]
02-18 03:09:29.238 1520 1612 I sysui_multi_action: [757,803,799,window_time_0,802,72]
02-18 03:09:29.239 4558 4558 I wm_on_create_called: [250603844,android.service.dreams.DreamActivity,performCreate]
02-18 03:09:29.239 4558 4558 I wm_on_start_called: [250603844,android.service.dreams.DreamActivity,handleStartActivity]
02-18 03:09:29.241 4558 4558 I wm_on_resume_called: [250603844,android.service.dreams.DreamActivity,RESUME_ACTIVITY]
02-18 03:09:29.241 2537 4260 W ContextImpl: Calling a method in the system process without a qualified user: android.app.ContextImpl.startService:1816 android.content.ContextWrapper.startService:774 com.thundercomm.gamemode.ingame.services.GameModeActionUtils.startGameModeService:111 com.thundercomm.gamemode.ingame.services.GameModeActionUtils.startGameModeEntry:22 com.thundercomm.gamemode.ingame.services.ActivityMonitoringService$1.onActivityLaunch:139
02-18 03:09:29.242 1520 6852 W WindowManager: Failed looking up window session=Session{ab5ba29 4558:u0a10048} callers=com.android.server.wm.WindowManagerService.windowForClientLocked:5628 com.android.server.wm.Session.insetsModified:629 android.view.IWindowSession$Stub.onTransact:1151
02-18 03:09:29.242 1520 6830 I am_uid_active: 10067
02-18 03:09:29.244 1520 1520 I GameModeConfig: Current uri is uri = content://com.thundercomm.gamemode.api/gamemode_settings/gamemode_isgaming
02-18 03:09:29.244 4558 4558 I wm_on_top_resumed_gained_called: [250603844,android.service.dreams.DreamActivity,topStateChangedWhenResumed]
02-18 03:09:29.245 1520 1520 I GameModeConfig: isGameModeOn = false
02-18 03:09:29.245 1520 1520 I GameModeConfig: isGameModeOn = false
02-18 03:09:29.245 1520 1520 I GameModeConfig: isDisableVoice = true
02-18 03:09:29.251 1520 1821 I input_focus: [Focus leaving 5c62bde com.android.music/com.android.music.MusicBrowserActivity (server),reason=NO_WINDOW]
02-18 03:09:29.260 1520 1613 I input_focus: [Focus request 8a455b0 com.thundercomm.screensaver/android.service.dreams.DreamActivity,reason=UpdateInputWindows]
02-18 03:09:29.277 1520 1608 I sysui_multi_action: [319,58,322,48,325,7982,757,761,758,8,759,2,806,com.thundercomm.screensaver,871,android.service.dreams.DreamActivity,904,com.thundercomm.screensaver,905,0,1320,4,1321,2]
02-18 03:09:29.277 1520 1637 V DisplayPowerController[0]: Brightness [1.0] reason changing to: 'manual', previous reason: 'manual [ dim ]'.
02-18 03:09:29.277 1520 1637 I sysui_multi_action: [757,1696,758,6,759,3]
02-18 03:09:29.277 1520 1608 I wm_activity_launch_time: [0,250603844,com.thundercomm.screensaver/android.service.dreams.DreamActivity,48]
02-18 03:09:29.283 1520 2324 E DisplayDeviceConfig: requesting nits when no mapping exists.
02-18 03:09:29.283 1520 2324 E DisplayDeviceConfig: requesting nits when no mapping exists.
02-18 03:09:29.283 1520 1619 I am_wtf : [0,1520,system_server,-1,DisplayDeviceConfig,requesting nits when no mapping exists.]
02-18 03:09:29.284 1520 1619 I am_wtf : [0,1520,system_server,-1,DisplayDeviceConfig,requesting nits when no mapping exists.]
02-18 03:09:29.300 1520 2324 E DisplayDeviceConfig: requesting nits when no mapping exists.
02-18 03:09:29.300 1520 2324 E DisplayDeviceConfig: requesting nits when no mapping exists.
02-18 03:09:29.300 1520 1619 I am_wtf : [0,1520,system_server,-1,DisplayDeviceConfig,requesting nits when no mapping exists.]
02-18 03:09:29.301 1520 1619 I am_wtf : [0,1520,system_server,-1,DisplayDeviceConfig,requesting nits when no mapping exists.]
02-18 03:09:29.301 1520 1821 I input_focus: [Focus entering 8a455b0 com.thundercomm.screensaver/android.service.dreams.DreamActivity (server),reason=Window became focusable. Previous reason: NOT_VISIBLE]
02-18 03:09:29.317 1520 2324 E DisplayDeviceConfig: requesting nits when no mapping exists.
02-18 03:09:29.317 1520 2324 E DisplayDeviceConfig: requesting nits when no mapping exists.
02-18 03:09:29.317 1520 1619 I am_wtf : [0,1520,system_server,-1,DisplayDeviceConfig,requesting nits when no mapping exists.]
02-18 03:09:29.319 1520 1619 I am_wtf : [0,1520,system_server,-1,DisplayDeviceConfig,requesting nits when no mapping exists.]
02-18 03:09:29.333 1520 2324 E DisplayDeviceConfig: requesting nits when no mapping exists.
02-18 03:09:29.334 1520 2324 E DisplayDeviceConfig: requesting nits when no mapping exists.
02-18 03:09:29.334 1520 1619 I am_wtf : [0,1520,system_server,-1,DisplayDeviceConfig,requesting nits when no mapping exists.]
02-18 03:09:29.334 1520 1619 I am_wtf : [0,1520,system_server,-1,DisplayDeviceConfig,requesting nits when no mapping exists.]
02-18 03:09:29.334 1520 6852 W FreeFormWindowHelper: Current Display FreeFormTask is null
02-18 03:09:29.335 1520 6102 W FreeFormWindowHelper: Current Display FreeFormTask is null
02-18 03:09:29.337 2537 4260 W ContextImpl: Calling a method in the system process without a qualified user: android.app.ContextImpl.startService:1816 android.content.ContextWrapper.startService:774 com.thundercomm.gamemode.ingame.services.GameModeActionUtils.startGameModeService:111 com.thundercomm.gamemode.ingame.services.GameModeActionUtils.startGameModeEntry:22 com.thundercomm.gamemode.ingame.services.ActivityMonitoringService$1.onActivityLaunch:139
02-18 03:09:29.338 1520 1520 I GameModeConfig: Current uri is uri = content://com.thundercomm.gamemode.api/gamemode_settings/gamemode_isgaming
02-18 03:09:29.339 1520 1520 I GameModeConfig: isGameModeOn = false
02-18 03:09:29.339 1520 1520 I GameModeConfig: isGameModeOn = false
02-18 03:09:29.339 1520 1520 I GameModeConfig: isDisableVoice = true
02-18 03:09:29.352 1520 2324 E DisplayDeviceConfig: requesting nits when no mapping exists.
02-18 03:09:29.352 1520 2324 E DisplayDeviceConfig: requesting nits when no mapping exists.
02-18 03:09:29.352 1520 1619 I am_wtf : [0,1520,system_server,-1,DisplayDeviceConfig,requesting nits when no mapping exists.]
02-18 03:09:29.352 1520 1619 I am_wtf : [0,1520,system_server,-1,DisplayDeviceConfig,requesting nits when no mapping exists.]
02-18 03:09:29.367 1520 2324 E DisplayDeviceConfig: requesting nits when no mapping exists.
02-18 03:09:29.367 1520 2324 E DisplayDeviceConfig: requesting nits when no mapping exists.
02-18 03:09:29.367 1520 1619 I am_wtf : [0,1520,system_server,-1,DisplayDeviceConfig,requesting nits when no mapping exists.]
02-18 03:09:29.367 1520 1619 I am_wtf : [0,1520,system_server,-1,DisplayDeviceConfig,requesting nits when no mapping exists.]
02-18 03:09:29.383 1520 2324 E DisplayDeviceConfig: requesting nits when no mapping exists.
02-18 03:09:29.384 1520 2324 E DisplayDeviceConfig: requesting nits when no mapping exists.
02-18 03:09:29.384 1520 1619 I am_wtf : [0,1520,system_server,-1,DisplayDeviceConfig,requesting nits when no mapping exists.]
02-18 03:09:29.384 1520 1619 I am_wtf : [0,1520,system_server,-1,DisplayDeviceConfig,requesting nits when no mapping exists.]
01-05 12:08:22.178 0 0 E DTC_ETH,link_delay_work_func: 3003, SQI=0, link=0
02-18 03:09:29.400 1520 2324 E DisplayDeviceConfig: requesting nits when no mapping exists.
02-18 03:09:29.401 1520 2324 E DisplayDeviceConfig: requesting nits when no mapping exists.
02-18 03:09:29.401 1520 1619 I am_wtf : [0,1520,system_server,-1,DisplayDeviceConfig,requesting nits when no mapping exists.]
02-18 03:09:29.401 1520 1619 I am_wtf : [0,1520,system_server,-1,DisplayDeviceConfig,requesting nits when no mapping exists.]
02-18 03:09:29.417 1520 2324 E DisplayDeviceConfig: requesting nits when no mapping exists.
02-18 03:09:29.418 1520 2324 E DisplayDeviceConfig: requesting nits when no mapping exists.
02-18 03:09:29.418 1520 1619 I am_wtf : [0,1520,system_server,-1,DisplayDeviceConfig,requesting nits when no mapping exists.]
02-18 03:09:29.418 1520 1619 I am_wtf : [0,1520,system_server,-1,DisplayDeviceConfig,requesting nits when no mapping exists.]
02-18 03:09:29.434 1520 2324 E DisplayDeviceConfig: requesting nits when no mapping exists.
02-18 03:09:29.434 1520 2324 E DisplayDeviceConfig: requesting nits when no mapping exists.
02-18 03:09:29.434 1520 1619 I am_wtf : [0,1520,system_server,-1,DisplayDeviceConfig,requesting nits when no mapping exists.]
02-18 03:09:29.434 1520 1619 I am_wtf : [0,1520,system_server,-1,DisplayDeviceConfig,requesting nits when no mapping exists.]
02-18 03:09:29.450 1520 2324 E DisplayDeviceConfig: requesting nits when no mapping exists.
02-18 03:09:29.451 1520 1619 I am_wtf : [0,1520,system_server,-1,DisplayDeviceConfig,requesting nits when no mapping exists.]
02-18 03:09:29.451 1520 2324 E DisplayDeviceConfig: requesting nits when no mapping exists.
02-18 03:09:29.451 1520 1619 I am_wtf : [0,1520,system_server,-1,DisplayDeviceConfig,requesting nits when no mapping exists.]
02-18 03:09:29.468 1520 2324 E DisplayDeviceConfig: requesting nits when no mapping exists.
02-18 03:09:29.468 1520 2324 E DisplayDeviceConfig: requesting nits when no mapping exists.
02-18 03:09:29.468 1520 1619 I am_wtf : [0,1520,system_server,-1,DisplayDeviceConfig,requesting nits when no mapping exists.]
02-18 03:09:29.468 1520 1619 I am_wtf : [0,1520,system_server,-1,DisplayDeviceConfig,requesting nits when no mapping exists.]
02-18 03:09:29.484 1520 2324 E DisplayDeviceConfig: requesting nits when no mapping exists.
02-18 03:09:29.484 1520 2324 E DisplayDeviceConfig: requesting nits when no mapping exists.
02-18 03:09:29.484 1520 1619 I am_wtf : [0,1520,system_server,-1,DisplayDeviceConfig,requesting nits when no mapping exists.]
02-18 03:09:29.484 1520 1619 I am_wtf : [0,1520,system_server,-1,DisplayDeviceConfig,requesting nits when no mapping exists.]
02-18 03:09:29.500 1520 2324 E DisplayDeviceConfig: requesting nits when no mapping exists.
02-18 03:09:29.501 1520 2324 E DisplayDeviceConfig: requesting nits when no mapping exists.
02-18 03:09:29.501 1520 1619 I am_wtf : [0,1520,system_server,-1,DisplayDeviceConfig,requesting nits when no mapping exists.]
02-18 03:09:29.501 1520 1619 I am_wtf : [0,1520,system_server,-1,DisplayDeviceConfig,requesting nits when no mapping exists.]
02-18 03:09:29.517 1520 2324 E DisplayDeviceConfig: requesting nits when no mapping exists.
02-18 03:09:29.517 1520 2324 E DisplayDeviceConfig: requesting nits when no mapping exists.
02-18 03:09:29.517 1520 1619 I am_wtf : [0,1520,system_server,-1,DisplayDeviceConfig,requesting nits when no mapping exists.]
02-18 03:09:29.518 1520 1619 I am_wtf : [0,1520,system_server,-1,DisplayDeviceConfig,requesting nits when no mapping exists.]
02-18 03:09:29.534 1520 2324 E DisplayDeviceConfig: requesting nits when no mapping exists.
02-18 03:09:29.534 1520 2324 E DisplayDeviceConfig: requesting nits when no mapping exists.
02-18 03:09:29.534 1520 1619 I am_wtf : [0,1520,system_server,-1,DisplayDeviceConfig,requesting nits when no mapping exists.]
02-18 03:09:29.534 1520 1619 I am_wtf : [0,1520,system_server,-1,DisplayDeviceConfig,requesting nits when no mapping exists.]
02-18 03:09:29.551 1520 2324 E DisplayDeviceConfig: requesting nits when no mapping exists.
02-18 03:09:29.552 1520 2324 E DisplayDeviceConfig: requesting nits when no mapping exists.
02-18 03:09:29.552 1520 1619 I am_wtf : [0,1520,system_server,-1,DisplayDeviceConfig,requesting nits when no mapping exists.]
02-18 03:09:29.552 1520 1619 I am_wtf : [0,1520,system_server,-1,DisplayDeviceConfig,requesting nits when no mapping exists.]
02-18 03:09:29.567 1520 2324 E DisplayDeviceConfig: requesting nits when no mapping exists.
02-18 03:09:29.567 1520 2324 E DisplayDeviceConfig: requesting nits when no mapping exists.
02-18 03:09:29.567 1520 1619 I am_wtf : [0,1520,system_server,-1,DisplayDeviceConfig,requesting nits when no mapping exists.]
02-18 03:09:29.568 1520 1619 I am_wtf : [0,1520,system_server,-1,DisplayDeviceConfig,requesting nits when no mapping exists.]
02-18 03:09:29.584 1520 2324 E DisplayDeviceConfig: requesting nits when no mapping exists.
02-18 03:09:29.584 1520 2324 E DisplayDeviceConfig: requesting nits when no mapping exists.
02-18 03:09:29.584 1520 1619 I am_wtf : [0,1520,system_server,-1,DisplayDeviceConfig,requesting nits when no mapping exists.]
02-18 03:09:29.585 1520 1619 I am_wtf : [0,1520,system_server,-1,DisplayDeviceConfig,requesting nits when no mapping exists.]
02-18 03:09:29.602 1520 2324 E DisplayDeviceConfig: requesting nits when no mapping exists.
02-18 03:09:29.603 1520 1619 I am_wtf : [0,1520,system_server,-1,DisplayDeviceConfig,requesting nits when no mapping exists.]
02-18 03:09:29.603 1520 2324 E DisplayDeviceConfig: requesting nits when no mapping exists.
02-18 03:09:29.603 1520 1619 I am_wtf : [0,1520,system_server,-1,DisplayDeviceConfig,requesting nits when no mapping exists.]
02-18 03:09:29.618 1520 2324 E DisplayDeviceConfig: requesting nits when no mapping exists.
02-18 03:09:29.618 1520 1619 I am_wtf : [0,1520,system_server,-1,DisplayDeviceConfig,requesting nits when no mapping exists.]
02-18 03:09:29.618 1520 2324 E DisplayDeviceConfig: requesting nits when no mapping exists.
02-18 03:09:29.618 1520 1619 I am_wtf : [0,1520,system_server,-1,DisplayDeviceConfig,requesting nits when no mapping exists.]
02-18 03:09:29.635 1520 2324 E DisplayDeviceConfig: requesting nits when no mapping exists.
02-18 03:09:29.635 1520 2324 E DisplayDeviceConfig: requesting nits when no mapping exists.
02-18 03:09:29.635 1520 1619 I am_wtf : [0,1520,system_server,-1,DisplayDeviceConfig,requesting nits when no mapping exists.]
02-18 03:09:29.635 1520 1619 I am_wtf : [0,1520,system_server,-1,DisplayDeviceConfig,requesting nits when no mapping exists.]
02-18 03:09:29.651 1520 2324 E DisplayDeviceConfig: requesting nits when no mapping exists.
02-18 03:09:29.651 1520 1619 I am_wtf : [0,1520,system_server,-1,DisplayDeviceConfig,requesting nits when no mapping exists.]
02-18 03:09:29.652 1520 2324 E DisplayDeviceConfig: requesting nits when no mapping exists.
02-18 03:09:29.652 1520 1619 I am_wtf : [0,1520,system_server,-1,DisplayDeviceConfig,requesting nits when no mapping exists.]
02-18 03:09:29.668 1520 2324 E DisplayDeviceConfig: requesting nits when no mapping exists.
02-18 03:09:29.668 1520 2324 E DisplayDeviceConfig: requesting nits when no mapping exists.
02-18 03:09:29.668 1520 1619 I am_wtf : [0,1520,system_server,-1,DisplayDeviceConfig,requesting nits when no mapping exists.]
02-18 03:09:29.669 1520 1619 I am_wtf : [0,1520,system_server,-1,DisplayDeviceConfig,requesting nits when no mapping exists.]
02-18 03:09:29.686 1520 2324 E DisplayDeviceConfig: requesting nits when no mapping exists.
02-18 03:09:29.686 1520 2324 E DisplayDeviceConfig: requesting nits when no mapping exists.
02-18 03:09:29.686 1520 1619 I am_wtf : [0,1520,system_server,-1,DisplayDeviceConfig,requesting nits when no mapping exists.]
02-18 03:09:29.686 1520 1619 I am_wtf : [0,1520,system_server,-1,DisplayDeviceConfig,requesting nits when no mapping exists.]
02-18 03:09:29.702 1520 2324 E DisplayDeviceConfig: requesting nits when no mapping exists.
02-18 03:09:29.703 1520 2324 E DisplayDeviceConfig: requesting nits when no mapping exists.
02-18 03:09:29.703 1520 1619 I am_wtf : [0,1520,system_server,-1,DisplayDeviceConfig,requesting nits when no mapping exists.]
02-18 03:09:29.703 1520 1619 I am_wtf : [0,1520,system_server,-1,DisplayDeviceConfig,requesting nits when no mapping exists.]
02-18 03:09:29.718 1520 2324 E DisplayDeviceConfig: requesting nits when no mapping exists.
02-18 03:09:29.718 1520 2324 E DisplayDeviceConfig: requesting nits when no mapping exists.
02-18 03:09:29.718 1520 1619 I am_wtf : [0,1520,system_server,-1,DisplayDeviceConfig,requesting nits when no mapping exists.]
02-18 03:09:29.719 1520 1619 I am_wtf : [0,1520,system_server,-1,DisplayDeviceConfig,requesting nits when no mapping exists.]
02-18 03:09:29.735 1520 2324 E DisplayDeviceConfig: requesting nits when no mapping exists.
02-18 03:09:29.735 1520 1619 I am_wtf : [0,1520,system_server,-1,DisplayDeviceConfig,requesting nits when no mapping exists.]
02-18 03:09:29.735 1520 2324 E DisplayDeviceConfig: requesting nits when no mapping exists.
02-18 03:09:29.736 1520 1619 I am_wtf : [0,1520,system_server,-1,DisplayDeviceConfig,requesting nits when no mapping exists.]
02-18 03:09:29.751 1520 2324 E DisplayDeviceConfig: requesting nits when no mapping exists.
02-18 03:09:29.751 1520 2324 E DisplayDeviceConfig: requesting nits when no mapping exists.
02-18 03:09:29.751 1520 1619 I am_wtf : [0,1520,system_server,-1,DisplayDeviceConfig,requesting nits when no mapping exists.]
