02-18 03:04:14.878 1520 6101 W FreeFormWindowHelper: Current Display FreeFormTask is null
02-18 03:04:14.878 1520 6101 W FreeFormWindowHelper: Current Display FreeFormTask is null
02-18 03:04:15.000 1520 1768 I commit_sys_config_file: [settings-1-0,9]
02-18 03:04:15.109 1520 1618 I sysui_latency: [8,48]
02-18 03:04:15.513 1520 6101 W FreeFormWindowHelper: Current Display FreeFormTask is null
02-18 03:04:15.514 1520 6829 W FreeFormWindowHelper: Current Display FreeFormTask is null
02-18 03:04:15.520 1520 6101 I wm_task_moved: [1,1,6]
02-18 03:04:15.522 1520 6101 I wm_task_moved: [11,1,2147483647]
02-18 03:04:15.522 1520 6101 I wm_task_to_front: [0,11]
02-18 03:04:15.522 1520 6101 I wm_focused_root_task: [0,0,1,84,RecentsAnimation.onAnimationFinished()]
02-18 03:04:15.522 14100 14100 I wm_on_top_resumed_lost_called: [23698237,com.android.deskclock.DeskClock,topStateChangedWhenResumed]
02-18 03:04:15.522 1520 6101 I wm_set_resumed_activity: [0,com.android.launcher3/.uioverrides.QuickstepLauncher,RecentsAnimation.onAnimationFinished()]
02-18 03:04:15.523 1520 6101 I wm_pause_activity: [0,23698237,com.android.deskclock/.DeskClock,userLeaving=true,pauseBackTasks]
02-18 03:04:15.524 1520 6101 I wm_add_to_stopping: [0,23698237,com.android.deskclock/.DeskClock,makeInvisible]
02-18 03:04:15.524 1520 6101 I ActivityTaskManager: FOREGROUND_APPLICATION_CHANGED to com.android.launcher3.uioverrides.QuickstepLauncher
02-18 03:04:15.525 1520 6101 I wm_set_resumed_activity: [0,com.android.launcher3/.uioverrides.QuickstepLauncher,resumeTopActivityInnerLocked]
02-18 03:04:15.526 1520 6101 I wm_resume_activity: [0,58637558,11,com.android.launcher3/.uioverrides.QuickstepLauncher]
02-18 03:04:15.528 2828 2828 I wm_on_resume_called: [58637558,com.android.launcher3.uioverrides.QuickstepLauncher,RESUME_ACTIVITY]
02-18 03:04:15.536 1520 1613 I input_focus: [Focus request ea4c11d com.android.launcher3/com.android.launcher3.uioverrides.QuickstepLauncher,reason=UpdateInputWindows]
02-18 03:04:15.537 2828 2828 I wm_on_top_resumed_gained_called: [58637558,com.android.launcher3.uioverrides.QuickstepLauncher,topStateChangedWhenResumed]
02-18 03:04:15.538 14100 14100 I wm_on_paused_called: [23698237,com.android.deskclock.DeskClock,performPause]
02-18 03:04:15.540 1520 1821 I input_interaction: Interaction with: ae306c3 StatusBar (server), edge-swipe (server), swipe-up (server), PointerEventDispatcher0 (server),
02-18 03:04:15.541 2348 2348 I sysui_multi_action: [757,803,799,panel_open,802,1]
02-18 03:04:15.542 2348 2348 I sysui_multi_action: [757,1328,758,4,1326,70,1327,5,1329,0]
02-18 03:04:15.548 1520 1821 I input_focus: [Focus leaving recents_animation_input_consumer (server),reason=NOT_VISIBLE]
02-18 03:04:15.548 1520 1821 I input_focus: [Focus entering ea4c11d com.android.launcher3/com.android.launcher3.uioverrides.QuickstepLauncher (server),reason=setFocusedWindow]
02-18 03:04:15.549 1520 7379 I wm_stop_activity: [0,23698237,com.android.deskclock/.DeskClock]
02-18 03:04:15.550 1520 1612 I sysui_multi_action: [757,803,799,window_time_0,802,4]
02-18 03:04:15.551 1520 1612 I sysui_multi_action: [757,803,799,window_time_0,802,0]
02-18 03:04:15.570 1520 1520 I notification_enqueue: [10064,14100,com.android.deskclock,2147483645,NULL,0,Notification(channel=TimerModelNotification shortcut=null contentView=com.android.deskclock/0x7f0d0024 vibrate=null sound=null defaults=0x0 flags=0x102 color=0xff1a237e category=alarm groupKey=2 sortKey=0 actions=1 vis=PUBLIC),0]
02-18 03:04:15.573 1520 2286 I GameModeConfig: isGameModeOn = false
02-18 03:04:15.573 1520 2286 I GameModeConfig: isGameModeOn = false
02-18 03:04:15.574 1520 2286 I GameModeConfig: isGameModeOn = false
02-18 03:04:15.574 1520 2286 I GameModeConfig: isGameModeOn = false
02-18 03:04:15.574 1520 2286 I GameModeConfig: isGameModeOn = false
02-18 03:04:15.574 14100 14100 I wm_on_stop_called: [23698237,com.android.deskclock.DeskClock,STOP_ACTIVITY_ITEM]
02-18 03:04:15.582 1520 6101 I sysui_multi_action: [757,127,758,1]
02-18 03:04:15.582 1520 6101 I sysui_multi_action: [757,804,799,note_load,801,3,802,1]
02-18 03:04:15.583 1520 6101 I notification_panel_revealed: 3
02-18 03:04:15.589 2537 4260 W ContextImpl: Calling a method in the system process without a qualified user: android.app.ContextImpl.startService:1816 android.content.ContextWrapper.startService:774 com.thundercomm.gamemode.ingame.services.GameModeActionUtils.startGameModeService:111 com.thundercomm.gamemode.ingame.services.GameModeActionUtils.startGameModeEntry:22 com.thundercomm.gamemode.ingame.services.ActivityMonitoringService$1.onActivityLaunch:139
02-18 03:04:15.590 1520 1520 I GameModeConfig: Current uri is uri = content://com.thundercomm.gamemode.api/gamemode_settings/gamemode_isgaming
02-18 03:04:15.593 1520 1613 I input_focus: [Focus request 3373de6 NotificationShade,reason=UpdateInputWindows]
02-18 03:04:15.595 1520 1520 I GameModeConfig: isGameModeOn = false
02-18 03:04:15.595 1520 1520 I GameModeConfig: isGameModeOn = false
02-18 03:04:15.595 1520 1520 I GameModeConfig: isDisableVoice = true
02-18 03:04:15.601 1520 7379 I sysui_multi_action: [757,128,758,1,793,7537386,794,0,795,7537386,796,26,798,0,806,android,857,DEVELOPER_IMPORTANT,858,4,947,0,1395,3,1500,7537180,1688,1]
02-18 03:04:15.602 1520 7379 I sysui_multi_action: [757,804,799,note_freshness,801,7537386,802,1]
02-18 03:04:15.602 1520 7379 I notification_visibility: [-1|android|26|null|1000,1,7537386,7537386,0,0]
02-18 03:04:15.602 1520 7379 I sysui_multi_action: [757,128,758,1,793,7645535,794,0,795,77971,796,17303299,797,com.android.wifi,798,1,806,android,857,NETWORK_AVAILABLE,858,2,947,0,1395,3,1500,4124,1688,1]
02-18 03:04:15.602 1520 7379 I sysui_multi_action: [757,1501,758,1,793,7645535,794,0,795,77971,796,17303299,797,com.android.wifi,806,android,857,NETWORK_AVAILABLE,858,2,947,0,1500,0,1688,1]
02-18 03:04:15.602 1520 7379 I sysui_multi_action: [757,804,799,note_interruptive,801,0,802,1]
02-18 03:04:15.602 1520 7379 I sysui_multi_action: [757,804,799,note_freshness,801,77971,802,1]
02-18 03:04:15.602 1520 7379 I notification_visibility: [0|android|17303299|com.android.wifi|1000,1,7645535,77971,0,1]
02-18 03:04:15.602 1520 7379 I sysui_multi_action: [757,128,758,1,793,7646405,794,0,795,7646405,796,32,798,2,806,android,857,USB,858,1,947,0,1395,3,1500,7646047,1688,1]
02-18 03:04:15.602 1520 7379 I sysui_multi_action: [757,804,799,note_freshness,801,7646405,802,1]
02-18 03:04:15.602 1520 7379 I notification_visibility: [-1|android|32|null|1000,1,7646405,7646405,0,2]
02-18 03:04:15.612 2348 2348 I sysui_multi_action: [757,111,758,1]
02-18 03:04:15.612 2348 2348 I sysui_multi_action: [757,126,758,1,759,126,927,0,928,1,1593,0]
02-18 03:04:15.613 2348 2348 I sysui_multi_action: [757,113,758,1,759,113,927,1,928,1,1593,0]
02-18 03:04:15.613 2348 2348 I sysui_multi_action: [757,0,758,1,759,0,927,2,928,0,1593,0]
02-18 03:04:15.613 2348 2348 I sysui_multi_action: [757,0,758,1,759,0,927,3,928,0,1593,0]
02-18 03:04:15.613 2348 2348 I sysui_multi_action: [757,491,758,1,759,491,927,4,928,0,1311,-1,1593,0]
02-18 03:04:15.613 2348 2348 I sysui_multi_action: [757,0,758,1,759,0,927,5,928,0,1593,0]
02-18 03:04:15.613 2348 2348 I sysui_multi_action: [757,111,758,1]
02-18 03:04:15.613 2348 2348 I sysui_multi_action: [757,126,758,1,759,126,927,0,928,1,1593,0]
02-18 03:04:15.613 2348 2348 I sysui_multi_action: [757,113,758,1,759,113,927,1,928,1,1593,0]
02-18 03:04:15.613 2348 2348 I sysui_multi_action: [757,0,758,1,759,0,927,2,928,0,1593,0]
02-18 03:04:15.613 2348 2348 I sysui_multi_action: [757,0,758,1,759,0,927,3,928,0,1593,0]
02-18 03:04:15.617 1520 1821 I input_focus: [Focus leaving ea4c11d com.android.launcher3/com.android.launcher3.uioverrides.QuickstepLauncher (server),reason=setFocusedWindow]
02-18 03:04:15.617 1520 1821 I input_focus: [Focus entering 3373de6 NotificationShade (server),reason=setFocusedWindow]
02-18 03:04:15.636 1520 6852 W FreeFormWindowHelper: Current Display FreeFormTask is null
02-18 03:04:15.638 2537 4260 W ContextImpl: Calling a method in the system process without a qualified user: android.app.ContextImpl.startService:1816 android.content.ContextWrapper.startService:774 com.thundercomm.gamemode.ingame.services.GameModeActionUtils.startGameModeService:111 com.thundercomm.gamemode.ingame.services.GameModeActionUtils.startGameModeEntry:22 com.thundercomm.gamemode.ingame.services.ActivityMonitoringService$1.onActivityLaunch:139
02-18 03:04:15.639 1520 1520 I GameModeConfig: Current uri is uri = content://com.thundercomm.gamemode.api/gamemode_settings/gamemode_isgaming
02-18 03:04:15.640 1520 1520 I GameModeConfig: isGameModeOn = false
02-18 03:04:15.640 1520 1520 I GameModeConfig: isGameModeOn = false
02-18 03:04:15.640 1520 1520 I GameModeConfig: isDisableVoice = true
02-18 03:04:15.744 1520 2286 I GameModeConfig: isGameModeOn = false
02-18 03:04:15.771 1520 1520 I sysui_multi_action: [757,1501,758,1,793,202,794,0,795,202,796,2147483645,806,com.android.deskclock,857,TimerModelNotification,858,3,946,2,947,0,1500,0,1641,alarm,1688,1,1745,-868672399]
02-18 03:04:15.771 1520 1520 I sysui_multi_action: [757,804,799,note_interruptive,801,0,802,1]
02-18 03:04:15.772 1520 1520 I GameModeConfig: isGameModeOn = false
02-18 03:04:15.774 1520 1520 W NotificationHistory: Attempted to add notif for locked/gone/disabled user 0
02-18 03:04:16.131 1520 6101 I sysui_multi_action: [757,128,758,1,793,562,794,0,795,562,796,2147483645,798,1,806,com.android.deskclock,857,TimerModelNotification,858,3,946,2,947,0,1395,4,1500,360,1641,alarm,1688,1,1745,-868672399]
02-18 03:04:16.131 1520 6101 I sysui_multi_action: [757,804,799,note_freshness,801,562,802,1]
02-18 03:04:16.131 1520 6101 I notification_visibility: [0|com.android.deskclock|2147483645|null|10064,1,562,562,0,1]
02-18 03:04:16.939 1520 1821 I input_interaction: Interaction with: 3373de6 NotificationShade (server), edge-swipe (server), swipe-up (server), PointerEventDispatcher0 (server),
02-18 03:04:17.058 1520 6101 I sysui_multi_action: [757,128,758,4,793,1489,794,927,795,1489,796,2147483645,798,0,806,com.android.deskclock,857,TimerModelNotification,858,3,946,2,947,0,1395,4,1500,1287,1641,alarm,1688,1,1745,-868672399]
02-18 03:04:17.058 1520 6101 I notification_clicked: [0|com.android.deskclock|2147483645|null|10064,1489,1489,927,0,4]
02-18 03:04:17.059 1520 1520 I sysui_multi_action: [757,804,799,note_click_longevity,801,0,802,1]
02-18 03:04:17.063 1520 6101 I thunderperf: PlatormCompat.setOverrides: Uid1=10064 Pid1=14100 Uid2=10064 Pid2=14100
02-18 03:04:17.063 1520 6101 I thunderperf: PlatormCompat.setOverrides: needCheck:false
02-18 03:04:17.064 1520 6101 W PackageManager: MATCH_ANY_USER flag requires INTERACT_ACROSS_USERS permission: UID 10064 requires android.permission.INTERACT_ACROSS_USERS_FULL or android.permission.INTERACT_ACROSS_USERS to access user 0.
02-18 03:04:17.065 1520 6101 I ActivityTaskManager: START u0 {flg=0x10000000 cmp=com.android.deskclock/.DeskClock (has extras)} from uid 10064
02-18 03:04:17.066 1520 6101 D CompatibilityChangeReporter: Compat change id reported: 167676448; UID 10064; state: DISABLED
02-18 03:04:17.066 1520 6101 W NotificationService: Indirect notification activity start (trampoline) from com.android.deskclock, this should be avoided for performance reasons
02-18 03:04:17.068 1520 6101 I wm_task_moved: [84,1,6]
02-18 03:04:17.068 1520 6101 I wm_task_to_front: [0,84]
02-18 03:04:17.069 1520 6101 I wm_focused_root_task: [0,0,84,1,bringingFoundTaskToFront]
02-18 03:04:17.070 2828 2828 I wm_on_top_resumed_lost_called: [58637558,com.android.launcher3.uioverrides.QuickstepLauncher,topStateChangedWhenResumed]
02-18 03:04:17.070 1520 6101 I wm_set_resumed_activity: [0,com.android.deskclock/.DeskClock,bringingFoundTaskToFront]
02-18 03:04:17.070 1520 6101 I wm_new_intent: [0,23698237,84,com.android.deskclock/.DeskClock,android.intent.action.MAIN,NULL,NULL,270532608]
02-18 03:04:17.071 1520 6101 I wm_pause_activity: [0,58637558,com.android.launcher3/.uioverrides.QuickstepLauncher,userLeaving=true,pauseBackTasks]
01-05 12:03:09.858 0 0 E DTC_ETH,link_delay_work_func: 3003, SQI=0, link=0
02-18 03:04:17.075 2828 2828 I wm_on_paused_called: [58637558,com.android.launcher3.uioverrides.QuickstepLauncher,performPause]
02-18 03:04:17.076 1520 2751 I ActivityTaskManager: FOREGROUND_APPLICATION_CHANGED to com.android.deskclock.DeskClock
02-18 03:04:17.080 1520 2751 I wm_set_resumed_activity: [0,com.android.deskclock/.DeskClock,resumeTopActivityInnerLocked]
02-18 03:04:17.081 1520 2751 I wm_add_to_stopping: [0,58637558,com.android.launcher3/.uioverrides.QuickstepLauncher,makeInvisible]
02-18 03:04:17.082 1520 2751 I wm_resume_activity: [0,23698237,84,com.android.deskclock/.DeskClock]
02-18 03:04:17.086 1520 1612 I sysui_multi_action: [757,803,799,window_time_0,802,2]
02-18 03:04:17.096 2537 4260 W ContextImpl: Calling a method in the system process without a qualified user: android.app.ContextImpl.startService:1816 android.content.ContextWrapper.startService:774 com.thundercomm.gamemode.ingame.services.GameModeActionUtils.startGameModeService:111 com.thundercomm.gamemode.ingame.services.GameModeActionUtils.startGameModeEntry:22 com.thundercomm.gamemode.ingame.services.ActivityMonitoringService$1.onActivityLaunch:139
02-18 03:04:17.100 1520 1520 I GameModeConfig: Current uri is uri = content://com.thundercomm.gamemode.api/gamemode_settings/gamemode_isgaming
02-18 03:04:17.103 1520 1520 I GameModeConfig: isGameModeOn = false
02-18 03:04:17.103 1520 1520 I GameModeConfig: isGameModeOn = false
02-18 03:04:17.103 1520 1520 I GameModeConfig: isDisableVoice = true
02-18 03:04:17.103 14100 14100 I wm_on_restart_called: [23698237,com.android.deskclock.DeskClock,performRestartActivity]
02-18 03:04:17.106 14100 14100 I wm_on_start_called: [23698237,com.android.deskclock.DeskClock,handleStartActivity]
02-18 03:04:17.106 1520 1520 I sysui_multi_action: [757,128,758,5,759,8,793,1537,794,975,795,1537,796,2147483645,806,com.android.deskclock,857,TimerModelNotification,858,3,946,2,947,0,1500,1335,1641,alarm,1688,1,1745,-868672399]
02-18 03:04:17.106 14100 14100 I wm_on_resume_called: [23698237,com.android.deskclock.DeskClock,RESUME_ACTIVITY]
02-18 03:04:17.106 1520 1520 I notification_canceled: [0|com.android.deskclock|2147483645|null|10064,8,1537,1537,975,-1,-1,NULL]
02-18 03:04:17.109 14100 14100 I wm_on_top_resumed_gained_called: [23698237,com.android.deskclock.DeskClock,topWhenResuming]
02-18 03:04:17.140 1520 1608 I sysui_multi_action: [319,67,322,67,325,7670,757,761,758,9,759,2,806,com.android.deskclock,871,com.android.deskclock.DeskClock,904,com.android.launcher3,905,0,1320,4,1321,1]
02-18 03:04:17.190 2537 4260 W ContextImpl: Calling a method in the system process without a qualified user: android.app.ContextImpl.startService:1816 android.content.ContextWrapper.startService:774 com.thundercomm.gamemode.ingame.services.GameModeActionUtils.startGameModeService:111 com.thundercomm.gamemode.ingame.services.GameModeActionUtils.startGameModeEntry:22 com.thundercomm.gamemode.ingame.services.ActivityMonitoringService$1.onActivityLaunch:139
02-18 03:04:17.190 1520 2751 W FreeFormWindowHelper: Current Display FreeFormTask is null
02-18 03:04:17.195 1520 1520 I GameModeConfig: Current uri is uri = content://com.thundercomm.gamemode.api/gamemode_settings/gamemode_isgaming
02-18 03:04:17.197 1520 1520 I GameModeConfig: isGameModeOn = false
02-18 03:04:17.197 1520 1520 I GameModeConfig: isGameModeOn = false
02-18 03:04:17.197 1520 1520 I GameModeConfig: isDisableVoice = true
02-18 03:04:17.661 1520 1612 I wm_stop_activity: [0,58637558,com.android.launcher3/.uioverrides.QuickstepLauncher]
02-18 03:04:17.667 1520 2286 I GameModeConfig: isGameModeOn = false
02-18 03:04:17.668 1520 2286 I GameModeConfig: isGameModeOn = false
02-18 03:04:17.668 1520 2286 I GameModeConfig: isGameModeOn = false
02-18 03:04:17.668 1520 2286 I GameModeConfig: isGameModeOn = false
02-18 03:04:17.668 1520 2286 I GameModeConfig: isGameModeOn = false
02-18 03:04:17.669 1520 1520 I notification_enqueue: [10079,2348,com.android.systemui,2048,NULL,0,Notification(channel=updateNotification shortcut=null contentView=null vibrate=null sound=null defaults=0x0 flags=0x0 color=0x00000000 vis=PRIVATE),1]
02-18 03:04:17.670 2348 2348 I sysui_multi_action: [757,111,758,2]
02-18 03:04:17.671 2348 2348 I sysui_multi_action: [757,111,758,2]
02-18 03:04:17.685 1520 1613 I input_focus: [Focus request 4f5abc com.android.deskclock/com.android.deskclock.DeskClock,reason=UpdateInputWindows]
02-18 03:04:17.689 2828 2828 I wm_on_stop_called: [58637558,com.android.launcher3.uioverrides.QuickstepLauncher,STOP_ACTIVITY_ITEM]
02-18 03:04:17.700 1520 1602 I sysui_multi_action: [757,128,758,2,793,7539485,794,2099,795,7539485,796,26,798,0,806,android,857,DEVELOPER_IMPORTANT,858,4,947,0,1395,3,1500,7539279,1688,1]
02-18 03:04:17.700 1520 1602 I notification_visibility: [-1|android|26|null|1000,0,7539485,7539485,0,0]
02-18 03:04:17.700 1520 1602 I sysui_multi_action: [757,128,758,2,793,7647633,794,2098,795,80069,796,17303299,797,com.android.wifi,798,1,806,android,857,NETWORK_AVAILABLE,858,2,947,0,1395,3,1500,2098,1688,1]
02-18 03:04:17.700 1520 1602 I notification_visibility: [0|android|17303299|com.android.wifi|1000,0,7647633,80069,0,1]
02-18 03:04:17.700 1520 1602 I sysui_multi_action: [757,128,758,2,793,7648503,794,2098,795,7648503,796,32,798,2,806,android,857,USB,858,1,947,0,1395,3,1500,7648145,1688,1]
02-18 03:04:17.700 1520 1602 I notification_visibility: [-1|android|32|null|1000,0,7648503,7648503,0,2]
02-18 03:04:17.701 1520 1602 I sysui_multi_action: [757,127,758,2]
02-18 03:04:17.701 1520 1602 I notification_panel_hidden:
02-18 03:04:17.706 1520 1821 I input_focus: [Focus leaving 3373de6 NotificationShade (server),reason=NOT_FOCUSABLE]
02-18 03:04:17.706 1520 1821 I input_focus: [Focus entering 4f5abc com.android.deskclock/com.android.deskclock.DeskClock (server),reason=setFocusedWindow]
02-18 03:04:17.711 2537 4260 W ContextImpl: Calling a method in the system process without a qualified user: android.app.ContextImpl.startService:1816 android.content.ContextWrapper.startService:774 com.thundercomm.gamemode.ingame.services.GameModeActionUtils.startGameModeService:111 com.thundercomm.gamemode.ingame.services.GameModeActionUtils.startGameModeEntry:22 com.thundercomm.gamemode.ingame.services.ActivityMonitoringService$1.onActivityLaunch:139
02-18 03:04:17.715 1520 1520 I GameModeConfig: Current uri is uri = content://com.thundercomm.gamemode.api/gamemode_settings/gamemode_isgaming
02-18 03:04:17.716 1520 1520 I GameModeConfig: isGameModeOn = false
02-18 03:04:17.717 1520 1520 I GameModeConfig: isGameModeOn = false
02-18 03:04:17.717 1520 1520 I GameModeConfig: isDisableVoice = true
02-18 03:04:17.860 1520 2286 I GameModeConfig: isGameModeOn = false
02-18 03:04:17.871 1520 1520 I GameModeConfig: isGameModeOn = false
02-18 03:04:18.066 1520 2286 I GameModeConfig: isGameModeOn = false
02-18 03:04:19.122 1520 1821 I input_interaction: Interaction with: 4f5abc com.android.deskclock/com.android.deskclock.DeskClock (server), edge-swipe (server), swipe-up (server), PointerEventDispatcher0 (server),
02-18 03:04:19.136 1520 2751 W FreeFormWindowHelper: Current Display FreeFormTask is null
02-18 03:04:19.137 1520 6829 I wm_task_moved: [1,0,0]
02-18 03:04:19.137 1520 6829 I wm_task_moved: [1,0,5]
02-18 03:04:19.144 2828 2828 I wm_on_restart_called: [58637558,com.android.launcher3.uioverrides.QuickstepLauncher,performRestartActivity]
02-18 03:04:19.145 1520 2751 W FreeFormWindowHelper: Current Display FreeFormTask is null
02-18 03:04:19.146 1520 2751 W FreeFormWindowHelper: Current Display FreeFormTask is null
02-18 03:04:19.158 2537 4260 W ContextImpl: Calling a method in the system process without a qualified user: android.app.ContextImpl.startService:1816 android.content.ContextWrapper.startService:774 com.thundercomm.gamemode.ingame.services.GameModeActionUtils.startGameModeService:111 com.thundercomm.gamemode.ingame.services.GameModeActionUtils.startGameModeEntry:22 com.thundercomm.gamemode.ingame.services.ActivityMonitoringService$1.onActivityLaunch:139
02-18 03:04:19.161 1520 1520 I GameModeConfig: Current uri is uri = content://com.thundercomm.gamemode.api/gamemode_settings/gamemode_isgaming
02-18 03:04:19.163 1520 1520 I GameModeConfig: isGameModeOn = false
02-18 03:04:19.163 1520 1520 I GameModeConfig: isGameModeOn = false
02-18 03:04:19.163 1520 1520 I GameModeConfig: isDisableVoice = true
02-18 03:04:19.169 2828 2828 I wm_on_start_called: [58637558,com.android.launcher3.uioverrides.QuickstepLauncher,handleStartActivity]
02-18 03:04:19.169 1520 6101 W ActivityTaskManager: getTaskSnapshot: taskId=1084 not found
02-18 03:04:19.170 14100 14100 I view_enqueue_input_event: [Motion - Cancel,com.android.deskclock/com.android.deskclock.DeskClock]
02-18 03:04:19.172 1520 6101 W ActivityTaskManager: getTaskSnapshot: taskId=1084 not found
02-18 03:04:19.172 1520 1602 W ActivityTaskManager: getTaskSnapshot: taskId=2084 not found
02-18 03:04:19.174 1520 1602 W ActivityTaskManager: getTaskSnapshot: taskId=3084 not found
02-18 03:04:19.176 1520 6101 W ActivityTaskManager: getTaskSnapshot: taskId=4084 not found
02-18 03:04:19.177 1520 6101 W ActivityTaskManager: getTaskSnapshot: taskId=5084 not found
02-18 03:04:19.178 1520 6101 W FreeFormWindowHelper: Current Display FreeFormTask is null
02-18 03:04:19.178 1520 6101 W FreeFormWindowHelper: Current Display FreeFormTask is null
02-18 03:04:19.178 1520 1821 I input_interaction: Interaction with: edge-swipe (server), swipe-up (server), PointerEventDispatcher0 (server),
02-18 03:04:19.178 2828 2828 I sysui_latency: [1,57]
02-18 03:04:19.179 1520 6101 W ActivityTaskManager: getTaskSnapshot: taskId=1084 not found
02-18 03:04:19.179 1520 6101 W ActivityTaskManager: getTaskSnapshot: taskId=2084 not found
02-18 03:04:19.179 1520 6101 W ActivityTaskManager: getTaskSnapshot: taskId=3084 not found
02-18 03:04:19.180 1520 6101 W ActivityTaskManager: getTaskSnapshot: taskId=4084 not found
02-18 03:04:19.180 1520 6101 W ActivityTaskManager: getTaskSnapshot: taskId=5084 not found
02-18 03:04:19.183 1520 1602 W FreeFormWindowHelper: Current Display FreeFormTask is null
02-18 03:04:19.184 1520 6101 W FreeFormWindowHelper: Current Display FreeFormTask is null
02-18 03:04:19.184 1520 6101 W FreeFormWindowHelper: Current Display FreeFormTask is null
02-18 03:04:19.185 1520 1602 W ActivityTaskManager: getTaskSnapshot: taskId=1084 not found
02-18 03:04:19.186 1520 1608 I sysui_multi_action: [319,11,322,47,325,7672,757,761,758,9,759,5,806,com.android.launcher3,871,com.android.launcher3.uioverrides.QuickstepLauncher,905,0,1320,4,1321,1]
02-18 03:04:19.186 1520 1602 W ActivityTaskManager: getTaskSnapshot: taskId=2084 not found
02-18 03:04:19.186 1520 1602 W ActivityTaskManager: getTaskSnapshot: taskId=3084 not found
02-18 03:04:19.186 1520 1602 W ActivityTaskManager: getTaskSnapshot: taskId=4084 not found
02-18 03:04:19.186 1520 1602 W ActivityTaskManager: getTaskSnapshot: taskId=5084 not found
02-18 03:04:19.188 1520 6101 W FreeFormWindowHelper: Current Display FreeFormTask is null
02-18 03:04:19.188 1520 6101 W FreeFormWindowHelper: Current Display FreeFormTask is null
02-18 03:04:19.190 1520 1821 I input_focus: [Focus leaving 4f5abc com.android.deskclock/com.android.deskclock.DeskClock (server),reason=NOT_FOCUSABLE]
02-18 03:04:19.205 1520 6829 W FreeFormWindowHelper: Current Display FreeFormTask is null
02-18 03:04:19.205 1520 6829 W FreeFormWindowHelper: Current Display FreeFormTask is null
02-18 03:04:19.376 1520 1768 I commit_sys_config_file: [settings-1-0,7]
02-18 03:04:19.468 1520 6829 W FreeFormWindowHelper: Current Display FreeFormTask is null
02-18 03:04:19.468 1520 6829 W FreeFormWindowHelper: Current Display FreeFormTask is null
02-18 03:04:19.469 1520 6829 W FreeFormWindowHelper: Current Display FreeFormTask is null
02-18 03:04:19.486 1520 1618 I sysui_latency: [8,55]
02-18 03:04:19.880 1520 6101 I wm_task_moved: [1,1,6]
02-18 03:04:19.881 1520 6101 I wm_focused_root_task: [0,0,1,84,RecentsAnimation.onAnimationFinished()]
02-18 03:04:19.881 14100 14100 I wm_on_top_resumed_lost_called: [23698237,com.android.deskclock.DeskClock,topStateChangedWhenResumed]
02-18 03:04:19.884 1520 6101 I wm_pause_activity: [0,23698237,com.android.deskclock/.DeskClock,userLeaving=false,pauseBackTasks]
02-18 03:04:19.885 1520 6101 I ActivityTaskManager: FOREGROUND_APPLICATION_CHANGED to com.android.launcher3.uioverrides.QuickstepLauncher
02-18 03:04:19.885 1520 6101 I wm_set_resumed_activity: [0,com.android.launcher3/.uioverrides.QuickstepLauncher,resumeTopActivityInnerLocked]
02-18 03:04:19.887 1520 6101 I wm_resume_activity: [0,58637558,11,com.android.launcher3/.uioverrides.QuickstepLauncher]
02-18 03:04:19.887 1520 6101 I wm_add_to_stopping: [0,23698237,com.android.deskclock/.DeskClock,makeInvisible]
02-18 03:04:19.887 2828 2828 I wm_on_resume_called: [58637558,com.android.launcher3.uioverrides.QuickstepLauncher,RESUME_ACTIVITY]
02-18 03:04:19.893 1520 1613 I input_focus: [Focus request ea4c11d com.android.launcher3/com.android.launcher3.uioverrides.QuickstepLauncher,reason=UpdateInputWindows]
02-18 03:04:19.893 1520 1612 I sysui_multi_action: [757,803,799,window_time_0,802,3]
02-18 03:04:19.897 1520 1612 I wm_stop_activity: [0,23698237,com.android.deskclock/.DeskClock]
02-18 03:04:19.897 1520 2746 W FreeFormWindowHelper: Current Display FreeFormTask is null
02-18 03:04:19.897 1520 7379 W FreeFormWindowHelper: Current Display FreeFormTask is null
02-18 03:04:19.898 1520 1612 I sysui_multi_action: [757,803,799,window_time_0,802,0]
02-18 03:04:19.901 14100 14100 I wm_on_paused_called: [23698237,com.android.deskclock.DeskClock,performPause]
02-18 03:04:19.901 1520 6829 W FreeFormWindowHelper: Current Display FreeFormTask is null
02-18 03:04:19.908 1520 1821 I input_focus: [Focus entering ea4c11d com.android.launcher3/com.android.launcher3.uioverrides.QuickstepLauncher (server),reason=setFocusedWindow]
02-18 03:04:19.914 1520 2286 I GameModeConfig: isGameModeOn = false
02-18 03:04:19.914 1520 2286 I GameModeConfig: isGameModeOn = false
02-18 03:04:19.914 1520 2286 I GameModeConfig: isGameModeOn = false
02-18 03:04:19.914 1520 2286 I GameModeConfig: isGameModeOn = false
02-18 03:04:19.914 1520 2286 I GameModeConfig: isGameModeOn = false
02-18 03:04:19.916 1520 1520 I notification_enqueue: [10064,14100,com.android.deskclock,2147483645,NULL,0,Notification(channel=TimerModelNotification shortcut=null contentView=com.android.deskclock/0x7f0d0024 vibrate=null sound=null defaults=0x0 flags=0x102 color=0xff1a237e category=alarm groupKey=2 sortKey=0 actions=1 vis=PUBLIC),0]
02-18 03:04:19.918 14100 14100 I wm_on_stop_called: [23698237,com.android.deskclock.DeskClock,STOP_ACTIVITY_ITEM]
02-18 03:04:19.924 1520 1602 W FreeFormWindowHelper: Current Display FreeFormTask is null
02-18 03:04:19.925 1520 1602 W FreeFormWindowHelper: Current Display FreeFormTask is null
02-18 03:04:19.929 2828 2828 I wm_on_top_resumed_gained_called: [58637558,com.android.launcher3.uioverrides.QuickstepLauncher,topStateChangedWhenResumed]
02-18 03:04:19.944 2537 4260 W ContextImpl: Calling a method in the system process without a qualified user: android.app.ContextImpl.startService:1816 android.content.ContextWrapper.startService:774 com.thundercomm.gamemode.ingame.services.GameModeActionUtils.startGameModeService:111 com.thundercomm.gamemode.ingame.services.GameModeActionUtils.startGameModeEntry:22 com.thundercomm.gamemode.ingame.services.ActivityMonitoringService$1.onActivityLaunch:139
02-18 03:04:19.948 1520 1520 I GameModeConfig: Current uri is uri = content://com.thundercomm.gamemode.api/gamemode_settings/gamemode_isgaming
02-18 03:04:19.949 1520 1520 I GameModeConfig: isGameModeOn = false
02-18 03:04:19.949 1520 1520 I GameModeConfig: isGameModeOn = false
02-18 03:04:19.949 1520 1520 I GameModeConfig: isDisableVoice = true
02-18 03:04:19.996 1520 2751 W FreeFormWindowHelper: Current Display FreeFormTask is null
02-18 03:04:20.005 2537 4260 W ContextImpl: Calling a method in the system process without a qualified user: android.app.ContextImpl.startService:1816 android.content.ContextWrapper.startService:774 com.thundercomm.gamemode.ingame.services.GameModeActionUtils.startGameModeService:111 com.thundercomm.gamemode.ingame.services.GameModeActionUtils.startGameModeEntry:22 com.thundercomm.gamemode.ingame.services.ActivityMonitoringService$1.onActivityLaunch:139
02-18 03:04:20.012 1520 1520 I GameModeConfig: Current uri is uri = content://com.thundercomm.gamemode.api/gamemode_settings/gamemode_isgaming
02-18 03:04:20.014 1520 1520 I GameModeConfig: isGameModeOn = false
02-18 03:04:20.014 1520 1520 I GameModeConfig: isGameModeOn = false
02-18 03:04:20.014 1520 1520 I GameModeConfig: isDisableVoice = true
02-18 03:04:20.087 1520 3839 E TaskPersister: File error accessing recents directory (directory doesn't exist?).
02-18 03:04:20.118 1520 1520 I sysui_multi_action: [757,1501,758,1,793,204,794,0,795,204,796,2147483645,806,com.android.deskclock,857,TimerModelNotification,858,3,946,2,947,0,1500,0,1641,alarm,1688,1,1745,-868672399]
02-18 03:04:20.119 1520 1520 I sysui_multi_action: [757,804,799,note_interruptive,801,0,802,1]
02-18 03:04:20.119 1520 1520 I GameModeConfig: isGameModeOn = false
02-18 03:04:20.121 1520 1768 I commit_sys_config_file: [settings-1-0,4]
02-18 03:04:20.122 1520 1520 W NotificationHistory: Attempted to add notif for locked/gone/disabled user 0
02-18 03:04:20.284 1520 2286 I GameModeConfig: isGameModeOn = false
02-18 03:04:20.489 1520 2286 I GameModeConfig: isGameModeOn = false
02-18 03:04:20.584 1520 1821 I input_interaction: Interaction with: ea4c11d com.android.launcher3/com.android.launcher3.uioverrides.QuickstepLauncher (server), d73543 com.android.systemui.ImageWallpaper (server), edge-swipe (server), swipe-up (server), PointerEventDispatcher0 (server),
02-18 03:04:20.681 1520 1602 I wm_task_moved: [1,1,6]
02-18 03:04:20.681 1520 1602 I wm_set_resumed_activity: [0,com.android.launcher3/.uioverrides.QuickstepLauncher,positionChildAt]
02-18 03:04:20.681 1520 1602 I wm_task_moved: [84,1,6]
02-18 03:04:20.682 1520 1602 I wm_focused_root_task: [0,0,84,1,moveTaskToFront findTaskToMoveToFront]
02-18 03:04:20.682 1520 1602 I wm_set_resumed_activity: [0,com.android.deskclock/.DeskClock,moveTaskToFront findTaskToMoveToFront]
02-18 03:04:20.684 1520 1602 I wm_pause_activity: [0,58637558,com.android.launcher3/.uioverrides.QuickstepLauncher,userLeaving=true,pauseBackTasks]
02-18 03:04:20.689 2828 2828 I wm_on_top_resumed_lost_called: [58637558,com.android.launcher3.uioverrides.QuickstepLauncher,topStateChangedWhenResumed]
02-18 03:04:20.690 2828 2828 I wm_on_paused_called: [58637558,com.android.launcher3.uioverrides.QuickstepLauncher,performPause]
02-18 03:04:20.691 1520 6101 I ActivityTaskManager: FOREGROUND_APPLICATION_CHANGED to com.android.deskclock.DeskClock
02-18 03:04:20.693 1520 6101 I wm_set_resumed_activity: [0,com.android.deskclock/.DeskClock,resumeTopActivityInnerLocked]
02-18 03:04:20.694 1520 6101 I wm_add_to_stopping: [0,58637558,com.android.launcher3/.uioverrides.QuickstepLauncher,makeInvisible]
02-18 03:04:20.695 1520 6101 I wm_resume_activity: [0,23698237,84,com.android.deskclock/.DeskClock]
02-18 03:04:20.696 14100 14100 I wm_on_restart_called: [23698237,com.android.deskclock.DeskClock,performRestartActivity]
02-18 03:04:20.704 14100 14100 I wm_on_start_called: [23698237,com.android.deskclock.DeskClock,handleStartActivity]
02-18 03:04:20.705 14100 14100 I wm_on_resume_called: [23698237,com.android.deskclock.DeskClock,RESUME_ACTIVITY]
02-18 03:04:20.705 1520 1520 I sysui_multi_action: [757,128,758,5,759,8,793,791,794,0,795,791,796,2147483645,806,com.android.deskclock,857,TimerModelNotification,858,3,946,2,947,0,1500,587,1641,alarm,1688,1,1745,-868672399]
02-18 03:04:20.705 1520 1520 I notification_canceled: [0|com.android.deskclock|2147483645|null|10064,8,791,791,0,-1,-1,NULL]
02-18 03:04:20.707 14100 14100 I wm_on_top_resumed_gained_called: [23698237,com.android.deskclock.DeskClock,topWhenResuming]
02-18 03:04:20.709 1520 1612 I sysui_multi_action: [757,803,799,window_time_0,802,1]
02-18 03:04:20.714 1520 1613 I input_focus: [Focus request 4f5abc com.android.deskclock/com.android.deskclock.DeskClock,reason=UpdateInputWindows]
02-18 03:04:20.717 1520 1821 I input_focus: [Focus leaving ea4c11d com.android.launcher3/com.android.launcher3.uioverrides.QuickstepLauncher (server),reason=NO_WINDOW]
02-18 03:04:20.722 2537 4260 W ContextImpl: Calling a method in the system process without a qualified user: android.app.ContextImpl.startService:1816 android.content.ContextWrapper.startService:774 com.thundercomm.gamemode.ingame.services.GameModeActionUtils.startGameModeService:111 com.thundercomm.gamemode.ingame.services.GameModeActionUtils.startGameModeEntry:22 com.thundercomm.gamemode.ingame.services.ActivityMonitoringService$1.onActivityLaunch:139
02-18 03:04:20.724 1520 1608 I sysui_multi_action: [319,35,321,33,322,41,325,7674,757,761,758,9,759,4,806,com.android.deskclock,871,com.android.deskclock.DeskClock,904,com.android.launcher3,905,0,1320,4,1321,1]
02-18 03:04:20.729 1520 1821 I input_focus: [Focus entering 4f5abc com.android.deskclock/com.android.deskclock.DeskClock (server),reason=setFocusedWindow]
02-18 03:04:20.730 1520 1520 I GameModeConfig: Current uri is uri = content://com.thundercomm.gamemode.api/gamemode_settings/gamemode_isgaming
02-18 03:04:20.732 1520 1520 I GameModeConfig: isGameModeOn = false
02-18 03:04:20.732 1520 1520 I GameModeConfig: isGameModeOn = false
02-18 03:04:20.732 1520 1520 I GameModeConfig: isDisableVoice = true
02-18 03:04:20.796 1520 1602 W FreeFormWindowHelper: Current Display FreeFormTask is null
02-18 03:04:20.801 2537 4260 W ContextImpl: Calling a method in the system process without a qualified user: android.app.ContextImpl.startService:1816 android.content.ContextWrapper.startService:774 com.thundercomm.gamemode.ingame.services.GameModeActionUtils.startGameModeService:111 com.thundercomm.gamemode.ingame.services.GameModeActionUtils.startGameModeEntry:22 com.thundercomm.gamemode.ingame.services.ActivityMonitoringService$1.onActivityLaunch:139
02-18 03:04:20.805 1520 1520 I GameModeConfig: Current uri is uri = content://com.thundercomm.gamemode.api/gamemode_settings/gamemode_isgaming
02-18 03:04:20.807 1520 1520 I GameModeConfig: isGameModeOn = false
02-18 03:04:20.808 1520 1520 I GameModeConfig: isGameModeOn = false
02-18 03:04:20.808 1520 1520 I GameModeConfig: isDisableVoice = true
02-18 03:04:21.079 1520 1612 I wm_stop_activity: [0,58637558,com.android.launcher3/.uioverrides.QuickstepLauncher]
02-18 03:04:21.100 1520 7379 W FreeFormWindowHelper: Current Display FreeFormTask is null
02-18 03:04:21.100 1520 7379 W FreeFormWindowHelper: Current Display FreeFormTask is null
02-18 03:04:21.102 1520 7379 W FreeFormWindowHelper: exitRecentTasks type=0
02-18 03:04:21.111 2828 2828 I wm_on_stop_called: [58637558,com.android.launcher3.uioverrides.QuickstepLauncher,STOP_ACTIVITY_ITEM]
02-18 03:04:21.125 2537 4260 W ContextImpl: Calling a method in the system process without a qualified user: android.app.ContextImpl.startService:1816 android.content.ContextWrapper.startService:774 com.thundercomm.gamemode.ingame.services.GameModeActionUtils.startGameModeService:111 com.thundercomm.gamemode.ingame.services.GameModeActionUtils.startGameModeEntry:22 com.thundercomm.gamemode.ingame.services.ActivityMonitoringService$1.onActivityLaunch:139
02-18 03:04:21.132 1520 1520 I GameModeConfig: Current uri is uri = content://com.thundercomm.gamemode.api/gamemode_settings/gamemode_isgaming
02-18 03:04:21.133 1520 1520 I GameModeConfig: isGameModeOn = false
02-18 03:04:21.133 1520 1520 I GameModeConfig: isGameModeOn = false
02-18 03:04:21.133 1520 1520 I GameModeConfig: isDisableVoice = true
02-18 03:04:21.174 1520 1821 I input_interaction: Interaction with: ae306c3 StatusBar (server), edge-swipe (server), swipe-up (server), PointerEventDispatcher0 (server),
02-18 03:04:21.178 2348 2348 I sysui_multi_action: [757,803,799,panel_open,802,1]
02-18 03:04:21.180 2348 2348 I sysui_multi_action: [757,1328,758,4,1326,66,1327,7,1329,0]
02-18 03:04:21.268 1520 6829 I sysui_multi_action: [757,127,758,1]
02-18 03:04:21.268 1520 6829 I sysui_multi_action: [757,804,799,note_load,801,3,802,1]
02-18 03:04:21.268 1520 6829 I notification_panel_revealed: 3
02-18 03:04:21.280 1520 1613 I input_focus: [Focus request 3373de6 NotificationShade,reason=UpdateInputWindows]
02-18 03:04:21.288 1520 6829 I sysui_multi_action: [757,128,758,1,793,7543073,794,0,795,7543073,796,26,798,0,806,android,857,DEVELOPER_IMPORTANT,858,4,947,0,1395,3,1500,7542867,1688,1]
02-18 03:04:21.288 1520 6829 I sysui_multi_action: [757,804,799,note_freshness,801,7543073,802,1]
02-18 03:04:21.288 1520 6829 I notification_visibility: [-1|android|26|null|1000,1,7543073,7543073,0,0]
02-18 03:04:21.288 1520 6829 I sysui_multi_action: [757,128,758,1,793,7651221,794,0,795,83657,796,17303299,797,com.android.wifi,798,1,806,android,857,NETWORK_AVAILABLE,858,2,947,0,1395,3,1500,5686,1688,1]
02-18 03:04:21.289 1520 6829 I sysui_multi_action: [757,1501,758,1,793,7651221,794,0,795,83657,796,17303299,797,com.android.wifi,806,android,857,NETWORK_AVAILABLE,858,2,947,0,1500,0,1688,1]
02-18 03:04:21.289 1520 6829 I sysui_multi_action: [757,804,799,note_interruptive,801,0,802,1]
02-18 03:04:21.289 1520 6829 I sysui_multi_action: [757,804,799,note_freshness,801,83657,802,1]
02-18 03:04:21.289 1520 6829 I notification_visibility: [0|android|17303299|com.android.wifi|1000,1,7651221,83657,0,1]
02-18 03:04:21.289 1520 6829 I sysui_multi_action: [757,128,758,1,793,7652092,794,0,795,7652092,796,32,798,2,806,android,857,USB,858,1,947,0,1395,3,1500,7651734,1688,1]
02-18 03:04:21.289 1520 6829 I sysui_multi_action: [757,804,799,note_freshness,801,7652092,802,1]
02-18 03:04:21.289 1520 6829 I notification_visibility: [-1|android|32|null|1000,1,7652092,7652092,0,2]
02-18 03:04:21.298 1520 1821 I input_focus: [Focus leaving 4f5abc com.android.deskclock/com.android.deskclock.DeskClock (server),reason=setFocusedWindow]
02-18 03:04:21.298 1520 1821 I input_focus: [Focus entering 3373de6 NotificationShade (server),reason=setFocusedWindow]
02-18 03:04:21.442 2348 2348 I sysui_multi_action: [757,111,758,1]
02-18 03:04:21.442 2348 2348 I sysui_multi_action: [757,126,758,1,759,126,927,0,928,1,1593,0]
02-18 03:04:21.442 2348 2348 I sysui_multi_action: [757,113,758,1,759,113,927,1,928,1,1593,0]
02-18 03:04:21.442 2348 2348 I sysui_multi_action: [757,0,758,1,759,0,927,2,928,0,1593,1]
02-18 03:04:21.443 2348 2348 I sysui_multi_action: [757,0,758,1,759,0,927,3,928,0,1593,1]
02-18 03:04:21.443 2348 2348 I sysui_multi_action: [757,491,758,1,759,491,927,4,928,0,1311,-1,1593,0]
02-18 03:04:21.443 2348 2348 I sysui_multi_action: [757,0,758,1,759,0,927,5,928,0,1593,0]
02-18 03:04:21.443 2348 2348 I sysui_multi_action: [757,111,758,1]
02-18 03:04:21.444 2348 2348 I sysui_multi_action: [757,126,758,1,759,126,927,0,928,1,1593,1]
02-18 03:04:21.444 2348 2348 I sysui_multi_action: [757,113,758,1,759,113,927,1,928,1,1593,1]
02-18 03:04:21.444 2348 2348 I sysui_multi_action: [757,0,758,1,759,0,927,2,928,0,1593,1]
02-18 03:04:21.444 2348 2348 I sysui_multi_action: [757,0,758,1,759,0,927,3,928,0,1593,1]
01-05 12:03:14.978 0 0 E DTC_ETH,link_delay_work_func: 3003, SQI=0, link=0
02-18 03:04:23.559 1520 2286 I GameModeConfig: isGameModeOn = false
02-18 03:04:23.701 1520 3839 E TaskPersister: File error accessing recents directory (directory doesn't exist?).
02-18 03:04:23.750 1520 2286 I GameModeConfig: isGameModeOn = false
02-18 03:04:23.924 1520 1821 I input_interaction: Interaction with: 3373de6 NotificationShade (server), edge-swipe (server), swipe-up (server), PointerEventDispatcher0 (server),
02-18 03:04:24.416 1520 2286 I GameModeConfig: isGameModeOn = false
02-18 03:04:24.416 1520 2286 I GameModeConfig: isGameModeOn = false
02-18 03:04:24.416 1520 2286 I GameModeConfig: isGameModeOn = false
02-18 03:04:24.416 1520 2286 I GameModeConfig: isGameModeOn = false
02-18 03:04:24.417 1520 2286 I GameModeConfig: isGameModeOn = false
02-18 03:04:24.418 1520 1520 I notification_enqueue: [10079,2348,com.android.systemui,2048,NULL,0,Notification(channel=updateNotification shortcut=null contentView=null vibrate=null sound=null defaults=0x0 flags=0x0 color=0x00000000 vis=PRIVATE),1]
02-18 03:04:24.418 2348 2348 I sysui_multi_action: [757,111,758,2]
02-18 03:04:24.418 2348 2348 I sysui_multi_action: [757,111,758,2]
02-18 03:04:24.578 1520 1613 I input_focus: [Focus request 4f5abc com.android.deskclock/com.android.deskclock.DeskClock,reason=UpdateInputWindows]
02-18 03:04:24.582 1520 7379 I sysui_multi_action: [757,128,758,2,793,7546367,794,3294,795,7546367,796,26,798,0,806,android,857,DEVELOPER_IMPORTANT,858,4,947,0,1395,3,1500,7546161,1688,1]
02-18 03:04:24.582 1520 7379 I notification_visibility: [-1|android|26|null|1000,0,7546367,7546367,0,0]
02-18 03:04:24.583 1520 7379 I sysui_multi_action: [757,128,758,2,793,7654516,794,3295,795,86952,796,17303299,797,com.android.wifi,798,1,806,android,857,NETWORK_AVAILABLE,858,2,947,0,1395,3,1500,3295,1688,1]
02-18 03:04:24.583 1520 7379 I notification_visibility: [0|android|17303299|com.android.wifi|1000,0,7654516,86952,0,1]
02-18 03:04:24.583 1520 7379 I sysui_multi_action: [757,128,758,2,793,7655386,794,3294,795,7655386,796,32,798,2,806,android,857,USB,858,1,947,0,1395,3,1500,7655028,1688,1]
02-18 03:04:24.583 1520 7379 I notification_visibility: [-1|android|32|null|1000,0,7655386,7655386,0,2]
02-18 03:04:24.588 1520 7379 I sysui_multi_action: [757,127,758,2]
02-18 03:04:24.588 1520 7379 I notification_panel_hidden:
02-18 03:04:24.606 1520 1821 I input_focus: [Focus leaving 3373de6 NotificationShade (server),reason=NO_WINDOW]
02-18 03:04:24.606 1520 1821 I input_focus: [Focus entering 4f5abc com.android.deskclock/com.android.deskclock.DeskClock (server),reason=setFocusedWindow]
02-18 03:04:24.621 1520 1520 I GameModeConfig: isGameModeOn = false
02-18 03:04:24.830 1520 1821 I input_interaction: Interaction with: 4f5abc com.android.deskclock/com.android.deskclock.DeskClock (server), edge-swipe (server), swipe-up (server), PointerEventDispatcher0 (server),
02-18 03:04:25.579 1520 2286 I GameModeConfig: isGameModeOn = false
01-05 12:03:20.104 0 0 E DTC_ETH,link_delay_work_func: 3003, SQI=0, link=0
02-18 03:04:27.673 1520 2286 I GameModeConfig: isGameModeOn = false
02-18 03:04:27.872 1520 2286 I GameModeConfig: isGameModeOn = false
02-18 03:04:29.923 1520 2286 I GameModeConfig: isGameModeOn = false
01-05 12:03:25.219 0 0 E DTC_ETH,link_delay_work_func: 3003, SQI=0, link=0
02-18 03:04:34.422 1520 2286 I GameModeConfig: isGameModeOn = false
02-18 03:04:34.622 1520 2286 I GameModeConfig: isGameModeOn = false
01-05 12:03:30.338 0 0 E DTC_ETH,link_delay_work_func: 3003, SQI=0, link=0
01-05 12:03:35.462 0 0 E DTC_ETH,link_delay_work_func: 3003, SQI=0, link=0
01-05 12:03:40.579 0 0 E DTC_ETH,link_delay_work_func: 3003, SQI=0, link=0
01-05 12:03:45.698 0 0 E DTC_ETH,link_delay_work_func: 3003, SQI=0, link=0
02-18 03:04:54.727 1520 2286 I GameModeConfig: isGameModeOn = false
02-18 03:04:54.727 1520 2286 I GameModeConfig: isGameModeOn = false
02-18 03:04:54.727 1520 2286 I GameModeConfig: isGameModeOn = false
02-18 03:04:54.728 1520 2286 I GameModeConfig: isGameModeOn = false
02-18 03:04:54.728 1520 2286 I GameModeConfig: isGameModeOn = false
02-18 03:04:54.730 1520 1520 I notification_enqueue: [10064,14100,com.android.deskclock,2147483644,NULL,0,Notification(channel=TimerModelNotification shortcut=null contentView=com.android.deskclock/0x7f0d0024 vibrate=null sound=null defaults=0x0 flags=0x1c2 color=0xff1a237e actions=2 vis=PRIVATE),0]
02-18 03:04:54.934 1520 1520 I sysui_multi_action: [757,1501,758,1,793,205,794,0,795,205,796,2147483644,806,com.android.deskclock,857,TimerModelNotification,858,3,947,0,1500,0,1688,1,1745,-868672399]
02-18 03:04:54.934 1520 1520 I sysui_multi_action: [757,804,799,note_interruptive,801,0,802,1]
02-18 03:04:54.935 1520 1520 I GameModeConfig: isGameModeOn = false
02-18 03:04:54.939 1520 1520 W NotificationHistory: Attempted to add notif for locked/gone/disabled user 0
01-05 12:03:50.818 0 0 E DTC_ETH,link_delay_work_func: 3003, SQI=0, link=0
01-05 12:03:55.942 0 0 E DTC_ETH,link_delay_work_func: 3003, SQI=0, link=0
02-18 03:05:04.983 1520 2286 I GameModeConfig: isGameModeOn = false
02-18 03:05:07.034 1520 1821 I input_interaction: Interaction with: ae306c3 StatusBar (server), edge-swipe (server), swipe-up (server), PointerEventDispatcher0 (server),
02-18 03:05:07.040 2348 2348 I sysui_multi_action: [757,803,799,panel_open,802,1]
02-18 03:05:07.041 2348 2348 I sysui_multi_action: [757,1328,758,4,1326,75,1327,5,1329,0]
02-18 03:05:07.088 1520 2746 I sysui_multi_action: [757,127,758,1]
02-18 03:05:07.088 1520 2746 I sysui_multi_action: [757,804,799,note_load,801,4,802,1]
02-18 03:05:07.088 1520 2746 I notification_panel_revealed: 4
02-18 03:05:07.098 1520 1613 I input_focus: [Focus request 3373de6 NotificationShade,reason=UpdateInputWindows]
02-18 03:05:07.108 1520 2746 I sysui_multi_action: [757,128,758,1,793,7588892,794,0,795,7588892,796,26,798,0,806,android,857,DEVELOPER_IMPORTANT,858,4,947,0,1395,4,1500,7588686,1688,1]
02-18 03:05:07.108 1520 2746 I sysui_multi_action: [757,804,799,note_freshness,801,7588892,802,1]
02-18 03:05:07.108 1520 2746 I notification_visibility: [-1|android|26|null|1000,1,7588892,7588892,0,0]
02-18 03:05:07.108 1520 2746 I sysui_multi_action: [757,128,758,1,793,7697041,794,0,795,129477,796,17303299,797,com.android.wifi,798,2,806,android,857,NETWORK_AVAILABLE,858,2,947,0,1395,4,1500,45820,1688,1]
02-18 03:05:07.108 1520 2746 I sysui_multi_action: [757,1501,758,1,793,7697041,794,0,795,129477,796,17303299,797,com.android.wifi,806,android,857,NETWORK_AVAILABLE,858,2,947,0,1500,0,1688,1]
02-18 03:05:07.108 1520 2746 I sysui_multi_action: [757,804,799,note_interruptive,801,0,802,1]
02-18 03:05:07.108 1520 2746 I sysui_multi_action: [757,804,799,note_freshness,801,129477,802,1]
02-18 03:05:07.109 1520 2746 I notification_visibility: [0|android|17303299|com.android.wifi|1000,1,7697041,129477,0,2]
02-18 03:05:07.109 1520 2746 I sysui_multi_action: [757,128,758,1,793,12380,794,0,795,12380,796,2147483644,798,1,806,com.android.deskclock,857,TimerModelNotification,858,3,947,0,1395,4,1500,12175,1688,1,1745,-868672399]
02-18 03:05:07.109 1520 2746 I sysui_multi_action: [757,804,799,note_freshness,801,12380,802,1]
02-18 03:05:07.109 1520 2746 I notification_visibility: [0|com.android.deskclock|2147483644|null|10064,1,12380,12380,0,1]
02-18 03:05:07.110 1520 2746 I sysui_multi_action: [757,128,758,1,793,7697913,794,0,795,7697913,796,32,798,3,806,android,857,USB,858,1,947,0,1395,4,1500,7697555,1688,1]
02-18 03:05:07.110 1520 2746 I sysui_multi_action: [757,804,799,note_freshness,801,7697913,802,1]
02-18 03:05:07.110 1520 2746 I notification_visibility: [-1|android|32|null|1000,1,7697913,7697913,0,3]
02-18 03:05:07.124 1520 1821 I input_focus: [Focus leaving 4f5abc com.android.deskclock/com.android.deskclock.DeskClock (server),reason=setFocusedWindow]
02-18 03:05:07.124 1520 1821 I input_focus: [Focus entering 3373de6 NotificationShade (server),reason=setFocusedWindow]
02-18 03:05:07.135 2348 2348 I sysui_multi_action: [757,111,758,1]
02-18 03:05:07.135 2348 2348 I sysui_multi_action: [757,126,758,1,759,126,927,0,928,1,1593,0]
02-18 03:05:07.135 2348 2348 I sysui_multi_action: [757,113,758,1,759,113,927,1,928,1,1593,0]
02-18 03:05:07.135 2348 2348 I sysui_multi_action: [757,0,758,1,759,0,927,2,928,0,1593,0]
02-18 03:05:07.135 2348 2348 I sysui_multi_action: [757,0,758,1,759,0,927,3,928,0,1593,0]
02-18 03:05:07.136 2348 2348 I sysui_multi_action: [757,491,758,1,759,491,927,4,928,0,1311,-1,1593,0]
02-18 03:05:07.136 2348 2348 I sysui_multi_action: [757,0,758,1,759,0,927,5,928,0,1593,0]
02-18 03:05:07.136 2348 2348 I sysui_multi_action: [757,111,758,1]
02-18 03:05:07.136 2348 2348 I sysui_multi_action: [757,126,758,1,759,126,927,0,928,1,1593,0]
02-18 03:05:07.136 2348 2348 I sysui_multi_action: [757,113,758,1,759,113,927,1,928,1,1593,0]
02-18 03:05:07.136 2348 2348 I sysui_multi_action: [757,0,758,1,759,0,927,2,928,0,1593,0]
02-18 03:05:07.137 2348 2348 I sysui_multi_action: [757,0,758,1,759,0,927,3,928,0,1593,0]
02-18 03:05:07.514 1520 1821 I input_interaction: Interaction with: 3373de6 NotificationShade (server), edge-swipe (server), swipe-up (server), PointerEventDispatcher0 (server),
02-18 03:05:07.787 1520 2286 I GameModeConfig: isGameModeOn = false
02-18 03:05:07.787 1520 2286 I GameModeConfig: isGameModeOn = false
02-18 03:05:07.787 1520 2286 I GameModeConfig: isGameModeOn = false
02-18 03:05:07.788 1520 2286 I GameModeConfig: isGameModeOn = false
02-18 03:05:07.788 1520 2286 I GameModeConfig: isGameModeOn = false
02-18 03:05:07.788 1520 2286 I GameModeConfig: isGameModeOn = false
02-18 03:05:07.789 2348 2348 I sysui_multi_action: [757,111,758,2]
02-18 03:05:07.789 2348 2348 I sysui_multi_action: [757,111,758,2]
02-18 03:05:07.790 1520 1520 I notification_enqueue: [10079,2348,com.android.systemui,2048,NULL,0,Notification(channel=updateNotification shortcut=null contentView=null vibrate=null sound=null defaults=0x0 flags=0x0 color=0x00000000 vis=PRIVATE),1]
02-18 03:05:07.863 1520 1613 I input_focus: [Focus request 4f5abc com.android.deskclock/com.android.deskclock.DeskClock,reason=UpdateInputWindows]
02-18 03:05:07.867 1520 6829 I sysui_multi_action: [757,128,758,2,793,7589652,794,760,795,7589652,796,26,798,0,806,android,857,DEVELOPER_IMPORTANT,858,4,947,0,1395,4,1500,7589446,1688,1]
02-18 03:05:07.867 1520 6829 I notification_visibility: [-1|android|26|null|1000,0,7589652,7589652,0,0]
