02-18 03:00:19.462 1520 1619 I am_wtf : [0,1520,system_server,-1,DisplayDeviceConfig,requesting nits when no mapping exists.]
02-18 03:00:19.477 1520 2324 E DisplayDeviceConfig: requesting nits when no mapping exists.
02-18 03:00:19.477 1520 2324 E DisplayDeviceConfig: requesting nits when no mapping exists.
02-18 03:00:19.477 1520 1619 I am_wtf : [0,1520,system_server,-1,DisplayDeviceConfig,requesting nits when no mapping exists.]
02-18 03:00:19.478 1520 1619 I am_wtf : [0,1520,system_server,-1,DisplayDeviceConfig,requesting nits when no mapping exists.]
02-18 03:00:19.494 1520 2324 E DisplayDeviceConfig: requesting nits when no mapping exists.
02-18 03:00:19.494 1520 1619 I am_wtf : [0,1520,system_server,-1,DisplayDeviceConfig,requesting nits when no mapping exists.]
02-18 03:00:19.494 1520 2324 E DisplayDeviceConfig: requesting nits when no mapping exists.
02-18 03:00:19.495 1520 1619 I am_wtf : [0,1520,system_server,-1,DisplayDeviceConfig,requesting nits when no mapping exists.]
02-18 03:00:19.510 1520 2324 E DisplayDeviceConfig: requesting nits when no mapping exists.
02-18 03:00:19.510 1520 1619 I am_wtf : [0,1520,system_server,-1,DisplayDeviceConfig,requesting nits when no mapping exists.]
02-18 03:00:19.510 1520 2324 E DisplayDeviceConfig: requesting nits when no mapping exists.
02-18 03:00:19.511 1520 1619 I am_wtf : [0,1520,system_server,-1,DisplayDeviceConfig,requesting nits when no mapping exists.]
02-18 03:00:19.527 1520 2324 E DisplayDeviceConfig: requesting nits when no mapping exists.
02-18 03:00:19.527 1520 2324 E DisplayDeviceConfig: requesting nits when no mapping exists.
02-18 03:00:19.527 1520 1619 I am_wtf : [0,1520,system_server,-1,DisplayDeviceConfig,requesting nits when no mapping exists.]
02-18 03:00:19.528 1520 1619 I am_wtf : [0,1520,system_server,-1,DisplayDeviceConfig,requesting nits when no mapping exists.]
02-18 03:00:19.543 1520 2324 E DisplayDeviceConfig: requesting nits when no mapping exists.
02-18 03:00:19.544 1520 2324 E DisplayDeviceConfig: requesting nits when no mapping exists.
02-18 03:00:19.544 1520 1619 I am_wtf : [0,1520,system_server,-1,DisplayDeviceConfig,requesting nits when no mapping exists.]
02-18 03:00:19.545 1520 1619 I am_wtf : [0,1520,system_server,-1,DisplayDeviceConfig,requesting nits when no mapping exists.]
02-18 03:00:19.560 1520 2324 E DisplayDeviceConfig: requesting nits when no mapping exists.
02-18 03:00:19.561 1520 1619 I am_wtf : [0,1520,system_server,-1,DisplayDeviceConfig,requesting nits when no mapping exists.]
02-18 03:00:19.561 1520 2324 E DisplayDeviceConfig: requesting nits when no mapping exists.
02-18 03:00:19.562 1520 1619 I am_wtf : [0,1520,system_server,-1,DisplayDeviceConfig,requesting nits when no mapping exists.]
02-18 03:00:19.577 1520 2324 E DisplayDeviceConfig: requesting nits when no mapping exists.
02-18 03:00:19.577 1520 2324 E DisplayDeviceConfig: requesting nits when no mapping exists.
02-18 03:00:19.577 1520 1619 I am_wtf : [0,1520,system_server,-1,DisplayDeviceConfig,requesting nits when no mapping exists.]
02-18 03:00:19.578 1520 1619 I am_wtf : [0,1520,system_server,-1,DisplayDeviceConfig,requesting nits when no mapping exists.]
02-18 03:00:19.593 1520 2324 E DisplayDeviceConfig: requesting nits when no mapping exists.
02-18 03:00:19.594 1520 2324 E DisplayDeviceConfig: requesting nits when no mapping exists.
02-18 03:00:19.595 1520 1619 I am_wtf : [0,1520,system_server,-1,DisplayDeviceConfig,requesting nits when no mapping exists.]
02-18 03:00:19.596 1520 1619 I am_wtf : [0,1520,system_server,-1,DisplayDeviceConfig,requesting nits when no mapping exists.]
02-18 03:00:19.610 1520 2324 E DisplayDeviceConfig: requesting nits when no mapping exists.
02-18 03:00:19.611 1520 2324 E DisplayDeviceConfig: requesting nits when no mapping exists.
02-18 03:00:19.611 1520 1619 I am_wtf : [0,1520,system_server,-1,DisplayDeviceConfig,requesting nits when no mapping exists.]
02-18 03:00:19.612 1520 1619 I am_wtf : [0,1520,system_server,-1,DisplayDeviceConfig,requesting nits when no mapping exists.]
02-18 03:00:19.627 1520 2324 E DisplayDeviceConfig: requesting nits when no mapping exists.
02-18 03:00:19.628 1520 2324 E DisplayDeviceConfig: requesting nits when no mapping exists.
02-18 03:00:19.628 1520 1619 I am_wtf : [0,1520,system_server,-1,DisplayDeviceConfig,requesting nits when no mapping exists.]
02-18 03:00:19.630 1520 1619 I am_wtf : [0,1520,system_server,-1,DisplayDeviceConfig,requesting nits when no mapping exists.]
02-18 03:00:19.644 1520 2324 E DisplayDeviceConfig: requesting nits when no mapping exists.
02-18 03:00:19.644 1520 2324 E DisplayDeviceConfig: requesting nits when no mapping exists.
02-18 03:00:19.644 1520 1619 I am_wtf : [0,1520,system_server,-1,DisplayDeviceConfig,requesting nits when no mapping exists.]
02-18 03:00:19.645 1520 1619 I am_wtf : [0,1520,system_server,-1,DisplayDeviceConfig,requesting nits when no mapping exists.]
02-18 03:00:19.660 1520 2324 E DisplayDeviceConfig: requesting nits when no mapping exists.
02-18 03:00:19.661 1520 1619 I am_wtf : [0,1520,system_server,-1,DisplayDeviceConfig,requesting nits when no mapping exists.]
02-18 03:00:19.662 1520 2324 E DisplayDeviceConfig: requesting nits when no mapping exists.
02-18 03:00:19.662 1520 1619 I am_wtf : [0,1520,system_server,-1,DisplayDeviceConfig,requesting nits when no mapping exists.]
02-18 03:00:19.677 1520 2324 E DisplayDeviceConfig: requesting nits when no mapping exists.
02-18 03:00:19.678 1520 2324 E DisplayDeviceConfig: requesting nits when no mapping exists.
02-18 03:00:19.678 1520 1619 I am_wtf : [0,1520,system_server,-1,DisplayDeviceConfig,requesting nits when no mapping exists.]
02-18 03:00:19.678 1520 1619 I am_wtf : [0,1520,system_server,-1,DisplayDeviceConfig,requesting nits when no mapping exists.]
01-05 11:59:14.338 0 0 E DTC_ETH,link_delay_work_func: 3003, SQI=0, link=0
02-18 03:00:23.592 1520 1619 I am_uid_idle: 10067
02-18 03:00:25.712 1520 1637 I PowerManagerService: Napping display group (groupId=0, uid=1000)...
02-18 03:00:25.712 1520 1637 I PowerManagerService: Nap time (uid 1000)...
02-18 03:00:25.714 1520 1637 I DreamManagerService: Entering dreamland.
02-18 03:00:25.717 1520 1637 I PowerManagerService: Dreaming...
02-18 03:00:25.725 1520 1608 I DreamController: Starting dream: name=ComponentInfo{com.thundercomm.screensaver/com.thundercomm.saverclock.service.ClockScreensaver}, isTest=false, canDoze=false, userId=0
02-18 03:00:25.725 1520 1608 I sysui_multi_action: [757,222,758,1]
02-18 03:00:25.728 1520 1608 I am_uid_active: 10048
02-18 03:00:25.738 1520 1618 I am_pss : [13982,10068,com.android.gallery3d,7384064,4919296,0,91394048,0,19,9]
02-18 03:00:25.739 1520 6103 I ActivityTaskManager: START u0 {flg=0x10000000 pkg=com.thundercomm.screensaver cmp=com.thundercomm.screensaver/android.service.dreams.DreamActivity (has extras)} from uid 10048
02-18 03:00:25.744 1520 6103 I wm_task_created: [83,-1]
02-18 03:00:25.744 1520 6103 W ActivityTaskManager: Can't find TaskDisplayArea to determine support for multi window. Task id=83 attached=false
02-18 03:00:25.747 1520 1618 I am_pss : [13876,10031,com.android.documentsui,11021312,8118272,0,103366656,0,19,7]
02-18 03:00:25.750 1520 6103 I wm_task_moved: [83,1,7]
02-18 03:00:25.751 1520 6103 I wm_task_to_front: [0,83]
02-18 03:00:25.751 1520 6103 I wm_create_task: [0,83]
02-18 03:00:25.751 1520 6103 I wm_create_activity: [0,9864882,83,com.thundercomm.screensaver/android.service.dreams.DreamActivity,NULL,NULL,NULL,276824064]
02-18 03:00:25.751 1520 6103 I wm_task_moved: [83,1,7]
02-18 03:00:25.751 13882 13882 I wm_on_top_resumed_lost_called: [152866188,com.android.music.MusicBrowserActivity,topStateChangedWhenResumed]
02-18 03:00:25.751 1520 6103 I wm_pause_activity: [0,152866188,com.android.music/.MusicBrowserActivity,userLeaving=true,pauseBackTasks]
02-18 03:00:25.753 13882 13882 I wm_on_paused_called: [152866188,com.android.music.MusicBrowserActivity,performPause]
02-18 03:00:25.754 1520 10280 I ActivityTaskManager: FOREGROUND_APPLICATION_CHANGED to android.service.dreams.DreamActivity
02-18 03:00:25.754 1520 10280 I ActivityTaskManager: The Process com.thundercomm.screensaver Already Exists in BG. So sending its PID: 4558
02-18 03:00:25.755 1520 10280 W ActivityTaskManager: Tried to set launchTime (0) < mLastActivityLaunchTime (6559453)
02-18 03:00:25.755 1520 10280 I wm_add_to_stopping: [0,152866188,com.android.music/.MusicBrowserActivity,makeInvisible]
02-18 03:00:25.755 1520 10280 I wm_restart_activity: [0,9864882,83,com.thundercomm.screensaver/android.service.dreams.DreamActivity]
02-18 03:00:25.756 1520 10280 I wm_set_resumed_activity: [0,com.thundercomm.screensaver/android.service.dreams.DreamActivity,minimalResumeActivityLocked]
02-18 03:00:25.758 1520 1612 I sysui_multi_action: [757,803,799,window_time_0,802,69]
02-18 03:00:25.760 4558 4558 I wm_on_create_called: [9864882,android.service.dreams.DreamActivity,performCreate]
02-18 03:00:25.760 4558 4558 I wm_on_start_called: [9864882,android.service.dreams.DreamActivity,handleStartActivity]
02-18 03:00:25.761 4558 4558 I wm_on_resume_called: [9864882,android.service.dreams.DreamActivity,RESUME_ACTIVITY]
02-18 03:00:25.762 2537 4260 W ContextImpl: Calling a method in the system process without a qualified user: android.app.ContextImpl.startService:1816 android.content.ContextWrapper.startService:774 com.thundercomm.gamemode.ingame.services.GameModeActionUtils.startGameModeService:111 com.thundercomm.gamemode.ingame.services.GameModeActionUtils.startGameModeEntry:22 com.thundercomm.gamemode.ingame.services.ActivityMonitoringService$1.onActivityLaunch:139
02-18 03:00:25.763 4558 4558 I wm_on_top_resumed_gained_called: [9864882,android.service.dreams.DreamActivity,topStateChangedWhenResumed]
02-18 03:00:25.764 1520 7380 I am_uid_active: 10067
02-18 03:00:25.765 1520 1520 I GameModeConfig: Current uri is uri = content://com.thundercomm.gamemode.api/gamemode_settings/gamemode_isgaming
02-18 03:00:25.767 1520 1520 I GameModeConfig: isGameModeOn = false
02-18 03:00:25.767 1520 1520 I GameModeConfig: isGameModeOn = false
02-18 03:00:25.767 1520 1520 I GameModeConfig: isDisableVoice = true
02-18 03:00:25.778 1520 1821 I input_focus: [Focus leaving a8383a1 com.android.music/com.android.music.MusicBrowserActivity (server),reason=NO_WINDOW]
02-18 03:00:25.785 1520 1613 I input_focus: [Focus request 1625bfe com.thundercomm.screensaver/android.service.dreams.DreamActivity,reason=UpdateInputWindows]
02-18 03:00:25.805 1520 1608 I sysui_multi_action: [319,64,322,56,325,7439,757,761,758,8,759,2,806,com.thundercomm.screensaver,871,android.service.dreams.DreamActivity,904,com.thundercomm.screensaver,905,0,1320,4,1321,2]
02-18 03:00:25.806 1520 1637 V DisplayPowerController[0]: Brightness [1.0] reason changing to: 'manual', previous reason: 'manual [ dim ]'.
02-18 03:00:25.806 1520 1637 I sysui_multi_action: [757,1696,758,6,759,3]
02-18 03:00:25.806 1520 1608 I wm_activity_launch_time: [0,9864882,com.thundercomm.screensaver/android.service.dreams.DreamActivity,56]
02-18 03:00:25.810 1520 2324 E DisplayDeviceConfig: requesting nits when no mapping exists.
02-18 03:00:25.810 1520 2324 E DisplayDeviceConfig: requesting nits when no mapping exists.
02-18 03:00:25.811 1520 1619 I am_wtf : [0,1520,system_server,-1,DisplayDeviceConfig,requesting nits when no mapping exists.]
02-18 03:00:25.811 1520 1619 I am_wtf : [0,1520,system_server,-1,DisplayDeviceConfig,requesting nits when no mapping exists.]
02-18 03:00:25.827 1520 2324 E DisplayDeviceConfig: requesting nits when no mapping exists.
02-18 03:00:25.827 1520 2324 E DisplayDeviceConfig: requesting nits when no mapping exists.
02-18 03:00:25.827 1520 1619 I am_wtf : [0,1520,system_server,-1,DisplayDeviceConfig,requesting nits when no mapping exists.]
02-18 03:00:25.828 1520 1619 I am_wtf : [0,1520,system_server,-1,DisplayDeviceConfig,requesting nits when no mapping exists.]
02-18 03:00:25.828 1520 1821 I input_focus: [Focus entering 1625bfe com.thundercomm.screensaver/android.service.dreams.DreamActivity (server),reason=Window became focusable. Previous reason: NOT_VISIBLE]
02-18 03:00:25.844 1520 2324 E DisplayDeviceConfig: requesting nits when no mapping exists.
02-18 03:00:25.844 1520 2324 E DisplayDeviceConfig: requesting nits when no mapping exists.
02-18 03:00:25.844 1520 1619 I am_wtf : [0,1520,system_server,-1,DisplayDeviceConfig,requesting nits when no mapping exists.]
02-18 03:00:25.845 1520 1619 I am_wtf : [0,1520,system_server,-1,DisplayDeviceConfig,requesting nits when no mapping exists.]
02-18 03:00:25.857 1520 7380 W FreeFormWindowHelper: Current Display FreeFormTask is null
02-18 03:00:25.857 1520 10280 W FreeFormWindowHelper: Current Display FreeFormTask is null
02-18 03:00:25.859 2537 4260 W ContextImpl: Calling a method in the system process without a qualified user: android.app.ContextImpl.startService:1816 android.content.ContextWrapper.startService:774 com.thundercomm.gamemode.ingame.services.GameModeActionUtils.startGameModeService:111 com.thundercomm.gamemode.ingame.services.GameModeActionUtils.startGameModeEntry:22 com.thundercomm.gamemode.ingame.services.ActivityMonitoringService$1.onActivityLaunch:139
02-18 03:00:25.860 1520 1520 I GameModeConfig: Current uri is uri = content://com.thundercomm.gamemode.api/gamemode_settings/gamemode_isgaming
02-18 03:00:25.861 1520 2324 E DisplayDeviceConfig: requesting nits when no mapping exists.
02-18 03:00:25.861 1520 2324 E DisplayDeviceConfig: requesting nits when no mapping exists.
02-18 03:00:25.861 1520 1619 I am_wtf : [0,1520,system_server,-1,DisplayDeviceConfig,requesting nits when no mapping exists.]
02-18 03:00:25.861 1520 1520 I GameModeConfig: isGameModeOn = false
02-18 03:00:25.861 1520 1520 I GameModeConfig: isGameModeOn = false
02-18 03:00:25.861 1520 1520 I GameModeConfig: isDisableVoice = true
02-18 03:00:25.861 1520 1619 I am_wtf : [0,1520,system_server,-1,DisplayDeviceConfig,requesting nits when no mapping exists.]
02-18 03:00:25.877 1520 2324 E DisplayDeviceConfig: requesting nits when no mapping exists.
02-18 03:00:25.877 1520 2324 E DisplayDeviceConfig: requesting nits when no mapping exists.
02-18 03:00:25.878 1520 1619 I am_wtf : [0,1520,system_server,-1,DisplayDeviceConfig,requesting nits when no mapping exists.]
02-18 03:00:25.878 1520 1619 I am_wtf : [0,1520,system_server,-1,DisplayDeviceConfig,requesting nits when no mapping exists.]
02-18 03:00:25.894 1520 2324 E DisplayDeviceConfig: requesting nits when no mapping exists.
02-18 03:00:25.894 1520 2324 E DisplayDeviceConfig: requesting nits when no mapping exists.
02-18 03:00:25.894 1520 1619 I am_wtf : [0,1520,system_server,-1,DisplayDeviceConfig,requesting nits when no mapping exists.]
02-18 03:00:25.895 1520 1619 I am_wtf : [0,1520,system_server,-1,DisplayDeviceConfig,requesting nits when no mapping exists.]
02-18 03:00:25.910 1520 2324 E DisplayDeviceConfig: requesting nits when no mapping exists.
02-18 03:00:25.911 1520 2324 E DisplayDeviceConfig: requesting nits when no mapping exists.
02-18 03:00:25.911 1520 1619 I am_wtf : [0,1520,system_server,-1,DisplayDeviceConfig,requesting nits when no mapping exists.]
02-18 03:00:25.911 1520 1619 I am_wtf : [0,1520,system_server,-1,DisplayDeviceConfig,requesting nits when no mapping exists.]
02-18 03:00:25.927 1520 2324 E DisplayDeviceConfig: requesting nits when no mapping exists.
02-18 03:00:25.927 1520 2324 E DisplayDeviceConfig: requesting nits when no mapping exists.
02-18 03:00:25.927 1520 1619 I am_wtf : [0,1520,system_server,-1,DisplayDeviceConfig,requesting nits when no mapping exists.]
02-18 03:00:25.928 1520 1619 I am_wtf : [0,1520,system_server,-1,DisplayDeviceConfig,requesting nits when no mapping exists.]
02-18 03:00:25.944 1520 2324 E DisplayDeviceConfig: requesting nits when no mapping exists.
02-18 03:00:25.944 1520 2324 E DisplayDeviceConfig: requesting nits when no mapping exists.
02-18 03:00:25.944 1520 1619 I am_wtf : [0,1520,system_server,-1,DisplayDeviceConfig,requesting nits when no mapping exists.]
02-18 03:00:25.944 1520 1619 I am_wtf : [0,1520,system_server,-1,DisplayDeviceConfig,requesting nits when no mapping exists.]
02-18 03:00:25.961 1520 2324 E DisplayDeviceConfig: requesting nits when no mapping exists.
02-18 03:00:25.961 1520 2324 E DisplayDeviceConfig: requesting nits when no mapping exists.
02-18 03:00:25.961 1520 1619 I am_wtf : [0,1520,system_server,-1,DisplayDeviceConfig,requesting nits when no mapping exists.]
02-18 03:00:25.961 1520 1619 I am_wtf : [0,1520,system_server,-1,DisplayDeviceConfig,requesting nits when no mapping exists.]
02-18 03:00:25.978 1520 2324 E DisplayDeviceConfig: requesting nits when no mapping exists.
02-18 03:00:25.978 1520 2324 E DisplayDeviceConfig: requesting nits when no mapping exists.
02-18 03:00:25.978 1520 1619 I am_wtf : [0,1520,system_server,-1,DisplayDeviceConfig,requesting nits when no mapping exists.]
02-18 03:00:25.978 1520 1619 I am_wtf : [0,1520,system_server,-1,DisplayDeviceConfig,requesting nits when no mapping exists.]
02-18 03:00:25.994 1520 2324 E DisplayDeviceConfig: requesting nits when no mapping exists.
02-18 03:00:25.994 1520 2324 E DisplayDeviceConfig: requesting nits when no mapping exists.
02-18 03:00:25.994 1520 1619 I am_wtf : [0,1520,system_server,-1,DisplayDeviceConfig,requesting nits when no mapping exists.]
02-18 03:00:25.995 1520 1619 I am_wtf : [0,1520,system_server,-1,DisplayDeviceConfig,requesting nits when no mapping exists.]
02-18 03:00:26.011 1520 2324 E DisplayDeviceConfig: requesting nits when no mapping exists.
02-18 03:00:26.011 1520 2324 E DisplayDeviceConfig: requesting nits when no mapping exists.
02-18 03:00:26.011 1520 1619 I am_wtf : [0,1520,system_server,-1,DisplayDeviceConfig,requesting nits when no mapping exists.]
02-18 03:00:26.012 1520 1619 I am_wtf : [0,1520,system_server,-1,DisplayDeviceConfig,requesting nits when no mapping exists.]
02-18 03:00:26.028 1520 2324 E DisplayDeviceConfig: requesting nits when no mapping exists.
02-18 03:00:26.028 1520 2324 E DisplayDeviceConfig: requesting nits when no mapping exists.
02-18 03:00:26.028 1520 1619 I am_wtf : [0,1520,system_server,-1,DisplayDeviceConfig,requesting nits when no mapping exists.]
02-18 03:00:26.028 1520 1619 I am_wtf : [0,1520,system_server,-1,DisplayDeviceConfig,requesting nits when no mapping exists.]
02-18 03:00:26.045 1520 2324 E DisplayDeviceConfig: requesting nits when no mapping exists.
02-18 03:00:26.045 1520 1619 I am_wtf : [0,1520,system_server,-1,DisplayDeviceConfig,requesting nits when no mapping exists.]
02-18 03:00:26.045 1520 2324 E DisplayDeviceConfig: requesting nits when no mapping exists.
02-18 03:00:26.045 1520 1619 I am_wtf : [0,1520,system_server,-1,DisplayDeviceConfig,requesting nits when no mapping exists.]
02-18 03:00:26.061 1520 2324 E DisplayDeviceConfig: requesting nits when no mapping exists.
02-18 03:00:26.061 1520 2324 E DisplayDeviceConfig: requesting nits when no mapping exists.
02-18 03:00:26.061 1520 1619 I am_wtf : [0,1520,system_server,-1,DisplayDeviceConfig,requesting nits when no mapping exists.]
02-18 03:00:26.061 1520 1619 I am_wtf : [0,1520,system_server,-1,DisplayDeviceConfig,requesting nits when no mapping exists.]
02-18 03:00:26.078 1520 2324 E DisplayDeviceConfig: requesting nits when no mapping exists.
02-18 03:00:26.078 1520 2324 E DisplayDeviceConfig: requesting nits when no mapping exists.
02-18 03:00:26.078 1520 1619 I am_wtf : [0,1520,system_server,-1,DisplayDeviceConfig,requesting nits when no mapping exists.]
02-18 03:00:26.079 1520 1619 I am_wtf : [0,1520,system_server,-1,DisplayDeviceConfig,requesting nits when no mapping exists.]
02-18 03:00:26.094 1520 2324 E DisplayDeviceConfig: requesting nits when no mapping exists.
02-18 03:00:26.094 1520 2324 E DisplayDeviceConfig: requesting nits when no mapping exists.
02-18 03:00:26.094 1520 1619 I am_wtf : [0,1520,system_server,-1,DisplayDeviceConfig,requesting nits when no mapping exists.]
02-18 03:00:26.095 1520 1619 I am_wtf : [0,1520,system_server,-1,DisplayDeviceConfig,requesting nits when no mapping exists.]
02-18 03:00:26.111 1520 2324 E DisplayDeviceConfig: requesting nits when no mapping exists.
02-18 03:00:26.111 1520 2324 E DisplayDeviceConfig: requesting nits when no mapping exists.
02-18 03:00:26.111 1520 1619 I am_wtf : [0,1520,system_server,-1,DisplayDeviceConfig,requesting nits when no mapping exists.]
02-18 03:00:26.112 1520 1619 I am_wtf : [0,1520,system_server,-1,DisplayDeviceConfig,requesting nits when no mapping exists.]
02-18 03:00:26.128 1520 2324 E DisplayDeviceConfig: requesting nits when no mapping exists.
02-18 03:00:26.128 1520 1619 I am_wtf : [0,1520,system_server,-1,DisplayDeviceConfig,requesting nits when no mapping exists.]
02-18 03:00:26.128 1520 2324 E DisplayDeviceConfig: requesting nits when no mapping exists.
02-18 03:00:26.129 1520 1619 I am_wtf : [0,1520,system_server,-1,DisplayDeviceConfig,requesting nits when no mapping exists.]
02-18 03:00:26.144 1520 2324 E DisplayDeviceConfig: requesting nits when no mapping exists.
02-18 03:00:26.145 1520 2324 E DisplayDeviceConfig: requesting nits when no mapping exists.
02-18 03:00:26.145 1520 1619 I am_wtf : [0,1520,system_server,-1,DisplayDeviceConfig,requesting nits when no mapping exists.]
02-18 03:00:26.145 1520 1619 I am_wtf : [0,1520,system_server,-1,DisplayDeviceConfig,requesting nits when no mapping exists.]
02-18 03:00:26.161 1520 2324 E DisplayDeviceConfig: requesting nits when no mapping exists.
02-18 03:00:26.161 1520 1619 I am_wtf : [0,1520,system_server,-1,DisplayDeviceConfig,requesting nits when no mapping exists.]
02-18 03:00:26.161 1520 2324 E DisplayDeviceConfig: requesting nits when no mapping exists.
02-18 03:00:26.162 1520 1619 I am_wtf : [0,1520,system_server,-1,DisplayDeviceConfig,requesting nits when no mapping exists.]
02-18 03:00:26.178 1520 2324 E DisplayDeviceConfig: requesting nits when no mapping exists.
02-18 03:00:26.178 1520 2324 E DisplayDeviceConfig: requesting nits when no mapping exists.
02-18 03:00:26.178 1520 1619 I am_wtf : [0,1520,system_server,-1,DisplayDeviceConfig,requesting nits when no mapping exists.]
02-18 03:00:26.179 1520 1619 I service_manager_stats: [100,39,6901]
02-18 03:00:26.179 1520 1619 I am_wtf : [0,1520,system_server,-1,DisplayDeviceConfig,requesting nits when no mapping exists.]
02-18 03:00:26.194 1520 2324 E DisplayDeviceConfig: requesting nits when no mapping exists.
02-18 03:00:26.194 1520 2324 E DisplayDeviceConfig: requesting nits when no mapping exists.
02-18 03:00:26.194 1520 1619 I am_wtf : [0,1520,system_server,-1,DisplayDeviceConfig,requesting nits when no mapping exists.]
02-18 03:00:26.195 1520 1619 I am_wtf : [0,1520,system_server,-1,DisplayDeviceConfig,requesting nits when no mapping exists.]
02-18 03:00:26.212 1520 2324 E DisplayDeviceConfig: requesting nits when no mapping exists.
02-18 03:00:26.212 1520 2324 E DisplayDeviceConfig: requesting nits when no mapping exists.
02-18 03:00:26.212 1520 1619 I am_wtf : [0,1520,system_server,-1,DisplayDeviceConfig,requesting nits when no mapping exists.]
02-18 03:00:26.212 1520 1619 I am_wtf : [0,1520,system_server,-1,DisplayDeviceConfig,requesting nits when no mapping exists.]
02-18 03:00:26.228 1520 2324 E DisplayDeviceConfig: requesting nits when no mapping exists.
02-18 03:00:26.228 1520 2324 E DisplayDeviceConfig: requesting nits when no mapping exists.
02-18 03:00:26.228 1520 1619 I am_wtf : [0,1520,system_server,-1,DisplayDeviceConfig,requesting nits when no mapping exists.]
02-18 03:00:26.228 1520 1619 I am_wtf : [0,1520,system_server,-1,DisplayDeviceConfig,requesting nits when no mapping exists.]
02-18 03:00:26.245 1520 2324 E DisplayDeviceConfig: requesting nits when no mapping exists.
02-18 03:00:26.245 1520 2324 E DisplayDeviceConfig: requesting nits when no mapping exists.
02-18 03:00:26.245 1520 1619 I am_wtf : [0,1520,system_server,-1,DisplayDeviceConfig,requesting nits when no mapping exists.]
02-18 03:00:26.245 1520 1619 I am_wtf : [0,1520,system_server,-1,DisplayDeviceConfig,requesting nits when no mapping exists.]
02-18 03:00:26.262 1520 2324 E DisplayDeviceConfig: requesting nits when no mapping exists.
02-18 03:00:26.262 1520 2324 E DisplayDeviceConfig: requesting nits when no mapping exists.
02-18 03:00:26.262 1520 1619 I am_wtf : [0,1520,system_server,-1,DisplayDeviceConfig,requesting nits when no mapping exists.]
02-18 03:00:26.262 1520 1619 I am_wtf : [0,1520,system_server,-1,DisplayDeviceConfig,requesting nits when no mapping exists.]
02-18 03:00:26.278 1520 2324 E DisplayDeviceConfig: requesting nits when no mapping exists.
02-18 03:00:26.278 1520 2324 E DisplayDeviceConfig: requesting nits when no mapping exists.
02-18 03:00:26.278 1520 1619 I am_wtf : [0,1520,system_server,-1,DisplayDeviceConfig,requesting nits when no mapping exists.]
02-18 03:00:26.278 1520 1619 I am_wtf : [0,1520,system_server,-1,DisplayDeviceConfig,requesting nits when no mapping exists.]
02-18 03:00:26.295 1520 2324 E DisplayDeviceConfig: requesting nits when no mapping exists.
02-18 03:00:26.295 1520 2324 E DisplayDeviceConfig: requesting nits when no mapping exists.
02-18 03:00:26.295 1520 1619 I am_wtf : [0,1520,system_server,-1,DisplayDeviceConfig,requesting nits when no mapping exists.]
02-18 03:00:26.296 1520 1619 I am_wtf : [0,1520,system_server,-1,DisplayDeviceConfig,requesting nits when no mapping exists.]
02-18 03:00:26.311 1520 2324 E DisplayDeviceConfig: requesting nits when no mapping exists.
02-18 03:00:26.312 1520 2324 E DisplayDeviceConfig: requesting nits when no mapping exists.
02-18 03:00:26.312 1520 1619 I am_wtf : [0,1520,system_server,-1,DisplayDeviceConfig,requesting nits when no mapping exists.]
02-18 03:00:26.313 1520 1619 I am_wtf : [0,1520,system_server,-1,DisplayDeviceConfig,requesting nits when no mapping exists.]
02-18 03:00:26.313 1520 1612 I wm_stop_activity: [0,152866188,com.android.music/.MusicBrowserActivity]
02-18 03:00:26.328 1520 2324 E DisplayDeviceConfig: requesting nits when no mapping exists.
02-18 03:00:26.329 1520 2324 E DisplayDeviceConfig: requesting nits when no mapping exists.
02-18 03:00:26.329 1520 1619 I am_wtf : [0,1520,system_server,-1,DisplayDeviceConfig,requesting nits when no mapping exists.]
02-18 03:00:26.329 1520 1619 I am_wtf : [0,1520,system_server,-1,DisplayDeviceConfig,requesting nits when no mapping exists.]
02-18 03:00:26.334 13882 13882 I wm_on_stop_called: [152866188,com.android.music.MusicBrowserActivity,STOP_ACTIVITY_ITEM]
02-18 03:00:26.345 1520 2324 E DisplayDeviceConfig: requesting nits when no mapping exists.
02-18 03:00:26.345 1520 2324 E DisplayDeviceConfig: requesting nits when no mapping exists.
02-18 03:00:26.346 1520 1619 I am_wtf : [0,1520,system_server,-1,DisplayDeviceConfig,requesting nits when no mapping exists.]
02-18 03:00:26.346 1520 1619 I am_wtf : [0,1520,system_server,-1,DisplayDeviceConfig,requesting nits when no mapping exists.]
02-18 03:00:26.351 2537 4260 W ContextImpl: Calling a method in the system process without a qualified user: android.app.ContextImpl.startService:1816 android.content.ContextWrapper.startService:774 com.thundercomm.gamemode.ingame.services.GameModeActionUtils.startGameModeService:111 com.thundercomm.gamemode.ingame.services.GameModeActionUtils.startGameModeEntry:22 com.thundercomm.gamemode.ingame.services.ActivityMonitoringService$1.onActivityLaunch:139
02-18 03:00:26.352 1520 1520 I GameModeConfig: Current uri is uri = content://com.thundercomm.gamemode.api/gamemode_settings/gamemode_isgaming
02-18 03:00:26.354 1520 1520 I GameModeConfig: isGameModeOn = false
02-18 03:00:26.354 1520 1520 I GameModeConfig: isGameModeOn = false
02-18 03:00:26.354 1520 1520 I GameModeConfig: isDisableVoice = true
02-18 03:00:26.362 1520 2324 E DisplayDeviceConfig: requesting nits when no mapping exists.
02-18 03:00:26.362 1520 2324 E DisplayDeviceConfig: requesting nits when no mapping exists.
02-18 03:00:26.362 1520 1619 I am_wtf : [0,1520,system_server,-1,DisplayDeviceConfig,requesting nits when no mapping exists.]
02-18 03:00:26.363 1520 1619 I am_wtf : [0,1520,system_server,-1,DisplayDeviceConfig,requesting nits when no mapping exists.]
02-18 03:00:26.378 1520 2324 E DisplayDeviceConfig: requesting nits when no mapping exists.
02-18 03:00:26.378 1520 2324 E DisplayDeviceConfig: requesting nits when no mapping exists.
02-18 03:00:26.378 1520 1619 I am_wtf : [0,1520,system_server,-1,DisplayDeviceConfig,requesting nits when no mapping exists.]
02-18 03:00:26.379 1520 1619 I am_wtf : [0,1520,system_server,-1,DisplayDeviceConfig,requesting nits when no mapping exists.]
02-18 03:00:26.393 1520 2324 E DisplayDeviceConfig: requesting nits when no mapping exists.
02-18 03:00:26.393 1520 2324 E DisplayDeviceConfig: requesting nits when no mapping exists.
02-18 03:00:26.393 1520 1619 I am_wtf : [0,1520,system_server,-1,DisplayDeviceConfig,requesting nits when no mapping exists.]
02-18 03:00:26.393 1520 1619 I am_wtf : [0,1520,system_server,-1,DisplayDeviceConfig,requesting nits when no mapping exists.]
02-18 03:00:26.409 1520 2324 E DisplayDeviceConfig: requesting nits when no mapping exists.
02-18 03:00:26.409 1520 2324 E DisplayDeviceConfig: requesting nits when no mapping exists.
02-18 03:00:26.409 1520 1619 I am_wtf : [0,1520,system_server,-1,DisplayDeviceConfig,requesting nits when no mapping exists.]
02-18 03:00:26.410 1520 1619 I am_wtf : [0,1520,system_server,-1,DisplayDeviceConfig,requesting nits when no mapping exists.]
02-18 03:00:26.426 1520 2324 E DisplayDeviceConfig: requesting nits when no mapping exists.
02-18 03:00:26.426 1520 2324 E DisplayDeviceConfig: requesting nits when no mapping exists.
02-18 03:00:26.426 1520 1619 I am_wtf : [0,1520,system_server,-1,DisplayDeviceConfig,requesting nits when no mapping exists.]
02-18 03:00:26.427 1520 1619 I am_wtf : [0,1520,system_server,-1,DisplayDeviceConfig,requesting nits when no mapping exists.]
02-18 03:00:26.443 1520 2324 E DisplayDeviceConfig: requesting nits when no mapping exists.
02-18 03:00:26.443 1520 2324 E DisplayDeviceConfig: requesting nits when no mapping exists.
02-18 03:00:26.444 1520 1619 I am_wtf : [0,1520,system_server,-1,DisplayDeviceConfig,requesting nits when no mapping exists.]
02-18 03:00:26.444 1520 1619 I am_wtf : [0,1520,system_server,-1,DisplayDeviceConfig,requesting nits when no mapping exists.]
02-18 03:00:26.460 1520 2324 E DisplayDeviceConfig: requesting nits when no mapping exists.
02-18 03:00:26.460 1520 2324 E DisplayDeviceConfig: requesting nits when no mapping exists.
02-18 03:00:26.460 1520 1619 I am_wtf : [0,1520,system_server,-1,DisplayDeviceConfig,requesting nits when no mapping exists.]
02-18 03:00:26.460 1520 1619 I am_wtf : [0,1520,system_server,-1,DisplayDeviceConfig,requesting nits when no mapping exists.]
02-18 03:00:26.476 1520 2324 E DisplayDeviceConfig: requesting nits when no mapping exists.
02-18 03:00:26.476 1520 2324 E DisplayDeviceConfig: requesting nits when no mapping exists.
02-18 03:00:26.476 1520 1619 I am_wtf : [0,1520,system_server,-1,DisplayDeviceConfig,requesting nits when no mapping exists.]
02-18 03:00:26.477 1520 1619 I am_wtf : [0,1520,system_server,-1,DisplayDeviceConfig,requesting nits when no mapping exists.]
02-18 03:00:26.493 1520 2324 E DisplayDeviceConfig: requesting nits when no mapping exists.
02-18 03:00:26.493 1520 2324 E DisplayDeviceConfig: requesting nits when no mapping exists.
02-18 03:00:26.493 1520 1619 I am_wtf : [0,1520,system_server,-1,DisplayDeviceConfig,requesting nits when no mapping exists.]
02-18 03:00:26.494 1520 1619 I am_wtf : [0,1520,system_server,-1,DisplayDeviceConfig,requesting nits when no mapping exists.]
02-18 03:00:26.510 1520 2324 E DisplayDeviceConfig: requesting nits when no mapping exists.
02-18 03:00:26.510 1520 2324 E DisplayDeviceConfig: requesting nits when no mapping exists.
02-18 03:00:26.510 1520 1619 I am_wtf : [0,1520,system_server,-1,DisplayDeviceConfig,requesting nits when no mapping exists.]
02-18 03:00:26.511 1520 1619 I am_wtf : [0,1520,system_server,-1,DisplayDeviceConfig,requesting nits when no mapping exists.]
02-18 03:00:26.526 1520 2324 E DisplayDeviceConfig: requesting nits when no mapping exists.
02-18 03:00:26.526 1520 2324 E DisplayDeviceConfig: requesting nits when no mapping exists.
02-18 03:00:26.526 1520 1619 I am_wtf : [0,1520,system_server,-1,DisplayDeviceConfig,requesting nits when no mapping exists.]
02-18 03:00:26.527 1520 1619 I am_wtf : [0,1520,system_server,-1,DisplayDeviceConfig,requesting nits when no mapping exists.]
02-18 03:00:26.544 1520 2324 E DisplayDeviceConfig: requesting nits when no mapping exists.
02-18 03:00:26.544 1520 2324 E DisplayDeviceConfig: requesting nits when no mapping exists.
02-18 03:00:26.544 1520 1619 I am_wtf : [0,1520,system_server,-1,DisplayDeviceConfig,requesting nits when no mapping exists.]
02-18 03:00:26.544 1520 1619 I am_wtf : [0,1520,system_server,-1,DisplayDeviceConfig,requesting nits when no mapping exists.]
02-18 03:00:26.560 1520 2324 E DisplayDeviceConfig: requesting nits when no mapping exists.
02-18 03:00:26.560 1520 1619 I am_wtf : [0,1520,system_server,-1,DisplayDeviceConfig,requesting nits when no mapping exists.]
02-18 03:00:26.560 1520 2324 E DisplayDeviceConfig: requesting nits when no mapping exists.
02-18 03:00:26.560 1520 1619 I am_wtf : [0,1520,system_server,-1,DisplayDeviceConfig,requesting nits when no mapping exists.]
02-18 03:00:26.576 1520 2324 E DisplayDeviceConfig: requesting nits when no mapping exists.
02-18 03:00:26.577 1520 1619 I am_wtf : [0,1520,system_server,-1,DisplayDeviceConfig,requesting nits when no mapping exists.]
02-18 03:00:26.577 1520 2324 E DisplayDeviceConfig: requesting nits when no mapping exists.
02-18 03:00:26.577 1520 1619 I am_wtf : [0,1520,system_server,-1,DisplayDeviceConfig,requesting nits when no mapping exists.]
02-18 03:00:26.593 1520 2324 E DisplayDeviceConfig: requesting nits when no mapping exists.
02-18 03:00:26.593 1520 2324 E DisplayDeviceConfig: requesting nits when no mapping exists.
02-18 03:00:26.593 1520 1619 I am_wtf : [0,1520,system_server,-1,DisplayDeviceConfig,requesting nits when no mapping exists.]
02-18 03:00:26.594 1520 1619 I am_wtf : [0,1520,system_server,-1,DisplayDeviceConfig,requesting nits when no mapping exists.]
02-18 03:00:26.610 1520 2324 E DisplayDeviceConfig: requesting nits when no mapping exists.
02-18 03:00:26.610 1520 2324 E DisplayDeviceConfig: requesting nits when no mapping exists.
02-18 03:00:26.610 1520 1619 I am_wtf : [0,1520,system_server,-1,DisplayDeviceConfig,requesting nits when no mapping exists.]
02-18 03:00:26.610 1520 1619 I am_wtf : [0,1520,system_server,-1,DisplayDeviceConfig,requesting nits when no mapping exists.]
02-18 03:00:26.626 1520 2324 E DisplayDeviceConfig: requesting nits when no mapping exists.
02-18 03:00:26.627 1520 2324 E DisplayDeviceConfig: requesting nits when no mapping exists.
02-18 03:00:26.627 1520 1619 I am_wtf : [0,1520,system_server,-1,DisplayDeviceConfig,requesting nits when no mapping exists.]
02-18 03:00:26.627 1520 1619 I am_wtf : [0,1520,system_server,-1,DisplayDeviceConfig,requesting nits when no mapping exists.]
02-18 03:00:26.644 1520 2324 E DisplayDeviceConfig: requesting nits when no mapping exists.
02-18 03:00:26.644 1520 2324 E DisplayDeviceConfig: requesting nits when no mapping exists.
02-18 03:00:26.644 1520 1619 I am_wtf : [0,1520,system_server,-1,DisplayDeviceConfig,requesting nits when no mapping exists.]
02-18 03:00:26.644 1520 1619 I am_wtf : [0,1520,system_server,-1,DisplayDeviceConfig,requesting nits when no mapping exists.]
02-18 03:00:26.660 1520 2324 E DisplayDeviceConfig: requesting nits when no mapping exists.
02-18 03:00:26.660 1520 2324 E DisplayDeviceConfig: requesting nits when no mapping exists.
02-18 03:00:26.660 1520 1619 I am_wtf : [0,1520,system_server,-1,DisplayDeviceConfig,requesting nits when no mapping exists.]
02-18 03:00:26.660 1520 1619 I am_wtf : [0,1520,system_server,-1,DisplayDeviceConfig,requesting nits when no mapping exists.]
01-05 11:59:19.458 0 0 E DTC_ETH,link_delay_work_func: 3003, SQI=0, link=0
02-18 03:00:26.677 1520 2324 E DisplayDeviceConfig: requesting nits when no mapping exists.
02-18 03:00:26.677 1520 2324 E DisplayDeviceConfig: requesting nits when no mapping exists.
02-18 03:00:26.677 1520 1619 I am_wtf : [0,1520,system_server,-1,DisplayDeviceConfig,requesting nits when no mapping exists.]
02-18 03:00:26.677 1520 1619 I am_wtf : [0,1520,system_server,-1,DisplayDeviceConfig,requesting nits when no mapping exists.]
02-18 03:00:26.693 1520 2324 E DisplayDeviceConfig: requesting nits when no mapping exists.
02-18 03:00:26.693 1520 2324 E DisplayDeviceConfig: requesting nits when no mapping exists.
02-18 03:00:26.693 1520 1619 I am_wtf : [0,1520,system_server,-1,DisplayDeviceConfig,requesting nits when no mapping exists.]
02-18 03:00:26.694 1520 1619 I am_wtf : [0,1520,system_server,-1,DisplayDeviceConfig,requesting nits when no mapping exists.]
02-18 03:00:26.710 1520 2324 E DisplayDeviceConfig: requesting nits when no mapping exists.
02-18 03:00:26.710 1520 2324 E DisplayDeviceConfig: requesting nits when no mapping exists.
02-18 03:00:26.710 1520 1619 I am_wtf : [0,1520,system_server,-1,DisplayDeviceConfig,requesting nits when no mapping exists.]
02-18 03:00:26.710 1520 1619 I am_wtf : [0,1520,system_server,-1,DisplayDeviceConfig,requesting nits when no mapping exists.]
02-18 03:00:26.727 1520 2324 E DisplayDeviceConfig: requesting nits when no mapping exists.
02-18 03:00:26.727 1520 2324 E DisplayDeviceConfig: requesting nits when no mapping exists.
02-18 03:00:26.727 1520 1619 I am_wtf : [0,1520,system_server,-1,DisplayDeviceConfig,requesting nits when no mapping exists.]
02-18 03:00:26.727 1520 1619 I am_wtf : [0,1520,system_server,-1,DisplayDeviceConfig,requesting nits when no mapping exists.]
02-18 03:00:26.743 1520 2324 E DisplayDeviceConfig: requesting nits when no mapping exists.
02-18 03:00:26.743 1520 2324 E DisplayDeviceConfig: requesting nits when no mapping exists.
02-18 03:00:26.743 1520 1619 I am_wtf : [0,1520,system_server,-1,DisplayDeviceConfig,requesting nits when no mapping exists.]
02-18 03:00:26.744 1520 1619 I am_wtf : [0,1520,system_server,-1,DisplayDeviceConfig,requesting nits when no mapping exists.]
02-18 03:00:26.760 1520 2324 E DisplayDeviceConfig: requesting nits when no mapping exists.
02-18 03:00:26.761 1520 2324 E DisplayDeviceConfig: requesting nits when no mapping exists.
02-18 03:00:26.761 1520 1619 I am_wtf : [0,1520,system_server,-1,DisplayDeviceConfig,requesting nits when no mapping exists.]
02-18 03:00:26.761 1520 1619 I am_wtf : [0,1520,system_server,-1,DisplayDeviceConfig,requesting nits when no mapping exists.]
01-05 11:59:22.371 0 0 I qcom_rpmh DRV: apps_rsc TCS Busy, retrying RPMH message send: addr=0x41b08
01-05 11:59:24.068 0 0 I msm_vidc: err : ffffffff: .....: DBLP Set: status 0
01-05 11:59:24.578 0 0 E DTC_ETH,link_delay_work_func: 3003, SQI=0, link=0
01-05 11:59:29.698 0 0 E DTC_ETH,link_delay_work_func: 3003, SQI=0, link=0
01-05 11:59:34.818 0 0 E DTC_ETH,link_delay_work_func: 3003, SQI=0, link=0
01-05 11:59:39.938 0 0 E DTC_ETH,link_delay_work_func: 3003, SQI=0, link=0
01-05 11:59:45.058 0 0 E DTC_ETH,link_delay_work_func: 3003, SQI=0, link=0
01-05 11:59:50.178 0 0 E DTC_ETH,link_delay_work_func: 3003, SQI=0, link=0
01-05 11:59:55.299 0 0 E DTC_ETH,link_delay_work_func: 3003, SQI=0, link=0
01-05 11:59:58.405 0 0 I msm_vidc: err : ffffffff: .....: DBLP Set: status 0
01-05 12:00:00.418 0 0 E DTC_ETH,link_delay_work_func: 3003, SQI=0, link=0
01-05 12:00:05.538 0 0 E DTC_ETH,link_delay_work_func: 3003, SQI=0, link=0
01-05 12:00:10.658 0 0 E DTC_ETH,link_delay_work_func: 3003, SQI=0, link=0
01-05 12:00:15.778 0 0 E DTC_ETH,link_delay_work_func: 3003, SQI=0, link=0
02-18 03:01:26.341 1520 1619 I am_uid_idle: 10083
01-05 12:00:20.898 0 0 E DTC_ETH,link_delay_work_func: 3003, SQI=0, link=0
02-18 03:01:32.388 1520 1619 I am_uid_idle: 10067
01-05 12:00:26.018 0 0 E DTC_ETH,link_delay_work_func: 3003, SQI=0, link=0
01-05 12:00:31.138 0 0 E DTC_ETH,link_delay_work_func: 3003, SQI=0, link=0
01-05 12:00:36.258 0 0 E DTC_ETH,link_delay_work_func: 3003, SQI=0, link=0
02-18 03:01:46.188 1520 1802 D ActivityManager: freezing 13206 com.android.settings
02-18 03:01:46.188 1520 1802 E ActivityManager: Unable to freeze binder for 13206 com.android.settings
02-18 03:01:46.190 1520 1802 D ActivityManager: froze 13206 com.android.settings
01-05 12:00:38.975 0 0 I binder : 1520:1802 ioctl 400c620e 6f1c4355d8 returned -22
01-05 12:00:38.978 0 0 I binder : 1520:1802 ioctl c00c620f 6f1c4355b8 returned -22
02-18 03:01:46.191 1520 1802 I am_freeze: [13206,com.android.settings]
02-18 03:01:46.191 1520 1802 E ActivityManager: Unable to freeze binder for 13206 com.android.settings
02-18 03:01:46.191 1520 1802 I ActivityManager: Killing 13206:com.android.settings/1000 (adj 965): Unable to freeze binder interface
02-18 03:01:46.192 1520 1802 I am_kill : [0,13206,com.android.settings,965,Unable to freeze binder interface]
02-18 03:01:46.226 1520 6103 I am_proc_died: [0,13206,com.android.settings,965,19]
02-18 03:01:46.233 1520 1612 D CompatibilityChangeReporter: Compat change id reported: 135634846; UID 1000; state: DISABLED
02-18 03:01:46.233 1520 1612 D CompatibilityChangeReporter: Compat change id reported: 177438394; UID 1000; state: DISABLED
02-18 03:01:46.233 1520 1612 D CompatibilityChangeReporter: Compat change id reported: 135772972; UID 1000; state: DISABLED
02-18 03:01:46.233 1520 1612 D CompatibilityChangeReporter: Compat change id reported: 135754954; UID 1000; state: ENABLED
02-18 03:01:46.238 1520 1618 I am_pss : [13882,10083,com.android.music,33124352,26947584,0,147718144,0,10,8]
02-18 03:01:46.244 1520 1618 I am_pss : [13982,10068,com.android.gallery3d,7411712,4919296,0,91394048,0,19,5]
02-18 03:01:46.248 1520 1620 I am_proc_start: [0,14018,1000,com.android.settings,NULL,]
02-18 03:01:46.248 1520 1620 I ActivityManager: Start proc 14018:com.android.settings/1000 for null
01-05 12:00:39.067 0 0 I binder : 14018:14018 ioctl 40046210 7fd1658544 returned -22
02-18 03:01:46.282 1520 6103 I am_proc_bound: [0,14018,com.android.settings]
02-18 03:01:46.284 1520 6103 D CompatibilityChangeReporter: Compat change id reported: 168419799; UID 1000; state: DISABLED
02-18 03:01:46.350 1520 6103 I am_wtf : [0,14018,com.android.settings,952647173,RoleParser,com.android.permissioncontroller.role.model.AssistantRoleBehavior]
02-18 03:01:46.351 1520 14033 I DropBoxManagerService: add tag=system_app_wtf isTagEnabled=true flags=0x2
02-18 03:01:46.352 1520 6103 I am_wtf : [0,14018,com.android.settings,952647173,RoleParser,com.android.permissioncontroller.role.model.BrowserRoleBehavior]
02-18 03:01:46.352 1520 14034 I DropBoxManagerService: add tag=system_app_wtf isTagEnabled=true flags=0x2
02-18 03:01:46.353 1520 6103 I am_wtf : [0,14018,com.android.settings,952647173,RoleParser,com.android.permissioncontroller.role.model.DialerRoleBehavior]
02-18 03:01:46.354 1520 14035 I DropBoxManagerService: add tag=system_app_wtf isTagEnabled=true flags=0x2
02-18 03:01:46.355 1520 6103 I am_wtf : [0,14018,com.android.settings,952647173,RoleParser,com.android.permissioncontroller.role.model.SmsRoleBehavior]
02-18 03:01:46.355 1520 14036 I DropBoxManagerService: add tag=system_app_wtf isTagEnabled=true flags=0x2
02-18 03:01:46.357 1520 6103 I am_wtf : [0,14018,com.android.settings,952647173,RoleParser,com.android.permissioncontroller.role.model.EmergencyRoleBehavior]
02-18 03:01:46.357 1520 14037 I DropBoxManagerService: add tag=system_app_wtf isTagEnabled=true flags=0x2
02-18 03:01:46.358 1520 6103 I am_wtf : [0,14018,com.android.settings,952647173,RoleParser,com.android.permissioncontroller.role.model.HomeRoleBehavior]
02-18 03:01:46.362 1520 6103 I am_wtf : [0,14018,com.android.settings,952647173,RoleParser,com.android.permissioncontroller.role.model.SystemAutomotiveClusterRoleBehavior]
02-18 03:01:46.363 1520 6103 I am_wtf : [0,14018,com.android.settings,952647173,RoleParser,com.android.permissioncontroller.role.model.CompanionDeviceWatchRoleBehavior]
02-18 03:01:46.365 1520 6103 I am_wtf : [0,14018,com.android.settings,952647173,RoleParser,com.android.permissioncontroller.role.model.SystemShellRoleBehavior]
02-18 03:01:46.368 1520 6103 I am_wtf : [0,14018,com.android.settings,952647173,RoleParser,com.android.permissioncontroller.role.model.TelevisionRoleBehavior]
02-18 03:01:46.373 1520 6103 I am_wtf : [0,14018,com.android.settings,952647173,RoleParser,com.android.permissioncontroller.role.model.TelevisionRoleBehavior]
01-05 12:00:41.378 0 0 E DTC_ETH,link_delay_work_func: 3003, SQI=0, link=0
01-05 12:00:46.498 0 0 E DTC_ETH,link_delay_work_func: 3003, SQI=0, link=0
01-05 12:00:51.618 0 0 E DTC_ETH,link_delay_work_func: 3003, SQI=0, link=0
02-18 03:02:02.358 1520 1821 I input_interaction: Interaction with: 1625bfe com.thundercomm.screensaver/android.service.dreams.DreamActivity (server), edge-swipe (server), swipe-up (server), PointerEventDispatcher0 (server),
02-18 03:02:02.363 1520 7380 I wm_finish_activity: [0,9864882,83,com.thundercomm.screensaver/android.service.dreams.DreamActivity,finish-activity]
02-18 03:02:02.363 1520 7380 I wm_task_moved: [82,1,6]
02-18 03:02:02.363 1520 7380 I wm_task_to_front: [0,82]
02-18 03:02:02.364 1520 7380 I wm_focused_root_task: [0,0,82,83,finish-top adjustFocusToNextFocusableTask]
02-18 03:02:02.366 1520 7380 I wm_pause_activity: [0,9864882,com.thundercomm.screensaver/android.service.dreams.DreamActivity,userLeaving=false,finish]
02-18 03:02:02.378 1520 6103 I DreamManagerService: Gently waking up from dream.
02-18 03:02:02.378 1520 1612 I sysui_multi_action: [757,803,799,window_time_0,802,96]
02-18 03:02:02.380 4558 4558 I wm_on_top_resumed_lost_called: [9864882,android.service.dreams.DreamActivity,topStateChangedWhenResumed]
02-18 03:02:02.380 4558 4558 I wm_on_paused_called: [9864882,android.service.dreams.DreamActivity,performPause]
02-18 03:02:02.381 1520 1608 I DreamManagerService: Performing gentle wake from dream.
02-18 03:02:02.381 1520 10280 I wm_add_to_stopping: [0,9864882,com.thundercomm.screensaver/android.service.dreams.DreamActivity,completeFinishing]
02-18 03:02:02.382 1520 10280 I ActivityTaskManager: FOREGROUND_APPLICATION_CHANGED to com.android.music.MusicBrowserActivity
02-18 03:02:02.384 1520 10280 I wm_set_resumed_activity: [0,com.android.music/.MusicBrowserActivity,resumeTopActivityInnerLocked]
02-18 03:02:02.384 1520 10280 I wm_resume_activity: [0,152866188,82,com.android.music/.MusicBrowserActivity]
02-18 03:02:02.389 1520 1612 I am_uid_active: 10083
02-18 03:02:02.391 1520 1612 I sysui_multi_action: [757,803,799,window_time_0,802,0]
02-18 03:02:02.396 13882 13882 I wm_on_restart_called: [152866188,com.android.music.MusicBrowserActivity,performRestartActivity]
02-18 03:02:02.397 4558 4558 I view_enqueue_input_event: [Motion - Cancel,com.thundercomm.screensaver/android.service.dreams.DreamActivity]
02-18 03:02:02.397 1520 1821 I input_focus: [Focus leaving 1625bfe com.thundercomm.screensaver/android.service.dreams.DreamActivity (server),reason=NO_WINDOW]
02-18 03:02:02.398 13882 13882 I wm_on_start_called: [152866188,com.android.music.MusicBrowserActivity,handleStartActivity]
02-18 03:02:02.399 13882 13882 I wm_on_resume_called: [152866188,com.android.music.MusicBrowserActivity,RESUME_ACTIVITY]
02-18 03:02:02.403 13882 13882 I wm_on_top_resumed_gained_called: [152866188,com.android.music.MusicBrowserActivity,topWhenResuming]
02-18 03:02:02.406 2537 4260 W ContextImpl: Calling a method in the system process without a qualified user: android.app.ContextImpl.startService:1816 android.content.ContextWrapper.startService:774 com.thundercomm.gamemode.ingame.services.GameModeActionUtils.startGameModeService:111 com.thundercomm.gamemode.ingame.services.GameModeActionUtils.startGameModeEntry:22 com.thundercomm.gamemode.ingame.services.ActivityMonitoringService$1.onActivityLaunch:139
02-18 03:02:02.407 1520 10280 I am_uid_active: 10067
02-18 03:02:02.408 1520 1520 I GameModeConfig: Current uri is uri = content://com.thundercomm.gamemode.api/gamemode_settings/gamemode_isgaming
02-18 03:02:02.412 1520 1613 I input_focus: [Focus request a8383a1 com.android.music/com.android.music.MusicBrowserActivity,reason=UpdateInputWindows]
02-18 03:02:02.415 1520 1520 I GameModeConfig: isGameModeOn = false
02-18 03:02:02.416 1520 1520 I GameModeConfig: isGameModeOn = false
02-18 03:02:02.416 1520 1520 I GameModeConfig: isDisableVoice = true
02-18 03:02:02.419 1520 2286 I GameModeConfig: isGameModeOn = false
02-18 03:02:02.419 1520 2286 I GameModeConfig: isGameModeOn = false
02-18 03:02:02.419 1520 2286 I GameModeConfig: isGameModeOn = false
02-18 03:02:02.419 1520 2286 I GameModeConfig: isGameModeOn = false
02-18 03:02:02.420 1520 2286 I GameModeConfig: isGameModeOn = false
02-18 03:02:02.428 1520 1821 I input_focus: [Focus entering a8383a1 com.android.music/com.android.music.MusicBrowserActivity (server),reason=setFocusedWindow]
02-18 03:02:02.430 1520 1520 I notification_enqueue: [10083,13882,com.android.music,1,NULL,0,Notification(channel=Channel-music shortcut=null contentView=null vibrate=null sound=null defaults=0x0 flags=0x0 color=0x00000000 category=transport actions=4 vis=PRIVATE),1]
02-18 03:02:02.436 1520 1520 I notification_enqueue: [10083,13882,com.android.music,1,NULL,0,Notification(channel=Channel-music shortcut=null contentView=null vibrate=null sound=null defaults=0x0 flags=0x40 color=0x00000000 category=transport actions=4 vis=PRIVATE),1]
02-18 03:02:02.449 1520 6103 W ActivityManager: Receiver with filter android.content.IntentFilter@e25ce5f already registered for pid 13882, callerPackage is com.android.music
02-18 03:02:02.465 1520 1637 I PowerManagerService: Powering on display group fromDreaming (groupId=0, uid=1000, reason=WAKE_REASON_UNKNOWN, details=android.server.power:DREAM_FINISHED)...
