02-18 03:02:02.465 1520 1637 I PowerManagerService: Waking up from Dreaming (uid=1000, reason=WAKE_REASON_UNKNOWN, details=android.server.power:DREAM_FINISHED)...
02-18 03:02:02.485 1520 6103 W FreeFormWindowHelper: Current Display FreeFormTask is null
02-18 03:02:02.486 1520 10280 W FreeFormWindowHelper: Current Display FreeFormTask is null
02-18 03:02:02.489 2537 4260 W ContextImpl: Calling a method in the system process without a qualified user: android.app.ContextImpl.startService:1816 android.content.ContextWrapper.startService:774 com.thundercomm.gamemode.ingame.services.GameModeActionUtils.startGameModeService:111 com.thundercomm.gamemode.ingame.services.GameModeActionUtils.startGameModeEntry:22 com.thundercomm.gamemode.ingame.services.ActivityMonitoringService$1.onActivityLaunch:139
02-18 03:02:02.494 1520 1520 I GameModeConfig: Current uri is uri = content://com.thundercomm.gamemode.api/gamemode_settings/gamemode_isgaming
02-18 03:02:02.497 1520 1520 I GameModeConfig: isGameModeOn = false
02-18 03:02:02.497 1520 1520 I GameModeConfig: isGameModeOn = false
02-18 03:02:02.497 1520 1520 I GameModeConfig: isDisableVoice = true
02-18 03:02:02.632 1520 1520 I GameModeConfig: isGameModeOn = false
02-18 03:02:02.637 1520 1520 I GameModeConfig: isGameModeOn = false
02-18 03:02:02.935 1520 1612 I wm_destroy_activity: [0,9864882,83,com.thundercomm.screensaver/android.service.dreams.DreamActivity,finish-imm:idle]
02-18 03:02:02.945 2537 4260 W ContextImpl: Calling a method in the system process without a qualified user: android.app.ContextImpl.startService:1816 android.content.ContextWrapper.startService:774 com.thundercomm.gamemode.ingame.services.GameModeActionUtils.startGameModeService:111 com.thundercomm.gamemode.ingame.services.GameModeActionUtils.startGameModeEntry:22 com.thundercomm.gamemode.ingame.services.ActivityMonitoringService$1.onActivityLaunch:139
02-18 03:02:02.951 1520 1520 I GameModeConfig: Current uri is uri = content://com.thundercomm.gamemode.api/gamemode_settings/gamemode_isgaming
02-18 03:02:02.953 1520 1520 I GameModeConfig: isGameModeOn = false
02-18 03:02:02.953 1520 1520 I GameModeConfig: isGameModeOn = false
02-18 03:02:02.953 1520 1520 I GameModeConfig: isDisableVoice = true
02-18 03:02:02.960 4558 4558 I wm_on_stop_called: [9864882,android.service.dreams.DreamActivity,LIFECYCLER_STOP_ACTIVITY]
02-18 03:02:02.961 4558 4558 I wm_on_destroy_called: [9864882,android.service.dreams.DreamActivity,performDestroy]
02-18 03:02:02.963 1520 6103 I DreamManagerService: Leaving dreamland.
02-18 03:02:02.967 1520 1608 I DreamManagerService: Performing gentle wake from dream.
02-18 03:02:02.967 1520 1608 I DreamController: Stopping dream: name=ComponentInfo{com.thundercomm.screensaver/com.thundercomm.saverclock.service.ClockScreensaver}, isTest=false, canDoze=false, userId=0, reason='finished self'(from 'finished self')
02-18 03:02:02.967 1520 1608 I sysui_multi_action: [757,222,758,2]
02-18 03:02:02.967 1520 1608 I sysui_multi_action: [757,804,799,dreaming_minutes,801,1,802,1]
02-18 03:02:02.975 1520 6103 I wm_task_removed: [83,removeChild:removeChild last r=ActivityRecord{9686b2 u0 com.thundercomm.screensaver/android.service.dreams.DreamActivity t-1 f}} in t=Task{da3e4f #83 type=dream A=10048:android:com.thundercomm.screensaver/dream U=0 visible=false mode=fullscreen translucent=true sz=0}]
02-18 03:02:02.975 1520 6103 I wm_task_removed: [83,removeChild]
02-18 03:02:02.978 1520 1613 W ActivityTaskManager: Can't find TaskDisplayArea to determine support for multi window. Task id=83 attached=false
01-05 12:00:56.738 0 0 E DTC_ETH,link_delay_work_func: 3003, SQI=0, link=0
01-05 12:01:01.858 0 0 E DTC_ETH,link_delay_work_func: 3003, SQI=0, link=0
02-18 03:02:09.190 1520 1821 I input_interaction: Interaction with: a8383a1 com.android.music/com.android.music.MusicBrowserActivity (server), edge-swipe (server), swipe-up (server), PointerEventDispatcher0 (server),
02-18 03:02:09.203 1520 6103 W FreeFormWindowHelper: Current Display FreeFormTask is null
02-18 03:02:09.205 1520 6103 W FreeFormWindowHelper: Current Display FreeFormTask is null
02-18 03:02:09.205 1520 6103 W FreeFormWindowHelper: Current Display FreeFormTask is null
02-18 03:02:09.208 1520 10280 W FreeFormWindowHelper: Current Display FreeFormTask is null
02-18 03:02:09.209 1520 6103 I wm_task_moved: [1,0,0]
02-18 03:02:09.209 1520 6103 I wm_task_moved: [1,0,5]
02-18 03:02:09.216 13882 13882 I view_enqueue_input_event: [Motion - Cancel,com.android.music/com.android.music.MusicBrowserActivity]
02-18 03:02:09.226 1520 1821 I input_interaction: Interaction with: edge-swipe (server), swipe-up (server), PointerEventDispatcher0 (server),
02-18 03:02:09.228 2537 4260 W ContextImpl: Calling a method in the system process without a qualified user: android.app.ContextImpl.startService:1816 android.content.ContextWrapper.startService:774 com.thundercomm.gamemode.ingame.services.GameModeActionUtils.startGameModeService:111 com.thundercomm.gamemode.ingame.services.GameModeActionUtils.startGameModeEntry:22 com.thundercomm.gamemode.ingame.services.ActivityMonitoringService$1.onActivityLaunch:139
02-18 03:02:09.233 1520 1520 I GameModeConfig: Current uri is uri = content://com.thundercomm.gamemode.api/gamemode_settings/gamemode_isgaming
02-18 03:02:09.235 1520 1520 I GameModeConfig: isGameModeOn = false
02-18 03:02:09.235 1520 1520 I GameModeConfig: isGameModeOn = false
02-18 03:02:09.235 1520 1520 I GameModeConfig: isDisableVoice = true
02-18 03:02:09.236 1520 1613 I input_focus: [Focus request recents_animation_input_consumer,reason=UpdateInputWindows]
02-18 03:02:09.236 2828 2828 I wm_on_restart_called: [58637558,com.android.launcher3.uioverrides.QuickstepLauncher,performRestartActivity]
02-18 03:02:09.236 1520 10280 W FreeFormWindowHelper: Current Display FreeFormTask is null
02-18 03:02:09.236 1520 10280 W FreeFormWindowHelper: Current Display FreeFormTask is null
02-18 03:02:09.237 1520 10280 W FreeFormWindowHelper: Current Display FreeFormTask is null
02-18 03:02:09.246 2828 2828 I wm_on_start_called: [58637558,com.android.launcher3.uioverrides.QuickstepLauncher,handleStartActivity]
02-18 03:02:09.246 1520 7379 W ActivityTaskManager: getTaskSnapshot: taskId=1082 not found
02-18 03:02:09.246 1520 10280 W FreeFormWindowHelper: Current Display FreeFormTask is null
02-18 03:02:09.247 1520 10280 W ActivityTaskManager: getTaskSnapshot: taskId=1082 not found
02-18 03:02:09.247 1520 10280 W ActivityTaskManager: getTaskSnapshot: taskId=2082 not found
02-18 03:02:09.251 1520 6103 W ActivityTaskManager: getTaskSnapshot: taskId=3082 not found
02-18 03:02:09.252 1520 10280 W ActivityTaskManager: getTaskSnapshot: taskId=4082 not found
02-18 03:02:09.253 1520 10280 W FreeFormWindowHelper: Current Display FreeFormTask is null
02-18 03:02:09.253 1520 10280 W FreeFormWindowHelper: Current Display FreeFormTask is null
02-18 03:02:09.253 1520 10280 W ActivityTaskManager: getTaskSnapshot: taskId=1082 not found
02-18 03:02:09.254 1520 10280 W ActivityTaskManager: getTaskSnapshot: taskId=2082 not found
02-18 03:02:09.254 2828 2828 I sysui_latency: [1,64]
02-18 03:02:09.254 1520 10280 W ActivityTaskManager: getTaskSnapshot: taskId=3082 not found
02-18 03:02:09.254 1520 10280 W ActivityTaskManager: getTaskSnapshot: taskId=4082 not found
02-18 03:02:09.255 1520 10280 W ActivityTaskManager: getTaskSnapshot: taskId=1082 not found
02-18 03:02:09.255 1520 10280 W ActivityTaskManager: getTaskSnapshot: taskId=2082 not found
02-18 03:02:09.255 1520 10280 W ActivityTaskManager: getTaskSnapshot: taskId=3082 not found
02-18 03:02:09.255 1520 10280 W ActivityTaskManager: getTaskSnapshot: taskId=4082 not found
02-18 03:02:09.255 1520 10280 W ActivityTaskManager: getTaskSnapshot: taskId=5082 not found
02-18 03:02:09.261 1520 1821 I input_focus: [Focus leaving a8383a1 com.android.music/com.android.music.MusicBrowserActivity (server),reason=NOT_FOCUSABLE]
02-18 03:02:09.261 1520 1821 I input_focus: [Focus entering recents_animation_input_consumer (server),reason=setFocusedWindow]
02-18 03:02:09.272 1520 1608 I sysui_multi_action: [319,10,322,54,325,7542,757,761,758,9,759,5,806,com.android.launcher3,871,com.android.launcher3.uioverrides.QuickstepLauncher,905,0,1320,4,1321,1]
02-18 03:02:09.277 1520 10280 W FreeFormWindowHelper: Current Display FreeFormTask is null
02-18 03:02:09.277 1520 10280 W FreeFormWindowHelper: Current Display FreeFormTask is null
02-18 03:02:09.448 1520 1768 I commit_sys_config_file: [settings-1-0,3]
02-18 03:02:09.565 1520 1618 I sysui_latency: [8,69]
02-18 03:02:09.685 1520 10280 W FreeFormWindowHelper: Current Display FreeFormTask is null
02-18 03:02:09.685 1520 6103 W FreeFormWindowHelper: Current Display FreeFormTask is null
02-18 03:02:09.686 1520 7379 W FreeFormWindowHelper: Current Display FreeFormTask is null
02-18 03:02:10.002 1520 10280 I wm_task_moved: [1,1,6]
02-18 03:02:10.003 1520 10280 I wm_focused_root_task: [0,0,1,82,RecentsAnimation.onAnimationFinished()]
02-18 03:02:10.006 1520 10280 I wm_pause_activity: [0,152866188,com.android.music/.MusicBrowserActivity,userLeaving=false,pauseBackTasks]
02-18 03:02:10.006 13882 13882 I wm_on_top_resumed_lost_called: [152866188,com.android.music.MusicBrowserActivity,topStateChangedWhenResumed]
02-18 03:02:10.008 1520 10280 I ActivityTaskManager: FOREGROUND_APPLICATION_CHANGED to com.android.launcher3.uioverrides.QuickstepLauncher
02-18 03:02:10.009 1520 10280 I wm_set_resumed_activity: [0,com.android.launcher3/.uioverrides.QuickstepLauncher,resumeTopActivityInnerLocked]
02-18 03:02:10.011 1520 10280 I wm_resume_activity: [0,58637558,11,com.android.launcher3/.uioverrides.QuickstepLauncher]
02-18 03:02:10.012 1520 10280 I wm_add_to_stopping: [0,152866188,com.android.music/.MusicBrowserActivity,makeInvisible]
02-18 03:02:10.013 2828 2828 I wm_on_resume_called: [58637558,com.android.launcher3.uioverrides.QuickstepLauncher,RESUME_ACTIVITY]
02-18 03:02:10.019 1520 1613 I input_focus: [Focus request ea4c11d com.android.launcher3/com.android.launcher3.uioverrides.QuickstepLauncher,reason=UpdateInputWindows]
02-18 03:02:10.023 13882 13882 I wm_on_paused_called: [152866188,com.android.music.MusicBrowserActivity,performPause]
02-18 03:02:10.024 1520 1612 I sysui_multi_action: [757,803,799,window_time_0,802,8]
02-18 03:02:10.024 1520 7379 W FreeFormWindowHelper: Current Display FreeFormTask is null
02-18 03:02:10.025 1520 7379 W FreeFormWindowHelper: Current Display FreeFormTask is null
02-18 03:02:10.026 1520 7379 W FreeFormWindowHelper: Current Display FreeFormTask is null
02-18 03:02:10.028 1520 6103 I wm_stop_activity: [0,152866188,com.android.music/.MusicBrowserActivity]
02-18 03:02:10.035 1520 1821 I input_focus: [Focus leaving recents_animation_input_consumer (server),reason=NOT_VISIBLE]
02-18 03:02:10.035 1520 1821 I input_focus: [Focus entering ea4c11d com.android.launcher3/com.android.launcher3.uioverrides.QuickstepLauncher (server),reason=setFocusedWindow]
02-18 03:02:10.035 1520 1612 I sysui_multi_action: [757,803,799,window_time_0,802,0]
02-18 03:02:10.040 13882 13882 I wm_on_stop_called: [152866188,com.android.music.MusicBrowserActivity,STOP_ACTIVITY_ITEM]
02-18 03:02:10.045 1520 1618 I am_pss : [14018,1000,com.android.settings,18326528,16248832,0,104140800,0,19,6]
02-18 03:02:10.057 2537 4260 W ContextImpl: Calling a method in the system process without a qualified user: android.app.ContextImpl.startService:1816 android.content.ContextWrapper.startService:774 com.thundercomm.gamemode.ingame.services.GameModeActionUtils.startGameModeService:111 com.thundercomm.gamemode.ingame.services.GameModeActionUtils.startGameModeEntry:22 com.thundercomm.gamemode.ingame.services.ActivityMonitoringService$1.onActivityLaunch:139
02-18 03:02:10.060 1520 1520 I GameModeConfig: Current uri is uri = content://com.thundercomm.gamemode.api/gamemode_settings/gamemode_isgaming
02-18 03:02:10.062 1520 1520 I GameModeConfig: isGameModeOn = false
02-18 03:02:10.063 1520 1520 I GameModeConfig: isGameModeOn = false
02-18 03:02:10.063 1520 1520 I GameModeConfig: isDisableVoice = true
02-18 03:02:10.070 1520 7379 W FreeFormWindowHelper: Current Display FreeFormTask is null
02-18 03:02:10.070 1520 7379 W FreeFormWindowHelper: Current Display FreeFormTask is null
02-18 03:02:10.072 2828 2828 I wm_on_top_resumed_gained_called: [58637558,com.android.launcher3.uioverrides.QuickstepLauncher,topStateChangedWhenResumed]
02-18 03:02:10.122 1520 10280 W FreeFormWindowHelper: Current Display FreeFormTask is null
02-18 03:02:10.132 2537 4260 W ContextImpl: Calling a method in the system process without a qualified user: android.app.ContextImpl.startService:1816 android.content.ContextWrapper.startService:774 com.thundercomm.gamemode.ingame.services.GameModeActionUtils.startGameModeService:111 com.thundercomm.gamemode.ingame.services.GameModeActionUtils.startGameModeEntry:22 com.thundercomm.gamemode.ingame.services.ActivityMonitoringService$1.onActivityLaunch:139
02-18 03:02:10.137 1520 1520 I GameModeConfig: Current uri is uri = content://com.thundercomm.gamemode.api/gamemode_settings/gamemode_isgaming
02-18 03:02:10.139 1520 1520 I GameModeConfig: isGameModeOn = false
02-18 03:02:10.140 1520 1520 I GameModeConfig: isGameModeOn = false
02-18 03:02:10.140 1520 1520 I GameModeConfig: isDisableVoice = true
02-18 03:02:10.257 1520 1768 I commit_sys_config_file: [settings-1-0,4]
02-18 03:02:10.700 1520 1821 I input_interaction: Interaction with: ea4c11d com.android.launcher3/com.android.launcher3.uioverrides.QuickstepLauncher (server), d73543 com.android.systemui.ImageWallpaper (server), edge-swipe (server), swipe-up (server), PointerEventDispatcher0 (server),
02-18 03:02:10.854 1520 10280 W FreeFormWindowHelper: Current Display FreeFormTask is null
02-18 03:02:11.169 1520 10280 W FreeFormWindowHelper: Current Display FreeFormTask is null
02-18 03:02:11.264 1520 10280 I wm_finish_activity: [0,152866188,82,com.android.music/.MusicBrowserActivity,recent-task-trimmed]
02-18 03:02:11.266 1520 10280 I wm_destroy_activity: [0,152866188,82,com.android.music/.MusicBrowserActivity,finish-imm:finishIfPossible]
02-18 03:02:11.269 1520 1612 I ActivityManager: Killing 13882:com.android.music/u0a83 (adj 50): remove task
02-18 03:02:11.270 1520 1612 I am_kill : [0,13882,com.android.music,50,remove task]
02-18 03:02:11.275 1520 1612 I sysui_multi_action: [757,803,799,window_time_0,802,1]
02-18 03:02:11.278 1520 3839 E TaskPersister: File error accessing recents directory (directory doesn't exist?).
02-18 03:02:11.281 1520 3839 E TaskPersister: File error accessing recents directory (directory doesn't exist?).
01-05 12:01:04.110 0 0 I binder : undelivered TRANSACTION_COMPLETE
01-05 12:01:04.110 0 0 I binder : undelivered transaction 2561430, process died.
01-05 12:01:04.111 0 0 I binder : undelivered transaction 2561423, process died.
02-18 03:02:11.325 1520 2751 I WindowManager: WIN DEATH: Window{a8383a1 u0 com.android.music/com.android.music.MusicBrowserActivity}
02-18 03:02:11.326 1520 2748 I am_proc_died: [0,13882,com.android.music,50,4]
02-18 03:02:11.330 1520 2748 W ActivityManager: Scheduling restart of crashed service com.android.music/.MediaPlaybackService in 1000ms for start-requested
02-18 03:02:11.330 1520 2748 I am_schedule_service_restart: [0,com.android.music/.MediaPlaybackService,1000]
02-18 03:02:11.330 1520 2748 I am_uid_stopped: 10083
02-18 03:02:11.331 1520 1520 I sysui_multi_action: [757,128,758,5,759,8,793,174473,794,0,795,8898,796,1,806,com.android.music,857,Channel-music,858,2,947,0,1500,8898,1641,transport,1688,1,1745,1043716538]
02-18 03:02:11.332 1520 1520 I notification_canceled: [0|com.android.music|1|null|10083,8,174473,8898,0,-1,-1,NULL]
02-18 03:02:11.332 1520 2748 I wm_task_removed: [82,removeChild:removeChild last r=ActivityRecord{91c8d8c u0 com.android.music/.MusicBrowserActivity t-1 f}} in t=Task{b4a3989 #82 type=standard A=10083:android.task.music U=0 visible=false mode=fullscreen translucent=true sz=0}]
02-18 03:02:11.332 1520 2748 I wm_task_removed: [82,removeChild]
02-18 03:02:11.334 1520 1612 W ActivityManager: setHasOverlayUi called on unknown pid: 13882
02-18 03:02:11.334 1520 1618 W UsageStatsService: Unexpected activity event reported! (com.android.music/com.android.music.MusicBrowserActivity event : 23 instanceId : 262150169)
02-18 03:02:11.337 1520 1520 I service_manager_stats: [100,34,105158]
02-18 03:02:11.345 1520 1613 W ActivityTaskManager: Can't find TaskDisplayArea to determine support for multi window. Task id=82 attached=false
02-18 03:02:11.345 1520 1613 W ActivityTaskManager: Can't find TaskDisplayArea to determine support for multi window. Task id=82 attached=false
02-18 03:02:11.346 1520 1612 I am_uid_running: 10083
02-18 03:02:11.347 1520 1612 D CompatibilityChangeReporter: Compat change id reported: 135634846; UID 10083; state: DISABLED
02-18 03:02:11.347 1520 1612 D CompatibilityChangeReporter: Compat change id reported: 177438394; UID 10083; state: DISABLED
02-18 03:02:11.347 1520 1612 D CompatibilityChangeReporter: Compat change id reported: 135772972; UID 10083; state: DISABLED
02-18 03:02:11.347 1520 1612 D CompatibilityChangeReporter: Compat change id reported: 135754954; UID 10083; state: ENABLED
02-18 03:02:11.347 1520 1620 D CompatibilityChangeReporter: Compat change id reported: 143937733; UID 10083; state: ENABLED
02-18 03:02:11.361 1520 2286 I GameModeConfig: isGameModeOn = false
02-18 03:02:11.361 1520 2286 I GameModeConfig: isGameModeOn = false
02-18 03:02:11.361 1520 2286 I GameModeConfig: isGameModeOn = false
02-18 03:02:11.361 1520 2286 I GameModeConfig: isGameModeOn = false
02-18 03:02:11.363 1520 1520 I notification_enqueue: [10079,2348,com.android.systemui,1,empty_media,0,Notification(channel=empty_media_style_id shortcut=null contentView=null vibrate=null sound=null defaults=0x0 flags=0x20 color=0x00000000 category=transport actions=4 vis=PRIVATE),0]
02-18 03:02:11.363 1520 1620 I am_proc_start: [0,14061,10083,com.android.music,NULL,]
02-18 03:02:11.363 1520 1620 I ActivityManager: Start proc 14061:com.android.music/u0a83 for null
02-18 03:02:11.373 1520 2748 W FreeFormWindowHelper: Current Display FreeFormTask is null
02-18 03:02:11.374 1520 2746 W FreeFormWindowHelper: Current Display FreeFormTask is null
02-18 03:02:11.377 2537 4260 W ContextImpl: Calling a method in the system process without a qualified user: android.app.ContextImpl.startService:1816 android.content.ContextWrapper.startService:774 com.thundercomm.gamemode.ingame.services.GameModeActionUtils.startGameModeService:111 com.thundercomm.gamemode.ingame.services.GameModeActionUtils.startGameModeEntry:22 com.thundercomm.gamemode.ingame.services.ActivityMonitoringService$1.onActivityLaunch:139
02-18 03:02:11.381 1520 1520 I GameModeConfig: Current uri is uri = content://com.thundercomm.gamemode.api/gamemode_settings/gamemode_isgaming
02-18 03:02:11.383 1520 1520 I GameModeConfig: isGameModeOn = false
02-18 03:02:11.383 1520 1520 I GameModeConfig: isGameModeOn = false
02-18 03:02:11.383 1520 1520 I GameModeConfig: isDisableVoice = true
01-05 12:01:04.168 0 0 I binder : 14061:14061 ioctl 40046210 7fd1658544 returned -22
02-18 03:02:11.385 1520 2746 I am_proc_bound: [0,14061,com.android.music]
02-18 03:02:11.389 1520 1619 I am_uid_active: 10083
02-18 03:02:11.391 1520 1520 I notification_enqueue: [10083,14061,com.android.music,1,NULL,0,Notification(channel=Channel-music shortcut=null contentView=null vibrate=null sound=null defaults=0x0 flags=0x62 color=0x00000000 category=transport actions=4 vis=PRIVATE),0]
02-18 03:02:11.421 1520 1520 I sysui_multi_action: [757,128,758,5,759,8,793,31,794,0,795,31,796,1,806,com.android.music,857,Channel-music,858,2,947,0,1500,31,1641,transport,1688,1,1745,1043716538]
02-18 03:02:11.421 1520 1520 I notification_canceled: [0|com.android.music|1|null|10083,8,31,31,0,-1,-1,NULL]
02-18 03:02:11.551 1520 2286 I GameModeConfig: isGameModeOn = false
02-18 03:02:11.552 1520 2286 I GameModeConfig: isGameModeOn = false
02-18 03:02:11.552 1520 2286 I GameModeConfig: isGameModeOn = false
02-18 03:02:11.552 1520 2286 I GameModeConfig: isGameModeOn = false
02-18 03:02:11.565 1520 1520 I sysui_multi_action: [757,1501,758,1,793,204,794,0,795,204,796,1,797,empty_media,806,com.android.systemui,857,empty_media_style_id,858,4,947,0,1500,0,1641,transport,1688,1,1745,1043716538]
02-18 03:02:11.565 1520 1520 I sysui_multi_action: [757,804,799,note_interruptive,801,0,802,1]
02-18 03:02:11.565 1520 1520 I GameModeConfig: isGameModeOn = false
02-18 03:02:11.571 1520 1520 W NotificationHistory: Attempted to add notif for locked/gone/disabled user 0
02-18 03:02:11.588 1520 1520 I notification_enqueue: [10083,14061,com.android.music,1,NULL,0,Notification(channel=Channel-music shortcut=null contentView=null vibrate=null sound=null defaults=0x0 flags=0x0 color=0x00000000 category=transport actions=4 vis=PRIVATE),0]
02-18 03:02:11.588 1520 6829 W ActivityManager: Foreground service started from background can not have location/camera/microphone access: service com.android.music/.MediaPlaybackService
02-18 03:02:11.588 1520 6829 I ActivityManager: Background started FGS: Allowed [callingPackage: com.android.music; callingUid: 10083; uidState: SVC ; intent: Intent { cmp=com.android.music/.MediaPlaybackService }; code:SYSTEM_ALERT_WINDOW_PERMISSION; tempAllowListReason:<,reasonCode:SYSTEM_ALLOW_LISTED,duration:9223372036854775807,callingUid:-1>; targetSdkVersion:31; callerTargetSdkVersion:31; startForegroundCount:14; bindFromPackage:null]
02-18 03:02:11.592 1520 1520 I sysui_multi_action: [757,1501,758,1,793,6,794,0,795,6,796,1,806,com.android.music,857,Channel-music,858,2,947,0,1500,0,1641,transport,1745,1043716538]
02-18 03:02:11.592 1520 1520 I sysui_multi_action: [757,804,799,note_interruptive,801,0,802,1]
02-18 03:02:11.592 1520 1520 I GameModeConfig: isGameModeOn = false
02-18 03:02:11.594 1520 1520 W NotificationHistory: Attempted to add notif for locked/gone/disabled user 0
02-18 03:02:11.594 1520 1520 I sysui_multi_action: [757,128,758,5,759,8,793,8,794,0,795,8,796,1,806,com.android.music,857,Channel-music,858,2,947,0,1500,2,1641,transport,1688,1,1745,1043716538]
02-18 03:02:11.595 1520 1520 I notification_canceled: [0|com.android.music|1|null|10083,8,8,8,0,-1,-1,NULL]
02-18 03:02:11.598 1520 1520 I notification_enqueue: [10083,14061,com.android.music,1,NULL,0,Notification(channel=Channel-music shortcut=null contentView=null vibrate=null sound=null defaults=0x0 flags=0x40 color=0x00000000 category=transport actions=4 vis=PRIVATE),0]
02-18 03:02:11.789 1520 1520 I sysui_multi_action: [757,1501,758,1,793,196,794,0,795,196,796,1,806,com.android.music,857,Channel-music,858,2,947,0,1500,0,1641,transport,1688,1,1745,1043716538]
02-18 03:02:11.789 1520 1520 I sysui_multi_action: [757,804,799,note_interruptive,801,0,802,1]
02-18 03:02:11.789 1520 1520 I GameModeConfig: isGameModeOn = false
02-18 03:02:11.793 1520 1520 W NotificationHistory: Attempted to add notif for locked/gone/disabled user 0
02-18 03:02:11.799 1520 1520 I NotificationService: Cannot find enqueued record for key: 0|com.android.music|1|null|10083
02-18 03:02:11.814 1520 6829 W FreeFormWindowHelper: Current Display FreeFormTask is null
02-18 03:02:11.815 1520 2746 W FreeFormWindowHelper: Current Display FreeFormTask is null
02-18 03:02:11.818 1520 6829 W FreeFormWindowHelper: exitRecentTasks type=0
02-18 03:02:11.828 1520 1520 I sysui_multi_action: [757,128,758,5,759,8,793,467,794,0,795,467,796,1,797,empty_media,806,com.android.systemui,857,empty_media_style_id,858,4,947,0,1500,263,1641,transport,1688,1,1745,1043716538]
02-18 03:02:11.828 1520 1520 I notification_canceled: [0|com.android.systemui|1|empty_media|10079,8,467,467,0,-1,-1,NULL]
02-18 03:02:13.399 1520 1768 I commit_sys_config_file: [settings-1-0,9]
02-18 03:02:13.876 1520 2746 I thunderperf: PlatormCompat.setOverrides: Uid1=10072 Pid1=2828 Uid2=10072 Pid2=2828
02-18 03:02:13.876 1520 2746 I thunderperf: PlatormCompat.setOverrides: needCheck:false
02-18 03:02:13.876 1520 2746 I thunderperf: CompatConfig.addOverrideUnsafe: bef-state=1
02-18 03:02:13.876 1520 2746 E thunderperf: CompatConfig.addOverrideUnsafe: exception:java.lang.SecurityException: Cannot override a change on a non-debuggable app and user build.
02-18 03:02:13.876 1520 2746 I thunderperf: CompatConfig.addOverrideUnsafe: aft-state=1
02-18 03:02:13.877 1520 2746 I thunderperf: CompatConfig.addOverrideUnsafe: bef-state=1
02-18 03:02:13.878 1520 2746 E thunderperf: CompatConfig.addOverrideUnsafe: exception:java.lang.SecurityException: Cannot override a change on a non-debuggable app and user build.
02-18 03:02:13.878 1520 2746 I thunderperf: CompatConfig.addOverrideUnsafe: aft-state=1
02-18 03:02:13.878 1520 2746 I thunderperf: CompatConfig.addOverrideUnsafe: bef-state=1
02-18 03:02:13.878 1520 2746 E thunderperf: CompatConfig.addOverrideUnsafe: exception:java.lang.SecurityException: Cannot override a change on a non-debuggable app and user build.
02-18 03:02:13.878 1520 2746 I thunderperf: CompatConfig.addOverrideUnsafe: aft-state=1
02-18 03:02:13.879 1520 2746 I thunderperf: CompatConfig.addOverrideUnsafe: bef-state=1
02-18 03:02:13.879 1520 2746 E thunderperf: CompatConfig.addOverrideUnsafe: exception:java.lang.SecurityException: Cannot override a change on a non-debuggable app and user build.
02-18 03:02:13.879 1520 2746 I thunderperf: CompatConfig.addOverrideUnsafe: aft-state=1
02-18 03:02:13.880 1520 2746 I thunderperf: CompatConfig.addOverrideUnsafe: bef-state=1
02-18 03:02:13.880 1520 2746 E thunderperf: CompatConfig.addOverrideUnsafe: exception:java.lang.SecurityException: Cannot override a change on a non-debuggable app and user build.
02-18 03:02:13.880 1520 2746 I thunderperf: CompatConfig.addOverrideUnsafe: aft-state=1
02-18 03:02:13.880 1520 2746 I thunderperf: CompatConfig.addOverrideUnsafe: bef-state=1
02-18 03:02:13.881 1520 2746 E thunderperf: CompatConfig.addOverrideUnsafe: exception:java.lang.SecurityException: Cannot override a change on a non-debuggable app and user build.
02-18 03:02:13.881 1520 2746 I thunderperf: CompatConfig.addOverrideUnsafe: aft-state=1
02-18 03:02:13.881 1520 2746 I thunderperf: CompatConfig.addOverrideUnsafe: bef-state=1
02-18 03:02:13.881 1520 2746 E thunderperf: CompatConfig.addOverrideUnsafe: exception:java.lang.SecurityException: Cannot override a change on a non-debuggable app and user build.
02-18 03:02:13.881 1520 2746 I thunderperf: CompatConfig.addOverrideUnsafe: aft-state=1
02-18 03:02:13.882 1520 2746 I thunderperf: CompatConfig.addOverrideUnsafe: bef-state=1
02-18 03:02:13.882 1520 2746 E thunderperf: CompatConfig.addOverrideUnsafe: exception:java.lang.SecurityException: Cannot override a change on a non-debuggable app and user build.
02-18 03:02:13.882 1520 2746 I thunderperf: CompatConfig.addOverrideUnsafe: aft-state=1
02-18 03:02:13.883 1520 2746 I thunderperf: CompatConfig.addOverrideUnsafe: bef-state=1
02-18 03:02:13.883 1520 2746 E thunderperf: CompatConfig.addOverrideUnsafe: exception:java.lang.SecurityException: Cannot override a change on a non-debuggable app and user build.
02-18 03:02:13.883 1520 2746 I thunderperf: CompatConfig.addOverrideUnsafe: aft-state=1
02-18 03:02:13.883 1520 2746 I thunderperf: CompatConfig.addOverrideUnsafe: bef-state=1
02-18 03:02:13.884 1520 2746 E thunderperf: CompatConfig.addOverrideUnsafe: exception:java.lang.SecurityException: Cannot override a change on a non-debuggable app and user build.
02-18 03:02:13.884 1520 2746 I thunderperf: CompatConfig.addOverrideUnsafe: aft-state=1
02-18 03:02:13.884 1520 2746 I thunderperf: CompatConfig.addOverrideUnsafe: bef-state=1
02-18 03:02:13.884 1520 2746 E thunderperf: CompatConfig.addOverrideUnsafe: exception:java.lang.SecurityException: Cannot override a change on a non-debuggable app and user build.
02-18 03:02:13.884 1520 2746 I thunderperf: CompatConfig.addOverrideUnsafe: aft-state=1
02-18 03:02:13.885 1520 2746 I thunderperf: CompatConfig.addOverrideUnsafe: bef-state=1
02-18 03:02:13.885 1520 2746 E thunderperf: CompatConfig.addOverrideUnsafe: exception:java.lang.SecurityException: Cannot override a change on a non-debuggable app and user build.
02-18 03:02:13.885 1520 2746 I thunderperf: CompatConfig.addOverrideUnsafe: aft-state=1
02-18 03:02:13.885 1520 2746 I thunderperf: CompatConfig.addOverrideUnsafe: bef-state=1
02-18 03:02:13.885 1520 2746 E thunderperf: CompatConfig.addOverrideUnsafe: exception:java.lang.SecurityException: Cannot override a change on a non-debuggable app and user build.
02-18 03:02:13.885 1520 2746 I thunderperf: CompatConfig.addOverrideUnsafe: aft-state=1
02-18 03:02:13.886 1520 2746 I thunderperf: CompatConfig.addOverrideUnsafe: bef-state=1
02-18 03:02:13.886 1520 2746 E thunderperf: CompatConfig.addOverrideUnsafe: exception:java.lang.SecurityException: Cannot override a change on a non-debuggable app and user build.
02-18 03:02:13.886 1520 2746 I thunderperf: CompatConfig.addOverrideUnsafe: aft-state=1
02-18 03:02:13.890 1520 2746 I ActivityTaskManager: START u0 {act=android.intent.action.MAIN cat=[android.intent.category.LAUNCHER] flg=0x10200000 cmp=com.android.deskclock/.DeskClock bnds=[590,252][890,550]} from uid 10072
02-18 03:02:13.897 1520 2746 I wm_task_created: [84,-1]
02-18 03:02:13.897 1520 2746 W ActivityTaskManager: Can't find TaskDisplayArea to determine support for multi window. Task id=84 attached=false
02-18 03:02:13.900 1520 2746 I wm_task_moved: [84,1,6]
02-18 03:02:13.900 1520 2746 I wm_task_to_front: [0,84]
02-18 03:02:13.901 1520 2746 I wm_create_task: [0,84]
02-18 03:02:13.901 1520 2746 I wm_create_activity: [0,23698237,84,com.android.deskclock/.DeskClock,android.intent.action.MAIN,NULL,NULL,270532608]
02-18 03:02:13.901 1520 2746 I wm_task_moved: [84,1,6]
02-18 03:02:13.902 1520 2746 I wm_pause_activity: [0,58637558,com.android.launcher3/.uioverrides.QuickstepLauncher,userLeaving=true,pauseBackTasks]
02-18 03:02:13.906 2828 2828 I wm_on_top_resumed_lost_called: [58637558,com.android.launcher3.uioverrides.QuickstepLauncher,topStateChangedWhenResumed]
02-18 03:02:13.907 2828 2828 I wm_on_paused_called: [58637558,com.android.launcher3.uioverrides.QuickstepLauncher,performPause]
02-18 03:02:13.907 1520 1612 I am_uid_running: 10064
02-18 03:02:13.908 1520 2746 I ActivityTaskManager: FOREGROUND_APPLICATION_CHANGED to com.android.deskclock.DeskClock
02-18 03:02:13.908 1520 2746 I wm_add_to_stopping: [0,58637558,com.android.launcher3/.uioverrides.QuickstepLauncher,makeInvisible]
02-18 03:02:13.909 1520 1612 D CompatibilityChangeReporter: Compat change id reported: 135634846; UID 10064; state: DISABLED
02-18 03:02:13.909 1520 1612 D CompatibilityChangeReporter: Compat change id reported: 177438394; UID 10064; state: DISABLED
02-18 03:02:13.909 1520 1612 D CompatibilityChangeReporter: Compat change id reported: 135772972; UID 10064; state: DISABLED
02-18 03:02:13.909 1520 1612 D CompatibilityChangeReporter: Compat change id reported: 135754954; UID 10064; state: DISABLED
02-18 03:02:13.909 1520 1620 D CompatibilityChangeReporter: Compat change id reported: 143937733; UID 10064; state: DISABLED
02-18 03:02:13.910 1520 1612 I sysui_multi_action: [757,803,799,window_time_0,802,3]
02-18 03:02:13.915 1520 1620 I am_proc_start: [0,14100,10064,com.android.deskclock,pre-top-activity,{com.android.deskclock/com.android.deskclock.DeskClock}]
02-18 03:02:13.915 1520 1620 I ActivityManager: Start proc 14100:com.android.deskclock/u0a64 for pre-top-activity {com.android.deskclock/com.android.deskclock.DeskClock}
02-18 03:02:13.915 1520 14101 W ContextImpl: Calling a method in the system process without a qualified user: android.app.ContextImpl.sendBroadcast:1173 com.qualcomm.qti.Performance$SendGameLaunchBroadcast.run:217 java.lang.Thread.run:920
01-05 12:01:06.705 0 0 W perfetto: enabled ftrace
02-18 03:02:13.924 1520 1821 I input_focus: [Focus leaving ea4c11d com.android.launcher3/com.android.launcher3.uioverrides.QuickstepLauncher (server),reason=NO_WINDOW]
01-05 12:01:06.712 0 0 I binder : 14100:14100 ioctl 40046210 7fd1658544 returned -22
02-18 03:02:13.927 1520 2746 I am_proc_bound: [0,14100,com.android.deskclock]
02-18 03:02:13.930 1520 2746 I wm_restart_activity: [0,23698237,84,com.android.deskclock/.DeskClock]
02-18 03:02:13.930 1520 2746 I wm_set_resumed_activity: [0,com.android.deskclock/.DeskClock,minimalResumeActivityLocked]
02-18 03:02:13.931 1520 1612 I am_uid_active: 10064
02-18 03:02:13.934 2537 4260 W ContextImpl: Calling a method in the system process without a qualified user: android.app.ContextImpl.startService:1816 android.content.ContextWrapper.startService:774 com.thundercomm.gamemode.ingame.services.GameModeActionUtils.startGameModeService:111 com.thundercomm.gamemode.ingame.services.GameModeActionUtils.startGameModeEntry:22 com.thundercomm.gamemode.ingame.services.ActivityMonitoringService$1.onActivityLaunch:139
02-18 03:02:13.936 1520 1520 I GameModeConfig: Current uri is uri = content://com.thundercomm.gamemode.api/gamemode_settings/gamemode_isgaming
02-18 03:02:13.937 1520 1520 I GameModeConfig: isGameModeOn = false
02-18 03:02:13.937 1520 1520 I GameModeConfig: isGameModeOn = false
02-18 03:02:13.937 1520 1520 I GameModeConfig: isDisableVoice = true
02-18 03:02:13.980 14100 14100 I wm_on_create_called: [23698237,com.android.deskclock.DeskClock,performCreate]
02-18 03:02:13.982 14100 14100 I wm_on_start_called: [23698237,com.android.deskclock.DeskClock,handleStartActivity]
02-18 03:02:13.983 14100 14100 I wm_on_resume_called: [23698237,com.android.deskclock.DeskClock,RESUME_ACTIVITY]
02-18 03:02:13.986 14100 14100 I wm_on_top_resumed_gained_called: [23698237,com.android.deskclock.DeskClock,topStateChangedWhenResumed]
02-18 03:02:14.009 1520 2751 W FreeFormWindowHelper: Current Display FreeFormTask is null
02-18 03:02:14.009 1520 6829 W FreeFormWindowHelper: Current Display FreeFormTask is null
02-18 03:02:14.010 2537 4260 W ContextImpl: Calling a method in the system process without a qualified user: android.app.ContextImpl.startService:1816 android.content.ContextWrapper.startService:774 com.thundercomm.gamemode.ingame.services.GameModeActionUtils.startGameModeService:111 com.thundercomm.gamemode.ingame.services.GameModeActionUtils.startGameModeEntry:22 com.thundercomm.gamemode.ingame.services.ActivityMonitoringService$1.onActivityLaunch:139
02-18 03:02:14.011 1520 1520 I GameModeConfig: Current uri is uri = content://com.thundercomm.gamemode.api/gamemode_settings/gamemode_isgaming
02-18 03:02:14.012 1520 1520 I GameModeConfig: isGameModeOn = false
02-18 03:02:14.012 1520 1520 I GameModeConfig: isGameModeOn = false
02-18 03:02:14.012 1520 1520 I GameModeConfig: isDisableVoice = true
02-18 03:02:14.051 1520 6829 D CompatibilityChangeReporter: Compat change id reported: 149924527; UID 10064; state: ENABLED
02-18 03:02:14.051 1520 6829 D CompatibilityChangeReporter: Compat change id reported: 132649864; UID 10064; state: DISABLED
02-18 03:02:14.052 1520 6829 D CompatibilityChangeReporter: Compat change id reported: 182734110; UID 10064; state: DISABLED
02-18 03:02:14.062 1520 1613 I input_focus: [Focus request 4f5abc com.android.deskclock/com.android.deskclock.DeskClock,reason=UpdateInputWindows]
01-05 12:01:06.863 0 0 I binder : 14100:14119 ioctl 40046210 6f5522d1f4 returned -22
02-18 03:02:14.091 1520 1608 I sysui_multi_action: [319,36,321,34,322,199,325,7547,757,761,758,7,759,1,806,com.android.deskclock,871,com.android.deskclock.DeskClock,904,com.android.launcher3,905,0,945,39,1320,4,1321,1]
02-18 03:02:14.091 1520 1608 I wm_activity_launch_time: [0,23698237,com.android.deskclock/.DeskClock,199]
02-18 03:02:14.105 1520 1821 I input_focus: [Focus entering 4f5abc com.android.deskclock/com.android.deskclock.DeskClock (server),reason=Window became focusable. Previous reason: NOT_VISIBLE]
01-05 12:01:06.978 0 0 E DTC_ETH,link_delay_work_func: 3003, SQI=0, link=0
02-18 03:02:14.456 1520 1612 I wm_stop_activity: [0,58637558,com.android.launcher3/.uioverrides.QuickstepLauncher]
02-18 03:02:14.474 2828 2828 I wm_on_stop_called: [58637558,com.android.launcher3.uioverrides.QuickstepLauncher,STOP_ACTIVITY_ITEM]
02-18 03:02:14.491 2537 4260 W ContextImpl: Calling a method in the system process without a qualified user: android.app.ContextImpl.startService:1816 android.content.ContextWrapper.startService:774 com.thundercomm.gamemode.ingame.services.GameModeActionUtils.startGameModeService:111 com.thundercomm.gamemode.ingame.services.GameModeActionUtils.startGameModeEntry:22 com.thundercomm.gamemode.ingame.services.ActivityMonitoringService$1.onActivityLaunch:139
02-18 03:02:14.493 1520 1520 I GameModeConfig: Current uri is uri = content://com.thundercomm.gamemode.api/gamemode_settings/gamemode_isgaming
02-18 03:02:14.493 1520 1520 I GameModeConfig: isGameModeOn = false
02-18 03:02:14.493 1520 1520 I GameModeConfig: isGameModeOn = false
02-18 03:02:14.493 1520 1520 I GameModeConfig: isDisableVoice = true
02-18 03:02:14.834 1520 3839 E TaskPersister: File error accessing recents directory (directory doesn't exist?).
02-18 03:02:17.426 1520 1821 I input_interaction: Interaction with: 4f5abc com.android.deskclock/com.android.deskclock.DeskClock (server), edge-swipe (server), swipe-up (server), PointerEventDispatcher0 (server),
01-05 12:01:11.707 0 0 W perfetto: disabled ftrace
02-18 03:02:18.928 1166 14096 I iorapd : Perfetto TraceBuffer saved to file: /data/misc/iorapd/com.android.deskclock/31/com.android.deskclock.DeskClock/raw_traces/1676660538926010718.perfetto_trace.pb
01-05 12:01:12.098 0 0 E DTC_ETH,link_delay_work_func: 3003, SQI=0, link=0
02-18 03:02:23.167 1520 2748 D CompatibilityChangeReporter: Compat change id reported: 171306433; UID 10064; state: DISABLED
01-05 12:01:17.218 0 0 E DTC_ETH,link_delay_work_func: 3003, SQI=0, link=0
02-18 03:02:28.191 1520 1618 I am_pss : [14100,10064,com.android.deskclock,67565568,60723200,0,188559360,0,2,14]
02-18 03:02:28.203 1520 2746 D CompatibilityChangeReporter: Compat change id reported: 157233955; UID 10064; state: DISABLED
02-18 03:02:28.208 1520 2746 I sysui_multi_action: [757,856,758,1,806,com.android.deskclock,857,TimerModelNotification,858,3]
02-18 03:02:28.212 1520 1520 I notification_enqueue: [10064,14100,com.android.deskclock,2147483644,NULL,0,Notification(channel=TimerModelNotification shortcut=null contentView=com.android.deskclock/0x7f0d0024 vibrate=null sound=null defaults=0x0 flags=0x1c2 color=0xff1a237e actions=2 vis=PRIVATE),0]
02-18 03:02:28.413 1520 1520 I sysui_multi_action: [757,1501,758,1,793,202,794,0,795,202,796,2147483644,806,com.android.deskclock,857,TimerModelNotification,858,3,947,0,1500,0,1688,1,1745,-868672399]
02-18 03:02:28.414 1520 1520 I sysui_multi_action: [757,804,799,note_interruptive,801,0,802,1]
02-18 03:02:28.414 1520 1520 I GameModeConfig: isGameModeOn = false
02-18 03:02:28.418 1520 1520 W NotificationHistory: Attempted to add notif for locked/gone/disabled user 0
02-18 03:02:28.464 1520 1611 I commit_sys_config_file: [notification-policy,7540985]
01-05 12:01:22.338 0 0 E DTC_ETH,link_delay_work_func: 3003, SQI=0, link=0
02-18 03:02:29.870 1520 1520 I sysui_multi_action: [757,128,758,5,759,8,793,1659,794,0,795,1659,796,2147483644,806,com.android.deskclock,857,TimerModelNotification,858,3,947,0,1500,1457,1688,1,1745,-868672399]
02-18 03:02:29.870 1520 1520 I notification_canceled: [0|com.android.deskclock|2147483644|null|10064,8,1659,1659,0,-1,-1,NULL]
02-18 03:02:29.871 1520 1520 D CompatibilityChangeReporter: Compat change id reported: 175319604; UID 1000; state: ENABLED
02-18 03:02:29.872 1520 1520 D CompatibilityChangeReporter: Compat change id reported: 175319604; UID 1000; state: DISABLED
01-05 12:01:27.458 0 0 E DTC_ETH,link_delay_work_func: 3003, SQI=0, link=0
02-18 03:02:38.174 1520 2286 I GameModeConfig: isGameModeOn = false
02-18 03:02:38.174 1520 2286 I GameModeConfig: isGameModeOn = false
02-18 03:02:38.175 1520 2286 I GameModeConfig: isGameModeOn = false
02-18 03:02:38.175 1520 2286 I GameModeConfig: isGameModeOn = false
02-18 03:02:38.175 1520 2286 I GameModeConfig: isGameModeOn = false
02-18 03:02:38.177 1520 1520 I notification_enqueue: [10064,14100,com.android.deskclock,2147483644,NULL,0,Notification(channel=TimerModelNotification shortcut=null contentView=com.android.deskclock/0x7f0d0024 vibrate=null sound=null defaults=0x0 flags=0x1c2 color=0xff1a237e actions=2 vis=PRIVATE),0]
02-18 03:02:38.190 1520 1618 I am_pss : [14100,10064,com.android.deskclock,70196224,62849024,0,194506752,0,2,10]
02-18 03:02:38.379 1520 1520 I sysui_multi_action: [757,1501,758,1,793,203,794,0,795,203,796,2147483644,806,com.android.deskclock,857,TimerModelNotification,858,3,947,0,1500,0,1688,1,1745,-868672399]
02-18 03:02:38.379 1520 1520 I sysui_multi_action: [757,804,799,note_interruptive,801,0,802,1]
02-18 03:02:38.379 1520 1520 I GameModeConfig: isGameModeOn = false
02-18 03:02:38.384 1520 1520 W NotificationHistory: Attempted to add notif for locked/gone/disabled user 0
02-18 03:02:38.415 1520 2286 I GameModeConfig: isGameModeOn = false
01-05 12:01:32.578 0 0 E DTC_ETH,link_delay_work_func: 3003, SQI=0, link=0
01-05 12:01:37.412 0 0 I msm_vidc: err : ffffffff: .....: DBLP Set: status 0
01-05 12:01:37.698 0 0 E DTC_ETH,link_delay_work_func: 3003, SQI=0, link=0
02-18 03:02:48.394 1520 2286 I GameModeConfig: isGameModeOn = false
01-05 12:01:42.818 0 0 E DTC_ETH,link_delay_work_func: 3003, SQI=0, link=0
02-18 03:02:54.384 1520 1821 I input_interaction: Interaction with: ae306c3 StatusBar (server), edge-swipe (server), swipe-up (server), PointerEventDispatcher0 (server),
02-18 03:02:54.390 2348 2348 I sysui_multi_action: [757,803,799,panel_open,802,1]
02-18 03:02:54.392 2348 2348 I sysui_multi_action: [757,1328,758,4,1326,79,1327,2,1329,0]
02-18 03:02:54.556 1520 2748 I sysui_multi_action: [757,127,758,1]
02-18 03:02:54.556 1520 2748 I sysui_multi_action: [757,804,799,note_load,801,4,802,1]
02-18 03:02:54.556 1520 2748 I notification_panel_revealed: 4
02-18 03:02:54.574 1520 1613 I input_focus: [Focus request 3373de6 NotificationShade,reason=UpdateInputWindows]
02-18 03:02:54.583 1520 2748 I sysui_multi_action: [757,128,758,1,793,7456367,794,0,795,7456367,796,26,798,0,806,android,857,DEVELOPER_IMPORTANT,858,4,947,0,1395,4,1500,7456161,1688,1]
02-18 03:02:54.583 1520 2748 I sysui_multi_action: [757,804,799,note_freshness,801,7456367,802,1]
02-18 03:02:54.583 1520 2748 I notification_visibility: [-1|android|26|null|1000,1,7456367,7456367,0,0]
02-18 03:02:54.583 1520 2748 I sysui_multi_action: [757,128,758,1,793,7564516,794,0,795,277169,796,17303299,797,com.android.wifi,798,2,806,android,857,NETWORK_AVAILABLE,858,2,947,0,1395,4,1500,276967,1688,1]
02-18 03:02:54.583 1520 2748 I sysui_multi_action: [757,1501,758,1,793,7564516,794,0,795,277169,796,17303299,797,com.android.wifi,806,android,857,NETWORK_AVAILABLE,858,2,947,0,1500,0,1688,1]
02-18 03:02:54.583 1520 2748 I sysui_multi_action: [757,804,799,note_interruptive,801,0,802,1]
02-18 03:02:54.583 1520 2748 I sysui_multi_action: [757,804,799,note_freshness,801,277169,802,1]
02-18 03:02:54.583 1520 2748 I notification_visibility: [0|android|17303299|com.android.wifi|1000,1,7564516,277169,0,2]
02-18 03:02:54.583 1520 2748 I sysui_multi_action: [757,128,758,1,793,16408,794,0,795,16408,796,2147483644,798,1,806,com.android.deskclock,857,TimerModelNotification,858,3,947,0,1395,4,1500,16205,1688,1,1745,-868672399]
02-18 03:02:54.583 1520 2748 I sysui_multi_action: [757,804,799,note_freshness,801,16408,802,1]
02-18 03:02:54.583 1520 2748 I notification_visibility: [0|com.android.deskclock|2147483644|null|10064,1,16408,16408,0,1]
02-18 03:02:54.584 1520 2748 I sysui_multi_action: [757,128,758,1,793,7565387,794,0,795,7565387,796,32,798,3,806,android,857,USB,858,1,947,0,1395,4,1500,7565029,1688,1]
02-18 03:02:54.584 1520 2748 I sysui_multi_action: [757,804,799,note_freshness,801,7565387,802,1]
02-18 03:02:54.584 1520 2748 I notification_visibility: [-1|android|32|null|1000,1,7565387,7565387,0,3]
02-18 03:02:54.590 1520 1821 I input_focus: [Focus leaving 4f5abc com.android.deskclock/com.android.deskclock.DeskClock (server),reason=setFocusedWindow]
02-18 03:02:54.590 1520 1821 I input_focus: [Focus entering 3373de6 NotificationShade (server),reason=setFocusedWindow]
02-18 03:02:54.683 2348 2348 I sysui_multi_action: [757,111,758,1]
02-18 03:02:54.683 2348 2348 I sysui_multi_action: [757,126,758,1,759,126,927,0,928,1,1593,1]
02-18 03:02:54.683 2348 2348 I sysui_multi_action: [757,113,758,1,759,113,927,1,928,1,1593,1]
02-18 03:02:54.684 2348 2348 I sysui_multi_action: [757,0,758,1,759,0,927,2,928,0,1593,1]
02-18 03:02:54.684 2348 2348 I sysui_multi_action: [757,0,758,1,759,0,927,3,928,0,1593,1]
02-18 03:02:54.684 2348 2348 I sysui_multi_action: [757,491,758,1,759,491,927,4,928,0,1311,-1,1593,0]
02-18 03:02:54.684 2348 2348 I sysui_multi_action: [757,0,758,1,759,0,927,5,928,0,1593,0]
02-18 03:02:54.684 2348 2348 I sysui_multi_action: [757,111,758,1]
02-18 03:02:54.685 2348 2348 I sysui_multi_action: [757,126,758,1,759,126,927,0,928,1,1593,1]
02-18 03:02:54.685 2348 2348 I sysui_multi_action: [757,113,758,1,759,113,927,1,928,1,1593,1]
02-18 03:02:54.685 2348 2348 I sysui_multi_action: [757,0,758,1,759,0,927,2,928,0,1593,1]
02-18 03:02:54.685 2348 2348 I sysui_multi_action: [757,0,758,1,759,0,927,3,928,0,1593,1]
01-05 12:01:47.938 0 0 E DTC_ETH,link_delay_work_func: 3003, SQI=0, link=0
02-18 03:02:55.444 1520 1821 I input_interaction: Interaction with: 3373de6 NotificationShade (server), edge-swipe (server), swipe-up (server), PointerEventDispatcher0 (server),
01-05 12:01:49.173 0 0 I [schedu][0x21f06d754b][03:02:56.386565] wlan: [2158:I:OSIF] scan start scan id 40998
02-18 03:02:56.467 1520 6829 I ActivityTaskManager: START u0 {cmp=com.android.deskclock/.timer.ExpiredTimersActivity} from uid 10064
02-18 03:02:56.468 1520 6829 W ActivityTaskManager: startActivity called from non-Activity context; forcing Intent.FLAG_ACTIVITY_NEW_TASK for: Intent { flg=0x800000 cmp=com.android.deskclock/.timer.ExpiredTimersActivity }
02-18 03:02:56.468 1520 6829 I wm_task_created: [85,-1]
02-18 03:02:56.468 1520 6829 W ActivityTaskManager: Can't find TaskDisplayArea to determine support for multi window. Task id=85 attached=false
02-18 03:02:56.471 1520 6829 I wm_task_moved: [85,1,7]
02-18 03:02:56.471 1520 6829 I wm_task_to_front: [0,85]
02-18 03:02:56.471 1520 6829 I wm_create_task: [0,85]
02-18 03:02:56.471 1520 6829 I wm_create_activity: [0,127674380,85,com.android.deskclock/.timer.ExpiredTimersActivity,NULL,NULL,NULL,276824064]
02-18 03:02:56.471 1520 6829 I wm_task_moved: [85,1,7]
02-18 03:02:56.473 1520 6829 I wm_pause_activity: [0,23698237,com.android.deskclock/.DeskClock,userLeaving=true,pauseBackTasks]
02-18 03:02:56.474 14100 14100 I wm_on_top_resumed_lost_called: [23698237,com.android.deskclock.DeskClock,topStateChangedWhenResumed]
02-18 03:02:56.476 1520 2751 I sysui_multi_action: [757,128,758,4,793,18301,794,1893,795,18301,796,2147483644,798,1,806,com.android.deskclock,857,TimerModelNotification,858,3,947,0,1395,4,1500,18098,1688,1,1745,-868672399]
02-18 03:02:56.476 1520 2751 I notification_clicked: [0|com.android.deskclock|2147483644|null|10064,18301,18301,1893,1,4]
02-18 03:02:56.476 1520 1520 I sysui_multi_action: [757,804,799,note_click_longevity,801,0,802,1]
02-18 03:02:56.477 1520 1618 I am_pss : [14061,10083,com.android.music,10841088,7741440,0,103944192,0,4,7]
02-18 03:02:56.477 14100 14100 I wm_on_paused_called: [23698237,com.android.deskclock.DeskClock,performPause]
02-18 03:02:56.478 1520 2751 I ActivityTaskManager: FOREGROUND_APPLICATION_CHANGED to com.android.deskclock.timer.ExpiredTimersActivity
02-18 03:02:56.478 1520 2751 I ActivityTaskManager: The Process com.android.deskclock Already Exists in BG. So sending its PID: 14100
02-18 03:02:56.478 1520 2751 W ActivityTaskManager: Tried to set launchTime (0) < mLastActivityLaunchTime (7547355)
02-18 03:02:56.479 1520 2751 I wm_add_to_stopping: [0,23698237,com.android.deskclock/.DeskClock,makeInvisible]
02-18 03:02:56.479 1520 2751 I wm_restart_activity: [0,127674380,85,com.android.deskclock/.timer.ExpiredTimersActivity]
02-18 03:02:56.479 1520 2751 I wm_set_resumed_activity: [0,com.android.deskclock/.timer.ExpiredTimersActivity,minimalResumeActivityLocked]
02-18 03:02:56.481 1520 1612 I sysui_multi_action: [757,803,799,window_time_0,802,42]
02-18 03:02:56.484 1520 1618 I am_pss : [14018,1000,com.android.settings,18278400,16248832,0,104140800,0,19,5]
02-18 03:02:56.494 1520 2751 D CompatibilityChangeReporter: Compat change id reported: 174664365; UID 10064; state: DISABLED
02-18 03:02:56.494 1520 2751 D CompatibilityChangeReporter: Compat change id reported: 174664120; UID 10064; state: ENABLED
02-18 03:02:56.494 1520 2751 E ActivityTaskManager: Permission Denial: android.intent.action.CLOSE_SYSTEM_DIALOGS broadcast from com.android.deskclock (pid=14100, uid=10064) requires android.permission.BROADCAST_CLOSE_SYSTEM_DIALOGS, dropping broadcast.
02-18 03:02:56.496 14100 14100 I wm_on_create_called: [127674380,com.android.deskclock.timer.ExpiredTimersActivity,performCreate]
02-18 03:02:56.497 14100 14100 I wm_on_start_called: [127674380,com.android.deskclock.timer.ExpiredTimersActivity,handleStartActivity]
02-18 03:02:56.497 14100 14100 I wm_on_resume_called: [127674380,com.android.deskclock.timer.ExpiredTimersActivity,RESUME_ACTIVITY]
02-18 03:02:56.498 14100 14100 I wm_on_top_resumed_gained_called: [127674380,com.android.deskclock.timer.ExpiredTimersActivity,topStateChangedWhenResumed]
02-18 03:02:56.525 1520 1608 I wm_activity_launch_time: [0,127674380,com.android.deskclock/.timer.ExpiredTimersActivity,56]
02-18 03:02:56.580 1520 2746 W FreeFormWindowHelper: Current Display FreeFormTask is null
02-18 03:02:56.580 1520 2746 W FreeFormWindowHelper: Current Display FreeFormTask is null
