02-18 03:06:03.386 1520 6852 W FreeFormWindowHelper: Current Display FreeFormTask is null
02-18 03:06:03.404 1520 6852 W FreeFormWindowHelper: Current Display FreeFormTask is null
02-18 03:06:03.422 1520 6852 W FreeFormWindowHelper: Current Display FreeFormTask is null
02-18 03:06:03.424 1520 2415 W FreeFormWindowHelper: Current Display FreeFormTask is null
02-18 03:06:03.446 1520 9451 W FreeFormWindowHelper: Current Display FreeFormTask is null
02-18 03:06:03.448 1520 9451 W FreeFormWindowHelper: Current Display FreeFormTask is null
02-18 03:06:03.752 1520 1821 I input_interaction: Interaction with: ea4c11d com.android.launcher3/com.android.launcher3.uioverrides.QuickstepLauncher (server), d73543 com.android.systemui.ImageWallpaper (server), edge-swipe (server), swipe-up (server), PointerEventDispatcher0 (server),
02-18 03:06:03.854 1520 9451 W FreeFormWindowHelper: Current Display FreeFormTask is null
02-18 03:06:03.856 1520 9451 W FreeFormWindowHelper: Current Display FreeFormTask is null
02-18 03:06:03.859 1520 9451 W FreeFormWindowHelper: exitRecentTasks type=0
02-18 03:06:04.356 1520 1821 I input_interaction: Interaction with: ae306c3 StatusBar (server), edge-swipe (server), swipe-up (server), PointerEventDispatcher0 (server),
02-18 03:06:04.360 2348 2348 I sysui_multi_action: [757,803,799,panel_open,802,1]
02-18 03:06:04.362 2348 2348 I sysui_multi_action: [757,1328,758,4,1326,60,1327,7,1329,0]
02-18 03:06:04.395 1520 6852 I sysui_multi_action: [757,127,758,1]
02-18 03:06:04.395 1520 6852 I sysui_multi_action: [757,804,799,note_load,801,3,802,1]
02-18 03:06:04.395 1520 6852 I notification_panel_revealed: 3
02-18 03:06:04.405 1520 1613 I input_focus: [Focus request 3373de6 NotificationShade,reason=UpdateInputWindows]
02-18 03:06:04.416 1520 9451 I sysui_multi_action: [757,128,758,1,793,7646201,794,0,795,7646201,796,26,798,0,806,android,857,DEVELOPER_IMPORTANT,858,4,947,0,1395,3,1500,7645995,1688,1]
02-18 03:06:04.416 1520 9451 I sysui_multi_action: [757,804,799,note_freshness,801,7646201,802,1]
02-18 03:06:04.416 1520 9451 I notification_visibility: [-1|android|26|null|1000,1,7646201,7646201,0,0]
02-18 03:06:04.416 1520 9451 I sysui_multi_action: [757,128,758,1,793,7754349,794,0,795,186785,796,17303299,797,com.android.wifi,798,1,806,android,857,NETWORK_AVAILABLE,858,2,947,0,1395,3,1500,2823,1688,1]
02-18 03:06:04.416 1520 9451 I sysui_multi_action: [757,1501,758,1,793,7754349,794,0,795,186785,796,17303299,797,com.android.wifi,806,android,857,NETWORK_AVAILABLE,858,2,947,0,1500,0,1688,1]
02-18 03:06:04.416 1520 9451 I sysui_multi_action: [757,804,799,note_interruptive,801,0,802,1]
02-18 03:06:04.417 1520 9451 I sysui_multi_action: [757,804,799,note_freshness,801,186785,802,1]
02-18 03:06:04.417 1520 9451 I notification_visibility: [0|android|17303299|com.android.wifi|1000,1,7754349,186785,0,1]
02-18 03:06:04.417 1520 9451 I sysui_multi_action: [757,128,758,1,793,7755220,794,0,795,7755220,796,32,798,2,806,android,857,USB,858,1,947,0,1395,3,1500,7754862,1688,1]
02-18 03:06:04.417 1520 9451 I sysui_multi_action: [757,804,799,note_freshness,801,7755220,802,1]
02-18 03:06:04.417 1520 9451 I notification_visibility: [-1|android|32|null|1000,1,7755220,7755220,0,2]
02-18 03:06:04.431 2348 2348 I sysui_multi_action: [757,111,758,1]
02-18 03:06:04.431 1520 1821 I input_focus: [Focus leaving ea4c11d com.android.launcher3/com.android.launcher3.uioverrides.QuickstepLauncher (server),reason=setFocusedWindow]
02-18 03:06:04.432 2348 2348 I sysui_multi_action: [757,126,758,1,759,126,927,0,928,1,1593,0]
02-18 03:06:04.432 1520 1821 I input_focus: [Focus entering 3373de6 NotificationShade (server),reason=setFocusedWindow]
02-18 03:06:04.432 2348 2348 I sysui_multi_action: [757,113,758,1,759,113,927,1,928,1,1593,0]
02-18 03:06:04.432 2348 2348 I sysui_multi_action: [757,0,758,1,759,0,927,2,928,0,1593,0]
02-18 03:06:04.432 2348 2348 I sysui_multi_action: [757,0,758,1,759,0,927,3,928,0,1593,0]
02-18 03:06:04.432 2348 2348 I sysui_multi_action: [757,491,758,1,759,491,927,4,928,0,1311,-1,1593,0]
02-18 03:06:04.432 2348 2348 I sysui_multi_action: [757,0,758,1,759,0,927,5,928,0,1593,0]
02-18 03:06:04.433 2348 2348 I sysui_multi_action: [757,111,758,1]
02-18 03:06:04.433 2348 2348 I sysui_multi_action: [757,126,758,1,759,126,927,0,928,1,1593,0]
02-18 03:06:04.433 2348 2348 I sysui_multi_action: [757,113,758,1,759,113,927,1,928,1,1593,0]
02-18 03:06:04.433 2348 2348 I sysui_multi_action: [757,0,758,1,759,0,927,2,928,0,1593,0]
02-18 03:06:04.433 2348 2348 I sysui_multi_action: [757,0,758,1,759,0,927,3,928,0,1593,0]
01-05 12:04:57.378 0 0 E DTC_ETH,link_delay_work_func: 3003, SQI=0, link=0
02-18 03:06:05.526 1520 1821 I input_interaction: Interaction with: 3373de6 NotificationShade (server), edge-swipe (server), swipe-up (server), PointerEventDispatcher0 (server),
02-18 03:06:05.619 2348 2348 I sysui_multi_action: [757,407,758,4,759,1]
02-18 03:06:05.935 1520 2415 I sysui_multi_action: [757,128,758,3,793,7755867,794,1518,795,188303,796,17303299,797,com.android.wifi,806,android,857,NETWORK_AVAILABLE,858,2,947,0,1500,1518,1688,1]
02-18 03:06:06.478 1520 2286 I GameModeConfig: isGameModeOn = false
02-18 03:06:06.478 1520 2286 I GameModeConfig: isGameModeOn = false
02-18 03:06:06.478 1520 2286 I GameModeConfig: isGameModeOn = false
02-18 03:06:06.478 1520 2286 I GameModeConfig: isGameModeOn = false
02-18 03:06:06.478 1520 2286 I GameModeConfig: isGameModeOn = false
02-18 03:06:06.480 1520 1520 I notification_enqueue: [10079,2348,com.android.systemui,2048,NULL,0,Notification(channel=updateNotification shortcut=null contentView=null vibrate=null sound=null defaults=0x0 flags=0x0 color=0x00000000 vis=PRIVATE),1]
02-18 03:06:06.480 2348 2348 I sysui_multi_action: [757,111,758,2]
02-18 03:06:06.480 2348 2348 I sysui_multi_action: [757,111,758,2]
02-18 03:06:06.553 1520 1613 I input_focus: [Focus request ea4c11d com.android.launcher3/com.android.launcher3.uioverrides.QuickstepLauncher,reason=UpdateInputWindows]
02-18 03:06:06.557 1520 9451 I sysui_multi_action: [757,128,758,2,793,7648341,794,2140,795,7648341,796,26,798,0,806,android,857,DEVELOPER_IMPORTANT,858,4,947,0,1395,3,1500,7648135,1688,1]
02-18 03:06:06.557 1520 9451 I notification_visibility: [-1|android|26|null|1000,0,7648341,7648341,0,0]
02-18 03:06:06.557 1520 9451 I sysui_multi_action: [757,128,758,2,793,7756490,794,2141,795,188926,796,17303299,797,com.android.wifi,798,1,806,android,857,NETWORK_AVAILABLE,858,2,947,0,1395,3,1500,2141,1688,1]
02-18 03:06:06.557 1520 9451 I notification_visibility: [0|android|17303299|com.android.wifi|1000,0,7756490,188926,0,1]
02-18 03:06:06.557 1520 9451 I sysui_multi_action: [757,128,758,2,793,7757360,794,2140,795,7757360,796,32,798,2,806,android,857,USB,858,1,947,0,1395,3,1500,7757002,1688,1]
02-18 03:06:06.557 1520 9451 I notification_visibility: [-1|android|32|null|1000,0,7757360,7757360,0,2]
02-18 03:06:06.558 1520 9451 I sysui_multi_action: [757,127,758,2]
02-18 03:06:06.558 1520 9451 I notification_panel_hidden:
02-18 03:06:06.584 1520 1821 I input_focus: [Focus leaving 3373de6 NotificationShade (server),reason=NO_WINDOW]
02-18 03:06:06.585 1520 1821 I input_focus: [Focus entering ea4c11d com.android.launcher3/com.android.launcher3.uioverrides.QuickstepLauncher (server),reason=setFocusedWindow]
02-18 03:06:06.682 1520 1520 I GameModeConfig: isGameModeOn = false
02-18 03:06:07.062 1520 2286 I GameModeConfig: isGameModeOn = false
02-18 03:06:07.218 1520 1821 I input_interaction: Interaction with: ea4c11d com.android.launcher3/com.android.launcher3.uioverrides.QuickstepLauncher (server), d73543 com.android.systemui.ImageWallpaper (server), edge-swipe (server), swipe-up (server), PointerEventDispatcher0 (server),
02-18 03:06:07.530 1520 1768 I commit_sys_config_file: [settings-1-0,5]
02-18 03:06:07.939 1520 2415 I thunderperf: PlatormCompat.setOverrides: Uid1=10072 Pid1=2828 Uid2=10072 Pid2=2828
02-18 03:06:07.939 1520 2415 I thunderperf: PlatormCompat.setOverrides: needCheck:false
02-18 03:06:07.940 1520 2415 I thunderperf: CompatConfig.addOverrideUnsafe: bef-state=1
02-18 03:06:07.940 1520 2415 E thunderperf: CompatConfig.addOverrideUnsafe: exception:java.lang.SecurityException: Cannot override a change on a non-debuggable app and user build.
02-18 03:06:07.940 1520 2415 I thunderperf: CompatConfig.addOverrideUnsafe: aft-state=1
02-18 03:06:07.941 1520 2415 I thunderperf: CompatConfig.addOverrideUnsafe: bef-state=1
02-18 03:06:07.941 1520 2415 E thunderperf: CompatConfig.addOverrideUnsafe: exception:java.lang.SecurityException: Cannot override a change on a non-debuggable app and user build.
02-18 03:06:07.941 1520 2415 I thunderperf: CompatConfig.addOverrideUnsafe: aft-state=1
02-18 03:06:07.942 1520 2415 I thunderperf: CompatConfig.addOverrideUnsafe: bef-state=1
02-18 03:06:07.942 1520 2415 E thunderperf: CompatConfig.addOverrideUnsafe: exception:java.lang.SecurityException: Cannot override a change on a non-debuggable app and user build.
02-18 03:06:07.942 1520 2415 I thunderperf: CompatConfig.addOverrideUnsafe: aft-state=1
02-18 03:06:07.942 1520 2415 I thunderperf: CompatConfig.addOverrideUnsafe: bef-state=1
02-18 03:06:07.943 1520 2415 E thunderperf: CompatConfig.addOverrideUnsafe: exception:java.lang.SecurityException: Cannot override a change on a non-debuggable app and user build.
02-18 03:06:07.943 1520 2415 I thunderperf: CompatConfig.addOverrideUnsafe: aft-state=1
02-18 03:06:07.943 1520 2415 I thunderperf: CompatConfig.addOverrideUnsafe: bef-state=1
02-18 03:06:07.943 1520 2415 E thunderperf: CompatConfig.addOverrideUnsafe: exception:java.lang.SecurityException: Cannot override a change on a non-debuggable app and user build.
02-18 03:06:07.943 1520 2415 I thunderperf: CompatConfig.addOverrideUnsafe: aft-state=1
02-18 03:06:07.944 1520 2415 I thunderperf: CompatConfig.addOverrideUnsafe: bef-state=1
02-18 03:06:07.944 1520 2415 E thunderperf: CompatConfig.addOverrideUnsafe: exception:java.lang.SecurityException: Cannot override a change on a non-debuggable app and user build.
02-18 03:06:07.944 1520 2415 I thunderperf: CompatConfig.addOverrideUnsafe: aft-state=1
02-18 03:06:07.944 1520 2415 I thunderperf: CompatConfig.addOverrideUnsafe: bef-state=1
02-18 03:06:07.945 1520 2415 E thunderperf: CompatConfig.addOverrideUnsafe: exception:java.lang.SecurityException: Cannot override a change on a non-debuggable app and user build.
02-18 03:06:07.945 1520 2415 I thunderperf: CompatConfig.addOverrideUnsafe: aft-state=1
02-18 03:06:07.945 1520 2415 I thunderperf: CompatConfig.addOverrideUnsafe: bef-state=1
02-18 03:06:07.945 1520 2415 E thunderperf: CompatConfig.addOverrideUnsafe: exception:java.lang.SecurityException: Cannot override a change on a non-debuggable app and user build.
02-18 03:06:07.945 1520 2415 I thunderperf: CompatConfig.addOverrideUnsafe: aft-state=1
02-18 03:06:07.946 1520 2415 I thunderperf: CompatConfig.addOverrideUnsafe: bef-state=1
02-18 03:06:07.946 1520 2415 E thunderperf: CompatConfig.addOverrideUnsafe: exception:java.lang.SecurityException: Cannot override a change on a non-debuggable app and user build.
02-18 03:06:07.946 1520 2415 I thunderperf: CompatConfig.addOverrideUnsafe: aft-state=1
02-18 03:06:07.947 1520 2415 I thunderperf: CompatConfig.addOverrideUnsafe: bef-state=1
02-18 03:06:07.947 1520 2415 E thunderperf: CompatConfig.addOverrideUnsafe: exception:java.lang.SecurityException: Cannot override a change on a non-debuggable app and user build.
02-18 03:06:07.947 1520 2415 I thunderperf: CompatConfig.addOverrideUnsafe: aft-state=1
02-18 03:06:07.947 1520 2415 I thunderperf: CompatConfig.addOverrideUnsafe: bef-state=1
02-18 03:06:07.948 1520 2415 E thunderperf: CompatConfig.addOverrideUnsafe: exception:java.lang.SecurityException: Cannot override a change on a non-debuggable app and user build.
02-18 03:06:07.948 1520 2415 I thunderperf: CompatConfig.addOverrideUnsafe: aft-state=1
02-18 03:06:07.948 1520 2415 I thunderperf: CompatConfig.addOverrideUnsafe: bef-state=1
02-18 03:06:07.948 1520 2415 E thunderperf: CompatConfig.addOverrideUnsafe: exception:java.lang.SecurityException: Cannot override a change on a non-debuggable app and user build.
02-18 03:06:07.948 1520 2415 I thunderperf: CompatConfig.addOverrideUnsafe: aft-state=1
02-18 03:06:07.949 1520 2415 I thunderperf: CompatConfig.addOverrideUnsafe: bef-state=1
02-18 03:06:07.949 1520 2415 E thunderperf: CompatConfig.addOverrideUnsafe: exception:java.lang.SecurityException: Cannot override a change on a non-debuggable app and user build.
02-18 03:06:07.949 1520 2415 I thunderperf: CompatConfig.addOverrideUnsafe: aft-state=1
02-18 03:06:07.949 1520 2415 I thunderperf: CompatConfig.addOverrideUnsafe: bef-state=1
02-18 03:06:07.949 1520 2415 E thunderperf: CompatConfig.addOverrideUnsafe: exception:java.lang.SecurityException: Cannot override a change on a non-debuggable app and user build.
02-18 03:06:07.949 1520 2415 I thunderperf: CompatConfig.addOverrideUnsafe: aft-state=1
02-18 03:06:07.953 1520 2415 I ActivityTaskManager: START u0 {act=android.intent.action.MAIN cat=[android.intent.category.LAUNCHER] flg=0x10200000 cmp=com.android.deskclock/.DeskClock bnds=[590,252][890,550]} from uid 10072
02-18 03:06:07.957 1520 2415 I wm_task_created: [87,-1]
02-18 03:06:07.957 1520 2415 W ActivityTaskManager: Can't find TaskDisplayArea to determine support for multi window. Task id=87 attached=false
02-18 03:06:07.960 1520 2415 I wm_task_moved: [87,1,6]
02-18 03:06:07.960 1520 2415 I wm_task_to_front: [0,87]
02-18 03:06:07.961 1520 2415 I wm_create_task: [0,87]
02-18 03:06:07.961 1520 2415 I wm_create_activity: [0,263982480,87,com.android.deskclock/.DeskClock,android.intent.action.MAIN,NULL,NULL,270532608]
02-18 03:06:07.961 1520 2415 I wm_task_moved: [87,1,6]
02-18 03:06:07.962 1520 2415 I wm_pause_activity: [0,58637558,com.android.launcher3/.uioverrides.QuickstepLauncher,userLeaving=true,pauseBackTasks]
02-18 03:06:07.965 1520 1612 I am_uid_running: 10064
02-18 03:06:07.965 1520 1612 D CompatibilityChangeReporter: Compat change id reported: 135634846; UID 10064; state: DISABLED
02-18 03:06:07.965 1520 1612 D CompatibilityChangeReporter: Compat change id reported: 177438394; UID 10064; state: DISABLED
02-18 03:06:07.965 1520 1612 D CompatibilityChangeReporter: Compat change id reported: 135772972; UID 10064; state: DISABLED
02-18 03:06:07.965 1520 1612 D CompatibilityChangeReporter: Compat change id reported: 135754954; UID 10064; state: DISABLED
02-18 03:06:07.965 1520 1620 D CompatibilityChangeReporter: Compat change id reported: 143937733; UID 10064; state: DISABLED
02-18 03:06:07.966 2828 2828 I wm_on_top_resumed_lost_called: [58637558,com.android.launcher3.uioverrides.QuickstepLauncher,topStateChangedWhenResumed]
02-18 03:06:07.966 2828 2828 I wm_on_paused_called: [58637558,com.android.launcher3.uioverrides.QuickstepLauncher,performPause]
02-18 03:06:07.967 1520 6852 I ActivityTaskManager: FOREGROUND_APPLICATION_CHANGED to com.android.deskclock.DeskClock
02-18 03:06:07.967 1520 6852 I wm_add_to_stopping: [0,58637558,com.android.launcher3/.uioverrides.QuickstepLauncher,makeInvisible]
02-18 03:06:07.970 1520 1612 I sysui_multi_action: [757,803,799,window_time_0,802,12]
02-18 03:06:07.971 1520 1612 I am_uid_active: 10064
02-18 03:06:07.971 1520 1620 I am_proc_start: [0,14619,10064,com.android.deskclock,pre-top-activity,{com.android.deskclock/com.android.deskclock.DeskClock}]
02-18 03:06:07.971 1520 1620 I ActivityManager: Start proc 14619:com.android.deskclock/u0a64 for pre-top-activity {com.android.deskclock/com.android.deskclock.DeskClock}
02-18 03:06:07.971 1520 14620 W ContextImpl: Calling a method in the system process without a qualified user: android.app.ContextImpl.sendBroadcast:1173 com.qualcomm.qti.Performance$SendGameLaunchBroadcast.run:217 java.lang.Thread.run:920
01-05 12:05:00.762 0 0 W perfetto: enabled ftrace
02-18 03:06:07.982 1520 2415 I am_proc_bound: [0,14619,com.android.deskclock]
01-05 12:05:00.768 0 0 I binder : 14619:14619 ioctl 40046210 7fd1658544 returned -22
02-18 03:06:07.983 1520 1821 I input_focus: [Focus leaving ea4c11d com.android.launcher3/com.android.launcher3.uioverrides.QuickstepLauncher (server),reason=NO_WINDOW]
02-18 03:06:07.985 1520 2415 I wm_restart_activity: [0,263982480,87,com.android.deskclock/.DeskClock]
02-18 03:06:07.985 1520 2415 I wm_set_resumed_activity: [0,com.android.deskclock/.DeskClock,minimalResumeActivityLocked]
02-18 03:06:07.995 2537 4260 W ContextImpl: Calling a method in the system process without a qualified user: android.app.ContextImpl.startService:1816 android.content.ContextWrapper.startService:774 com.thundercomm.gamemode.ingame.services.GameModeActionUtils.startGameModeService:111 com.thundercomm.gamemode.ingame.services.GameModeActionUtils.startGameModeEntry:22 com.thundercomm.gamemode.ingame.services.ActivityMonitoringService$1.onActivityLaunch:139
02-18 03:06:07.998 1520 1520 I GameModeConfig: Current uri is uri = content://com.thundercomm.gamemode.api/gamemode_settings/gamemode_isgaming
02-18 03:06:07.999 1520 1520 I GameModeConfig: isGameModeOn = false
02-18 03:06:07.999 1520 1520 I GameModeConfig: isGameModeOn = false
02-18 03:06:07.999 1520 1520 I GameModeConfig: isDisableVoice = true
02-18 03:06:08.035 14619 14619 I wm_on_create_called: [263982480,com.android.deskclock.DeskClock,performCreate]
02-18 03:06:08.036 14619 14619 I wm_on_start_called: [263982480,com.android.deskclock.DeskClock,handleStartActivity]
02-18 03:06:08.037 14619 14619 I wm_on_resume_called: [263982480,com.android.deskclock.DeskClock,RESUME_ACTIVITY]
02-18 03:06:08.041 14619 14619 I wm_on_top_resumed_gained_called: [263982480,com.android.deskclock.DeskClock,topStateChangedWhenResumed]
02-18 03:06:08.068 1520 1602 W FreeFormWindowHelper: Current Display FreeFormTask is null
02-18 03:06:08.069 1520 6830 W FreeFormWindowHelper: Current Display FreeFormTask is null
02-18 03:06:08.069 2537 4260 W ContextImpl: Calling a method in the system process without a qualified user: android.app.ContextImpl.startService:1816 android.content.ContextWrapper.startService:774 com.thundercomm.gamemode.ingame.services.GameModeActionUtils.startGameModeService:111 com.thundercomm.gamemode.ingame.services.GameModeActionUtils.startGameModeEntry:22 com.thundercomm.gamemode.ingame.services.ActivityMonitoringService$1.onActivityLaunch:139
02-18 03:06:08.071 1520 1520 I GameModeConfig: Current uri is uri = content://com.thundercomm.gamemode.api/gamemode_settings/gamemode_isgaming
02-18 03:06:08.071 1520 1520 I GameModeConfig: isGameModeOn = false
02-18 03:06:08.072 1520 1520 I GameModeConfig: isGameModeOn = false
02-18 03:06:08.072 1520 1520 I GameModeConfig: isDisableVoice = true
02-18 03:06:08.090 1520 6830 D CompatibilityChangeReporter: Compat change id reported: 149924527; UID 10064; state: ENABLED
02-18 03:06:08.090 1520 6830 D CompatibilityChangeReporter: Compat change id reported: 132649864; UID 10064; state: DISABLED
02-18 03:06:08.090 1520 6830 D CompatibilityChangeReporter: Compat change id reported: 182734110; UID 10064; state: DISABLED
02-18 03:06:08.123 1520 1613 I input_focus: [Focus request 46f674c com.android.deskclock/com.android.deskclock.DeskClock,reason=UpdateInputWindows]
01-05 12:05:00.922 0 0 I binder : 14619:14638 ioctl 40046210 6f5522b1f4 returned -22
02-18 03:06:08.149 1520 1608 I sysui_multi_action: [319,38,321,35,322,194,325,7781,757,761,758,7,759,1,806,com.android.deskclock,871,com.android.deskclock.DeskClock,904,com.android.launcher3,905,0,945,31,1320,4,1321,1]
02-18 03:06:08.149 1520 1608 I wm_activity_launch_time: [0,263982480,com.android.deskclock/.DeskClock,194]
02-18 03:06:08.152 1520 1821 I input_focus: [Focus entering 46f674c com.android.deskclock/com.android.deskclock.DeskClock (server),reason=setFocusedWindow]
02-18 03:06:08.201 1520 6830 W ActivityTaskManager: Request to remove task ignored for non-existent task 86
02-18 03:06:08.520 1520 1612 I wm_stop_activity: [0,58637558,com.android.launcher3/.uioverrides.QuickstepLauncher]
02-18 03:06:08.537 2828 2828 I wm_on_stop_called: [58637558,com.android.launcher3.uioverrides.QuickstepLauncher,STOP_ACTIVITY_ITEM]
02-18 03:06:08.553 2537 4260 W ContextImpl: Calling a method in the system process without a qualified user: android.app.ContextImpl.startService:1816 android.content.ContextWrapper.startService:774 com.thundercomm.gamemode.ingame.services.GameModeActionUtils.startGameModeService:111 com.thundercomm.gamemode.ingame.services.GameModeActionUtils.startGameModeEntry:22 com.thundercomm.gamemode.ingame.services.ActivityMonitoringService$1.onActivityLaunch:139
02-18 03:06:08.554 1520 1520 I GameModeConfig: Current uri is uri = content://com.thundercomm.gamemode.api/gamemode_settings/gamemode_isgaming
02-18 03:06:08.555 1520 1520 I GameModeConfig: isGameModeOn = false
02-18 03:06:08.555 1520 1520 I GameModeConfig: isGameModeOn = false
02-18 03:06:08.555 1520 1520 I GameModeConfig: isDisableVoice = true
02-18 03:06:09.704 1520 2286 I GameModeConfig: isGameModeOn = false
01-05 12:05:02.498 0 0 E DTC_ETH,link_delay_work_func: 3003, SQI=0, link=0
02-18 03:06:09.895 1520 1821 I input_interaction: Interaction with: 46f674c com.android.deskclock/com.android.deskclock.DeskClock (server), edge-swipe (server), swipe-up (server), PointerEventDispatcher0 (server),
02-18 03:06:09.901 1520 2286 I GameModeConfig: isGameModeOn = false
02-18 03:06:10.971 1520 3839 E TaskPersister: File error accessing recents directory (directory doesn't exist?).
02-18 03:06:12.565 1520 2286 I GameModeConfig: isGameModeOn = false
02-18 03:06:12.758 1520 2286 I GameModeConfig: isGameModeOn = false
01-05 12:05:05.763 0 0 W perfetto: disabled ftrace
02-18 03:06:12.980 1166 14614 I iorapd : Perfetto TraceBuffer saved to file: /data/misc/iorapd/com.android.deskclock/31/com.android.deskclock.DeskClock/raw_traces/1676660772979853389.perfetto_trace.pb
02-18 03:06:13.250 1520 1602 W FreeFormWindowHelper: Current Display FreeFormTask is null
02-18 03:06:13.251 1520 1602 W FreeFormWindowHelper: Current Display FreeFormTask is null
02-18 03:06:13.252 1520 1602 W FreeFormWindowHelper: Current Display FreeFormTask is null
02-18 03:06:13.254 1520 1602 I wm_task_moved: [1,0,0]
02-18 03:06:13.254 1520 6830 W FreeFormWindowHelper: Current Display FreeFormTask is null
02-18 03:06:13.254 1520 1602 I wm_task_moved: [1,0,5]
02-18 03:06:13.267 14619 14619 I view_enqueue_input_event: [Motion - Cancel,com.android.deskclock/com.android.deskclock.DeskClock]
02-18 03:06:13.267 2828 2828 I wm_on_restart_called: [58637558,com.android.launcher3.uioverrides.QuickstepLauncher,performRestartActivity]
02-18 03:06:13.271 1520 2415 W FreeFormWindowHelper: Current Display FreeFormTask is null
02-18 03:06:13.271 1520 2415 W FreeFormWindowHelper: Current Display FreeFormTask is null
02-18 03:06:13.272 1520 2415 W FreeFormWindowHelper: Current Display FreeFormTask is null
02-18 03:06:13.274 2537 4260 W ContextImpl: Calling a method in the system process without a qualified user: android.app.ContextImpl.startService:1816 android.content.ContextWrapper.startService:774 com.thundercomm.gamemode.ingame.services.GameModeActionUtils.startGameModeService:111 com.thundercomm.gamemode.ingame.services.GameModeActionUtils.startGameModeEntry:22 com.thundercomm.gamemode.ingame.services.ActivityMonitoringService$1.onActivityLaunch:139
02-18 03:06:13.276 1520 1520 I GameModeConfig: Current uri is uri = content://com.thundercomm.gamemode.api/gamemode_settings/gamemode_isgaming
02-18 03:06:13.277 1520 1520 I GameModeConfig: isGameModeOn = false
02-18 03:06:13.277 1520 1821 I input_interaction: Interaction with: edge-swipe (server), swipe-up (server), PointerEventDispatcher0 (server),
02-18 03:06:13.278 1520 1520 I GameModeConfig: isGameModeOn = false
02-18 03:06:13.278 1520 1520 I GameModeConfig: isDisableVoice = true
02-18 03:06:13.282 2828 2828 I wm_on_start_called: [58637558,com.android.launcher3.uioverrides.QuickstepLauncher,handleStartActivity]
02-18 03:06:13.282 1520 1602 W ActivityTaskManager: getTaskSnapshot: taskId=1087 not found
02-18 03:06:13.284 1520 1613 I input_focus: [Focus request recents_animation_input_consumer,reason=UpdateInputWindows]
02-18 03:06:13.286 1520 6830 W ActivityTaskManager: getTaskSnapshot: taskId=2087 not found
02-18 03:06:13.287 1520 1602 W ActivityTaskManager: getTaskSnapshot: taskId=3087 not found
02-18 03:06:13.288 1520 1602 W FreeFormWindowHelper: Current Display FreeFormTask is null
02-18 03:06:13.288 1520 1602 W FreeFormWindowHelper: Current Display FreeFormTask is null
02-18 03:06:13.289 1520 1602 W ActivityTaskManager: getTaskSnapshot: taskId=1087 not found
02-18 03:06:13.289 1520 1602 W ActivityTaskManager: getTaskSnapshot: taskId=2087 not found
02-18 03:06:13.289 1520 1602 W ActivityTaskManager: getTaskSnapshot: taskId=3087 not found
02-18 03:06:13.289 2828 2828 I sysui_latency: [1,49]
02-18 03:06:13.289 1520 1602 W ActivityTaskManager: getTaskSnapshot: taskId=4087 not found
02-18 03:06:13.290 1520 1602 W ActivityTaskManager: getTaskSnapshot: taskId=1087 not found
02-18 03:06:13.290 1520 1602 W ActivityTaskManager: getTaskSnapshot: taskId=2087 not found
02-18 03:06:13.290 1520 1602 W ActivityTaskManager: getTaskSnapshot: taskId=3087 not found
02-18 03:06:13.290 1520 1602 W ActivityTaskManager: getTaskSnapshot: taskId=4087 not found
02-18 03:06:13.291 1520 1602 W ActivityTaskManager: getTaskSnapshot: taskId=5087 not found
02-18 03:06:13.293 1520 6830 W FreeFormWindowHelper: Current Display FreeFormTask is null
02-18 03:06:13.297 1520 1821 I input_focus: [Focus leaving 46f674c com.android.deskclock/com.android.deskclock.DeskClock (server),reason=NOT_FOCUSABLE]
02-18 03:06:13.297 1520 1821 I input_focus: [Focus entering recents_animation_input_consumer (server),reason=setFocusedWindow]
02-18 03:06:13.299 1520 6830 W ActivityTaskManager: getTaskSnapshot: taskId=1087 not found
02-18 03:06:13.299 1520 1602 W ActivityTaskManager: getTaskSnapshot: taskId=2087 not found
02-18 03:06:13.300 1520 9451 W FreeFormWindowHelper: Current Display FreeFormTask is null
02-18 03:06:13.300 1520 1602 W ActivityTaskManager: getTaskSnapshot: taskId=3087 not found
02-18 03:06:13.300 1520 9451 W FreeFormWindowHelper: Current Display FreeFormTask is null
02-18 03:06:13.301 1520 1602 W ActivityTaskManager: getTaskSnapshot: taskId=4087 not found
02-18 03:06:13.301 1520 1602 W ActivityTaskManager: getTaskSnapshot: taskId=5087 not found
02-18 03:06:13.304 1520 1608 I sysui_multi_action: [319,10,322,41,325,7786,757,761,758,9,759,5,806,com.android.launcher3,871,com.android.launcher3.uioverrides.QuickstepLauncher,905,0,1320,4,1321,1]
02-18 03:06:13.313 1520 6830 W FreeFormWindowHelper: Current Display FreeFormTask is null
02-18 03:06:13.313 1520 9451 W FreeFormWindowHelper: Current Display FreeFormTask is null
02-18 03:06:13.452 1520 9451 W FreeFormWindowHelper: exitRecentTasks type=0
02-18 03:06:13.457 1520 2415 W FreeFormWindowHelper: Current Display FreeFormTask is null
02-18 03:06:13.457 1520 9451 W FreeFormWindowHelper: Current Display FreeFormTask is null
02-18 03:06:13.475 1520 1768 I commit_sys_config_file: [settings-1-0,5]
02-18 03:06:13.598 1520 1618 I sysui_latency: [8,52]
02-18 03:06:13.995 1520 1821 I input_interaction: Interaction with: ae306c3 StatusBar (server), edge-swipe (server), swipe-up (server), PointerEventDispatcher0 (server),
02-18 03:06:14.001 2348 2348 I sysui_multi_action: [757,803,799,panel_open,802,1]
02-18 03:06:14.006 2348 2348 I sysui_multi_action: [757,1328,758,4,1326,61,1327,5,1329,0]
02-18 03:06:14.040 1520 1602 I sysui_multi_action: [757,127,758,1]
02-18 03:06:14.041 1520 1602 I sysui_multi_action: [757,804,799,note_load,801,3,802,1]
02-18 03:06:14.041 1520 1602 I notification_panel_revealed: 3
02-18 03:06:14.051 1520 1613 I input_focus: [Focus request 3373de6 NotificationShade,reason=UpdateInputWindows]
02-18 03:06:14.061 1520 1602 I sysui_multi_action: [757,128,758,1,793,7655846,794,0,795,7655846,796,26,798,0,806,android,857,DEVELOPER_IMPORTANT,858,4,947,0,1395,3,1500,7655640,1688,1]
02-18 03:06:14.061 1520 1602 I sysui_multi_action: [757,804,799,note_freshness,801,7655846,802,1]
02-18 03:06:14.061 1520 1602 I notification_visibility: [-1|android|26|null|1000,1,7655846,7655846,0,0]
02-18 03:06:14.061 1520 1602 I sysui_multi_action: [757,128,758,1,793,7763994,794,0,795,196430,796,17303299,797,com.android.wifi,798,1,806,android,857,NETWORK_AVAILABLE,858,2,947,0,1395,3,1500,9645,1688,1]
02-18 03:06:14.062 1520 1602 I sysui_multi_action: [757,1501,758,1,793,7763994,794,0,795,196430,796,17303299,797,com.android.wifi,806,android,857,NETWORK_AVAILABLE,858,2,947,0,1500,0,1688,1]
02-18 03:06:14.062 1520 1602 I sysui_multi_action: [757,804,799,note_interruptive,801,0,802,1]
02-18 03:06:14.062 1520 1602 I sysui_multi_action: [757,804,799,note_freshness,801,196430,802,1]
02-18 03:06:14.062 1520 1602 I notification_visibility: [0|android|17303299|com.android.wifi|1000,1,7763994,196430,0,1]
02-18 03:06:14.062 1520 1602 I sysui_multi_action: [757,128,758,1,793,7764865,794,0,795,7764865,796,32,798,2,806,android,857,USB,858,1,947,0,1395,3,1500,7764507,1688,1]
02-18 03:06:14.062 1520 1602 I sysui_multi_action: [757,804,799,note_freshness,801,7764865,802,1]
02-18 03:06:14.062 1520 1602 I notification_visibility: [-1|android|32|null|1000,1,7764865,7764865,0,2]
02-18 03:06:14.075 2348 2348 I sysui_multi_action: [757,111,758,1]
02-18 03:06:14.076 2348 2348 I sysui_multi_action: [757,126,758,1,759,126,927,0,928,1,1593,0]
02-18 03:06:14.076 2348 2348 I sysui_multi_action: [757,113,758,1,759,113,927,1,928,1,1593,0]
02-18 03:06:14.076 2348 2348 I sysui_multi_action: [757,0,758,1,759,0,927,2,928,0,1593,0]
02-18 03:06:14.076 2348 2348 I sysui_multi_action: [757,0,758,1,759,0,927,3,928,0,1593,0]
02-18 03:06:14.076 2348 2348 I sysui_multi_action: [757,491,758,1,759,491,927,4,928,0,1311,-1,1593,0]
02-18 03:06:14.077 2348 2348 I sysui_multi_action: [757,0,758,1,759,0,927,5,928,0,1593,0]
02-18 03:06:14.077 2348 2348 I sysui_multi_action: [757,111,758,1]
02-18 03:06:14.077 2348 2348 I sysui_multi_action: [757,126,758,1,759,126,927,0,928,1,1593,0]
02-18 03:06:14.077 2348 2348 I sysui_multi_action: [757,113,758,1,759,113,927,1,928,1,1593,0]
02-18 03:06:14.077 2348 2348 I sysui_multi_action: [757,0,758,1,759,0,927,2,928,0,1593,0]
02-18 03:06:14.077 2348 2348 I sysui_multi_action: [757,0,758,1,759,0,927,3,928,0,1593,0]
02-18 03:06:14.084 1520 1821 I input_focus: [Focus leaving recents_animation_input_consumer (server),reason=setFocusedWindow]
02-18 03:06:14.084 1520 1821 I input_focus: [Focus entering 3373de6 NotificationShade (server),reason=setFocusedWindow]
02-18 03:06:14.098 1520 9451 W FreeFormWindowHelper: Current Display FreeFormTask is null
02-18 03:06:14.098 1520 9451 W FreeFormWindowHelper: Current Display FreeFormTask is null
02-18 03:06:14.100 1520 9451 I wm_task_moved: [1,1,6]
02-18 03:06:14.100 1520 9451 I wm_task_moved: [11,1,2147483647]
02-18 03:06:14.100 1520 9451 I wm_task_to_front: [0,11]
02-18 03:06:14.100 1520 9451 I wm_focused_root_task: [0,0,1,87,RecentsAnimation.onAnimationFinished()]
02-18 03:06:14.100 14619 14619 I wm_on_top_resumed_lost_called: [263982480,com.android.deskclock.DeskClock,topStateChangedWhenResumed]
02-18 03:06:14.100 1520 9451 I wm_set_resumed_activity: [0,com.android.launcher3/.uioverrides.QuickstepLauncher,RecentsAnimation.onAnimationFinished()]
02-18 03:06:14.101 1520 9451 I wm_pause_activity: [0,263982480,com.android.deskclock/.DeskClock,userLeaving=true,pauseBackTasks]
02-18 03:06:14.101 1520 9451 I wm_add_to_stopping: [0,263982480,com.android.deskclock/.DeskClock,makeInvisible]
02-18 03:06:14.101 1520 9451 I ActivityTaskManager: FOREGROUND_APPLICATION_CHANGED to com.android.launcher3.uioverrides.QuickstepLauncher
02-18 03:06:14.102 1520 9451 I wm_set_resumed_activity: [0,com.android.launcher3/.uioverrides.QuickstepLauncher,resumeTopActivityInnerLocked]
02-18 03:06:14.108 1520 9451 I wm_resume_activity: [0,58637558,11,com.android.launcher3/.uioverrides.QuickstepLauncher]
02-18 03:06:14.108 2828 2828 I wm_on_resume_called: [58637558,com.android.launcher3.uioverrides.QuickstepLauncher,RESUME_ACTIVITY]
02-18 03:06:14.115 1520 6830 I wm_stop_activity: [0,263982480,com.android.deskclock/.DeskClock]
02-18 03:06:14.116 2828 2828 I wm_on_top_resumed_gained_called: [58637558,com.android.launcher3.uioverrides.QuickstepLauncher,topStateChangedWhenResumed]
02-18 03:06:14.116 14619 14619 I wm_on_paused_called: [263982480,com.android.deskclock.DeskClock,performPause]
02-18 03:06:14.122 1520 1612 I sysui_multi_action: [757,803,799,window_time_0,802,6]
02-18 03:06:14.124 1520 2286 I GameModeConfig: isGameModeOn = false
02-18 03:06:14.124 1520 2286 I GameModeConfig: isGameModeOn = false
02-18 03:06:14.124 1520 2286 I GameModeConfig: isGameModeOn = false
02-18 03:06:14.124 1520 2286 I GameModeConfig: isGameModeOn = false
02-18 03:06:14.124 1520 2286 I GameModeConfig: isGameModeOn = false
02-18 03:06:14.125 1520 1612 I sysui_multi_action: [757,803,799,window_time_0,802,0]
02-18 03:06:14.126 1520 1520 I notification_enqueue: [10064,14619,com.android.deskclock,2147483645,NULL,0,Notification(channel=TimerModelNotification shortcut=null contentView=com.android.deskclock/0x7f0d0024 vibrate=null sound=null defaults=0x0 flags=0x102 color=0xff1a237e category=alarm groupKey=2 sortKey=0 actions=1 vis=PUBLIC),0]
02-18 03:06:14.133 14619 14619 I wm_on_stop_called: [263982480,com.android.deskclock.DeskClock,STOP_ACTIVITY_ITEM]
02-18 03:06:14.162 2537 4260 W ContextImpl: Calling a method in the system process without a qualified user: android.app.ContextImpl.startService:1816 android.content.ContextWrapper.startService:774 com.thundercomm.gamemode.ingame.services.GameModeActionUtils.startGameModeService:111 com.thundercomm.gamemode.ingame.services.GameModeActionUtils.startGameModeEntry:22 com.thundercomm.gamemode.ingame.services.ActivityMonitoringService$1.onActivityLaunch:139
02-18 03:06:14.164 1520 1520 I GameModeConfig: Current uri is uri = content://com.thundercomm.gamemode.api/gamemode_settings/gamemode_isgaming
02-18 03:06:14.166 1520 1520 I GameModeConfig: isGameModeOn = false
02-18 03:06:14.166 1520 1520 I GameModeConfig: isGameModeOn = false
02-18 03:06:14.166 1520 1520 I GameModeConfig: isDisableVoice = true
02-18 03:06:14.213 1520 6830 W FreeFormWindowHelper: Current Display FreeFormTask is null
02-18 03:06:14.216 2537 4260 W ContextImpl: Calling a method in the system process without a qualified user: android.app.ContextImpl.startService:1816 android.content.ContextWrapper.startService:774 com.thundercomm.gamemode.ingame.services.GameModeActionUtils.startGameModeService:111 com.thundercomm.gamemode.ingame.services.GameModeActionUtils.startGameModeEntry:22 com.thundercomm.gamemode.ingame.services.ActivityMonitoringService$1.onActivityLaunch:139
02-18 03:06:14.220 1520 1520 I GameModeConfig: Current uri is uri = content://com.thundercomm.gamemode.api/gamemode_settings/gamemode_isgaming
02-18 03:06:14.221 1520 1520 I GameModeConfig: isGameModeOn = false
02-18 03:06:14.222 1520 1520 I GameModeConfig: isGameModeOn = false
02-18 03:06:14.222 1520 1520 I GameModeConfig: isDisableVoice = true
02-18 03:06:14.327 1520 1520 I sysui_multi_action: [757,1501,758,1,793,202,794,0,795,202,796,2147483645,806,com.android.deskclock,857,TimerModelNotification,858,3,946,2,947,0,1500,0,1641,alarm,1688,1,1745,-868672399]
02-18 03:06:14.327 1520 1520 I sysui_multi_action: [757,804,799,note_interruptive,801,0,802,1]
02-18 03:06:14.327 1520 1520 I GameModeConfig: isGameModeOn = false
02-18 03:06:14.329 1520 1520 W NotificationHistory: Attempted to add notif for locked/gone/disabled user 0
02-18 03:06:14.582 1520 9451 I sysui_multi_action: [757,128,758,1,793,457,794,0,795,457,796,2147483645,798,1,806,com.android.deskclock,857,TimerModelNotification,858,3,946,2,947,0,1395,4,1500,255,1641,alarm,1688,1,1745,-868672399]
02-18 03:06:14.583 1520 9451 I sysui_multi_action: [757,804,799,note_freshness,801,457,802,1]
02-18 03:06:14.583 1520 9451 I notification_visibility: [0|com.android.deskclock|2147483645|null|10064,1,457,457,0,1]
01-05 12:05:07.618 0 0 E DTC_ETH,link_delay_work_func: 3003, SQI=0, link=0
02-18 03:06:15.752 1520 1821 I input_interaction: Interaction with: 3373de6 NotificationShade (server), edge-swipe (server), swipe-up (server), PointerEventDispatcher0 (server),
02-18 03:06:15.873 2348 2348 I sysui_multi_action: [757,407,758,4,759,1]
02-18 03:06:16.092 1520 9451 I sysui_multi_action: [757,128,758,3,793,1967,794,1510,795,1967,796,2147483645,806,com.android.deskclock,857,TimerModelNotification,858,3,946,2,947,0,1500,1765,1641,alarm,1688,1,1745,-868672399]
02-18 03:06:16.484 1520 2286 I GameModeConfig: isGameModeOn = false
02-18 03:06:16.683 1520 2286 I GameModeConfig: isGameModeOn = false
02-18 03:06:16.816 1520 1602 I sysui_multi_action: [757,128,758,4,793,2691,794,2234,795,2691,796,2147483645,798,0,806,com.android.deskclock,857,TimerModelNotification,858,3,946,2,947,0,1395,4,1500,2489,1641,alarm,1688,1,1745,-868672399]
02-18 03:06:16.816 1520 1602 I notification_clicked: [0|com.android.deskclock|2147483645|null|10064,2691,2691,2234,0,4]
02-18 03:06:16.817 1520 1520 I sysui_multi_action: [757,804,799,note_click_longevity,801,0,802,1]
02-18 03:06:16.820 1520 1602 I thunderperf: PlatormCompat.setOverrides: Uid1=10064 Pid1=14619 Uid2=10064 Pid2=14619
02-18 03:06:16.820 1520 1602 I thunderperf: PlatormCompat.setOverrides: needCheck:false
02-18 03:06:16.820 1520 1602 W PackageManager: MATCH_ANY_USER flag requires INTERACT_ACROSS_USERS permission: UID 10064 requires android.permission.INTERACT_ACROSS_USERS_FULL or android.permission.INTERACT_ACROSS_USERS to access user 0.
02-18 03:06:16.821 1520 1602 I ActivityTaskManager: START u0 {flg=0x10000000 cmp=com.android.deskclock/.DeskClock (has extras)} from uid 10064
02-18 03:06:16.822 1520 1602 D CompatibilityChangeReporter: Compat change id reported: 167676448; UID 10064; state: DISABLED
02-18 03:06:16.822 1520 1602 W NotificationService: Indirect notification activity start (trampoline) from com.android.deskclock, this should be avoided for performance reasons
02-18 03:06:16.825 1520 1602 I wm_task_moved: [87,1,6]
02-18 03:06:16.825 1520 1602 I wm_task_to_front: [0,87]
02-18 03:06:16.826 1520 1602 I wm_focused_root_task: [0,0,87,1,bringingFoundTaskToFront]
02-18 03:06:16.826 2828 2828 I wm_on_top_resumed_lost_called: [58637558,com.android.launcher3.uioverrides.QuickstepLauncher,topStateChangedWhenResumed]
02-18 03:06:16.826 1520 1602 I wm_set_resumed_activity: [0,com.android.deskclock/.DeskClock,bringingFoundTaskToFront]
02-18 03:06:16.826 1520 1602 I wm_new_intent: [0,263982480,87,com.android.deskclock/.DeskClock,android.intent.action.MAIN,NULL,NULL,270532608]
02-18 03:06:16.827 1520 1602 I wm_pause_activity: [0,58637558,com.android.launcher3/.uioverrides.QuickstepLauncher,userLeaving=true,pauseBackTasks]
02-18 03:06:16.835 2828 2828 I wm_on_paused_called: [58637558,com.android.launcher3.uioverrides.QuickstepLauncher,performPause]
02-18 03:06:16.836 1520 6830 I ActivityTaskManager: FOREGROUND_APPLICATION_CHANGED to com.android.deskclock.DeskClock
02-18 03:06:16.838 1520 6830 I wm_set_resumed_activity: [0,com.android.deskclock/.DeskClock,resumeTopActivityInnerLocked]
02-18 03:06:16.839 1520 6830 I wm_add_to_stopping: [0,58637558,com.android.launcher3/.uioverrides.QuickstepLauncher,makeInvisible]
02-18 03:06:16.840 1520 6830 I wm_resume_activity: [0,263982480,87,com.android.deskclock/.DeskClock]
02-18 03:06:16.842 14619 14619 I wm_on_restart_called: [263982480,com.android.deskclock.DeskClock,performRestartActivity]
02-18 03:06:16.844 1520 1612 I sysui_multi_action: [757,803,799,window_time_0,802,3]
02-18 03:06:16.845 14619 14619 I wm_on_start_called: [263982480,com.android.deskclock.DeskClock,handleStartActivity]
02-18 03:06:16.845 14619 14619 I wm_on_resume_called: [263982480,com.android.deskclock.DeskClock,RESUME_ACTIVITY]
02-18 03:06:16.846 14619 14619 E AndroidRuntime: FATAL EXCEPTION: main
02-18 03:06:16.846 14619 14619 E AndroidRuntime: Process: com.android.deskclock, PID: 14619
02-18 03:06:16.846 14619 14619 E AndroidRuntime: java.lang.RuntimeException: Unable to resume activity {com.android.deskclock/com.android.deskclock.DeskClock}: java.lang.IllegalStateException: FragmentManager is already executing transactions
02-18 03:06:16.846 14619 14619 E AndroidRuntime: at android.app.ActivityThread.performResumeActivity(ActivityThread.java:4758)
02-18 03:06:16.846 14619 14619 E AndroidRuntime: at android.app.ActivityThread.handleResumeActivity(ActivityThread.java:4791)
02-18 03:06:16.846 14619 14619 E AndroidRuntime: at android.app.servertransaction.ResumeActivityItem.execute(ResumeActivityItem.java:54)
02-18 03:06:16.846 14619 14619 E AndroidRuntime: at android.app.servertransaction.ActivityTransactionItem.execute(ActivityTransactionItem.java:45)
02-18 03:06:16.846 14619 14619 E AndroidRuntime: at android.app.servertransaction.TransactionExecutor.executeLifecycleState(TransactionExecutor.java:176)
02-18 03:06:16.846 14619 14619 E AndroidRuntime: at android.app.servertransaction.TransactionExecutor.execute(TransactionExecutor.java:97)
02-18 03:06:16.846 14619 14619 E AndroidRuntime: at android.app.ActivityThread$H.handleMessage(ActivityThread.java:2211)
02-18 03:06:16.846 14619 14619 E AndroidRuntime: at android.os.Handler.dispatchMessage(Handler.java:106)
02-18 03:06:16.846 14619 14619 E AndroidRuntime: at android.os.Looper.loopOnce(Looper.java:201)
02-18 03:06:16.846 14619 14619 E AndroidRuntime: at android.os.Looper.loop(Looper.java:288)
02-18 03:06:16.846 14619 14619 E AndroidRuntime: at android.app.ActivityThread.main(ActivityThread.java:7880)
02-18 03:06:16.846 14619 14619 E AndroidRuntime: at java.lang.reflect.Method.invoke(Native Method)
02-18 03:06:16.846 14619 14619 E AndroidRuntime: at com.android.internal.os.RuntimeInit$MethodAndArgsCaller.run(RuntimeInit.java:548)
02-18 03:06:16.846 14619 14619 E AndroidRuntime: at com.android.internal.os.ZygoteInit.main(ZygoteInit.java:1009)
02-18 03:06:16.846 14619 14619 E AndroidRuntime: Caused by: java.lang.IllegalStateException: FragmentManager is already executing transactions
02-18 03:06:16.846 14619 14619 E AndroidRuntime: at androidx.fragment.app.FragmentManager.ensureExecReady(FragmentManager.java:1951)
02-18 03:06:16.846 14619 14619 E AndroidRuntime: at androidx.fragment.app.FragmentManager.execPendingActions(FragmentManager.java:2016)
02-18 03:06:16.846 14619 14619 E AndroidRuntime: at androidx.fragment.app.FragmentManager.executePendingTransactions(FragmentManager.java:603)
02-18 03:06:16.846 14619 14619 E AndroidRuntime: at com.android.deskclock.timer.TimerPagerAdapter.finishUpdate(TimerPagerAdapter.kt:125)
02-18 03:06:16.846 14619 14619 E AndroidRuntime: at androidx.viewpager.widget.ViewPager.populate(ViewPager.java:1237)
02-18 03:06:16.846 14619 14619 E AndroidRuntime: at androidx.viewpager.widget.ViewPager.setCurrentItemInternal(ViewPager.java:672)
02-18 03:06:16.846 14619 14619 E AndroidRuntime: at androidx.viewpager.widget.ViewPager.setCurrentItemInternal(ViewPager.java:634)
02-18 03:06:16.846 14619 14619 E AndroidRuntime: at androidx.viewpager.widget.ViewPager.setCurrentItem(ViewPager.java:615)
02-18 03:06:16.846 14619 14619 E AndroidRuntime: at com.android.deskclock.timer.TimerFragment.onResume(TimerFragment.kt:181)
02-18 03:06:16.846 14619 14619 E AndroidRuntime: at androidx.fragment.app.Fragment.performResume(Fragment.java:3029)
02-18 03:06:16.846 14619 14619 E AndroidRuntime: at androidx.fragment.app.FragmentStateManager.resume(FragmentStateManager.java:583)
02-18 03:06:16.846 14619 14619 E AndroidRuntime: at androidx.fragment.app.FragmentStateManager.moveToExpectedState(FragmentStateManager.java:282)
02-18 03:06:16.846 14619 14619 E AndroidRuntime: at androidx.fragment.app.FragmentStore.moveToExpectedState(FragmentStore.java:112)
02-18 03:06:16.846 14619 14619 E AndroidRuntime: at androidx.fragment.app.FragmentManager.moveToState(FragmentManager.java:1667)
02-18 03:06:16.846 14619 14619 E AndroidRuntime: at androidx.fragment.app.FragmentManager.dispatchStateChange(FragmentManager.java:3234)
02-18 03:06:16.846 14619 14619 E AndroidRuntime: at androidx.fragment.app.FragmentManager.dispatchResume(FragmentManager.java:3192)
02-18 03:06:16.846 14619 14619 E AndroidRuntime: at androidx.fragment.app.FragmentController.dispatchResume(FragmentController.java:273)
02-18 03:06:16.846 14619 14619 E AndroidRuntime: at androidx.fragment.app.FragmentActivity.onResumeFragments(FragmentActivity.java:434)
02-18 03:06:16.846 14619 14619 E AndroidRuntime: at androidx.fragment.app.FragmentActivity.onPostResume(FragmentActivity.java:423)
02-18 03:06:16.846 14619 14619 E AndroidRuntime: at androidx.appcompat.app.AppCompatActivity.onPostResume(AppCompatActivity.java:240)
02-18 03:06:16.846 14619 14619 E AndroidRuntime: at com.android.deskclock.DeskClock.onPostResume(DeskClock.kt:315)
02-18 03:06:16.846 14619 14619 E AndroidRuntime: at android.app.Activity.performResume(Activity.java:8241)
02-18 03:06:16.846 14619 14619 E AndroidRuntime: at android.app.ActivityThread.performResumeActivity(ActivityThread.java:4748)
02-18 03:06:16.846 14619 14619 E AndroidRuntime: ... 13 more
02-18 03:06:16.847 1520 1602 I am_crash: [14619,0,com.android.deskclock,818429509,java.lang.IllegalStateException,FragmentManager is already executing transactions,FragmentManager.java,1951]
02-18 03:06:16.848 1520 1520 I sysui_multi_action: [757,128,758,5,759,8,793,2723,794,2266,795,2723,796,2147483645,806,com.android.deskclock,857,TimerModelNotification,858,3,946,2,947,0,1500,2521,1641,alarm,1688,1,1745,-868672399]
02-18 03:06:16.848 1520 1520 I notification_canceled: [0|com.android.deskclock|2147483645|null|10064,8,2723,2723,2266,-1,-1,NULL]
02-18 03:06:16.848 2537 4260 W ContextImpl: Calling a method in the system process without a qualified user: android.app.ContextImpl.startService:1816 android.content.ContextWrapper.startService:774 com.thundercomm.gamemode.ingame.services.GameModeActionUtils.startGameModeService:111 com.thundercomm.gamemode.ingame.services.GameModeActionUtils.startGameModeEntry:22 com.thundercomm.gamemode.ingame.services.ActivityMonitoringService$1.onActivityLaunch:139
02-18 03:06:16.849 1520 1520 I service_manager_stats: [100,81,34733]
02-18 03:06:16.850 1520 1602 W ActivityTaskManager: Force finishing activity com.android.deskclock/.DeskClock
02-18 03:06:16.850 1520 1602 I wm_finish_activity: [0,263982480,87,com.android.deskclock/.DeskClock,force-crash]
02-18 03:06:16.850 1520 14681 I DropBoxManagerService: add tag=system_app_crash isTagEnabled=true flags=0x2
02-18 03:06:16.850 1520 1602 I wm_task_moved: [1,1,6]
02-18 03:06:16.851 1520 1602 I wm_task_moved: [11,1,2147483647]
02-18 03:06:16.851 1520 1602 I wm_task_to_front: [0,11]
02-18 03:06:16.851 1520 1602 I wm_focused_root_task: [0,0,1,87,finish-top adjustFocusToNextFocusableTask]
02-18 03:06:16.851 1520 1602 I wm_set_resumed_activity: [0,com.android.launcher3/.uioverrides.QuickstepLauncher,finish-top adjustFocusToNextFocusableTask]
02-18 03:06:16.852 1520 1602 I wm_pause_activity: [0,263982480,com.android.deskclock/.DeskClock,userLeaving=false,finish]
02-18 03:06:16.855 1520 1612 I sysui_multi_action: [757,1144,758,9,806,com.android.deskclock,871,com.android.deskclock.DeskClock]
02-18 03:06:16.859 1520 1520 I GameModeConfig: Current uri is uri = content://com.thundercomm.gamemode.api/gamemode_settings/gamemode_isgaming
02-18 03:06:16.861 1520 1520 I GameModeConfig: isGameModeOn = false
02-18 03:06:16.861 1520 1520 I GameModeConfig: isGameModeOn = false
02-18 03:06:16.861 1520 1520 I GameModeConfig: isDisableVoice = true
02-18 03:06:16.869 1520 1609 D CompatibilityChangeReporter: Compat change id reported: 168419799; UID 1000; state: DISABLED
02-18 03:06:16.944 1520 6830 W FreeFormWindowHelper: Current Display FreeFormTask is null
02-18 03:06:16.946 2537 4260 W ContextImpl: Calling a method in the system process without a qualified user: android.app.ContextImpl.startService:1816 android.content.ContextWrapper.startService:774 com.thundercomm.gamemode.ingame.services.GameModeActionUtils.startGameModeService:111 com.thundercomm.gamemode.ingame.services.GameModeActionUtils.startGameModeEntry:22 com.thundercomm.gamemode.ingame.services.ActivityMonitoringService$1.onActivityLaunch:139
02-18 03:06:16.950 1520 1520 I GameModeConfig: Current uri is uri = content://com.thundercomm.gamemode.api/gamemode_settings/gamemode_isgaming
02-18 03:06:16.953 1520 1520 I GameModeConfig: isGameModeOn = false
02-18 03:06:16.954 1520 1520 I GameModeConfig: isGameModeOn = false
02-18 03:06:16.954 1520 1520 I GameModeConfig: isDisableVoice = true
02-18 03:06:17.352 1520 1612 W ActivityTaskManager: Activity top resumed state loss timeout for ActivityRecord{fbc0d90 u0 com.android.deskclock/.DeskClock t87 f}}
02-18 03:06:17.352 1520 1612 W ActivityTaskManager: Activity pause timeout for ActivityRecord{fbc0d90 u0 com.android.deskclock/.DeskClock t87 f}}
02-18 03:06:17.352 1520 1612 I wm_add_to_stopping: [0,263982480,com.android.deskclock/.DeskClock,completeFinishing]
02-18 03:06:17.353 1520 1612 I ActivityTaskManager: FOREGROUND_APPLICATION_CHANGED to com.android.launcher3.uioverrides.QuickstepLauncher
02-18 03:06:17.354 1520 1612 I wm_set_resumed_activity: [0,com.android.launcher3/.uioverrides.QuickstepLauncher,resumeTopActivityInnerLocked]
02-18 03:06:17.355 1520 1612 I wm_resume_activity: [0,58637558,11,com.android.launcher3/.uioverrides.QuickstepLauncher]
02-18 03:06:17.357 2828 2828 I wm_on_resume_called: [58637558,com.android.launcher3.uioverrides.QuickstepLauncher,RESUME_ACTIVITY]
02-18 03:06:17.357 2828 2828 I wm_on_top_resumed_gained_called: [58637558,com.android.launcher3.uioverrides.QuickstepLauncher,topWhenResuming]
02-18 03:06:17.360 1520 1612 I wm_destroy_activity: [0,263982480,87,com.android.deskclock/.DeskClock,finish-imm:idle]
02-18 03:06:17.361 1520 1612 I sysui_multi_action: [757,803,799,window_time_0,802,0]
