01-05 09:55:37.371 0 0 W cnss-daemon: wlfw_build_cal_table: not read /data/vendor/wifi/wlfw_cal_02.bin
01-05 09:55:37.373 0 0 D cnss : Received QMI WLFW request memory indication
01-05 09:55:37.373 0 0 D cnss : FW requests for memory, size: 0x5e0000, type: 1
01-05 09:55:37.373 0 0 D cnss : FW requests for memory, size: 0xd8000, type: 4
01-05 09:55:37.373 0 0 D cnss : Posting event: REQUEST_MEM(2), state: 0x11 flags: 0x0
01-05 09:55:37.373 0 0 D cnss : PM stay awake, state: 0x11, count: 1
01-05 09:55:37.373 0 0 D cnss : PM relax, state: 0x11, count: 0
01-05 09:55:37.373 0 0 D cnss : PM stay awake, state: 0x11, count: 1
01-05 09:55:37.373 0 0 D cnss : Processing driver event: REQUEST_MEM(2), state: 0x11
01-05 09:55:37.373 0 0 D cnss : Sending respond memory message, state: 0x11
01-05 09:55:37.373 0 0 D cnss : Memory for FW, va: 0x0000000000000000, pa: 0x00000000a1000000, size: 0x5e0000, type: 1
01-05 09:55:37.373 0 0 D cnss : Memory for FW, va: 0x0000000000000000, pa: 0x00000000a1600000, size: 0xd8000, type: 4
01-05 09:55:37.376 0 0 D cnss : PM relax, state: 0x11, count: 0
01-05 09:55:37.377 0 0 D cnss : Received QMI WLFW FW memory ready indication
01-05 09:55:37.377 0 0 D cnss : Posting event: FW_MEM_READY(3), state: 0x11 flags: 0x0
01-05 09:55:37.377 0 0 D cnss : PM stay awake, state: 0x11, count: 1
01-05 09:55:37.377 0 0 D cnss : PM relax, state: 0x11, count: 0
01-05 09:55:37.377 0 0 D cnss : PM stay awake, state: 0x11, count: 1
01-05 09:55:37.377 0 0 D cnss : Processing driver event: FW_MEM_READY(3), state: 0x11
01-05 09:55:37.377 0 0 D cnss : Sending target capability message, state: 0x13
01-05 09:55:37.388 0 0 D cnss : Voltage for CPR: 948mV
01-05 09:55:37.388 0 0 D cnss : Update TCS CMD data address 0x000000000b2e5844 with voltage 950mV
01-05 09:55:37.388 0 0 D cnss : Device frequency is 24000000 HZ
01-05 09:55:37.388 0 0 D cnss : Target capability: chip_id: 0x0, chip_family: 0xb, board_id: 0xff, soc_id: 0xffffffff, fw_version: 0x101a0521, fw_build_timestamp: 2021-12-20 07:54, fw_build_id: QC_IMAGE_VERSION_STRING=WLAN.HST.1.0.1.r1-01313-QCAHSTSWPL_SILICONZ-1, otp_version: 0x480020
01-05 09:55:37.388 0 0 D cnss : Sending BDF download message, state: 0x13, type: 4
01-05 09:55:37.388 0 0 D cnss : FW name added with prefix: qca6390/regdb.bin
01-05 09:55:37.388 0 0 W cnss2 b0000000.qcom,cnss-qca6390: Falling back to syfs fallback for: qca6390/regdb.bin
01-05 09:55:37.389 0 0 I ueventd : firmware: loading 'qca6390/regdb.bin' for '/devices/platform/soc/b0000000.qcom,cnss-qca6390/firmware/qca6390!regdb.bin'
01-05 09:55:37.390 0 0 E ueventd : firmware: could not find firmware for qca6390/regdb.bin
01-05 09:55:37.390 0 0 E ueventd : firmware: attempted /etc/firmware/qca6390/regdb.bin, open failed: No such file or directory
01-05 09:55:37.390 0 0 E ueventd : firmware: attempted /odm/firmware/qca6390/regdb.bin, open failed: No such file or directory
01-05 09:55:37.390 0 0 E ueventd : firmware: attempted /vendor/firmware/qca6390/regdb.bin, open failed: No such file or directory
01-05 09:55:37.390 0 0 E ueventd : firmware: attempted /firmware/image/qca6390/regdb.bin, open failed: No such file or directory
01-05 09:55:37.390 0 0 E ueventd : firmware: attempted /vendor/firmware_mnt/image/qca6390/regdb.bin, open failed: No such file or directory
01-05 09:55:37.390 0 0 I ueventd : loading /devices/platform/soc/b0000000.qcom,cnss-qca6390/firmware/qca6390!regdb.bin took 0ms
01-05 09:55:37.390 0 0 E cnss : Failed to load BDF: qca6390/regdb.bin
01-05 09:55:37.390 0 0 D cnss : Sending BDF download message, state: 0x13, type: 1
01-05 09:55:37.390 0 0 D cnss : FW name added with prefix: qca6390/bdwlan.elf
01-05 09:55:37.390 0 0 W cnss2 b0000000.qcom,cnss-qca6390: Falling back to syfs fallback for: qca6390/bdwlan.elf
01-05 09:55:37.391 0 0 D cnss : Downloading BDF: qca6390/bdwlan.elf, size: 57908
01-05 09:55:37.422 0 0 D cnss : Sending M3 information message, state: 0x13
01-05 09:55:37.422 0 0 D cnss : M3 memory, va: 0x0000000000000000, pa: 0x00000000a1800000, size: 0x411bc
01-05 09:55:37.424 0 0 D cnss : PM relax, state: 0x13, count: 0
01-05 09:55:37.424 0 0 D cnss : Received QMI WLFW FW initialization done indication
01-05 09:55:37.424 0 0 D cnss : Posting event: FW_READY(4), state: 0x13 flags: 0x0
01-05 09:55:37.424 0 0 D cnss : PM stay awake, state: 0x13, count: 1
01-05 09:55:37.424 0 0 D cnss : PM relax, state: 0x13, count: 0
01-05 09:55:37.424 0 0 D cnss : PM stay awake, state: 0x13, count: 1
01-05 09:55:37.424 0 0 D cnss : Processing driver event: FW_READY(4), state: 0x13
01-05 09:55:37.424 0 0 D cnss : PCIE Gen speed not setup
01-05 09:55:37.426 0 0 W : (NULL device *): Falling back to syfs fallback for: wlan/qca_cld/qca6390/WCNSS_qcom_cfg.ini
01-05 09:55:37.434 0 0 I [kworke][0x17427d0e][00:56:44.647365] wlan: [291:I:HDD] hdd_pm_qos_add_request: 9360: Set cpu_mask 0f for affine_cores
01-05 09:55:37.434 0 0 I [kworke][0x17427d5d][00:56:44.647369] wlan: [291:I:HDD] hdd_pm_qos_add_request: 9362: Set cpu_mask 0f for affine_cores
01-05 09:55:37.434 0 0 D cnss : Sending ini sync request, state: 0x17, fw_log_mode: 1
01-05 09:55:37.439 0 0 I [kworke][0x1743e8d7][00:56:44.652216] wlan: [291:I:HIF] Initializing Runtime PM wakelock &sc->prevent_linkdown_lock
01-05 09:55:37.439 0 0 I [kworke][0x1743e994][00:56:44.652225] wlan: [291:I:HIF] hif_pci_enable_bus: con_mode = 0x0, WLAN_SOC_device_id = 0x1101
01-05 09:55:37.439 0 0 I [kworke][0x1743ea01][00:56:44.652231] wlan: [291:I:HIF] hif_pci_enable_bus: hif_enable_pci done
01-05 09:55:37.439 0 0 I [kworke][0x1743f200][00:56:44.652338] wlan: [291:I:HIF] *********** QCA6390 *************
01-05 09:55:37.439 0 0 I [kworke][0x1743f2a1][00:56:44.652346] wlan: [291:I:HIF] hif_pci_enable_bus: hif_type = 0x12, target_type = 0x17
01-05 09:55:37.439 0 0 I [kworke][0x1743f2e7][00:56:44.652350] wlan: [291:I:HIF] hif_register_tbl_attach: HIF_TYPE_QCA6390
01-05 09:55:37.439 0 0 I [kworke][0x1743f31f][00:56:44.652353] wlan: [291:I:HIF] hif_target_register_tbl_attach: TARGET_TYPE_QCA6390
01-05 09:55:37.439 0 0 I [kworke][0x1743f359][00:56:44.652356] wlan: [291:I:HIF] hif_pci_enable_bus:Skip tgt_wake up for srng devices
01-05 09:55:37.439 0 0 E [kworke][0x1743faa9][00:56:44.652453] wlan: [291:E:TXRX] hif_print_hal_shadow_register_cfg: num_config 28
01-05 09:55:37.439 0 0 I [kworke][0x1743fb21][00:56:44.652459] wlan: [291:I:TXRX] hif_print_hal_shadow_register_cfg: i 0, val a3b034
01-05 09:55:37.439 0 0 I [kworke][0x1743fb3d][00:56:44.652461] wlan: [291:I:TXRX] hif_print_hal_shadow_register_cfg: i 1, val a3b03c
01-05 09:55:37.439 0 0 I [kworke][0x1743fb5b][00:56:44.652462] wlan: [291:I:TXRX] hif_print_hal_shadow_register_cfg: i 2, val a3b044
01-05 09:55:37.439 0 0 I [kworke][0x1743fb76][00:56:44.652464] wlan: [291:I:TXRX] hif_print_hal_shadow_register_cfg: i 3, val a3b04c
01-05 09:55:37.439 0 0 I [kworke][0x1743fb91][00:56:44.652465] wlan: [291:I:TXRX] hif_print_hal_shadow_register_cfg: i 4, val a3b054
01-05 09:55:37.439 0 0 I [kworke][0x1743fbab][00:56:44.652467] wlan: [291:I:TXRX] hif_print_hal_shadow_register_cfg: i 5, val a3b028
01-05 09:55:37.439 0 0 I [kworke][0x1743fbc6][00:56:44.652468] wlan: [291:I:TXRX] hif_print_hal_shadow_register_cfg: i 6, val a3b020
01-05 09:55:37.439 0 0 I [kworke][0x1743fbe1][00:56:44.652469] wlan: [291:I:TXRX] hif_print_hal_shadow_register_cfg: i 7, val a3b06c
01-05 09:55:37.439 0 0 I [kworke][0x1743fbfd][00:56:44.652471] wlan: [291:I:TXRX] hif_print_hal_shadow_register_cfg: i 8, val a46000
01-05 09:55:37.439 0 0 I [kworke][0x1743fc1a][00:56:44.652472] wlan: [291:I:TXRX] hif_print_hal_shadow_register_cfg: i 9, val a46008
01-05 09:55:37.439 0 0 I [kworke][0x1743fc36][00:56:44.652474] wlan: [291:I:TXRX] hif_print_hal_shadow_register_cfg: i 10, val a46010
01-05 09:55:37.439 0 0 I [kworke][0x1743fc56][00:56:44.652475] wlan: [291:I:TXRX] hif_print_hal_shadow_register_cfg: i 11, val a46018
01-05 09:55:37.439 0 0 I [kworke][0x1743fc72][00:56:44.652477] wlan: [291:I:TXRX] hif_print_hal_shadow_register_cfg: i 12, val a46034
01-05 09:55:37.439 0 0 I [kworke][0x1743fc8d][00:56:44.652478] wlan: [291:I:TXRX] hif_print_hal_shadow_register_cfg: i 13, val a370b0
01-05 09:55:37.439 0 0 I [kworke][0x1743fcaa][00:56:44.652480] wlan: [291:I:TXRX] hif_print_hal_shadow_register_cfg: i 14, val a37018
01-05 09:55:37.439 0 0 I [kworke][0x1743fcc4][00:56:44.652481] wlan: [291:I:TXRX] hif_print_hal_shadow_register_cfg: i 15, val a370c4
01-05 09:55:37.439 0 0 I [kworke][0x1743fce0][00:56:44.652483] wlan: [291:I:TXRX] hif_print_hal_shadow_register_cfg: i 16, val a370cc
01-05 09:55:37.439 0 0 I [kworke][0x1743fcfb][00:56:44.652484] wlan: [291:I:TXRX] hif_print_hal_shadow_register_cfg: i 17, val a370d4
01-05 09:55:37.439 0 0 I [kworke][0x1743fd17][00:56:44.652486] wlan: [291:I:TXRX] hif_print_hal_shadow_register_cfg: i 18, val a370dc
01-05 09:55:37.439 0 0 I [kworke][0x1743fd30][00:56:44.652487] wlan: [291:I:TXRX] hif_print_hal_shadow_register_cfg: i 19, val a00400
01-05 09:55:37.439 0 0 I [kworke][0x1743fd4e][00:56:44.652488] wlan: [291:I:TXRX] hif_print_hal_shadow_register_cfg: i 20, val a03400
01-05 09:55:37.439 0 0 I [kworke][0x1743fd69][00:56:44.652490] wlan: [291:I:TXRX] hif_print_hal_shadow_register_cfg: i 21, val a0340c
01-05 09:55:37.439 0 0 I [kworke][0x1743fd84][00:56:44.652491] wlan: [291:I:TXRX] hif_print_hal_shadow_register_cfg: i 22, val a05400
01-05 09:55:37.439 0 0 I [kworke][0x1743fda6][00:56:44.652493] wlan: [291:I:TXRX] hif_print_hal_shadow_register_cfg: i 23, val a0540c
01-05 09:55:37.439 0 0 I [kworke][0x1743fdc2][00:56:44.652494] wlan: [291:I:TXRX] hif_print_hal_shadow_register_cfg: i 24, val a06400
01-05 09:55:37.439 0 0 I [kworke][0x1743fddb][00:56:44.652496] wlan: [291:I:TXRX] hif_print_hal_shadow_register_cfg: i 25, val a08400
01-05 09:55:37.439 0 0 I [kworke][0x1743fdf4][00:56:44.652497] wlan: [291:I:TXRX] hif_print_hal_shadow_register_cfg: i 26, val a0b400
01-05 09:55:37.439 0 0 I [kworke][0x1743fe0e][00:56:44.652498] wlan: [291:I:TXRX] hif_print_hal_shadow_register_cfg: i 27, val a0b40c
01-05 09:55:37.439 0 0 D cnss : Mode: 0, config: 0000000000000000, host_version: 5.2.022.10G
01-05 09:55:37.439 0 0 D cnss : Sending WLAN config message, state: 0x17
01-05 09:55:37.440 0 0 D cnss : Sending mode message, mode: MISSION(0), state: 0x17
01-05 09:55:37.463 0 0 D cnss : Received QMI WLFW pin connect result indication
01-05 09:55:37.463 0 0 D cnss : Pin connect Result: pwr_pin: 0x1 phy_io_pin: 0x0 rf_io_pin: 0x0
01-05 09:55:37.464 0 0 D cnss : Assign MSI to user: CE, num_vectors: 10, user_base_data: 803, base_vector: 3
01-05 09:55:37.464 0 0 I [kworke][0x174b1c56][00:56:44.676796] wlan: [291:I:HIF] ce_srng_dest_ring_setup: ce_id 1
01-05 09:55:37.464 0 0 D cnss : Assign MSI to user: CE, num_vectors: 10, user_base_data: 803, base_vector: 3
01-05 09:55:37.464 0 0 I [kworke][0x174b23a3][00:56:44.676893] wlan: [291:I:HIF] ce_srng_status_ring_setup: ce_id 1
01-05 09:55:37.464 0 0 D cnss : Assign MSI to user: CE, num_vectors: 10, user_base_data: 803, base_vector: 3
01-05 09:55:37.464 0 0 I [kworke][0x174b2840][00:56:44.676954] wlan: [291:I:HIF] ce_srng_dest_ring_setup: ce_id 2
01-05 09:55:37.464 0 0 D cnss : Assign MSI to user: CE, num_vectors: 10, user_base_data: 803, base_vector: 3
01-05 09:55:37.464 0 0 I [kworke][0x174b2da1][00:56:44.677026] wlan: [291:I:HIF] ce_srng_status_ring_setup: ce_id 2
01-05 09:55:37.464 0 0 D cnss : Assign MSI to user: CE, num_vectors: 10, user_base_data: 803, base_vector: 3
01-05 09:55:37.464 0 0 D cnss : Assign MSI to user: CE, num_vectors: 10, user_base_data: 803, base_vector: 3
01-05 09:55:37.464 0 0 I [kworke][0x174b3a41][00:56:44.677194] wlan: [291:I:HIF] ce_srng_dest_ring_setup: ce_id 5
01-05 09:55:37.464 0 0 D cnss : Assign MSI to user: CE, num_vectors: 10, user_base_data: 803, base_vector: 3
01-05 09:55:37.464 0 0 I [kworke][0x174b3fbf][00:56:44.677268] wlan: [291:I:HIF] ce_srng_status_ring_setup: ce_id 5
01-05 09:55:37.464 0 0 D cnss : Assign MSI to user: CE, num_vectors: 10, user_base_data: 803, base_vector: 3
01-05 09:55:37.464 0 0 I [kworke][0x174b446e][00:56:44.677330] wlan: [291:I:HIF] hif_configure_irq: E
01-05 09:55:37.464 0 0 D cnss : Assign MSI to user: WAKE, num_vectors: 1, user_base_data: 813, base_vector: 13
01-05 09:55:37.464 0 0 D cnss : Get IRQ number 363 for vector index 13
01-05 09:55:37.464 0 0 D cnss : Assign MSI to user: CE, num_vectors: 10, user_base_data: 803, base_vector: 3
01-05 09:55:37.464 0 0 D cnss : Get IRQ number 353 for vector index 3
01-05 09:55:37.464 0 0 D cnss : Get IRQ number 354 for vector index 4
01-05 09:55:37.464 0 0 D cnss : Get IRQ number 355 for vector index 5
01-05 09:55:37.464 0 0 D cnss : Get IRQ number 356 for vector index 6
01-05 09:55:37.464 0 0 D cnss : Get IRQ number 358 for vector index 8
01-05 09:55:37.464 0 0 D cnss : Get IRQ number 359 for vector index 9
01-05 09:55:37.464 0 0 D cnss : Get IRQ number 361 for vector index 11
01-05 09:55:37.464 0 0 E [kworke][0x174b4fc5][00:56:44.677481] wlan: [291:E:mlme] mlme_init_reg_cfg: 2374: null pdev
01-05 09:55:37.464 0 0 E [kworke][0x174b5101][00:56:44.677498] wlan: [291:E:WMI] WMI handle is NULL
01-05 09:55:37.464 0 0 I [kworke][0x174b51a7][00:56:44.677506] wlan: [291:I:HIF] Initializing Runtime PM wakelock &p2p_soc_obj->roc_runtime_lock
01-05 09:55:37.464 0 0 D cnss : Platform cap_flag is 0x4
01-05 09:55:37.464 0 0 E [kworke][0x174b5257][00:56:44.677516] wlan: [291:E:QDF] cds_get_context: 1486: Module ID 66 context is Null
01-05 09:55:37.470 0 0 E [kworke][0x174cefed][00:56:44.683030] wlan: [291:E:QDF] cds_get_context: 1486: Module ID 66 context is Null
01-05 09:55:37.470 0 0 I [kworke][0x174d1693][00:56:44.683546] wlan: [291:I:HIF] Initializing Runtime PM wakelock &psoc_wakelock->wmi_cmd_rsp_runtime_lock
01-05 09:55:37.470 0 0 F [kworke][0x174d1ab8][00:56:44.683601] wlan: [291:F:WMA] WMA --> wmi_unified_attach - success
01-05 09:55:37.470 0 0 I [kworke][0x174d203a][00:56:44.683674] wlan: [291:I:HIF] Initializing Runtime PM wakelock &vdev->vdev_set_key_runtime_wakelock
01-05 09:55:37.471 0 0 I [kworke][0x174d24a9][00:56:44.683733] wlan: [291:I:HIF] Initializing Runtime PM wakelock &vdev->vdev_set_key_runtime_wakelock
01-05 09:55:37.471 0 0 I [kworke][0x174d2bba][00:56:44.683827] wlan: [291:I:HIF] Initializing Runtime PM wakelock &vdev->vdev_set_key_runtime_wakelock
01-05 09:55:37.471 0 0 I [kworke][0x174d2fe1][00:56:44.683883] wlan: [291:I:HIF] Initializing Runtime PM wakelock &vdev->vdev_set_key_runtime_wakelock
01-05 09:55:37.471 0 0 I [kworke][0x174d333b][00:56:44.683928] wlan: [291:I:HIF] Initializing Runtime PM wakelock &vdev->vdev_set_key_runtime_wakelock
01-05 09:55:37.471 0 0 I [kworke][0x174d37b4][00:56:44.683987] wlan: [291:I:HIF] Initializing Runtime PM wakelock &vdev->vdev_set_key_runtime_wakelock
01-05 09:55:37.471 0 0 I [kworke][0x174d3e6a][00:56:44.684077] wlan: [291:I:HIF] Initializing Runtime PM wakelock &wma_handle->wmi_cmd_rsp_runtime_lock
01-05 09:55:37.471 0 0 I [kworke][0x174d3f46][00:56:44.684088] wlan: [291:I:HIF] Initializing Runtime PM wakelock &wma_handle->sap_prevent_runtime_pm_lock
01-05 09:55:37.472 0 0 E [kworke][0x174d82fb][00:56:44.684991] wlan: [291:E:QDF] htc_wait_target: 684: Target Ready! TX resource : 1 size:2176, MaxMsgsPerHTCBundle = 1
01-05 09:55:37.472 0 0 E [kworke][0x174d8383][00:56:44.684998] wlan: [291:E:QDF] htc_setup_target_buffer_assignments: 576: SVS Index : 1 TX : 0x100 : alloc:1
01-05 09:55:37.472 0 0 D cnss : Assign MSI to user: DP, num_vectors: 18, user_base_data: 814, base_vector: 14
01-05 09:55:37.472 0 0 I [kworke][0x174da86c][00:56:44.685490] wlan: [291:I:HIF] +hif_update_pipe_callback pipeid 5
01-05 09:55:37.472 0 0 I [kworke][0x174da911][00:56:44.685499] wlan: [291:I:HIF] -hif_update_pipe_callback
01-05 09:55:37.472 0 0 D cnss : Assign MSI to user: DP, num_vectors: 18, user_base_data: 814, base_vector: 14
01-05 09:55:37.473 0 0 E [kworke][0x174dd9a1][00:56:44.686146] wlan: [291:E:DP] dp_srng_get_str_from_hal_ring_type: 7726: Invalid ring type
01-05 09:55:37.473 0 0 D cnss : Assign MSI to user: DP, num_vectors: 18, user_base_data: 814, base_vector: 14
01-05 09:55:37.474 0 0 D cnss : Assign MSI to user: DP, num_vectors: 18, user_base_data: 814, base_vector: 14
01-05 09:55:37.474 0 0 D cnss : Assign MSI to user: DP, num_vectors: 18, user_base_data: 814, base_vector: 14
01-05 09:55:37.474 0 0 D cnss : Assign MSI to user: DP, num_vectors: 18, user_base_data: 814, base_vector: 14
01-05 09:55:37.474 0 0 D cnss : Assign MSI to user: DP, num_vectors: 18, user_base_data: 814, base_vector: 14
01-05 09:55:37.474 0 0 D cnss : Assign MSI to user: DP, num_vectors: 18, user_base_data: 814, base_vector: 14
01-05 09:55:37.474 0 0 D cnss : Assign MSI to user: DP, num_vectors: 18, user_base_data: 814, base_vector: 14
01-05 09:55:37.474 0 0 D cnss : Assign MSI to user: DP, num_vectors: 18, user_base_data: 814, base_vector: 14
01-05 09:55:37.474 0 0 I [kworke][0x174e44d9][00:56:44.687576] wlan: [291:I:DP] dp_tx_soc_attach Tx Desc Alloc num_pool = 4, descs = 4096
01-05 09:55:37.475 0 0 I [kworke][0x174e7478][00:56:44.688211] wlan: [291:I:DP] dp_tx_soc_attach MSDU Ext Desc Alloc 4, descs = 4096
01-05 09:55:37.476 0 0 I [kworke][0x174eb22c][00:56:44.689034] wlan: [291:I:DP] dp_tx_soc_attach HAL Tx init Success
01-05 09:55:37.476 0 0 D cnss : Assign MSI to user: DP, num_vectors: 18, user_base_data: 814, base_vector: 14
01-05 09:55:37.476 0 0 D cnss : Assign MSI to user: DP, num_vectors: 18, user_base_data: 814, base_vector: 14
01-05 09:55:37.476 0 0 I [kworke][0x174ec01f][00:56:44.689220] wlan: [291:I:DP] dp_soc_cmn_setup: 3274: num_reo_dest_rings 4
01-05 09:55:37.476 0 0 D cnss : Assign MSI to user: DP, num_vectors: 18, user_base_data: 814, base_vector: 14
01-05 09:55:37.476 0 0 D cnss : Assign MSI to user: DP, num_vectors: 18, user_base_data: 814, base_vector: 14
01-05 09:55:37.476 0 0 D cnss : Assign MSI to user: DP, num_vectors: 18, user_base_data: 814, base_vector: 14
01-05 09:55:37.476 0 0 D cnss : Assign MSI to user: DP, num_vectors: 18, user_base_data: 814, base_vector: 14
01-05 09:55:37.476 0 0 D cnss : Assign MSI to user: DP, num_vectors: 18, user_base_data: 814, base_vector: 14
01-05 09:55:37.476 0 0 D cnss : Assign MSI to user: DP, num_vectors: 18, user_base_data: 814, base_vector: 14
01-05 09:55:37.476 0 0 D cnss : Assign MSI to user: DP, num_vectors: 18, user_base_data: 814, base_vector: 14
01-05 09:55:37.477 0 0 D cnss : Assign MSI to user: DP, num_vectors: 18, user_base_data: 814, base_vector: 14
01-05 09:55:37.477 0 0 D cnss : Assign MSI to user: DP, num_vectors: 18, user_base_data: 814, base_vector: 14
01-05 09:55:37.477 0 0 D cnss : Assign MSI to user: DP, num_vectors: 18, user_base_data: 814, base_vector: 14
01-05 09:55:37.477 0 0 D cnss : Assign MSI to user: DP, num_vectors: 18, user_base_data: 814, base_vector: 14
01-05 09:55:37.477 0 0 I [kworke][0x174f0668][00:56:44.690157] wlan: [291:I:HAL] hal_reo_set_err_dst_remap_6390: 1024: HWIO_REO_R0_ERROR_DESTINATION_MAPPING_IX_0 0x28005b6d
01-05 09:55:37.477 0 0 D cnss : Assign MSI to user: DP, num_vectors: 18, user_base_data: 814, base_vector: 14
01-05 09:55:37.477 0 0 D cnss : Assign MSI to user: DP, num_vectors: 18, user_base_data: 814, base_vector: 14
01-05 09:55:37.477 0 0 D cnss : Assign MSI to user: DP, num_vectors: 18, user_base_data: 814, base_vector: 14
01-05 09:55:37.477 0 0 D cnss : Assign MSI to user: DP, num_vectors: 18, user_base_data: 814, base_vector: 14
01-05 09:55:37.477 0 0 D cnss : Assign MSI to user: DP, num_vectors: 18, user_base_data: 814, base_vector: 14
01-05 09:55:37.477 0 0 D cnss : Assign MSI to user: DP, num_vectors: 18, user_base_data: 814, base_vector: 14
01-05 09:55:37.488 0 0 I [kworke][0x175220a7][00:56:44.700746] wlan: [291:I:DP] Peer pool init
01-05 09:55:37.488 0 0 W [kworke][0x17522933][00:56:44.700860] wlan: [291:W:DP] dp_rx_pdev_mon_attach: pdev attach id=0
01-05 09:55:37.490 0 0 D cnss : Assign MSI to user: DP, num_vectors: 18, user_base_data: 814, base_vector: 14
01-05 09:55:37.490 0 0 D cnss : Get IRQ number 364 for vector index 14
01-05 09:55:37.490 0 0 D cnss : Assign MSI to user: DP, num_vectors: 18, user_base_data: 814, base_vector: 14
01-05 09:55:37.490 0 0 D cnss : Get IRQ number 365 for vector index 15
01-05 09:55:37.490 0 0 D cnss : Assign MSI to user: DP, num_vectors: 18, user_base_data: 814, base_vector: 14
01-05 09:55:37.490 0 0 D cnss : Get IRQ number 366 for vector index 16
01-05 09:55:37.490 0 0 D cnss : Assign MSI to user: DP, num_vectors: 18, user_base_data: 814, base_vector: 14
01-05 09:55:37.490 0 0 D cnss : Get IRQ number 367 for vector index 17
01-05 09:55:37.490 0 0 D cnss : Assign MSI to user: DP, num_vectors: 18, user_base_data: 814, base_vector: 14
01-05 09:55:37.490 0 0 D cnss : Assign MSI to user: DP, num_vectors: 18, user_base_data: 814, base_vector: 14
01-05 09:55:37.490 0 0 D cnss : Get IRQ number 369 for vector index 19
01-05 09:55:37.490 0 0 D cnss : Assign MSI to user: DP, num_vectors: 18, user_base_data: 814, base_vector: 14
01-05 09:55:37.490 0 0 D cnss : Get IRQ number 370 for vector index 20
01-05 09:55:37.498 0 0 I [kworke][0x17552d82][00:56:44.711158] wlan: [283:I:WMA] wma_rx_service_ready_event: Firmware build version : 101a0521
01-05 09:55:37.498 0 0 I [kworke][0x17552df6][00:56:44.711164] wlan: [283:I:WMA] wma_rx_service_ready_event: Board id: 0, Board version: 8 0 0 0 6
01-05 09:55:37.499 0 0 I [kworke][0x175557ed][00:56:44.711723] wlan: [283:I:WMA] wma_is_dbs_mandatory: 5417: MAC0 does not support both bands 2 DBS is mandatory
01-05 09:55:37.499 0 0 E [kworke][0x1755595e][00:56:44.711743] wlan: [283:E:QDF] copy_fw_abi_version_tlv: 6979: copy_fw_abi_version_tlv: INIT_CMD version: 1, 0, 0x5f414351, 0x4c4d, 0x0, 0x0
01-05 09:55:37.692 0 0 E [kworke][0x178e06ef][00:56:44.905204] wlan: [283:E:QDF] ready_extract_init_status_tlv: 8884: ready_extract_init_status_tlv:0
01-05 09:55:37.692 0 0 E [kworke][0x178e09ab][00:56:44.905240] wlan: [283:E:QDF] cds_get_context: 1486: Module ID 65 context is Null
01-05 09:55:37.692 0 0 F [kworke][0x178e0a09][00:56:44.905245] wlan: [283:F:DP] cdp_ipa_set_uc_tx_partition_base invalid instance
01-05 09:55:37.692 0 0 I [kworke][0x178e0a84][00:56:44.905251] wlan: [283:I:WMA] wma_he_update_tgt_services: 996: 11ax is enabled
01-05 09:55:37.692 0 0 I [kworke][0x178e1d48][00:56:44.905501] wlan: [283:I:HIF] Initializing Runtime PM wakelock &mgmt_txrx_pdev_ctx->wakelock_tx_runtime_cmp
01-05 09:55:37.692 0 0 I [kworke][0x178e20f2][00:56:44.905550] wlan: [283:I:dfs] WLAN_DEBUG_DFS_ALWAYS : wlan_dfs_pdev_obj_create_notification: 421: dfs_offload 1
01-05 09:55:37.692 0 0 I [kworke][0x178e2161][00:56:44.905556] wlan: [283:I:SPECTRAL] null_get_capability: 1715: SPECTRAL : get_capability not registered
01-05 09:55:37.692 0 0 I [kworke][0x178e217f][00:56:44.905558] wlan: [283:I:SPECTRAL] target_if_pdev_spectral_init: 2249: HAL_CAP_PHYDIAG : Capable
01-05 09:55:37.692 0 0 I [kworke][0x178e219c][00:56:44.905559] wlan: [283:I:SPECTRAL] null_get_capability: 1715: SPECTRAL : get_capability not registered
01-05 09:55:37.692 0 0 I [kworke][0x178e21b3][00:56:44.905560] wlan: [283:I:SPECTRAL] target_if_pdev_spectral_init: 2253: HAL_CAP_RADAR : Capable
01-05 09:55:37.692 0 0 I [kworke][0x178e21ca][00:56:44.905562] wlan: [283:I:SPECTRAL] null_get_capability: 1715: SPECTRAL : get_capability not registered
01-05 09:55:37.692 0 0 I [kworke][0x178e21e0][00:56:44.905563] wlan: [283:I:SPECTRAL] target_if_pdev_spectral_init: 2258: HAL_CAP_SPECTRAL_SCAN : Capable
01-05 09:55:37.692 0 0 I [kworke][0x178e21fc][00:56:44.905564] wlan: [283:I:SPECTRAL] null_get_tsf64: 1703: SPECTRAL : get_tsf64 not registered
01-05 09:55:37.692 0 0 I [kworke][0x178e2236][00:56:44.905567] wlan: [283:I:GREEN_AP] wlan_green_ap_pdev_obj_create_notification: 106: Green AP creation successful, green ap ctx: 0000000000000000, pdev: 0000000000000000
01-05 09:55:37.692 0 0 I [kworke][0x178e22ec][00:56:44.905577] wlan: [283:I:IPA] wlan_ipa_wdi_init: 540: ipa_over_gsi: 1, is_smmu_enabled: 1
01-05 09:55:37.692 0 0 I [kworke][0x178e2791][00:56:44.905639] wlan: [283:I:REGULATORY] reg_set_band: 483: set band bitmap: 3
01-05 09:55:37.693 0 0 I [kworke][0x178e2c35][00:56:44.905700] wlan: [283:I:HIF] Initializing Runtime PM wakelock &ctx->dfs
01-05 09:55:37.693 0 0 I [kworke][0x178e2c4e][00:56:44.905702] wlan: [283:I:HIF] Initializing Runtime PM wakelock &ctx->connect
01-05 09:55:37.693 0 0 I [kworke][0x178e2c68][00:56:44.905703] wlan: [283:I:HIF] Initializing Runtime PM wakelock &ctx->user
01-05 09:55:37.693 0 0 I [kworke][0x178e2c81][00:56:44.905704] wlan: [283:I:HIF] Initializing Runtime PM wakelock &scan_priv->runtime_pm_lock
01-05 09:55:37.693 0 0 I [kworke][0x178e2cf7][00:56:44.905711] wlan: [283:I:GREEN_AP] target_if_green_ap_register_egap_event_handler: 131: Set the Enhance Green AP event handler
01-05 09:55:37.693 0 0 E [kworke][0x178e2d35][00:56:44.905714] wlan: [283:E:QDF] dp_peer_map_attach_wifi3: 10048: dp_peer_map_attach_wifi3 max_peers 55, max_ast_index: 144
01-05 09:55:37.693 0 0 I [kworke][0x178e2d89][00:56:44.905718] wlan: [283:I:DP]
01-05 09:55:37.693 0 0 I : <=== cfg max peer id 55 ====>
01-05 09:55:37.693 0 0 I [kworke][0x178e2db4][00:56:44.905720] wlan: [283:I:DP]
01-05 09:55:37.693 0 0 I : <=== cfg max ast idx 144 ====>
01-05 09:55:37.693 0 0 I [kworke][0x178e2dd0][00:56:44.905722] wlan: [283:I:DP] ast hash_elems: 512, max_ast_idx: 144
01-05 09:55:37.693 0 0 I [kworke][0x178e3f58][00:56:44.905956] wlan: [291:I:WMA] wma_wait_for_ready_event: 6926: FW ready event received
01-05 09:55:37.693 0 0 E [kworke][0x178e6b65][00:56:44.906543] wlan: [291:E:WMI] send_action_oui_cmd_tlv: 220: Invalid action id
01-05 09:55:37.693 0 0 E [kworke][0x178e6be4][00:56:44.906550] wlan: [291:E:action_oui] ucfg_action_oui_send: 160: Failed to send: 7
01-05 09:55:37.693 0 0 E [kworke][0x178e6c31][00:56:44.906554] wlan: [291:E:WMI] send_action_oui_cmd_tlv: 220: Invalid action id
01-05 09:55:37.693 0 0 E [kworke][0x178e6c74][00:56:44.906557] wlan: [291:E:action_oui] ucfg_action_oui_send: 160: Failed to send: 9
01-05 09:55:37.693 0 0 E [kworke][0x178e6cac][00:56:44.906560] wlan: [291:E:HDD] hdd_action_oui_send: 13281: Failed to send one or all action_ouis
01-05 09:55:37.694 0 0 D cnss : dma-coherent is enabled
01-05 09:55:37.694 0 0 D cnss : IOMMU map: iova b0000000, len 4096
01-05 09:55:37.694 0 0 D cnss : IOMMU map: iova_addr b0000040
01-05 09:55:37.694 0 0 D cnss : dma-coherent is enabled
01-05 09:55:37.694 0 0 D cnss : IOMMU map: iova b0001000, len 4096
01-05 09:55:37.694 0 0 D cnss : IOMMU map: iova_addr b0001018
01-05 09:55:37.694 0 0 I [kworke][0x178ebca5][00:56:44.907626] wlan: [291:I:SYS] Creating periodic timer for OLBC UPDATE CACHE TIMEOUT
01-05 09:55:37.695 0 0 E [kworke][0x178ec0db][00:56:44.907682] wlan: [291:E:TXRX] dp_rxdma_ring_config: 5022: DBS enabled max_mac_rings 2
01-05 09:55:37.695 0 0 E [kworke][0x178ec130][00:56:44.907687] wlan: [291:E:TXRX] dp_rxdma_ring_config: 5033: pdev_id 0 max_mac_rings 2
01-05 09:55:37.695 0 0 E [kworke][0x178ec162][00:56:44.907689] wlan: [291:E:TXRX] dp_rxdma_ring_config: 5050: mac_id 0
01-05 09:55:37.695 0 0 E [kworke][0x178ec2d5][00:56:44.907709] wlan: [291:E:TXRX] dp_rxdma_ring_config: 5050: mac_id 1
01-05 09:55:37.695 0 0 I [kworke][0x178ec98a][00:56:44.907798] wlan: [291:I:POLICY_MGR] policy_mgr_update_5g_scc_prefer: 398: overwrite pm_second_connection_pcl_dbs_2x2_table, index 2 mode 3 system prefer 0 new pcl 6
01-05 09:55:37.695 0 0 I [kworke][0x178ec9b1][00:56:44.907800] wlan: [291:I:POLICY_MGR] policy_mgr_update_5g_scc_prefer: 404: overwrite pm_second_connection_pcl_dbs_2x2_table, index 3 mode 3 system prefer 0 new pcl 6
01-05 09:55:37.695 0 0 E [kworke][0x178ecf70][00:56:44.907877] wlan: [291:E:REGULATORY] reg_freq_width_to_chan_op_class: 512: no op class for frequency 5745
01-05 09:55:37.695 0 0 I [kworke][0x178ed71f][00:56:44.907979] wlan: [291:I:HIF] hif_pm_runtime_start: Enabling RUNTIME PM, Delay: 500 ms
01-05 09:55:37.695 0 0 E cnss_utils: WLAN MAC address is not set, type 0
01-05 09:55:37.695 0 0 W cnss_pci 0000: 01:00.0: Falling back to syfs fallback for: wlan/qca_cld/qca6390/wlan_mac.bin
01-05 09:55:37.698 0 0 I [kworke][0x178fbf20][00:56:44.911073] wlan: [291:I:HDD] hdd_initialize_mac_address: 12589: using default MAC address
01-05 09:55:37.699 0 0 D cnss : Host time = 20589450 us, device time = 1627360 us, offset = 18962090 us
01-05 09:55:37.699 0 0 D cnss : Updated time sync regs [0x984] = 0x12156aa, [0x988] = 0x0
01-05 09:55:37.699 0 0 D cnss : Removing vote for Regulator vdd-wlan-rfa2
01-05 09:55:37.699 0 0 D cnss : Removing vote for Regulator vdd-wlan-rfa1
01-05 09:55:37.699 0 0 D cnss : Removing vote for Regulator vdd-wlan-dig
01-05 09:55:37.699 0 0 D cnss : Removing vote for Regulator vdd-wlan-aon
01-05 09:55:37.699 0 0 D cnss : Removing vote for Regulator vdd-wlan-io
01-05 09:55:37.699 0 0 D cnss : PM relax, state: 0x107, count: 0 --------- beginning of radio
02-18 00:56:47.147 1520 1520 D TelephonyRegistry: listen oscl: mHasNotifySubscriptionInfoChangedOccurred==false no callback
01-05 09:55:40.048 0 0 I : acc_open
01-05 09:55:40.048 0 0 I : acc_release
01-05 09:55:40.235 0 0 I binder : 2329:2329 ioctl 40046210 7fd1658544 returned -22
01-05 09:55:40.265 0 0 I binder : 2348:2348 ioctl 40046210 7fd1658544 returned -22
01-05 09:55:40.267 0 0 I binder : 2349:2349 ioctl 40046210 7fd1658544 returned -22
01-05 09:55:40.302 0 0 I binder : 1206:1224 ioctl 40046210 6e7098efc4 returned -22
01-05 09:55:40.304 0 0 E init : Control message: Could not find 'vendor.qti.hardware.iop@2.0::IIop/default' for ctl.interface_start from pid: 507 (/system/bin/hwservicemanager)
01-05 09:55:40.327 0 0 E init : Control message: Could not find 'vendor.qti.hardware.iop@2.0::IIop/default' for ctl.interface_start from pid: 507 (/system/bin/hwservicemanager)
01-05 09:55:40.387 0 0 I binder : 2329:2329 ioctl 40046210 7fd1657bb4 returned -22
02-18 00:56:47.616 1520 2415 D TelephonyRegistry: listen oscl: mHasNotifySubscriptionInfoChangedOccurred==false no callback
02-18 00:56:47.671 1520 2271 D TelephonyRegistry: listen oscl: mHasNotifySubscriptionInfoChangedOccurred==false no callback
02-18 00:56:47.677 1520 2270 D TelephonyRegistry: listen oscl: mHasNotifySubscriptionInfoChangedOccurred==false no callback
01-05 09:55:40.465 0 0 E init : Control message: Could not find 'vendor.qti.hardware.iop@2.0::IIop/default' for ctl.interface_start from pid: 507 (/system/bin/hwservicemanager)
02-18 00:56:47.693 1520 1520 D TelephonyRegistry: listen oscl: mHasNotifySubscriptionInfoChangedOccurred==false no callback
02-18 00:56:47.717 1520 1520 D TelephonyRegistry: listen oscl: mHasNotifySubscriptionInfoChangedOccurred==false no callback
02-18 00:56:47.727 1520 1608 W CarrierConfigManager: Error getting config for subId -1 ICarrierConfigLoader is null
01-05 09:55:40.541 0 0 I binder : 2460:2460 ioctl 40046210 ff831738 returned -22
02-18 00:56:47.755 1520 1520 D TelephonyRegistry: systemRunning register for intents
01-05 09:55:40.548 0 0 I binder : 2461:2461 ioctl 40046210 7fd1658544 returned -22
01-05 09:55:40.566 0 0 I binder : 2477:2477 ioctl 40046210 7fd1658544 returned -22
01-05 09:55:40.573 0 0 E init : Control message: Could not find 'vendor.qti.hardware.iop@2.0::IIop/default' for ctl.interface_start from pid: 507 (/system/bin/hwservicemanager)
01-05 09:55:40.578 0 0 E DTC_ETH,link_delay_work_func: 3003, SQI=0, link=0
01-05 09:55:40.605 0 0 E init : Control message: Could not find 'vendor.qti.hardware.iop@2.0::IIop/default' for ctl.interface_start from pid: 507 (/system/bin/hwservicemanager)
01-05 09:55:40.607 0 0 E init : Control message: Could not find 'vendor.qti.hardware.iop@2.0::IIop/default' for ctl.interface_start from pid: 507 (/system/bin/hwservicemanager)
02-18 00:56:47.848 1520 1618 D TelephonyRegistry: listen oscl: mHasNotifySubscriptionInfoChangedOccurred==false no callback
01-05 09:55:40.648 0 0 E init : Control message: Could not find 'vendor.qti.hardware.iop@2.0::IIop/default' for ctl.interface_start from pid: 507 (/system/bin/hwservicemanager)
01-05 09:55:40.649 0 0 I binder : 2537:2537 ioctl 40046210 7fd1658544 returned -22
01-05 09:55:40.713 0 0 I binder : 2564:2564 ioctl 40046210 7fd1658544 returned -22
01-05 09:55:40.713 0 0 I binder : 2557:2557 ioctl 40046210 7fd1658544 returned -22
01-05 09:55:40.733 0 0 I binder : 1167:1167 ioctl 40046210 7ff12baa74 returned -22
01-05 09:55:40.734 0 0 I binder : 2572:2572 ioctl 40046210 7fd1658544 returned -22
01-05 09:55:40.742 0 0 E init : Control message: Could not find 'vendor.qti.hardware.iop@2.0::IIop/default' for ctl.interface_start from pid: 507 (/system/bin/hwservicemanager)
01-05 09:55:40.747 0 0 I binder : 2348:2624 ioctl 40046210 6f438b5124 returned -22
01-05 09:55:40.749 0 0 E init : Control message: Could not find 'vendor.qti.hardware.iop@2.0::IIop/default' for ctl.interface_start from pid: 507 (/system/bin/hwservicemanager)
01-05 09:55:40.750 0 0 I binder : 2595:2595 ioctl 40046210 7fd1658544 returned -22
01-05 09:55:40.758 0 0 W perfetto: enabled ftrace
01-05 09:55:40.772 0 0 I binder : 2604:2604 ioctl 40046210 7fd1658544 returned -22
01-05 09:55:40.776 0 0 I binder : 2620:2620 ioctl 40046210 7fd1658544 returned -22
01-05 09:55:40.786 0 0 E init : Control message: Could not find 'vendor.qti.hardware.iop@2.0::IIop/default' for ctl.interface_start from pid: 507 (/system/bin/hwservicemanager)
01-05 09:55:40.788 0 0 I binder : 2632:2632 ioctl 40046210 7fd1658544 returned -22
01-05 09:55:40.794 0 0 I binder : 2660:2660 ioctl 40046210 7fd1658544 returned -22
01-05 09:55:40.796 0 0 I binder : 2695:2695 ioctl 40046210 7fd1658544 returned -22
01-05 09:55:40.801 0 0 I binder : 2647:2647 ioctl 40046210 7fd1658544 returned -22
01-05 09:55:40.809 0 0 I binder : 2572:2745 ioctl 40046210 6f5251f9e4 returned -22
01-05 09:55:40.856 0 0 I binder : 2695:2695 ioctl 40046210 7fd16574f4 returned -22
01-05 09:55:40.858 0 0 I binder : 2761:2761 ioctl 40046210 7fd1658544 returned -22
01-05 09:55:40.863 0 0 I binder : 2773:2773 ioctl 40046210 7fd1658544 returned -22
01-05 09:55:40.883 0 0 I binder : 2791:2791 ioctl 40046210 7fd1658544 returned -22
02-18 00:56:48.105 2348 2348 W CarrierConfigManager: Error getting config for subId -1 ICarrierConfigLoader is null
01-05 09:55:40.892 0 0 I binder : 2807:2807 ioctl 40046210 7fd1658544 returned -22
01-05 09:55:40.898 0 0 I binder : 2812:2812 ioctl 40046210 7fd1658544 returned -22
01-05 09:55:40.905 0 0 I binder : 2828:2828 ioctl 40046210 7fd1658544 returned -22
02-18 00:56:48.121 1520 1990 D TelephonyRegistry: listen oscl: mHasNotifySubscriptionInfoChangedOccurred==false no callback
01-05 09:55:40.920 0 0 I binder : 2773:2773 ioctl 40046210 7fd16570b4 returned -22
01-05 09:55:40.925 0 0 I binder : 2850:2850 ioctl 40046210 7fd1658544 returned -22
01-05 09:55:40.940 0 0 I : Wifi Turning On from UI
01-05 09:55:40.945 0 0 I : Wifi Turning On from UI
01-05 09:55:40.946 0 0 I [wifi@1][0x1b4731c6][00:56:48.158681] wlan: [841:I:DP] dp_vdev_attach_wifi3: wlan_cfg_ap_bridge_enabled 0
01-05 09:55:40.946 0 0 I [wifi@1][0x1b473323][00:56:48.158700] wlan: [841:I:DP] 00000000: 3f 75 f1 e7 95 e9 40 de e5 38 f2 33 15 10 06 e4
01-05 09:55:40.946 0 0 I [wifi@1][0x1b473342][00:56:48.158701] wlan: [841:I:DP] 00000010: d6 6b 56 a7
01-05 09:55:40.946 0 0 I [wifi@1][0x1b47336f][00:56:48.158704] wlan: [841:I:DP] 00000000: cc b1 cc 46 0a e3 5b 7c 8c c1 dc 40 f8 de b7 7c
01-05 09:55:40.946 0 0 I [wifi@1][0x1b473389][00:56:48.158705] wlan: [841:I:DP] 00000010: c0 97 68 9f 43 31 57 d9 90 84 80 53 eb ff 7e 88
01-05 09:55:40.946 0 0 I [wifi@1][0x1b4733e1][00:56:48.158709] wlan: [841:I:DP] 00000020: 7b a3 5c 50 1d 5e cf 77 31 61 51 b6
01-05 09:55:40.946 0 0 I IPv6 : ADDRCONF(NETDEV_UP): wlan0: link is not ready
01-05 09:55:40.948 0 0 I [lowi-s][0x1b47f7c8][00:56:48.161321] wlan: [1376:I:wifipos] wifi_pos_get_ch_info: 461: num channels: 26
01-05 09:55:40.954 0 0 E [wifi@1][0x1b49adc9][00:56:48.167161] wlan: [2912:E:wifipos] wifi_pos_process_app_reg_req: 608: Received App Req Req pid(-1006632119), len(16)
01-05 09:55:40.956 0 0 I [wifi@1][0x1b4a2bcc][00:56:48.168842] wlan: [2912:I:wifipos] wifi_pos_get_ch_info: 461: num channels: 26
01-05 09:55:40.958 0 0 I [wifi@1][0x1b4ae3ae][00:56:48.171293] wlan: [2912:I:wifipos] wifi_pos_get_ch_info: 461: num channels: 26
01-05 09:55:40.969 0 0 I binder : 2807:2807 ioctl 40046210 7fd16561e4 returned -22
01-05 09:55:41.030 0 0 D qbt : qbt_open: entry minor_no=0 fd_available=1
01-05 09:55:41.030 0 0 D qbt : qbt_open: exit : 0 fd_available=0
01-05 09:55:41.030 0 0 D qbt : qbt_open: entry minor_no=1 fd_available=0
01-05 09:55:41.030 0 0 D qbt : qbt_open: exit : 0 fd_available=0
01-05 09:55:41.030 0 0 D qbt : qbt_ioctl: cmd received 107
01-05 09:55:41.030 0 0 D qbt : qbt_ioctl: Acquiring wakelock
01-05 09:55:41.030 0 0 I binder : 2944:2944 ioctl 40046210 7fd1658544 returned -22
01-05 09:55:41.039 0 0 I binder : 2945:2945 ioctl 40046210 7fd1658544 returned -22
01-05 09:55:41.049 0 0 W QSEECOM : qseecom_load_app: App (fingerpr) does'nt exist, loading apps for first time
01-05 09:55:41.064 0 0 E bt_ioctl: BT_CMD_PWR_CTRL pwr_cntrl:0
01-05 09:55:41.064 0 0 E bt_ioctl: BT state already:0 no change done
01-05 09:55:41.064 0 0 E bt_ioctl: BT_CMD_PWR_CTRL pwr_cntrl:1
01-05 09:55:41.064 0 0 I bt_power vendor: bt_qca6390: Linked as a consumer to regulator.9
01-05 09:55:41.065 0 0 E bt_vreg_enable: vreg_en successful for : qca,bt-vdd-aon
01-05 09:55:41.066 0 0 I bt_power vendor: bt_qca6390: Linked as a consumer to regulator.51
01-05 09:55:41.066 0 0 E bt_vreg_enable: vreg_en successful for : qca,bt-vdd-dig
01-05 09:55:41.066 0 0 I bt_power vendor: bt_qca6390: Linked as a consumer to regulator.8
01-05 09:55:41.067 0 0 E bt_vreg_enable: vreg_en successful for : qca,bt-vdd-rfa1
01-05 09:55:41.067 0 0 I bt_power vendor: bt_qca6390: Linked as a consumer to regulator.36
01-05 09:55:41.067 0 0 E bt_vreg_enable: vreg_en successful for : qca,bt-vdd-rfa2
01-05 09:55:41.067 0 0 I bt_power vendor: bt_qca6390: Linked as a consumer to regulator.27
01-05 09:55:41.068 0 0 E bt_vreg_enable: vreg_en successful for : qca,bt-vdd-asd
01-05 09:55:41.122 0 0 I bt_configure_gpios: BTON:Turn Bt Off bt-reset-gpio(1121) value(0)
01-05 09:55:41.122 0 0 I bt_configure_gpios: BTON:Turn Bt Off
01-05 09:55:41.122 0 0 I bt_configure_gpios: bt-sw-ctrl-gpio(1224) value(1)
01-05 09:55:41.122 0 0 I bt_enable_bt_reset_gpios_safely: bt_enable_bt_reset_gpios_safely: BTON:Turn Bt On
01-05 09:55:41.122 0 0 I bt_enable_bt_reset_gpios_safely: bt_enable_bt_reset_gpios_safely: wl-reset-gpio(1120) value(1)
01-05 09:55:41.122 0 0 I bt_enable_bt_reset_gpios_safely: bt_enable_bt_reset_gpios_safely: BTON: Asserting BT_EN
01-05 09:55:41.162 0 0 W QSEECOM : qseecom_load_app: App with id 7 (fingerpr) now loaded
01-05 09:55:41.166 0 0 I binder : 2944:2997 ioctl 40046210 6f5469a1f4 returned -22
01-05 09:55:41.178 0 0 I bt_configure_gpios: BTON:Turn Bt On bt-reset-gpio(1121) value(1)
01-05 09:55:41.178 0 0 I bt_configure_gpios: BTON:Turn Bt On
01-05 09:55:41.178 0 0 I bt_configure_gpios: bt-sw-ctrl-gpio(1224) value(1)
01-05 09:55:41.178 0 0 I bt_configure_gpios: bt_gpio= 1121 on: 1 is successful
01-05 09:55:41.206 0 0 E bt_ioctl: unified Current SOC Version : 400a0200
01-05 09:55:41.265 0 0 W QSEECOM : __qseecom_unload_app: App (7) is unloaded
01-05 09:55:41.265 0 0 D qbt : qbt_release: entry minor_no=0 fd_available=0
01-05 09:55:41.265 0 0 D qbt : qbt_release: Releasing wakelock
01-05 09:55:41.265 0 0 D qbt : qbt_release: exit : fd_available=1
01-05 09:55:41.265 0 0 D qbt : qbt_release: entry minor_no=1 fd_available=1
01-05 09:55:41.265 0 0 D qbt : qbt_release: exit : fd_available=1
02-18 00:56:48.565 1520 1520 D TelephonyRegistry: listen oscl: mHasNotifySubscriptionInfoChangedOccurred==false no callback
02-18 00:56:48.568 1520 1520 W CarrierConfigManager: Error getting config for subId -1 ICarrierConfigLoader is null
01-05 09:55:41.405 0 0 I [schedu][0x1bcdec4d][00:56:48.618555] wlan: [2158:I:HIF] Deinitializing Runtime PM wakelock &vdev->vdev_set_key_runtime_wakelock
01-05 09:55:41.406 0 0 I [schedu][0x1bcdfa6b][00:56:48.618743] wlan: [2158:I:HIF] Initializing Runtime PM wakelock &vdev->vdev_set_key_runtime_wakelock
01-05 09:55:41.407 0 0 I [wifi@1][0x1bce77d6][00:56:48.620416] wlan: [841:I:DP] dp_vdev_attach_wifi3: wlan_cfg_ap_bridge_enabled 0
01-05 09:55:41.412 0 0 E [wifi@1][0x1bcffb03][00:56:48.625578] wlan: [2912:E:wifipos] wifi_pos_process_app_reg_req: 608: Received App Req Req pid(-1006632119), len(16)
01-05 09:55:41.413 0 0 I [wifi@1][0x1bd008d9][00:56:48.625762] wlan: [2912:I:wifipos] wifi_pos_get_ch_info: 461: num channels: 26
01-05 09:55:41.413 0 0 I [wifi@1][0x1bd012aa][00:56:48.625893] wlan: [2912:I:wifipos] wifi_pos_get_ch_info: 461: num channels: 26
01-05 09:55:41.614 0 0 I [schedu][0x1c0b06e0][00:56:48.827123] wlan: [2158:I:OSIF] scan start scan id 40961
01-05 09:55:41.653 0 0 I [wifi@1][0x1c1692af][00:56:48.866534] wlan: [841:I:DP] dp_vdev_attach_wifi3: wlan_cfg_ap_bridge_enabled 1
01-05 09:55:41.653 0 0 E [wifi@1][0x1c169a91][00:56:48.866639] wlan: [841:E:PMO] pmo_register_wow_wakeup_events: 88: Skipping wake event configuration for vdev_opmode 16
01-05 09:55:41.654 0 0 E [wifi@1][0x1c169e6f][00:56:48.866690] wlan: [841:E:SME] sme_get_nss_chain_shift: 4045: Device mode 16 invalid
01-05 09:55:41.654 0 0 E [wifi@1][0x1c169ec3][00:56:48.866695] wlan: [841:E:SME] sme_get_nss_chain_shift: 4045: Device mode 16 invalid
01-05 09:55:41.654 0 0 I IPv6 : ADDRCONF(NETDEV_UP): wifi-aware0: link is not ready
01-05 09:55:41.665 0 0 I binder : 3063:3063 ioctl 40046210 7fd1658544 returned -22
01-05 09:55:41.675 0 0 I binder : 3064:3064 ioctl 40046210 7fd1658544 returned -22
01-05 09:55:41.686 0 0 I android_work: did not send uevent (0 0 0000000000000000)
01-05 09:55:41.689 0 0 D qbt : qbt_open: entry minor_no=0 fd_available=1
01-05 09:55:41.689 0 0 D qbt : qbt_open: exit : 0 fd_available=0
01-05 09:55:41.689 0 0 D qbt : qbt_open: entry minor_no=1 fd_available=0
01-05 09:55:41.689 0 0 D qbt : qbt_open: exit : 0 fd_available=0
01-05 09:55:41.689 0 0 D qbt : qbt_ioctl: cmd received 107
01-05 09:55:41.689 0 0 D qbt : qbt_ioctl: Acquiring wakelock
01-05 09:55:41.702 0 0 W QSEECOM : qseecom_load_app: App (fingerpr) does'nt exist, loading apps for first time
02-18 00:56:48.939 3113 3113 F libc : Fatal signal 6 (SIGABRT), code -1 (SI_QUEUE) in tid 3113 (init), pid 3113 (init)
01-05 09:55:41.720 0 0 W : Boot completed
01-05 09:55:41.751 0 0 I [schedu][0x1c33373b][00:56:48.964301] wlan: [2158:I:HIF] Deinitializing Runtime PM wakelock &vdev->vdev_set_key_runtime_wakelock
01-05 09:55:41.752 0 0 I [schedu][0x1c336204][00:56:48.964872] wlan: [2158:I:HIF] Initializing Runtime PM wakelock &vdev->vdev_set_key_runtime_wakelock
02-18 00:56:48.969 3113 3113 F libc : crash_dump helper failed to exec, or was killed
01-05 09:55:41.777 0 0 I : read descriptors
01-05 09:55:41.778 0 0 I : read strings
01-05 09:55:41.796 0 0 E msm-dwc3 a600000.ssusb: Could not get usb psy
01-05 09:55:41.815 0 0 W QSEECOM : qseecom_load_app: App with id 8 (fingerpr) now loaded
01-05 09:55:41.827 0 0 I binder : 3136:3136 ioctl 40046210 7ff5e5be64 returned -22
01-05 09:55:41.844 0 0 I binder : 3145:3145 ioctl 40046210 7fd1658544 returned -22
01-05 09:55:41.891 0 0 E msm-dwc3 a600000.ssusb: Could not get usb psy
01-05 09:55:41.906 0 0 W audit : audit_lost=1 audit_rate_limit=5 audit_backlog_limit=64
01-05 09:55:41.906 0 0 E audit : rate limit exceeded
01-05 09:55:41.940 0 0 I devfreq-qcom-fw 18590000.qcom,devfreq-l3: qcom,cdsp-cdsp-l3-lat: Successfully started CDSP L3 governor
01-05 09:55:41.945 0 0 I binder : 3145:3249 ioctl 40046210 6f55642934 returned -22
01-05 09:55:41.973 0 0 W QSEECOM : __qseecom_unload_app: App (8) is unloaded
01-05 09:55:41.974 0 0 D qbt : qbt_release: entry minor_no=0 fd_available=0
01-05 09:55:41.974 0 0 D qbt : qbt_release: Releasing wakelock
01-05 09:55:41.974 0 0 D qbt : qbt_release: exit : fd_available=1
01-05 09:55:41.974 0 0 D qbt : qbt_release: entry minor_no=1 fd_available=1
01-05 09:55:41.974 0 0 D qbt : qbt_release: exit : fd_available=1
01-05 09:55:41.979 0 0 I android_work: sent uevent USB_STATE=CONNECTED
01-05 09:55:41.980 0 0 I : sdcardfs version 2.0
01-05 09:55:41.980 0 0 I sdcardfs: dev_name -> /data/media
01-05 09:55:41.980 0 0 I sdcardfs: options -> fsuid=1023,fsgid=1023,multiuser,derive_gid,default_normal,unshared_obb,mask=6,userid=0,gid=1015
01-05 09:55:41.980 0 0 I sdcardfs: mnt -> 000000007c0598fc
01-05 09:55:41.980 0 0 I sdcardfs: mounted on top of /data/media type f2fs
01-05 09:55:41.980 0 0 I : Remount options were mask=23,gid=9997 for vfsmnt 00000000a664f1a9.
01-05 09:55:41.980 0 0 I sdcardfs: options - debug:1
01-05 09:55:41.980 0 0 I sdcardfs: options - gid:9997
01-05 09:55:41.980 0 0 I sdcardfs: options - mask:23
01-05 09:55:41.980 0 0 I : Remount options were mask=7,gid=9997 for vfsmnt 000000003aea0d6e.
01-05 09:55:41.980 0 0 I sdcardfs: options - debug:1
01-05 09:55:41.980 0 0 I sdcardfs: options - gid:9997
01-05 09:55:41.980 0 0 I sdcardfs: options - mask:7
01-05 09:55:41.980 0 0 I : Remount options were mask=7,gid=9997 for vfsmnt 00000000ecb78450.
01-05 09:55:41.980 0 0 I sdcardfs: options - debug:1
01-05 09:55:41.980 0 0 I sdcardfs: options - gid:9997
01-05 09:55:41.980 0 0 I sdcardfs: options - mask:7
02-18 00:56:49.208 1520 1520 D TelephonyRegistry: notifyCellLocationForSubscriber: subId=2147483647 cellIdentity=null
01-05 09:55:42.005 0 0 E msm-dwc3 a600000.ssusb: Could not get usb psy
02-18 00:56:49.226 1520 2746 D TelephonyRegistry: listen oscl: mHasNotifySubscriptionInfoChangedOccurred==false no callback
01-05 09:55:42.029 0 0 I binder : 3272:3272 ioctl 40046210 ff831738 returned -22
01-05 09:55:42.047 0 0 I zram0 : detected capacity change from 0 to 4294967296
01-05 09:55:42.051 0 0 I binder : 3277:3277 ioctl 40046210 7fd1658544 returned -22
01-05 09:55:42.070 0 0 I binder : 3295:3295 ioctl 40046210 7fd1658544 returned -22
01-05 09:55:42.078 0 0 I : Adding 4194300k swap on /dev/block/zram0. Priority:32758 extents:1 across:4194300k SS
01-05 09:55:42.091 0 0 D qbt : qbt_open: entry minor_no=0 fd_available=1
01-05 09:55:42.091 0 0 D qbt : qbt_open: exit : 0 fd_available=0
01-05 09:55:42.091 0 0 D qbt : qbt_open: entry minor_no=1 fd_available=0
01-05 09:55:42.091 0 0 D qbt : qbt_open: exit : 0 fd_available=0
01-05 09:55:42.091 0 0 D qbt : qbt_ioctl: cmd received 107
01-05 09:55:42.091 0 0 D qbt : qbt_ioctl: Acquiring wakelock
01-05 09:55:42.104 0 0 I binder : 3339:3339 ioctl 40046210 7fd1658544 returned -22
01-05 09:55:42.107 0 0 W QSEECOM : qseecom_load_app: App (fingerpr) does'nt exist, loading apps for first time
01-05 09:55:42.110 0 0 I binder : 3277:3277 ioctl 40046210 7fd1657434 returned -22
01-05 09:55:42.113 0 0 I binder : 3349:3349 ioctl 40046210 7fd1658544 returned -22
01-05 09:55:42.147 0 0 I binder : 3384:3384 ioctl 40046210 7fd1658544 returned -22
01-05 09:55:42.157 0 0 I binder : 3390:3390 ioctl 40046210 7fd1658544 returned -22
01-05 09:55:42.161 0 0 I binder : 3398:3398 ioctl 40046210 7fd1658544 returned -22
01-05 09:55:42.171 0 0 I binder : 3412:3412 ioctl 40046210 7fd1658544 returned -22
01-05 09:55:42.231 0 0 I binder : 3466:3466 ioctl 40046210 7fd1658544 returned -22
01-05 09:55:42.236 0 0 I binder : 3469:3469 ioctl 40046210 7fd1658544 returned -22
01-05 09:55:42.243 0 0 I binder : 3474:3474 ioctl 40046210 7fd1658544 returned -22
01-05 09:55:42.246 0 0 I configfs-gadget gadget: high-speed config #1: b
01-05 09:55:42.246 0 0 E msm-dwc3 a600000.ssusb: Could not get usb psy
01-05 09:55:42.247 0 0 I android_work: sent uevent USB_STATE=CONFIGURED
01-05 09:55:42.248 0 0 I binder : 2595:2595 ioctl 40046210 7fd1657ed4 returned -22
01-05 09:55:42.255 0 0 I binder : 3501:3501 ioctl 40046210 7fd1658544 returned -22
01-05 09:55:42.260 0 0 W QSEECOM : qseecom_load_app: App with id 9 (fingerpr) now loaded
01-05 09:55:42.268 0 0 E bt_ioctl: BT_CMD_PWR_CTRL pwr_cntrl:2
01-05 09:55:42.268 0 0 E bt_vreg_unvote: vreg_unvote successful for : qca,bt-vdd-rfa2
01-05 09:55:42.268 0 0 E bt_vreg_unvote: vreg_unvote successful for : qca,bt-vdd-rfa1
01-05 09:55:42.268 0 0 I qcom_rpmh DRV: apps_rsc TCS Busy, retrying RPMH message send: addr=0x43200
01-05 09:55:42.268 0 0 E bt_vreg_unvote: vreg_unvote successful for : qca,bt-vdd-dig
01-05 09:55:42.268 0 0 E bt_vreg_unvote: vreg_unvote successful for : qca,bt-vdd-aon
01-05 09:55:42.318 0 0 I binder : 3501:3572 ioctl 40046210 6f54797944 returned -22
01-05 09:55:42.338 0 0 I binder : 3566:3566 ioctl 40046210 7fd1658544 returned -22
01-05 09:55:42.402 0 0 I binder : 2632:2632 ioctl 40046210 7fd16572a4 returned -22
01-05 09:55:42.410 0 0 I : mtp_open
01-05 09:55:42.425 0 0 I binder : 3474:3564 ioctl 40046210 6f558751f4 returned -22
02-18 00:56:49.666 1520 2751 D TelephonyRegistry: listen oscl: mHasNotifySubscriptionInfoChangedOccurred==false no callback
01-05 09:55:42.482 0 0 W QSEECOM : __qseecom_unload_app: App (9) is unloaded
01-05 09:55:42.483 0 0 D qbt : qbt_release: entry minor_no=0 fd_available=0
01-05 09:55:42.483 0 0 D qbt : qbt_release: Releasing wakelock
01-05 09:55:42.483 0 0 D qbt : qbt_release: exit : fd_available=1
01-05 09:55:42.483 0 0 D qbt : qbt_release: entry minor_no=1 fd_available=1
01-05 09:55:42.483 0 0 D qbt : qbt_release: exit : fd_available=1
01-05 09:55:42.535 0 0 I msm_vidc: high: 00000002: ....d: Opening video instance: 0000000000000000, 1
01-05 09:55:42.535 0 0 I msm_vidc: err : 00000002: ....d: Failed to create debugfs for msm_vidc
01-05 09:55:42.560 0 0 I binder : 3683:3683 ioctl 40046210 7fd1658544 returned -22
01-05 09:55:42.562 0 0 W ALERT : changing window size from 20000000 to 16000000 at 23200059990
01-05 09:55:42.571 0 0 I binder : 3690:3690 ioctl 40046210 7fd1658544 returned -22
01-05 09:55:42.635 0 0 I binder : 3733:3733 ioctl 40046210 7fd1658544 returned -22
01-05 09:55:42.642 0 0 I binder : 3744:3744 ioctl 40046210 7fd1658544 returned -22
01-05 09:55:42.762 0 0 I binder : 3806:3806 ioctl 40046210 7fd1658544 returned -22
