02-18 02:34:50.057 1520 1602 W FreeFormWindowHelper: Current Display FreeFormTask is null
02-18 02:34:50.057 1520 1602 W FreeFormWindowHelper: Current Display FreeFormTask is null
02-18 02:34:50.074 1520 2746 W FreeFormWindowHelper: Current Display FreeFormTask is null
02-18 02:34:50.074 1520 2746 W ActivityTaskManager: getTaskSnapshot: taskId=1060 not found
02-18 02:34:50.076 1520 2746 W ActivityTaskManager: getTaskSnapshot: taskId=2060 not found
02-18 02:34:50.076 1520 2746 W ActivityTaskManager: getTaskSnapshot: taskId=3060 not found
02-18 02:34:50.085 1520 2746 W FreeFormWindowHelper: Current Display FreeFormTask is null
02-18 02:34:50.085 1520 2746 W FreeFormWindowHelper: Current Display FreeFormTask is null
02-18 02:34:50.095 1520 5220 W ActivityTaskManager: getTaskSnapshot: taskId=1060 not found
02-18 02:34:50.095 1520 5220 W ActivityTaskManager: getTaskSnapshot: taskId=2060 not found
02-18 02:34:50.095 1520 5220 W ActivityTaskManager: getTaskSnapshot: taskId=3060 not found
02-18 02:34:50.096 1520 2746 W FreeFormWindowHelper: exitRecentTasks type=0
02-18 02:34:50.102 1520 5220 W FreeFormWindowHelper: Current Display FreeFormTask is null
02-18 02:34:50.102 1520 5220 W FreeFormWindowHelper: Current Display FreeFormTask is null
02-18 02:34:50.112 1520 1602 W FreeFormWindowHelper: Current Display FreeFormTask is null
02-18 02:34:50.112 1520 1602 W FreeFormWindowHelper: Current Display FreeFormTask is null
01-05 11:33:43.461 0 0 E DTC_ETH,link_delay_work_func: 3003, SQI=0, link=0
02-18 02:34:50.789 1520 5220 W FreeFormWindowHelper: Current Display FreeFormTask is null
02-18 02:34:50.789 1520 2746 W FreeFormWindowHelper: Current Display FreeFormTask is null
02-18 02:34:50.797 1520 2746 I ActivityTaskManager: FOREGROUND_APPLICATION_CHANGED to com.android.launcher3.uioverrides.QuickstepLauncher
02-18 02:34:50.869 2537 4260 W ContextImpl: Calling a method in the system process without a qualified user: android.app.ContextImpl.startService:1816 android.content.ContextWrapper.startService:774 com.thundercomm.gamemode.ingame.services.GameModeActionUtils.startGameModeService:111 com.thundercomm.gamemode.ingame.services.GameModeActionUtils.startGameModeEntry:22 com.thundercomm.gamemode.ingame.services.ActivityMonitoringService$1.onActivityLaunch:139
02-18 02:34:50.871 1520 1520 I GameModeConfig: Current uri is uri = content://com.thundercomm.gamemode.api/gamemode_settings/gamemode_isgaming
02-18 02:34:50.873 1520 1520 I GameModeConfig: isGameModeOn = false
02-18 02:34:50.874 1520 1520 I GameModeConfig: isGameModeOn = false
02-18 02:34:50.874 1520 1520 I GameModeConfig: isDisableVoice = true
02-18 02:34:50.914 1520 2746 W FreeFormWindowHelper: Current Display FreeFormTask is null
02-18 02:34:50.917 2537 4260 W ContextImpl: Calling a method in the system process without a qualified user: android.app.ContextImpl.startService:1816 android.content.ContextWrapper.startService:774 com.thundercomm.gamemode.ingame.services.GameModeActionUtils.startGameModeService:111 com.thundercomm.gamemode.ingame.services.GameModeActionUtils.startGameModeEntry:22 com.thundercomm.gamemode.ingame.services.ActivityMonitoringService$1.onActivityLaunch:139
02-18 02:34:50.920 1520 1520 I GameModeConfig: Current uri is uri = content://com.thundercomm.gamemode.api/gamemode_settings/gamemode_isgaming
02-18 02:34:50.922 1520 1520 I GameModeConfig: isGameModeOn = false
02-18 02:34:50.923 1520 1520 I GameModeConfig: isGameModeOn = false
02-18 02:34:50.923 1520 1520 I GameModeConfig: isDisableVoice = true
02-18 02:34:51.086 1520 2746 I thunderperf: PlatormCompat.setOverrides: Uid1=10072 Pid1=2828 Uid2=10072 Pid2=2828
02-18 02:34:51.087 1520 2746 I thunderperf: PlatormCompat.setOverrides: needCheck:false
02-18 02:34:51.087 1520 2746 I thunderperf: CompatConfig.addOverrideUnsafe: bef-state=1
02-18 02:34:51.087 1520 2746 E thunderperf: CompatConfig.addOverrideUnsafe: exception:java.lang.SecurityException: Cannot override a change on a non-debuggable app and user build.
02-18 02:34:51.087 1520 2746 I thunderperf: CompatConfig.addOverrideUnsafe: aft-state=1
02-18 02:34:51.088 1520 2746 I thunderperf: CompatConfig.addOverrideUnsafe: bef-state=1
02-18 02:34:51.088 1520 2746 E thunderperf: CompatConfig.addOverrideUnsafe: exception:java.lang.SecurityException: Cannot override a change on a non-debuggable app and user build.
02-18 02:34:51.088 1520 2746 I thunderperf: CompatConfig.addOverrideUnsafe: aft-state=1
02-18 02:34:51.089 1520 2746 I thunderperf: CompatConfig.addOverrideUnsafe: bef-state=1
02-18 02:34:51.089 1520 2746 E thunderperf: CompatConfig.addOverrideUnsafe: exception:java.lang.SecurityException: Cannot override a change on a non-debuggable app and user build.
02-18 02:34:51.089 1520 2746 I thunderperf: CompatConfig.addOverrideUnsafe: aft-state=1
02-18 02:34:51.090 1520 2746 I thunderperf: CompatConfig.addOverrideUnsafe: bef-state=1
02-18 02:34:51.090 1520 2746 E thunderperf: CompatConfig.addOverrideUnsafe: exception:java.lang.SecurityException: Cannot override a change on a non-debuggable app and user build.
02-18 02:34:51.090 1520 2746 I thunderperf: CompatConfig.addOverrideUnsafe: aft-state=1
02-18 02:34:51.091 1520 2746 I thunderperf: CompatConfig.addOverrideUnsafe: bef-state=1
02-18 02:34:51.091 1520 2746 E thunderperf: CompatConfig.addOverrideUnsafe: exception:java.lang.SecurityException: Cannot override a change on a non-debuggable app and user build.
02-18 02:34:51.091 1520 2746 I thunderperf: CompatConfig.addOverrideUnsafe: aft-state=1
02-18 02:34:51.092 1520 2746 I thunderperf: CompatConfig.addOverrideUnsafe: bef-state=1
02-18 02:34:51.092 1520 2746 E thunderperf: CompatConfig.addOverrideUnsafe: exception:java.lang.SecurityException: Cannot override a change on a non-debuggable app and user build.
02-18 02:34:51.092 1520 2746 I thunderperf: CompatConfig.addOverrideUnsafe: aft-state=1
02-18 02:34:51.097 1520 2746 I thunderperf: CompatConfig.addOverrideUnsafe: bef-state=1
02-18 02:34:51.098 1520 2746 E thunderperf: CompatConfig.addOverrideUnsafe: exception:java.lang.SecurityException: Cannot override a change on a non-debuggable app and user build.
02-18 02:34:51.098 1520 2746 I thunderperf: CompatConfig.addOverrideUnsafe: aft-state=1
02-18 02:34:51.098 1520 2746 I thunderperf: CompatConfig.addOverrideUnsafe: bef-state=1
02-18 02:34:51.099 1520 2746 E thunderperf: CompatConfig.addOverrideUnsafe: exception:java.lang.SecurityException: Cannot override a change on a non-debuggable app and user build.
02-18 02:34:51.099 1520 2746 I thunderperf: CompatConfig.addOverrideUnsafe: aft-state=1
02-18 02:34:51.100 1520 2746 I thunderperf: CompatConfig.addOverrideUnsafe: bef-state=1
02-18 02:34:51.100 1520 2746 E thunderperf: CompatConfig.addOverrideUnsafe: exception:java.lang.SecurityException: Cannot override a change on a non-debuggable app and user build.
02-18 02:34:51.100 1520 2746 I thunderperf: CompatConfig.addOverrideUnsafe: aft-state=1
02-18 02:34:51.100 1520 2746 I thunderperf: CompatConfig.addOverrideUnsafe: bef-state=1
02-18 02:34:51.101 1520 2746 E thunderperf: CompatConfig.addOverrideUnsafe: exception:java.lang.SecurityException: Cannot override a change on a non-debuggable app and user build.
02-18 02:34:51.101 1520 2746 I thunderperf: CompatConfig.addOverrideUnsafe: aft-state=1
02-18 02:34:51.101 1520 2746 I thunderperf: CompatConfig.addOverrideUnsafe: bef-state=1
02-18 02:34:51.101 1520 2746 E thunderperf: CompatConfig.addOverrideUnsafe: exception:java.lang.SecurityException: Cannot override a change on a non-debuggable app and user build.
02-18 02:34:51.101 1520 2746 I thunderperf: CompatConfig.addOverrideUnsafe: aft-state=1
02-18 02:34:51.102 1520 2746 I thunderperf: CompatConfig.addOverrideUnsafe: bef-state=1
02-18 02:34:51.102 1520 2746 E thunderperf: CompatConfig.addOverrideUnsafe: exception:java.lang.SecurityException: Cannot override a change on a non-debuggable app and user build.
02-18 02:34:51.102 1520 2746 I thunderperf: CompatConfig.addOverrideUnsafe: aft-state=1
02-18 02:34:51.102 1520 2746 I thunderperf: CompatConfig.addOverrideUnsafe: bef-state=1
02-18 02:34:51.102 1520 2746 E thunderperf: CompatConfig.addOverrideUnsafe: exception:java.lang.SecurityException: Cannot override a change on a non-debuggable app and user build.
02-18 02:34:51.102 1520 2746 I thunderperf: CompatConfig.addOverrideUnsafe: aft-state=1
02-18 02:34:51.103 1520 2746 I thunderperf: CompatConfig.addOverrideUnsafe: bef-state=1
02-18 02:34:51.103 1520 2746 E thunderperf: CompatConfig.addOverrideUnsafe: exception:java.lang.SecurityException: Cannot override a change on a non-debuggable app and user build.
02-18 02:34:51.103 1520 2746 I thunderperf: CompatConfig.addOverrideUnsafe: aft-state=1
02-18 02:34:51.107 1520 2746 I ActivityTaskManager: START u0 {act=android.intent.action.MAIN cat=[android.intent.category.LAUNCHER] flg=0x10200000 cmp=com.android.music/.MusicBrowserActivity bnds=[2128,510][2314,710]} from uid 10072
02-18 02:34:51.121 1520 1990 I ActivityTaskManager: FOREGROUND_APPLICATION_CHANGED to com.android.music.MusicBrowserActivity
02-18 02:34:51.136 2537 4260 W ContextImpl: Calling a method in the system process without a qualified user: android.app.ContextImpl.startService:1816 android.content.ContextWrapper.startService:774 com.thundercomm.gamemode.ingame.services.GameModeActionUtils.startGameModeService:111 com.thundercomm.gamemode.ingame.services.GameModeActionUtils.startGameModeEntry:22 com.thundercomm.gamemode.ingame.services.ActivityMonitoringService$1.onActivityLaunch:139
02-18 02:34:51.140 1520 1520 I GameModeConfig: Current uri is uri = content://com.thundercomm.gamemode.api/gamemode_settings/gamemode_isgaming
02-18 02:34:51.146 1520 1520 I GameModeConfig: isGameModeOn = false
02-18 02:34:51.146 1520 1520 I GameModeConfig: isGameModeOn = false
02-18 02:34:51.146 1520 1520 I GameModeConfig: isDisableVoice = true
02-18 02:34:51.167 1520 2286 I GameModeConfig: isGameModeOn = false
02-18 02:34:51.167 1520 2286 I GameModeConfig: isGameModeOn = false
02-18 02:34:51.167 1520 2286 I GameModeConfig: isGameModeOn = false
02-18 02:34:51.167 1520 2286 I GameModeConfig: isGameModeOn = false
02-18 02:34:51.168 1520 2286 I GameModeConfig: isGameModeOn = false
02-18 02:34:51.193 1520 5220 W ActivityManager: Receiver with filter android.content.IntentFilter@a03cb79 already registered for pid 10293, callerPackage is com.android.music
02-18 02:34:51.226 1520 2415 W FreeFormWindowHelper: Current Display FreeFormTask is null
02-18 02:34:51.232 2537 4260 W ContextImpl: Calling a method in the system process without a qualified user: android.app.ContextImpl.startService:1816 android.content.ContextWrapper.startService:774 com.thundercomm.gamemode.ingame.services.GameModeActionUtils.startGameModeService:111 com.thundercomm.gamemode.ingame.services.GameModeActionUtils.startGameModeEntry:22 com.thundercomm.gamemode.ingame.services.ActivityMonitoringService$1.onActivityLaunch:139
02-18 02:34:51.235 1520 1520 I GameModeConfig: Current uri is uri = content://com.thundercomm.gamemode.api/gamemode_settings/gamemode_isgaming
02-18 02:34:51.236 1520 1520 I GameModeConfig: isGameModeOn = false
02-18 02:34:51.236 1520 1520 I GameModeConfig: isGameModeOn = false
02-18 02:34:51.236 1520 1520 I GameModeConfig: isDisableVoice = true
02-18 02:34:51.374 1520 1520 I GameModeConfig: isGameModeOn = false
02-18 02:34:51.380 1520 1520 I GameModeConfig: isGameModeOn = false
02-18 02:34:51.709 2537 4260 W ContextImpl: Calling a method in the system process without a qualified user: android.app.ContextImpl.startService:1816 android.content.ContextWrapper.startService:774 com.thundercomm.gamemode.ingame.services.GameModeActionUtils.startGameModeService:111 com.thundercomm.gamemode.ingame.services.GameModeActionUtils.startGameModeEntry:22 com.thundercomm.gamemode.ingame.services.ActivityMonitoringService$1.onActivityLaunch:139
02-18 02:34:51.714 1520 1520 I GameModeConfig: Current uri is uri = content://com.thundercomm.gamemode.api/gamemode_settings/gamemode_isgaming
02-18 02:34:51.716 1520 1520 I GameModeConfig: isGameModeOn = false
02-18 02:34:51.717 1520 1520 I GameModeConfig: isGameModeOn = false
02-18 02:34:51.717 1520 1520 I GameModeConfig: isDisableVoice = true
02-18 02:34:54.129 1520 3839 E TaskPersister: File error accessing recents directory (directory doesn't exist?).
02-18 02:34:54.592 1520 1520 W WindowManager: removeWindowToken: Attempted to remove non-existing token: android.os.Binder@41ff033
01-05 11:33:48.578 0 0 E DTC_ETH,link_delay_work_func: 3003, SQI=0, link=0
02-18 02:34:58.105 1520 1520 W WindowManager: removeWindowToken: Attempted to remove non-existing token: android.os.Binder@7a78ec6
01-05 11:33:53.699 0 0 E DTC_ETH,link_delay_work_func: 3003, SQI=0, link=0
01-05 11:33:58.819 0 0 E DTC_ETH,link_delay_work_func: 3003, SQI=0, link=0
01-05 11:34:03.938 0 0 E DTC_ETH,link_delay_work_func: 3003, SQI=0, link=0
01-05 11:34:09.058 0 0 E DTC_ETH,link_delay_work_func: 3003, SQI=0, link=0
01-05 11:34:14.178 0 0 E DTC_ETH,link_delay_work_func: 3003, SQI=0, link=0
01-05 11:34:19.298 0 0 E DTC_ETH,link_delay_work_func: 3003, SQI=0, link=0
01-05 11:34:24.418 0 0 E DTC_ETH,link_delay_work_func: 3003, SQI=0, link=0
01-05 11:34:29.538 0 0 E DTC_ETH,link_delay_work_func: 3003, SQI=0, link=0
01-05 11:34:34.658 0 0 E DTC_ETH,link_delay_work_func: 3003, SQI=0, link=0
01-05 11:34:39.778 0 0 E DTC_ETH,link_delay_work_func: 3003, SQI=0, link=0
01-05 11:34:44.898 0 0 E DTC_ETH,link_delay_work_func: 3003, SQI=0, link=0
01-05 11:34:50.018 0 0 E DTC_ETH,link_delay_work_func: 3003, SQI=0, link=0
01-05 11:34:55.138 0 0 E DTC_ETH,link_delay_work_func: 3003, SQI=0, link=0
01-05 11:35:00.258 0 0 E DTC_ETH,link_delay_work_func: 3003, SQI=0, link=0
01-05 11:35:05.378 0 0 E DTC_ETH,link_delay_work_func: 3003, SQI=0, link=0
02-18 02:36:14.229 1520 1637 V DisplayPowerController[0]: Brightness [0.05] reason changing to: 'manual [ dim ]', previous reason: 'manual'.
02-18 02:36:14.230 1520 1637 W PowerManagerService: Screen on took 119637 ms
02-18 02:36:14.237 1520 2324 E DisplayDeviceConfig: requesting nits when no mapping exists.
02-18 02:36:14.238 1520 2324 E DisplayDeviceConfig: requesting nits when no mapping exists.
02-18 02:36:14.239 1520 1619 I DropBoxManagerService: add tag=system_server_wtf isTagEnabled=true flags=0x2
02-18 02:36:14.242 1520 1619 I DropBoxManagerService: add tag=system_server_wtf isTagEnabled=true flags=0x2
02-18 02:36:14.253 1520 2324 E DisplayDeviceConfig: requesting nits when no mapping exists.
02-18 02:36:14.253 1520 2324 E DisplayDeviceConfig: requesting nits when no mapping exists.
02-18 02:36:14.254 1520 1619 I DropBoxManagerService: add tag=system_server_wtf isTagEnabled=true flags=0x2
02-18 02:36:14.256 1520 1619 I DropBoxManagerService: add tag=system_server_wtf isTagEnabled=true flags=0x2
02-18 02:36:14.270 1520 2324 E DisplayDeviceConfig: requesting nits when no mapping exists.
02-18 02:36:14.270 1520 2324 E DisplayDeviceConfig: requesting nits when no mapping exists.
02-18 02:36:14.271 1520 1619 I DropBoxManagerService: add tag=system_server_wtf isTagEnabled=true flags=0x2
02-18 02:36:14.286 1520 2324 E DisplayDeviceConfig: requesting nits when no mapping exists.
02-18 02:36:14.287 1520 2324 E DisplayDeviceConfig: requesting nits when no mapping exists.
02-18 02:36:14.303 1520 2324 E DisplayDeviceConfig: requesting nits when no mapping exists.
02-18 02:36:14.304 1520 2324 E DisplayDeviceConfig: requesting nits when no mapping exists.
02-18 02:36:14.320 1520 2324 E DisplayDeviceConfig: requesting nits when no mapping exists.
02-18 02:36:14.320 1520 2324 E DisplayDeviceConfig: requesting nits when no mapping exists.
02-18 02:36:14.336 1520 2324 E DisplayDeviceConfig: requesting nits when no mapping exists.
02-18 02:36:14.337 1520 2324 E DisplayDeviceConfig: requesting nits when no mapping exists.
02-18 02:36:14.353 1520 2324 E DisplayDeviceConfig: requesting nits when no mapping exists.
02-18 02:36:14.354 1520 2324 E DisplayDeviceConfig: requesting nits when no mapping exists.
02-18 02:36:14.370 1520 2324 E DisplayDeviceConfig: requesting nits when no mapping exists.
02-18 02:36:14.371 1520 2324 E DisplayDeviceConfig: requesting nits when no mapping exists.
02-18 02:36:14.387 1520 2324 E DisplayDeviceConfig: requesting nits when no mapping exists.
02-18 02:36:14.389 1520 2324 E DisplayDeviceConfig: requesting nits when no mapping exists.
02-18 02:36:14.403 1520 2324 E DisplayDeviceConfig: requesting nits when no mapping exists.
02-18 02:36:14.404 1520 2324 E DisplayDeviceConfig: requesting nits when no mapping exists.
02-18 02:36:14.420 1520 2324 E DisplayDeviceConfig: requesting nits when no mapping exists.
02-18 02:36:14.421 1520 2324 E DisplayDeviceConfig: requesting nits when no mapping exists.
02-18 02:36:14.437 1520 2324 E DisplayDeviceConfig: requesting nits when no mapping exists.
02-18 02:36:14.438 1520 2324 E DisplayDeviceConfig: requesting nits when no mapping exists.
02-18 02:36:14.454 1520 2324 E DisplayDeviceConfig: requesting nits when no mapping exists.
02-18 02:36:14.454 1520 2324 E DisplayDeviceConfig: requesting nits when no mapping exists.
02-18 02:36:14.470 1520 2324 E DisplayDeviceConfig: requesting nits when no mapping exists.
02-18 02:36:14.471 1520 2324 E DisplayDeviceConfig: requesting nits when no mapping exists.
02-18 02:36:14.487 1520 2324 E DisplayDeviceConfig: requesting nits when no mapping exists.
02-18 02:36:14.487 1520 2324 E DisplayDeviceConfig: requesting nits when no mapping exists.
02-18 02:36:14.504 1520 2324 E DisplayDeviceConfig: requesting nits when no mapping exists.
02-18 02:36:14.504 1520 2324 E DisplayDeviceConfig: requesting nits when no mapping exists.
02-18 02:36:14.520 1520 2324 E DisplayDeviceConfig: requesting nits when no mapping exists.
02-18 02:36:14.521 1520 2324 E DisplayDeviceConfig: requesting nits when no mapping exists.
02-18 02:36:14.537 1520 2324 E DisplayDeviceConfig: requesting nits when no mapping exists.
02-18 02:36:14.537 1520 2324 E DisplayDeviceConfig: requesting nits when no mapping exists.
02-18 02:36:14.554 1520 2324 E DisplayDeviceConfig: requesting nits when no mapping exists.
02-18 02:36:14.554 1520 2324 E DisplayDeviceConfig: requesting nits when no mapping exists.
02-18 02:36:14.570 1520 2324 E DisplayDeviceConfig: requesting nits when no mapping exists.
02-18 02:36:14.571 1520 2324 E DisplayDeviceConfig: requesting nits when no mapping exists.
02-18 02:36:14.587 1520 2324 E DisplayDeviceConfig: requesting nits when no mapping exists.
02-18 02:36:14.588 1520 2324 E DisplayDeviceConfig: requesting nits when no mapping exists.
02-18 02:36:14.604 1520 2324 E DisplayDeviceConfig: requesting nits when no mapping exists.
02-18 02:36:14.605 1520 2324 E DisplayDeviceConfig: requesting nits when no mapping exists.
02-18 02:36:14.621 1520 2324 E DisplayDeviceConfig: requesting nits when no mapping exists.
02-18 02:36:14.621 1520 2324 E DisplayDeviceConfig: requesting nits when no mapping exists.
02-18 02:36:14.637 1520 2324 E DisplayDeviceConfig: requesting nits when no mapping exists.
02-18 02:36:14.638 1520 2324 E DisplayDeviceConfig: requesting nits when no mapping exists.
02-18 02:36:14.654 1520 2324 E DisplayDeviceConfig: requesting nits when no mapping exists.
02-18 02:36:14.654 1520 2324 E DisplayDeviceConfig: requesting nits when no mapping exists.
02-18 02:36:14.671 1520 2324 E DisplayDeviceConfig: requesting nits when no mapping exists.
02-18 02:36:14.671 1520 2324 E DisplayDeviceConfig: requesting nits when no mapping exists.
02-18 02:36:14.687 1520 2324 E DisplayDeviceConfig: requesting nits when no mapping exists.
02-18 02:36:14.688 1520 2324 E DisplayDeviceConfig: requesting nits when no mapping exists.
02-18 02:36:14.704 1520 2324 E DisplayDeviceConfig: requesting nits when no mapping exists.
02-18 02:36:14.704 1520 2324 E DisplayDeviceConfig: requesting nits when no mapping exists.
02-18 02:36:14.721 1520 2324 E DisplayDeviceConfig: requesting nits when no mapping exists.
02-18 02:36:14.721 1520 2324 E DisplayDeviceConfig: requesting nits when no mapping exists.
02-18 02:36:14.737 1520 2324 E DisplayDeviceConfig: requesting nits when no mapping exists.
02-18 02:36:14.738 1520 2324 E DisplayDeviceConfig: requesting nits when no mapping exists.
02-18 02:36:14.754 1520 2324 E DisplayDeviceConfig: requesting nits when no mapping exists.
02-18 02:36:14.755 1520 2324 E DisplayDeviceConfig: requesting nits when no mapping exists.
02-18 02:36:14.771 1520 2324 E DisplayDeviceConfig: requesting nits when no mapping exists.
02-18 02:36:14.772 1520 2324 E DisplayDeviceConfig: requesting nits when no mapping exists.
02-18 02:36:14.788 1520 2324 E DisplayDeviceConfig: requesting nits when no mapping exists.
02-18 02:36:14.788 1520 2324 E DisplayDeviceConfig: requesting nits when no mapping exists.
02-18 02:36:14.805 1520 2324 E DisplayDeviceConfig: requesting nits when no mapping exists.
02-18 02:36:14.805 1520 2324 E DisplayDeviceConfig: requesting nits when no mapping exists.
02-18 02:36:14.821 1520 2324 E DisplayDeviceConfig: requesting nits when no mapping exists.
02-18 02:36:14.821 1520 2324 E DisplayDeviceConfig: requesting nits when no mapping exists.
02-18 02:36:14.838 1520 2324 E DisplayDeviceConfig: requesting nits when no mapping exists.
02-18 02:36:14.838 1520 2324 E DisplayDeviceConfig: requesting nits when no mapping exists.
02-18 02:36:14.854 1520 2324 E DisplayDeviceConfig: requesting nits when no mapping exists.
02-18 02:36:14.855 1520 2324 E DisplayDeviceConfig: requesting nits when no mapping exists.
02-18 02:36:14.871 1520 2324 E DisplayDeviceConfig: requesting nits when no mapping exists.
02-18 02:36:14.872 1520 2324 E DisplayDeviceConfig: requesting nits when no mapping exists.
02-18 02:36:14.888 1520 2324 E DisplayDeviceConfig: requesting nits when no mapping exists.
02-18 02:36:14.888 1520 2324 E DisplayDeviceConfig: requesting nits when no mapping exists.
02-18 02:36:14.904 1520 2324 E DisplayDeviceConfig: requesting nits when no mapping exists.
02-18 02:36:14.905 1520 2324 E DisplayDeviceConfig: requesting nits when no mapping exists.
02-18 02:36:14.921 1520 2324 E DisplayDeviceConfig: requesting nits when no mapping exists.
02-18 02:36:14.922 1520 2324 E DisplayDeviceConfig: requesting nits when no mapping exists.
02-18 02:36:14.938 1520 2324 E DisplayDeviceConfig: requesting nits when no mapping exists.
02-18 02:36:14.939 1520 2324 E DisplayDeviceConfig: requesting nits when no mapping exists.
02-18 02:36:14.955 1520 2324 E DisplayDeviceConfig: requesting nits when no mapping exists.
02-18 02:36:14.955 1520 2324 E DisplayDeviceConfig: requesting nits when no mapping exists.
02-18 02:36:14.971 1520 2324 E DisplayDeviceConfig: requesting nits when no mapping exists.
02-18 02:36:14.972 1520 2324 E DisplayDeviceConfig: requesting nits when no mapping exists.
02-18 02:36:14.988 1520 2324 E DisplayDeviceConfig: requesting nits when no mapping exists.
02-18 02:36:14.989 1520 2324 E DisplayDeviceConfig: requesting nits when no mapping exists.
02-18 02:36:15.005 1520 2324 E DisplayDeviceConfig: requesting nits when no mapping exists.
02-18 02:36:15.006 1520 2324 E DisplayDeviceConfig: requesting nits when no mapping exists.
02-18 02:36:15.021 1520 2324 E DisplayDeviceConfig: requesting nits when no mapping exists.
02-18 02:36:15.022 1520 2324 E DisplayDeviceConfig: requesting nits when no mapping exists.
02-18 02:36:15.038 1520 2324 E DisplayDeviceConfig: requesting nits when no mapping exists.
02-18 02:36:15.039 1520 2324 E DisplayDeviceConfig: requesting nits when no mapping exists.
02-18 02:36:15.055 1520 2324 E DisplayDeviceConfig: requesting nits when no mapping exists.
02-18 02:36:15.055 1520 2324 E DisplayDeviceConfig: requesting nits when no mapping exists.
02-18 02:36:15.072 1520 2324 E DisplayDeviceConfig: requesting nits when no mapping exists.
02-18 02:36:15.072 1520 2324 E DisplayDeviceConfig: requesting nits when no mapping exists.
02-18 02:36:15.088 1520 2324 E DisplayDeviceConfig: requesting nits when no mapping exists.
02-18 02:36:15.089 1520 2324 E DisplayDeviceConfig: requesting nits when no mapping exists.
02-18 02:36:15.105 1520 2324 E DisplayDeviceConfig: requesting nits when no mapping exists.
02-18 02:36:15.106 1520 2324 E DisplayDeviceConfig: requesting nits when no mapping exists.
02-18 02:36:15.121 1520 2324 E DisplayDeviceConfig: requesting nits when no mapping exists.
02-18 02:36:15.122 1520 2324 E DisplayDeviceConfig: requesting nits when no mapping exists.
02-18 02:36:15.138 1520 2324 E DisplayDeviceConfig: requesting nits when no mapping exists.
02-18 02:36:15.138 1520 2324 E DisplayDeviceConfig: requesting nits when no mapping exists.
02-18 02:36:15.155 1520 2324 E DisplayDeviceConfig: requesting nits when no mapping exists.
02-18 02:36:15.156 1520 2324 E DisplayDeviceConfig: requesting nits when no mapping exists.
02-18 02:36:15.172 1520 2324 E DisplayDeviceConfig: requesting nits when no mapping exists.
02-18 02:36:15.173 1520 2324 E DisplayDeviceConfig: requesting nits when no mapping exists.
02-18 02:36:15.188 1520 2324 E DisplayDeviceConfig: requesting nits when no mapping exists.
02-18 02:36:15.189 1520 2324 E DisplayDeviceConfig: requesting nits when no mapping exists.
01-05 11:35:10.498 0 0 E DTC_ETH,link_delay_work_func: 3003, SQI=0, link=0
01-05 11:35:11.852 0 0 I [schedu][0x1acc702f2d][02:36:19.065098] wlan: [2158:I:OSIF] scan start scan id 40989
01-05 11:35:13.033 0 0 I [schedu][0x1acdca4a37][02:36:20.246472] wlan: [2158:I:OSIF] vdev 0, scan id 40989 type COMPLETED(1) reason COMPLETED(1) scan found 98 bss
02-18 02:36:21.227 1520 1637 I PowerManagerService: Napping display group (groupId=0, uid=1000)...
02-18 02:36:21.227 1520 1637 I PowerManagerService: Nap time (uid 1000)...
02-18 02:36:21.229 1520 1637 I DreamManagerService: Entering dreamland.
02-18 02:36:21.232 1520 1637 I PowerManagerService: Dreaming...
02-18 02:36:21.236 1520 1608 I DreamController: Starting dream: name=ComponentInfo{com.thundercomm.screensaver/com.thundercomm.saverclock.service.ClockScreensaver}, isTest=false, canDoze=false, userId=0
02-18 02:36:21.249 1520 6588 I ActivityTaskManager: START u0 {flg=0x10000000 pkg=com.thundercomm.screensaver cmp=com.thundercomm.screensaver/android.service.dreams.DreamActivity (has extras)} from uid 10048
02-18 02:36:21.253 1520 6588 W ActivityTaskManager: Can't find TaskDisplayArea to determine support for multi window. Task id=76 attached=false
02-18 02:36:21.261 1520 1990 I ActivityTaskManager: FOREGROUND_APPLICATION_CHANGED to android.service.dreams.DreamActivity
02-18 02:36:21.261 1520 1990 I ActivityTaskManager: The Process com.thundercomm.screensaver Already Exists in BG. So sending its PID: 4558
02-18 02:36:21.261 1520 1990 W ActivityTaskManager: Tried to set launchTime (0) < mLastActivityLaunchTime (5858646)
02-18 02:36:21.270 2537 4260 W ContextImpl: Calling a method in the system process without a qualified user: android.app.ContextImpl.startService:1816 android.content.ContextWrapper.startService:774 com.thundercomm.gamemode.ingame.services.GameModeActionUtils.startGameModeService:111 com.thundercomm.gamemode.ingame.services.GameModeActionUtils.startGameModeEntry:22 com.thundercomm.gamemode.ingame.services.ActivityMonitoringService$1.onActivityLaunch:139
02-18 02:36:21.272 1520 1520 I GameModeConfig: Current uri is uri = content://com.thundercomm.gamemode.api/gamemode_settings/gamemode_isgaming
02-18 02:36:21.273 1520 1520 I GameModeConfig: isGameModeOn = false
02-18 02:36:21.273 1520 1520 I GameModeConfig: isGameModeOn = false
02-18 02:36:21.273 1520 1520 I GameModeConfig: isDisableVoice = true
02-18 02:36:21.299 1520 1637 V DisplayPowerController[0]: Brightness [1.0] reason changing to: 'manual', previous reason: 'manual [ dim ]'.
02-18 02:36:21.305 1520 2324 E DisplayDeviceConfig: requesting nits when no mapping exists.
02-18 02:36:21.306 1520 2324 E DisplayDeviceConfig: requesting nits when no mapping exists.
02-18 02:36:21.322 1520 2324 E DisplayDeviceConfig: requesting nits when no mapping exists.
02-18 02:36:21.322 1520 2324 E DisplayDeviceConfig: requesting nits when no mapping exists.
02-18 02:36:21.338 1520 2324 E DisplayDeviceConfig: requesting nits when no mapping exists.
02-18 02:36:21.338 1520 2324 E DisplayDeviceConfig: requesting nits when no mapping exists.
02-18 02:36:21.355 1520 2324 E DisplayDeviceConfig: requesting nits when no mapping exists.
02-18 02:36:21.355 1520 2324 E DisplayDeviceConfig: requesting nits when no mapping exists.
02-18 02:36:21.364 1520 6588 W FreeFormWindowHelper: Current Display FreeFormTask is null
02-18 02:36:21.366 2537 4260 W ContextImpl: Calling a method in the system process without a qualified user: android.app.ContextImpl.startService:1816 android.content.ContextWrapper.startService:774 com.thundercomm.gamemode.ingame.services.GameModeActionUtils.startGameModeService:111 com.thundercomm.gamemode.ingame.services.GameModeActionUtils.startGameModeEntry:22 com.thundercomm.gamemode.ingame.services.ActivityMonitoringService$1.onActivityLaunch:139
02-18 02:36:21.367 1520 1520 I GameModeConfig: Current uri is uri = content://com.thundercomm.gamemode.api/gamemode_settings/gamemode_isgaming
02-18 02:36:21.368 1520 1520 I GameModeConfig: isGameModeOn = false
02-18 02:36:21.368 1520 1520 I GameModeConfig: isGameModeOn = false
02-18 02:36:21.368 1520 1520 I GameModeConfig: isDisableVoice = true
02-18 02:36:21.372 1520 2324 E DisplayDeviceConfig: requesting nits when no mapping exists.
02-18 02:36:21.372 1520 2324 E DisplayDeviceConfig: requesting nits when no mapping exists.
02-18 02:36:21.389 1520 2324 E DisplayDeviceConfig: requesting nits when no mapping exists.
02-18 02:36:21.389 1520 2324 E DisplayDeviceConfig: requesting nits when no mapping exists.
02-18 02:36:21.405 1520 2324 E DisplayDeviceConfig: requesting nits when no mapping exists.
02-18 02:36:21.405 1520 2324 E DisplayDeviceConfig: requesting nits when no mapping exists.
02-18 02:36:21.422 1520 2324 E DisplayDeviceConfig: requesting nits when no mapping exists.
02-18 02:36:21.422 1520 2324 E DisplayDeviceConfig: requesting nits when no mapping exists.
02-18 02:36:21.439 1520 2324 E DisplayDeviceConfig: requesting nits when no mapping exists.
02-18 02:36:21.439 1520 2324 E DisplayDeviceConfig: requesting nits when no mapping exists.
02-18 02:36:21.455 1520 2324 E DisplayDeviceConfig: requesting nits when no mapping exists.
02-18 02:36:21.456 1520 2324 E DisplayDeviceConfig: requesting nits when no mapping exists.
02-18 02:36:21.472 1520 2324 E DisplayDeviceConfig: requesting nits when no mapping exists.
02-18 02:36:21.472 1520 2324 E DisplayDeviceConfig: requesting nits when no mapping exists.
02-18 02:36:21.489 1520 2324 E DisplayDeviceConfig: requesting nits when no mapping exists.
02-18 02:36:21.489 1520 2324 E DisplayDeviceConfig: requesting nits when no mapping exists.
02-18 02:36:21.505 1520 2324 E DisplayDeviceConfig: requesting nits when no mapping exists.
02-18 02:36:21.506 1520 2324 E DisplayDeviceConfig: requesting nits when no mapping exists.
02-18 02:36:21.522 1520 2324 E DisplayDeviceConfig: requesting nits when no mapping exists.
02-18 02:36:21.522 1520 2324 E DisplayDeviceConfig: requesting nits when no mapping exists.
02-18 02:36:21.540 1520 2324 E DisplayDeviceConfig: requesting nits when no mapping exists.
02-18 02:36:21.540 1520 2324 E DisplayDeviceConfig: requesting nits when no mapping exists.
02-18 02:36:21.556 1520 2324 E DisplayDeviceConfig: requesting nits when no mapping exists.
02-18 02:36:21.556 1520 2324 E DisplayDeviceConfig: requesting nits when no mapping exists.
02-18 02:36:21.572 1520 2324 E DisplayDeviceConfig: requesting nits when no mapping exists.
02-18 02:36:21.572 1520 2324 E DisplayDeviceConfig: requesting nits when no mapping exists.
02-18 02:36:21.589 1520 2324 E DisplayDeviceConfig: requesting nits when no mapping exists.
02-18 02:36:21.589 1520 2324 E DisplayDeviceConfig: requesting nits when no mapping exists.
02-18 02:36:21.606 1520 2324 E DisplayDeviceConfig: requesting nits when no mapping exists.
02-18 02:36:21.606 1520 2324 E DisplayDeviceConfig: requesting nits when no mapping exists.
02-18 02:36:21.623 1520 2324 E DisplayDeviceConfig: requesting nits when no mapping exists.
02-18 02:36:21.623 1520 2324 E DisplayDeviceConfig: requesting nits when no mapping exists.
02-18 02:36:21.639 1520 2324 E DisplayDeviceConfig: requesting nits when no mapping exists.
02-18 02:36:21.639 1520 2324 E DisplayDeviceConfig: requesting nits when no mapping exists.
02-18 02:36:21.656 1520 2324 E DisplayDeviceConfig: requesting nits when no mapping exists.
02-18 02:36:21.656 1520 2324 E DisplayDeviceConfig: requesting nits when no mapping exists.
02-18 02:36:21.672 1520 2324 E DisplayDeviceConfig: requesting nits when no mapping exists.
02-18 02:36:21.673 1520 2324 E DisplayDeviceConfig: requesting nits when no mapping exists.
02-18 02:36:21.690 1520 2324 E DisplayDeviceConfig: requesting nits when no mapping exists.
02-18 02:36:21.690 1520 2324 E DisplayDeviceConfig: requesting nits when no mapping exists.
02-18 02:36:21.706 1520 2324 E DisplayDeviceConfig: requesting nits when no mapping exists.
02-18 02:36:21.707 1520 2324 E DisplayDeviceConfig: requesting nits when no mapping exists.
02-18 02:36:21.723 1520 2324 E DisplayDeviceConfig: requesting nits when no mapping exists.
02-18 02:36:21.723 1520 2324 E DisplayDeviceConfig: requesting nits when no mapping exists.
02-18 02:36:21.739 1520 2324 E DisplayDeviceConfig: requesting nits when no mapping exists.
02-18 02:36:21.739 1520 2324 E DisplayDeviceConfig: requesting nits when no mapping exists.
02-18 02:36:21.756 1520 2324 E DisplayDeviceConfig: requesting nits when no mapping exists.
02-18 02:36:21.757 1520 2324 E DisplayDeviceConfig: requesting nits when no mapping exists.
02-18 02:36:21.773 1520 2324 E DisplayDeviceConfig: requesting nits when no mapping exists.
02-18 02:36:21.773 1520 2324 E DisplayDeviceConfig: requesting nits when no mapping exists.
02-18 02:36:21.790 1520 2324 E DisplayDeviceConfig: requesting nits when no mapping exists.
02-18 02:36:21.790 1520 2324 E DisplayDeviceConfig: requesting nits when no mapping exists.
02-18 02:36:21.808 1520 2324 E DisplayDeviceConfig: requesting nits when no mapping exists.
02-18 02:36:21.808 1520 2324 E DisplayDeviceConfig: requesting nits when no mapping exists.
02-18 02:36:21.823 1520 2324 E DisplayDeviceConfig: requesting nits when no mapping exists.
02-18 02:36:21.823 1520 2324 E DisplayDeviceConfig: requesting nits when no mapping exists.
02-18 02:36:21.840 1520 2324 E DisplayDeviceConfig: requesting nits when no mapping exists.
02-18 02:36:21.840 1520 2324 E DisplayDeviceConfig: requesting nits when no mapping exists.
02-18 02:36:21.846 2537 4260 W ContextImpl: Calling a method in the system process without a qualified user: android.app.ContextImpl.startService:1816 android.content.ContextWrapper.startService:774 com.thundercomm.gamemode.ingame.services.GameModeActionUtils.startGameModeService:111 com.thundercomm.gamemode.ingame.services.GameModeActionUtils.startGameModeEntry:22 com.thundercomm.gamemode.ingame.services.ActivityMonitoringService$1.onActivityLaunch:139
02-18 02:36:21.847 1520 1520 I GameModeConfig: Current uri is uri = content://com.thundercomm.gamemode.api/gamemode_settings/gamemode_isgaming
02-18 02:36:21.849 1520 1520 I GameModeConfig: isGameModeOn = false
02-18 02:36:21.849 1520 1520 I GameModeConfig: isGameModeOn = false
02-18 02:36:21.849 1520 1520 I GameModeConfig: isDisableVoice = true
02-18 02:36:21.857 1520 2324 E DisplayDeviceConfig: requesting nits when no mapping exists.
02-18 02:36:21.857 1520 2324 E DisplayDeviceConfig: requesting nits when no mapping exists.
02-18 02:36:21.873 1520 2324 E DisplayDeviceConfig: requesting nits when no mapping exists.
02-18 02:36:21.873 1520 2324 E DisplayDeviceConfig: requesting nits when no mapping exists.
02-18 02:36:21.889 1520 2324 E DisplayDeviceConfig: requesting nits when no mapping exists.
02-18 02:36:21.889 1520 2324 E DisplayDeviceConfig: requesting nits when no mapping exists.
02-18 02:36:21.904 1520 2324 E DisplayDeviceConfig: requesting nits when no mapping exists.
02-18 02:36:21.904 1520 2324 E DisplayDeviceConfig: requesting nits when no mapping exists.
02-18 02:36:21.921 1520 2324 E DisplayDeviceConfig: requesting nits when no mapping exists.
02-18 02:36:21.921 1520 2324 E DisplayDeviceConfig: requesting nits when no mapping exists.
02-18 02:36:21.937 1520 2324 E DisplayDeviceConfig: requesting nits when no mapping exists.
02-18 02:36:21.938 1520 2324 E DisplayDeviceConfig: requesting nits when no mapping exists.
02-18 02:36:21.954 1520 2324 E DisplayDeviceConfig: requesting nits when no mapping exists.
02-18 02:36:21.955 1520 2324 E DisplayDeviceConfig: requesting nits when no mapping exists.
02-18 02:36:21.971 1520 2324 E DisplayDeviceConfig: requesting nits when no mapping exists.
02-18 02:36:21.971 1520 2324 E DisplayDeviceConfig: requesting nits when no mapping exists.
02-18 02:36:21.988 1520 2324 E DisplayDeviceConfig: requesting nits when no mapping exists.
02-18 02:36:21.988 1520 2324 E DisplayDeviceConfig: requesting nits when no mapping exists.
02-18 02:36:22.005 1520 2324 E DisplayDeviceConfig: requesting nits when no mapping exists.
02-18 02:36:22.005 1520 2324 E DisplayDeviceConfig: requesting nits when no mapping exists.
02-18 02:36:22.021 1520 2324 E DisplayDeviceConfig: requesting nits when no mapping exists.
02-18 02:36:22.021 1520 2324 E DisplayDeviceConfig: requesting nits when no mapping exists.
02-18 02:36:22.038 1520 2324 E DisplayDeviceConfig: requesting nits when no mapping exists.
02-18 02:36:22.038 1520 2324 E DisplayDeviceConfig: requesting nits when no mapping exists.
02-18 02:36:22.055 1520 2324 E DisplayDeviceConfig: requesting nits when no mapping exists.
02-18 02:36:22.055 1520 2324 E DisplayDeviceConfig: requesting nits when no mapping exists.
02-18 02:36:22.071 1520 2324 E DisplayDeviceConfig: requesting nits when no mapping exists.
02-18 02:36:22.071 1520 2324 E DisplayDeviceConfig: requesting nits when no mapping exists.
02-18 02:36:22.088 1520 2324 E DisplayDeviceConfig: requesting nits when no mapping exists.
02-18 02:36:22.088 1520 2324 E DisplayDeviceConfig: requesting nits when no mapping exists.
02-18 02:36:22.104 1520 2324 E DisplayDeviceConfig: requesting nits when no mapping exists.
02-18 02:36:22.105 1520 2324 E DisplayDeviceConfig: requesting nits when no mapping exists.
02-18 02:36:22.121 1520 2324 E DisplayDeviceConfig: requesting nits when no mapping exists.
02-18 02:36:22.121 1520 2324 E DisplayDeviceConfig: requesting nits when no mapping exists.
02-18 02:36:22.138 1520 2324 E DisplayDeviceConfig: requesting nits when no mapping exists.
02-18 02:36:22.138 1520 2324 E DisplayDeviceConfig: requesting nits when no mapping exists.
02-18 02:36:22.155 1520 2324 E DisplayDeviceConfig: requesting nits when no mapping exists.
02-18 02:36:22.155 1520 2324 E DisplayDeviceConfig: requesting nits when no mapping exists.
02-18 02:36:22.171 1520 2324 E DisplayDeviceConfig: requesting nits when no mapping exists.
02-18 02:36:22.171 1520 2324 E DisplayDeviceConfig: requesting nits when no mapping exists.
02-18 02:36:22.188 1520 2324 E DisplayDeviceConfig: requesting nits when no mapping exists.
02-18 02:36:22.188 1520 2324 E DisplayDeviceConfig: requesting nits when no mapping exists.
02-18 02:36:22.205 1520 2324 E DisplayDeviceConfig: requesting nits when no mapping exists.
02-18 02:36:22.205 1520 2324 E DisplayDeviceConfig: requesting nits when no mapping exists.
02-18 02:36:22.221 1520 2324 E DisplayDeviceConfig: requesting nits when no mapping exists.
02-18 02:36:22.222 1520 2324 E DisplayDeviceConfig: requesting nits when no mapping exists.
02-18 02:36:22.238 1520 2324 E DisplayDeviceConfig: requesting nits when no mapping exists.
02-18 02:36:22.238 1520 2324 E DisplayDeviceConfig: requesting nits when no mapping exists.
02-18 02:36:22.255 1520 2324 E DisplayDeviceConfig: requesting nits when no mapping exists.
02-18 02:36:22.255 1520 2324 E DisplayDeviceConfig: requesting nits when no mapping exists.
01-05 11:35:15.618 0 0 E DTC_ETH,link_delay_work_func: 3003, SQI=0, link=0
01-05 11:35:19.556 0 0 I msm_vidc: err : ffffffff: .....: DBLP Set: status 0
01-05 11:35:20.738 0 0 E DTC_ETH,link_delay_work_func: 3003, SQI=0, link=0
01-05 11:35:25.858 0 0 E DTC_ETH,link_delay_work_func: 3003, SQI=0, link=0
01-05 11:35:30.978 0 0 E DTC_ETH,link_delay_work_func: 3003, SQI=0, link=0
02-18 02:36:41.495 1520 1618 I UsageStatsService: User[0] Flushing usage stats to disk
01-05 11:35:36.099 0 0 E DTC_ETH,link_delay_work_func: 3003, SQI=0, link=0
01-05 11:35:41.218 0 0 E DTC_ETH,link_delay_work_func: 3003, SQI=0, link=0
01-05 11:35:46.339 0 0 E DTC_ETH,link_delay_work_func: 3003, SQI=0, link=0
01-05 11:35:51.458 0 0 E DTC_ETH,link_delay_work_func: 3003, SQI=0, link=0
01-05 11:35:56.578 0 0 E DTC_ETH,link_delay_work_func: 3003, SQI=0, link=0
01-05 11:35:58.404 0 0 I msm_vidc: err : ffffffff: .....: DBLP Set: status 0
01-05 11:36:01.698 0 0 E DTC_ETH,link_delay_work_func: 3003, SQI=0, link=0
01-05 11:36:06.818 0 0 E DTC_ETH,link_delay_work_func: 3003, SQI=0, link=0
01-05 11:36:11.938 0 0 E DTC_ETH,link_delay_work_func: 3003, SQI=0, link=0
01-05 11:36:17.058 0 0 E DTC_ETH,link_delay_work_func: 3003, SQI=0, link=0
01-05 11:36:22.178 0 0 E DTC_ETH,link_delay_work_func: 3003, SQI=0, link=0
01-05 11:36:27.298 0 0 E DTC_ETH,link_delay_work_func: 3003, SQI=0, link=0
01-05 11:36:32.418 0 0 E DTC_ETH,link_delay_work_func: 3003, SQI=0, link=0
01-05 11:36:37.538 0 0 E DTC_ETH,link_delay_work_func: 3003, SQI=0, link=0
01-05 11:36:42.658 0 0 E DTC_ETH,link_delay_work_func: 3003, SQI=0, link=0
01-05 11:36:47.779 0 0 E DTC_ETH,link_delay_work_func: 3003, SQI=0, link=0
01-05 11:36:52.898 0 0 E DTC_ETH,link_delay_work_func: 3003, SQI=0, link=0
01-05 11:36:58.019 0 0 E DTC_ETH,link_delay_work_func: 3003, SQI=0, link=0
01-05 11:36:58.436 0 0 I msm_vidc: err : ffffffff: .....: DBLP Set: status 0
01-05 11:37:03.139 0 0 E DTC_ETH,link_delay_work_func: 3003, SQI=0, link=0
01-05 11:37:08.259 0 0 E DTC_ETH,link_delay_work_func: 3003, SQI=0, link=0
01-05 11:37:13.379 0 0 E DTC_ETH,link_delay_work_func: 3003, SQI=0, link=0
01-05 11:37:18.498 0 0 E DTC_ETH,link_delay_work_func: 3003, SQI=0, link=0
01-05 11:37:23.618 0 0 E DTC_ETH,link_delay_work_func: 3003, SQI=0, link=0
01-05 11:37:28.739 0 0 E DTC_ETH,link_delay_work_func: 3003, SQI=0, link=0
01-05 11:37:33.858 0 0 E DTC_ETH,link_delay_work_func: 3003, SQI=0, link=0
01-05 11:37:38.978 0 0 E DTC_ETH,link_delay_work_func: 3003, SQI=0, link=0
01-05 11:37:44.098 0 0 E DTC_ETH,link_delay_work_func: 3003, SQI=0, link=0
02-18 02:38:52.159 1520 1602 W ActivityManager: Unable to start service Intent { act=android.intent.action.START_LEBO_SERVICE pkg=com.hpplay.happyplay.aw } U=0: not found
02-18 02:38:53.523 1520 1802 D ActivityManager: freezing 11492 com.microsoft.emmx
02-18 02:38:53.524 1520 1802 E ActivityManager: Unable to freeze binder for 11492 com.microsoft.emmx
02-18 02:38:53.525 1520 1802 D ActivityManager: froze 11492 com.microsoft.emmx
01-05 11:37:46.311 0 0 I binder : 1520:1802 ioctl 400c620e 6f1c4355d8 returned -22
01-05 11:37:46.312 0 0 I binder : 1520:1802 ioctl c00c620f 6f1c4355b8 returned -22
02-18 02:38:53.525 1520 1802 E ActivityManager: Unable to freeze binder for 11492 com.microsoft.emmx
02-18 02:38:53.526 1520 1802 I ActivityManager: Killing 11492:com.microsoft.emmx/u0a35 (adj 965): Unable to freeze binder interface
02-18 02:38:53.570 1520 1612 D CompatibilityChangeReporter: Compat change id reported: 135634846; UID 10035; state: DISABLED
02-18 02:38:53.570 1520 1612 D CompatibilityChangeReporter: Compat change id reported: 177438394; UID 10035; state: DISABLED
02-18 02:38:53.570 1520 1612 D CompatibilityChangeReporter: Compat change id reported: 135772972; UID 10035; state: DISABLED
02-18 02:38:53.570 1520 1612 D CompatibilityChangeReporter: Compat change id reported: 135754954; UID 10035; state: ENABLED
02-18 02:38:53.570 1520 1620 D CompatibilityChangeReporter: Compat change id reported: 143937733; UID 10035; state: ENABLED
02-18 02:38:53.579 1520 1620 I ActivityManager: Start proc 12335:com.microsoft.emmx/u0a35 for null
01-05 11:37:46.391 0 0 I binder : 12335:12335 ioctl 40046210 7fd1658544 returned -22
02-18 02:38:53.617 1520 1602 D CompatibilityChangeReporter: Compat change id reported: 168419799; UID 10035; state: DISABLED
01-05 11:37:49.218 0 0 E DTC_ETH,link_delay_work_func: 3003, SQI=0, link=0
01-05 11:37:54.338 0 0 E DTC_ETH,link_delay_work_func: 3003, SQI=0, link=0
01-05 11:37:58.372 0 0 I msm_vidc: err : ffffffff: .....: DBLP Set: status 0
01-05 11:37:59.459 0 0 E DTC_ETH,link_delay_work_func: 3003, SQI=0, link=0
01-05 11:38:04.578 0 0 E DTC_ETH,link_delay_work_func: 3003, SQI=0, link=0
01-05 11:38:09.699 0 0 E DTC_ETH,link_delay_work_func: 3003, SQI=0, link=0
02-18 02:39:20.083 1520 1990 I DreamManagerService: Gently waking up from dream.
02-18 02:39:20.090 1520 1608 I DreamManagerService: Performing gentle wake from dream.
02-18 02:39:20.092 1520 1990 I ActivityTaskManager: FOREGROUND_APPLICATION_CHANGED to com.android.music.MusicBrowserActivity
02-18 02:39:20.113 2537 4260 W ContextImpl: Calling a method in the system process without a qualified user: android.app.ContextImpl.startService:1816 android.content.ContextWrapper.startService:774 com.thundercomm.gamemode.ingame.services.GameModeActionUtils.startGameModeService:111 com.thundercomm.gamemode.ingame.services.GameModeActionUtils.startGameModeEntry:22 com.thundercomm.gamemode.ingame.services.ActivityMonitoringService$1.onActivityLaunch:139
02-18 02:39:20.120 1520 1520 I GameModeConfig: Current uri is uri = content://com.thundercomm.gamemode.api/gamemode_settings/gamemode_isgaming
02-18 02:39:20.123 1520 1520 I GameModeConfig: isGameModeOn = false
02-18 02:39:20.123 1520 1520 I GameModeConfig: isGameModeOn = false
02-18 02:39:20.123 1520 1520 I GameModeConfig: isDisableVoice = true
02-18 02:39:20.138 1520 2286 I GameModeConfig: isGameModeOn = false
02-18 02:39:20.138 1520 2286 I GameModeConfig: isGameModeOn = false
02-18 02:39:20.138 1520 2286 I GameModeConfig: isGameModeOn = false
02-18 02:39:20.139 1520 2286 I GameModeConfig: isGameModeOn = false
02-18 02:39:20.139 1520 2286 I GameModeConfig: isGameModeOn = false
02-18 02:39:20.155 1520 1990 W ActivityManager: Receiver with filter android.content.IntentFilter@e0e5f0 already registered for pid 10293, callerPackage is com.android.music
02-18 02:39:20.200 1520 5220 W FreeFormWindowHelper: Current Display FreeFormTask is null
02-18 02:39:20.204 1520 1637 I PowerManagerService: Powering on display group fromDreaming (groupId=0, uid=1000, reason=WAKE_REASON_UNKNOWN, details=android.server.power:DREAM_FINISHED)...
02-18 02:39:20.204 1520 1637 I PowerManagerService: Waking up from Dreaming (uid=1000, reason=WAKE_REASON_UNKNOWN, details=android.server.power:DREAM_FINISHED)...
02-18 02:39:20.210 2537 4260 W ContextImpl: Calling a method in the system process without a qualified user: android.app.ContextImpl.startService:1816 android.content.ContextWrapper.startService:774 com.thundercomm.gamemode.ingame.services.GameModeActionUtils.startGameModeService:111 com.thundercomm.gamemode.ingame.services.GameModeActionUtils.startGameModeEntry:22 com.thundercomm.gamemode.ingame.services.ActivityMonitoringService$1.onActivityLaunch:139
02-18 02:39:20.219 1520 1520 I GameModeConfig: Current uri is uri = content://com.thundercomm.gamemode.api/gamemode_settings/gamemode_isgaming
02-18 02:39:20.220 1520 1520 I GameModeConfig: isGameModeOn = false
02-18 02:39:20.220 1520 1520 I GameModeConfig: isGameModeOn = false
02-18 02:39:20.220 1520 1520 I GameModeConfig: isDisableVoice = true
02-18 02:39:20.345 1520 1520 I GameModeConfig: isGameModeOn = false
02-18 02:39:20.346 1520 1520 I GameModeConfig: isGameModeOn = false
02-18 02:39:20.671 2537 4260 W ContextImpl: Calling a method in the system process without a qualified user: android.app.ContextImpl.startService:1816 android.content.ContextWrapper.startService:774 com.thundercomm.gamemode.ingame.services.GameModeActionUtils.startGameModeService:111 com.thundercomm.gamemode.ingame.services.GameModeActionUtils.startGameModeEntry:22 com.thundercomm.gamemode.ingame.services.ActivityMonitoringService$1.onActivityLaunch:139
02-18 02:39:20.678 1520 1520 I GameModeConfig: Current uri is uri = content://com.thundercomm.gamemode.api/gamemode_settings/gamemode_isgaming
02-18 02:39:20.679 1520 6588 I DreamManagerService: Leaving dreamland.
02-18 02:39:20.681 1520 1608 I DreamManagerService: Performing gentle wake from dream.
02-18 02:39:20.681 1520 1608 I DreamController: Stopping dream: name=ComponentInfo{com.thundercomm.screensaver/com.thundercomm.saverclock.service.ClockScreensaver}, isTest=false, canDoze=false, userId=0, reason='finished self'(from 'finished self')
02-18 02:39:20.681 1520 1520 I GameModeConfig: isGameModeOn = false
02-18 02:39:20.682 1520 1520 I GameModeConfig: isGameModeOn = false
02-18 02:39:20.682 1520 1520 I GameModeConfig: isDisableVoice = true
02-18 02:39:20.693 1520 1613 W ActivityTaskManager: Can't find TaskDisplayArea to determine support for multi window. Task id=76 attached=false
01-05 11:38:14.818 0 0 E DTC_ETH,link_delay_work_func: 3003, SQI=0, link=0
01-05 11:38:19.938 0 0 E DTC_ETH,link_delay_work_func: 3003, SQI=0, link=0
01-05 11:38:25.058 0 0 E DTC_ETH,link_delay_work_func: 3003, SQI=0, link=0
01-05 11:38:30.179 0 0 E DTC_ETH,link_delay_work_func: 3003, SQI=0, link=0
01-05 11:38:35.298 0 0 E DTC_ETH,link_delay_work_func: 3003, SQI=0, link=0
02-18 02:39:44.608 1520 2286 I GameModeConfig: isGameModeOn = false
02-18 02:39:44.608 1520 2286 I GameModeConfig: isGameModeOn = false
02-18 02:39:44.609 1520 2286 I GameModeConfig: isGameModeOn = false
02-18 02:39:44.609 1520 2286 I GameModeConfig: isGameModeOn = false
02-18 02:39:44.609 1520 2286 I GameModeConfig: isGameModeOn = false
