02-18 03:04:03.952 1520 6829 W FreeFormWindowHelper: Current Display FreeFormTask is null
02-18 03:04:03.964 2537 4260 W ContextImpl: Calling a method in the system process without a qualified user: android.app.ContextImpl.startService:1816 android.content.ContextWrapper.startService:774 com.thundercomm.gamemode.ingame.services.GameModeActionUtils.startGameModeService:111 com.thundercomm.gamemode.ingame.services.GameModeActionUtils.startGameModeEntry:22 com.thundercomm.gamemode.ingame.services.ActivityMonitoringService$1.onActivityLaunch:139
02-18 03:04:03.970 1520 1520 I GameModeConfig: Current uri is uri = content://com.thundercomm.gamemode.api/gamemode_settings/gamemode_isgaming
02-18 03:04:03.977 1520 1520 I GameModeConfig: isGameModeOn = false
02-18 03:04:03.978 1520 1520 I GameModeConfig: isGameModeOn = false
02-18 03:04:03.978 1520 1520 I GameModeConfig: isDisableVoice = true
02-18 03:04:04.080 1520 1768 I commit_sys_config_file: [settings-1-0,4]
02-18 03:04:04.086 1520 1520 I sysui_multi_action: [757,1501,758,1,793,203,794,0,795,203,796,2147483645,806,com.android.deskclock,857,TimerModelNotification,858,3,946,2,947,0,1500,0,1641,alarm,1688,1,1745,-868672399]
02-18 03:04:04.087 1520 1520 I sysui_multi_action: [757,804,799,note_interruptive,801,0,802,1]
02-18 03:04:04.087 1520 1520 I GameModeConfig: isGameModeOn = false
02-18 03:04:04.090 1520 1520 W NotificationHistory: Attempted to add notif for locked/gone/disabled user 0
02-18 03:04:04.367 1520 1821 I input_interaction: Interaction with: ae306c3 StatusBar (server), edge-swipe (server), swipe-up (server), PointerEventDispatcher0 (server),
02-18 03:04:04.368 1520 1520 I service_manager_stats: [100,81,47852]
02-18 03:04:04.376 2348 2348 I sysui_multi_action: [757,803,799,panel_open,802,1]
02-18 03:04:04.377 2348 2348 I sysui_multi_action: [757,1328,758,4,1326,69,1327,3,1329,0]
02-18 03:04:04.438 1520 2751 I sysui_multi_action: [757,127,758,1]
02-18 03:04:04.438 1520 2751 I sysui_multi_action: [757,804,799,note_load,801,4,802,1]
02-18 03:04:04.438 1520 2751 I notification_panel_revealed: 4
02-18 03:04:04.450 1520 1613 I input_focus: [Focus request 3373de6 NotificationShade,reason=UpdateInputWindows]
02-18 03:04:04.462 1520 6101 I sysui_multi_action: [757,128,758,1,793,7526247,794,0,795,7526247,796,26,798,0,806,android,857,DEVELOPER_IMPORTANT,858,4,947,0,1395,4,1500,7526041,1688,1]
02-18 03:04:04.463 1520 6101 I sysui_multi_action: [757,804,799,note_freshness,801,7526247,802,1]
02-18 03:04:04.463 1520 6101 I notification_visibility: [-1|android|26|null|1000,1,7526247,7526247,0,0]
02-18 03:04:04.463 1520 6101 I sysui_multi_action: [757,128,758,1,793,7634396,794,0,795,66832,796,17303299,797,com.android.wifi,798,2,806,android,857,NETWORK_AVAILABLE,858,2,947,0,1395,4,1500,24928,1688,1]
02-18 03:04:04.463 1520 6101 I sysui_multi_action: [757,1501,758,1,793,7634396,794,0,795,66832,796,17303299,797,com.android.wifi,806,android,857,NETWORK_AVAILABLE,858,2,947,0,1500,0,1688,1]
02-18 03:04:04.463 1520 6101 I sysui_multi_action: [757,804,799,note_interruptive,801,0,802,1]
02-18 03:04:04.463 1520 6101 I sysui_multi_action: [757,804,799,note_freshness,801,66832,802,1]
02-18 03:04:04.463 1520 6101 I notification_visibility: [0|android|17303299|com.android.wifi|1000,1,7634396,66832,0,2]
02-18 03:04:04.464 1520 6101 I sysui_multi_action: [757,128,758,1,793,581,794,0,795,581,796,2147483645,798,1,806,com.android.deskclock,857,TimerModelNotification,858,3,946,2,947,0,1395,4,1500,378,1641,alarm,1688,1,1745,-868672399]
02-18 03:04:04.464 1520 6101 I sysui_multi_action: [757,804,799,note_freshness,801,581,802,1]
02-18 03:04:04.464 1520 6101 I notification_visibility: [0|com.android.deskclock|2147483645|null|10064,1,581,581,0,1]
02-18 03:04:04.464 1520 6101 I sysui_multi_action: [757,128,758,1,793,7635267,794,0,795,7635267,796,32,798,3,806,android,857,USB,858,1,947,0,1395,4,1500,7634909,1688,1]
02-18 03:04:04.464 1520 6101 I sysui_multi_action: [757,804,799,note_freshness,801,7635267,802,1]
02-18 03:04:04.464 1520 6101 I notification_visibility: [-1|android|32|null|1000,1,7635267,7635267,0,3]
02-18 03:04:04.474 1520 1821 I input_focus: [Focus leaving ea4c11d com.android.launcher3/com.android.launcher3.uioverrides.QuickstepLauncher (server),reason=setFocusedWindow]
02-18 03:04:04.474 1520 1821 I input_focus: [Focus entering 3373de6 NotificationShade (server),reason=setFocusedWindow]
02-18 03:04:04.551 2348 2348 I sysui_multi_action: [757,111,758,1]
02-18 03:04:04.551 2348 2348 I sysui_multi_action: [757,126,758,1,759,126,927,0,928,1,1593,1]
02-18 03:04:04.552 2348 2348 I sysui_multi_action: [757,113,758,1,759,113,927,1,928,1,1593,1]
02-18 03:04:04.552 2348 2348 I sysui_multi_action: [757,0,758,1,759,0,927,2,928,0,1593,1]
02-18 03:04:04.552 2348 2348 I sysui_multi_action: [757,0,758,1,759,0,927,3,928,0,1593,1]
02-18 03:04:04.552 2348 2348 I sysui_multi_action: [757,491,758,1,759,491,927,4,928,0,1311,-1,1593,0]
02-18 03:04:04.552 2348 2348 I sysui_multi_action: [757,0,758,1,759,0,927,5,928,0,1593,0]
02-18 03:04:04.553 2348 2348 I sysui_multi_action: [757,111,758,1]
02-18 03:04:04.553 2348 2348 I sysui_multi_action: [757,126,758,1,759,126,927,0,928,1,1593,1]
02-18 03:04:04.553 2348 2348 I sysui_multi_action: [757,113,758,1,759,113,927,1,928,1,1593,1]
02-18 03:04:04.553 2348 2348 I sysui_multi_action: [757,0,758,1,759,0,927,2,928,0,1593,1]
02-18 03:04:04.553 2348 2348 I sysui_multi_action: [757,0,758,1,759,0,927,3,928,0,1593,1]
02-18 03:04:05.177 1520 1821 I input_interaction: Interaction with: 3373de6 NotificationShade (server), edge-swipe (server), swipe-up (server), PointerEventDispatcher0 (server),
02-18 03:04:05.538 1520 2286 I GameModeConfig: isGameModeOn = false
02-18 03:04:05.538 1520 2286 I GameModeConfig: isGameModeOn = false
02-18 03:04:05.539 1520 2286 I GameModeConfig: isGameModeOn = false
02-18 03:04:05.539 1520 2286 I GameModeConfig: isGameModeOn = false
02-18 03:04:05.539 1520 2286 I GameModeConfig: isGameModeOn = false
02-18 03:04:05.539 1520 2286 I GameModeConfig: isGameModeOn = false
02-18 03:04:05.540 1520 1520 I notification_enqueue: [10079,2348,com.android.systemui,2048,NULL,0,Notification(channel=updateNotification shortcut=null contentView=null vibrate=null sound=null defaults=0x0 flags=0x0 color=0x00000000 vis=PRIVATE),1]
02-18 03:04:05.541 2348 2348 I sysui_multi_action: [757,111,758,2]
02-18 03:04:05.542 2348 2348 I sysui_multi_action: [757,111,758,2]
02-18 03:04:05.646 1520 1613 I input_focus: [Focus request ea4c11d com.android.launcher3/com.android.launcher3.uioverrides.QuickstepLauncher,reason=UpdateInputWindows]
02-18 03:04:05.650 1520 2751 I sysui_multi_action: [757,128,758,2,793,7527435,794,1188,795,7527435,796,26,798,0,806,android,857,DEVELOPER_IMPORTANT,858,4,947,0,1395,4,1500,7527229,1688,1]
02-18 03:04:05.651 1520 2751 I notification_visibility: [-1|android|26|null|1000,0,7527435,7527435,0,0]
02-18 03:04:05.651 1520 2751 I sysui_multi_action: [757,128,758,2,793,7635584,794,1188,795,68020,796,17303299,797,com.android.wifi,798,2,806,android,857,NETWORK_AVAILABLE,858,2,947,0,1395,4,1500,1188,1688,1]
02-18 03:04:05.651 1520 2751 I notification_visibility: [0|android|17303299|com.android.wifi|1000,0,7635584,68020,0,2]
02-18 03:04:05.652 1520 2751 I sysui_multi_action: [757,128,758,2,793,1769,794,1188,795,1769,796,2147483645,798,1,806,com.android.deskclock,857,TimerModelNotification,858,3,946,2,947,0,1395,4,1500,1566,1641,alarm,1688,1,1745,-868672399]
02-18 03:04:05.652 1520 2751 I notification_visibility: [0|com.android.deskclock|2147483645|null|10064,0,1769,1769,0,1]
02-18 03:04:05.652 1520 2751 I sysui_multi_action: [757,128,758,2,793,7636455,794,1188,795,7636455,796,32,798,3,806,android,857,USB,858,1,947,0,1395,4,1500,7636097,1688,1]
02-18 03:04:05.652 1520 2751 I notification_visibility: [-1|android|32|null|1000,0,7636455,7636455,0,3]
02-18 03:04:05.653 1520 6101 I sysui_multi_action: [757,127,758,2]
02-18 03:04:05.653 1520 6101 I notification_panel_hidden:
02-18 03:04:05.677 1520 1821 I input_focus: [Focus leaving 3373de6 NotificationShade (server),reason=NO_WINDOW]
02-18 03:04:05.677 1520 1821 I input_focus: [Focus entering ea4c11d com.android.launcher3/com.android.launcher3.uioverrides.QuickstepLauncher (server),reason=setFocusedWindow]
02-18 03:04:05.743 1520 1520 I GameModeConfig: isGameModeOn = false
02-18 03:04:05.996 1520 1821 I input_interaction: Interaction with: ea4c11d com.android.launcher3/com.android.launcher3.uioverrides.QuickstepLauncher (server), d73543 com.android.systemui.ImageWallpaper (server), edge-swipe (server), swipe-up (server), PointerEventDispatcher0 (server),
02-18 03:04:06.122 1520 6101 W FreeFormWindowHelper: Current Display FreeFormTask is null
02-18 03:04:06.122 1520 6101 W FreeFormWindowHelper: Current Display FreeFormTask is null
02-18 03:04:06.131 1520 6101 W FreeFormWindowHelper: exitRecentTasks type=0
02-18 03:04:06.138 1520 6101 W FreeFormWindowHelper: Current Display FreeFormTask is null
02-18 03:04:06.138 1520 6101 W FreeFormWindowHelper: Current Display FreeFormTask is null
02-18 03:04:06.450 1520 1821 I input_interaction: Interaction with: ae306c3 StatusBar (server), edge-swipe (server), swipe-up (server), PointerEventDispatcher0 (server),
02-18 03:04:06.456 2348 2348 I sysui_multi_action: [757,803,799,panel_open,802,1]
02-18 03:04:06.457 2348 2348 I sysui_multi_action: [757,1328,758,4,1326,69,1327,4,1329,0]
02-18 03:04:06.503 1520 1821 I input_interaction: Interaction with: ae306c3 StatusBar (server), ea4c11d com.android.launcher3/com.android.launcher3.uioverrides.QuickstepLauncher (server), edge-swipe (server), swipe-up (server), PointerEventDispatcher0 (server),
02-18 03:04:06.535 1520 2746 I sysui_multi_action: [757,127,758,1]
02-18 03:04:06.535 1520 2746 I sysui_multi_action: [757,804,799,note_load,801,4,802,1]
02-18 03:04:06.535 1520 2746 I notification_panel_revealed: 4
02-18 03:04:06.548 1520 1613 I input_focus: [Focus request 3373de6 NotificationShade,reason=UpdateInputWindows]
02-18 03:04:06.557 1520 2746 I sysui_multi_action: [757,128,758,1,793,7528342,794,0,795,7528342,796,26,798,0,806,android,857,DEVELOPER_IMPORTANT,858,4,947,0,1395,4,1500,7528136,1688,1]
02-18 03:04:06.557 1520 2746 I sysui_multi_action: [757,804,799,note_freshness,801,7528342,802,1]
02-18 03:04:06.557 1520 2746 I notification_visibility: [-1|android|26|null|1000,1,7528342,7528342,0,0]
02-18 03:04:06.557 1520 2746 I sysui_multi_action: [757,128,758,1,793,7636490,794,0,795,68926,796,17303299,797,com.android.wifi,798,2,806,android,857,NETWORK_AVAILABLE,858,2,947,0,1395,4,1500,2094,1688,1]
02-18 03:04:06.557 1520 2746 I sysui_multi_action: [757,1501,758,1,793,7636490,794,0,795,68926,796,17303299,797,com.android.wifi,806,android,857,NETWORK_AVAILABLE,858,2,947,0,1500,0,1688,1]
02-18 03:04:06.558 1520 2746 I sysui_multi_action: [757,804,799,note_interruptive,801,0,802,1]
02-18 03:04:06.558 1520 2746 I sysui_multi_action: [757,804,799,note_freshness,801,68926,802,1]
02-18 03:04:06.558 1520 2746 I notification_visibility: [0|android|17303299|com.android.wifi|1000,1,7636490,68926,0,2]
02-18 03:04:06.558 1520 2746 I sysui_multi_action: [757,128,758,1,793,2675,794,0,795,2675,796,2147483645,798,1,806,com.android.deskclock,857,TimerModelNotification,858,3,946,2,947,0,1395,4,1500,2472,1641,alarm,1688,1,1745,-868672399]
02-18 03:04:06.558 1520 2746 I sysui_multi_action: [757,804,799,note_freshness,801,2675,802,1]
02-18 03:04:06.558 1520 2746 I notification_visibility: [0|com.android.deskclock|2147483645|null|10064,1,2675,2675,0,1]
02-18 03:04:06.558 1520 2746 I sysui_multi_action: [757,128,758,1,793,7637361,794,0,795,7637361,796,32,798,3,806,android,857,USB,858,1,947,0,1395,4,1500,7637003,1688,1]
02-18 03:04:06.558 1520 2746 I sysui_multi_action: [757,804,799,note_freshness,801,7637361,802,1]
02-18 03:04:06.558 1520 2746 I notification_visibility: [-1|android|32|null|1000,1,7637361,7637361,0,3]
02-18 03:04:06.558 1520 1821 I input_interaction: Interaction with: ae306c3 StatusBar (server), edge-swipe (server), swipe-up (server), PointerEventDispatcher0 (server),
02-18 03:04:06.564 1520 1821 I input_focus: [Focus leaving ea4c11d com.android.launcher3/com.android.launcher3.uioverrides.QuickstepLauncher (server),reason=setFocusedWindow]
02-18 03:04:06.564 1520 1821 I input_focus: [Focus entering 3373de6 NotificationShade (server),reason=setFocusedWindow]
02-18 03:04:06.572 2348 2348 I sysui_multi_action: [757,111,758,1]
02-18 03:04:06.573 2348 2348 I sysui_multi_action: [757,126,758,1,759,126,927,0,928,1,1593,0]
02-18 03:04:06.573 2348 2348 I sysui_multi_action: [757,113,758,1,759,113,927,1,928,1,1593,0]
02-18 03:04:06.573 2348 2348 I sysui_multi_action: [757,0,758,1,759,0,927,2,928,0,1593,0]
02-18 03:04:06.573 2348 2348 I sysui_multi_action: [757,0,758,1,759,0,927,3,928,0,1593,0]
02-18 03:04:06.573 2348 2348 I sysui_multi_action: [757,491,758,1,759,491,927,4,928,0,1311,-1,1593,0]
02-18 03:04:06.573 2348 2348 I sysui_multi_action: [757,0,758,1,759,0,927,5,928,0,1593,0]
02-18 03:04:06.573 2348 2348 I sysui_multi_action: [757,111,758,1]
02-18 03:04:06.574 2348 2348 I sysui_multi_action: [757,126,758,1,759,126,927,0,928,1,1593,0]
02-18 03:04:06.574 2348 2348 I sysui_multi_action: [757,113,758,1,759,113,927,1,928,1,1593,0]
02-18 03:04:06.574 2348 2348 I sysui_multi_action: [757,0,758,1,759,0,927,2,928,0,1593,0]
02-18 03:04:06.574 2348 2348 I sysui_multi_action: [757,0,758,1,759,0,927,3,928,0,1593,0]
01-05 12:02:59.621 0 0 E DTC_ETH,link_delay_work_func: 3003, SQI=0, link=0
02-18 03:04:07.137 1520 1821 I input_interaction: Interaction with: 3373de6 NotificationShade (server), edge-swipe (server), swipe-up (server), PointerEventDispatcher0 (server),
02-18 03:04:07.269 1520 6101 I sysui_multi_action: [757,128,758,4,793,3386,794,711,795,3386,796,2147483645,798,0,806,com.android.deskclock,857,TimerModelNotification,858,3,946,2,947,0,1395,4,1500,3183,1641,alarm,1688,1,1745,-868672399]
02-18 03:04:07.269 1520 6101 I notification_clicked: [0|com.android.deskclock|2147483645|null|10064,3386,3386,711,0,4]
02-18 03:04:07.273 1520 1520 I sysui_multi_action: [757,804,799,note_click_longevity,801,0,802,1]
02-18 03:04:07.276 1520 6101 I thunderperf: PlatormCompat.setOverrides: Uid1=10064 Pid1=14100 Uid2=10064 Pid2=14100
02-18 03:04:07.276 1520 6101 I thunderperf: PlatormCompat.setOverrides: needCheck:false
02-18 03:04:07.276 1520 6101 W PackageManager: MATCH_ANY_USER flag requires INTERACT_ACROSS_USERS permission: UID 10064 requires android.permission.INTERACT_ACROSS_USERS_FULL or android.permission.INTERACT_ACROSS_USERS to access user 0.
02-18 03:04:07.277 1520 6101 I ActivityTaskManager: START u0 {flg=0x10000000 cmp=com.android.deskclock/.DeskClock (has extras)} from uid 10064
02-18 03:04:07.279 1520 6101 I wm_task_moved: [84,1,6]
02-18 03:04:07.280 1520 6101 I wm_focused_root_task: [0,0,84,1,bringingFoundTaskToFront]
02-18 03:04:07.280 2828 2828 I wm_on_top_resumed_lost_called: [58637558,com.android.launcher3.uioverrides.QuickstepLauncher,topStateChangedWhenResumed]
02-18 03:04:07.280 1520 6101 I wm_set_resumed_activity: [0,com.android.deskclock/.DeskClock,bringingFoundTaskToFront]
02-18 03:04:07.281 1520 6101 I wm_new_intent: [0,23698237,84,com.android.deskclock/.DeskClock,android.intent.action.MAIN,NULL,NULL,270532608]
02-18 03:04:07.282 1520 6101 I wm_pause_activity: [0,58637558,com.android.launcher3/.uioverrides.QuickstepLauncher,userLeaving=true,pauseBackTasks]
02-18 03:04:07.287 2828 2828 I wm_on_paused_called: [58637558,com.android.launcher3.uioverrides.QuickstepLauncher,performPause]
02-18 03:04:07.288 1520 2751 I ActivityTaskManager: FOREGROUND_APPLICATION_CHANGED to com.android.deskclock.DeskClock
02-18 03:04:07.289 1520 2751 I wm_set_resumed_activity: [0,com.android.deskclock/.DeskClock,resumeTopActivityInnerLocked]
02-18 03:04:07.289 1520 2751 I wm_add_to_stopping: [0,58637558,com.android.launcher3/.uioverrides.QuickstepLauncher,makeInvisible]
02-18 03:04:07.290 1520 2751 I wm_resume_activity: [0,23698237,84,com.android.deskclock/.DeskClock]
02-18 03:04:07.294 14100 14100 I wm_on_restart_called: [23698237,com.android.deskclock.DeskClock,performRestartActivity]
02-18 03:04:07.296 1520 1612 I sysui_multi_action: [757,803,799,window_time_0,802,3]
02-18 03:04:07.300 2537 4260 W ContextImpl: Calling a method in the system process without a qualified user: android.app.ContextImpl.startService:1816 android.content.ContextWrapper.startService:774 com.thundercomm.gamemode.ingame.services.GameModeActionUtils.startGameModeService:111 com.thundercomm.gamemode.ingame.services.GameModeActionUtils.startGameModeEntry:22 com.thundercomm.gamemode.ingame.services.ActivityMonitoringService$1.onActivityLaunch:139
02-18 03:04:07.302 14100 14100 I wm_on_start_called: [23698237,com.android.deskclock.DeskClock,handleStartActivity]
02-18 03:04:07.302 14100 14100 I wm_on_resume_called: [23698237,com.android.deskclock.DeskClock,RESUME_ACTIVITY]
02-18 03:04:07.303 1520 1520 I sysui_multi_action: [757,128,758,5,759,8,793,3419,794,744,795,3419,796,2147483645,806,com.android.deskclock,857,TimerModelNotification,858,3,946,2,947,0,1500,3216,1641,alarm,1688,1,1745,-868672399]
02-18 03:04:07.303 1520 1520 I notification_canceled: [0|com.android.deskclock|2147483645|null|10064,8,3419,3419,744,-1,-1,NULL]
02-18 03:04:07.305 1520 1520 I GameModeConfig: Current uri is uri = content://com.thundercomm.gamemode.api/gamemode_settings/gamemode_isgaming
02-18 03:04:07.305 14100 14100 I wm_on_top_resumed_gained_called: [23698237,com.android.deskclock.DeskClock,topWhenResuming]
02-18 03:04:07.308 1520 1520 I GameModeConfig: isGameModeOn = false
02-18 03:04:07.308 1520 1520 I GameModeConfig: isGameModeOn = false
02-18 03:04:07.308 1520 1520 I GameModeConfig: isDisableVoice = true
02-18 03:04:07.329 1520 1608 I sysui_multi_action: [319,48,322,47,325,7660,757,761,758,9,759,2,806,com.android.deskclock,871,com.android.deskclock.DeskClock,904,com.android.launcher3,905,0,1320,4,1321,1]
02-18 03:04:07.392 1520 6829 W FreeFormWindowHelper: Current Display FreeFormTask is null
02-18 03:04:07.398 2537 4260 W ContextImpl: Calling a method in the system process without a qualified user: android.app.ContextImpl.startService:1816 android.content.ContextWrapper.startService:774 com.thundercomm.gamemode.ingame.services.GameModeActionUtils.startGameModeService:111 com.thundercomm.gamemode.ingame.services.GameModeActionUtils.startGameModeEntry:22 com.thundercomm.gamemode.ingame.services.ActivityMonitoringService$1.onActivityLaunch:139
02-18 03:04:07.401 1520 1520 I GameModeConfig: Current uri is uri = content://com.thundercomm.gamemode.api/gamemode_settings/gamemode_isgaming
02-18 03:04:07.403 1520 1520 I GameModeConfig: isGameModeOn = false
02-18 03:04:07.404 1520 1520 I GameModeConfig: isGameModeOn = false
02-18 03:04:07.404 1520 1520 I GameModeConfig: isDisableVoice = true
02-18 03:04:07.852 1520 1612 I wm_stop_activity: [0,58637558,com.android.launcher3/.uioverrides.QuickstepLauncher]
02-18 03:04:07.859 1520 2286 I GameModeConfig: isGameModeOn = false
02-18 03:04:07.860 1520 2286 I GameModeConfig: isGameModeOn = false
02-18 03:04:07.860 1520 2286 I GameModeConfig: isGameModeOn = false
02-18 03:04:07.860 1520 2286 I GameModeConfig: isGameModeOn = false
02-18 03:04:07.861 1520 2286 I GameModeConfig: isGameModeOn = false
02-18 03:04:07.862 2348 2348 I sysui_multi_action: [757,111,758,2]
02-18 03:04:07.862 2348 2348 I sysui_multi_action: [757,111,758,2]
02-18 03:04:07.863 1520 1520 I notification_enqueue: [10079,2348,com.android.systemui,2048,NULL,0,Notification(channel=updateNotification shortcut=null contentView=null vibrate=null sound=null defaults=0x0 flags=0x0 color=0x00000000 vis=PRIVATE),1]
02-18 03:04:07.877 1520 1613 I input_focus: [Focus request 4f5abc com.android.deskclock/com.android.deskclock.DeskClock,reason=UpdateInputWindows]
02-18 03:04:07.883 2828 2828 I wm_on_stop_called: [58637558,com.android.launcher3.uioverrides.QuickstepLauncher,STOP_ACTIVITY_ITEM]
02-18 03:04:07.890 1520 9451 I sysui_multi_action: [757,128,758,2,793,7529674,794,1332,795,7529674,796,26,798,0,806,android,857,DEVELOPER_IMPORTANT,858,4,947,0,1395,3,1500,7529468,1688,1]
02-18 03:04:07.890 1520 9451 I notification_visibility: [-1|android|26|null|1000,0,7529674,7529674,0,0]
02-18 03:04:07.890 1520 9451 I sysui_multi_action: [757,128,758,2,793,7637823,794,1333,795,70259,796,17303299,797,com.android.wifi,798,1,806,android,857,NETWORK_AVAILABLE,858,2,947,0,1395,3,1500,1333,1688,1]
02-18 03:04:07.890 1520 9451 I notification_visibility: [0|android|17303299|com.android.wifi|1000,0,7637823,70259,0,1]
02-18 03:04:07.890 1520 9451 I sysui_multi_action: [757,128,758,2,793,7638693,794,1332,795,7638693,796,32,798,2,806,android,857,USB,858,1,947,0,1395,3,1500,7638335,1688,1]
02-18 03:04:07.890 1520 9451 I notification_visibility: [-1|android|32|null|1000,0,7638693,7638693,0,2]
02-18 03:04:07.890 1520 2746 I sysui_multi_action: [757,127,758,2]
02-18 03:04:07.890 1520 2746 I notification_panel_hidden:
02-18 03:04:07.896 1520 1821 I input_focus: [Focus leaving 3373de6 NotificationShade (server),reason=NOT_FOCUSABLE]
02-18 03:04:07.902 1520 1821 I input_focus: [Focus entering 4f5abc com.android.deskclock/com.android.deskclock.DeskClock (server),reason=setFocusedWindow]
02-18 03:04:07.905 2537 4260 W ContextImpl: Calling a method in the system process without a qualified user: android.app.ContextImpl.startService:1816 android.content.ContextWrapper.startService:774 com.thundercomm.gamemode.ingame.services.GameModeActionUtils.startGameModeService:111 com.thundercomm.gamemode.ingame.services.GameModeActionUtils.startGameModeEntry:22 com.thundercomm.gamemode.ingame.services.ActivityMonitoringService$1.onActivityLaunch:139
02-18 03:04:07.908 1520 1520 I GameModeConfig: Current uri is uri = content://com.thundercomm.gamemode.api/gamemode_settings/gamemode_isgaming
02-18 03:04:07.909 1520 1520 I GameModeConfig: isGameModeOn = false
02-18 03:04:07.909 1520 1520 I GameModeConfig: isGameModeOn = false
02-18 03:04:07.909 1520 1520 I GameModeConfig: isDisableVoice = true
02-18 03:04:08.064 1520 1520 I GameModeConfig: isGameModeOn = false
02-18 03:04:09.554 1520 1821 I input_interaction: Interaction with: 4f5abc com.android.deskclock/com.android.deskclock.DeskClock (server), edge-swipe (server), swipe-up (server), PointerEventDispatcher0 (server),
02-18 03:04:09.566 1520 6829 W FreeFormWindowHelper: Current Display FreeFormTask is null
02-18 03:04:09.566 1520 9451 I wm_task_moved: [1,0,0]
02-18 03:04:09.567 1520 9451 I wm_task_moved: [1,0,5]
02-18 03:04:09.590 2828 2828 I wm_on_restart_called: [58637558,com.android.launcher3.uioverrides.QuickstepLauncher,performRestartActivity]
02-18 03:04:09.591 1520 2751 W FreeFormWindowHelper: Current Display FreeFormTask is null
02-18 03:04:09.591 1520 6829 W FreeFormWindowHelper: Current Display FreeFormTask is null
02-18 03:04:09.592 1520 2751 W FreeFormWindowHelper: Current Display FreeFormTask is null
02-18 03:04:09.595 2537 4260 W ContextImpl: Calling a method in the system process without a qualified user: android.app.ContextImpl.startService:1816 android.content.ContextWrapper.startService:774 com.thundercomm.gamemode.ingame.services.GameModeActionUtils.startGameModeService:111 com.thundercomm.gamemode.ingame.services.GameModeActionUtils.startGameModeEntry:22 com.thundercomm.gamemode.ingame.services.ActivityMonitoringService$1.onActivityLaunch:139
02-18 03:04:09.598 1520 1520 I GameModeConfig: Current uri is uri = content://com.thundercomm.gamemode.api/gamemode_settings/gamemode_isgaming
02-18 03:04:09.600 1520 1520 I GameModeConfig: isGameModeOn = false
02-18 03:04:09.600 1520 1520 I GameModeConfig: isGameModeOn = false
02-18 03:04:09.600 1520 1520 I GameModeConfig: isDisableVoice = true
02-18 03:04:09.605 2828 2828 I wm_on_start_called: [58637558,com.android.launcher3.uioverrides.QuickstepLauncher,handleStartActivity]
02-18 03:04:09.606 1520 9451 W ActivityTaskManager: getTaskSnapshot: taskId=1084 not found
02-18 03:04:09.606 14100 14100 I view_enqueue_input_event: [Motion - Cancel,com.android.deskclock/com.android.deskclock.DeskClock]
02-18 03:04:09.606 1520 6829 W ActivityTaskManager: getTaskSnapshot: taskId=1084 not found
02-18 03:04:09.606 1520 1821 I input_interaction: Interaction with: edge-swipe (server), swipe-up (server), PointerEventDispatcher0 (server),
02-18 03:04:09.607 1520 1613 I input_focus: [Focus request recents_animation_input_consumer,reason=UpdateInputWindows]
02-18 03:04:09.609 1520 2751 W ActivityTaskManager: getTaskSnapshot: taskId=2084 not found
02-18 03:04:09.611 1520 2751 W ActivityTaskManager: getTaskSnapshot: taskId=3084 not found
02-18 03:04:09.613 1520 6829 W ActivityTaskManager: getTaskSnapshot: taskId=4084 not found
02-18 03:04:09.613 1520 6829 W FreeFormWindowHelper: Current Display FreeFormTask is null
02-18 03:04:09.613 1520 6829 W FreeFormWindowHelper: Current Display FreeFormTask is null
02-18 03:04:09.614 1520 6829 W ActivityTaskManager: getTaskSnapshot: taskId=5084 not found
02-18 03:04:09.614 2828 2828 I sysui_latency: [1,61]
02-18 03:04:09.617 1520 1821 I input_focus: [Focus leaving 4f5abc com.android.deskclock/com.android.deskclock.DeskClock (server),reason=NOT_FOCUSABLE]
02-18 03:04:09.617 1520 1821 I input_focus: [Focus entering recents_animation_input_consumer (server),reason=setFocusedWindow]
02-18 03:04:09.618 1520 2751 W ActivityTaskManager: getTaskSnapshot: taskId=1084 not found
02-18 03:04:09.619 1520 2751 W ActivityTaskManager: getTaskSnapshot: taskId=2084 not found
02-18 03:04:09.619 1520 2751 W ActivityTaskManager: getTaskSnapshot: taskId=3084 not found
02-18 03:04:09.619 1520 2751 W ActivityTaskManager: getTaskSnapshot: taskId=4084 not found
02-18 03:04:09.619 1520 6829 W FreeFormWindowHelper: Current Display FreeFormTask is null
02-18 03:04:09.619 1520 2751 W ActivityTaskManager: getTaskSnapshot: taskId=5084 not found
02-18 03:04:09.621 1520 6829 W FreeFormWindowHelper: Current Display FreeFormTask is null
02-18 03:04:09.621 1520 6829 W FreeFormWindowHelper: Current Display FreeFormTask is null
02-18 03:04:09.626 1520 2751 W ActivityTaskManager: getTaskSnapshot: taskId=1084 not found
02-18 03:04:09.627 1520 2751 W ActivityTaskManager: getTaskSnapshot: taskId=2084 not found
02-18 03:04:09.627 1520 2751 W ActivityTaskManager: getTaskSnapshot: taskId=3084 not found
02-18 03:04:09.628 1520 1608 I sysui_multi_action: [319,14,322,56,325,7662,757,761,758,9,759,5,806,com.android.launcher3,871,com.android.launcher3.uioverrides.QuickstepLauncher,905,0,1320,4,1321,1]
02-18 03:04:09.628 1520 2751 W ActivityTaskManager: getTaskSnapshot: taskId=4084 not found
02-18 03:04:09.628 1520 2751 W ActivityTaskManager: getTaskSnapshot: taskId=5084 not found
02-18 03:04:09.632 1520 9451 W FreeFormWindowHelper: Current Display FreeFormTask is null
02-18 03:04:09.632 1520 9451 W FreeFormWindowHelper: Current Display FreeFormTask is null
02-18 03:04:09.649 1520 6852 W FreeFormWindowHelper: Current Display FreeFormTask is null
02-18 03:04:09.649 1520 6852 W FreeFormWindowHelper: Current Display FreeFormTask is null
02-18 03:04:09.807 1520 1768 I commit_sys_config_file: [settings-1-0,4]
02-18 03:04:09.916 1520 6852 W FreeFormWindowHelper: Current Display FreeFormTask is null
02-18 03:04:09.916 1520 6852 W FreeFormWindowHelper: Current Display FreeFormTask is null
02-18 03:04:09.917 1520 6852 W FreeFormWindowHelper: Current Display FreeFormTask is null
02-18 03:04:09.926 1520 1618 I sysui_latency: [8,64]
02-18 03:04:10.240 1520 9451 I wm_task_moved: [1,1,6]
02-18 03:04:10.242 1520 9451 I wm_focused_root_task: [0,0,1,84,RecentsAnimation.onAnimationFinished()]
02-18 03:04:10.244 1520 9451 I wm_pause_activity: [0,23698237,com.android.deskclock/.DeskClock,userLeaving=false,pauseBackTasks]
02-18 03:04:10.246 1520 9451 I ActivityTaskManager: FOREGROUND_APPLICATION_CHANGED to com.android.launcher3.uioverrides.QuickstepLauncher
02-18 03:04:10.247 1520 9451 I wm_set_resumed_activity: [0,com.android.launcher3/.uioverrides.QuickstepLauncher,resumeTopActivityInnerLocked]
02-18 03:04:10.249 1520 9451 I wm_resume_activity: [0,58637558,11,com.android.launcher3/.uioverrides.QuickstepLauncher]
02-18 03:04:10.249 1520 9451 I wm_add_to_stopping: [0,23698237,com.android.deskclock/.DeskClock,makeInvisible]
02-18 03:04:10.250 2828 2828 I wm_on_resume_called: [58637558,com.android.launcher3.uioverrides.QuickstepLauncher,RESUME_ACTIVITY]
02-18 03:04:10.252 14100 14100 I wm_on_top_resumed_lost_called: [23698237,com.android.deskclock.DeskClock,topStateChangedWhenResumed]
02-18 03:04:10.260 1520 1613 I input_focus: [Focus request ea4c11d com.android.launcher3/com.android.launcher3.uioverrides.QuickstepLauncher,reason=UpdateInputWindows]
02-18 03:04:10.263 1520 1612 I sysui_multi_action: [757,803,799,window_time_0,802,3]
02-18 03:04:10.264 1520 6829 W FreeFormWindowHelper: Current Display FreeFormTask is null
02-18 03:04:10.264 14100 14100 I wm_on_paused_called: [23698237,com.android.deskclock.DeskClock,performPause]
02-18 03:04:10.265 1520 6852 I wm_stop_activity: [0,23698237,com.android.deskclock/.DeskClock]
02-18 03:04:10.265 1520 9451 W FreeFormWindowHelper: Current Display FreeFormTask is null
02-18 03:04:10.267 1520 1612 I sysui_multi_action: [757,803,799,window_time_0,802,0]
02-18 03:04:10.270 1520 1821 I input_focus: [Focus leaving recents_animation_input_consumer (server),reason=NOT_VISIBLE]
02-18 03:04:10.270 1520 1821 I input_focus: [Focus entering ea4c11d com.android.launcher3/com.android.launcher3.uioverrides.QuickstepLauncher (server),reason=setFocusedWindow]
02-18 03:04:10.275 1520 6829 W FreeFormWindowHelper: Current Display FreeFormTask is null
02-18 03:04:10.282 1520 2286 I GameModeConfig: isGameModeOn = false
02-18 03:04:10.282 1520 2286 I GameModeConfig: isGameModeOn = false
02-18 03:04:10.282 1520 2286 I GameModeConfig: isGameModeOn = false
02-18 03:04:10.282 1520 2286 I GameModeConfig: isGameModeOn = false
02-18 03:04:10.283 1520 2286 I GameModeConfig: isGameModeOn = false
02-18 03:04:10.285 1520 1520 I notification_enqueue: [10064,14100,com.android.deskclock,2147483645,NULL,0,Notification(channel=TimerModelNotification shortcut=null contentView=com.android.deskclock/0x7f0d0024 vibrate=null sound=null defaults=0x0 flags=0x102 color=0xff1a237e category=alarm groupKey=2 sortKey=0 actions=1 vis=PUBLIC),0]
02-18 03:04:10.289 14100 14100 I wm_on_stop_called: [23698237,com.android.deskclock.DeskClock,STOP_ACTIVITY_ITEM]
02-18 03:04:10.301 1520 3839 E TaskPersister: File error accessing recents directory (directory doesn't exist?).
02-18 03:04:10.301 1520 6101 W FreeFormWindowHelper: Current Display FreeFormTask is null
02-18 03:04:10.302 1520 6101 W FreeFormWindowHelper: Current Display FreeFormTask is null
02-18 03:04:10.304 2828 2828 I wm_on_top_resumed_gained_called: [58637558,com.android.launcher3.uioverrides.QuickstepLauncher,topStateChangedWhenResumed]
02-18 03:04:10.312 2537 4260 W ContextImpl: Calling a method in the system process without a qualified user: android.app.ContextImpl.startService:1816 android.content.ContextWrapper.startService:774 com.thundercomm.gamemode.ingame.services.GameModeActionUtils.startGameModeService:111 com.thundercomm.gamemode.ingame.services.GameModeActionUtils.startGameModeEntry:22 com.thundercomm.gamemode.ingame.services.ActivityMonitoringService$1.onActivityLaunch:139
02-18 03:04:10.315 1520 1520 I GameModeConfig: Current uri is uri = content://com.thundercomm.gamemode.api/gamemode_settings/gamemode_isgaming
02-18 03:04:10.320 1520 1520 I GameModeConfig: isGameModeOn = false
02-18 03:04:10.321 1520 1520 I GameModeConfig: isGameModeOn = false
02-18 03:04:10.321 1520 1520 I GameModeConfig: isDisableVoice = true
02-18 03:04:10.365 1520 9451 W FreeFormWindowHelper: Current Display FreeFormTask is null
02-18 03:04:10.372 2537 4260 W ContextImpl: Calling a method in the system process without a qualified user: android.app.ContextImpl.startService:1816 android.content.ContextWrapper.startService:774 com.thundercomm.gamemode.ingame.services.GameModeActionUtils.startGameModeService:111 com.thundercomm.gamemode.ingame.services.GameModeActionUtils.startGameModeEntry:22 com.thundercomm.gamemode.ingame.services.ActivityMonitoringService$1.onActivityLaunch:139
02-18 03:04:10.377 1520 1520 I GameModeConfig: Current uri is uri = content://com.thundercomm.gamemode.api/gamemode_settings/gamemode_isgaming
02-18 03:04:10.378 1520 1520 I GameModeConfig: isGameModeOn = false
02-18 03:04:10.379 1520 1520 I GameModeConfig: isGameModeOn = false
02-18 03:04:10.379 1520 1520 I GameModeConfig: isDisableVoice = true
02-18 03:04:10.487 1520 1520 I sysui_multi_action: [757,1501,758,1,793,204,794,0,795,204,796,2147483645,806,com.android.deskclock,857,TimerModelNotification,858,3,946,2,947,0,1500,0,1641,alarm,1688,1,1745,-868672399]
02-18 03:04:10.487 1520 1520 I sysui_multi_action: [757,804,799,note_interruptive,801,0,802,1]
02-18 03:04:10.487 1520 1520 I GameModeConfig: isGameModeOn = false
02-18 03:04:10.490 1520 1520 W NotificationHistory: Attempted to add notif for locked/gone/disabled user 0
02-18 03:04:10.507 1520 1768 I commit_sys_config_file: [settings-1-0,10]
02-18 03:04:10.795 1520 1821 I input_interaction: Interaction with: ea4c11d com.android.launcher3/com.android.launcher3.uioverrides.QuickstepLauncher (server), d73543 com.android.systemui.ImageWallpaper (server), edge-swipe (server), swipe-up (server), PointerEventDispatcher0 (server),
02-18 03:04:10.892 1520 6852 I wm_task_moved: [1,1,6]
02-18 03:04:10.893 1520 6852 I wm_set_resumed_activity: [0,com.android.launcher3/.uioverrides.QuickstepLauncher,positionChildAt]
02-18 03:04:10.893 1520 6852 I wm_task_moved: [84,1,6]
02-18 03:04:10.893 1520 6852 I wm_focused_root_task: [0,0,84,1,moveTaskToFront findTaskToMoveToFront]
02-18 03:04:10.894 1520 6852 I wm_set_resumed_activity: [0,com.android.deskclock/.DeskClock,moveTaskToFront findTaskToMoveToFront]
02-18 03:04:10.895 1520 6852 I wm_pause_activity: [0,58637558,com.android.launcher3/.uioverrides.QuickstepLauncher,userLeaving=true,pauseBackTasks]
02-18 03:04:10.903 2828 2828 I wm_on_top_resumed_lost_called: [58637558,com.android.launcher3.uioverrides.QuickstepLauncher,topStateChangedWhenResumed]
02-18 03:04:10.904 2828 2828 I wm_on_paused_called: [58637558,com.android.launcher3.uioverrides.QuickstepLauncher,performPause]
02-18 03:04:10.910 1520 6852 I ActivityTaskManager: FOREGROUND_APPLICATION_CHANGED to com.android.deskclock.DeskClock
02-18 03:04:10.911 1520 6852 I wm_set_resumed_activity: [0,com.android.deskclock/.DeskClock,resumeTopActivityInnerLocked]
02-18 03:04:10.912 1520 6852 I wm_add_to_stopping: [0,58637558,com.android.launcher3/.uioverrides.QuickstepLauncher,makeInvisible]
02-18 03:04:10.913 1520 6852 I wm_resume_activity: [0,23698237,84,com.android.deskclock/.DeskClock]
02-18 03:04:10.920 1520 1612 I sysui_multi_action: [757,803,799,window_time_0,802,1]
02-18 03:04:10.921 14100 14100 I wm_on_restart_called: [23698237,com.android.deskclock.DeskClock,performRestartActivity]
02-18 03:04:10.922 1520 1821 I input_focus: [Focus leaving ea4c11d com.android.launcher3/com.android.launcher3.uioverrides.QuickstepLauncher (server),reason=NO_WINDOW]
02-18 03:04:10.925 14100 14100 I wm_on_start_called: [23698237,com.android.deskclock.DeskClock,handleStartActivity]
02-18 03:04:10.925 14100 14100 I wm_on_resume_called: [23698237,com.android.deskclock.DeskClock,RESUME_ACTIVITY]
02-18 03:04:10.925 1520 1520 I sysui_multi_action: [757,128,758,5,759,8,793,643,794,0,795,643,796,2147483645,806,com.android.deskclock,857,TimerModelNotification,858,3,946,2,947,0,1500,439,1641,alarm,1688,1,1745,-868672399]
02-18 03:04:10.925 1520 1520 I notification_canceled: [0|com.android.deskclock|2147483645|null|10064,8,643,643,0,-1,-1,NULL]
02-18 03:04:10.928 14100 14100 I wm_on_top_resumed_gained_called: [23698237,com.android.deskclock.DeskClock,topWhenResuming]
02-18 03:04:10.938 2537 4260 W ContextImpl: Calling a method in the system process without a qualified user: android.app.ContextImpl.startService:1816 android.content.ContextWrapper.startService:774 com.thundercomm.gamemode.ingame.services.GameModeActionUtils.startGameModeService:111 com.thundercomm.gamemode.ingame.services.GameModeActionUtils.startGameModeEntry:22 com.thundercomm.gamemode.ingame.services.ActivityMonitoringService$1.onActivityLaunch:139
02-18 03:04:10.943 1520 1520 I GameModeConfig: Current uri is uri = content://com.thundercomm.gamemode.api/gamemode_settings/gamemode_isgaming
02-18 03:04:10.945 1520 1520 I GameModeConfig: isGameModeOn = false
02-18 03:04:10.945 1520 1520 I GameModeConfig: isGameModeOn = false
02-18 03:04:10.945 1520 1520 I GameModeConfig: isDisableVoice = true
02-18 03:04:10.948 1520 1613 I input_focus: [Focus request 4f5abc com.android.deskclock/com.android.deskclock.DeskClock,reason=UpdateInputWindows]
02-18 03:04:10.968 1520 1608 I sysui_multi_action: [319,33,321,31,322,69,325,7664,757,761,758,9,759,4,806,com.android.deskclock,871,com.android.deskclock.DeskClock,904,com.android.launcher3,905,0,1320,4,1321,1]
02-18 03:04:10.971 1520 1821 I input_focus: [Focus entering 4f5abc com.android.deskclock/com.android.deskclock.DeskClock (server),reason=setFocusedWindow]
02-18 03:04:11.016 1520 6829 W FreeFormWindowHelper: Current Display FreeFormTask is null
02-18 03:04:11.021 2537 4260 W ContextImpl: Calling a method in the system process without a qualified user: android.app.ContextImpl.startService:1816 android.content.ContextWrapper.startService:774 com.thundercomm.gamemode.ingame.services.GameModeActionUtils.startGameModeService:111 com.thundercomm.gamemode.ingame.services.GameModeActionUtils.startGameModeEntry:22 com.thundercomm.gamemode.ingame.services.ActivityMonitoringService$1.onActivityLaunch:139
02-18 03:04:11.028 1520 1520 I GameModeConfig: Current uri is uri = content://com.thundercomm.gamemode.api/gamemode_settings/gamemode_isgaming
02-18 03:04:11.029 1520 1520 I GameModeConfig: isGameModeOn = false
02-18 03:04:11.029 1520 1520 I GameModeConfig: isGameModeOn = false
02-18 03:04:11.029 1520 1520 I GameModeConfig: isDisableVoice = true
02-18 03:04:11.271 1520 1612 I wm_stop_activity: [0,58637558,com.android.launcher3/.uioverrides.QuickstepLauncher]
02-18 03:04:11.279 1520 7379 W FreeFormWindowHelper: exitRecentTasks type=0
02-18 03:04:11.286 2828 2828 I wm_on_stop_called: [58637558,com.android.launcher3.uioverrides.QuickstepLauncher,STOP_ACTIVITY_ITEM]
02-18 03:04:11.300 2537 4260 W ContextImpl: Calling a method in the system process without a qualified user: android.app.ContextImpl.startService:1816 android.content.ContextWrapper.startService:774 com.thundercomm.gamemode.ingame.services.GameModeActionUtils.startGameModeService:111 com.thundercomm.gamemode.ingame.services.GameModeActionUtils.startGameModeEntry:22 com.thundercomm.gamemode.ingame.services.ActivityMonitoringService$1.onActivityLaunch:139
02-18 03:04:11.308 1520 1520 I GameModeConfig: Current uri is uri = content://com.thundercomm.gamemode.api/gamemode_settings/gamemode_isgaming
02-18 03:04:11.309 1520 1520 I GameModeConfig: isGameModeOn = false
02-18 03:04:11.310 1520 1520 I GameModeConfig: isGameModeOn = false
02-18 03:04:11.310 1520 1520 I GameModeConfig: isDisableVoice = true
02-18 03:04:11.361 1520 1821 I input_interaction: Interaction with: ae306c3 StatusBar (server), edge-swipe (server), swipe-up (server), PointerEventDispatcher0 (server),
02-18 03:04:11.365 2348 2348 I sysui_multi_action: [757,803,799,panel_open,802,1]
02-18 03:04:11.367 2348 2348 I sysui_multi_action: [757,1328,758,4,1326,60,1327,4,1329,0]
02-18 03:04:11.457 1520 6101 I sysui_multi_action: [757,127,758,1]
02-18 03:04:11.457 1520 6101 I sysui_multi_action: [757,804,799,note_load,801,3,802,1]
02-18 03:04:11.457 1520 6101 I notification_panel_revealed: 3
02-18 03:04:11.467 1520 1613 I input_focus: [Focus request 3373de6 NotificationShade,reason=UpdateInputWindows]
02-18 03:04:11.478 1520 6101 I sysui_multi_action: [757,128,758,1,793,7533263,794,0,795,7533263,796,26,798,0,806,android,857,DEVELOPER_IMPORTANT,858,4,947,0,1395,3,1500,7533057,1688,1]
02-18 03:04:11.478 1520 6101 I sysui_multi_action: [757,804,799,note_freshness,801,7533263,802,1]
02-18 03:04:11.478 1520 6101 I notification_visibility: [-1|android|26|null|1000,1,7533263,7533263,0,0]
02-18 03:04:11.478 1520 6101 I sysui_multi_action: [757,128,758,1,793,7641411,794,0,795,73847,796,17303299,797,com.android.wifi,798,1,806,android,857,NETWORK_AVAILABLE,858,2,947,0,1395,3,1500,4921,1688,1]
02-18 03:04:11.478 1520 6101 I sysui_multi_action: [757,1501,758,1,793,7641411,794,0,795,73847,796,17303299,797,com.android.wifi,806,android,857,NETWORK_AVAILABLE,858,2,947,0,1500,0,1688,1]
02-18 03:04:11.479 1520 6101 I sysui_multi_action: [757,804,799,note_interruptive,801,0,802,1]
02-18 03:04:11.479 1520 6101 I sysui_multi_action: [757,804,799,note_freshness,801,73847,802,1]
02-18 03:04:11.479 1520 6101 I notification_visibility: [0|android|17303299|com.android.wifi|1000,1,7641411,73847,0,1]
02-18 03:04:11.479 1520 6101 I sysui_multi_action: [757,128,758,1,793,7642282,794,0,795,7642282,796,32,798,2,806,android,857,USB,858,1,947,0,1395,3,1500,7641924,1688,1]
02-18 03:04:11.479 1520 6101 I sysui_multi_action: [757,804,799,note_freshness,801,7642282,802,1]
02-18 03:04:11.479 1520 6101 I notification_visibility: [-1|android|32|null|1000,1,7642282,7642282,0,2]
02-18 03:04:11.491 1520 1821 I input_focus: [Focus leaving 4f5abc com.android.deskclock/com.android.deskclock.DeskClock (server),reason=setFocusedWindow]
02-18 03:04:11.494 1520 1821 I input_focus: [Focus entering 3373de6 NotificationShade (server),reason=setFocusedWindow]
02-18 03:04:11.501 2348 2348 I sysui_multi_action: [757,111,758,1]
02-18 03:04:11.501 2348 2348 I sysui_multi_action: [757,126,758,1,759,126,927,0,928,1,1593,1]
02-18 03:04:11.501 2348 2348 I sysui_multi_action: [757,113,758,1,759,113,927,1,928,1,1593,1]
02-18 03:04:11.501 2348 2348 I sysui_multi_action: [757,0,758,1,759,0,927,2,928,0,1593,1]
02-18 03:04:11.502 2348 2348 I sysui_multi_action: [757,0,758,1,759,0,927,3,928,0,1593,1]
02-18 03:04:11.502 2348 2348 I sysui_multi_action: [757,491,758,1,759,491,927,4,928,0,1311,-1,1593,0]
02-18 03:04:11.502 2348 2348 I sysui_multi_action: [757,0,758,1,759,0,927,5,928,0,1593,0]
02-18 03:04:11.502 2348 2348 I sysui_multi_action: [757,111,758,1]
02-18 03:04:11.502 2348 2348 I sysui_multi_action: [757,126,758,1,759,126,927,0,928,1,1593,1]
02-18 03:04:11.502 2348 2348 I sysui_multi_action: [757,113,758,1,759,113,927,1,928,1,1593,1]
02-18 03:04:11.503 2348 2348 I sysui_multi_action: [757,0,758,1,759,0,927,2,928,0,1593,1]
02-18 03:04:11.503 2348 2348 I sysui_multi_action: [757,0,758,1,759,0,927,3,928,0,1593,1]
02-18 03:04:11.559 1520 1619 I am_uid_idle: 10083
01-05 12:03:04.738 0 0 E DTC_ETH,link_delay_work_func: 3003, SQI=0, link=0
02-18 03:04:13.217 1520 1821 I input_interaction: Interaction with: 3373de6 NotificationShade (server), edge-swipe (server), swipe-up (server), PointerEventDispatcher0 (server),
02-18 03:04:13.542 1520 2286 I GameModeConfig: isGameModeOn = false
02-18 03:04:13.542 1520 2286 I GameModeConfig: isGameModeOn = false
02-18 03:04:13.542 1520 2286 I GameModeConfig: isGameModeOn = false
02-18 03:04:13.542 1520 2286 I GameModeConfig: isGameModeOn = false
02-18 03:04:13.542 1520 2286 I GameModeConfig: isGameModeOn = false
02-18 03:04:13.544 2348 2348 I sysui_multi_action: [757,111,758,2]
02-18 03:04:13.545 2348 2348 I sysui_multi_action: [757,111,758,2]
02-18 03:04:13.546 1520 1520 I notification_enqueue: [10079,2348,com.android.systemui,2048,NULL,0,Notification(channel=updateNotification shortcut=null contentView=null vibrate=null sound=null defaults=0x0 flags=0x0 color=0x00000000 vis=PRIVATE),1]
02-18 03:04:13.633 1520 1613 I input_focus: [Focus request 4f5abc com.android.deskclock/com.android.deskclock.DeskClock,reason=UpdateInputWindows]
02-18 03:04:13.636 1520 6101 I sysui_multi_action: [757,128,758,2,793,7535421,794,2158,795,7535421,796,26,798,0,806,android,857,DEVELOPER_IMPORTANT,858,4,947,0,1395,3,1500,7535215,1688,1]
02-18 03:04:13.636 1520 6101 I notification_visibility: [-1|android|26|null|1000,0,7535421,7535421,0,0]
02-18 03:04:13.637 1520 6101 I sysui_multi_action: [757,128,758,2,793,7643570,794,2159,795,76006,796,17303299,797,com.android.wifi,798,1,806,android,857,NETWORK_AVAILABLE,858,2,947,0,1395,3,1500,2159,1688,1]
02-18 03:04:13.637 1520 6101 I notification_visibility: [0|android|17303299|com.android.wifi|1000,0,7643570,76006,0,1]
02-18 03:04:13.638 1520 6101 I sysui_multi_action: [757,128,758,2,793,7644441,794,2159,795,7644441,796,32,798,2,806,android,857,USB,858,1,947,0,1395,3,1500,7644083,1688,1]
02-18 03:04:13.638 1520 6101 I notification_visibility: [-1|android|32|null|1000,0,7644441,7644441,0,2]
02-18 03:04:13.639 1520 6829 I sysui_multi_action: [757,127,758,2]
02-18 03:04:13.640 1520 6829 I notification_panel_hidden:
02-18 03:04:13.646 1520 1821 I input_focus: [Focus leaving 3373de6 NotificationShade (server),reason=NO_WINDOW]
02-18 03:04:13.663 1520 1821 I input_focus: [Focus entering 4f5abc com.android.deskclock/com.android.deskclock.DeskClock (server),reason=setFocusedWindow]
02-18 03:04:13.749 1520 1520 I GameModeConfig: isGameModeOn = false
02-18 03:04:13.918 1520 3839 E TaskPersister: File error accessing recents directory (directory doesn't exist?).
02-18 03:04:14.755 1520 1821 I input_interaction: Interaction with: 4f5abc com.android.deskclock/com.android.deskclock.DeskClock (server), edge-swipe (server), swipe-up (server), PointerEventDispatcher0 (server),
02-18 03:04:14.766 1520 6829 W FreeFormWindowHelper: Current Display FreeFormTask is null
02-18 03:04:14.767 1520 6101 I wm_task_moved: [1,0,0]
02-18 03:04:14.768 1520 6101 I wm_task_moved: [1,0,5]
02-18 03:04:14.775 2828 2828 I wm_on_restart_called: [58637558,com.android.launcher3.uioverrides.QuickstepLauncher,performRestartActivity]
02-18 03:04:14.776 1520 6829 W FreeFormWindowHelper: Current Display FreeFormTask is null
02-18 03:04:14.777 1520 6829 W FreeFormWindowHelper: Current Display FreeFormTask is null
02-18 03:04:14.778 1520 6829 W FreeFormWindowHelper: Current Display FreeFormTask is null
02-18 03:04:14.789 2537 4260 W ContextImpl: Calling a method in the system process without a qualified user: android.app.ContextImpl.startService:1816 android.content.ContextWrapper.startService:774 com.thundercomm.gamemode.ingame.services.GameModeActionUtils.startGameModeService:111 com.thundercomm.gamemode.ingame.services.GameModeActionUtils.startGameModeEntry:22 com.thundercomm.gamemode.ingame.services.ActivityMonitoringService$1.onActivityLaunch:139
02-18 03:04:14.792 1520 1520 I GameModeConfig: Current uri is uri = content://com.thundercomm.gamemode.api/gamemode_settings/gamemode_isgaming
02-18 03:04:14.793 2828 2828 I wm_on_start_called: [58637558,com.android.launcher3.uioverrides.QuickstepLauncher,handleStartActivity]
02-18 03:04:14.795 14100 14100 I view_enqueue_input_event: [Motion - Cancel,com.android.deskclock/com.android.deskclock.DeskClock]
02-18 03:04:14.797 1520 1520 I GameModeConfig: isGameModeOn = false
02-18 03:04:14.798 1520 1520 I GameModeConfig: isGameModeOn = false
02-18 03:04:14.798 1520 1520 I GameModeConfig: isDisableVoice = true
02-18 03:04:14.799 1520 1613 I input_focus: [Focus request recents_animation_input_consumer,reason=UpdateInputWindows]
02-18 03:04:14.800 1520 7379 W ActivityTaskManager: getTaskSnapshot: taskId=1084 not found
02-18 03:04:14.800 1520 7379 W FreeFormWindowHelper: Current Display FreeFormTask is null
02-18 03:04:14.800 1520 7379 W FreeFormWindowHelper: Current Display FreeFormTask is null
02-18 03:04:14.801 2828 2828 I sysui_latency: [1,46]
02-18 03:04:14.801 1520 7379 W ActivityTaskManager: getTaskSnapshot: taskId=2084 not found
02-18 03:04:14.801 1520 7379 W ActivityTaskManager: getTaskSnapshot: taskId=1084 not found
02-18 03:04:14.802 1520 7379 W ActivityTaskManager: getTaskSnapshot: taskId=2084 not found
02-18 03:04:14.803 1520 7379 W ActivityTaskManager: getTaskSnapshot: taskId=3084 not found
02-18 03:04:14.804 1520 7379 W ActivityTaskManager: getTaskSnapshot: taskId=4084 not found
02-18 03:04:14.805 1520 7379 W ActivityTaskManager: getTaskSnapshot: taskId=5084 not found
02-18 03:04:14.805 1520 6829 W FreeFormWindowHelper: Current Display FreeFormTask is null
02-18 03:04:14.807 1520 1821 I input_interaction: Interaction with: edge-swipe (server), swipe-up (server), PointerEventDispatcher0 (server),
02-18 03:04:14.811 1520 7379 W FreeFormWindowHelper: Current Display FreeFormTask is null
02-18 03:04:14.811 1520 7379 W FreeFormWindowHelper: Current Display FreeFormTask is null
02-18 03:04:14.812 1520 6829 W ActivityTaskManager: getTaskSnapshot: taskId=1084 not found
02-18 03:04:14.813 1520 1608 I sysui_multi_action: [319,12,322,40,325,7668,757,761,758,9,759,5,806,com.android.launcher3,871,com.android.launcher3.uioverrides.QuickstepLauncher,905,0,1320,4,1321,1]
02-18 03:04:14.813 1520 6829 W ActivityTaskManager: getTaskSnapshot: taskId=2084 not found
02-18 03:04:14.813 1520 6829 W ActivityTaskManager: getTaskSnapshot: taskId=3084 not found
02-18 03:04:14.814 1520 6829 W ActivityTaskManager: getTaskSnapshot: taskId=4084 not found
02-18 03:04:14.814 1520 1821 I input_focus: [Focus leaving 4f5abc com.android.deskclock/com.android.deskclock.DeskClock (server),reason=NOT_FOCUSABLE]
02-18 03:04:14.814 1520 1821 I input_focus: [Focus entering recents_animation_input_consumer (server),reason=setFocusedWindow]
02-18 03:04:14.815 1520 6829 W ActivityTaskManager: getTaskSnapshot: taskId=5084 not found
02-18 03:04:14.828 1520 6829 W FreeFormWindowHelper: Current Display FreeFormTask is null
02-18 03:04:14.829 1520 6829 W FreeFormWindowHelper: Current Display FreeFormTask is null
02-18 03:04:14.844 1520 2751 W FreeFormWindowHelper: Current Display FreeFormTask is null
02-18 03:04:14.845 1520 2751 W FreeFormWindowHelper: Current Display FreeFormTask is null
02-18 03:04:14.867 1520 6101 W FreeFormWindowHelper: exitRecentTasks type=0
