02-18 02:43:18.617 1520 6102 W FreeFormWindowHelper: Current Display FreeFormTask is null
02-18 02:43:18.627 1520 6102 W FreeFormWindowHelper: Current Display FreeFormTask is null
02-18 02:43:18.628 1520 6102 W FreeFormWindowHelper: Current Display FreeFormTask is null
02-18 02:43:18.642 2537 4260 W ContextImpl: Calling a method in the system process without a qualified user: android.app.ContextImpl.startService:1816 android.content.ContextWrapper.startService:774 com.thundercomm.gamemode.ingame.services.GameModeActionUtils.startGameModeService:111 com.thundercomm.gamemode.ingame.services.GameModeActionUtils.startGameModeEntry:22 com.thundercomm.gamemode.ingame.services.ActivityMonitoringService$1.onActivityLaunch:139
02-18 02:43:18.646 1520 1520 I GameModeConfig: Current uri is uri = content://com.thundercomm.gamemode.api/gamemode_settings/gamemode_isgaming
02-18 02:43:18.654 1520 1520 I GameModeConfig: isGameModeOn = false
02-18 02:43:18.654 1520 1520 I GameModeConfig: isGameModeOn = false
02-18 02:43:18.655 1520 1520 I GameModeConfig: isDisableVoice = true
02-18 02:43:18.660 1520 7380 W ActivityTaskManager: getTaskSnapshot: taskId=1061 not found
02-18 02:43:18.662 1520 6830 W FreeFormWindowHelper: Current Display FreeFormTask is null
02-18 02:43:18.662 1520 6830 W FreeFormWindowHelper: Current Display FreeFormTask is null
02-18 02:43:18.664 1520 6830 W ActivityTaskManager: getTaskSnapshot: taskId=1061 not found
02-18 02:43:18.664 1520 6830 W ActivityTaskManager: getTaskSnapshot: taskId=2061 not found
02-18 02:43:18.665 1520 6830 W ActivityTaskManager: getTaskSnapshot: taskId=3061 not found
02-18 02:43:18.667 1520 7380 W FreeFormWindowHelper: Current Display FreeFormTask is null
02-18 02:43:18.668 1520 6830 W FreeFormWindowHelper: Current Display FreeFormTask is null
02-18 02:43:18.668 1520 6830 W FreeFormWindowHelper: Current Display FreeFormTask is null
02-18 02:43:18.670 1520 7380 W ActivityTaskManager: getTaskSnapshot: taskId=1061 not found
02-18 02:43:18.670 1520 7380 W ActivityTaskManager: getTaskSnapshot: taskId=2061 not found
02-18 02:43:18.670 1520 7380 W ActivityTaskManager: getTaskSnapshot: taskId=3061 not found
02-18 02:43:18.675 1520 7380 W FreeFormWindowHelper: Current Display FreeFormTask is null
02-18 02:43:18.675 1520 7380 W FreeFormWindowHelper: Current Display FreeFormTask is null
02-18 02:43:18.692 1520 6830 W FreeFormWindowHelper: Current Display FreeFormTask is null
02-18 02:43:18.692 1520 6830 W FreeFormWindowHelper: Current Display FreeFormTask is null
02-18 02:43:18.752 1520 6830 W FreeFormWindowHelper: exitRecentTasks type=0
02-18 02:43:18.759 1520 7380 W FreeFormWindowHelper: Current Display FreeFormTask is null
02-18 02:43:18.759 1520 7380 W FreeFormWindowHelper: Current Display FreeFormTask is null
02-18 02:43:19.257 1520 3839 E TaskPersister: File error accessing recents directory (directory doesn't exist?).
02-18 02:43:19.544 1520 2746 W FreeFormWindowHelper: Current Display FreeFormTask is null
02-18 02:43:19.544 1520 2746 W FreeFormWindowHelper: Current Display FreeFormTask is null
02-18 02:43:19.553 1520 6830 I ActivityTaskManager: FOREGROUND_APPLICATION_CHANGED to com.android.launcher3.uioverrides.QuickstepLauncher
02-18 02:43:19.600 2537 4260 W ContextImpl: Calling a method in the system process without a qualified user: android.app.ContextImpl.startService:1816 android.content.ContextWrapper.startService:774 com.thundercomm.gamemode.ingame.services.GameModeActionUtils.startGameModeService:111 com.thundercomm.gamemode.ingame.services.GameModeActionUtils.startGameModeEntry:22 com.thundercomm.gamemode.ingame.services.ActivityMonitoringService$1.onActivityLaunch:139
02-18 02:43:19.601 1520 1520 I GameModeConfig: Current uri is uri = content://com.thundercomm.gamemode.api/gamemode_settings/gamemode_isgaming
02-18 02:43:19.602 1520 1520 I GameModeConfig: isGameModeOn = false
02-18 02:43:19.602 1520 1520 I GameModeConfig: isGameModeOn = false
02-18 02:43:19.602 1520 1520 I GameModeConfig: isDisableVoice = true
02-18 02:43:19.667 1520 6830 W FreeFormWindowHelper: Current Display FreeFormTask is null
02-18 02:43:19.670 2537 4260 W ContextImpl: Calling a method in the system process without a qualified user: android.app.ContextImpl.startService:1816 android.content.ContextWrapper.startService:774 com.thundercomm.gamemode.ingame.services.GameModeActionUtils.startGameModeService:111 com.thundercomm.gamemode.ingame.services.GameModeActionUtils.startGameModeEntry:22 com.thundercomm.gamemode.ingame.services.ActivityMonitoringService$1.onActivityLaunch:139
02-18 02:43:19.672 1520 1520 I GameModeConfig: Current uri is uri = content://com.thundercomm.gamemode.api/gamemode_settings/gamemode_isgaming
02-18 02:43:19.673 1520 1520 I GameModeConfig: isGameModeOn = false
02-18 02:43:19.674 1520 1520 I GameModeConfig: isGameModeOn = false
02-18 02:43:19.674 1520 1520 I GameModeConfig: isDisableVoice = true
02-18 02:43:21.123 1520 2286 I GameModeConfig: isGameModeOn = false
02-18 02:43:21.124 1520 2286 I GameModeConfig: isGameModeOn = false
02-18 02:43:21.124 1520 2286 I GameModeConfig: isGameModeOn = false
02-18 02:43:21.124 1520 2286 I GameModeConfig: isGameModeOn = false
02-18 02:43:21.124 1520 2286 I GameModeConfig: isGameModeOn = false
02-18 02:43:21.365 1520 1520 I GameModeConfig: isGameModeOn = false
02-18 02:43:21.866 1520 2286 I GameModeConfig: isGameModeOn = false
02-18 02:43:21.866 1520 2286 I GameModeConfig: isGameModeOn = false
02-18 02:43:21.866 1520 2286 I GameModeConfig: isGameModeOn = false
02-18 02:43:21.867 1520 2286 I GameModeConfig: isGameModeOn = false
02-18 02:43:21.872 1520 2286 I GameModeConfig: isGameModeOn = false
02-18 02:43:22.104 1520 1520 I GameModeConfig: isGameModeOn = false
01-05 11:42:15.458 0 0 E DTC_ETH,link_delay_work_func: 3003, SQI=0, link=0
01-05 11:42:18.715 0 0 I btfm_slim_enable_ch: chipset soc version:400a0200
01-05 11:42:18.715 0 0 I btfm_slim_enable_ch: channel define - prot:2, dataf:0, auxf:0
01-05 11:42:18.715 0 0 I btfm_slim_enable_ch: channel define - rates:44100, baser:2, ratem:4
01-05 11:42:18.715 0 0 E btfm_slim_enable_ch: slim_define_ch failed ret[-106]
01-05 11:42:18.715 0 0 E btfm_slim_dai_prepare: channel opened without closing, return success
02-18 02:43:26.004 1520 2286 I GameModeConfig: isGameModeOn = false
02-18 02:43:26.009 1520 2286 I GameModeConfig: isGameModeOn = false
02-18 02:43:26.009 1520 2286 I GameModeConfig: isGameModeOn = false
02-18 02:43:26.009 1520 2286 I GameModeConfig: isGameModeOn = false
02-18 02:43:26.009 1520 2286 I GameModeConfig: isGameModeOn = false
02-18 02:43:26.139 1520 1520 I GameModeConfig: isGameModeOn = false
02-18 02:43:26.244 1520 1520 I GameModeConfig: isGameModeOn = false
02-18 02:43:26.246 1520 1520 W NotificationHistory: Attempted to add notif for locked/gone/disabled user 0
01-05 11:42:20.581 0 0 E DTC_ETH,link_delay_work_func: 3003, SQI=0, link=0
02-18 02:43:28.371 1520 2286 I GameModeConfig: isGameModeOn = false
01-05 11:42:23.692 0 0 I btfm_slim_enable_ch: chipset soc version:400a0200
01-05 11:42:23.692 0 0 I btfm_slim_enable_ch: channel define - prot:2, dataf:0, auxf:0
01-05 11:42:23.692 0 0 I btfm_slim_enable_ch: channel define - rates:44100, baser:2, ratem:4
01-05 11:42:23.692 0 0 E btfm_slim_enable_ch: slim_define_ch failed ret[-106]
01-05 11:42:23.692 0 0 E btfm_slim_dai_prepare: channel opened without closing, return success
02-18 02:43:30.957 1520 2286 I GameModeConfig: isGameModeOn = false
02-18 02:43:30.957 1520 2286 I GameModeConfig: isGameModeOn = false
02-18 02:43:30.957 1520 2286 I GameModeConfig: isGameModeOn = false
02-18 02:43:30.957 1520 2286 I GameModeConfig: isGameModeOn = false
02-18 02:43:30.957 1520 2286 I GameModeConfig: isGameModeOn = false
02-18 02:43:31.124 1520 2286 I GameModeConfig: isGameModeOn = false
02-18 02:43:31.214 1520 1520 I GameModeConfig: isGameModeOn = false
02-18 02:43:31.216 1520 1520 W NotificationHistory: Attempted to add notif for locked/gone/disabled user 0
02-18 02:43:31.867 1520 2286 I GameModeConfig: isGameModeOn = false
01-05 11:42:25.698 0 0 E DTC_ETH,link_delay_work_func: 3003, SQI=0, link=0
02-18 02:43:33.626 1520 2286 I GameModeConfig: isGameModeOn = false
02-18 02:43:33.626 1520 2286 I GameModeConfig: isGameModeOn = false
02-18 02:43:33.626 1520 2286 I GameModeConfig: isGameModeOn = false
02-18 02:43:33.626 1520 2286 I GameModeConfig: isGameModeOn = false
02-18 02:43:33.626 1520 2286 I GameModeConfig: isGameModeOn = false
02-18 02:43:33.857 1520 1520 I GameModeConfig: isGameModeOn = false
02-18 02:43:33.860 1520 1520 W NotificationHistory: Attempted to add notif for locked/gone/disabled user 0
02-18 02:43:35.239 1520 2286 I GameModeConfig: isGameModeOn = false
02-18 02:43:35.239 1520 2286 I GameModeConfig: isGameModeOn = false
02-18 02:43:35.239 1520 2286 I GameModeConfig: isGameModeOn = false
02-18 02:43:35.239 1520 2286 I GameModeConfig: isGameModeOn = false
02-18 02:43:35.239 1520 2286 I GameModeConfig: isGameModeOn = false
02-18 02:43:35.477 1520 1520 I GameModeConfig: isGameModeOn = false
02-18 02:43:35.480 1520 1520 W NotificationHistory: Attempted to add notif for locked/gone/disabled user 0
02-18 02:43:36.009 1520 2286 I GameModeConfig: isGameModeOn = false
02-18 02:43:37.892 1520 2286 I GameModeConfig: isGameModeOn = false
02-18 02:43:37.892 1520 2286 I GameModeConfig: isGameModeOn = false
02-18 02:43:37.892 1520 2286 I GameModeConfig: isGameModeOn = false
02-18 02:43:37.893 1520 2286 I GameModeConfig: isGameModeOn = false
02-18 02:43:37.893 1520 2286 I GameModeConfig: isGameModeOn = false
01-05 11:42:30.818 0 0 E DTC_ETH,link_delay_work_func: 3003, SQI=0, link=0
02-18 02:43:38.143 1520 1520 I GameModeConfig: isGameModeOn = false
02-18 02:43:38.145 1520 1520 W NotificationHistory: Attempted to add notif for locked/gone/disabled user 0
02-18 02:43:38.750 1520 2286 I GameModeConfig: isGameModeOn = false
02-18 02:43:38.750 1520 2286 I GameModeConfig: isGameModeOn = false
02-18 02:43:38.750 1520 2286 I GameModeConfig: isGameModeOn = false
02-18 02:43:38.750 1520 2286 I GameModeConfig: isGameModeOn = false
02-18 02:43:38.750 1520 2286 I GameModeConfig: isGameModeOn = false
02-18 02:43:39.003 1520 1520 I GameModeConfig: isGameModeOn = false
02-18 02:43:39.005 1520 1520 W NotificationHistory: Attempted to add notif for locked/gone/disabled user 0
02-18 02:43:40.376 1520 2286 I GameModeConfig: isGameModeOn = false
02-18 02:43:40.376 1520 2286 I GameModeConfig: isGameModeOn = false
02-18 02:43:40.377 1520 2286 I GameModeConfig: isGameModeOn = false
02-18 02:43:40.377 1520 2286 I GameModeConfig: isGameModeOn = false
02-18 02:43:40.377 1520 2286 I GameModeConfig: isGameModeOn = false
02-18 02:43:40.580 1520 1520 I GameModeConfig: isGameModeOn = false
02-18 02:43:40.959 1520 2286 I GameModeConfig: isGameModeOn = false
02-18 02:43:41.815 1520 6588 W FreeFormWindowHelper: Current Display FreeFormTask is null
02-18 02:43:41.816 1520 10280 W FreeFormWindowHelper: Current Display FreeFormTask is null
02-18 02:43:41.834 1520 6588 W FreeFormWindowHelper: Current Display FreeFormTask is null
02-18 02:43:41.834 1520 10280 W FreeFormWindowHelper: Current Display FreeFormTask is null
02-18 02:43:41.835 1520 6102 W FreeFormWindowHelper: Current Display FreeFormTask is null
02-18 02:43:41.837 1520 6588 W FreeFormWindowHelper: Current Display FreeFormTask is null
02-18 02:43:41.837 1520 10280 W FreeFormWindowHelper: Current Display FreeFormTask is null
02-18 02:43:41.838 1520 10280 W ActivityTaskManager: getTaskSnapshot: taskId=1061 not found
02-18 02:43:41.839 1520 6588 W ActivityTaskManager: getTaskSnapshot: taskId=2061 not found
02-18 02:43:41.840 1520 6102 W ActivityTaskManager: getTaskSnapshot: taskId=3061 not found
02-18 02:43:41.845 1520 6102 W FreeFormWindowHelper: Current Display FreeFormTask is null
02-18 02:43:41.846 1520 6102 W FreeFormWindowHelper: Current Display FreeFormTask is null
02-18 02:43:41.862 1520 6102 W FreeFormWindowHelper: Current Display FreeFormTask is null
02-18 02:43:41.862 1520 6102 W FreeFormWindowHelper: Current Display FreeFormTask is null
02-18 02:43:42.581 1520 6102 W FreeFormWindowHelper: Current Display FreeFormTask is null
02-18 02:43:42.584 1520 6102 W FreeFormWindowHelper: Current Display FreeFormTask is null
02-18 02:43:42.594 1520 10280 W FreeFormWindowHelper: exitRecentTasks type=0
02-18 02:43:42.597 1520 5220 W FreeFormWindowHelper: Current Display FreeFormTask is null
02-18 02:43:42.597 1520 6103 W FreeFormWindowHelper: Current Display FreeFormTask is null
01-05 11:42:35.939 0 0 E DTC_ETH,link_delay_work_func: 3003, SQI=0, link=0
02-18 02:43:43.629 1520 2286 I GameModeConfig: isGameModeOn = false
02-18 02:43:45.248 1520 2286 I GameModeConfig: isGameModeOn = false
01-05 11:42:38.084 0 0 I msm_vidc: err : ffffffff: .....: DBLP Set: status 0
01-05 11:42:41.058 0 0 E DTC_ETH,link_delay_work_func: 3003, SQI=0, link=0
02-18 02:43:50.607 1520 2286 I GameModeConfig: isGameModeOn = false
01-05 11:42:45.988 0 0 I msm_vidc: err : ffffffff: .....: DBLP Set: status 0
01-05 11:42:46.178 0 0 E DTC_ETH,link_delay_work_func: 3003, SQI=0, link=0
02-18 02:43:54.780 1520 6588 W FreeFormWindowHelper: Current Display FreeFormTask is null
02-18 02:43:54.781 1520 6588 W FreeFormWindowHelper: Current Display FreeFormTask is null
02-18 02:43:54.789 1520 10280 W FreeFormWindowHelper: Current Display FreeFormTask is null
02-18 02:43:54.790 1520 6588 W FreeFormWindowHelper: Current Display FreeFormTask is null
02-18 02:43:54.791 1520 6588 W FreeFormWindowHelper: Current Display FreeFormTask is null
02-18 02:43:54.794 1520 10280 W FreeFormWindowHelper: Current Display FreeFormTask is null
02-18 02:43:54.794 1520 10280 W FreeFormWindowHelper: Current Display FreeFormTask is null
02-18 02:43:54.810 1520 10280 W FreeFormWindowHelper: Current Display FreeFormTask is null
02-18 02:43:54.810 1520 10280 W FreeFormWindowHelper: Current Display FreeFormTask is null
02-18 02:43:55.147 1520 6102 W FreeFormWindowHelper: Current Display FreeFormTask is null
02-18 02:43:55.148 1520 6102 W FreeFormWindowHelper: Current Display FreeFormTask is null
02-18 02:43:55.165 1520 6102 W FreeFormWindowHelper: Current Display FreeFormTask is null
02-18 02:43:55.165 1520 6102 W FreeFormWindowHelper: Current Display FreeFormTask is null
02-18 02:43:55.184 1520 6102 W FreeFormWindowHelper: Current Display FreeFormTask is null
02-18 02:43:55.184 1520 6102 W FreeFormWindowHelper: Current Display FreeFormTask is null
02-18 02:43:55.200 1520 10280 W FreeFormWindowHelper: Current Display FreeFormTask is null
02-18 02:43:55.201 1520 10280 W FreeFormWindowHelper: Current Display FreeFormTask is null
02-18 02:43:55.220 1520 6102 W FreeFormWindowHelper: Current Display FreeFormTask is null
02-18 02:43:55.221 1520 6102 W FreeFormWindowHelper: Current Display FreeFormTask is null
02-18 02:43:55.238 1520 10280 W FreeFormWindowHelper: Current Display FreeFormTask is null
02-18 02:43:55.238 1520 10280 W FreeFormWindowHelper: Current Display FreeFormTask is null
02-18 02:43:55.253 1520 6102 W FreeFormWindowHelper: Current Display FreeFormTask is null
02-18 02:43:55.254 1520 6102 W FreeFormWindowHelper: Current Display FreeFormTask is null
02-18 02:43:55.270 1520 10280 W FreeFormWindowHelper: Current Display FreeFormTask is null
02-18 02:43:55.270 1520 10280 W FreeFormWindowHelper: Current Display FreeFormTask is null
02-18 02:43:55.287 1520 10280 W FreeFormWindowHelper: Current Display FreeFormTask is null
02-18 02:43:55.287 1520 10280 W FreeFormWindowHelper: Current Display FreeFormTask is null
02-18 02:43:55.303 1520 10280 W FreeFormWindowHelper: Current Display FreeFormTask is null
02-18 02:43:55.304 1520 6102 W FreeFormWindowHelper: Current Display FreeFormTask is null
02-18 02:43:55.320 1520 10280 W FreeFormWindowHelper: Current Display FreeFormTask is null
02-18 02:43:55.320 1520 10280 W FreeFormWindowHelper: Current Display FreeFormTask is null
02-18 02:43:55.337 1520 10280 W FreeFormWindowHelper: Current Display FreeFormTask is null
02-18 02:43:55.337 1520 10280 W FreeFormWindowHelper: Current Display FreeFormTask is null
02-18 02:43:55.353 1520 6102 W FreeFormWindowHelper: Current Display FreeFormTask is null
02-18 02:43:55.354 1520 6102 W FreeFormWindowHelper: Current Display FreeFormTask is null
02-18 02:43:55.370 1520 6102 W FreeFormWindowHelper: Current Display FreeFormTask is null
02-18 02:43:55.371 1520 6102 W FreeFormWindowHelper: Current Display FreeFormTask is null
02-18 02:43:55.387 1520 6102 W FreeFormWindowHelper: Current Display FreeFormTask is null
02-18 02:43:55.388 1520 10280 W FreeFormWindowHelper: Current Display FreeFormTask is null
02-18 02:43:55.404 1520 6102 W FreeFormWindowHelper: Current Display FreeFormTask is null
02-18 02:43:55.404 1520 6102 W FreeFormWindowHelper: Current Display FreeFormTask is null
02-18 02:43:55.420 1520 6102 W FreeFormWindowHelper: Current Display FreeFormTask is null
02-18 02:43:55.421 1520 6102 W FreeFormWindowHelper: Current Display FreeFormTask is null
02-18 02:43:55.437 1520 6102 W FreeFormWindowHelper: Current Display FreeFormTask is null
02-18 02:43:55.437 1520 6102 W FreeFormWindowHelper: Current Display FreeFormTask is null
02-18 02:43:55.455 1520 6102 W FreeFormWindowHelper: Current Display FreeFormTask is null
02-18 02:43:55.455 1520 6102 W FreeFormWindowHelper: Current Display FreeFormTask is null
02-18 02:43:55.456 1520 10280 W FreeFormWindowHelper: Current Display FreeFormTask is null
02-18 02:43:55.480 1520 6102 W FreeFormWindowHelper: Current Display FreeFormTask is null
02-18 02:43:55.481 1520 6102 W FreeFormWindowHelper: Current Display FreeFormTask is null
02-18 02:43:56.784 1520 6102 W FreeFormWindowHelper: Current Display FreeFormTask is null
02-18 02:43:57.086 1520 6102 W FreeFormWindowHelper: Current Display FreeFormTask is null
02-18 02:43:57.207 1520 1520 D CompatibilityChangeReporter: Compat change id reported: 175319604; UID 1000; state: ENABLED
02-18 02:43:57.207 1520 1520 D CompatibilityChangeReporter: Compat change id reported: 175319604; UID 1000; state: DISABLED
02-18 02:43:57.208 1520 1612 I ActivityManager: Killing 10281:com.android.documentsui/u0a31 (adj 900): remove task
02-18 02:43:57.224 1520 3839 E TaskPersister: File error accessing recents directory (directory doesn't exist?).
02-18 02:43:57.225 1520 1612 I ActivityManager: Killing 10293:com.android.music/u0a83 (adj 0): remove task
02-18 02:43:57.229 1520 6588 W ActivityTaskManager: Can't find TaskDisplayArea to determine support for multi window. Task id=68 attached=false
02-18 02:43:57.230 1520 6588 W ActivityTaskManager: Can't find TaskDisplayArea to determine support for multi window. Task id=68 attached=false
02-18 02:43:57.235 1520 1618 W UsageStatsService: Unexpected activity event reported! (com.android.music/com.android.music.VideoBrowserActivity event : 23 instanceId : 140620996)
02-18 02:43:57.238 1520 2286 I GameModeConfig: isGameModeOn = false
02-18 02:43:57.238 1520 2286 I GameModeConfig: isGameModeOn = false
02-18 02:43:57.238 1520 2286 I GameModeConfig: isGameModeOn = false
02-18 02:43:57.238 1520 2286 I GameModeConfig: isGameModeOn = false
02-18 02:43:57.242 1520 3839 E TaskPersister: File error accessing recents directory (directory doesn't exist?).
01-05 11:42:50.063 0 0 I binder : undelivered TRANSACTION_COMPLETE
01-05 11:42:50.063 0 0 I binder : undelivered transaction 2248658, process died.
02-18 02:43:57.286 1520 1613 W ActivityTaskManager: Can't find TaskDisplayArea to determine support for multi window. Task id=60 attached=false
02-18 02:43:57.286 1520 1613 W ActivityTaskManager: Can't find TaskDisplayArea to determine support for multi window. Task id=60 attached=false
02-18 02:43:57.286 1520 1612 W ActivityManager: setHasOverlayUi called on unknown pid: 10281
02-18 02:43:57.291 1520 1612 D CompatibilityChangeReporter: Compat change id reported: 135634846; UID 10031; state: DISABLED
02-18 02:43:57.291 1520 1612 D CompatibilityChangeReporter: Compat change id reported: 177438394; UID 10031; state: DISABLED
02-18 02:43:57.291 1520 1612 D CompatibilityChangeReporter: Compat change id reported: 135772972; UID 10031; state: DISABLED
02-18 02:43:57.291 1520 1612 D CompatibilityChangeReporter: Compat change id reported: 135754954; UID 10031; state: ENABLED
02-18 02:43:57.292 1520 1620 D CompatibilityChangeReporter: Compat change id reported: 143937733; UID 10031; state: ENABLED
02-18 02:43:57.292 1520 1612 W ActivityManager: ProcessRecord{90be25e 10293:com.android.music/u0a83} is attached to a previous process
02-18 02:43:57.292 1520 1612 W ActivityManager: Existing proc ProcessRecord{90be25e 10293:com.android.music/u0a83} was killed 67ms ago when adding ProcessRecord{49f6bab 0:com.android.music/u0a83}
02-18 02:43:57.293 1520 1612 D CompatibilityChangeReporter: Compat change id reported: 135634846; UID 10083; state: DISABLED
02-18 02:43:57.293 1520 1612 D CompatibilityChangeReporter: Compat change id reported: 177438394; UID 10083; state: DISABLED
02-18 02:43:57.293 1520 1612 D CompatibilityChangeReporter: Compat change id reported: 135772972; UID 10083; state: DISABLED
02-18 02:43:57.293 1520 1612 D CompatibilityChangeReporter: Compat change id reported: 135754954; UID 10083; state: ENABLED
02-18 02:43:57.300 1520 10280 W FreeFormWindowHelper: Current Display FreeFormTask is null
02-18 02:43:57.300 1520 1602 W FreeFormWindowHelper: Current Display FreeFormTask is null
02-18 02:43:57.302 1520 1618 W UsageStatsService: Unexpected activity event reported! (com.android.documentsui/com.android.documentsui.files.FilesActivity event : 23 instanceId : 254429639)
02-18 02:43:57.303 2537 4260 W ContextImpl: Calling a method in the system process without a qualified user: android.app.ContextImpl.startService:1816 android.content.ContextWrapper.startService:774 com.thundercomm.gamemode.ingame.services.GameModeActionUtils.startGameModeService:111 com.thundercomm.gamemode.ingame.services.GameModeActionUtils.startGameModeEntry:22 com.thundercomm.gamemode.ingame.services.ActivityMonitoringService$1.onActivityLaunch:139
02-18 02:43:57.312 1520 1620 I ActivityManager: Start proc 12907:com.android.documentsui/u0a31 for null
02-18 02:43:57.312 1520 1520 I GameModeConfig: Current uri is uri = content://com.thundercomm.gamemode.api/gamemode_settings/gamemode_isgaming
02-18 02:43:57.314 1520 1520 I GameModeConfig: isGameModeOn = false
02-18 02:43:57.314 1520 1520 I GameModeConfig: isGameModeOn = false
02-18 02:43:57.314 1520 1520 I GameModeConfig: isDisableVoice = true
02-18 02:43:57.339 1520 1603 I WindowManager: WIN DEATH: Window{3ab7ac9 u0 com.android.music/com.android.music.MusicBrowserActivity}
01-05 11:42:50.124 0 0 I binder : undelivered TRANSACTION_COMPLETE
01-05 11:42:50.124 0 0 I binder : undelivered transaction 2248637, process died.
01-05 11:42:50.124 0 0 I binder : undelivered transaction 2248627, process died.
01-05 11:42:50.128 0 0 I binder : 12907:12907 ioctl 40046210 7fd1658544 returned -22
02-18 02:43:57.343 1520 12905 W ActivityManager: Scheduling restart of crashed service com.android.music/.MediaPlaybackService in 1000ms for start-requested
02-18 02:43:57.343 1520 1620 W ActivityManager: Slow operation: 51ms so far, now at startProcess: asking zygote to start proc
02-18 02:43:57.344 1520 1620 D CompatibilityChangeReporter: Compat change id reported: 143937733; UID 10083; state: ENABLED
02-18 02:43:57.346 1520 1613 W ActivityTaskManager: Can't find TaskDisplayArea to determine support for multi window. Task id=61 attached=false
02-18 02:43:57.346 1520 1613 W ActivityTaskManager: Can't find TaskDisplayArea to determine support for multi window. Task id=61 attached=false
02-18 02:43:57.346 1520 1612 W ActivityManager: setHasOverlayUi called on unknown pid: 10293
02-18 02:43:57.347 1520 1618 W UsageStatsService: Unexpected activity event reported! (com.android.music/com.android.music.MusicBrowserActivity event : 23 instanceId : 21756780)
02-18 02:43:57.350 1520 12905 D CompatibilityChangeReporter: Compat change id reported: 168419799; UID 10031; state: DISABLED
02-18 02:43:57.352 1520 1620 W ActivityManager: Slow operation: 60ms so far, now at startProcess: returned from zygote!
02-18 02:43:57.353 1520 1620 W ActivityManager: Slow operation: 60ms so far, now at startProcess: done updating battery stats
02-18 02:43:57.353 1520 1620 W ActivityManager: Slow operation: 60ms so far, now at startProcess: building log message
02-18 02:43:57.353 1520 1620 I ActivityManager: Start proc 12921:com.android.music/u0a83 for null
02-18 02:43:57.353 1520 1620 W ActivityManager: Slow operation: 60ms so far, now at startProcess: starting to update pids map
02-18 02:43:57.353 1520 1620 W ActivityManager: Slow operation: 61ms so far, now at startProcess: done updating pids map
01-05 11:42:50.150 0 0 I binder : 12921:12921 ioctl 40046210 7fd1658544 returned -22
02-18 02:43:57.441 1520 1520 I GameModeConfig: isGameModeOn = false
02-18 02:43:57.443 1520 1520 W NotificationHistory: Attempted to add notif for locked/gone/disabled user 0
01-05 11:42:50.277 0 0 I btfm_slim_enable_ch: chipset soc version:400a0200
01-05 11:42:50.277 0 0 I btfm_slim_enable_ch: channel define - prot:2, dataf:0, auxf:0
01-05 11:42:50.277 0 0 I btfm_slim_enable_ch: channel define - rates:44100, baser:2, ratem:4
01-05 11:42:50.277 0 0 E btfm_slim_enable_ch: slim_define_ch failed ret[-106]
01-05 11:42:50.277 0 0 E btfm_slim_dai_prepare: channel opened without closing, return success
02-18 02:43:57.571 1520 2286 I GameModeConfig: isGameModeOn = false
02-18 02:43:57.571 1520 2286 I GameModeConfig: isGameModeOn = false
02-18 02:43:57.571 1520 2286 I GameModeConfig: isGameModeOn = false
02-18 02:43:57.572 1520 2286 I GameModeConfig: isGameModeOn = false
02-18 02:43:57.572 1520 2286 I GameModeConfig: isGameModeOn = false
02-18 02:43:57.622 1520 6830 W ActivityManager: Foreground service started from background can not have location/camera/microphone access: service com.android.music/.MediaPlaybackService
02-18 02:43:57.622 1520 6830 I ActivityManager: Background started FGS: Allowed [callingPackage: com.android.music; callingUid: 10083; uidState: SVC ; intent: Intent { cmp=com.android.music/.MediaPlaybackService }; code:SYSTEM_ALERT_WINDOW_PERMISSION; tempAllowListReason:<,reasonCode:SYSTEM_ALLOW_LISTED,duration:9223372036854775807,callingUid:-1>; targetSdkVersion:31; callerTargetSdkVersion:31; startForegroundCount:10; bindFromPackage:null]
02-18 02:43:57.825 1520 1520 I GameModeConfig: isGameModeOn = false
02-18 02:43:57.830 1520 1520 W NotificationHistory: Attempted to add notif for locked/gone/disabled user 0
02-18 02:43:57.831 1520 1520 I NotificationService: Cannot find enqueued record for key: 0|com.android.music|1|null|10083
02-18 02:43:58.222 1520 12905 W FreeFormWindowHelper: Current Display FreeFormTask is null
02-18 02:43:58.224 1520 1603 W FreeFormWindowHelper: Current Display FreeFormTask is null
02-18 02:43:58.227 1520 1603 W FreeFormWindowHelper: exitRecentTasks type=0
01-05 11:42:51.302 0 0 E DTC_ETH,link_delay_work_func: 3003, SQI=0, link=0
02-18 02:43:58.958 1520 12905 I thunderperf: PlatormCompat.setOverrides: Uid1=10072 Pid1=2828 Uid2=10072 Pid2=2828
02-18 02:43:58.958 1520 12905 I thunderperf: PlatormCompat.setOverrides: needCheck:false
02-18 02:43:58.958 1520 12905 I thunderperf: CompatConfig.addOverrideUnsafe: bef-state=1
02-18 02:43:58.958 1520 12905 E thunderperf: CompatConfig.addOverrideUnsafe: exception:java.lang.SecurityException: Cannot override a change on a non-debuggable app and user build.
02-18 02:43:58.958 1520 12905 I thunderperf: CompatConfig.addOverrideUnsafe: aft-state=1
02-18 02:43:58.964 1520 12905 I thunderperf: CompatConfig.addOverrideUnsafe: bef-state=1
02-18 02:43:58.964 1520 12905 E thunderperf: CompatConfig.addOverrideUnsafe: exception:java.lang.SecurityException: Cannot override a change on a non-debuggable app and user build.
02-18 02:43:58.964 1520 12905 I thunderperf: CompatConfig.addOverrideUnsafe: aft-state=1
02-18 02:43:58.966 1520 12905 I thunderperf: CompatConfig.addOverrideUnsafe: bef-state=1
02-18 02:43:58.966 1520 12905 E thunderperf: CompatConfig.addOverrideUnsafe: exception:java.lang.SecurityException: Cannot override a change on a non-debuggable app and user build.
02-18 02:43:58.966 1520 12905 I thunderperf: CompatConfig.addOverrideUnsafe: aft-state=1
02-18 02:43:58.967 1520 12905 I thunderperf: CompatConfig.addOverrideUnsafe: bef-state=1
02-18 02:43:58.968 1520 12905 E thunderperf: CompatConfig.addOverrideUnsafe: exception:java.lang.SecurityException: Cannot override a change on a non-debuggable app and user build.
02-18 02:43:58.968 1520 12905 I thunderperf: CompatConfig.addOverrideUnsafe: aft-state=1
02-18 02:43:58.968 1520 12905 I thunderperf: CompatConfig.addOverrideUnsafe: bef-state=1
02-18 02:43:58.968 1520 12905 E thunderperf: CompatConfig.addOverrideUnsafe: exception:java.lang.SecurityException: Cannot override a change on a non-debuggable app and user build.
02-18 02:43:58.968 1520 12905 I thunderperf: CompatConfig.addOverrideUnsafe: aft-state=1
02-18 02:43:58.969 1520 12905 I thunderperf: CompatConfig.addOverrideUnsafe: bef-state=1
02-18 02:43:58.969 1520 12905 E thunderperf: CompatConfig.addOverrideUnsafe: exception:java.lang.SecurityException: Cannot override a change on a non-debuggable app and user build.
02-18 02:43:58.969 1520 12905 I thunderperf: CompatConfig.addOverrideUnsafe: aft-state=1
02-18 02:43:58.969 1520 12905 I thunderperf: CompatConfig.addOverrideUnsafe: bef-state=1
02-18 02:43:58.970 1520 12905 E thunderperf: CompatConfig.addOverrideUnsafe: exception:java.lang.SecurityException: Cannot override a change on a non-debuggable app and user build.
02-18 02:43:58.970 1520 12905 I thunderperf: CompatConfig.addOverrideUnsafe: aft-state=1
02-18 02:43:58.970 1520 12905 I thunderperf: CompatConfig.addOverrideUnsafe: bef-state=1
02-18 02:43:58.970 1520 12905 E thunderperf: CompatConfig.addOverrideUnsafe: exception:java.lang.SecurityException: Cannot override a change on a non-debuggable app and user build.
02-18 02:43:58.970 1520 12905 I thunderperf: CompatConfig.addOverrideUnsafe: aft-state=1
02-18 02:43:58.971 1520 12905 I thunderperf: CompatConfig.addOverrideUnsafe: bef-state=1
02-18 02:43:58.971 1520 12905 E thunderperf: CompatConfig.addOverrideUnsafe: exception:java.lang.SecurityException: Cannot override a change on a non-debuggable app and user build.
02-18 02:43:58.971 1520 12905 I thunderperf: CompatConfig.addOverrideUnsafe: aft-state=1
02-18 02:43:58.971 1520 12905 I thunderperf: CompatConfig.addOverrideUnsafe: bef-state=1
02-18 02:43:58.971 1520 12905 E thunderperf: CompatConfig.addOverrideUnsafe: exception:java.lang.SecurityException: Cannot override a change on a non-debuggable app and user build.
02-18 02:43:58.971 1520 12905 I thunderperf: CompatConfig.addOverrideUnsafe: aft-state=1
02-18 02:43:58.972 1520 12905 I thunderperf: CompatConfig.addOverrideUnsafe: bef-state=1
02-18 02:43:58.972 1520 12905 E thunderperf: CompatConfig.addOverrideUnsafe: exception:java.lang.SecurityException: Cannot override a change on a non-debuggable app and user build.
02-18 02:43:58.972 1520 12905 I thunderperf: CompatConfig.addOverrideUnsafe: aft-state=1
02-18 02:43:58.972 1520 12905 I thunderperf: CompatConfig.addOverrideUnsafe: bef-state=1
02-18 02:43:58.973 1520 12905 E thunderperf: CompatConfig.addOverrideUnsafe: exception:java.lang.SecurityException: Cannot override a change on a non-debuggable app and user build.
02-18 02:43:58.973 1520 12905 I thunderperf: CompatConfig.addOverrideUnsafe: aft-state=1
02-18 02:43:58.973 1520 12905 I thunderperf: CompatConfig.addOverrideUnsafe: bef-state=1
02-18 02:43:58.973 1520 12905 E thunderperf: CompatConfig.addOverrideUnsafe: exception:java.lang.SecurityException: Cannot override a change on a non-debuggable app and user build.
02-18 02:43:58.973 1520 12905 I thunderperf: CompatConfig.addOverrideUnsafe: aft-state=1
02-18 02:43:58.974 1520 12905 I thunderperf: CompatConfig.addOverrideUnsafe: bef-state=1
02-18 02:43:58.974 1520 12905 E thunderperf: CompatConfig.addOverrideUnsafe: exception:java.lang.SecurityException: Cannot override a change on a non-debuggable app and user build.
02-18 02:43:58.974 1520 12905 I thunderperf: CompatConfig.addOverrideUnsafe: aft-state=1
02-18 02:43:58.977 1520 12905 I ActivityTaskManager: START u0 {act=android.intent.action.MAIN cat=[android.intent.category.LAUNCHER] flg=0x10200000 cmp=com.android.music/.MusicBrowserActivity bnds=[2128,510][2314,710]} from uid 10072
02-18 02:43:58.979 1520 12905 W ActivityTaskManager: Can't find TaskDisplayArea to determine support for multi window. Task id=77 attached=false
02-18 02:43:58.981 1520 12905 D CompatibilityChangeReporter: Compat change id reported: 174042980; UID 10083; state: DISABLED
02-18 02:43:58.981 1520 12905 D CompatibilityChangeReporter: Compat change id reported: 184838306; UID 10083; state: DISABLED
02-18 02:43:58.981 1520 12905 D CompatibilityChangeReporter: Compat change id reported: 185004937; UID 10083; state: DISABLED
02-18 02:43:58.982 1520 12905 D CompatibilityChangeReporter: Compat change id reported: 181136395; UID 10083; state: DISABLED
02-18 02:43:58.982 1520 12905 D CompatibilityChangeReporter: Compat change id reported: 174042936; UID 10083; state: DISABLED
02-18 02:43:58.983 1520 12905 D CompatibilityChangeReporter: Compat change id reported: 168419799; UID 10083; state: DISABLED
02-18 02:43:58.987 1520 1603 I ActivityTaskManager: FOREGROUND_APPLICATION_CHANGED to com.android.music.MusicBrowserActivity
02-18 02:43:58.988 1520 1603 I ActivityTaskManager: The Process com.android.music Already Exists in BG. So sending its PID: 12921
02-18 02:43:58.995 2537 4260 W ContextImpl: Calling a method in the system process without a qualified user: android.app.ContextImpl.startService:1816 android.content.ContextWrapper.startService:774 com.thundercomm.gamemode.ingame.services.GameModeActionUtils.startGameModeService:111 com.thundercomm.gamemode.ingame.services.GameModeActionUtils.startGameModeEntry:22 com.thundercomm.gamemode.ingame.services.ActivityMonitoringService$1.onActivityLaunch:139
02-18 02:43:58.997 1520 1520 I GameModeConfig: Current uri is uri = content://com.thundercomm.gamemode.api/gamemode_settings/gamemode_isgaming
02-18 02:43:58.998 1520 1520 I GameModeConfig: isGameModeOn = false
02-18 02:43:58.998 1520 1520 I GameModeConfig: isGameModeOn = false
02-18 02:43:58.998 1520 1520 I GameModeConfig: isDisableVoice = true
02-18 02:43:58.999 1520 12905 D CompatibilityChangeReporter: Compat change id reported: 149924527; UID 10083; state: ENABLED
02-18 02:43:59.000 1520 10280 D CompatibilityChangeReporter: Compat change id reported: 132649864; UID 10083; state: DISABLED
02-18 02:43:59.000 1520 6103 D CompatibilityChangeReporter: Compat change id reported: 182734110; UID 10083; state: ENABLED
02-18 02:43:59.023 1520 10280 D CompatibilityChangeReporter: Compat change id reported: 172100307; UID 10083; state: ENABLED
02-18 02:43:59.031 1520 2286 I GameModeConfig: isGameModeOn = false
02-18 02:43:59.031 1520 2286 I GameModeConfig: isGameModeOn = false
02-18 02:43:59.031 1520 2286 I GameModeConfig: isGameModeOn = false
02-18 02:43:59.031 1520 2286 I GameModeConfig: isGameModeOn = false
02-18 02:43:59.031 1520 2286 I GameModeConfig: isGameModeOn = false
02-18 02:43:59.047 1520 2286 I GameModeConfig: isGameModeOn = false
02-18 02:43:59.047 1520 2286 I GameModeConfig: isGameModeOn = false
02-18 02:43:59.047 1520 2286 I GameModeConfig: isGameModeOn = false
02-18 02:43:59.047 1520 2286 I GameModeConfig: isGameModeOn = false
02-18 02:43:59.048 1520 2286 I GameModeConfig: isGameModeOn = false
01-05 11:42:51.864 0 0 I binder : 12921:12983 ioctl 40046210 6f50f961f4 returned -22
02-18 02:43:59.093 1520 10280 W FreeFormWindowHelper: Current Display FreeFormTask is null
02-18 02:43:59.093 1520 10280 W FreeFormWindowHelper: Current Display FreeFormTask is null
02-18 02:43:59.094 2537 4260 W ContextImpl: Calling a method in the system process without a qualified user: android.app.ContextImpl.startService:1816 android.content.ContextWrapper.startService:774 com.thundercomm.gamemode.ingame.services.GameModeActionUtils.startGameModeService:111 com.thundercomm.gamemode.ingame.services.GameModeActionUtils.startGameModeEntry:22 com.thundercomm.gamemode.ingame.services.ActivityMonitoringService$1.onActivityLaunch:139
02-18 02:43:59.096 1520 1520 I GameModeConfig: Current uri is uri = content://com.thundercomm.gamemode.api/gamemode_settings/gamemode_isgaming
02-18 02:43:59.097 1520 1520 I GameModeConfig: isGameModeOn = false
02-18 02:43:59.097 1520 1520 I GameModeConfig: isGameModeOn = false
02-18 02:43:59.097 1520 1520 I GameModeConfig: isDisableVoice = true
02-18 02:43:59.244 1520 1520 I GameModeConfig: isGameModeOn = false
02-18 02:43:59.246 1520 1520 I GameModeConfig: isGameModeOn = false
02-18 02:43:59.260 1520 1520 I GameModeConfig: isGameModeOn = false
02-18 02:43:59.264 1520 1520 I GameModeConfig: isGameModeOn = false
02-18 02:43:59.576 2537 4260 W ContextImpl: Calling a method in the system process without a qualified user: android.app.ContextImpl.startService:1816 android.content.ContextWrapper.startService:774 com.thundercomm.gamemode.ingame.services.GameModeActionUtils.startGameModeService:111 com.thundercomm.gamemode.ingame.services.GameModeActionUtils.startGameModeEntry:22 com.thundercomm.gamemode.ingame.services.ActivityMonitoringService$1.onActivityLaunch:139
02-18 02:43:59.577 1520 1520 I GameModeConfig: Current uri is uri = content://com.thundercomm.gamemode.api/gamemode_settings/gamemode_isgaming
02-18 02:43:59.578 1520 1520 I GameModeConfig: isGameModeOn = false
02-18 02:43:59.578 1520 1520 I GameModeConfig: isGameModeOn = false
02-18 02:43:59.578 1520 1520 I GameModeConfig: isDisableVoice = true
01-05 11:42:53.657 0 0 I afe_close: port_id = 0x400e
01-05 11:42:53.664 0 0 I btfm_slim_disable_ch: port:16, grp: 0, ch->grph:0x0, ch->ch_hdl:0x1d
02-18 02:44:01.218 1520 2286 I GameModeConfig: isGameModeOn = false
02-18 02:44:01.218 1520 2286 I GameModeConfig: isGameModeOn = false
02-18 02:44:01.218 1520 2286 I GameModeConfig: isGameModeOn = false
02-18 02:44:01.218 1520 2286 I GameModeConfig: isGameModeOn = false
02-18 02:44:01.219 1520 2286 I GameModeConfig: isGameModeOn = false
01-05 11:42:54.031 0 0 I btfm_slim_hw_init: PGD Enum Addr: 00:01:20:02:17: 02
01-05 11:42:54.031 0 0 I btfm_slim_hw_init: IFD Enum Addr: 00:00:20:02:17: 02
01-05 11:42:54.031 0 0 I btfm_slim_hw_init: chipset soc version:400a0200
01-05 11:42:54.031 0 0 I btfm_slim_hw_init: chipset is hastings 2.0, overwriting EA
01-05 11:42:54.031 0 0 I btfm_slim_hw_init: PGD Enum Addr: 00:01:20:02:17: 02
01-05 11:42:54.031 0 0 I btfm_slim_hw_init: IFD Enum Addr: 00:00:20:02:17: 02
01-05 11:42:54.031 0 0 I btfm_slim_alloc_port: chipset soc version:400a0200
01-05 11:42:54.044 0 0 I btfm_slim_enable_ch: chipset soc version:400a0200
01-05 11:42:54.044 0 0 I btfm_slim_enable_ch: channel define - prot:2, dataf:0, auxf:0
01-05 11:42:54.044 0 0 I btfm_slim_enable_ch: channel define - rates:44100, baser:2, ratem:4
01-05 11:42:54.044 0 0 I btfm_slim_enable_ch: slim_connect_sink(port: 16, ch: 157)
01-05 11:42:54.045 0 0 I btfm_slim_enable_ch: port: 16, ch: 157, grp: 0, ch->grph: 0x0, ch_hdl: 0x1d
01-05 11:42:54.046 0 0 I __afe_port_start: port id: 0x400e
01-05 11:42:54.046 0 0 I afe_find_cal_topo_id_by_port: port id: 0x400e, dev_acdb_id: 20
01-05 11:42:54.046 0 0 I afe_find_cal_topo_id_by_port: top_id:112fc acdb_id:20 afe_port_id:0x400e
01-05 11:42:54.046 0 0 I afe_get_cal_topology_id: port_id = 0x400e acdb_id = 20 topology_id = 0x112fc cal_type_index=8 ret=0
01-05 11:42:54.046 0 0 I afe_send_port_topology_id: AFE set topology id 0x112fc enable for port 0x400e ret 0
01-05 11:42:54.046 0 0 I send_afe_cal_type: cal_index is 0
01-05 11:42:54.046 0 0 I send_afe_cal_type: dev_acdb_id[119] is 20
01-05 11:42:54.046 0 0 I afe_find_cal: cal_index 0 port_id 0x400e port_index 119
01-05 11:42:54.046 0 0 I afe_find_cal: acdb_id 20 dev_acdb_id 20 sample_rate 48000 afe_sample_rates 44100
01-05 11:42:54.046 0 0 I afe_find_cal: no matching cal_block found
01-05 11:42:54.046 0 0 E : send_afe_cal_type cal_block not found!!
01-05 11:42:54.046 0 0 I afe_send_hw_delay: port_id 0x400e rate 44100 delay_usec 0 status 0
02-18 02:44:01.267 1520 6830 W ActivityManager: Receiver with filter android.content.IntentFilter@17a2154 already registered for pid 12921, callerPackage is com.android.music
02-18 02:44:01.289 1520 3839 E TaskPersister: File error accessing recents directory (directory doesn't exist?).
02-18 02:44:01.452 1520 1520 I GameModeConfig: isGameModeOn = false
02-18 02:44:02.546 1520 2286 I GameModeConfig: isGameModeOn = false
02-18 02:44:02.546 1520 2286 I GameModeConfig: isGameModeOn = false
02-18 02:44:02.546 1520 2286 I GameModeConfig: isGameModeOn = false
02-18 02:44:02.547 1520 2286 I GameModeConfig: isGameModeOn = false
02-18 02:44:02.547 1520 2286 I GameModeConfig: isGameModeOn = false
02-18 02:44:02.754 1520 1520 I GameModeConfig: isGameModeOn = false
01-05 11:42:56.419 0 0 E DTC_ETH,link_delay_work_func: 3003, SQI=0, link=0
02-18 02:44:04.090 1520 12905 W FreeFormWindowHelper: Current Display FreeFormTask is null
02-18 02:44:04.092 1520 12905 W FreeFormWindowHelper: Current Display FreeFormTask is null
02-18 02:44:04.092 1520 12905 W FreeFormWindowHelper: Current Display FreeFormTask is null
02-18 02:44:04.094 1520 1603 W FreeFormWindowHelper: Current Display FreeFormTask is null
02-18 02:44:04.115 2537 4260 W ContextImpl: Calling a method in the system process without a qualified user: android.app.ContextImpl.startService:1816 android.content.ContextWrapper.startService:774 com.thundercomm.gamemode.ingame.services.GameModeActionUtils.startGameModeService:111 com.thundercomm.gamemode.ingame.services.GameModeActionUtils.startGameModeEntry:22 com.thundercomm.gamemode.ingame.services.ActivityMonitoringService$1.onActivityLaunch:139
02-18 02:44:04.120 1520 1520 I GameModeConfig: Current uri is uri = content://com.thundercomm.gamemode.api/gamemode_settings/gamemode_isgaming
02-18 02:44:04.122 1520 1603 W FreeFormWindowHelper: Current Display FreeFormTask is null
02-18 02:44:04.123 1520 1603 W FreeFormWindowHelper: Current Display FreeFormTask is null
02-18 02:44:04.123 1520 1520 I GameModeConfig: isGameModeOn = false
02-18 02:44:04.123 1520 1520 I GameModeConfig: isGameModeOn = false
02-18 02:44:04.123 1520 6830 W FreeFormWindowHelper: Current Display FreeFormTask is null
02-18 02:44:04.123 1520 1520 I GameModeConfig: isDisableVoice = true
02-18 02:44:04.136 1520 1603 W FreeFormWindowHelper: Current Display FreeFormTask is null
02-18 02:44:04.144 1520 2415 W ActivityTaskManager: getTaskSnapshot: taskId=1077 not found
02-18 02:44:04.146 1520 2415 W FreeFormWindowHelper: Current Display FreeFormTask is null
02-18 02:44:04.146 1520 1603 W ActivityTaskManager: getTaskSnapshot: taskId=2077 not found
02-18 02:44:04.146 1520 2415 W FreeFormWindowHelper: Current Display FreeFormTask is null
02-18 02:44:04.146 1520 1603 W ActivityTaskManager: getTaskSnapshot: taskId=3077 not found
02-18 02:44:04.146 1520 1603 W ActivityTaskManager: getTaskSnapshot: taskId=1077 not found
02-18 02:44:04.146 1520 1603 W ActivityTaskManager: getTaskSnapshot: taskId=2077 not found
02-18 02:44:04.148 1520 1603 W ActivityTaskManager: getTaskSnapshot: taskId=1077 not found
02-18 02:44:04.148 1520 1603 W ActivityTaskManager: getTaskSnapshot: taskId=2077 not found
02-18 02:44:04.148 1520 1603 W ActivityTaskManager: getTaskSnapshot: taskId=3077 not found
02-18 02:44:04.150 1520 1603 W ActivityTaskManager: getTaskSnapshot: taskId=4077 not found
02-18 02:44:04.151 1520 1603 W ActivityTaskManager: getTaskSnapshot: taskId=5077 not found
02-18 02:44:04.155 1520 1603 W FreeFormWindowHelper: exitRecentTasks type=0
02-18 02:44:04.158 1520 2415 W FreeFormWindowHelper: Current Display FreeFormTask is null
02-18 02:44:04.158 1520 2415 W FreeFormWindowHelper: Current Display FreeFormTask is null
02-18 02:44:04.168 1520 12905 W FreeFormWindowHelper: Current Display FreeFormTask is null
02-18 02:44:04.168 1520 12905 W FreeFormWindowHelper: Current Display FreeFormTask is null
02-18 02:44:04.888 1520 2415 W FreeFormWindowHelper: Current Display FreeFormTask is null
02-18 02:44:04.888 1520 2415 W FreeFormWindowHelper: Current Display FreeFormTask is null
02-18 02:44:04.904 1520 2415 I ActivityTaskManager: FOREGROUND_APPLICATION_CHANGED to com.android.launcher3.uioverrides.QuickstepLauncher
02-18 02:44:04.961 2537 4260 W ContextImpl: Calling a method in the system process without a qualified user: android.app.ContextImpl.startService:1816 android.content.ContextWrapper.startService:774 com.thundercomm.gamemode.ingame.services.GameModeActionUtils.startGameModeService:111 com.thundercomm.gamemode.ingame.services.GameModeActionUtils.startGameModeEntry:22 com.thundercomm.gamemode.ingame.services.ActivityMonitoringService$1.onActivityLaunch:139
02-18 02:44:04.964 1520 1520 I GameModeConfig: Current uri is uri = content://com.thundercomm.gamemode.api/gamemode_settings/gamemode_isgaming
02-18 02:44:04.967 1520 1520 I GameModeConfig: isGameModeOn = false
02-18 02:44:04.967 1520 1520 I GameModeConfig: isGameModeOn = false
02-18 02:44:04.967 1520 1520 I GameModeConfig: isDisableVoice = true
02-18 02:44:05.014 1520 6830 W FreeFormWindowHelper: Current Display FreeFormTask is null
02-18 02:44:05.016 2537 4260 W ContextImpl: Calling a method in the system process without a qualified user: android.app.ContextImpl.startService:1816 android.content.ContextWrapper.startService:774 com.thundercomm.gamemode.ingame.services.GameModeActionUtils.startGameModeService:111 com.thundercomm.gamemode.ingame.services.GameModeActionUtils.startGameModeEntry:22 com.thundercomm.gamemode.ingame.services.ActivityMonitoringService$1.onActivityLaunch:139
02-18 02:44:05.017 1520 1520 I GameModeConfig: Current uri is uri = content://com.thundercomm.gamemode.api/gamemode_settings/gamemode_isgaming
02-18 02:44:05.020 1520 1520 I GameModeConfig: isGameModeOn = false
02-18 02:44:05.020 1520 1520 I GameModeConfig: isGameModeOn = false
02-18 02:44:05.020 1520 1520 I GameModeConfig: isDisableVoice = true
01-05 11:42:57.993 0 0 I binder : 1520:1802 ioctl 400c620e 6f1c4355d8 returned -22
01-05 11:42:57.994 0 0 I binder : 1520:1802 ioctl c00c620f 6f1c4355b8 returned -22
02-18 02:44:05.206 1520 1802 D ActivityManager: freezing 12106 android.process.media
02-18 02:44:05.206 1520 1802 E ActivityManager: Unable to freeze binder for 12106 android.process.media
02-18 02:44:05.207 1520 1802 D ActivityManager: froze 12106 android.process.media
02-18 02:44:05.207 1520 1802 E ActivityManager: Unable to freeze binder for 12106 android.process.media
02-18 02:44:05.208 1520 1802 I ActivityManager: Killing 12106:android.process.media/u0a23 (adj 935): Unable to freeze binder interface
02-18 02:44:06.238 1520 2286 I GameModeConfig: isGameModeOn = false
02-18 02:44:06.238 1520 2286 I GameModeConfig: isGameModeOn = false
02-18 02:44:06.238 1520 2286 I GameModeConfig: isGameModeOn = false
02-18 02:44:06.239 1520 2286 I GameModeConfig: isGameModeOn = false
02-18 02:44:06.239 1520 2286 I GameModeConfig: isGameModeOn = false
02-18 02:44:06.442 1520 1520 I GameModeConfig: isGameModeOn = false
01-05 11:43:01.538 0 0 E DTC_ETH,link_delay_work_func: 3003, SQI=0, link=0
01-05 11:43:02.052 0 0 I msm_vidc: err : ffffffff: .....: DBLP Set: status 0
02-18 02:44:12.764 1520 2286 I GameModeConfig: isGameModeOn = false
01-05 11:43:06.658 0 0 E DTC_ETH,link_delay_work_func: 3003, SQI=0, link=0
02-18 02:44:16.250 1520 2286 I GameModeConfig: isGameModeOn = false
02-18 02:44:16.443 1520 2286 I GameModeConfig: isGameModeOn = false
02-18 02:44:16.805 1520 1609 D CompatibilityChangeReporter: Compat change id reported: 173031413; UID 1000; state: ENABLED
02-18 02:44:16.806 1520 1609 D CompatibilityChangeReporter: Compat change id reported: 173031413; UID 1000; state: DISABLED
02-18 02:44:16.808 1520 1520 D WindowManager: powerPress: eventTime=6470232 interactive=true count=0 beganFromNonInteractive=false mShortPressOnPowerBehavior=1
02-18 02:44:16.808 1520 1520 I PowerManagerService: Powering off display group due to power_button (groupId= 0, uid= 1000)...
02-18 02:44:16.808 1520 1520 I PowerManagerService: Going to sleep due to power_button (uid 1000)...
02-18 02:44:16.810 1520 1637 I PowerManagerService: Sleeping display group (groupId=0, uid=1000)...
02-18 02:44:16.810 1520 1637 I PowerManagerService: Sleeping (uid 1000)...
02-18 02:44:16.899 1520 1637 I DisplayPowerController[0]: Blocking screen off
02-18 02:44:16.899 1520 2324 E DisplayDeviceConfig: requesting nits when no mapping exists.
02-18 02:44:16.899 1520 1637 I DisplayPowerController[0]: Unblocked screen off after 0 ms
02-18 02:44:16.900 1520 2324 E DisplayDeviceConfig: requesting nits when no mapping exists.
02-18 02:44:16.903 1520 1637 D ActivityTaskManager: Top Process State changed to PROCESS_STATE_TOP_SLEEPING
02-18 02:44:16.903 1520 1619 I DropBoxManagerService: add tag=system_server_wtf isTagEnabled=true flags=0x2
02-18 02:44:16.906 1520 1619 I DropBoxManagerService: add tag=system_server_wtf isTagEnabled=true flags=0x2
02-18 02:44:16.907 1520 1637 V DisplayPowerController[0]: Brightness [0.0] reason changing to: 'screen_off', previous reason: 'manual'.
02-18 02:44:16.915 1520 1627 E KernelCpuSpeedReader: Failed to read cpu-freq: /sys/devices/system/cpu/cpu4/cpufreq/stats/time_in_state: open failed: ENOENT (No such file or directory)
02-18 02:44:16.915 1520 1627 E KernelCpuSpeedReader: Failed to read cpu-freq: /sys/devices/system/cpu/cpu0/cpufreq/stats/time_in_state: open failed: ENOENT (No such file or directory)
02-18 02:44:16.921 1520 1612 I DisplayDeviceRepository: Display device changed state: "内置屏幕", OFF
01-05 11:43:09.718 0 0 E : [MAX975X:max96755x_drm_notifier_callback] *ERROR* receives EARLY_BLANK:POWERDOWN
01-05 11:43:09.718 0 0 I cyttsp7_i2c_adapter 0-0024: FB event:2,blank:1
