02-18 03:06:50.255 1520 6102 I sysui_multi_action: [757,128,758,4,793,27794,794,7580,795,3024,796,2147483644,798,0,806,com.android.deskclock,857,TimerModelNotification,858,3,947,0,1395,4,1500,3024,1688,1,1745,-868672399]
02-18 03:06:50.255 1520 6102 I notification_clicked: [0|com.android.deskclock|2147483644|null|10064,27794,3024,7580,0,4]
02-18 03:06:50.255 1520 2748 I ActivityTaskManager: FOREGROUND_APPLICATION_CHANGED to com.android.deskclock.timer.ExpiredTimersActivity
02-18 03:06:50.255 1520 1520 I sysui_multi_action: [757,804,799,note_click_longevity,801,0,802,1]
02-18 03:06:50.256 1520 2748 I ActivityTaskManager: The Process com.android.deskclock Already Exists in BG. So sending its PID: 14687
02-18 03:06:50.256 1520 2748 W ActivityTaskManager: Tried to set launchTime (0) < mLastActivityLaunchTime (7804850)
02-18 03:06:50.256 1520 2748 I wm_add_to_stopping: [0,58637558,com.android.launcher3/.uioverrides.QuickstepLauncher,makeInvisible]
02-18 03:06:50.256 1520 2748 I wm_restart_activity: [0,266973645,90,com.android.deskclock/.timer.ExpiredTimersActivity]
02-18 03:06:50.257 1520 2748 I wm_set_resumed_activity: [0,com.android.deskclock/.timer.ExpiredTimersActivity,minimalResumeActivityLocked]
02-18 03:06:50.261 1520 1612 I sysui_multi_action: [757,803,799,window_time_0,802,10]
02-18 03:06:50.262 2537 4260 W ContextImpl: Calling a method in the system process without a qualified user: android.app.ContextImpl.startService:1816 android.content.ContextWrapper.startService:774 com.thundercomm.gamemode.ingame.services.GameModeActionUtils.startGameModeService:111 com.thundercomm.gamemode.ingame.services.GameModeActionUtils.startGameModeEntry:22 com.thundercomm.gamemode.ingame.services.ActivityMonitoringService$1.onActivityLaunch:139
02-18 03:06:50.265 1520 2750 E ActivityTaskManager: Permission Denial: android.intent.action.CLOSE_SYSTEM_DIALOGS broadcast from com.android.deskclock (pid=14687, uid=10064) requires android.permission.BROADCAST_CLOSE_SYSTEM_DIALOGS, dropping broadcast.
02-18 03:06:50.266 1520 1520 I GameModeConfig: Current uri is uri = content://com.thundercomm.gamemode.api/gamemode_settings/gamemode_isgaming
02-18 03:06:50.270 14687 14687 I wm_on_create_called: [266973645,com.android.deskclock.timer.ExpiredTimersActivity,performCreate]
02-18 03:06:50.270 1520 1520 I GameModeConfig: isGameModeOn = false
02-18 03:06:50.270 14687 14687 I wm_on_start_called: [266973645,com.android.deskclock.timer.ExpiredTimersActivity,handleStartActivity]
02-18 03:06:50.270 1520 1520 I GameModeConfig: isGameModeOn = false
02-18 03:06:50.270 1520 1520 I GameModeConfig: isDisableVoice = true
02-18 03:06:50.270 14687 14687 I wm_on_resume_called: [266973645,com.android.deskclock.timer.ExpiredTimersActivity,RESUME_ACTIVITY]
02-18 03:06:50.272 14687 14687 I wm_on_top_resumed_gained_called: [266973645,com.android.deskclock.timer.ExpiredTimersActivity,topStateChangedWhenResumed]
02-18 03:06:50.295 1520 1608 I sysui_multi_action: [319,40,321,37,322,48,325,7823,757,761,758,8,759,1,806,com.android.deskclock,871,com.android.deskclock.timer.ExpiredTimersActivity,904,com.android.deskclock,905,0,1320,4,1321,1]
02-18 03:06:50.296 1520 1608 I wm_activity_launch_time: [0,266973645,com.android.deskclock/.timer.ExpiredTimersActivity,48]
02-18 03:06:50.359 1520 6588 W FreeFormWindowHelper: Current Display FreeFormTask is null
02-18 03:06:50.359 1520 6588 W FreeFormWindowHelper: Current Display FreeFormTask is null
02-18 03:06:50.359 2537 4260 W ContextImpl: Calling a method in the system process without a qualified user: android.app.ContextImpl.startService:1816 android.content.ContextWrapper.startService:774 com.thundercomm.gamemode.ingame.services.GameModeActionUtils.startGameModeService:111 com.thundercomm.gamemode.ingame.services.GameModeActionUtils.startGameModeEntry:22 com.thundercomm.gamemode.ingame.services.ActivityMonitoringService$1.onActivityLaunch:139
02-18 03:06:50.361 1520 1520 I GameModeConfig: Current uri is uri = content://com.thundercomm.gamemode.api/gamemode_settings/gamemode_isgaming
02-18 03:06:50.361 1520 1520 I GameModeConfig: isGameModeOn = false
02-18 03:06:50.361 1520 1520 I GameModeConfig: isGameModeOn = false
02-18 03:06:50.361 1520 1520 I GameModeConfig: isDisableVoice = true
01-05 12:05:43.458 0 0 E DTC_ETH,link_delay_work_func: 3003, SQI=0, link=0
02-18 03:06:50.820 1520 1612 I wm_stop_activity: [0,58637558,com.android.launcher3/.uioverrides.QuickstepLauncher]
02-18 03:06:50.822 1520 2286 I GameModeConfig: isGameModeOn = false
02-18 03:06:50.822 1520 2286 I GameModeConfig: isGameModeOn = false
02-18 03:06:50.823 1520 2286 I GameModeConfig: isGameModeOn = false
02-18 03:06:50.823 1520 2286 I GameModeConfig: isGameModeOn = false
02-18 03:06:50.823 1520 2286 I GameModeConfig: isGameModeOn = false
02-18 03:06:50.823 1520 2286 I GameModeConfig: isGameModeOn = false
02-18 03:06:50.823 1520 1520 I notification_enqueue: [10079,2348,com.android.systemui,2048,NULL,0,Notification(channel=updateNotification shortcut=null contentView=null vibrate=null sound=null defaults=0x0 flags=0x0 color=0x00000000 vis=PRIVATE),1]
02-18 03:06:50.823 2348 2348 I sysui_multi_action: [757,111,758,2]
02-18 03:06:50.823 2348 2348 I sysui_multi_action: [757,111,758,2]
02-18 03:06:50.828 1520 1613 I input_focus: [Focus request 4d5b7da com.android.deskclock/com.android.deskclock.timer.ExpiredTimersActivity,reason=UpdateInputWindows]
02-18 03:06:50.835 1520 6588 I sysui_multi_action: [757,128,758,2,793,7692620,794,8161,795,7692620,796,26,798,0,806,android,857,DEVELOPER_IMPORTANT,858,4,947,0,1395,4,1500,7692414,1688,1]
02-18 03:06:50.835 1520 6588 I notification_visibility: [-1|android|26|null|1000,0,7692620,7692620,0,0]
02-18 03:06:50.835 1520 6588 I sysui_multi_action: [757,128,758,2,793,7800768,794,8160,795,233204,796,17303299,797,com.android.wifi,798,2,806,android,857,NETWORK_AVAILABLE,858,2,947,0,1395,4,1500,8160,1688,1]
02-18 03:06:50.835 1520 6588 I notification_visibility: [0|android|17303299|com.android.wifi|1000,0,7800768,233204,0,2]
02-18 03:06:50.835 1520 6588 I sysui_multi_action: [757,128,758,2,793,28374,794,8160,795,3604,796,2147483644,798,1,806,com.android.deskclock,857,TimerModelNotification,858,3,947,0,1395,4,1500,3604,1688,1,1745,-868672399]
02-18 03:06:50.835 1520 6588 I notification_visibility: [0|com.android.deskclock|2147483644|null|10064,0,28374,3604,0,1]
02-18 03:06:50.835 1520 6588 I sysui_multi_action: [757,128,758,2,793,7801638,794,8159,795,7801638,796,32,798,3,806,android,857,USB,858,1,947,0,1395,4,1500,7801280,1688,1]
02-18 03:06:50.835 1520 6588 I notification_visibility: [-1|android|32|null|1000,0,7801638,7801638,0,3]
02-18 03:06:50.838 1520 6588 I sysui_multi_action: [757,127,758,2]
02-18 03:06:50.838 1520 6588 I notification_panel_hidden:
02-18 03:06:50.839 1520 1821 I input_focus: [Focus leaving 3373de6 NotificationShade (server),reason=NOT_FOCUSABLE]
02-18 03:06:50.839 1520 1821 I input_focus: [Focus entering 4d5b7da com.android.deskclock/com.android.deskclock.timer.ExpiredTimersActivity (server),reason=setFocusedWindow]
02-18 03:06:50.844 2828 2828 I wm_on_stop_called: [58637558,com.android.launcher3.uioverrides.QuickstepLauncher,STOP_ACTIVITY_ITEM]
02-18 03:06:50.857 2537 4260 W ContextImpl: Calling a method in the system process without a qualified user: android.app.ContextImpl.startService:1816 android.content.ContextWrapper.startService:774 com.thundercomm.gamemode.ingame.services.GameModeActionUtils.startGameModeService:111 com.thundercomm.gamemode.ingame.services.GameModeActionUtils.startGameModeEntry:22 com.thundercomm.gamemode.ingame.services.ActivityMonitoringService$1.onActivityLaunch:139
02-18 03:06:50.859 1520 1520 I GameModeConfig: Current uri is uri = content://com.thundercomm.gamemode.api/gamemode_settings/gamemode_isgaming
02-18 03:06:50.859 1520 1520 I GameModeConfig: isGameModeOn = false
02-18 03:06:50.859 1520 1520 I GameModeConfig: isGameModeOn = false
02-18 03:06:50.859 1520 1520 I GameModeConfig: isDisableVoice = true
02-18 03:06:51.024 1520 1520 I GameModeConfig: isGameModeOn = false
02-18 03:06:51.618 1520 1821 I input_interaction: Interaction with: 4d5b7da com.android.deskclock/com.android.deskclock.timer.ExpiredTimersActivity (server), edge-swipe (server), swipe-up (server), PointerEventDispatcher0 (server),
02-18 03:06:53.172 1520 2286 I GameModeConfig: isGameModeOn = false
02-18 03:06:53.173 1520 2286 I GameModeConfig: isGameModeOn = false
02-18 03:06:53.173 1520 2286 I GameModeConfig: isGameModeOn = false
02-18 03:06:53.173 1520 2286 I GameModeConfig: isGameModeOn = false
02-18 03:06:53.173 1520 2286 I GameModeConfig: isGameModeOn = false
02-18 03:06:53.173 1520 2286 I GameModeConfig: isGameModeOn = false
02-18 03:06:53.175 1520 1520 I notification_enqueue: [10064,14687,com.android.deskclock,2147483645,NULL,0,Notification(channel=TimerModelNotification shortcut=null contentView=com.android.deskclock/0x7f0d0024 vibrate=null sound=null defaults=0x0 flags=0x102 color=0xff1a237e category=alarm groupKey=2 sortKey=0 actions=2 vis=PUBLIC),0]
02-18 03:06:53.178 1520 2748 W ActivityManager: Foreground service started from background can not have location/camera/microphone access: service com.android.deskclock/.timer.TimerService
02-18 03:06:53.178 1520 2286 I GameModeConfig: isGameModeOn = false
02-18 03:06:53.178 1520 2286 I GameModeConfig: isGameModeOn = false
02-18 03:06:53.178 1520 2286 I GameModeConfig: isGameModeOn = false
02-18 03:06:53.179 1520 2286 I GameModeConfig: isGameModeOn = false
02-18 03:06:53.179 1520 2286 I GameModeConfig: isGameModeOn = false
02-18 03:06:53.179 1520 2286 I GameModeConfig: isGameModeOn = false
02-18 03:06:53.180 1520 1520 I notification_enqueue: [10064,14687,com.android.deskclock,2147483644,NULL,0,Notification(channel=TimerModelNotification shortcut=null contentView=com.android.deskclock/0x7f0d0024 vibrate=null sound=null defaults=0x0 flags=0x1c2 color=0xff1a237e actions=1 vis=PRIVATE),1]
02-18 03:06:53.376 1520 1520 I sysui_multi_action: [757,1501,758,1,793,203,794,0,795,203,796,2147483645,806,com.android.deskclock,857,TimerModelNotification,858,3,946,2,947,0,1500,0,1641,alarm,1688,1,1745,-868672399]
02-18 03:06:53.376 1520 1520 I sysui_multi_action: [757,804,799,note_interruptive,801,0,802,1]
02-18 03:06:53.376 1520 1520 I GameModeConfig: isGameModeOn = false
02-18 03:06:53.380 1520 1520 W NotificationHistory: Attempted to add notif for locked/gone/disabled user 0
02-18 03:06:53.383 1520 1520 I GameModeConfig: isGameModeOn = false
02-18 03:06:53.384 1520 1520 E NotificationService: Muting recently noisy 0|com.android.deskclock|2147483644|null|10064
02-18 03:06:55.791 1520 2286 I GameModeConfig: isGameModeOn = false
02-18 03:06:55.791 1520 2286 I GameModeConfig: isGameModeOn = false
02-18 03:06:55.792 1520 2286 I GameModeConfig: isGameModeOn = false
02-18 03:06:55.792 1520 2286 I GameModeConfig: isGameModeOn = false
02-18 03:06:55.792 1520 2286 I GameModeConfig: isGameModeOn = false
02-18 03:06:55.792 1520 2286 I GameModeConfig: isGameModeOn = false
02-18 03:06:55.792 1520 2286 I GameModeConfig: isGameModeOn = false
02-18 03:06:55.793 1520 1520 I notification_enqueue: [10064,14687,com.android.deskclock,2147483645,NULL,0,Notification(channel=TimerModelNotification shortcut=null contentView=com.android.deskclock/0x7f0d0024 vibrate=null sound=null defaults=0x0 flags=0x102 color=0xff1a237e category=alarm groupKey=2 sortKey=0 actions=1 vis=PUBLIC),1]
01-05 12:05:48.578 0 0 E DTC_ETH,link_delay_work_func: 3003, SQI=0, link=0
02-18 03:06:55.796 1520 2748 W ActivityManager: Foreground service started from background can not have location/camera/microphone access: service com.android.deskclock/.timer.TimerService
02-18 03:06:55.796 1520 2286 I GameModeConfig: isGameModeOn = false
02-18 03:06:55.796 1520 2286 I GameModeConfig: isGameModeOn = false
02-18 03:06:55.797 1520 2286 I GameModeConfig: isGameModeOn = false
02-18 03:06:55.797 1520 2286 I GameModeConfig: isGameModeOn = false
02-18 03:06:55.797 1520 2286 I GameModeConfig: isGameModeOn = false
02-18 03:06:55.797 1520 2286 I GameModeConfig: isGameModeOn = false
02-18 03:06:55.797 1520 2286 I GameModeConfig: isGameModeOn = false
02-18 03:06:55.797 1520 1520 I notification_enqueue: [10064,14687,com.android.deskclock,2147483644,NULL,0,Notification(channel=TimerModelNotification shortcut=null contentView=com.android.deskclock/0x7f0d0024 vibrate=null sound=null defaults=0x0 flags=0x1c2 color=0xff1a237e actions=2 vis=PRIVATE),1]
02-18 03:06:55.995 1520 1520 I sysui_multi_action: [757,1501,758,1,793,2822,794,0,795,203,796,2147483645,806,com.android.deskclock,857,TimerModelNotification,858,3,946,2,947,0,1500,0,1641,alarm,1688,1,1745,-868672399]
02-18 03:06:55.995 1520 1520 I sysui_multi_action: [757,804,799,note_interruptive,801,0,802,1]
02-18 03:06:55.995 1520 1520 I GameModeConfig: isGameModeOn = false
02-18 03:06:55.998 1520 1520 W NotificationHistory: Attempted to add notif for locked/gone/disabled user 0
02-18 03:06:56.004 1520 1520 I GameModeConfig: isGameModeOn = false
02-18 03:06:56.004 1520 1520 E NotificationService: Muting recently noisy 0|com.android.deskclock|2147483644|null|10064
02-18 03:06:56.846 1520 1821 I input_interaction: Interaction with: ae306c3 StatusBar (server), edge-swipe (server), swipe-up (server), PointerEventDispatcher0 (server),
02-18 03:06:56.848 2348 2348 I sysui_multi_action: [757,803,799,panel_open,802,1]
02-18 03:06:56.849 2348 2348 I sysui_multi_action: [757,1328,758,4,1326,58,1327,1,1329,0]
02-18 03:06:56.888 1520 2750 I sysui_multi_action: [757,127,758,1]
02-18 03:06:56.888 1520 2750 I sysui_multi_action: [757,804,799,note_load,801,5,802,1]
02-18 03:06:56.888 1520 2750 I notification_panel_revealed: 5
02-18 03:06:56.894 1520 1613 I input_focus: [Focus request 3373de6 NotificationShade,reason=UpdateInputWindows]
02-18 03:06:56.905 1520 1821 I input_focus: [Focus leaving 4d5b7da com.android.deskclock/com.android.deskclock.timer.ExpiredTimersActivity (server),reason=Waiting for window because NOT_VISIBLE]
02-18 03:06:56.907 1520 2748 I sysui_multi_action: [757,128,758,1,793,7698692,794,0,795,7698692,796,26,798,0,806,android,857,DEVELOPER_IMPORTANT,858,4,947,0,1395,5,1500,7698486,1688,1]
02-18 03:06:56.907 1520 2748 I sysui_multi_action: [757,804,799,note_freshness,801,7698692,802,1]
02-18 03:06:56.907 1520 2748 I notification_visibility: [-1|android|26|null|1000,1,7698692,7698692,0,0]
02-18 03:06:56.907 1520 2748 I sysui_multi_action: [757,128,758,1,793,7806840,794,0,795,239276,796,17303299,797,com.android.wifi,798,3,806,android,857,NETWORK_AVAILABLE,858,2,947,0,1395,5,1500,14232,1688,1]
02-18 03:06:56.907 1520 2748 I sysui_multi_action: [757,1501,758,1,793,7806840,794,0,795,239276,796,17303299,797,com.android.wifi,806,android,857,NETWORK_AVAILABLE,858,2,947,0,1500,0,1688,1]
02-18 03:06:56.907 1520 2748 I sysui_multi_action: [757,804,799,note_interruptive,801,0,802,1]
02-18 03:06:56.907 1520 2748 I sysui_multi_action: [757,804,799,note_freshness,801,239276,802,1]
02-18 03:06:56.907 1520 2748 I notification_visibility: [0|android|17303299|com.android.wifi|1000,1,7806840,239276,0,3]
02-18 03:06:56.908 1520 2748 I sysui_multi_action: [757,128,758,1,793,34447,794,0,795,1112,796,2147483644,798,2,806,com.android.deskclock,857,TimerModelNotification,858,3,947,0,1395,5,1500,1112,1688,1,1745,-868672399]
02-18 03:06:56.908 1520 2748 I sysui_multi_action: [757,804,799,note_freshness,801,1112,802,1]
02-18 03:06:56.908 1520 2748 I notification_visibility: [0|com.android.deskclock|2147483644|null|10064,1,34447,1112,0,2]
02-18 03:06:56.908 1520 2748 I sysui_multi_action: [757,128,758,1,793,3735,794,0,795,1116,796,2147483645,798,1,806,com.android.deskclock,857,TimerModelNotification,858,3,946,2,947,0,1395,5,1500,913,1641,alarm,1688,1,1745,-868672399]
02-18 03:06:56.908 1520 2748 I sysui_multi_action: [757,1501,758,1,793,3735,794,0,795,1116,796,2147483645,806,com.android.deskclock,857,TimerModelNotification,858,3,946,2,947,0,1500,0,1641,alarm,1688,1,1745,-868672399]
02-18 03:06:56.908 1520 2748 I sysui_multi_action: [757,804,799,note_interruptive,801,0,802,1]
02-18 03:06:56.908 1520 2748 I sysui_multi_action: [757,804,799,note_freshness,801,1116,802,1]
02-18 03:06:56.908 1520 2748 I notification_visibility: [0|com.android.deskclock|2147483645|null|10064,1,3735,1116,0,1]
02-18 03:06:56.909 1520 2748 I sysui_multi_action: [757,128,758,1,793,7807712,794,0,795,7807712,796,32,798,4,806,android,857,USB,858,1,947,0,1395,5,1500,7807354,1688,1]
02-18 03:06:56.909 1520 2748 I sysui_multi_action: [757,804,799,note_freshness,801,7807712,802,1]
02-18 03:06:56.909 1520 2748 I notification_visibility: [-1|android|32|null|1000,1,7807712,7807712,0,4]
02-18 03:06:56.910 1520 6102 I sysui_multi_action: [757,128,758,3,793,34448,794,1,795,1113,796,2147483644,806,com.android.deskclock,857,TimerModelNotification,858,3,947,0,1500,1113,1688,1,1745,-868672399]
02-18 03:06:56.922 1520 1821 I input_focus: [Focus entering 3373de6 NotificationShade (server),reason=Window became focusable. Previous reason: NOT_VISIBLE]
02-18 03:06:56.982 2348 2348 I sysui_multi_action: [757,111,758,1]
02-18 03:06:56.983 2348 2348 I sysui_multi_action: [757,126,758,1,759,126,927,0,928,1,1593,1]
02-18 03:06:56.983 2348 2348 I sysui_multi_action: [757,113,758,1,759,113,927,1,928,1,1593,1]
02-18 03:06:56.983 2348 2348 I sysui_multi_action: [757,0,758,1,759,0,927,2,928,0,1593,1]
02-18 03:06:56.983 2348 2348 I sysui_multi_action: [757,0,758,1,759,0,927,3,928,0,1593,1]
02-18 03:06:56.983 2348 2348 I sysui_multi_action: [757,491,758,1,759,491,927,4,928,0,1311,-1,1593,0]
02-18 03:06:56.983 2348 2348 I sysui_multi_action: [757,0,758,1,759,0,927,5,928,0,1593,0]
02-18 03:06:56.984 2348 2348 I sysui_multi_action: [757,111,758,1]
02-18 03:06:56.984 2348 2348 I sysui_multi_action: [757,126,758,1,759,126,927,0,928,1,1593,1]
02-18 03:06:56.984 2348 2348 I sysui_multi_action: [757,113,758,1,759,113,927,1,928,1,1593,1]
02-18 03:06:56.984 2348 2348 I sysui_multi_action: [757,0,758,1,759,0,927,2,928,0,1593,1]
02-18 03:06:56.984 2348 2348 I sysui_multi_action: [757,0,758,1,759,0,927,3,928,0,1593,1]
02-18 03:06:57.232 1520 2286 I GameModeConfig: isGameModeOn = false
02-18 03:06:57.232 1520 2286 I GameModeConfig: isGameModeOn = false
02-18 03:06:57.437 1520 2286 I GameModeConfig: isGameModeOn = false
02-18 03:06:57.926 1520 2750 I sysui_multi_action: [757,128,758,2,793,7808729,794,1017,795,7808729,796,32,798,4,806,android,857,USB,858,1,947,0,1395,5,1500,7808371,1688,1]
02-18 03:06:57.926 1520 2750 I notification_visibility: [-1|android|32|null|1000,0,7808729,7808729,0,4]
02-18 03:06:58.014 1520 1821 I input_interaction: Interaction with: 3373de6 NotificationShade (server), edge-swipe (server), swipe-up (server), PointerEventDispatcher0 (server),
02-18 03:06:58.087 2348 2348 I sysui_multi_action: [757,407,758,4,759,0]
02-18 03:06:58.476 1520 2750 I sysui_multi_action: [757,128,758,1,793,7809279,794,0,795,7809279,796,32,798,4,806,android,857,USB,858,1,947,0,1395,5,1500,7808921,1688,1]
02-18 03:06:58.476 1520 2750 I sysui_multi_action: [757,804,799,note_freshness,801,7809279,802,1]
02-18 03:06:58.476 1520 2750 I notification_visibility: [-1|android|32|null|1000,1,7809279,7809279,0,4]
02-18 03:06:58.477 1520 2750 I sysui_multi_action: [757,128,758,14,793,36016,794,1569,795,2681,796,2147483644,806,com.android.deskclock,857,TimerModelNotification,858,3,947,0,1500,2681,1688,1,1745,-868672399]
02-18 03:06:58.795 1520 2750 I ActivityTaskManager: START u0 {cmp=com.android.deskclock/.timer.ExpiredTimersActivity} from uid 10064
02-18 03:06:58.796 1520 2750 W ActivityTaskManager: startActivity called from non-Activity context; forcing Intent.FLAG_ACTIVITY_NEW_TASK for: Intent { flg=0x800000 cmp=com.android.deskclock/.timer.ExpiredTimersActivity }
02-18 03:06:58.796 1520 2750 I wm_new_intent: [0,266973645,90,com.android.deskclock/.timer.ExpiredTimersActivity,NULL,NULL,NULL,276824064]
02-18 03:06:58.797 1520 2750 I wm_task_moved: [90,1,6]
02-18 03:06:58.797 1520 2750 I wm_set_resumed_activity: [0,com.android.deskclock/.timer.ExpiredTimersActivity,positionChildAt]
02-18 03:06:58.802 1520 2750 I sysui_multi_action: [757,128,758,2,793,7700586,794,1894,795,7700586,796,26,798,0,806,android,857,DEVELOPER_IMPORTANT,858,4,947,0,1395,5,1500,7700380,1688,1]
02-18 03:06:58.802 1520 2750 I notification_visibility: [-1|android|26|null|1000,0,7700586,7700586,0,0]
02-18 03:06:58.802 1520 2750 I sysui_multi_action: [757,128,758,2,793,7808735,794,1895,795,241171,796,17303299,797,com.android.wifi,798,3,806,android,857,NETWORK_AVAILABLE,858,2,947,0,1395,5,1500,1895,1688,1]
02-18 03:06:58.802 1520 2750 I notification_visibility: [0|android|17303299|com.android.wifi|1000,0,7808735,241171,0,3]
02-18 03:06:58.803 1520 2750 I sysui_multi_action: [757,128,758,2,793,36341,794,1894,795,3006,796,2147483644,798,2,806,com.android.deskclock,857,TimerModelNotification,858,3,947,0,1395,5,1500,3006,1688,1,1745,-868672399]
02-18 03:06:58.803 14687 14687 I wm_on_top_resumed_lost_called: [266973645,com.android.deskclock.timer.ExpiredTimersActivity,pausing]
02-18 03:06:58.804 14687 14687 I wm_on_paused_called: [266973645,com.android.deskclock.timer.ExpiredTimersActivity,performPause]
02-18 03:06:58.804 14687 14687 I wm_on_resume_called: [266973645,com.android.deskclock.timer.ExpiredTimersActivity,LIFECYCLER_RESUME_ACTIVITY]
02-18 03:06:58.804 14687 14687 I wm_on_top_resumed_gained_called: [266973645,com.android.deskclock.timer.ExpiredTimersActivity,topWhenResuming]
02-18 03:06:58.805 1520 2750 I notification_visibility: [0|com.android.deskclock|2147483644|null|10064,0,36341,3006,0,2]
02-18 03:06:58.806 1520 2750 I sysui_multi_action: [757,128,758,2,793,5633,794,1898,795,3014,796,2147483645,798,1,806,com.android.deskclock,857,TimerModelNotification,858,3,946,2,947,0,1395,5,1500,1898,1641,alarm,1688,1,1745,-868672399]
02-18 03:06:58.806 1520 2750 I notification_visibility: [0|com.android.deskclock|2147483645|null|10064,0,5633,3014,0,1]
02-18 03:06:58.806 1520 2750 I sysui_multi_action: [757,128,758,2,793,7809609,794,330,795,7809609,796,32,798,4,806,android,857,USB,858,1,947,0,1395,5,1500,7809251,1688,1]
02-18 03:06:58.806 1520 2750 I notification_visibility: [-1|android|32|null|1000,0,7809609,7809609,0,4]
02-18 03:06:58.807 1520 2748 I sysui_multi_action: [757,128,758,4,793,36346,794,1899,795,3011,796,2147483644,798,1,806,com.android.deskclock,857,TimerModelNotification,858,3,947,0,1395,5,1500,3011,1688,1,1745,-868672399]
02-18 03:06:58.807 1520 6102 I sysui_multi_action: [757,127,758,2]
02-18 03:06:58.807 1520 2748 I notification_clicked: [0|com.android.deskclock|2147483644|null|10064,36346,3011,1899,1,5]
02-18 03:06:58.807 1520 6102 I notification_panel_hidden:
02-18 03:06:58.808 1520 1520 I sysui_multi_action: [757,804,799,note_click_longevity,801,0,802,1]
02-18 03:06:58.813 1520 1613 I input_focus: [Focus request 4d5b7da com.android.deskclock/com.android.deskclock.timer.ExpiredTimersActivity,reason=UpdateInputWindows]
02-18 03:06:58.827 1520 1821 I input_focus: [Focus leaving 3373de6 NotificationShade (server),reason=NOT_FOCUSABLE]
02-18 03:06:58.827 1520 1821 I input_focus: [Focus entering 4d5b7da com.android.deskclock/com.android.deskclock.timer.ExpiredTimersActivity (server),reason=setFocusedWindow]
02-18 03:06:59.238 1520 2286 I GameModeConfig: isGameModeOn = false
02-18 03:06:59.239 1520 2286 I GameModeConfig: isGameModeOn = false
02-18 03:06:59.239 1520 2286 I GameModeConfig: isGameModeOn = false
02-18 03:06:59.240 1520 2286 I GameModeConfig: isGameModeOn = false
02-18 03:06:59.240 1520 2286 I GameModeConfig: isGameModeOn = false
02-18 03:06:59.240 1520 2286 I GameModeConfig: isGameModeOn = false
02-18 03:06:59.240 1520 2286 I GameModeConfig: isGameModeOn = false
02-18 03:06:59.242 1520 1520 I notification_enqueue: [10079,2348,com.android.systemui,2048,NULL,0,Notification(channel=updateNotification shortcut=null contentView=null vibrate=null sound=null defaults=0x0 flags=0x0 color=0x00000000 vis=PRIVATE),1]
02-18 03:06:59.242 2348 2348 I sysui_multi_action: [757,111,758,2]
02-18 03:06:59.243 2348 2348 I sysui_multi_action: [757,111,758,2]
02-18 03:06:59.450 1520 1520 I GameModeConfig: isGameModeOn = false
02-18 03:07:00.021 1520 1821 I input_interaction: Interaction with: 4d5b7da com.android.deskclock/com.android.deskclock.timer.ExpiredTimersActivity (server), edge-swipe (server), swipe-up (server), PointerEventDispatcher0 (server),
02-18 03:07:00.031 1520 2750 W FreeFormWindowHelper: Current Display FreeFormTask is null
02-18 03:07:00.033 1520 2748 W FreeFormWindowHelper: Current Display FreeFormTask is null
02-18 03:07:00.034 1520 2748 W FreeFormWindowHelper: Current Display FreeFormTask is null
02-18 03:07:00.036 1520 2748 W FreeFormWindowHelper: Current Display FreeFormTask is null
02-18 03:07:00.037 1520 2748 I wm_task_moved: [1,0,0]
02-18 03:07:00.037 1520 2748 I wm_task_moved: [1,0,5]
02-18 03:07:00.053 2537 4260 W ContextImpl: Calling a method in the system process without a qualified user: android.app.ContextImpl.startService:1816 android.content.ContextWrapper.startService:774 com.thundercomm.gamemode.ingame.services.GameModeActionUtils.startGameModeService:111 com.thundercomm.gamemode.ingame.services.GameModeActionUtils.startGameModeEntry:22 com.thundercomm.gamemode.ingame.services.ActivityMonitoringService$1.onActivityLaunch:139
02-18 03:07:00.053 14687 14687 I view_enqueue_input_event: [Motion - Cancel,com.android.deskclock/com.android.deskclock.timer.ExpiredTimersActivity]
02-18 03:07:00.056 1520 1613 I input_focus: [Focus request recents_animation_input_consumer,reason=UpdateInputWindows]
02-18 03:07:00.061 2828 2828 I wm_on_restart_called: [58637558,com.android.launcher3.uioverrides.QuickstepLauncher,performRestartActivity]
02-18 03:07:00.061 1520 1821 I input_interaction: Interaction with: edge-swipe (server), swipe-up (server), PointerEventDispatcher0 (server),
02-18 03:07:00.062 1520 1520 I GameModeConfig: Current uri is uri = content://com.thundercomm.gamemode.api/gamemode_settings/gamemode_isgaming
02-18 03:07:00.062 1520 2748 W FreeFormWindowHelper: Current Display FreeFormTask is null
02-18 03:07:00.062 1520 2750 W FreeFormWindowHelper: Current Display FreeFormTask is null
02-18 03:07:00.062 1520 6588 W FreeFormWindowHelper: Current Display FreeFormTask is null
02-18 03:07:00.064 1520 1520 I GameModeConfig: isGameModeOn = false
02-18 03:07:00.064 1520 1520 I GameModeConfig: isGameModeOn = false
02-18 03:07:00.064 1520 1520 I GameModeConfig: isDisableVoice = true
02-18 03:07:00.076 2828 2828 I wm_on_start_called: [58637558,com.android.launcher3.uioverrides.QuickstepLauncher,handleStartActivity]
02-18 03:07:00.076 1520 6588 W ActivityTaskManager: getTaskSnapshot: taskId=1090 not found
02-18 03:07:00.077 1520 1821 I input_focus: [Focus leaving 4d5b7da com.android.deskclock/com.android.deskclock.timer.ExpiredTimersActivity (server),reason=NOT_FOCUSABLE]
02-18 03:07:00.077 1520 1821 I input_focus: [Focus entering recents_animation_input_consumer (server),reason=setFocusedWindow]
02-18 03:07:00.079 1520 6588 W ActivityTaskManager: getTaskSnapshot: taskId=2090 not found
02-18 03:07:00.081 1520 6588 W ActivityTaskManager: getTaskSnapshot: taskId=3090 not found
02-18 03:07:00.082 1520 6588 W ActivityTaskManager: getTaskSnapshot: taskId=4090 not found
02-18 03:07:00.083 1520 6588 W ActivityTaskManager: getTaskSnapshot: taskId=5090 not found
02-18 03:07:00.083 1520 6588 W FreeFormWindowHelper: Current Display FreeFormTask is null
02-18 03:07:00.083 1520 6588 W FreeFormWindowHelper: Current Display FreeFormTask is null
02-18 03:07:00.084 1520 6588 W ActivityTaskManager: getTaskSnapshot: taskId=1090 not found
02-18 03:07:00.084 1520 6588 W ActivityTaskManager: getTaskSnapshot: taskId=2090 not found
02-18 03:07:00.084 1520 6588 W ActivityTaskManager: getTaskSnapshot: taskId=3090 not found
02-18 03:07:00.084 1520 6588 W ActivityTaskManager: getTaskSnapshot: taskId=4090 not found
02-18 03:07:00.084 2828 2828 I sysui_latency: [1,64]
02-18 03:07:00.084 1520 6588 W ActivityTaskManager: getTaskSnapshot: taskId=5090 not found
02-18 03:07:00.085 1520 6588 W ActivityTaskManager: getTaskSnapshot: taskId=1090 not found
02-18 03:07:00.085 1520 6588 W ActivityTaskManager: getTaskSnapshot: taskId=2090 not found
02-18 03:07:00.085 1520 6588 W ActivityTaskManager: getTaskSnapshot: taskId=3090 not found
02-18 03:07:00.085 1520 6588 W ActivityTaskManager: getTaskSnapshot: taskId=4090 not found
02-18 03:07:00.085 1520 6588 W ActivityTaskManager: getTaskSnapshot: taskId=5090 not found
02-18 03:07:00.089 1520 6102 W FreeFormWindowHelper: Current Display FreeFormTask is null
02-18 03:07:00.092 1520 2750 W FreeFormWindowHelper: Current Display FreeFormTask is null
02-18 03:07:00.092 1520 6588 W FreeFormWindowHelper: Current Display FreeFormTask is null
02-18 03:07:00.093 1520 6102 W ActivityTaskManager: getTaskSnapshot: taskId=1090 not found
02-18 03:07:00.094 1520 6102 W ActivityTaskManager: getTaskSnapshot: taskId=2090 not found
02-18 03:07:00.094 1520 6102 W ActivityTaskManager: getTaskSnapshot: taskId=3090 not found
02-18 03:07:00.094 1520 6102 W ActivityTaskManager: getTaskSnapshot: taskId=4090 not found
02-18 03:07:00.094 1520 6102 W ActivityTaskManager: getTaskSnapshot: taskId=5090 not found
02-18 03:07:00.098 1520 1608 I sysui_multi_action: [319,8,322,53,325,7833,757,761,758,9,759,5,806,com.android.launcher3,871,com.android.launcher3.uioverrides.QuickstepLauncher,905,0,1320,4,1321,1]
02-18 03:07:00.109 1520 6102 W FreeFormWindowHelper: Current Display FreeFormTask is null
02-18 03:07:00.109 1520 6102 W FreeFormWindowHelper: Current Display FreeFormTask is null
02-18 03:07:00.125 1520 2750 W FreeFormWindowHelper: Current Display FreeFormTask is null
02-18 03:07:00.125 1520 2750 W FreeFormWindowHelper: Current Display FreeFormTask is null
02-18 03:07:00.146 1520 6588 W FreeFormWindowHelper: exitRecentTasks type=0
02-18 03:07:00.159 1520 2750 W FreeFormWindowHelper: Current Display FreeFormTask is null
02-18 03:07:00.159 1520 6588 W FreeFormWindowHelper: Current Display FreeFormTask is null
02-18 03:07:00.282 1520 1768 I commit_sys_config_file: [settings-1-0,8]
02-18 03:07:00.394 1520 1618 I sysui_latency: [8,66]
02-18 03:07:00.542 1520 1821 I input_interaction: Interaction with: ae306c3 StatusBar (server), edge-swipe (server), swipe-up (server), PointerEventDispatcher0 (server),
02-18 03:07:00.548 2348 2348 I sysui_multi_action: [757,803,799,panel_open,802,1]
02-18 03:07:00.549 2348 2348 I sysui_multi_action: [757,1328,758,4,1326,54,1327,7,1329,0]
02-18 03:07:00.587 1520 6102 I sysui_multi_action: [757,127,758,1]
02-18 03:07:00.587 1520 6102 I sysui_multi_action: [757,804,799,note_load,801,5,802,1]
02-18 03:07:00.588 1520 6102 I notification_panel_revealed: 5
02-18 03:07:00.596 1520 1613 I input_focus: [Focus request 3373de6 NotificationShade,reason=UpdateInputWindows]
02-18 03:07:00.603 1520 6102 I sysui_multi_action: [757,128,758,1,793,7702388,794,0,795,7702388,796,26,798,0,806,android,857,DEVELOPER_IMPORTANT,858,4,947,0,1395,5,1500,7702182,1688,1]
02-18 03:07:00.603 1520 6102 I sysui_multi_action: [757,804,799,note_freshness,801,7702388,802,1]
02-18 03:07:00.603 1520 6102 I notification_visibility: [-1|android|26|null|1000,1,7702388,7702388,0,0]
02-18 03:07:00.603 1520 6102 I sysui_multi_action: [757,128,758,1,793,7810536,794,0,795,242972,796,17303299,797,com.android.wifi,798,3,806,android,857,NETWORK_AVAILABLE,858,2,947,0,1395,5,1500,3696,1688,1]
02-18 03:07:00.604 1520 6102 I sysui_multi_action: [757,1501,758,1,793,7810536,794,0,795,242972,796,17303299,797,com.android.wifi,806,android,857,NETWORK_AVAILABLE,858,2,947,0,1500,0,1688,1]
02-18 03:07:00.604 1520 6102 I sysui_multi_action: [757,804,799,note_interruptive,801,0,802,1]
02-18 03:07:00.604 1520 6102 I sysui_multi_action: [757,804,799,note_freshness,801,242972,802,1]
02-18 03:07:00.604 1520 6102 I notification_visibility: [0|android|17303299|com.android.wifi|1000,1,7810536,242972,0,3]
02-18 03:07:00.604 1520 6102 I sysui_multi_action: [757,128,758,1,793,38143,794,0,795,4808,796,2147483644,798,2,806,com.android.deskclock,857,TimerModelNotification,858,3,947,0,1395,5,1500,4808,1688,1,1745,-868672399]
02-18 03:07:00.604 1520 6102 I sysui_multi_action: [757,804,799,note_freshness,801,4808,802,1]
02-18 03:07:00.604 1520 6102 I notification_visibility: [0|com.android.deskclock|2147483644|null|10064,1,38143,4808,0,2]
02-18 03:07:00.604 1520 6102 I sysui_multi_action: [757,128,758,1,793,7431,794,0,795,4812,796,2147483645,798,1,806,com.android.deskclock,857,TimerModelNotification,858,3,946,2,947,0,1395,5,1500,3696,1641,alarm,1688,1,1745,-868672399]
02-18 03:07:00.604 1520 6102 I sysui_multi_action: [757,1501,758,1,793,7431,794,0,795,4812,796,2147483645,806,com.android.deskclock,857,TimerModelNotification,858,3,946,2,947,0,1500,0,1641,alarm,1688,1,1745,-868672399]
02-18 03:07:00.604 1520 6102 I sysui_multi_action: [757,804,799,note_interruptive,801,0,802,1]
02-18 03:07:00.604 1520 6102 I sysui_multi_action: [757,804,799,note_freshness,801,4812,802,1]
02-18 03:07:00.604 1520 6102 I notification_visibility: [0|com.android.deskclock|2147483645|null|10064,1,7431,4812,0,1]
02-18 03:07:00.605 1520 6102 I sysui_multi_action: [757,128,758,1,793,7811408,794,0,795,7811408,796,32,798,4,806,android,857,USB,858,1,947,0,1395,5,1500,7811050,1688,1]
02-18 03:07:00.605 1520 6102 I sysui_multi_action: [757,804,799,note_freshness,801,7811408,802,1]
02-18 03:07:00.605 1520 6102 I notification_visibility: [-1|android|32|null|1000,1,7811408,7811408,0,4]
02-18 03:07:00.616 1520 1821 I input_focus: [Focus leaving recents_animation_input_consumer (server),reason=setFocusedWindow]
02-18 03:07:00.616 1520 1821 I input_focus: [Focus entering 3373de6 NotificationShade (server),reason=setFocusedWindow]
02-18 03:07:00.616 2348 2348 I sysui_multi_action: [757,111,758,1]
02-18 03:07:00.616 2348 2348 I sysui_multi_action: [757,126,758,1,759,126,927,0,928,1,1593,0]
02-18 03:07:00.616 2348 2348 I sysui_multi_action: [757,113,758,1,759,113,927,1,928,1,1593,0]
02-18 03:07:00.616 2348 2348 I sysui_multi_action: [757,0,758,1,759,0,927,2,928,0,1593,0]
02-18 03:07:00.616 2348 2348 I sysui_multi_action: [757,0,758,1,759,0,927,3,928,0,1593,0]
02-18 03:07:00.617 2348 2348 I sysui_multi_action: [757,491,758,1,759,491,927,4,928,0,1311,-1,1593,0]
02-18 03:07:00.617 2348 2348 I sysui_multi_action: [757,0,758,1,759,0,927,5,928,0,1593,0]
02-18 03:07:00.617 2348 2348 I sysui_multi_action: [757,111,758,1]
02-18 03:07:00.617 2348 2348 I sysui_multi_action: [757,126,758,1,759,126,927,0,928,1,1593,0]
02-18 03:07:00.617 2348 2348 I sysui_multi_action: [757,113,758,1,759,113,927,1,928,1,1593,0]
02-18 03:07:00.617 2348 2348 I sysui_multi_action: [757,0,758,1,759,0,927,2,928,0,1593,0]
02-18 03:07:00.617 2348 2348 I sysui_multi_action: [757,0,758,1,759,0,927,3,928,0,1593,0]
02-18 03:07:00.760 1520 6588 W FreeFormWindowHelper: Current Display FreeFormTask is null
02-18 03:07:00.761 1520 6588 W FreeFormWindowHelper: Current Display FreeFormTask is null
02-18 03:07:00.767 1520 2748 I wm_task_moved: [1,1,6]
02-18 03:07:00.768 1520 2748 I wm_task_moved: [11,1,2147483647]
02-18 03:07:00.768 1520 2748 I wm_task_to_front: [0,11]
02-18 03:07:00.768 1520 2748 I wm_focused_root_task: [0,0,1,90,RecentsAnimation.onAnimationFinished()]
02-18 03:07:00.768 1520 2748 I wm_set_resumed_activity: [0,com.android.launcher3/.uioverrides.QuickstepLauncher,RecentsAnimation.onAnimationFinished()]
02-18 03:07:00.769 14687 14687 I wm_on_top_resumed_lost_called: [266973645,com.android.deskclock.timer.ExpiredTimersActivity,topStateChangedWhenResumed]
02-18 03:07:00.771 1520 2748 I wm_pause_activity: [0,266973645,com.android.deskclock/.timer.ExpiredTimersActivity,userLeaving=true,pauseBackTasks]
02-18 03:07:00.772 1520 2748 I wm_add_to_stopping: [0,266973645,com.android.deskclock/.timer.ExpiredTimersActivity,makeInvisible]
02-18 03:07:00.772 1520 2748 I ActivityTaskManager: FOREGROUND_APPLICATION_CHANGED to com.android.launcher3.uioverrides.QuickstepLauncher
02-18 03:07:00.772 1520 2748 I wm_set_resumed_activity: [0,com.android.launcher3/.uioverrides.QuickstepLauncher,resumeTopActivityInnerLocked]
02-18 03:07:00.774 1520 2748 I wm_resume_activity: [0,58637558,11,com.android.launcher3/.uioverrides.QuickstepLauncher]
02-18 03:07:00.774 2828 2828 I wm_on_resume_called: [58637558,com.android.launcher3.uioverrides.QuickstepLauncher,RESUME_ACTIVITY]
02-18 03:07:00.782 2828 2828 I wm_on_top_resumed_gained_called: [58637558,com.android.launcher3.uioverrides.QuickstepLauncher,topStateChangedWhenResumed]
02-18 03:07:00.783 14687 14687 I wm_on_paused_called: [266973645,com.android.deskclock.timer.ExpiredTimersActivity,performPause]
02-18 03:07:00.785 1520 6102 I wm_stop_activity: [0,266973645,com.android.deskclock/.timer.ExpiredTimersActivity]
02-18 03:07:00.788 1520 1612 I sysui_multi_action: [757,803,799,window_time_0,802,11]
02-18 03:07:00.788 1520 1612 I sysui_multi_action: [757,803,799,window_time_0,802,0]
02-18 03:07:00.799 14687 14687 I wm_on_stop_called: [266973645,com.android.deskclock.timer.ExpiredTimersActivity,STOP_ACTIVITY_ITEM]
02-18 03:07:00.816 2537 4260 W ContextImpl: Calling a method in the system process without a qualified user: android.app.ContextImpl.startService:1816 android.content.ContextWrapper.startService:774 com.thundercomm.gamemode.ingame.services.GameModeActionUtils.startGameModeService:111 com.thundercomm.gamemode.ingame.services.GameModeActionUtils.startGameModeEntry:22 com.thundercomm.gamemode.ingame.services.ActivityMonitoringService$1.onActivityLaunch:139
02-18 03:07:00.818 1520 1520 I GameModeConfig: Current uri is uri = content://com.thundercomm.gamemode.api/gamemode_settings/gamemode_isgaming
02-18 03:07:00.821 1520 1520 I GameModeConfig: isGameModeOn = false
02-18 03:07:00.821 1520 1520 I GameModeConfig: isGameModeOn = false
02-18 03:07:00.821 1520 1520 I GameModeConfig: isDisableVoice = true
02-18 03:07:00.830 1520 2286 I GameModeConfig: isGameModeOn = false
02-18 03:07:00.831 1520 2286 I GameModeConfig: isGameModeOn = false
02-18 03:07:00.883 1520 6588 W FreeFormWindowHelper: Current Display FreeFormTask is null
02-18 03:07:00.886 2537 4260 W ContextImpl: Calling a method in the system process without a qualified user: android.app.ContextImpl.startService:1816 android.content.ContextWrapper.startService:774 com.thundercomm.gamemode.ingame.services.GameModeActionUtils.startGameModeService:111 com.thundercomm.gamemode.ingame.services.GameModeActionUtils.startGameModeEntry:22 com.thundercomm.gamemode.ingame.services.ActivityMonitoringService$1.onActivityLaunch:139
02-18 03:07:00.888 1520 1520 I GameModeConfig: Current uri is uri = content://com.thundercomm.gamemode.api/gamemode_settings/gamemode_isgaming
02-18 03:07:00.889 1520 1520 I GameModeConfig: isGameModeOn = false
02-18 03:07:00.890 1520 1520 I GameModeConfig: isGameModeOn = false
02-18 03:07:00.890 1520 1520 I GameModeConfig: isDisableVoice = true
01-05 12:05:53.698 0 0 E DTC_ETH,link_delay_work_func: 3003, SQI=0, link=0
02-18 03:07:01.025 1520 2286 I GameModeConfig: isGameModeOn = false
02-18 03:07:01.203 1520 1821 I input_interaction: Interaction with: 3373de6 NotificationShade (server), edge-swipe (server), swipe-up (server), PointerEventDispatcher0 (server),
02-18 03:07:01.206 1520 1520 I service_manager_stats: [100,67,44356]
02-18 03:07:01.337 1520 6588 I ActivityTaskManager: START u0 {cmp=com.android.deskclock/.timer.ExpiredTimersActivity} from uid 10064
02-18 03:07:01.338 1520 6588 W ActivityTaskManager: startActivity called from non-Activity context; forcing Intent.FLAG_ACTIVITY_NEW_TASK for: Intent { flg=0x800000 cmp=com.android.deskclock/.timer.ExpiredTimersActivity }
02-18 03:07:01.338 1520 6588 I wm_task_moved: [90,1,6]
02-18 03:07:01.339 1520 6588 I wm_task_to_front: [0,90]
02-18 03:07:01.339 1520 6588 I wm_focused_root_task: [0,0,90,1,bringingFoundTaskToFront]
02-18 03:07:01.339 1520 6588 I wm_set_resumed_activity: [0,com.android.deskclock/.timer.ExpiredTimersActivity,bringingFoundTaskToFront]
02-18 03:07:01.340 1520 6588 I wm_new_intent: [0,266973645,90,com.android.deskclock/.timer.ExpiredTimersActivity,NULL,NULL,NULL,276824064]
02-18 03:07:01.340 2828 2828 I wm_on_top_resumed_lost_called: [58637558,com.android.launcher3.uioverrides.QuickstepLauncher,topStateChangedWhenResumed]
02-18 03:07:01.341 1520 6588 I wm_pause_activity: [0,58637558,com.android.launcher3/.uioverrides.QuickstepLauncher,userLeaving=true,pauseBackTasks]
02-18 03:07:01.345 2828 2828 I wm_on_paused_called: [58637558,com.android.launcher3.uioverrides.QuickstepLauncher,performPause]
02-18 03:07:01.345 1520 6588 I sysui_multi_action: [757,128,758,4,793,38884,794,741,795,5549,796,2147483644,798,1,806,com.android.deskclock,857,TimerModelNotification,858,3,947,0,1395,5,1500,5549,1688,1,1745,-868672399]
02-18 03:07:01.345 1520 6588 I notification_clicked: [0|com.android.deskclock|2147483644|null|10064,38884,5549,741,1,5]
02-18 03:07:01.348 1520 1520 I sysui_multi_action: [757,804,799,note_click_longevity,801,0,802,1]
02-18 03:07:01.349 1520 2750 I ActivityTaskManager: FOREGROUND_APPLICATION_CHANGED to com.android.deskclock.timer.ExpiredTimersActivity
02-18 03:07:01.353 1520 2750 I wm_set_resumed_activity: [0,com.android.deskclock/.timer.ExpiredTimersActivity,resumeTopActivityInnerLocked]
02-18 03:07:01.353 1520 2750 I wm_add_to_stopping: [0,58637558,com.android.launcher3/.uioverrides.QuickstepLauncher,makeInvisible]
02-18 03:07:01.355 1520 2750 I wm_resume_activity: [0,266973645,90,com.android.deskclock/.timer.ExpiredTimersActivity]
02-18 03:07:01.374 14687 14687 I wm_on_restart_called: [266973645,com.android.deskclock.timer.ExpiredTimersActivity,performRestartActivity]
02-18 03:07:01.374 14687 14687 I wm_on_start_called: [266973645,com.android.deskclock.timer.ExpiredTimersActivity,handleStartActivity]
02-18 03:07:01.374 14687 14687 I wm_on_resume_called: [266973645,com.android.deskclock.timer.ExpiredTimersActivity,RESUME_ACTIVITY]
02-18 03:07:01.374 14687 14687 I wm_on_top_resumed_gained_called: [266973645,com.android.deskclock.timer.ExpiredTimersActivity,topWhenResuming]
02-18 03:07:01.376 1520 1612 I sysui_multi_action: [757,803,799,window_time_0,802,0]
02-18 03:07:01.376 2537 4260 W ContextImpl: Calling a method in the system process without a qualified user: android.app.ContextImpl.startService:1816 android.content.ContextWrapper.startService:774 com.thundercomm.gamemode.ingame.services.GameModeActionUtils.startGameModeService:111 com.thundercomm.gamemode.ingame.services.GameModeActionUtils.startGameModeEntry:22 com.thundercomm.gamemode.ingame.services.ActivityMonitoringService$1.onActivityLaunch:139
02-18 03:07:01.383 1520 1520 I GameModeConfig: Current uri is uri = content://com.thundercomm.gamemode.api/gamemode_settings/gamemode_isgaming
02-18 03:07:01.386 1520 1520 I GameModeConfig: isGameModeOn = false
02-18 03:07:01.386 1520 1520 I GameModeConfig: isGameModeOn = false
02-18 03:07:01.386 1520 1520 I GameModeConfig: isDisableVoice = true
02-18 03:07:01.389 1520 1608 I sysui_multi_action: [319,51,322,50,325,7834,757,761,758,9,759,2,806,com.android.deskclock,871,com.android.deskclock.timer.ExpiredTimersActivity,904,com.android.deskclock,905,0,1320,4,1321,1]
02-18 03:07:01.457 1520 6830 W FreeFormWindowHelper: Current Display FreeFormTask is null
02-18 03:07:01.460 2537 4260 W ContextImpl: Calling a method in the system process without a qualified user: android.app.ContextImpl.startService:1816 android.content.ContextWrapper.startService:774 com.thundercomm.gamemode.ingame.services.GameModeActionUtils.startGameModeService:111 com.thundercomm.gamemode.ingame.services.GameModeActionUtils.startGameModeEntry:22 com.thundercomm.gamemode.ingame.services.ActivityMonitoringService$1.onActivityLaunch:139
02-18 03:07:01.463 1520 1520 I GameModeConfig: Current uri is uri = content://com.thundercomm.gamemode.api/gamemode_settings/gamemode_isgaming
02-18 03:07:01.464 1520 1520 I GameModeConfig: isGameModeOn = false
02-18 03:07:01.465 1520 1520 I GameModeConfig: isGameModeOn = false
02-18 03:07:01.465 1520 1520 I GameModeConfig: isDisableVoice = true
02-18 03:07:01.617 1520 2750 I sysui_multi_action: [757,128,758,2,793,39155,794,1012,795,5820,796,2147483644,798,2,806,com.android.deskclock,857,TimerModelNotification,858,3,947,0,1395,5,1500,5820,1688,1,1745,-868672399]
02-18 03:07:01.617 1520 2750 I notification_visibility: [0|com.android.deskclock|2147483644|null|10064,0,39155,5820,0,2]
02-18 03:07:01.942 1520 1612 I wm_stop_activity: [0,58637558,com.android.launcher3/.uioverrides.QuickstepLauncher]
02-18 03:07:01.943 1520 2286 I GameModeConfig: isGameModeOn = false
02-18 03:07:01.943 1520 2286 I GameModeConfig: isGameModeOn = false
02-18 03:07:01.943 1520 2286 I GameModeConfig: isGameModeOn = false
02-18 03:07:01.944 1520 2286 I GameModeConfig: isGameModeOn = false
02-18 03:07:01.944 1520 2286 I GameModeConfig: isGameModeOn = false
02-18 03:07:01.944 1520 2286 I GameModeConfig: isGameModeOn = false
02-18 03:07:01.944 1520 2286 I GameModeConfig: isGameModeOn = false
02-18 03:07:01.945 2348 2348 I sysui_multi_action: [757,111,758,2]
02-18 03:07:01.946 1520 1520 I notification_enqueue: [10079,2348,com.android.systemui,2048,NULL,0,Notification(channel=updateNotification shortcut=null contentView=null vibrate=null sound=null defaults=0x0 flags=0x0 color=0x00000000 vis=PRIVATE),1]
02-18 03:07:01.946 2348 2348 I sysui_multi_action: [757,111,758,2]
02-18 03:07:01.960 1520 1613 I input_focus: [Focus request 4d5b7da com.android.deskclock/com.android.deskclock.timer.ExpiredTimersActivity,reason=UpdateInputWindows]
02-18 03:07:01.970 2828 2828 I wm_on_stop_called: [58637558,com.android.launcher3.uioverrides.QuickstepLauncher,STOP_ACTIVITY_ITEM]
02-18 03:07:01.973 1520 6588 I sysui_multi_action: [757,128,758,2,793,7703758,794,1370,795,7703758,796,26,798,0,806,android,857,DEVELOPER_IMPORTANT,858,4,947,0,1395,5,1500,7703552,1688,1]
02-18 03:07:01.973 1520 6588 I notification_visibility: [-1|android|26|null|1000,0,7703758,7703758,0,0]
02-18 03:07:01.974 1520 6588 I sysui_multi_action: [757,128,758,2,793,7811906,794,1370,795,244342,796,17303299,797,com.android.wifi,798,3,806,android,857,NETWORK_AVAILABLE,858,2,947,0,1395,5,1500,1370,1688,1]
02-18 03:07:01.974 1520 6588 I notification_visibility: [0|android|17303299|com.android.wifi|1000,0,7811906,244342,0,3]
02-18 03:07:01.974 1520 6588 I sysui_multi_action: [757,128,758,2,793,8801,794,1370,795,6182,796,2147483645,798,1,806,com.android.deskclock,857,TimerModelNotification,858,3,946,2,947,0,1395,5,1500,1370,1641,alarm,1688,1,1745,-868672399]
02-18 03:07:01.974 1520 6588 I notification_visibility: [0|com.android.deskclock|2147483645|null|10064,0,8801,6182,0,1]
02-18 03:07:01.974 1520 6588 I sysui_multi_action: [757,128,758,2,793,7812777,794,1369,795,7812777,796,32,798,4,806,android,857,USB,858,1,947,0,1395,5,1500,7812419,1688,1]
02-18 03:07:01.974 1520 6588 I notification_visibility: [-1|android|32|null|1000,0,7812777,7812777,0,4]
02-18 03:07:01.974 1520 6588 I sysui_multi_action: [757,127,758,2]
02-18 03:07:01.974 1520 6588 I notification_panel_hidden:
02-18 03:07:01.981 1520 1821 I input_focus: [Focus leaving 3373de6 NotificationShade (server),reason=NOT_FOCUSABLE]
02-18 03:07:01.981 1520 1821 I input_focus: [Focus entering 4d5b7da com.android.deskclock/com.android.deskclock.timer.ExpiredTimersActivity (server),reason=setFocusedWindow]
02-18 03:07:01.988 2537 4260 W ContextImpl: Calling a method in the system process without a qualified user: android.app.ContextImpl.startService:1816 android.content.ContextWrapper.startService:774 com.thundercomm.gamemode.ingame.services.GameModeActionUtils.startGameModeService:111 com.thundercomm.gamemode.ingame.services.GameModeActionUtils.startGameModeEntry:22 com.thundercomm.gamemode.ingame.services.ActivityMonitoringService$1.onActivityLaunch:139
02-18 03:07:01.991 1520 1520 I GameModeConfig: Current uri is uri = content://com.thundercomm.gamemode.api/gamemode_settings/gamemode_isgaming
02-18 03:07:01.993 1520 1520 I GameModeConfig: isGameModeOn = false
02-18 03:07:01.993 1520 1520 I GameModeConfig: isGameModeOn = false
02-18 03:07:01.993 1520 1520 I GameModeConfig: isDisableVoice = true
02-18 03:07:02.148 1520 1520 I GameModeConfig: isGameModeOn = false
02-18 03:07:02.223 1520 1821 I input_interaction: Interaction with: 4d5b7da com.android.deskclock/com.android.deskclock.timer.ExpiredTimersActivity (server), edge-swipe (server), swipe-up (server), PointerEventDispatcher0 (server),
02-18 03:07:02.733 1520 1821 I input_interaction: Interaction with: ae306c3 StatusBar (server), edge-swipe (server), swipe-up (server), PointerEventDispatcher0 (server),
02-18 03:07:02.739 2348 2348 I sysui_multi_action: [757,803,799,panel_open,802,1]
02-18 03:07:02.740 2348 2348 I sysui_multi_action: [757,1328,758,4,1326,56,1327,3,1329,0]
02-18 03:07:02.784 1520 2748 I sysui_multi_action: [757,127,758,1]
02-18 03:07:02.784 1520 2748 I sysui_multi_action: [757,804,799,note_load,801,5,802,1]
02-18 03:07:02.784 1520 2748 I notification_panel_revealed: 5
02-18 03:07:02.799 1520 1613 I input_focus: [Focus request 3373de6 NotificationShade,reason=UpdateInputWindows]
02-18 03:07:02.800 1520 1821 I input_interaction: Interaction with: ae306c3 StatusBar (server), 4d5b7da com.android.deskclock/com.android.deskclock.timer.ExpiredTimersActivity (server), edge-swipe (server), swipe-up (server), PointerEventDispatcher0 (server),
02-18 03:07:02.805 1520 6588 I sysui_multi_action: [757,128,758,1,793,7704590,794,0,795,7704590,796,26,798,0,806,android,857,DEVELOPER_IMPORTANT,858,4,947,0,1395,5,1500,7704384,1688,1]
02-18 03:07:02.805 1520 6588 I sysui_multi_action: [757,804,799,note_freshness,801,7704590,802,1]
02-18 03:07:02.805 1520 6588 I notification_visibility: [-1|android|26|null|1000,1,7704590,7704590,0,0]
