02-18 03:03:12.243 1520 1612 I sysui_multi_action: [757,803,799,window_time_0,802,2]
02-18 03:03:12.253 1520 1613 I input_focus: [Focus request 57d6ca4 com.android.deskclock/com.android.deskclock.timer.ExpiredTimersActivity,reason=UpdateInputWindows]
02-18 03:03:12.258 2537 4260 W ContextImpl: Calling a method in the system process without a qualified user: android.app.ContextImpl.startService:1816 android.content.ContextWrapper.startService:774 com.thundercomm.gamemode.ingame.services.GameModeActionUtils.startGameModeService:111 com.thundercomm.gamemode.ingame.services.GameModeActionUtils.startGameModeEntry:22 com.thundercomm.gamemode.ingame.services.ActivityMonitoringService$1.onActivityLaunch:139
02-18 03:03:12.264 1520 1821 I input_focus: [Focus entering 57d6ca4 com.android.deskclock/com.android.deskclock.timer.ExpiredTimersActivity (server),reason=setFocusedWindow]
02-18 03:03:12.265 1520 1520 I GameModeConfig: Current uri is uri = content://com.thundercomm.gamemode.api/gamemode_settings/gamemode_isgaming
02-18 03:03:12.268 1520 1520 I GameModeConfig: isGameModeOn = false
02-18 03:03:12.268 1520 1520 I GameModeConfig: isGameModeOn = false
02-18 03:03:12.268 1520 1520 I GameModeConfig: isDisableVoice = true
02-18 03:03:12.271 1520 1608 I sysui_multi_action: [319,38,321,36,322,50,325,7605,757,761,758,9,759,4,806,com.android.deskclock,871,com.android.deskclock.timer.ExpiredTimersActivity,904,com.android.deskclock,905,0,1320,4,1321,1]
02-18 03:03:12.330 1520 2746 W FreeFormWindowHelper: Current Display FreeFormTask is null
02-18 03:03:12.340 2537 4260 W ContextImpl: Calling a method in the system process without a qualified user: android.app.ContextImpl.startService:1816 android.content.ContextWrapper.startService:774 com.thundercomm.gamemode.ingame.services.GameModeActionUtils.startGameModeService:111 com.thundercomm.gamemode.ingame.services.GameModeActionUtils.startGameModeEntry:22 com.thundercomm.gamemode.ingame.services.ActivityMonitoringService$1.onActivityLaunch:139
02-18 03:03:12.343 1520 1520 I GameModeConfig: Current uri is uri = content://com.thundercomm.gamemode.api/gamemode_settings/gamemode_isgaming
02-18 03:03:12.345 1520 1520 I GameModeConfig: isGameModeOn = false
02-18 03:03:12.346 1520 1520 I GameModeConfig: isGameModeOn = false
02-18 03:03:12.346 1520 1520 I GameModeConfig: isDisableVoice = true
02-18 03:03:12.615 1520 1612 I wm_stop_activity: [0,58637558,com.android.launcher3/.uioverrides.QuickstepLauncher]
02-18 03:03:12.634 1520 2750 W FreeFormWindowHelper: Current Display FreeFormTask is null
02-18 03:03:12.635 1520 2750 W FreeFormWindowHelper: Current Display FreeFormTask is null
02-18 03:03:12.637 1520 2750 W FreeFormWindowHelper: exitRecentTasks type=0
02-18 03:03:12.646 2828 2828 I wm_on_stop_called: [58637558,com.android.launcher3.uioverrides.QuickstepLauncher,STOP_ACTIVITY_ITEM]
02-18 03:03:12.656 2537 4260 W ContextImpl: Calling a method in the system process without a qualified user: android.app.ContextImpl.startService:1816 android.content.ContextWrapper.startService:774 com.thundercomm.gamemode.ingame.services.GameModeActionUtils.startGameModeService:111 com.thundercomm.gamemode.ingame.services.GameModeActionUtils.startGameModeEntry:22 com.thundercomm.gamemode.ingame.services.ActivityMonitoringService$1.onActivityLaunch:139
02-18 03:03:12.659 1520 1520 I GameModeConfig: Current uri is uri = content://com.thundercomm.gamemode.api/gamemode_settings/gamemode_isgaming
02-18 03:03:12.661 1520 1520 I GameModeConfig: isGameModeOn = false
02-18 03:03:12.661 1520 1520 I GameModeConfig: isGameModeOn = false
02-18 03:03:12.661 1520 1520 I GameModeConfig: isDisableVoice = true
02-18 03:03:15.002 1520 2286 I GameModeConfig: isGameModeOn = false
02-18 03:03:15.003 1520 2286 I GameModeConfig: isGameModeOn = false
02-18 03:03:15.213 1520 2286 I GameModeConfig: isGameModeOn = false
01-05 12:02:08.418 0 0 E DTC_ETH,link_delay_work_func: 3003, SQI=0, link=0
02-18 03:03:16.360 1520 1821 I input_interaction: Interaction with: 57d6ca4 com.android.deskclock/com.android.deskclock.timer.ExpiredTimersActivity (server), edge-swipe (server), swipe-up (server), PointerEventDispatcher0 (server),
02-18 03:03:16.516 1520 1520 I service_manager_stats: [100,75,65180]
02-18 03:03:16.527 1520 2286 I GameModeConfig: isGameModeOn = false
02-18 03:03:16.527 1520 2286 I GameModeConfig: isGameModeOn = false
02-18 03:03:16.528 1520 2286 I GameModeConfig: isGameModeOn = false
02-18 03:03:16.528 1520 2286 I GameModeConfig: isGameModeOn = false
02-18 03:03:16.528 1520 2286 I GameModeConfig: isGameModeOn = false
02-18 03:03:16.528 1520 2286 I GameModeConfig: isGameModeOn = false
02-18 03:03:16.530 1520 1520 I notification_enqueue: [10064,14100,com.android.deskclock,2147483645,NULL,0,Notification(channel=TimerModelNotification shortcut=null contentView=com.android.deskclock/0x7f0d0024 vibrate=null sound=null defaults=0x0 flags=0x102 color=0xff1a237e category=alarm groupKey=2 sortKey=0 actions=2 vis=PUBLIC),0]
02-18 03:03:16.533 1520 2286 I GameModeConfig: isGameModeOn = false
02-18 03:03:16.533 1520 2286 I GameModeConfig: isGameModeOn = false
02-18 03:03:16.533 1520 2286 I GameModeConfig: isGameModeOn = false
02-18 03:03:16.533 1520 2286 I GameModeConfig: isGameModeOn = false
02-18 03:03:16.533 1520 2286 I GameModeConfig: isGameModeOn = false
02-18 03:03:16.534 1520 2286 I GameModeConfig: isGameModeOn = false
02-18 03:03:16.535 1520 1520 I notification_enqueue: [10064,14100,com.android.deskclock,2147483644,NULL,0,Notification(channel=TimerModelNotification shortcut=null contentView=com.android.deskclock/0x7f0d0024 vibrate=null sound=null defaults=0x0 flags=0x1c2 color=0xff1a237e actions=2 vis=PRIVATE),1]
02-18 03:03:16.732 1520 1520 I sysui_multi_action: [757,1501,758,1,793,203,794,0,795,203,796,2147483645,806,com.android.deskclock,857,TimerModelNotification,858,3,946,2,947,0,1500,0,1641,alarm,1688,1,1745,-868672399]
02-18 03:03:16.732 1520 1520 I sysui_multi_action: [757,804,799,note_interruptive,801,0,802,1]
02-18 03:03:16.732 1520 1520 I GameModeConfig: isGameModeOn = false
02-18 03:03:16.737 1520 1520 W NotificationHistory: Attempted to add notif for locked/gone/disabled user 0
02-18 03:03:16.743 1520 1520 I GameModeConfig: isGameModeOn = false
02-18 03:03:16.744 1520 1520 E NotificationService: Muting recently noisy 0|com.android.deskclock|2147483644|null|10064
01-05 12:02:13.542 0 0 E DTC_ETH,link_delay_work_func: 3003, SQI=0, link=0
02-18 03:03:21.348 1520 2750 I wm_task_moved: [1,0,0]
02-18 03:03:21.349 1520 6102 W FreeFormWindowHelper: Current Display FreeFormTask is null
02-18 03:03:21.349 1520 2750 I wm_task_moved: [1,0,6]
02-18 03:03:21.357 2828 2828 I wm_on_restart_called: [58637558,com.android.launcher3.uioverrides.QuickstepLauncher,performRestartActivity]
02-18 03:03:21.358 1520 6102 W FreeFormWindowHelper: Current Display FreeFormTask is null
02-18 03:03:21.358 1520 6102 W FreeFormWindowHelper: Current Display FreeFormTask is null
02-18 03:03:21.359 1520 6102 W FreeFormWindowHelper: Current Display FreeFormTask is null
02-18 03:03:21.371 2537 4260 W ContextImpl: Calling a method in the system process without a qualified user: android.app.ContextImpl.startService:1816 android.content.ContextWrapper.startService:774 com.thundercomm.gamemode.ingame.services.GameModeActionUtils.startGameModeService:111 com.thundercomm.gamemode.ingame.services.GameModeActionUtils.startGameModeEntry:22 com.thundercomm.gamemode.ingame.services.ActivityMonitoringService$1.onActivityLaunch:139
02-18 03:03:21.373 2828 2828 I wm_on_start_called: [58637558,com.android.launcher3.uioverrides.QuickstepLauncher,handleStartActivity]
02-18 03:03:21.373 14100 14100 I view_enqueue_input_event: [Motion - Cancel,com.android.deskclock/com.android.deskclock.timer.ExpiredTimersActivity]
02-18 03:03:21.376 1520 9451 W ActivityTaskManager: getTaskSnapshot: taskId=1085 not found
02-18 03:03:21.378 1520 1821 I input_interaction: Interaction with: edge-swipe (server), swipe-up (server), PointerEventDispatcher0 (server),
02-18 03:03:21.378 1520 1520 I GameModeConfig: Current uri is uri = content://com.thundercomm.gamemode.api/gamemode_settings/gamemode_isgaming
02-18 03:03:21.379 1520 1613 I input_focus: [Focus request recents_animation_input_consumer,reason=UpdateInputWindows]
02-18 03:03:21.379 1520 2746 W ActivityTaskManager: getTaskSnapshot: taskId=2085 not found
02-18 03:03:21.381 1520 9451 W FreeFormWindowHelper: Current Display FreeFormTask is null
02-18 03:03:21.381 1520 9451 W FreeFormWindowHelper: Current Display FreeFormTask is null
02-18 03:03:21.382 1520 9451 W ActivityTaskManager: getTaskSnapshot: taskId=3085 not found
02-18 03:03:21.382 1520 1520 I GameModeConfig: isGameModeOn = false
02-18 03:03:21.382 2828 2828 I sysui_latency: [1,45]
02-18 03:03:21.382 1520 1520 I GameModeConfig: isGameModeOn = false
02-18 03:03:21.382 1520 1520 I GameModeConfig: isDisableVoice = true
02-18 03:03:21.385 1520 2746 W ActivityTaskManager: getTaskSnapshot: taskId=1085 not found
02-18 03:03:21.386 1520 2746 W ActivityTaskManager: getTaskSnapshot: taskId=2085 not found
02-18 03:03:21.386 1520 2746 W ActivityTaskManager: getTaskSnapshot: taskId=3085 not found
02-18 03:03:21.386 1520 2746 W ActivityTaskManager: getTaskSnapshot: taskId=4085 not found
02-18 03:03:21.387 1520 9451 W FreeFormWindowHelper: Current Display FreeFormTask is null
02-18 03:03:21.388 1520 9451 W FreeFormWindowHelper: Current Display FreeFormTask is null
02-18 03:03:21.388 1520 9451 W FreeFormWindowHelper: Current Display FreeFormTask is null
02-18 03:03:21.390 1520 1608 I sysui_multi_action: [319,10,322,39,325,7614,757,761,758,9,759,5,806,com.android.launcher3,871,com.android.launcher3.uioverrides.QuickstepLauncher,905,0,1320,4,1321,1]
02-18 03:03:21.391 1520 2746 W ActivityTaskManager: getTaskSnapshot: taskId=1085 not found
02-18 03:03:21.391 1520 2746 W ActivityTaskManager: getTaskSnapshot: taskId=2085 not found
02-18 03:03:21.391 1520 2746 W ActivityTaskManager: getTaskSnapshot: taskId=3085 not found
02-18 03:03:21.391 1520 2746 W ActivityTaskManager: getTaskSnapshot: taskId=4085 not found
02-18 03:03:21.399 1520 2746 W FreeFormWindowHelper: Current Display FreeFormTask is null
02-18 03:03:21.400 1520 2746 W FreeFormWindowHelper: Current Display FreeFormTask is null
02-18 03:03:21.401 1520 1821 I input_focus: [Focus leaving 57d6ca4 com.android.deskclock/com.android.deskclock.timer.ExpiredTimersActivity (server),reason=NOT_FOCUSABLE]
02-18 03:03:21.401 1520 1821 I input_focus: [Focus entering recents_animation_input_consumer (server),reason=setFocusedWindow]
02-18 03:03:21.416 1520 6102 W FreeFormWindowHelper: Current Display FreeFormTask is null
02-18 03:03:21.416 1520 6102 W FreeFormWindowHelper: Current Display FreeFormTask is null
02-18 03:03:21.576 1520 1768 I commit_sys_config_file: [settings-1-0,5]
02-18 03:03:21.619 1520 2286 I GameModeConfig: isGameModeOn = false
02-18 03:03:21.620 1520 2286 I GameModeConfig: isGameModeOn = false
02-18 03:03:21.690 1520 1618 I sysui_latency: [8,46]
02-18 03:03:21.697 1520 6852 W FreeFormWindowHelper: Current Display FreeFormTask is null
02-18 03:03:21.697 1520 6102 W FreeFormWindowHelper: Current Display FreeFormTask is null
02-18 03:03:21.697 1520 2750 W FreeFormWindowHelper: Current Display FreeFormTask is null
02-18 03:03:21.803 1520 2286 I GameModeConfig: isGameModeOn = false
02-18 03:03:22.095 1520 6852 I wm_task_moved: [1,1,7]
02-18 03:03:22.098 1520 6852 I wm_focused_root_task: [0,0,1,85,RecentsAnimation.onAnimationFinished()]
02-18 03:03:22.100 1520 6852 I wm_pause_activity: [0,127674380,com.android.deskclock/.timer.ExpiredTimersActivity,userLeaving=false,pauseBackTasks]
02-18 03:03:22.101 1520 6852 I ActivityTaskManager: FOREGROUND_APPLICATION_CHANGED to com.android.launcher3.uioverrides.QuickstepLauncher
02-18 03:03:22.102 1520 6852 I wm_set_resumed_activity: [0,com.android.launcher3/.uioverrides.QuickstepLauncher,resumeTopActivityInnerLocked]
02-18 03:03:22.102 14100 14100 I wm_on_top_resumed_lost_called: [127674380,com.android.deskclock.timer.ExpiredTimersActivity,topStateChangedWhenResumed]
02-18 03:03:22.103 1520 6852 I wm_resume_activity: [0,58637558,11,com.android.launcher3/.uioverrides.QuickstepLauncher]
02-18 03:03:22.104 1520 6852 I wm_add_to_stopping: [0,127674380,com.android.deskclock/.timer.ExpiredTimersActivity,makeInvisible]
02-18 03:03:22.104 2828 2828 I wm_on_resume_called: [58637558,com.android.launcher3.uioverrides.QuickstepLauncher,RESUME_ACTIVITY]
02-18 03:03:22.111 1520 1613 I input_focus: [Focus request ea4c11d com.android.launcher3/com.android.launcher3.uioverrides.QuickstepLauncher,reason=UpdateInputWindows]
02-18 03:03:22.114 14100 14100 I wm_on_paused_called: [127674380,com.android.deskclock.timer.ExpiredTimersActivity,performPause]
02-18 03:03:22.116 1520 1612 I sysui_multi_action: [757,803,799,window_time_0,802,10]
02-18 03:03:22.117 1520 6829 W FreeFormWindowHelper: Current Display FreeFormTask is null
02-18 03:03:22.118 1520 2750 W FreeFormWindowHelper: Current Display FreeFormTask is null
02-18 03:03:22.119 1520 1612 I wm_stop_activity: [0,127674380,com.android.deskclock/.timer.ExpiredTimersActivity]
02-18 03:03:22.119 1520 1821 I input_focus: [Focus leaving recents_animation_input_consumer (server),reason=NOT_VISIBLE]
02-18 03:03:22.120 1520 2746 W FreeFormWindowHelper: Current Display FreeFormTask is null
02-18 03:03:22.120 1520 1821 I input_focus: [Focus entering ea4c11d com.android.launcher3/com.android.launcher3.uioverrides.QuickstepLauncher (server),reason=setFocusedWindow]
02-18 03:03:22.121 1520 1612 I sysui_multi_action: [757,803,799,window_time_0,802,0]
02-18 03:03:22.126 14100 14100 I wm_on_stop_called: [127674380,com.android.deskclock.timer.ExpiredTimersActivity,STOP_ACTIVITY_ITEM]
02-18 03:03:22.138 1520 9451 W FreeFormWindowHelper: Current Display FreeFormTask is null
02-18 03:03:22.139 1520 9451 W FreeFormWindowHelper: Current Display FreeFormTask is null
02-18 03:03:22.141 2537 4260 W ContextImpl: Calling a method in the system process without a qualified user: android.app.ContextImpl.startService:1816 android.content.ContextWrapper.startService:774 com.thundercomm.gamemode.ingame.services.GameModeActionUtils.startGameModeService:111 com.thundercomm.gamemode.ingame.services.GameModeActionUtils.startGameModeEntry:22 com.thundercomm.gamemode.ingame.services.ActivityMonitoringService$1.onActivityLaunch:139
02-18 03:03:22.142 2828 2828 I wm_on_top_resumed_gained_called: [58637558,com.android.launcher3.uioverrides.QuickstepLauncher,topStateChangedWhenResumed]
02-18 03:03:22.146 1520 1520 I GameModeConfig: Current uri is uri = content://com.thundercomm.gamemode.api/gamemode_settings/gamemode_isgaming
02-18 03:03:22.149 1520 1520 I GameModeConfig: isGameModeOn = false
02-18 03:03:22.149 1520 1520 I GameModeConfig: isGameModeOn = false
02-18 03:03:22.149 1520 1520 I GameModeConfig: isDisableVoice = true
02-18 03:03:22.214 1520 9451 W FreeFormWindowHelper: Current Display FreeFormTask is null
02-18 03:03:22.219 2537 4260 W ContextImpl: Calling a method in the system process without a qualified user: android.app.ContextImpl.startService:1816 android.content.ContextWrapper.startService:774 com.thundercomm.gamemode.ingame.services.GameModeActionUtils.startGameModeService:111 com.thundercomm.gamemode.ingame.services.GameModeActionUtils.startGameModeEntry:22 com.thundercomm.gamemode.ingame.services.ActivityMonitoringService$1.onActivityLaunch:139
02-18 03:03:22.223 1520 1520 I GameModeConfig: Current uri is uri = content://com.thundercomm.gamemode.api/gamemode_settings/gamemode_isgaming
02-18 03:03:22.224 1520 1520 I GameModeConfig: isGameModeOn = false
02-18 03:03:22.224 1520 1520 I GameModeConfig: isGameModeOn = false
02-18 03:03:22.224 1520 1520 I GameModeConfig: isDisableVoice = true
02-18 03:03:22.337 1520 1768 I commit_sys_config_file: [settings-1-0,5]
02-18 03:03:22.891 1520 1821 I input_interaction: Interaction with: ea4c11d com.android.launcher3/com.android.launcher3.uioverrides.QuickstepLauncher (server), d73543 com.android.systemui.ImageWallpaper (server), edge-swipe (server), swipe-up (server), PointerEventDispatcher0 (server),
02-18 03:03:22.988 1520 9451 I wm_task_moved: [1,1,7]
02-18 03:03:22.989 1520 9451 I wm_set_resumed_activity: [0,com.android.launcher3/.uioverrides.QuickstepLauncher,positionChildAt]
02-18 03:03:22.989 1520 9451 I wm_task_moved: [84,1,7]
02-18 03:03:22.989 1520 9451 I wm_task_to_front: [0,84]
02-18 03:03:22.989 1520 9451 I wm_focused_root_task: [0,0,84,1,moveTaskToFront findTaskToMoveToFront]
02-18 03:03:22.990 1520 9451 I wm_set_resumed_activity: [0,com.android.deskclock/.DeskClock,moveTaskToFront findTaskToMoveToFront]
02-18 03:03:22.991 1520 9451 I wm_pause_activity: [0,58637558,com.android.launcher3/.uioverrides.QuickstepLauncher,userLeaving=true,pauseBackTasks]
02-18 03:03:22.997 2828 2828 I wm_on_top_resumed_lost_called: [58637558,com.android.launcher3.uioverrides.QuickstepLauncher,topStateChangedWhenResumed]
02-18 03:03:22.999 2828 2828 I wm_on_paused_called: [58637558,com.android.launcher3.uioverrides.QuickstepLauncher,performPause]
02-18 03:03:23.002 1520 2746 I ActivityTaskManager: FOREGROUND_APPLICATION_CHANGED to com.android.deskclock.DeskClock
02-18 03:03:23.004 1520 2746 I wm_set_resumed_activity: [0,com.android.deskclock/.DeskClock,resumeTopActivityInnerLocked]
02-18 03:03:23.005 1520 2746 I wm_add_to_stopping: [0,58637558,com.android.launcher3/.uioverrides.QuickstepLauncher,makeInvisible]
02-18 03:03:23.006 1520 2746 I wm_resume_activity: [0,23698237,84,com.android.deskclock/.DeskClock]
02-18 03:03:23.018 1520 1612 I sysui_multi_action: [757,803,799,window_time_0,802,1]
02-18 03:03:23.021 1520 1821 I input_focus: [Focus leaving ea4c11d com.android.launcher3/com.android.launcher3.uioverrides.QuickstepLauncher (server),reason=NO_WINDOW]
02-18 03:03:23.029 14100 14100 I wm_on_restart_called: [23698237,com.android.deskclock.DeskClock,performRestartActivity]
02-18 03:03:23.031 14100 14100 I wm_on_start_called: [23698237,com.android.deskclock.DeskClock,handleStartActivity]
02-18 03:03:23.031 2537 4260 W ContextImpl: Calling a method in the system process without a qualified user: android.app.ContextImpl.startService:1816 android.content.ContextWrapper.startService:774 com.thundercomm.gamemode.ingame.services.GameModeActionUtils.startGameModeService:111 com.thundercomm.gamemode.ingame.services.GameModeActionUtils.startGameModeEntry:22 com.thundercomm.gamemode.ingame.services.ActivityMonitoringService$1.onActivityLaunch:139
02-18 03:03:23.032 1520 1520 I sysui_multi_action: [757,128,758,5,759,8,793,6503,794,0,795,6503,796,2147483645,806,com.android.deskclock,857,TimerModelNotification,858,3,946,2,947,0,1500,6300,1641,alarm,1688,1,1745,-868672399]
02-18 03:03:23.032 14100 14100 I wm_on_resume_called: [23698237,com.android.deskclock.DeskClock,RESUME_ACTIVITY]
02-18 03:03:23.032 1520 1520 I notification_canceled: [0|com.android.deskclock|2147483645|null|10064,8,6503,6503,0,-1,-1,NULL]
02-18 03:03:23.034 1520 1520 I GameModeConfig: Current uri is uri = content://com.thundercomm.gamemode.api/gamemode_settings/gamemode_isgaming
02-18 03:03:23.035 14100 14100 I wm_on_top_resumed_gained_called: [23698237,com.android.deskclock.DeskClock,topWhenResuming]
02-18 03:03:23.036 1520 1520 I GameModeConfig: isGameModeOn = false
02-18 03:03:23.037 1520 1520 I GameModeConfig: isGameModeOn = false
02-18 03:03:23.037 1520 1520 I GameModeConfig: isDisableVoice = true
02-18 03:03:23.043 1520 1613 I input_focus: [Focus request 4f5abc com.android.deskclock/com.android.deskclock.DeskClock,reason=UpdateInputWindows]
02-18 03:03:23.063 1520 1608 I sysui_multi_action: [319,31,321,29,322,65,325,7616,757,761,758,9,759,4,806,com.android.deskclock,871,com.android.deskclock.DeskClock,904,com.android.launcher3,905,0,1320,4,1321,1]
02-18 03:03:23.073 1520 1821 I input_focus: [Focus entering 4f5abc com.android.deskclock/com.android.deskclock.DeskClock (server),reason=setFocusedWindow]
02-18 03:03:23.107 1520 2746 W FreeFormWindowHelper: Current Display FreeFormTask is null
02-18 03:03:23.116 2537 4260 W ContextImpl: Calling a method in the system process without a qualified user: android.app.ContextImpl.startService:1816 android.content.ContextWrapper.startService:774 com.thundercomm.gamemode.ingame.services.GameModeActionUtils.startGameModeService:111 com.thundercomm.gamemode.ingame.services.GameModeActionUtils.startGameModeEntry:22 com.thundercomm.gamemode.ingame.services.ActivityMonitoringService$1.onActivityLaunch:139
02-18 03:03:23.120 1520 1520 I GameModeConfig: Current uri is uri = content://com.thundercomm.gamemode.api/gamemode_settings/gamemode_isgaming
02-18 03:03:23.123 1520 1520 I GameModeConfig: isGameModeOn = false
02-18 03:03:23.123 1520 1520 I GameModeConfig: isGameModeOn = false
02-18 03:03:23.123 1520 1520 I GameModeConfig: isDisableVoice = true
02-18 03:03:23.374 1520 1612 I wm_stop_activity: [0,58637558,com.android.launcher3/.uioverrides.QuickstepLauncher]
02-18 03:03:23.388 1520 2746 W FreeFormWindowHelper: Current Display FreeFormTask is null
02-18 03:03:23.388 1520 2746 W FreeFormWindowHelper: Current Display FreeFormTask is null
02-18 03:03:23.392 1520 2746 W FreeFormWindowHelper: exitRecentTasks type=0
02-18 03:03:23.404 2828 2828 I wm_on_stop_called: [58637558,com.android.launcher3.uioverrides.QuickstepLauncher,STOP_ACTIVITY_ITEM]
02-18 03:03:23.418 2537 4260 W ContextImpl: Calling a method in the system process without a qualified user: android.app.ContextImpl.startService:1816 android.content.ContextWrapper.startService:774 com.thundercomm.gamemode.ingame.services.GameModeActionUtils.startGameModeService:111 com.thundercomm.gamemode.ingame.services.GameModeActionUtils.startGameModeEntry:22 com.thundercomm.gamemode.ingame.services.ActivityMonitoringService$1.onActivityLaunch:139
02-18 03:03:23.422 1520 1520 I GameModeConfig: Current uri is uri = content://com.thundercomm.gamemode.api/gamemode_settings/gamemode_isgaming
02-18 03:03:23.424 1520 1520 I GameModeConfig: isGameModeOn = false
02-18 03:03:23.424 1520 1520 I GameModeConfig: isGameModeOn = false
02-18 03:03:23.424 1520 1520 I GameModeConfig: isDisableVoice = true
02-18 03:03:24.123 1520 1821 I input_interaction: Interaction with: 4f5abc com.android.deskclock/com.android.deskclock.DeskClock (server), edge-swipe (server), swipe-up (server), PointerEventDispatcher0 (server),
02-18 03:03:24.139 1520 6102 W FreeFormWindowHelper: Current Display FreeFormTask is null
02-18 03:03:24.139 1520 2746 I wm_task_moved: [1,0,0]
02-18 03:03:24.140 1520 2746 I wm_task_moved: [1,0,6]
02-18 03:03:24.154 2828 2828 I wm_on_restart_called: [58637558,com.android.launcher3.uioverrides.QuickstepLauncher,performRestartActivity]
02-18 03:03:24.155 1520 2746 W FreeFormWindowHelper: Current Display FreeFormTask is null
02-18 03:03:24.156 1520 2746 W FreeFormWindowHelper: Current Display FreeFormTask is null
02-18 03:03:24.156 1520 2746 W FreeFormWindowHelper: Current Display FreeFormTask is null
02-18 03:03:24.177 2828 2828 I wm_on_start_called: [58637558,com.android.launcher3.uioverrides.QuickstepLauncher,handleStartActivity]
02-18 03:03:24.178 1520 2746 W ActivityTaskManager: getTaskSnapshot: taskId=1084 not found
02-18 03:03:24.179 1520 6102 W ActivityTaskManager: getTaskSnapshot: taskId=1084 not found
02-18 03:03:24.181 1520 1613 I input_focus: [Focus request recents_animation_input_consumer,reason=UpdateInputWindows]
02-18 03:03:24.181 1520 9451 W ActivityTaskManager: getTaskSnapshot: taskId=2084 not found
02-18 03:03:24.181 14100 14100 I view_enqueue_input_event: [Motion - Cancel,com.android.deskclock/com.android.deskclock.DeskClock]
02-18 03:03:24.183 1520 6102 W ActivityTaskManager: getTaskSnapshot: taskId=3084 not found
02-18 03:03:24.184 1520 6102 W FreeFormWindowHelper: Current Display FreeFormTask is null
02-18 03:03:24.184 1520 6102 W FreeFormWindowHelper: Current Display FreeFormTask is null
02-18 03:03:24.185 2828 2828 I sysui_latency: [1,62]
02-18 03:03:24.186 1520 6102 W ActivityTaskManager: getTaskSnapshot: taskId=1084 not found
02-18 03:03:24.187 1520 6102 W ActivityTaskManager: getTaskSnapshot: taskId=2084 not found
02-18 03:03:24.187 1520 6102 W ActivityTaskManager: getTaskSnapshot: taskId=3084 not found
02-18 03:03:24.187 1520 6102 W ActivityTaskManager: getTaskSnapshot: taskId=4084 not found
02-18 03:03:24.188 1520 2746 W FreeFormWindowHelper: Current Display FreeFormTask is null
02-18 03:03:24.189 1520 6102 W FreeFormWindowHelper: Current Display FreeFormTask is null
02-18 03:03:24.189 1520 6102 W FreeFormWindowHelper: Current Display FreeFormTask is null
02-18 03:03:24.190 1520 1821 I input_interaction: Interaction with: edge-swipe (server), swipe-up (server), PointerEventDispatcher0 (server),
02-18 03:03:24.193 1520 1608 I sysui_multi_action: [319,13,322,51,325,7617,757,761,758,9,759,5,806,com.android.launcher3,871,com.android.launcher3.uioverrides.QuickstepLauncher,905,0,1320,4,1321,1]
02-18 03:03:24.193 1520 1821 I input_focus: [Focus leaving 4f5abc com.android.deskclock/com.android.deskclock.DeskClock (server),reason=NOT_FOCUSABLE]
02-18 03:03:24.193 1520 1821 I input_focus: [Focus entering recents_animation_input_consumer (server),reason=setFocusedWindow]
02-18 03:03:24.194 1520 2746 W ActivityTaskManager: getTaskSnapshot: taskId=1084 not found
02-18 03:03:24.195 1520 2746 W ActivityTaskManager: getTaskSnapshot: taskId=2084 not found
02-18 03:03:24.196 1520 2746 W ActivityTaskManager: getTaskSnapshot: taskId=3084 not found
02-18 03:03:24.197 1520 2746 W ActivityTaskManager: getTaskSnapshot: taskId=4084 not found
02-18 03:03:24.197 1520 2746 W ActivityTaskManager: getTaskSnapshot: taskId=5084 not found
02-18 03:03:24.206 1520 2746 W FreeFormWindowHelper: Current Display FreeFormTask is null
02-18 03:03:24.207 1520 2746 W FreeFormWindowHelper: Current Display FreeFormTask is null
02-18 03:03:24.223 1520 9451 W FreeFormWindowHelper: Current Display FreeFormTask is null
02-18 03:03:24.223 1520 6102 W FreeFormWindowHelper: Current Display FreeFormTask is null
02-18 03:03:24.380 1520 1768 I commit_sys_config_file: [settings-1-0,4]
02-18 03:03:24.470 1520 6102 W FreeFormWindowHelper: Current Display FreeFormTask is null
02-18 03:03:24.470 1520 9451 W FreeFormWindowHelper: Current Display FreeFormTask is null
02-18 03:03:24.470 1520 6829 W FreeFormWindowHelper: Current Display FreeFormTask is null
02-18 03:03:24.493 1520 1618 I sysui_latency: [8,63]
02-18 03:03:24.889 1520 6102 I wm_task_moved: [1,1,7]
02-18 03:03:24.891 1520 6102 I wm_focused_root_task: [0,0,1,84,RecentsAnimation.onAnimationFinished()]
02-18 03:03:24.892 1520 6102 I wm_pause_activity: [0,23698237,com.android.deskclock/.DeskClock,userLeaving=false,pauseBackTasks]
02-18 03:03:24.893 1520 6102 I ActivityTaskManager: FOREGROUND_APPLICATION_CHANGED to com.android.launcher3.uioverrides.QuickstepLauncher
02-18 03:03:24.893 1520 6102 I wm_set_resumed_activity: [0,com.android.launcher3/.uioverrides.QuickstepLauncher,resumeTopActivityInnerLocked]
02-18 03:03:24.895 1520 6102 I wm_resume_activity: [0,58637558,11,com.android.launcher3/.uioverrides.QuickstepLauncher]
02-18 03:03:24.895 1520 6102 I wm_add_to_stopping: [0,23698237,com.android.deskclock/.DeskClock,makeInvisible]
02-18 03:03:24.902 1520 1613 I input_focus: [Focus request ea4c11d com.android.launcher3/com.android.launcher3.uioverrides.QuickstepLauncher,reason=UpdateInputWindows]
02-18 03:03:24.904 1520 1612 I sysui_multi_action: [757,803,799,window_time_0,802,2]
02-18 03:03:24.905 2828 2828 I wm_on_resume_called: [58637558,com.android.launcher3.uioverrides.QuickstepLauncher,RESUME_ACTIVITY]
02-18 03:03:24.906 1520 1612 I wm_stop_activity: [0,23698237,com.android.deskclock/.DeskClock]
02-18 03:03:24.907 1520 1612 I sysui_multi_action: [757,803,799,window_time_0,802,0]
02-18 03:03:24.910 1520 9451 W FreeFormWindowHelper: Current Display FreeFormTask is null
02-18 03:03:24.910 1520 9451 W FreeFormWindowHelper: Current Display FreeFormTask is null
02-18 03:03:24.910 1520 1821 I input_focus: [Focus leaving recents_animation_input_consumer (server),reason=NOT_VISIBLE]
02-18 03:03:24.911 1520 9451 W FreeFormWindowHelper: Current Display FreeFormTask is null
02-18 03:03:24.911 14100 14100 I wm_on_top_resumed_lost_called: [23698237,com.android.deskclock.DeskClock,topStateChangedWhenResumed]
02-18 03:03:24.913 14100 14100 I wm_on_paused_called: [23698237,com.android.deskclock.DeskClock,performPause]
02-18 03:03:24.915 1520 1821 I input_focus: [Focus entering ea4c11d com.android.launcher3/com.android.launcher3.uioverrides.QuickstepLauncher (server),reason=setFocusedWindow]
02-18 03:03:24.921 1520 2286 I GameModeConfig: isGameModeOn = false
02-18 03:03:24.921 1520 2286 I GameModeConfig: isGameModeOn = false
02-18 03:03:24.921 1520 2286 I GameModeConfig: isGameModeOn = false
02-18 03:03:24.921 1520 2286 I GameModeConfig: isGameModeOn = false
02-18 03:03:24.921 1520 2286 I GameModeConfig: isGameModeOn = false
02-18 03:03:24.921 1520 2286 I GameModeConfig: isGameModeOn = false
02-18 03:03:24.923 1520 1520 I notification_enqueue: [10064,14100,com.android.deskclock,2147483645,NULL,0,Notification(channel=TimerModelNotification shortcut=null contentView=com.android.deskclock/0x7f0d0024 vibrate=null sound=null defaults=0x0 flags=0x102 color=0xff1a237e category=alarm groupKey=2 sortKey=0 actions=2 vis=PUBLIC),0]
02-18 03:03:24.924 14100 14100 I wm_on_stop_called: [23698237,com.android.deskclock.DeskClock,STOP_ACTIVITY_ITEM]
02-18 03:03:24.925 1520 9451 W FreeFormWindowHelper: Current Display FreeFormTask is null
02-18 03:03:24.925 1520 9451 W FreeFormWindowHelper: Current Display FreeFormTask is null
02-18 03:03:24.927 2828 2828 I wm_on_top_resumed_gained_called: [58637558,com.android.launcher3.uioverrides.QuickstepLauncher,topStateChangedWhenResumed]
02-18 03:03:24.936 2537 4260 W ContextImpl: Calling a method in the system process without a qualified user: android.app.ContextImpl.startService:1816 android.content.ContextWrapper.startService:774 com.thundercomm.gamemode.ingame.services.GameModeActionUtils.startGameModeService:111 com.thundercomm.gamemode.ingame.services.GameModeActionUtils.startGameModeEntry:22 com.thundercomm.gamemode.ingame.services.ActivityMonitoringService$1.onActivityLaunch:139
02-18 03:03:24.939 1520 1520 I GameModeConfig: Current uri is uri = content://com.thundercomm.gamemode.api/gamemode_settings/gamemode_isgaming
02-18 03:03:24.941 1520 1520 I GameModeConfig: isGameModeOn = false
02-18 03:03:24.941 1520 1520 I GameModeConfig: isGameModeOn = false
02-18 03:03:24.941 1520 1520 I GameModeConfig: isDisableVoice = true
02-18 03:03:25.006 1520 2746 W FreeFormWindowHelper: Current Display FreeFormTask is null
02-18 03:03:25.010 2537 4260 W ContextImpl: Calling a method in the system process without a qualified user: android.app.ContextImpl.startService:1816 android.content.ContextWrapper.startService:774 com.thundercomm.gamemode.ingame.services.GameModeActionUtils.startGameModeService:111 com.thundercomm.gamemode.ingame.services.GameModeActionUtils.startGameModeEntry:22 com.thundercomm.gamemode.ingame.services.ActivityMonitoringService$1.onActivityLaunch:139
02-18 03:03:25.015 1520 1520 I GameModeConfig: Current uri is uri = content://com.thundercomm.gamemode.api/gamemode_settings/gamemode_isgaming
02-18 03:03:25.016 1520 1520 I GameModeConfig: isGameModeOn = false
02-18 03:03:25.017 1520 1520 I GameModeConfig: isGameModeOn = false
02-18 03:03:25.017 1520 1520 I GameModeConfig: isDisableVoice = true
02-18 03:03:25.122 1520 1768 I commit_sys_config_file: [settings-1-0,5]
02-18 03:03:25.123 1520 1520 I sysui_multi_action: [757,1501,758,1,793,201,794,0,795,201,796,2147483645,806,com.android.deskclock,857,TimerModelNotification,858,3,946,2,947,0,1500,0,1641,alarm,1688,1,1745,-868672399]
02-18 03:03:25.123 1520 1520 I sysui_multi_action: [757,804,799,note_interruptive,801,0,802,1]
02-18 03:03:25.124 1520 1520 I GameModeConfig: isGameModeOn = false
02-18 03:03:25.127 1520 1520 W NotificationHistory: Attempted to add notif for locked/gone/disabled user 0
02-18 03:03:25.852 1520 1821 I input_interaction: Interaction with: ea4c11d com.android.launcher3/com.android.launcher3.uioverrides.QuickstepLauncher (server), d73543 com.android.systemui.ImageWallpaper (server), edge-swipe (server), swipe-up (server), PointerEventDispatcher0 (server),
01-05 12:02:18.658 0 0 E DTC_ETH,link_delay_work_func: 3003, SQI=0, link=0
02-18 03:03:25.949 1520 6829 I wm_task_moved: [1,1,7]
02-18 03:03:25.950 1520 6829 I wm_set_resumed_activity: [0,com.android.launcher3/.uioverrides.QuickstepLauncher,positionChildAt]
02-18 03:03:25.950 1520 6829 I wm_task_moved: [84,1,7]
02-18 03:03:25.951 1520 6829 I wm_focused_root_task: [0,0,84,1,moveTaskToFront findTaskToMoveToFront]
02-18 03:03:25.952 1520 6829 I wm_set_resumed_activity: [0,com.android.deskclock/.DeskClock,moveTaskToFront findTaskToMoveToFront]
02-18 03:03:25.953 1520 6829 I wm_pause_activity: [0,58637558,com.android.launcher3/.uioverrides.QuickstepLauncher,userLeaving=true,pauseBackTasks]
02-18 03:03:25.959 2828 2828 I wm_on_top_resumed_lost_called: [58637558,com.android.launcher3.uioverrides.QuickstepLauncher,topStateChangedWhenResumed]
02-18 03:03:25.960 2828 2828 I wm_on_paused_called: [58637558,com.android.launcher3.uioverrides.QuickstepLauncher,performPause]
02-18 03:03:25.965 1520 6829 I ActivityTaskManager: FOREGROUND_APPLICATION_CHANGED to com.android.deskclock.DeskClock
02-18 03:03:25.968 1520 6829 I wm_set_resumed_activity: [0,com.android.deskclock/.DeskClock,resumeTopActivityInnerLocked]
02-18 03:03:25.968 1520 6829 I wm_add_to_stopping: [0,58637558,com.android.launcher3/.uioverrides.QuickstepLauncher,makeInvisible]
02-18 03:03:25.969 1520 6829 I wm_resume_activity: [0,23698237,84,com.android.deskclock/.DeskClock]
02-18 03:03:25.983 1520 1612 I sysui_multi_action: [757,803,799,window_time_0,802,1]
02-18 03:03:25.985 14100 14100 I wm_on_restart_called: [23698237,com.android.deskclock.DeskClock,performRestartActivity]
02-18 03:03:25.988 14100 14100 I wm_on_start_called: [23698237,com.android.deskclock.DeskClock,handleStartActivity]
02-18 03:03:25.988 1520 1520 I sysui_multi_action: [757,128,758,5,759,8,793,1066,794,0,795,1066,796,2147483645,806,com.android.deskclock,857,TimerModelNotification,858,3,946,2,947,0,1500,865,1641,alarm,1688,1,1745,-868672399]
02-18 03:03:25.988 14100 14100 I wm_on_resume_called: [23698237,com.android.deskclock.DeskClock,RESUME_ACTIVITY]
02-18 03:03:25.988 1520 1520 I notification_canceled: [0|com.android.deskclock|2147483645|null|10064,8,1066,1066,0,-1,-1,NULL]
02-18 03:03:25.990 14100 14100 I wm_on_top_resumed_gained_called: [23698237,com.android.deskclock.DeskClock,topWhenResuming]
02-18 03:03:25.991 2537 4260 W ContextImpl: Calling a method in the system process without a qualified user: android.app.ContextImpl.startService:1816 android.content.ContextWrapper.startService:774 com.thundercomm.gamemode.ingame.services.GameModeActionUtils.startGameModeService:111 com.thundercomm.gamemode.ingame.services.GameModeActionUtils.startGameModeEntry:22 com.thundercomm.gamemode.ingame.services.ActivityMonitoringService$1.onActivityLaunch:139
02-18 03:03:25.996 1520 1821 I input_focus: [Focus leaving ea4c11d com.android.launcher3/com.android.launcher3.uioverrides.QuickstepLauncher (server),reason=NO_WINDOW]
02-18 03:03:25.997 1520 1613 I input_focus: [Focus request 4f5abc com.android.deskclock/com.android.deskclock.DeskClock,reason=UpdateInputWindows]
02-18 03:03:26.001 1520 1520 I GameModeConfig: Current uri is uri = content://com.thundercomm.gamemode.api/gamemode_settings/gamemode_isgaming
02-18 03:03:26.006 1520 1520 I GameModeConfig: isGameModeOn = false
02-18 03:03:26.006 1520 1520 I GameModeConfig: isGameModeOn = false
02-18 03:03:26.006 1520 1520 I GameModeConfig: isDisableVoice = true
02-18 03:03:26.009 1520 1608 I sysui_multi_action: [319,29,321,26,322,57,325,7619,757,761,758,9,759,4,806,com.android.deskclock,871,com.android.deskclock.DeskClock,904,com.android.launcher3,905,0,1320,4,1321,1]
02-18 03:03:26.013 1520 1821 I input_focus: [Focus entering 4f5abc com.android.deskclock/com.android.deskclock.DeskClock (server),reason=setFocusedWindow]
02-18 03:03:26.071 1520 6829 W FreeFormWindowHelper: Current Display FreeFormTask is null
02-18 03:03:26.076 2537 4260 W ContextImpl: Calling a method in the system process without a qualified user: android.app.ContextImpl.startService:1816 android.content.ContextWrapper.startService:774 com.thundercomm.gamemode.ingame.services.GameModeActionUtils.startGameModeService:111 com.thundercomm.gamemode.ingame.services.GameModeActionUtils.startGameModeEntry:22 com.thundercomm.gamemode.ingame.services.ActivityMonitoringService$1.onActivityLaunch:139
02-18 03:03:26.080 1520 1520 I GameModeConfig: Current uri is uri = content://com.thundercomm.gamemode.api/gamemode_settings/gamemode_isgaming
02-18 03:03:26.083 1520 1520 I GameModeConfig: isGameModeOn = false
02-18 03:03:26.083 1520 1520 I GameModeConfig: isGameModeOn = false
02-18 03:03:26.083 1520 1520 I GameModeConfig: isDisableVoice = true
02-18 03:03:26.335 1520 1612 I wm_stop_activity: [0,58637558,com.android.launcher3/.uioverrides.QuickstepLauncher]
02-18 03:03:26.345 1520 9451 W FreeFormWindowHelper: Current Display FreeFormTask is null
02-18 03:03:26.345 1520 9451 W FreeFormWindowHelper: Current Display FreeFormTask is null
02-18 03:03:26.348 1520 9451 W FreeFormWindowHelper: exitRecentTasks type=0
02-18 03:03:26.358 2828 2828 I wm_on_stop_called: [58637558,com.android.launcher3.uioverrides.QuickstepLauncher,STOP_ACTIVITY_ITEM]
02-18 03:03:26.373 2537 4260 W ContextImpl: Calling a method in the system process without a qualified user: android.app.ContextImpl.startService:1816 android.content.ContextWrapper.startService:774 com.thundercomm.gamemode.ingame.services.GameModeActionUtils.startGameModeService:111 com.thundercomm.gamemode.ingame.services.GameModeActionUtils.startGameModeEntry:22 com.thundercomm.gamemode.ingame.services.ActivityMonitoringService$1.onActivityLaunch:139
02-18 03:03:26.376 1520 1520 I GameModeConfig: Current uri is uri = content://com.thundercomm.gamemode.api/gamemode_settings/gamemode_isgaming
02-18 03:03:26.377 1520 1520 I GameModeConfig: isGameModeOn = false
02-18 03:03:26.378 1520 1520 I GameModeConfig: isGameModeOn = false
02-18 03:03:26.378 1520 1520 I GameModeConfig: isDisableVoice = true
02-18 03:03:26.521 1520 3839 E TaskPersister: File error accessing recents directory (directory doesn't exist?).
02-18 03:03:26.536 1520 2286 I GameModeConfig: isGameModeOn = false
02-18 03:03:26.536 1520 2286 I GameModeConfig: isGameModeOn = false
02-18 03:03:26.537 1520 2286 I GameModeConfig: isGameModeOn = false
02-18 03:03:26.537 1520 2286 I GameModeConfig: isGameModeOn = false
02-18 03:03:26.610 1520 1821 I input_interaction: Interaction with: 4f5abc com.android.deskclock/com.android.deskclock.DeskClock (server), edge-swipe (server), swipe-up (server), PointerEventDispatcher0 (server),
02-18 03:03:26.743 1520 2286 I GameModeConfig: isGameModeOn = false
02-18 03:03:29.719 1520 1821 I input_interaction: Interaction with: ae306c3 StatusBar (server), edge-swipe (server), swipe-up (server), PointerEventDispatcher0 (server),
02-18 03:03:29.723 2348 2348 I sysui_multi_action: [757,803,799,panel_open,802,1]
02-18 03:03:29.724 2348 2348 I sysui_multi_action: [757,1328,758,4,1326,72,1327,4,1329,0]
02-18 03:03:29.773 1520 2746 I sysui_multi_action: [757,127,758,1]
02-18 03:03:29.774 1520 2746 I sysui_multi_action: [757,804,799,note_load,801,4,802,1]
02-18 03:03:29.774 1520 2746 I notification_panel_revealed: 4
02-18 03:03:29.786 1520 1613 I input_focus: [Focus request 3373de6 NotificationShade,reason=UpdateInputWindows]
02-18 03:03:29.799 1520 2746 I sysui_multi_action: [757,128,758,1,793,7491584,794,0,795,7491584,796,26,798,0,806,android,857,DEVELOPER_IMPORTANT,858,4,947,0,1395,4,1500,7491378,1688,1]
02-18 03:03:29.800 1520 2746 I sysui_multi_action: [757,804,799,note_freshness,801,7491584,802,1]
02-18 03:03:29.800 1520 2746 I notification_visibility: [-1|android|26|null|1000,1,7491584,7491584,0,0]
02-18 03:03:29.800 1520 2746 I sysui_multi_action: [757,128,758,1,793,7599733,794,0,795,32169,796,17303299,797,com.android.wifi,798,2,806,android,857,NETWORK_AVAILABLE,858,2,947,0,1395,4,1500,26497,1688,1]
02-18 03:03:29.800 1520 2746 I sysui_multi_action: [757,1501,758,1,793,7599733,794,0,795,32169,796,17303299,797,com.android.wifi,806,android,857,NETWORK_AVAILABLE,858,2,947,0,1500,0,1688,1]
02-18 03:03:29.800 1520 2746 I sysui_multi_action: [757,804,799,note_interruptive,801,0,802,1]
02-18 03:03:29.800 1520 2746 I sysui_multi_action: [757,804,799,note_freshness,801,32169,802,1]
02-18 03:03:29.800 1520 2746 I notification_visibility: [0|android|17303299|com.android.wifi|1000,1,7599733,32169,0,2]
02-18 03:03:29.800 1520 2746 I sysui_multi_action: [757,128,758,1,793,51625,794,0,795,13266,796,2147483644,798,1,806,com.android.deskclock,857,TimerModelNotification,858,3,947,0,1395,4,1500,13266,1688,1,1745,-868672399]
02-18 03:03:29.801 1520 2746 I sysui_multi_action: [757,804,799,note_freshness,801,13266,802,1]
02-18 03:03:29.801 1520 2746 I notification_visibility: [0|com.android.deskclock|2147483644|null|10064,1,51625,13266,0,1]
02-18 03:03:29.801 1520 2746 I sysui_multi_action: [757,128,758,1,793,7600604,794,0,795,7600604,796,32,798,3,806,android,857,USB,858,1,947,0,1395,4,1500,7600246,1688,1]
02-18 03:03:29.801 1520 2746 I sysui_multi_action: [757,804,799,note_freshness,801,7600604,802,1]
02-18 03:03:29.801 1520 2746 I notification_visibility: [-1|android|32|null|1000,1,7600604,7600604,0,3]
02-18 03:03:29.808 1520 1821 I input_focus: [Focus leaving 4f5abc com.android.deskclock/com.android.deskclock.DeskClock (server),reason=setFocusedWindow]
02-18 03:03:29.808 1520 1821 I input_focus: [Focus entering 3373de6 NotificationShade (server),reason=setFocusedWindow]
02-18 03:03:29.818 2348 2348 I sysui_multi_action: [757,111,758,1]
02-18 03:03:29.818 2348 2348 I sysui_multi_action: [757,126,758,1,759,126,927,0,928,1,1593,1]
02-18 03:03:29.818 2348 2348 I sysui_multi_action: [757,113,758,1,759,113,927,1,928,1,1593,1]
02-18 03:03:29.818 2348 2348 I sysui_multi_action: [757,0,758,1,759,0,927,2,928,0,1593,1]
02-18 03:03:29.818 2348 2348 I sysui_multi_action: [757,0,758,1,759,0,927,3,928,0,1593,1]
02-18 03:03:29.819 2348 2348 I sysui_multi_action: [757,491,758,1,759,491,927,4,928,0,1311,-1,1593,0]
02-18 03:03:29.819 2348 2348 I sysui_multi_action: [757,0,758,1,759,0,927,5,928,0,1593,0]
02-18 03:03:29.819 2348 2348 I sysui_multi_action: [757,111,758,1]
02-18 03:03:29.819 2348 2348 I sysui_multi_action: [757,126,758,1,759,126,927,0,928,1,1593,1]
02-18 03:03:29.819 2348 2348 I sysui_multi_action: [757,113,758,1,759,113,927,1,928,1,1593,1]
02-18 03:03:29.820 2348 2348 I sysui_multi_action: [757,0,758,1,759,0,927,2,928,0,1593,1]
02-18 03:03:29.820 2348 2348 I sysui_multi_action: [757,0,758,1,759,0,927,3,928,0,1593,1]
02-18 03:03:30.408 1520 1821 I input_interaction: Interaction with: 3373de6 NotificationShade (server), edge-swipe (server), swipe-up (server), PointerEventDispatcher0 (server),
02-18 03:03:30.637 1520 2286 I GameModeConfig: isGameModeOn = false
02-18 03:03:30.637 1520 2286 I GameModeConfig: isGameModeOn = false
02-18 03:03:30.637 1520 2286 I GameModeConfig: isGameModeOn = false
02-18 03:03:30.637 1520 2286 I GameModeConfig: isGameModeOn = false
02-18 03:03:30.637 1520 2286 I GameModeConfig: isGameModeOn = false
02-18 03:03:30.637 1520 2286 I GameModeConfig: isGameModeOn = false
02-18 03:03:30.638 1520 1520 I notification_enqueue: [10079,2348,com.android.systemui,2048,NULL,0,Notification(channel=updateNotification shortcut=null contentView=null vibrate=null sound=null defaults=0x0 flags=0x0 color=0x00000000 vis=PRIVATE),1]
02-18 03:03:30.639 2348 2348 I sysui_multi_action: [757,111,758,2]
02-18 03:03:30.639 2348 2348 I sysui_multi_action: [757,111,758,2]
02-18 03:03:30.696 1520 1613 I input_focus: [Focus request 4f5abc com.android.deskclock/com.android.deskclock.DeskClock,reason=UpdateInputWindows]
02-18 03:03:30.701 1520 9451 I sysui_multi_action: [757,128,758,2,793,7492486,794,902,795,7492486,796,26,798,0,806,android,857,DEVELOPER_IMPORTANT,858,4,947,0,1395,4,1500,7492280,1688,1]
02-18 03:03:30.701 1520 9451 I notification_visibility: [-1|android|26|null|1000,0,7492486,7492486,0,0]
02-18 03:03:30.701 1520 9451 I sysui_multi_action: [757,128,758,2,793,7600634,794,901,795,33070,796,17303299,797,com.android.wifi,798,2,806,android,857,NETWORK_AVAILABLE,858,2,947,0,1395,4,1500,901,1688,1]
02-18 03:03:30.701 1520 9451 I notification_visibility: [0|android|17303299|com.android.wifi|1000,0,7600634,33070,0,2]
02-18 03:03:30.702 1520 9451 I sysui_multi_action: [757,128,758,2,793,52527,794,902,795,14168,796,2147483644,798,1,806,com.android.deskclock,857,TimerModelNotification,858,3,947,0,1395,4,1500,14168,1688,1,1745,-868672399]
02-18 03:03:30.702 1520 9451 I notification_visibility: [0|com.android.deskclock|2147483644|null|10064,0,52527,14168,0,1]
02-18 03:03:30.702 1520 9451 I sysui_multi_action: [757,128,758,2,793,7601505,794,901,795,7601505,796,32,798,3,806,android,857,USB,858,1,947,0,1395,4,1500,7601147,1688,1]
02-18 03:03:30.702 1520 9451 I notification_visibility: [-1|android|32|null|1000,0,7601505,7601505,0,3]
02-18 03:03:30.702 1520 2746 I sysui_multi_action: [757,127,758,2]
02-18 03:03:30.702 1520 2746 I notification_panel_hidden:
02-18 03:03:30.726 1520 1821 I input_focus: [Focus leaving 3373de6 NotificationShade (server),reason=NO_WINDOW]
02-18 03:03:30.727 1520 1821 I input_focus: [Focus entering 4f5abc com.android.deskclock/com.android.deskclock.DeskClock (server),reason=setFocusedWindow]
02-18 03:03:30.840 1520 1520 I GameModeConfig: isGameModeOn = false
02-18 03:03:30.888 1520 1821 I input_interaction: Interaction with: 4f5abc com.android.deskclock/com.android.deskclock.DeskClock (server), edge-swipe (server), swipe-up (server), PointerEventDispatcher0 (server),
02-18 03:03:30.902 1520 9451 W FreeFormWindowHelper: Current Display FreeFormTask is null
02-18 03:03:30.902 1520 6102 I wm_task_moved: [1,0,0]
02-18 03:03:30.903 1520 6102 I wm_task_moved: [1,0,6]
02-18 03:03:30.915 14100 14100 I view_enqueue_input_event: [Motion - Cancel,com.android.deskclock/com.android.deskclock.DeskClock]
02-18 03:03:30.919 1520 1613 I input_focus: [Focus request recents_animation_input_consumer,reason=UpdateInputWindows]
02-18 03:03:30.921 2537 4260 W ContextImpl: Calling a method in the system process without a qualified user: android.app.ContextImpl.startService:1816 android.content.ContextWrapper.startService:774 com.thundercomm.gamemode.ingame.services.GameModeActionUtils.startGameModeService:111 com.thundercomm.gamemode.ingame.services.GameModeActionUtils.startGameModeEntry:22 com.thundercomm.gamemode.ingame.services.ActivityMonitoringService$1.onActivityLaunch:139
02-18 03:03:30.922 2828 2828 I wm_on_restart_called: [58637558,com.android.launcher3.uioverrides.QuickstepLauncher,performRestartActivity]
02-18 03:03:30.923 1520 6829 W FreeFormWindowHelper: Current Display FreeFormTask is null
02-18 03:03:30.925 1520 6829 W FreeFormWindowHelper: Current Display FreeFormTask is null
02-18 03:03:30.925 1520 1520 I GameModeConfig: Current uri is uri = content://com.thundercomm.gamemode.api/gamemode_settings/gamemode_isgaming
02-18 03:03:30.926 1520 9451 W FreeFormWindowHelper: Current Display FreeFormTask is null
02-18 03:03:30.928 1520 1520 I GameModeConfig: isGameModeOn = false
02-18 03:03:30.928 1520 1520 I GameModeConfig: isGameModeOn = false
02-18 03:03:30.928 1520 1520 I GameModeConfig: isDisableVoice = true
02-18 03:03:30.934 1520 1821 I input_interaction: Interaction with: edge-swipe (server), swipe-up (server), PointerEventDispatcher0 (server),
02-18 03:03:30.941 1520 1821 I input_focus: [Focus leaving 4f5abc com.android.deskclock/com.android.deskclock.DeskClock (server),reason=NOT_FOCUSABLE]
02-18 03:03:30.942 1520 1821 I input_focus: [Focus entering recents_animation_input_consumer (server),reason=setFocusedWindow]
02-18 03:03:30.945 2828 2828 I wm_on_start_called: [58637558,com.android.launcher3.uioverrides.QuickstepLauncher,handleStartActivity]
02-18 03:03:30.945 1520 6102 W ActivityTaskManager: getTaskSnapshot: taskId=1084 not found
02-18 03:03:30.946 1520 6102 W FreeFormWindowHelper: Current Display FreeFormTask is null
02-18 03:03:30.947 1520 9451 W ActivityTaskManager: getTaskSnapshot: taskId=1084 not found
02-18 03:03:30.947 1520 9451 W ActivityTaskManager: getTaskSnapshot: taskId=2084 not found
02-18 03:03:30.949 1520 6102 W ActivityTaskManager: getTaskSnapshot: taskId=3084 not found
02-18 03:03:30.951 1520 9451 W ActivityTaskManager: getTaskSnapshot: taskId=4084 not found
02-18 03:03:30.951 1520 9451 W FreeFormWindowHelper: Current Display FreeFormTask is null
02-18 03:03:30.951 1520 9451 W FreeFormWindowHelper: Current Display FreeFormTask is null
02-18 03:03:30.952 1520 9451 W ActivityTaskManager: getTaskSnapshot: taskId=5084 not found
02-18 03:03:30.952 2828 2828 I sysui_latency: [1,64]
02-18 03:03:30.953 1520 9451 W ActivityTaskManager: getTaskSnapshot: taskId=1084 not found
02-18 03:03:30.953 1520 9451 W ActivityTaskManager: getTaskSnapshot: taskId=2084 not found
02-18 03:03:30.953 1520 9451 W ActivityTaskManager: getTaskSnapshot: taskId=3084 not found
02-18 03:03:30.954 1520 9451 W ActivityTaskManager: getTaskSnapshot: taskId=4084 not found
02-18 03:03:30.954 1520 9451 W ActivityTaskManager: getTaskSnapshot: taskId=5084 not found
02-18 03:03:30.972 1520 9451 W FreeFormWindowHelper: Current Display FreeFormTask is null
02-18 03:03:30.972 1520 9451 W FreeFormWindowHelper: Current Display FreeFormTask is null
02-18 03:03:30.974 1520 1608 I sysui_multi_action: [319,9,322,66,325,7624,757,761,758,9,759,5,806,com.android.launcher3,871,com.android.launcher3.uioverrides.QuickstepLauncher,905,0,1320,4,1321,1]
