02-18 02:39:44.701 1520 5220 W ActivityManager: Receiver with filter android.content.IntentFilter@243abfe already registered for pid 10293, callerPackage is com.android.music
02-18 02:39:44.726 1520 1520 I GameModeConfig: isGameModeOn = false
02-18 02:39:44.838 1520 1520 I GameModeConfig: isGameModeOn = false
02-18 02:39:44.840 1520 1520 W NotificationHistory: Attempted to add notif for locked/gone/disabled user 0
01-05 11:38:37.849 0 0 I btfm_slim_hw_init: PGD Enum Addr: 00:01:20:02:17: 02
01-05 11:38:37.849 0 0 I btfm_slim_hw_init: IFD Enum Addr: 00:00:20:02:17: 02
01-05 11:38:37.849 0 0 I btfm_slim_hw_init: chipset soc version:400a0200
01-05 11:38:37.849 0 0 I btfm_slim_hw_init: chipset is hastings 2.0, overwriting EA
01-05 11:38:37.849 0 0 I btfm_slim_hw_init: PGD Enum Addr: 00:01:20:02:17: 02
01-05 11:38:37.849 0 0 I btfm_slim_hw_init: IFD Enum Addr: 00:00:20:02:17: 02
01-05 11:38:37.849 0 0 I btfm_slim_alloc_port: chipset soc version:400a0200
01-05 11:38:37.857 0 0 I btfm_slim_enable_ch: chipset soc version:400a0200
01-05 11:38:37.857 0 0 I btfm_slim_enable_ch: channel define - prot:2, dataf:0, auxf:0
01-05 11:38:37.857 0 0 I btfm_slim_enable_ch: channel define - rates:44100, baser:2, ratem:4
01-05 11:38:37.857 0 0 I btfm_slim_enable_ch: slim_connect_sink(port: 16, ch: 157)
01-05 11:38:37.857 0 0 I btfm_slim_enable_ch: port: 16, ch: 157, grp: 0, ch->grph: 0x0, ch_hdl: 0x1d
01-05 11:38:37.858 0 0 I __afe_port_start: port id: 0x400e
01-05 11:38:37.858 0 0 I afe_find_cal_topo_id_by_port: port id: 0x400e, dev_acdb_id: 20
01-05 11:38:37.858 0 0 I afe_find_cal_topo_id_by_port: top_id:112fc acdb_id:20 afe_port_id:0x400e
01-05 11:38:37.858 0 0 I afe_get_cal_topology_id: port_id = 0x400e acdb_id = 20 topology_id = 0x112fc cal_type_index=8 ret=0
01-05 11:38:37.858 0 0 I afe_send_port_topology_id: AFE set topology id 0x112fc enable for port 0x400e ret 0
01-05 11:38:37.858 0 0 I send_afe_cal_type: cal_index is 0
01-05 11:38:37.858 0 0 I send_afe_cal_type: dev_acdb_id[119] is 20
01-05 11:38:37.858 0 0 I afe_find_cal: cal_index 0 port_id 0x400e port_index 119
01-05 11:38:37.858 0 0 I afe_find_cal: acdb_id 20 dev_acdb_id 20 sample_rate 48000 afe_sample_rates 44100
01-05 11:38:37.858 0 0 I afe_find_cal: no matching cal_block found
01-05 11:38:37.858 0 0 E : send_afe_cal_type cal_block not found!!
01-05 11:38:37.858 0 0 I afe_send_hw_delay: port_id 0x400e rate 44100 delay_usec 0 status 0
01-05 11:38:40.424 0 0 E DTC_ETH,link_delay_work_func: 3003, SQI=0, link=0
02-18 02:39:47.890 1520 2286 I GameModeConfig: isGameModeOn = false
02-18 02:39:47.890 1520 2286 I GameModeConfig: isGameModeOn = false
02-18 02:39:47.891 1520 2286 I GameModeConfig: isGameModeOn = false
02-18 02:39:47.891 1520 2286 I GameModeConfig: isGameModeOn = false
02-18 02:39:47.891 1520 2286 I GameModeConfig: isGameModeOn = false
02-18 02:39:47.957 1520 2415 W ActivityManager: Receiver with filter android.content.IntentFilter@804693f already registered for pid 10293, callerPackage is com.android.music
02-18 02:39:48.117 1520 1520 I GameModeConfig: isGameModeOn = false
02-18 02:39:48.120 1520 1520 W NotificationHistory: Attempted to add notif for locked/gone/disabled user 0
02-18 02:39:51.344 1520 2286 I GameModeConfig: isGameModeOn = false
02-18 02:39:51.344 1520 2286 I GameModeConfig: isGameModeOn = false
02-18 02:39:51.344 1520 2286 I GameModeConfig: isGameModeOn = false
02-18 02:39:51.344 1520 2286 I GameModeConfig: isGameModeOn = false
02-18 02:39:51.344 1520 2286 I GameModeConfig: isGameModeOn = false
02-18 02:39:51.412 1520 6588 W ActivityManager: Receiver with filter android.content.IntentFilter@10486be already registered for pid 10293, callerPackage is com.android.music
02-18 02:39:51.571 1520 1520 I GameModeConfig: isGameModeOn = false
02-18 02:39:51.573 1520 1520 W NotificationHistory: Attempted to add notif for locked/gone/disabled user 0
01-05 11:38:45.542 0 0 E DTC_ETH,link_delay_work_func: 3003, SQI=0, link=0
02-18 02:39:54.539 1520 2286 I GameModeConfig: isGameModeOn = false
02-18 02:39:54.539 1520 2286 I GameModeConfig: isGameModeOn = false
02-18 02:39:54.539 1520 2286 I GameModeConfig: isGameModeOn = false
02-18 02:39:54.539 1520 2286 I GameModeConfig: isGameModeOn = false
02-18 02:39:54.540 1520 2286 I GameModeConfig: isGameModeOn = false
02-18 02:39:54.600 1520 6588 W ActivityManager: Receiver with filter android.content.IntentFilter@21e3c1e already registered for pid 10293, callerPackage is com.android.music
02-18 02:39:54.762 1520 1520 I GameModeConfig: isGameModeOn = false
02-18 02:39:54.764 1520 1520 W NotificationHistory: Attempted to add notif for locked/gone/disabled user 0
01-05 11:38:49.454 0 0 I : PARTIAL DRAIN, do not wait for EOS ack
02-18 02:39:57.215 1520 2286 I GameModeConfig: isGameModeOn = false
02-18 02:39:57.215 1520 2286 I GameModeConfig: isGameModeOn = false
02-18 02:39:57.216 1520 2286 I GameModeConfig: isGameModeOn = false
02-18 02:39:57.216 1520 2286 I GameModeConfig: isGameModeOn = false
02-18 02:39:57.216 1520 2286 I GameModeConfig: isGameModeOn = false
02-18 02:39:57.253 1520 7379 W ActivityManager: Receiver with filter android.content.IntentFilter@ac25300 already registered for pid 10293, callerPackage is com.android.music
02-18 02:39:57.436 1520 1520 I GameModeConfig: isGameModeOn = false
02-18 02:39:57.438 1520 1520 W NotificationHistory: Attempted to add notif for locked/gone/disabled user 0
01-05 11:38:50.659 0 0 E DTC_ETH,link_delay_work_func: 3003, SQI=0, link=0
02-18 02:40:02.540 1520 1802 D ActivityManager: freezing 11585 com.android.gallery3d
02-18 02:40:02.540 1520 1802 E ActivityManager: Unable to freeze binder for 11585 com.android.gallery3d
01-05 11:38:55.327 0 0 I binder : 1520:1802 ioctl 400c620e 6f1c4355d8 returned -22
01-05 11:38:55.331 0 0 I binder : 1520:1802 ioctl c00c620f 6f1c4355b8 returned -22
02-18 02:40:02.543 1520 1802 D ActivityManager: froze 11585 com.android.gallery3d
02-18 02:40:02.543 1520 1802 E ActivityManager: Unable to freeze binder for 11585 com.android.gallery3d
02-18 02:40:02.545 1520 1802 I ActivityManager: Killing 11585:com.android.gallery3d/u0a68 (adj 935): Unable to freeze binder interface
02-18 02:40:02.600 1520 1612 D CompatibilityChangeReporter: Compat change id reported: 135634846; UID 10068; state: DISABLED
02-18 02:40:02.600 1520 1612 D CompatibilityChangeReporter: Compat change id reported: 177438394; UID 10068; state: DISABLED
02-18 02:40:02.600 1520 1612 D CompatibilityChangeReporter: Compat change id reported: 135772972; UID 10068; state: DISABLED
02-18 02:40:02.600 1520 1612 D CompatibilityChangeReporter: Compat change id reported: 135754954; UID 10068; state: DISABLED
02-18 02:40:02.601 1520 1620 D CompatibilityChangeReporter: Compat change id reported: 143937733; UID 10068; state: DISABLED
02-18 02:40:02.618 1520 1620 I ActivityManager: Start proc 12456:com.android.gallery3d/u0a68 for null
01-05 11:38:55.432 0 0 I binder : 12456:12456 ioctl 40046210 7fd1658544 returned -22
02-18 02:40:02.652 1520 2746 D CompatibilityChangeReporter: Compat change id reported: 168419799; UID 10068; state: DISABLED
01-05 11:38:55.778 0 0 E DTC_ETH,link_delay_work_func: 3003, SQI=0, link=0
02-18 02:40:06.024 1520 1609 D CompatibilityChangeReporter: Compat change id reported: 173031413; UID 1000; state: ENABLED
02-18 02:40:06.025 1520 1609 D CompatibilityChangeReporter: Compat change id reported: 173031413; UID 1000; state: DISABLED
01-05 11:39:00.899 0 0 E DTC_ETH,link_delay_work_func: 3003, SQI=0, link=0
01-05 11:39:06.018 0 0 E DTC_ETH,link_delay_work_func: 3003, SQI=0, link=0
02-18 02:40:15.460 1520 2286 I GameModeConfig: isGameModeOn = false
02-18 02:40:15.460 1520 2286 I GameModeConfig: isGameModeOn = false
02-18 02:40:15.460 1520 2286 I GameModeConfig: isGameModeOn = false
02-18 02:40:15.461 1520 2286 I GameModeConfig: isGameModeOn = false
02-18 02:40:15.461 1520 2286 I GameModeConfig: isGameModeOn = false
02-18 02:40:15.533 1520 6588 W ActivityManager: Receiver with filter android.content.IntentFilter@bddec78 already registered for pid 10293, callerPackage is com.android.music
02-18 02:40:15.704 1520 1520 I GameModeConfig: isGameModeOn = false
02-18 02:40:16.372 1520 2286 I GameModeConfig: isGameModeOn = false
02-18 02:40:16.372 1520 2286 I GameModeConfig: isGameModeOn = false
02-18 02:40:16.372 1520 2286 I GameModeConfig: isGameModeOn = false
02-18 02:40:16.379 1520 2286 I GameModeConfig: isGameModeOn = false
02-18 02:40:16.379 1520 2286 I GameModeConfig: isGameModeOn = false
02-18 02:40:16.437 1520 2746 W ActivityManager: Receiver with filter android.content.IntentFilter@8e163a8 already registered for pid 10293, callerPackage is com.android.music
02-18 02:40:16.620 1520 1520 I GameModeConfig: isGameModeOn = false
02-18 02:40:17.466 1520 2286 I GameModeConfig: isGameModeOn = false
02-18 02:40:17.466 1520 2286 I GameModeConfig: isGameModeOn = false
02-18 02:40:17.466 1520 2286 I GameModeConfig: isGameModeOn = false
02-18 02:40:17.469 1520 2286 I GameModeConfig: isGameModeOn = false
02-18 02:40:17.470 1520 2286 I GameModeConfig: isGameModeOn = false
02-18 02:40:17.523 1520 10278 W ActivityManager: Receiver with filter android.content.IntentFilter@267a1bb already registered for pid 10293, callerPackage is com.android.music
02-18 02:40:17.708 1520 1520 I GameModeConfig: isGameModeOn = false
02-18 02:40:18.173 1520 2286 I GameModeConfig: isGameModeOn = false
02-18 02:40:18.174 1520 2286 I GameModeConfig: isGameModeOn = false
02-18 02:40:18.174 1520 2286 I GameModeConfig: isGameModeOn = false
02-18 02:40:18.174 1520 2286 I GameModeConfig: isGameModeOn = false
02-18 02:40:18.174 1520 2286 I GameModeConfig: isGameModeOn = false
02-18 02:40:18.240 1520 2746 W ActivityManager: Receiver with filter android.content.IntentFilter@3f8adfa already registered for pid 10293, callerPackage is com.android.music
01-05 11:39:11.138 0 0 E DTC_ETH,link_delay_work_func: 3003, SQI=0, link=0
02-18 02:40:18.416 1520 1520 I GameModeConfig: isGameModeOn = false
01-05 11:39:16.258 0 0 E DTC_ETH,link_delay_work_func: 3003, SQI=0, link=0
01-05 11:39:21.378 0 0 E DTC_ETH,link_delay_work_func: 3003, SQI=0, link=0
01-05 11:39:26.499 0 0 E DTC_ETH,link_delay_work_func: 3003, SQI=0, link=0
01-05 11:39:31.619 0 0 E DTC_ETH,link_delay_work_func: 3003, SQI=0, link=0
01-05 11:39:36.742 0 0 E DTC_ETH,link_delay_work_func: 3003, SQI=0, link=0
01-05 11:39:39.737 0 0 I btfm_slim_enable_ch: chipset soc version:400a0200
01-05 11:39:39.737 0 0 I btfm_slim_enable_ch: channel define - prot:2, dataf:0, auxf:0
01-05 11:39:39.737 0 0 I btfm_slim_enable_ch: channel define - rates:44100, baser:2, ratem:4
01-05 11:39:39.737 0 0 E btfm_slim_enable_ch: slim_define_ch failed ret[-106]
01-05 11:39:39.737 0 0 E btfm_slim_dai_prepare: channel opened without closing, return success
02-18 02:40:47.014 1520 2286 I GameModeConfig: isGameModeOn = false
02-18 02:40:47.014 1520 2286 I GameModeConfig: isGameModeOn = false
02-18 02:40:47.014 1520 2286 I GameModeConfig: isGameModeOn = false
02-18 02:40:47.019 1520 2286 I GameModeConfig: isGameModeOn = false
02-18 02:40:47.019 1520 2286 I GameModeConfig: isGameModeOn = false
02-18 02:40:47.160 1520 6829 W ActivityManager: Receiver with filter android.content.IntentFilter@1acbcdc already registered for pid 10293, callerPackage is com.android.music
02-18 02:40:47.272 1520 1520 I GameModeConfig: isGameModeOn = false
02-18 02:40:47.274 1520 1520 W NotificationHistory: Attempted to add notif for locked/gone/disabled user 0
01-05 11:39:41.858 0 0 E DTC_ETH,link_delay_work_func: 3003, SQI=0, link=0
02-18 02:40:49.890 1520 2286 I GameModeConfig: isGameModeOn = false
02-18 02:40:49.890 1520 2286 I GameModeConfig: isGameModeOn = false
02-18 02:40:49.890 1520 2286 I GameModeConfig: isGameModeOn = false
02-18 02:40:49.891 1520 2286 I GameModeConfig: isGameModeOn = false
02-18 02:40:49.891 1520 2286 I GameModeConfig: isGameModeOn = false
02-18 02:40:50.040 1520 7379 W ActivityManager: Receiver with filter android.content.IntentFilter@107f6c5 already registered for pid 10293, callerPackage is com.android.music
02-18 02:40:50.134 1520 1520 I GameModeConfig: isGameModeOn = false
02-18 02:40:50.137 1520 1520 W NotificationHistory: Attempted to add notif for locked/gone/disabled user 0
01-05 11:39:46.982 0 0 E DTC_ETH,link_delay_work_func: 3003, SQI=0, link=0
02-18 02:40:55.576 1520 2286 I GameModeConfig: isGameModeOn = false
02-18 02:40:55.576 1520 2286 I GameModeConfig: isGameModeOn = false
02-18 02:40:55.576 1520 2286 I GameModeConfig: isGameModeOn = false
02-18 02:40:55.577 1520 2286 I GameModeConfig: isGameModeOn = false
02-18 02:40:55.577 1520 2286 I GameModeConfig: isGameModeOn = false
02-18 02:40:55.812 1520 1520 I GameModeConfig: isGameModeOn = false
01-05 11:39:48.939 0 0 I btfm_slim_enable_ch: chipset soc version:400a0200
01-05 11:39:48.939 0 0 I btfm_slim_enable_ch: channel define - prot:2, dataf:0, auxf:0
01-05 11:39:48.939 0 0 I btfm_slim_enable_ch: channel define - rates:44100, baser:2, ratem:4
01-05 11:39:48.939 0 0 E btfm_slim_enable_ch: slim_define_ch failed ret[-106]
01-05 11:39:48.939 0 0 E btfm_slim_dai_prepare: channel opened without closing, return success
02-18 02:40:56.202 1520 2286 I GameModeConfig: isGameModeOn = false
02-18 02:40:56.202 1520 2286 I GameModeConfig: isGameModeOn = false
02-18 02:40:56.203 1520 2286 I GameModeConfig: isGameModeOn = false
02-18 02:40:56.203 1520 2286 I GameModeConfig: isGameModeOn = false
02-18 02:40:56.203 1520 2286 I GameModeConfig: isGameModeOn = false
02-18 02:40:56.361 1520 10278 W ActivityManager: Receiver with filter android.content.IntentFilter@ab03546 already registered for pid 10293, callerPackage is com.android.music
02-18 02:40:56.437 1520 1520 I GameModeConfig: isGameModeOn = false
02-18 02:40:56.438 1520 1520 W NotificationHistory: Attempted to add notif for locked/gone/disabled user 0
02-18 02:40:56.776 1520 2286 I GameModeConfig: isGameModeOn = false
02-18 02:40:56.776 1520 2286 I GameModeConfig: isGameModeOn = false
02-18 02:40:56.776 1520 2286 I GameModeConfig: isGameModeOn = false
02-18 02:40:56.776 1520 2286 I GameModeConfig: isGameModeOn = false
02-18 02:40:56.776 1520 2286 I GameModeConfig: isGameModeOn = false
02-18 02:40:56.925 1520 10280 W ActivityManager: Receiver with filter android.content.IntentFilter@3f52b3d already registered for pid 10293, callerPackage is com.android.music
02-18 02:40:57.008 1520 1520 I GameModeConfig: isGameModeOn = false
02-18 02:40:57.010 1520 1520 W NotificationHistory: Attempted to add notif for locked/gone/disabled user 0
01-05 11:39:51.852 0 0 I [schedu][0x1c0cdf5dfa][02:40:59.064868] wlan: [2158:I:OSIF] scan start scan id 40990
01-05 11:39:52.098 0 0 E DTC_ETH,link_delay_work_func: 3003, SQI=0, link=0
01-05 11:39:52.829 0 0 I [schedu][0x1c0dfdb5d4][02:41:00.042253] wlan: [2158:I:OSIF] vdev 0, scan id 40990 type COMPLETED(1) reason COMPLETED(1) scan found 61 bss
01-05 11:39:57.218 0 0 E DTC_ETH,link_delay_work_func: 3003, SQI=0, link=0
01-05 11:40:02.338 0 0 E DTC_ETH,link_delay_work_func: 3003, SQI=0, link=0
02-18 02:41:10.383 1520 10278 I NotificationService: cancelToast pkg=com.android.music token=android.os.BinderProxy@6a29473
02-18 02:41:10.677 1520 6829 W NotificationService: Toast already killed. pkg=com.android.music token=android.os.BinderProxy@6a29473
02-18 02:41:11.969 1520 7379 I NotificationService: cancelToast pkg=com.android.music token=android.os.BinderProxy@6a29473
02-18 02:41:12.248 1520 7379 W NotificationService: Toast already killed. pkg=com.android.music token=android.os.BinderProxy@6a29473
02-18 02:41:13.390 1520 7379 I NotificationService: cancelToast pkg=com.android.music token=android.os.BinderProxy@6a29473
02-18 02:41:13.666 1520 7379 W NotificationService: Toast already killed. pkg=com.android.music token=android.os.BinderProxy@6a29473
01-05 11:40:07.462 0 0 E DTC_ETH,link_delay_work_func: 3003, SQI=0, link=0
02-18 02:41:15.162 1520 10278 I NotificationService: cancelToast pkg=com.android.music token=android.os.BinderProxy@6a29473
02-18 02:41:15.437 1520 10278 W NotificationService: Toast already killed. pkg=com.android.music token=android.os.BinderProxy@6a29473
02-18 02:41:17.517 1520 10280 I NotificationService: cancelToast pkg=com.android.music token=android.os.BinderProxy@6a29473
02-18 02:41:17.792 1520 10280 W NotificationService: Toast already killed. pkg=com.android.music token=android.os.BinderProxy@6a29473
02-18 02:41:19.154 1520 10280 I NotificationService: cancelToast pkg=com.android.music token=android.os.BinderProxy@6a29473
02-18 02:41:19.438 1520 10280 W WindowManager: Attempted to add a toast window with unknown token android.os.Binder@932099f. Aborting.
01-05 11:40:12.578 0 0 E DTC_ETH,link_delay_work_func: 3003, SQI=0, link=0
02-18 02:41:20.023 1520 6103 I NotificationService: cancelToast pkg=com.android.music token=android.os.BinderProxy@6a29473
02-18 02:41:20.024 1520 6103 W WindowManager: removeWindowToken: Attempted to remove non-existing token: android.os.Binder@932099f
02-18 02:41:20.289 1520 6103 W NotificationService: Toast already killed. pkg=com.android.music token=android.os.BinderProxy@6a29473
02-18 02:41:21.390 1520 1520 W WindowManager: removeWindowToken: Attempted to remove non-existing token: android.os.Binder@29b00fb
02-18 02:41:22.983 1520 1520 W WindowManager: removeWindowToken: Attempted to remove non-existing token: android.os.Binder@38804cf
02-18 02:41:24.397 1520 1520 W WindowManager: removeWindowToken: Attempted to remove non-existing token: android.os.Binder@ad2e92
02-18 02:41:24.583 1520 6103 I NotificationService: cancelToast pkg=com.android.music token=android.os.BinderProxy@6a29473
02-18 02:41:24.874 1520 10280 W NotificationService: Toast already killed. pkg=com.android.music token=android.os.BinderProxy@6a29473
01-05 11:40:17.698 0 0 E DTC_ETH,link_delay_work_func: 3003, SQI=0, link=0
02-18 02:41:25.535 1520 10280 I NotificationService: cancelToast pkg=com.android.music token=android.os.BinderProxy@6a29473
02-18 02:41:25.814 1520 7380 W WindowManager: Attempted to add a toast window with unknown token android.os.Binder@5b7c823. Aborting.
02-18 02:41:26.168 1520 1520 W WindowManager: removeWindowToken: Attempted to remove non-existing token: android.os.Binder@e388651
02-18 02:41:26.354 1520 7380 I NotificationService: cancelToast pkg=com.android.music token=android.os.BinderProxy@6a29473
02-18 02:41:26.356 1520 7380 W WindowManager: removeWindowToken: Attempted to remove non-existing token: android.os.Binder@5b7c823
02-18 02:41:26.621 1520 7380 W NotificationService: Toast already killed. pkg=com.android.music token=android.os.BinderProxy@6a29473
02-18 02:41:27.808 1520 6103 I NotificationService: cancelToast pkg=com.android.music token=android.os.BinderProxy@6a29473
02-18 02:41:28.083 1520 6103 W NotificationService: Toast already killed. pkg=com.android.music token=android.os.BinderProxy@6a29473
02-18 02:41:28.525 1520 1520 W WindowManager: removeWindowToken: Attempted to remove non-existing token: android.os.Binder@5f52abc
02-18 02:41:28.877 1520 10280 I NotificationService: cancelToast pkg=com.android.music token=android.os.BinderProxy@6a29473
02-18 02:41:29.153 1520 10280 W NotificationService: Toast already killed. pkg=com.android.music token=android.os.BinderProxy@6a29473
01-05 11:40:22.818 0 0 E DTC_ETH,link_delay_work_func: 3003, SQI=0, link=0
02-18 02:41:30.160 1520 1520 W WindowManager: removeWindowToken: Attempted to remove non-existing token: android.os.Binder@9e6dcfd
02-18 02:41:30.397 1520 6103 I NotificationService: cancelToast pkg=com.android.music token=android.os.BinderProxy@6a29473
02-18 02:41:30.674 1520 6103 W NotificationService: Toast already killed. pkg=com.android.music token=android.os.BinderProxy@6a29473
02-18 02:41:31.027 1520 1520 W WindowManager: removeWindowToken: Attempted to remove non-existing token: android.os.Binder@932099f
02-18 02:41:34.925 1520 6103 I NotificationService: cancelToast pkg=com.android.music token=android.os.BinderProxy@6a29473
01-05 11:40:27.938 0 0 E DTC_ETH,link_delay_work_func: 3003, SQI=0, link=0
02-18 02:41:35.201 1520 6103 W NotificationService: Toast already killed. pkg=com.android.music token=android.os.BinderProxy@6a29473
02-18 02:41:35.590 1520 1520 W WindowManager: removeWindowToken: Attempted to remove non-existing token: android.os.Binder@2358d97
02-18 02:41:36.145 1520 7379 I NotificationService: cancelToast pkg=com.android.music token=android.os.BinderProxy@6a29473
02-18 02:41:36.425 1520 7379 W NotificationService: Toast already killed. pkg=com.android.music token=android.os.BinderProxy@6a29473
02-18 02:41:36.541 1520 1520 W WindowManager: removeWindowToken: Attempted to remove non-existing token: android.os.Binder@dfa08fa
02-18 02:41:37.358 1520 1520 W WindowManager: removeWindowToken: Attempted to remove non-existing token: android.os.Binder@5b7c823
02-18 02:41:38.652 1520 7379 I NotificationService: cancelToast pkg=com.android.music token=android.os.BinderProxy@6a29473
02-18 02:41:38.815 1520 1520 W WindowManager: removeWindowToken: Attempted to remove non-existing token: android.os.Binder@c856c11
02-18 02:41:38.933 1520 7379 W WindowManager: Attempted to add a toast window with unknown token android.os.Binder@36888f8. Aborting.
02-18 02:41:39.386 1520 7379 I NotificationService: cancelToast pkg=com.android.music token=android.os.BinderProxy@6a29473
02-18 02:41:39.388 1520 7379 W WindowManager: removeWindowToken: Attempted to remove non-existing token: android.os.Binder@36888f8
02-18 02:41:39.652 1520 7380 W NotificationService: Toast already killed. pkg=com.android.music token=android.os.BinderProxy@6a29473
02-18 02:41:39.882 1520 1520 W WindowManager: removeWindowToken: Attempted to remove non-existing token: android.os.Binder@5b1f37c
01-05 11:40:33.058 0 0 E DTC_ETH,link_delay_work_func: 3003, SQI=0, link=0
02-18 02:41:40.388 1520 10278 I NotificationService: cancelToast pkg=com.android.music token=android.os.BinderProxy@6a29473
02-18 02:41:40.663 1520 10278 W NotificationService: Toast already killed. pkg=com.android.music token=android.os.BinderProxy@6a29473
02-18 02:41:41.403 1520 1520 W WindowManager: removeWindowToken: Attempted to remove non-existing token: android.os.Binder@8b41403
02-18 02:41:41.475 1520 10278 I NotificationService: cancelToast pkg=com.android.music token=android.os.BinderProxy@6a29473
02-18 02:41:41.750 1520 10278 W NotificationService: Toast already killed. pkg=com.android.music token=android.os.BinderProxy@6a29473
02-18 02:41:42.544 1520 6829 I NotificationService: cancelToast pkg=com.android.music token=android.os.BinderProxy@6a29473
02-18 02:41:42.818 1520 6829 W NotificationService: Toast already killed. pkg=com.android.music token=android.os.BinderProxy@6a29473
02-18 02:41:44.097 1520 6829 I NotificationService: cancelToast pkg=com.android.music token=android.os.BinderProxy@6a29473
02-18 02:41:44.372 1520 6829 W NotificationService: Toast already killed. pkg=com.android.music token=android.os.BinderProxy@6a29473
01-05 11:40:38.182 0 0 E DTC_ETH,link_delay_work_func: 3003, SQI=0, link=0
01-05 11:40:38.603 0 0 I binder : 1520:1802 ioctl 400c620e 6f1c4355d8 returned -22
01-05 11:40:38.606 0 0 I binder : 1520:1802 ioctl c00c620f 6f1c4355b8 returned -22
02-18 02:41:45.816 1520 1802 D ActivityManager: freezing 12020 com.android.settings
02-18 02:41:45.816 1520 1802 E ActivityManager: Unable to freeze binder for 12020 com.android.settings
02-18 02:41:45.818 1520 1802 D ActivityManager: froze 12020 com.android.settings
02-18 02:41:45.818 1520 1802 E ActivityManager: Unable to freeze binder for 12020 com.android.settings
02-18 02:41:45.819 1520 1802 I ActivityManager: Killing 12020:com.android.settings/1000 (adj 945): Unable to freeze binder interface
02-18 02:41:45.856 1520 1612 D CompatibilityChangeReporter: Compat change id reported: 135634846; UID 1000; state: DISABLED
02-18 02:41:45.856 1520 1612 D CompatibilityChangeReporter: Compat change id reported: 177438394; UID 1000; state: DISABLED
02-18 02:41:45.856 1520 1612 D CompatibilityChangeReporter: Compat change id reported: 135772972; UID 1000; state: DISABLED
02-18 02:41:45.856 1520 1612 D CompatibilityChangeReporter: Compat change id reported: 135754954; UID 1000; state: ENABLED
02-18 02:41:45.870 1520 1620 I ActivityManager: Start proc 12628:com.android.settings/1000 for null
01-05 11:40:38.696 0 0 I binder : 12628:12628 ioctl 40046210 7fd1658544 returned -22
02-18 02:41:45.914 1520 6829 D CompatibilityChangeReporter: Compat change id reported: 168419799; UID 1000; state: DISABLED
02-18 02:41:45.931 1520 1520 W WindowManager: removeWindowToken: Attempted to remove non-existing token: android.os.Binder@20e4662
02-18 02:41:45.977 1520 12644 I DropBoxManagerService: add tag=system_app_wtf isTagEnabled=true flags=0x2
02-18 02:41:45.980 1520 12645 I DropBoxManagerService: add tag=system_app_wtf isTagEnabled=true flags=0x2
02-18 02:41:45.982 1520 12646 I DropBoxManagerService: add tag=system_app_wtf isTagEnabled=true flags=0x2
02-18 02:41:45.984 1520 12647 I DropBoxManagerService: add tag=system_app_wtf isTagEnabled=true flags=0x2
02-18 02:41:45.986 1520 12648 I DropBoxManagerService: add tag=system_app_wtf isTagEnabled=true flags=0x2
02-18 02:41:46.823 1520 6829 I NotificationService: cancelToast pkg=com.android.music token=android.os.BinderProxy@6a29473
02-18 02:41:47.093 1520 6829 W NotificationService: Toast already killed. pkg=com.android.music token=android.os.BinderProxy@6a29473
02-18 02:41:47.150 1520 1520 W WindowManager: removeWindowToken: Attempted to remove non-existing token: android.os.Binder@9e7fe6b
02-18 02:41:49.657 1520 1520 W WindowManager: removeWindowToken: Attempted to remove non-existing token: android.os.Binder@188dde0
02-18 02:41:50.389 1520 1520 W WindowManager: removeWindowToken: Attempted to remove non-existing token: android.os.Binder@36888f8
01-05 11:40:43.299 0 0 E DTC_ETH,link_delay_work_func: 3003, SQI=0, link=0
02-18 02:41:51.393 1520 1520 W WindowManager: removeWindowToken: Attempted to remove non-existing token: android.os.Binder@936d40e
02-18 02:41:52.482 1520 1520 W WindowManager: removeWindowToken: Attempted to remove non-existing token: android.os.Binder@941807d
02-18 02:41:53.549 1520 1520 W WindowManager: removeWindowToken: Attempted to remove non-existing token: android.os.Binder@b1be358
02-18 02:41:55.105 1520 1520 W WindowManager: removeWindowToken: Attempted to remove non-existing token: android.os.Binder@aa1000f
01-05 11:40:48.423 0 0 E DTC_ETH,link_delay_work_func: 3003, SQI=0, link=0
01-05 11:40:48.679 0 0 D cnss : Host time = 6331569160 us, device time = 6308333970 us, offset = 23235190 us
01-05 11:40:48.679 0 0 D cnss : Updated time sync regs [0x984] = 0x1628a76, [0x988] = 0x0
02-18 02:41:57.831 1520 1520 W WindowManager: removeWindowToken: Attempted to remove non-existing token: android.os.Binder@3663ece
01-05 11:40:53.538 0 0 E DTC_ETH,link_delay_work_func: 3003, SQI=0, link=0
01-05 11:40:58.658 0 0 E DTC_ETH,link_delay_work_func: 3003, SQI=0, link=0
01-05 11:41:03.779 0 0 E DTC_ETH,link_delay_work_func: 3003, SQI=0, link=0
01-05 11:41:08.898 0 0 E DTC_ETH,link_delay_work_func: 3003, SQI=0, link=0
02-18 02:42:19.909 1520 2286 I GameModeConfig: isGameModeOn = false
02-18 02:42:19.909 1520 2286 I GameModeConfig: isGameModeOn = false
02-18 02:42:19.910 1520 2286 I GameModeConfig: isGameModeOn = false
02-18 02:42:19.910 1520 2286 I GameModeConfig: isGameModeOn = false
02-18 02:42:19.910 1520 2286 I GameModeConfig: isGameModeOn = false
02-18 02:42:20.155 1520 1520 I GameModeConfig: isGameModeOn = false
01-05 11:41:14.018 0 0 E DTC_ETH,link_delay_work_func: 3003, SQI=0, link=0
01-05 11:41:14.147 0 0 I btfm_slim_enable_ch: chipset soc version:400a0200
01-05 11:41:14.147 0 0 I btfm_slim_enable_ch: channel define - prot:2, dataf:0, auxf:0
01-05 11:41:14.147 0 0 I btfm_slim_enable_ch: channel define - rates:44100, baser:2, ratem:4
01-05 11:41:14.147 0 0 E btfm_slim_enable_ch: slim_define_ch failed ret[-106]
01-05 11:41:14.147 0 0 E btfm_slim_dai_prepare: channel opened without closing, return success
02-18 02:42:21.420 1520 2286 I GameModeConfig: isGameModeOn = false
02-18 02:42:21.420 1520 2286 I GameModeConfig: isGameModeOn = false
02-18 02:42:21.421 1520 2286 I GameModeConfig: isGameModeOn = false
02-18 02:42:21.421 1520 2286 I GameModeConfig: isGameModeOn = false
02-18 02:42:21.421 1520 2286 I GameModeConfig: isGameModeOn = false
02-18 02:42:21.510 1520 6829 W ActivityManager: Receiver with filter android.content.IntentFilter@d106b16 already registered for pid 10293, callerPackage is com.android.music
02-18 02:42:21.667 1520 1520 I GameModeConfig: isGameModeOn = false
02-18 02:42:21.668 1520 1520 W NotificationHistory: Attempted to add notif for locked/gone/disabled user 0
02-18 02:42:24.413 1520 2286 I GameModeConfig: isGameModeOn = false
02-18 02:42:24.414 1520 2286 I GameModeConfig: isGameModeOn = false
02-18 02:42:24.414 1520 2286 I GameModeConfig: isGameModeOn = false
02-18 02:42:24.414 1520 2286 I GameModeConfig: isGameModeOn = false
02-18 02:42:24.414 1520 2286 I GameModeConfig: isGameModeOn = false
02-18 02:42:24.455 1520 2746 W ActivityManager: Receiver with filter android.content.IntentFilter@d8e8311 already registered for pid 10293, callerPackage is com.android.music
02-18 02:42:24.461 1520 2286 I GameModeConfig: isGameModeOn = false
02-18 02:42:24.461 1520 2286 I GameModeConfig: isGameModeOn = false
02-18 02:42:24.461 1520 2286 I GameModeConfig: isGameModeOn = false
02-18 02:42:24.461 1520 2286 I GameModeConfig: isGameModeOn = false
02-18 02:42:24.461 1520 2286 I GameModeConfig: isGameModeOn = false
02-18 02:42:24.634 1520 1520 I GameModeConfig: isGameModeOn = false
02-18 02:42:24.636 1520 1520 W NotificationHistory: Attempted to add notif for locked/gone/disabled user 0
02-18 02:42:24.674 1520 1520 I GameModeConfig: isGameModeOn = false
02-18 02:42:26.022 1520 2286 I GameModeConfig: isGameModeOn = false
02-18 02:42:26.022 1520 2286 I GameModeConfig: isGameModeOn = false
02-18 02:42:26.029 1520 2286 I GameModeConfig: isGameModeOn = false
02-18 02:42:26.029 1520 2286 I GameModeConfig: isGameModeOn = false
02-18 02:42:26.029 1520 2286 I GameModeConfig: isGameModeOn = false
02-18 02:42:26.262 1520 1520 I GameModeConfig: isGameModeOn = false
01-05 11:41:19.138 0 0 E DTC_ETH,link_delay_work_func: 3003, SQI=0, link=0
02-18 02:42:28.353 1520 6829 I NotificationService: cancelToast pkg=com.android.music token=android.os.BinderProxy@6a29473
02-18 02:42:28.629 1520 6829 W NotificationService: Toast already killed. pkg=com.android.music token=android.os.BinderProxy@6a29473
02-18 02:42:29.898 1520 2286 I GameModeConfig: isGameModeOn = false
02-18 02:42:29.898 1520 2286 I GameModeConfig: isGameModeOn = false
02-18 02:42:29.898 1520 2286 I GameModeConfig: isGameModeOn = false
02-18 02:42:29.899 1520 2286 I GameModeConfig: isGameModeOn = false
02-18 02:42:29.899 1520 2286 I GameModeConfig: isGameModeOn = false
02-18 02:42:30.136 1520 1520 I GameModeConfig: isGameModeOn = false
01-05 11:41:23.852 0 0 I btfm_slim_enable_ch: chipset soc version:400a0200
01-05 11:41:23.852 0 0 I btfm_slim_enable_ch: channel define - prot:2, dataf:0, auxf:0
01-05 11:41:23.852 0 0 I btfm_slim_enable_ch: channel define - rates:44100, baser:2, ratem:4
01-05 11:41:23.852 0 0 E btfm_slim_enable_ch: slim_define_ch failed ret[-106]
01-05 11:41:23.852 0 0 E btfm_slim_dai_prepare: channel opened without closing, return success
02-18 02:42:31.124 1520 2286 I GameModeConfig: isGameModeOn = false
02-18 02:42:31.124 1520 2286 I GameModeConfig: isGameModeOn = false
02-18 02:42:31.124 1520 2286 I GameModeConfig: isGameModeOn = false
02-18 02:42:31.125 1520 2286 I GameModeConfig: isGameModeOn = false
02-18 02:42:31.127 1520 2286 I GameModeConfig: isGameModeOn = false
02-18 02:42:31.277 1520 7379 W ActivityManager: Receiver with filter android.content.IntentFilter@3d2b69d already registered for pid 10293, callerPackage is com.android.music
02-18 02:42:31.373 1520 1520 I GameModeConfig: isGameModeOn = false
02-18 02:42:31.375 1520 1520 W NotificationHistory: Attempted to add notif for locked/gone/disabled user 0
01-05 11:41:24.258 0 0 E DTC_ETH,link_delay_work_func: 3003, SQI=0, link=0
02-18 02:42:32.801 1520 2286 I GameModeConfig: isGameModeOn = false
02-18 02:42:32.801 1520 2286 I GameModeConfig: isGameModeOn = false
02-18 02:42:32.801 1520 2286 I GameModeConfig: isGameModeOn = false
02-18 02:42:32.801 1520 2286 I GameModeConfig: isGameModeOn = false
02-18 02:42:32.805 1520 2286 I GameModeConfig: isGameModeOn = false
02-18 02:42:32.948 1520 7379 W ActivityManager: Receiver with filter android.content.IntentFilter@948ff40 already registered for pid 10293, callerPackage is com.android.music
02-18 02:42:33.032 1520 1520 I GameModeConfig: isGameModeOn = false
02-18 02:42:33.034 1520 1520 W NotificationHistory: Attempted to add notif for locked/gone/disabled user 0
02-18 02:42:35.051 1520 2286 I GameModeConfig: isGameModeOn = false
02-18 02:42:35.051 1520 2286 I GameModeConfig: isGameModeOn = false
02-18 02:42:35.051 1520 2286 I GameModeConfig: isGameModeOn = false
02-18 02:42:35.052 1520 2286 I GameModeConfig: isGameModeOn = false
02-18 02:42:35.052 1520 2286 I GameModeConfig: isGameModeOn = false
02-18 02:42:35.200 1520 7379 W ActivityManager: Receiver with filter android.content.IntentFilter@66399ff already registered for pid 10293, callerPackage is com.android.music
02-18 02:42:35.280 1520 1520 I GameModeConfig: isGameModeOn = false
02-18 02:42:35.282 1520 1520 W NotificationHistory: Attempted to add notif for locked/gone/disabled user 0
01-05 11:41:29.382 0 0 E DTC_ETH,link_delay_work_func: 3003, SQI=0, link=0
01-05 11:41:31.724 0 0 I btfm_slim_enable_ch: chipset soc version:400a0200
01-05 11:41:31.724 0 0 I btfm_slim_enable_ch: channel define - prot:2, dataf:0, auxf:0
01-05 11:41:31.724 0 0 I btfm_slim_enable_ch: channel define - rates:44100, baser:2, ratem:4
01-05 11:41:31.724 0 0 E btfm_slim_enable_ch: slim_define_ch failed ret[-106]
01-05 11:41:31.724 0 0 E btfm_slim_dai_prepare: channel opened without closing, return success
02-18 02:42:39.011 1520 2286 I GameModeConfig: isGameModeOn = false
02-18 02:42:39.011 1520 2286 I GameModeConfig: isGameModeOn = false
02-18 02:42:39.011 1520 2286 I GameModeConfig: isGameModeOn = false
02-18 02:42:39.011 1520 2286 I GameModeConfig: isGameModeOn = false
02-18 02:42:39.011 1520 2286 I GameModeConfig: isGameModeOn = false
02-18 02:42:39.163 1520 7380 W ActivityManager: Receiver with filter android.content.IntentFilter@4efa88a already registered for pid 10293, callerPackage is com.android.music
02-18 02:42:39.247 1520 1520 I GameModeConfig: isGameModeOn = false
02-18 02:42:39.249 1520 1520 W NotificationHistory: Attempted to add notif for locked/gone/disabled user 0
02-18 02:42:39.360 1520 1520 W WindowManager: removeWindowToken: Attempted to remove non-existing token: android.os.Binder@4069e68
01-05 11:41:34.498 0 0 E DTC_ETH,link_delay_work_func: 3003, SQI=0, link=0
01-05 11:41:36.135 0 0 I qcom_rpmh DRV: apps_rsc TCS Busy, retrying RPMH message send: addr=0x41b08
01-05 11:41:39.618 0 0 E DTC_ETH,link_delay_work_func: 3003, SQI=0, link=0
01-05 11:41:44.738 0 0 E DTC_ETH,link_delay_work_func: 3003, SQI=0, link=0
01-05 11:41:49.858 0 0 E DTC_ETH,link_delay_work_func: 3003, SQI=0, link=0
02-18 02:43:01.415 1520 7380 W FreeFormWindowHelper: Current Display FreeFormTask is null
02-18 02:43:01.435 1520 2746 W FreeFormWindowHelper: Current Display FreeFormTask is null
02-18 02:43:01.435 1520 10278 W FreeFormWindowHelper: Current Display FreeFormTask is null
02-18 02:43:01.437 2537 4260 W ContextImpl: Calling a method in the system process without a qualified user: android.app.ContextImpl.startService:1816 android.content.ContextWrapper.startService:774 com.thundercomm.gamemode.ingame.services.GameModeActionUtils.startGameModeService:111 com.thundercomm.gamemode.ingame.services.GameModeActionUtils.startGameModeEntry:22 com.thundercomm.gamemode.ingame.services.ActivityMonitoringService$1.onActivityLaunch:139
02-18 02:43:01.443 1520 1520 I GameModeConfig: Current uri is uri = content://com.thundercomm.gamemode.api/gamemode_settings/gamemode_isgaming
02-18 02:43:01.446 1520 1520 I GameModeConfig: isGameModeOn = false
02-18 02:43:01.446 1520 1520 I GameModeConfig: isGameModeOn = false
02-18 02:43:01.446 1520 1520 I GameModeConfig: isDisableVoice = true
02-18 02:43:01.454 1520 2746 W FreeFormWindowHelper: Current Display FreeFormTask is null
02-18 02:43:01.455 1520 2746 W ActivityTaskManager: getTaskSnapshot: taskId=1061 not found
02-18 02:43:01.456 1520 7380 W ActivityTaskManager: getTaskSnapshot: taskId=2061 not found
02-18 02:43:01.457 1520 7380 W ActivityTaskManager: getTaskSnapshot: taskId=3061 not found
02-18 02:43:01.465 1520 7380 W FreeFormWindowHelper: Current Display FreeFormTask is null
02-18 02:43:01.465 1520 7380 W FreeFormWindowHelper: Current Display FreeFormTask is null
02-18 02:43:01.466 1520 7380 W ActivityTaskManager: getTaskSnapshot: taskId=1061 not found
02-18 02:43:01.466 1520 7380 W ActivityTaskManager: getTaskSnapshot: taskId=2061 not found
02-18 02:43:01.469 1520 7380 W ActivityTaskManager: getTaskSnapshot: taskId=3061 not found
02-18 02:43:01.484 1520 7380 W FreeFormWindowHelper: Current Display FreeFormTask is null
02-18 02:43:01.484 1520 7380 W FreeFormWindowHelper: Current Display FreeFormTask is null
02-18 02:43:01.495 1520 10278 W FreeFormWindowHelper: exitRecentTasks type=0
02-18 02:43:01.501 1520 7380 W FreeFormWindowHelper: Current Display FreeFormTask is null
02-18 02:43:01.501 1520 7380 W FreeFormWindowHelper: Current Display FreeFormTask is null
01-05 11:41:54.980 0 0 E DTC_ETH,link_delay_work_func: 3003, SQI=0, link=0
02-18 02:43:02.253 1520 2746 W FreeFormWindowHelper: Current Display FreeFormTask is null
02-18 02:43:02.253 1520 2746 W FreeFormWindowHelper: Current Display FreeFormTask is null
02-18 02:43:02.262 1520 10278 I ActivityTaskManager: FOREGROUND_APPLICATION_CHANGED to com.android.launcher3.uioverrides.QuickstepLauncher
02-18 02:43:02.326 2537 4260 W ContextImpl: Calling a method in the system process without a qualified user: android.app.ContextImpl.startService:1816 android.content.ContextWrapper.startService:774 com.thundercomm.gamemode.ingame.services.GameModeActionUtils.startGameModeService:111 com.thundercomm.gamemode.ingame.services.GameModeActionUtils.startGameModeEntry:22 com.thundercomm.gamemode.ingame.services.ActivityMonitoringService$1.onActivityLaunch:139
02-18 02:43:02.328 1520 1520 I GameModeConfig: Current uri is uri = content://com.thundercomm.gamemode.api/gamemode_settings/gamemode_isgaming
02-18 02:43:02.330 1520 1520 I GameModeConfig: isGameModeOn = false
02-18 02:43:02.330 1520 1520 I GameModeConfig: isGameModeOn = false
02-18 02:43:02.330 1520 1520 I GameModeConfig: isDisableVoice = true
02-18 02:43:02.373 1520 10280 W FreeFormWindowHelper: Current Display FreeFormTask is null
02-18 02:43:02.376 2537 4260 W ContextImpl: Calling a method in the system process without a qualified user: android.app.ContextImpl.startService:1816 android.content.ContextWrapper.startService:774 com.thundercomm.gamemode.ingame.services.GameModeActionUtils.startGameModeService:111 com.thundercomm.gamemode.ingame.services.GameModeActionUtils.startGameModeEntry:22 com.thundercomm.gamemode.ingame.services.ActivityMonitoringService$1.onActivityLaunch:139
02-18 02:43:02.378 1520 1520 I GameModeConfig: Current uri is uri = content://com.thundercomm.gamemode.api/gamemode_settings/gamemode_isgaming
02-18 02:43:02.381 1520 1520 I GameModeConfig: isGameModeOn = false
02-18 02:43:02.381 1520 1520 I GameModeConfig: isGameModeOn = false
02-18 02:43:02.381 1520 1520 I GameModeConfig: isDisableVoice = true
01-05 11:41:57.636 0 0 I msm_vidc: err : ffffffff: .....: DBLP Set: status 0
01-05 11:41:57.835 0 0 I binder : 1520:1802 ioctl 400c620e 6f1c4355d8 returned -22
01-05 11:41:57.836 0 0 I binder : 1520:1802 ioctl c00c620f 6f1c4355b8 returned -22
02-18 02:43:05.047 1520 1802 D ActivityManager: freezing 12133 com.android.documentsui:com.android.documentsui.services
02-18 02:43:05.048 1520 1802 E ActivityManager: Unable to freeze binder for 12133 com.android.documentsui:com.android.documentsui.services
02-18 02:43:05.049 1520 1802 D ActivityManager: froze 12133 com.android.documentsui:com.android.documentsui.services
02-18 02:43:05.049 1520 1802 E ActivityManager: Unable to freeze binder for 12133 com.android.documentsui:com.android.documentsui.services
02-18 02:43:05.051 1520 1802 I ActivityManager: Killing 12133:com.android.documentsui:com.android.documentsui.services/u0a31 (adj 935): Unable to freeze binder interface
01-05 11:42:00.098 0 0 E DTC_ETH,link_delay_work_func: 3003, SQI=0, link=0
01-05 11:42:05.218 0 0 E DTC_ETH,link_delay_work_func: 3003, SQI=0, link=0
02-18 02:43:16.207 1520 7380 I thunderperf: PlatormCompat.setOverrides: Uid1=10072 Pid1=2828 Uid2=10072 Pid2=2828
02-18 02:43:16.207 1520 7380 I thunderperf: PlatormCompat.setOverrides: needCheck:false
02-18 02:43:16.207 1520 7380 I thunderperf: CompatConfig.addOverrideUnsafe: bef-state=1
02-18 02:43:16.207 1520 7380 E thunderperf: CompatConfig.addOverrideUnsafe: exception:java.lang.SecurityException: Cannot override a change on a non-debuggable app and user build.
02-18 02:43:16.207 1520 7380 I thunderperf: CompatConfig.addOverrideUnsafe: aft-state=1
02-18 02:43:16.208 1520 7380 I thunderperf: CompatConfig.addOverrideUnsafe: bef-state=1
02-18 02:43:16.209 1520 7380 E thunderperf: CompatConfig.addOverrideUnsafe: exception:java.lang.SecurityException: Cannot override a change on a non-debuggable app and user build.
02-18 02:43:16.209 1520 7380 I thunderperf: CompatConfig.addOverrideUnsafe: aft-state=1
02-18 02:43:16.209 1520 7380 I thunderperf: CompatConfig.addOverrideUnsafe: bef-state=1
02-18 02:43:16.209 1520 7380 E thunderperf: CompatConfig.addOverrideUnsafe: exception:java.lang.SecurityException: Cannot override a change on a non-debuggable app and user build.
02-18 02:43:16.209 1520 7380 I thunderperf: CompatConfig.addOverrideUnsafe: aft-state=1
02-18 02:43:16.210 1520 7380 I thunderperf: CompatConfig.addOverrideUnsafe: bef-state=1
02-18 02:43:16.210 1520 7380 E thunderperf: CompatConfig.addOverrideUnsafe: exception:java.lang.SecurityException: Cannot override a change on a non-debuggable app and user build.
02-18 02:43:16.210 1520 7380 I thunderperf: CompatConfig.addOverrideUnsafe: aft-state=1
02-18 02:43:16.211 1520 7380 I thunderperf: CompatConfig.addOverrideUnsafe: bef-state=1
02-18 02:43:16.211 1520 7380 E thunderperf: CompatConfig.addOverrideUnsafe: exception:java.lang.SecurityException: Cannot override a change on a non-debuggable app and user build.
02-18 02:43:16.211 1520 7380 I thunderperf: CompatConfig.addOverrideUnsafe: aft-state=1
02-18 02:43:16.214 1520 7380 I thunderperf: CompatConfig.addOverrideUnsafe: bef-state=1
02-18 02:43:16.214 1520 7380 E thunderperf: CompatConfig.addOverrideUnsafe: exception:java.lang.SecurityException: Cannot override a change on a non-debuggable app and user build.
02-18 02:43:16.214 1520 7380 I thunderperf: CompatConfig.addOverrideUnsafe: aft-state=1
02-18 02:43:16.215 1520 7380 I thunderperf: CompatConfig.addOverrideUnsafe: bef-state=1
02-18 02:43:16.215 1520 7380 E thunderperf: CompatConfig.addOverrideUnsafe: exception:java.lang.SecurityException: Cannot override a change on a non-debuggable app and user build.
02-18 02:43:16.215 1520 7380 I thunderperf: CompatConfig.addOverrideUnsafe: aft-state=1
02-18 02:43:16.216 1520 7380 I thunderperf: CompatConfig.addOverrideUnsafe: bef-state=1
02-18 02:43:16.216 1520 7380 E thunderperf: CompatConfig.addOverrideUnsafe: exception:java.lang.SecurityException: Cannot override a change on a non-debuggable app and user build.
02-18 02:43:16.216 1520 7380 I thunderperf: CompatConfig.addOverrideUnsafe: aft-state=1
02-18 02:43:16.216 1520 7380 I thunderperf: CompatConfig.addOverrideUnsafe: bef-state=1
02-18 02:43:16.216 1520 7380 E thunderperf: CompatConfig.addOverrideUnsafe: exception:java.lang.SecurityException: Cannot override a change on a non-debuggable app and user build.
02-18 02:43:16.216 1520 7380 I thunderperf: CompatConfig.addOverrideUnsafe: aft-state=1
02-18 02:43:16.217 1520 7380 I thunderperf: CompatConfig.addOverrideUnsafe: bef-state=1
02-18 02:43:16.217 1520 7380 E thunderperf: CompatConfig.addOverrideUnsafe: exception:java.lang.SecurityException: Cannot override a change on a non-debuggable app and user build.
02-18 02:43:16.217 1520 7380 I thunderperf: CompatConfig.addOverrideUnsafe: aft-state=1
02-18 02:43:16.217 1520 7380 I thunderperf: CompatConfig.addOverrideUnsafe: bef-state=1
02-18 02:43:16.218 1520 7380 E thunderperf: CompatConfig.addOverrideUnsafe: exception:java.lang.SecurityException: Cannot override a change on a non-debuggable app and user build.
02-18 02:43:16.218 1520 7380 I thunderperf: CompatConfig.addOverrideUnsafe: aft-state=1
02-18 02:43:16.218 1520 7380 I thunderperf: CompatConfig.addOverrideUnsafe: bef-state=1
02-18 02:43:16.218 1520 7380 E thunderperf: CompatConfig.addOverrideUnsafe: exception:java.lang.SecurityException: Cannot override a change on a non-debuggable app and user build.
02-18 02:43:16.218 1520 7380 I thunderperf: CompatConfig.addOverrideUnsafe: aft-state=1
02-18 02:43:16.219 1520 7380 I thunderperf: CompatConfig.addOverrideUnsafe: bef-state=1
02-18 02:43:16.219 1520 7380 E thunderperf: CompatConfig.addOverrideUnsafe: exception:java.lang.SecurityException: Cannot override a change on a non-debuggable app and user build.
02-18 02:43:16.219 1520 7380 I thunderperf: CompatConfig.addOverrideUnsafe: aft-state=1
02-18 02:43:16.219 1520 7380 I thunderperf: CompatConfig.addOverrideUnsafe: bef-state=1
02-18 02:43:16.220 1520 7380 E thunderperf: CompatConfig.addOverrideUnsafe: exception:java.lang.SecurityException: Cannot override a change on a non-debuggable app and user build.
02-18 02:43:16.220 1520 7380 I thunderperf: CompatConfig.addOverrideUnsafe: aft-state=1
02-18 02:43:16.224 1520 7380 I ActivityTaskManager: START u0 {act=android.intent.action.MAIN cat=[android.intent.category.LAUNCHER] flg=0x10200000 cmp=com.android.music/.MusicBrowserActivity bnds=[2128,510][2314,710]} from uid 10072
02-18 02:43:16.243 1520 7379 I ActivityTaskManager: FOREGROUND_APPLICATION_CHANGED to com.android.music.MusicBrowserActivity
02-18 02:43:16.272 2537 4260 W ContextImpl: Calling a method in the system process without a qualified user: android.app.ContextImpl.startService:1816 android.content.ContextWrapper.startService:774 com.thundercomm.gamemode.ingame.services.GameModeActionUtils.startGameModeService:111 com.thundercomm.gamemode.ingame.services.GameModeActionUtils.startGameModeEntry:22 com.thundercomm.gamemode.ingame.services.ActivityMonitoringService$1.onActivityLaunch:139
02-18 02:43:16.279 1520 1520 I GameModeConfig: Current uri is uri = content://com.thundercomm.gamemode.api/gamemode_settings/gamemode_isgaming
02-18 02:43:16.282 1520 1520 I GameModeConfig: isGameModeOn = false
02-18 02:43:16.282 1520 1520 I GameModeConfig: isGameModeOn = false
02-18 02:43:16.282 1520 1520 I GameModeConfig: isDisableVoice = true
02-18 02:43:16.293 1520 2286 I GameModeConfig: isGameModeOn = false
02-18 02:43:16.293 1520 2286 I GameModeConfig: isGameModeOn = false
02-18 02:43:16.293 1520 2286 I GameModeConfig: isGameModeOn = false
02-18 02:43:16.293 1520 2286 I GameModeConfig: isGameModeOn = false
02-18 02:43:16.294 1520 2286 I GameModeConfig: isGameModeOn = false
02-18 02:43:16.351 1520 2746 W FreeFormWindowHelper: Current Display FreeFormTask is null
02-18 02:43:16.354 1520 2746 W ActivityManager: Receiver with filter android.content.IntentFilter@7be2bdd already registered for pid 10293, callerPackage is com.android.music
02-18 02:43:16.357 2537 4260 W ContextImpl: Calling a method in the system process without a qualified user: android.app.ContextImpl.startService:1816 android.content.ContextWrapper.startService:774 com.thundercomm.gamemode.ingame.services.GameModeActionUtils.startGameModeService:111 com.thundercomm.gamemode.ingame.services.GameModeActionUtils.startGameModeEntry:22 com.thundercomm.gamemode.ingame.services.ActivityMonitoringService$1.onActivityLaunch:139
02-18 02:43:16.360 1520 1520 I GameModeConfig: Current uri is uri = content://com.thundercomm.gamemode.api/gamemode_settings/gamemode_isgaming
02-18 02:43:16.361 1520 1520 I GameModeConfig: isGameModeOn = false
02-18 02:43:16.361 1520 1520 I GameModeConfig: isGameModeOn = false
02-18 02:43:16.361 1520 1520 I GameModeConfig: isDisableVoice = true
02-18 02:43:16.509 1520 1520 I GameModeConfig: isGameModeOn = false
02-18 02:43:16.510 1520 1520 I GameModeConfig: isGameModeOn = false
02-18 02:43:16.831 2537 4260 W ContextImpl: Calling a method in the system process without a qualified user: android.app.ContextImpl.startService:1816 android.content.ContextWrapper.startService:774 com.thundercomm.gamemode.ingame.services.GameModeActionUtils.startGameModeService:111 com.thundercomm.gamemode.ingame.services.GameModeActionUtils.startGameModeEntry:22 com.thundercomm.gamemode.ingame.services.ActivityMonitoringService$1.onActivityLaunch:139
02-18 02:43:16.834 1520 1520 I GameModeConfig: Current uri is uri = content://com.thundercomm.gamemode.api/gamemode_settings/gamemode_isgaming
02-18 02:43:16.836 1520 1520 I GameModeConfig: isGameModeOn = false
02-18 02:43:16.837 1520 1520 I GameModeConfig: isGameModeOn = false
02-18 02:43:16.837 1520 1520 I GameModeConfig: isDisableVoice = true
01-05 11:42:10.338 0 0 E DTC_ETH,link_delay_work_func: 3003, SQI=0, link=0
02-18 02:43:18.156 1520 2286 I GameModeConfig: isGameModeOn = false
02-18 02:43:18.156 1520 2286 I GameModeConfig: isGameModeOn = false
02-18 02:43:18.156 1520 2286 I GameModeConfig: isGameModeOn = false
02-18 02:43:18.156 1520 2286 I GameModeConfig: isGameModeOn = false
02-18 02:43:18.156 1520 2286 I GameModeConfig: isGameModeOn = false
02-18 02:43:18.359 1520 1520 I GameModeConfig: isGameModeOn = false
