02-22 02:03:58.849 D/LOWI-9.0.0.87.a( 1386): [LOWI-Scan] print_bss_handler: Report beacon TSF 3059736698 as it greater than probe TSF 3059736698
02-22 02:03:58.849 D/LOWI-9.0.0.87.a( 1386): [LOWI-Scan] decode_rsn_wpa_ie: LOWI_ENCRYPTION_TYPE_WPA_PSK
02-22 02:03:58.849 D/LOWI-9.0.0.87.a( 1386): [LOWI-Scan] is_qcom_ie, bss_age: 0
02-22 02:03:58.849 D/LOWI-9.0.0.87.a( 1386): [LOWI-Scan] BSS 24:69:8e:7b:19:34 LOWI_PHY_MODE_11AC_VHT80(10), Beacon Interval: 100, LOWI_ENCRYPTION_TYPE_WPA_PSK 11mcRanging: No, ANQP: No, LCI: No, Civic: No, capability(0x0011): ESS Privacy
02-22 02:03:58.849 D/LOWI-9.0.0.87.a( 1386): [LOWI-Scan] BSS 24:69:8e:7b:19:34 FREQ: 5765, cFreq1[40:80:160] = [5755:5775:0] cFreq2 = 0 Country Code = CN
02-22 02:03:58.849 D/LOWI-9.0.0.87.a( 1386): [LOWI-Scan] BSS 24:69:8e:7b:19:34 (wlan0) ASSO: NO AddInfo: 0x1, TSF 0, 00:50:59.736, RSSI: -176, CPL: 127, AGE: 904, SSID MERCURY_5G_1934, TSFDelta: 0x5f5c4db5, TXRate: 0
02-22 02:03:58.849 D/LOWI-9.0.0.87.a( 1386): [LOWI-Scan]
02-22 02:03:58.849 D/LOWI-9.0.0.87.a( 1386): [LOWI-Scan] print_bss_handler: Report Probe TSF 3059857304 as it greater than Beacon TSF 2779860391
02-22 02:03:58.849 D/LOWI-9.0.0.87.a( 1386): [LOWI-Scan] decode_rsn_wpa_ie: LOWI_ENCRYPTION_TYPE_WPA_PSK
02-22 02:03:58.849 D/LOWI-9.0.0.87.a( 1386): [LOWI-Scan] is_qcom_ie, bss_age: 0
02-22 02:03:58.849 D/LOWI-9.0.0.87.a( 1386): [LOWI-Scan] BSS 18:6f:2d:81:18:40 LOWI_PHY_MODE_11NG_HT20(5), Beacon Interval: 100, LOWI_ENCRYPTION_TYPE_WPA_PSK 11mcRanging: No, ANQP: No, LCI: No, Civic: No, capability(0x0531): ESS Privacy ShortPreamble SpectrumMgmt ShortSlotTime
02-22 02:03:58.849 D/LOWI-9.0.0.87.a( 1386): [LOWI-Scan] BSS 18:6f:2d:81:18:40 FREQ: 2432, cFreq1[40:80:160] = [2432:0:0] cFreq2 = 0 Country Code = CN
02-22 02:03:58.849 D/LOWI-9.0.0.87.a( 1386): [LOWI-Scan] BSS 18:6f:2d:81:18:40 (wlan0) ASSO: NO AddInfo: 0x0, TSF 0, 00:50:59.857, RSSI: -120, CPL: 127, AGE: 784, SSID Testing , TSFDelta: 0x6b5a4190, TXRate: 0
02-22 02:03:58.850 D/LOWI-9.0.0.87.a( 1386): [LOWI-Scan]
02-22 02:03:58.850 D/LOWI-9.0.0.87.a( 1386): [LOWI-Scan] print_bss_handler: Report Probe TSF 3059857666 as it greater than Beacon TSF 2779861172
02-22 02:03:58.850 D/LOWI-9.0.0.87.a( 1386): [LOWI-Scan] is_qcom_ie, bss_age: 0
02-22 02:03:58.850 D/LOWI-9.0.0.87.a( 1386): [LOWI-Scan] BSS 18:6f:2d:81:18:41 LOWI_PHY_MODE_11NG_HT20(5), Beacon Interval: 100, LOWI_ENCRYPTION_TYPE_OPEN 11mcRanging: No, ANQP: No, LCI: No, Civic: No, capability(0x0521): ESS ShortPreamble SpectrumMgmt ShortSlotTime
02-22 02:03:58.850 D/LOWI-9.0.0.87.a( 1386): [LOWI-Scan] BSS 18:6f:2d:81:18:41 FREQ: 2432, cFreq1[40:80:160] = [2432:0:0] cFreq2 = 0 Country Code = CN
02-22 02:03:58.850 D/LOWI-9.0.0.87.a( 1386): [LOWI-Scan] BSS 18:6f:2d:81:18:41 (wlan0) ASSO: NO AddInfo: 0x0, TSF 0, 00:50:59.857, RSSI: -114, CPL: 127, AGE: 784, SSID Guest, TSFDelta: 0x6b5f581a, TXRate: 0
02-22 02:03:58.850 D/LOWI-9.0.0.87.a( 1386): [LOWI-Scan]
02-22 02:03:58.850 D/LOWI-9.0.0.87.a( 1386): [LOWI-Scan] print_bss_handler: Report Probe TSF 3059858892 as it greater than Beacon TSF 2779863219
02-22 02:03:58.850 D/LOWI-9.0.0.87.a( 1386): [LOWI-Scan] decode_rsn_wpa_ie: LOWI_ENCRYPTION_TYPE_WPA_PSK
02-22 02:03:58.850 D/LOWI-9.0.0.87.a( 1386): [LOWI-Scan] is_qcom_ie, bss_age: 0
02-22 02:03:58.850 D/LOWI-9.0.0.87.a( 1386): [LOWI-Scan] BSS 18:6f:2d:81:18:43 LOWI_PHY_MODE_11NG_HT20(5), Beacon Interval: 100, LOWI_ENCRYPTION_TYPE_WPA_PSK 11mcRanging: No, ANQP: No, LCI: No, Civic: No, capability(0x0531): ESS Privacy ShortPreamble SpectrumMgmt ShortSlotTime
02-22 02:03:58.850 D/LOWI-9.0.0.87.a( 1386): [LOWI-Scan] BSS 18:6f:2d:81:18:43 FREQ: 2432, cFreq1[40:80:160] = [2432:0:0] cFreq2 = 0 Country Code = CN
02-22 02:03:58.850 D/LOWI-9.0.0.87.a( 1386): [LOWI-Scan] BSS 18:6f:2d:81:18:43 (wlan0) ASSO: NO AddInfo: 0x0, TSF 0, 00:50:59.858, RSSI: -116, CPL: 127, AGE: 784, SSID ZXHY, TSFDelta: 0x6b69a407, TXRate: 0
02-22 02:03:58.850 D/LOWI-9.0.0.87.a( 1386): [LOWI-Scan]
02-22 02:03:58.850 D/LOWI-9.0.0.87.a( 1386): [LOWI-Scan] print_bss_handler: Report Probe TSF 3059859543 as it greater than Beacon TSF 2779863935
02-22 02:03:58.850 D/LOWI-9.0.0.87.a( 1386): [LOWI-Scan] decode_rsn_wpa_ie: LOWI_ENCRYPTION_TYPE_WPA_PSK
02-22 02:03:58.850 D/LOWI-9.0.0.87.a( 1386): [LOWI-Scan] is_qcom_ie, bss_age: 0
02-22 02:03:58.850 D/LOWI-9.0.0.87.a( 1386): [LOWI-Scan] BSS 18:6f:2d:81:18:44 LOWI_PHY_MODE_11NG_HT20(5), Beacon Interval: 100, LOWI_ENCRYPTION_TYPE_WPA_PSK 11mcRanging: No, ANQP: No, LCI: No, Civic: No, capability(0x0531): ESS Privacy ShortPreamble SpectrumMgmt ShortSlotTime
02-22 02:03:58.850 D/LOWI-9.0.0.87.a( 1386): [LOWI-Scan] BSS 18:6f:2d:81:18:44 FREQ: 2432, cFreq1[40:80:160] = [2432:0:0] cFreq2 = 0 Country Code = CN
02-22 02:03:58.850 D/LOWI-9.0.0.87.a( 1386): [LOWI-Scan] BSS 18:6f:2d:81:18:44 (wlan0) ASSO: NO AddInfo: 0x0, TSF 0, 00:50:59.859, RSSI: -112, CPL: 127, AGE: 784, SSID Fanya, TSFDelta: 0x6b6ed485, TXRate: 0
02-22 02:03:58.850 D/LOWI-9.0.0.87.a( 1386): [LOWI-Scan]
02-22 02:03:58.850 D/LOWI-9.0.0.87.a( 1386): [LOWI-Scan] print_bss_handler: Report Probe TSF 3059858178 as it greater than Beacon TSF 0
02-22 02:03:58.850 D/LOWI-9.0.0.87.a( 1386): [LOWI-Scan] decode_rsn_wpa_ie: LOWI_ENCRYPTION_TYPE_WPA_PSK
02-22 02:03:58.850 D/LOWI-9.0.0.87.a( 1386): [LOWI-Scan] is_qcom_ie, bss_age: 0
02-22 02:03:58.850 D/LOWI-9.0.0.87.a( 1386): [LOWI-Scan] BSS 18:6f:2d:81:18:42 LOWI_PHY_MODE_11NG_HT20(5), Beacon Interval: 100, LOWI_ENCRYPTION_TYPE_WPA_PSK 11mcRanging: No, ANQP: No, LCI: No, Civic: No, capability(0x0531): ESS Privacy ShortPreamble SpectrumMgmt ShortSlotTime
02-22 02:03:58.850 D/LOWI-9.0.0.87.a( 1386): [LOWI-Scan] BSS 18:6f:2d:81:18:42 FREQ: 2432, cFreq1[40:80:160] = [2432:0:0] cFreq2 = 0 Country Code = CN
02-22 02:03:58.851 D/LOWI-9.0.0.87.a( 1386): [LOWI-Scan] BSS 18:6f:2d:81:18:42 (wlan0) ASSO: NO AddInfo: 0x0, TSF 0, 00:50:59.858, RSSI: -114, CPL: 127, AGE: 784, SSID ThunderSoft_2.4G, TSFDelta: 0x6b6456b0, TXRate: 0
02-22 02:03:58.851 D/LOWI-9.0.0.87.a( 1386): [LOWI-Scan]
02-22 02:03:58.851 D/LOWI-9.0.0.87.a( 1386): [LOWI-Scan] print_bss_handler: Report beacon TSF 3059990847 as it greater than probe TSF 3059977228
02-22 02:03:58.851 D/LOWI-9.0.0.87.a( 1386): [LOWI-Scan] decode_rsn_wpa_ie: LOWI_ENCRYPTION_TYPE_WPA_PSK
02-22 02:03:58.851 D/LOWI-9.0.0.87.a( 1386): [LOWI-Scan] is_qcom_ie, bss_age: 0
02-22 02:03:58.851 D/LOWI-9.0.0.87.a( 1386): [LOWI-Scan] BSS ec:88:8f:86:24:e0 LOWI_PHY_MODE_11NG_HT40(7), Beacon Interval: 100, LOWI_ENCRYPTION_TYPE_WPA_PSK 11mcRanging: No, ANQP: No, LCI: No, Civic: No, capability(0x0531): ESS Privacy ShortPreamble SpectrumMgmt ShortSlotTime
02-22 02:03:58.851 D/LOWI-9.0.0.87.a( 1386): [LOWI-Scan] BSS ec:88:8f:86:24:e0 FREQ: 2437, cFreq1[40:80:160] = [2447:0:0] cFreq2 = 0 Country Code = US
02-22 02:03:58.851 D/LOWI-9.0.0.87.a( 1386): [LOWI-Scan] BSS ec:88:8f:86:24:e0 (wlan0) ASSO: NO AddInfo: 0x1, TSF 0, 00:50:59.990, RSSI: -114, CPL: 127, AGE: 652, SSID FW_xts, TSFDelta: 0x6d66d5e2, TXRate: 0
02-22 02:03:58.851 D/LOWI-9.0.0.87.a( 1386): [LOWI-Scan]
02-22 02:03:58.851 D/LOWI-9.0.0.87.a( 1386): [LOWI-Scan] print_bss_handler: Report beacon TSF 3059972258 as it greater than probe TSF 2779973831
02-22 02:03:58.851 D/LOWI-9.0.0.87.a( 1386): [LOWI-Scan] decode_rsn_wpa_ie: LOWI_ENCRYPTION_TYPE_WPA_PSK
02-22 02:03:58.851 D/LOWI-9.0.0.87.a( 1386): [LOWI-Scan] is_qcom_ie, bss_age: 0
02-22 02:03:58.851 D/LOWI-9.0.0.87.a( 1386): [LOWI-Scan] BSS f4:84:8d:21:25:a7 LOWI_PHY_MODE_11NG_HT40(7), Beacon Interval: 100, LOWI_ENCRYPTION_TYPE_WPA_PSK 11mcRanging: No, ANQP: No, LCI: No, Civic: No, capability(0x1411): ESS Privacy ShortSlotTime
02-22 02:03:58.851 D/LOWI-9.0.0.87.a( 1386): [LOWI-Scan] BSS f4:84:8d:21:25:a7 FREQ: 2437, cFreq1[40:80:160] = [2427:0:0] cFreq2 = 0 Country Code = CN
02-22 02:03:58.851 D/LOWI-9.0.0.87.a( 1386): [LOWI-Scan] BSS f4:84:8d:21:25:a7 (wlan0) ASSO: NO AddInfo: 0x1, TSF 0, 00:50:59.972, RSSI: -118, CPL: 127, AGE: 668, SSID hht, TSFDelta: 0xe95e28b6, TXRate: 0
02-22 02:03:58.851 D/LOWI-9.0.0.87.a( 1386): [LOWI-Scan]
02-22 02:03:58.851 D/LOWI-9.0.0.87.a( 1386): [LOWI-Scan] print_bss_handler: Report Probe TSF 3060536886 as it greater than Beacon TSF 3060468333
02-22 02:03:58.851 D/LOWI-9.0.0.87.a( 1386): [LOWI-Scan] decode_rsn_wpa_ie: LOWI_ENCRYPTION_TYPE_WPA_PSK
02-22 02:03:58.851 D/LOWI-9.0.0.87.a( 1386): [LOWI-Scan] is_qcom_ie, bss_age: 0
02-22 02:03:58.851 D/LOWI-9.0.0.87.a( 1386): [LOWI-Scan] BSS 18:6f:2d:0a:b8:40 LOWI_PHY_MODE_11NG_HT20(5), Beacon Interval: 100, LOWI_ENCRYPTION_TYPE_WPA_PSK 11mcRanging: No, ANQP: No, LCI: No, Civic: No, capability(0x0531): ESS Privacy ShortPreamble SpectrumMgmt ShortSlotTime
02-22 02:03:58.851 D/LOWI-9.0.0.87.a( 1386): [LOWI-Scan] BSS 18:6f:2d:0a:b8:40 FREQ: 2467, cFreq1[40:80:160] = [2467:0:0] cFreq2 = 0 Country Code = CN
02-22 02:03:58.851 D/LOWI-9.0.0.87.a( 1386): [LOWI-Scan] BSS 18:6f:2d:0a:b8:40 (wlan0) ASSO: NO AddInfo: 0x0, TSF 0, 00:51:00.536, RSSI: -134, CPL: 127, AGE: 104, SSID Testing , TSFDelta: 0x815aca5f, TXRate: 0
02-22 02:03:58.851 D/LOWI-9.0.0.87.a( 1386): [LOWI-Scan]
02-22 02:03:58.851 D/LOWI-9.0.0.87.a( 1386): [LOWI-Scan] print_bss_handler: Report Probe TSF 3060537518 as it greater than Beacon TSF 2780494221
02-22 02:03:58.851 D/LOWI-9.0.0.87.a( 1386): [LOWI-Scan] is_qcom_ie, bss_age: 0
02-22 02:03:58.851 D/LOWI-9.0.0.87.a( 1386): [LOWI-Scan] BSS 18:6f:2d:0a:b8:41 LOWI_PHY_MODE_11NG_HT20(5), Beacon Interval: 100, LOWI_ENCRYPTION_TYPE_OPEN 11mcRanging: No, ANQP: No, LCI: No, Civic: No, capability(0x0521): ESS ShortPreamble SpectrumMgmt ShortSlotTime
02-22 02:03:58.851 D/LOWI-9.0.0.87.a( 1386): [LOWI-Scan] BSS 18:6f:2d:0a:b8:41 FREQ: 2467, cFreq1[40:80:160] = [2467:0:0] cFreq2 = 0 Country Code = CN
02-22 02:03:58.851 D/LOWI-9.0.0.87.a( 1386): [LOWI-Scan] BSS 18:6f:2d:0a:b8:41 (wlan0) ASSO: NO AddInfo: 0x0, TSF 0, 00:51:00.537, RSSI: -138, CPL: 127, AGE: 104, SSID Guest, TSFDelta: 0x815fd6ac, TXRate: 0
02-22 02:03:58.851 D/LOWI-9.0.0.87.a( 1386): [LOWI-Scan]
02-22 02:03:58.851 D/LOWI-9.0.0.87.a( 1386): [LOWI-Scan] print_bss_handler: Report Probe TSF 3060538189 as it greater than Beacon TSF 2780494788
02-22 02:03:58.851 D/LOWI-9.0.0.87.a( 1386): [LOWI-Scan] decode_rsn_wpa_ie: LOWI_ENCRYPTION_TYPE_WPA_PSK
02-22 02:03:58.851 D/LOWI-9.0.0.87.a( 1386): [LOWI-Scan] is_qcom_ie, bss_age: 0
02-22 02:03:58.851 D/LOWI-9.0.0.87.a( 1386): [LOWI-Scan] BSS 18:6f:2d:0a:b8:42 LOWI_PHY_MODE_11NG_HT20(5), Beacon Interval: 100, LOWI_ENCRYPTION_TYPE_WPA_PSK 11mcRanging: No, ANQP: No, LCI: No, Civic: No, capability(0x0531): ESS Privacy ShortPreamble SpectrumMgmt ShortSlotTime
02-22 02:03:58.851 D/LOWI-9.0.0.87.a( 1386): [LOWI-Scan] BSS 18:6f:2d:0a:b8:42 FREQ: 2467, cFreq1[40:80:160] = [2467:0:0] cFreq2 = 0 Country Code = CN
02-22 02:03:58.852 D/LOWI-9.0.0.87.a( 1386): [LOWI-Scan] BSS 18:6f:2d:0a:b8:42 (wlan0) ASSO: NO AddInfo: 0x0, TSF 0, 00:51:00.538, RSSI: -136, CPL: 127, AGE: 104, SSID ThunderSoft_2.4G, TSFDelta: 0x8164cef4, TXRate: 0
02-22 02:03:58.852 D/LOWI-9.0.0.87.a( 1386): [LOWI-Scan]
02-22 02:03:58.852 D/LOWI-9.0.0.87.a( 1386): [LOWI-Scan] print_bss_handler: Report Probe TSF 3060554600 as it greater than Beacon TSF 2780495787
02-22 02:03:58.852 D/LOWI-9.0.0.87.a( 1386): [LOWI-Scan] decode_rsn_wpa_ie: LOWI_ENCRYPTION_TYPE_WPA_PSK
02-22 02:03:58.852 D/LOWI-9.0.0.87.a( 1386): [LOWI-Scan] is_qcom_ie, bss_age: 0
02-22 02:03:58.852 D/LOWI-9.0.0.87.a( 1386): [LOWI-Scan] BSS 18:6f:2d:0a:b8:43 LOWI_PHY_MODE_11NG_HT20(5), Beacon Interval: 100, LOWI_ENCRYPTION_TYPE_WPA_PSK 11mcRanging: No, ANQP: No, LCI: No, Civic: No, capability(0x0531): ESS Privacy ShortPreamble SpectrumMgmt ShortSlotTime
02-22 02:03:58.852 D/LOWI-9.0.0.87.a( 1386): [LOWI-Scan] BSS 18:6f:2d:0a:b8:43 FREQ: 2467, cFreq1[40:80:160] = [2467:0:0] cFreq2 = 0 Country Code = CN
02-22 02:03:58.852 D/LOWI-9.0.0.87.a( 1386): [LOWI-Scan] BSS 18:6f:2d:0a:b8:43 (wlan0) ASSO: NO AddInfo: 0x0, TSF 0, 00:51:00.554, RSSI: -136, CPL: 127, AGE: 88, SSID ZXHY, TSFDelta: 0x8181b494, TXRate: 0
02-22 02:03:58.852 D/LOWI-9.0.0.87.a( 1386): [LOWI-Scan]
02-22 02:03:58.852 D/LOWI-9.0.0.87.a( 1386): [LOWI-Scan] print_bss_handler: Report Probe TSF 3060554672 as it greater than Beacon TSF 3060481432
02-22 02:03:58.852 D/LOWI-9.0.0.87.a( 1386): [LOWI-Scan] decode_rsn_wpa_ie: LOWI_ENCRYPTION_TYPE_WPA_PSK
02-22 02:03:58.852 D/LOWI-9.0.0.87.a( 1386): [LOWI-Scan] is_qcom_ie, bss_age: 0
02-22 02:03:58.852 D/LOWI-9.0.0.87.a( 1386): [LOWI-Scan] BSS 18:6f:2d:0a:b8:44 LOWI_PHY_MODE_11NG_HT20(5), Beacon Interval: 100, LOWI_ENCRYPTION_TYPE_WPA_PSK 11mcRanging: No, ANQP: No, LCI: No, Civic: No, capability(0x0531): ESS Privacy ShortPreamble SpectrumMgmt ShortSlotTime
02-22 02:03:58.852 D/LOWI-9.0.0.87.a( 1386): [LOWI-Scan] BSS 18:6f:2d:0a:b8:44 FREQ: 2467, cFreq1[40:80:160] = [2467:0:0] cFreq2 = 0 Country Code = CN
02-22 02:03:58.852 D/LOWI-9.0.0.87.a( 1386): [LOWI-Scan] BSS 18:6f:2d:0a:b8:44 (wlan0) ASSO: NO AddInfo: 0x0, TSF 0, 00:51:00.554, RSSI: -138, CPL: 127, AGE: 88, SSID Fanya, TSFDelta: 0x8186ebed, TXRate: 0
02-22 02:03:58.852 D/LOWI-9.0.0.87.a( 1386): [LOWI-Scan]
02-22 02:03:58.852 D/LOWI-9.0.0.87.a( 1386): [LOWI-Scan] print_bss_handler: Report Probe TSF 3060586939 as it greater than Beacon TSF 0
02-22 02:03:58.852 D/LOWI-9.0.0.87.a( 1386): [LOWI-Scan] is_qcom_ie, bss_age: 0
02-22 02:03:58.852 D/LOWI-9.0.0.87.a( 1386): [LOWI-Scan] BSS 18:6f:2d:81:18:82 LOWI_PHY_MODE_11NG_HT20(5), Beacon Interval: 100, LOWI_ENCRYPTION_TYPE_OPEN 11mcRanging: No, ANQP: No, LCI: No, Civic: No, capability(0x0521): ESS ShortPreamble SpectrumMgmt ShortSlotTime
02-22 02:03:58.852 D/LOWI-9.0.0.87.a( 1386): [LOWI-Scan] BSS 18:6f:2d:81:18:82 FREQ: 2472, cFreq1[40:80:160] = [2472:0:0] cFreq2 = 0 Country Code = CN
02-22 02:03:58.852 D/LOWI-9.0.0.87.a( 1386): [LOWI-Scan] BSS 18:6f:2d:81:18:82 (wlan0) ASSO: NO AddInfo: 0x0, TSF 0, 00:51:00.586, RSSI: -146, CPL: 127, AGE: 56, SSID Guest, TSFDelta: 0xf739f7d2, TXRate: 0
02-22 02:03:58.852 D/LOWI-9.0.0.87.a( 1386): [LOWI-Scan]
02-22 02:03:58.852 D/LOWI-9.0.0.87.a( 1386): [LOWI-Scan] print_bss_handler: Report beacon TSF 3059713356 as it greater than probe TSF 3059713356
02-22 02:03:58.852 D/LOWI-9.0.0.87.a( 1386): [LOWI-Scan] decode_rsn_wpa_ie: LOWI_ENCRYPTION_TYPE_WPA_PSK
02-22 02:03:58.852 D/LOWI-9.0.0.87.a( 1386): [LOWI-Scan] is_qcom_ie, bss_age: 0
02-22 02:03:58.852 D/LOWI-9.0.0.87.a( 1386): [LOWI-Scan] BSS f6:84:8d:21:25:a9 LOWI_PHY_MODE_11AC_VHT80(10), Beacon Interval: 100, LOWI_ENCRYPTION_TYPE_WPA_PSK 11mcRanging: No, ANQP: No, LCI: No, Civic: No, capability(0x0011): ESS Privacy
02-22 02:03:58.852 D/LOWI-9.0.0.87.a( 1386): [LOWI-Scan] BSS f6:84:8d:21:25:a9 FREQ: 5745, cFreq1[40:80:160] = [5755:5775:0] cFreq2 = 0 Country Code = CN
02-22 02:03:58.852 D/LOWI-9.0.0.87.a( 1386): [LOWI-Scan] BSS f6:84:8d:21:25:a9 (wlan0) ASSO: NO AddInfo: 0x1, TSF 0, 00:50:59.713, RSSI: -128, CPL: 127, AGE: 928, SSID , TSFDelta: 0xd0a0573f, TXRate: 0
02-22 02:03:58.852 D/LOWI-9.0.0.87.a( 1386): [LOWI-Scan]
02-22 02:03:58.852 D/LOWI-9.0.0.87.a( 1386): [LOWI-Scan] print_bss_handler: Report beacon TSF 3059762897 as it greater than probe TSF 3059762897
02-22 02:03:58.853 D/LOWI-9.0.0.87.a( 1386): [LOWI-Scan] decode_rsn_wpa_ie: LOWI_ENCRYPTION_TYPE_WPA_PSK
02-22 02:03:58.853 D/LOWI-9.0.0.87.a( 1386): [LOWI-Scan] is_qcom_ie, bss_age: 0
02-22 02:03:58.853 D/LOWI-9.0.0.87.a( 1386): [LOWI-Scan] BSS 44:94:fc:3d:da:94 LOWI_PHY_MODE_11AC_VHT80(10), Beacon Interval: 100, LOWI_ENCRYPTION_TYPE_WPA_PSK 11mcRanging: No, ANQP: No, LCI: No, Civic: No, capability(0x1011): ESS Privacy
02-22 02:03:58.853 D/LOWI-9.0.0.87.a( 1386): [LOWI-Scan] BSS 44:94:fc:3d:da:94 FREQ: 5765, cFreq1[40:80:160] = [5755:5775:0] cFreq2 = 0 Country Code =
02-22 02:03:58.853 D/LOWI-9.0.0.87.a( 1386): [LOWI-Scan] BSS 44:94:fc:3d:da:94 (wlan0) ASSO: NO AddInfo: 0x1, TSF 0, 00:50:59.762, RSSI: -170, CPL: 127, AGE: 888, SSID _________________, TSFDelta: 0x134fbb42, TXRate: 0
02-22 02:03:58.853 D/LOWI-9.0.0.87.a( 1386): [LOWI-Scan]
02-22 02:03:58.853 D/LOWI-9.0.0.87.a( 1386): [LOWI-Scan] print_bss_handler: Report Probe TSF 3059818147 as it greater than Beacon TSF 3059796629
02-22 02:03:58.853 D/LOWI-9.0.0.87.a( 1386): [LOWI-Scan] decode_rsn_wpa_ie: LOWI_ENCRYPTION_TYPE_WPA_PSK
02-22 02:03:58.853 D/LOWI-9.0.0.87.a( 1386): [LOWI-Scan] is_qcom_ie, bss_age: 0
02-22 02:03:58.853 D/LOWI-9.0.0.87.a( 1386): [LOWI-Scan] BSS 8c:de:f9:3f:0d:ab LOWI_PHY_MODE_11AC_VHT80(10), Beacon Interval: 100, LOWI_ENCRYPTION_TYPE_WPA_PSK 11mcRanging: No, ANQP: No, LCI: No, Civic: No, capability(0x0031): ESS Privacy ShortPreamble
02-22 02:03:58.853 D/LOWI-9.0.0.87.a( 1386): [LOWI-Scan] BSS 8c:de:f9:3f:0d:ab FREQ: 5785, cFreq1[40:80:160] = [5795:5775:0] cFreq2 = 0 Country Code = CN
02-22 02:03:58.853 D/LOWI-9.0.0.87.a( 1386): [LOWI-Scan] BSS 8c:de:f9:3f:0d:ab (wlan0) ASSO: NO AddInfo: 0x0, TSF 0, 00:50:59.818, RSSI: -148, CPL: 127, AGE: 832, SSID Xiaomi_0DA9_5G, TSFDelta: 0xb76d9dab, TXRate: 0
02-22 02:03:58.853 D/LOWI-9.0.0.87.a( 1386): [LOWI-Scan]
02-22 02:03:58.853 D/LOWI-9.0.0.87.a( 1386): [LOWI-Scan] print_bss_handler: Report Probe TSF 3059801041 as it greater than Beacon TSF 0
02-22 02:03:58.853 D/LOWI-9.0.0.87.a( 1386): [LOWI-Scan] decode_rsn_wpa_ie: LOWI_ENCRYPTION_TYPE_WPA_PSK
02-22 02:03:58.853 D/LOWI-9.0.0.87.a( 1386): [LOWI-Scan] is_qcom_ie, bss_age: 0
02-22 02:03:58.853 D/LOWI-9.0.0.87.a( 1386): [LOWI-Scan] BSS 18:6f:2d:0a:b8:53 LOWI_PHY_MODE_11AC_VHT20(8), Beacon Interval: 100, LOWI_ENCRYPTION_TYPE_WPA_PSK 11mcRanging: No, ANQP: No, LCI: No, Civic: No, capability(0x0111): ESS Privacy SpectrumMgmt
02-22 02:03:58.853 D/LOWI-9.0.0.87.a( 1386): [LOWI-Scan] BSS 18:6f:2d:0a:b8:53 FREQ: 5785, cFreq1[40:80:160] = [5785:0:0] cFreq2 = 0 Country Code = CN
02-22 02:03:58.853 D/LOWI-9.0.0.87.a( 1386): [LOWI-Scan] BSS 18:6f:2d:0a:b8:53 (wlan0) ASSO: NO AddInfo: 0x0, TSF 0, 00:50:59.801, RSSI: -150, CPL: 127, AGE: 848, SSID Fanya, TSFDelta: 0x7a63122a, TXRate: 0
02-22 02:03:58.853 D/LOWI-9.0.0.87.a( 1386): [LOWI-Scan]
02-22 02:03:58.853 D/LOWI-9.0.0.87.a( 1386): [LOWI-Scan] print_bss_handler: Report Probe TSF 3059802280 as it greater than Beacon TSF 0
02-22 02:03:58.853 D/LOWI-9.0.0.87.a( 1386): [LOWI-Scan] decode_rsn_wpa_ie: LOWI_ENCRYPTION_TYPE_WPA_PSK
02-22 02:03:58.853 D/LOWI-9.0.0.87.a( 1386): [LOWI-Scan] is_qcom_ie, bss_age: 0
02-22 02:03:58.853 D/LOWI-9.0.0.87.a( 1386): [LOWI-Scan] BSS 18:6f:2d:0a:b8:54 LOWI_PHY_MODE_11AC_VHT20(8), Beacon Interval: 100, LOWI_ENCRYPTION_TYPE_WPA_PSK 11mcRanging: No, ANQP: No, LCI: No, Civic: No, capability(0x0111): ESS Privacy SpectrumMgmt
02-22 02:03:58.853 D/LOWI-9.0.0.87.a( 1386): [LOWI-Scan] BSS 18:6f:2d:0a:b8:54 FREQ: 5785, cFreq1[40:80:160] = [5785:0:0] cFreq2 = 0 Country Code = CN
02-22 02:03:58.853 D/LOWI-9.0.0.87.a( 1386): [LOWI-Scan] BSS 18:6f:2d:0a:b8:54 (wlan0) ASSO: NO AddInfo: 0x0, TSF 0, 00:50:59.802, RSSI: -150, CPL: 127, AGE: 848, SSID ThunderSoft, TSFDelta: 0x7a6ac8d2, TXRate: 0
02-22 02:03:58.853 D/LOWI-9.0.0.87.a( 1386): [LOWI-Scan]
02-22 02:03:58.853 D/LOWI-9.0.0.87.a( 1386): [LOWI-Scan] print_bss_handler: Report Probe TSF 3059802357 as it greater than Beacon TSF 0
02-22 02:03:58.853 D/LOWI-9.0.0.87.a( 1386): [LOWI-Scan] decode_rsn_wpa_ie: LOWI_ENCRYPTION_TYPE_WPA_PSK
02-22 02:03:58.853 D/LOWI-9.0.0.87.a( 1386): [LOWI-Scan] is_qcom_ie, bss_age: 0
02-22 02:03:58.853 D/LOWI-9.0.0.87.a( 1386): [LOWI-Scan] BSS 18:6f:2d:0a:b8:55 LOWI_PHY_MODE_11AC_VHT20(8), Beacon Interval: 100, LOWI_ENCRYPTION_TYPE_WPA_PSK 11mcRanging: No, ANQP: No, LCI: No, Civic: No, capability(0x0111): ESS Privacy SpectrumMgmt
02-22 02:03:58.853 D/LOWI-9.0.0.87.a( 1386): [LOWI-Scan] BSS 18:6f:2d:0a:b8:55 FREQ: 5785, cFreq1[40:80:160] = [5785:0:0] cFreq2 = 0 Country Code = CN
02-22 02:03:58.853 D/LOWI-9.0.0.87.a( 1386): [LOWI-Scan] BSS 18:6f:2d:0a:b8:55 (wlan0) ASSO: NO AddInfo: 0x0, TSF 0, 00:50:59.802, RSSI: -150, CPL: 127, AGE: 848, SSID GM, TSFDelta: 0x7a6d5fa9, TXRate: 0
02-22 02:03:58.854 D/LOWI-9.0.0.87.a( 1386): [LOWI-Scan]
02-22 02:03:58.854 D/LOWI-9.0.0.87.a( 1386): [LOWI-Scan] print_bss_handler: Report beacon TSF 3060149599 as it greater than probe TSF 3060149599
02-22 02:03:58.854 D/LOWI-9.0.0.87.a( 1386): [LOWI-Scan] decode_rsn_wpa_ie: LOWI_ENCRYPTION_TYPE_WPA_PSK
02-22 02:03:58.854 D/LOWI-9.0.0.87.a( 1386): [LOWI-Scan] is_qcom_ie, bss_age: 0
02-22 02:03:58.854 D/LOWI-9.0.0.87.a( 1386): [LOWI-Scan] BSS 18:6f:2d:81:18:50 LOWI_PHY_MODE_11AC_VHT20(8), Beacon Interval: 100, LOWI_ENCRYPTION_TYPE_WPA_PSK 11mcRanging: No, ANQP: No, LCI: No, Civic: No, capability(0x0111): ESS Privacy SpectrumMgmt
02-22 02:03:58.854 D/LOWI-9.0.0.87.a( 1386): [LOWI-Scan] BSS 18:6f:2d:81:18:50 FREQ: 5280, cFreq1[40:80:160] = [5280:0:0] cFreq2 = 0 Country Code = CN
02-22 02:03:58.854 D/LOWI-9.0.0.87.a( 1386): [LOWI-Scan] BSS 18:6f:2d:81:18:50 (wlan0) ASSO: NO AddInfo: 0x1, TSF 0, 00:51:00.149, RSSI: -154, CPL: 127, AGE: 500, SSID Testing , TSFDelta: 0xfef0a4f0, TXRate: 0
02-22 02:03:58.855 D/LOWI-9.0.0.87.a( 1386): [LOWI-Scan]
02-22 02:03:58.855 D/LOWI-9.0.0.87.a( 1386): [LOWI-Scan] print_bss_handler: Report beacon TSF 3060149767 as it greater than probe TSF 3060149767
02-22 02:03:58.855 D/LOWI-9.0.0.87.a( 1386): [LOWI-Scan] is_qcom_ie, bss_age: 0
02-22 02:03:58.855 D/LOWI-9.0.0.87.a( 1386): [LOWI-Scan] BSS 18:6f:2d:81:18:51 LOWI_PHY_MODE_11AC_VHT20(8), Beacon Interval: 100, LOWI_ENCRYPTION_TYPE_OPEN 11mcRanging: No, ANQP: No, LCI: No, Civic: No, capability(0x0101): ESS SpectrumMgmt
02-22 02:03:58.855 D/LOWI-9.0.0.87.a( 1386): [LOWI-Scan] BSS 18:6f:2d:81:18:51 FREQ: 5280, cFreq1[40:80:160] = [5280:0:0] cFreq2 = 0 Country Code = CN
02-22 02:03:58.855 D/LOWI-9.0.0.87.a( 1386): [LOWI-Scan] BSS 18:6f:2d:81:18:51 (wlan0) ASSO: NO AddInfo: 0x1, TSF 0, 00:51:00.149, RSSI: -152, CPL: 127, AGE: 500, SSID Guest, TSFDelta: 0xfef2c7fc, TXRate: 0
02-22 02:03:58.855 D/LOWI-9.0.0.87.a( 1386): [LOWI-Scan]
02-22 02:03:58.855 D/LOWI-9.0.0.87.a( 1386): [LOWI-Scan] print_bss_handler: Report Probe TSF 3060422744 as it greater than Beacon TSF 0
02-22 02:03:58.855 D/LOWI-9.0.0.87.a( 1386): [LOWI-Scan] decode_rsn_wpa_ie: LOWI_ENCRYPTION_TYPE_WPA_PSK
02-22 02:03:58.855 D/LOWI-9.0.0.87.a( 1386): [LOWI-Scan] is_qcom_ie, bss_age: 0
02-22 02:03:58.855 D/LOWI-9.0.0.87.a( 1386): [LOWI-Scan] BSS b4:cd:27:3f:c9:a3 LOWI_PHY_MODE_11NG_HT20(5), Beacon Interval: 100, LOWI_ENCRYPTION_TYPE_WPA_PSK 11mcRanging: No, ANQP: Yes, LCI: No, Civic: No, capability(0x1631): ESS Privacy ShortPreamble QoS ShortSlotTime
02-22 02:03:58.855 D/LOWI-9.0.0.87.a( 1386): [LOWI-Scan] BSS b4:cd:27:3f:c9:a3 FREQ: 2462, cFreq1[40:80:160] = [0:0:0] cFreq2 = 0 Country Code = CN
02-22 02:03:58.855 D/LOWI-9.0.0.87.a( 1386): [LOWI-Scan] BSS b4:cd:27:3f:c9:a3 (wlan0) ASSO: NO AddInfo: 0x0, TSF 0, 00:51:00.422, RSSI: -134, CPL: 127, AGE: 228, SSID Honor 10, TSFDelta: 0x644472d2, TXRate: 0
02-22 02:03:58.855 D/LOWI-9.0.0.87.a( 1386): [LOWI-Scan]
02-22 02:03:58.855 D/LOWI-9.0.0.87.a( 1386): [LOWI-Scan] print_bss_handler: Report Probe TSF 3060582182 as it greater than Beacon TSF 0
02-22 02:03:58.855 D/LOWI-9.0.0.87.a( 1386): [LOWI-Scan] decode_rsn_wpa_ie: LOWI_ENCRYPTION_TYPE_WPA_PSK
02-22 02:03:58.855 D/LOWI-9.0.0.87.a( 1386): [LOWI-Scan] is_qcom_ie, bss_age: 0
02-22 02:03:58.855 D/LOWI-9.0.0.87.a( 1386): [LOWI-Scan] BSS 18:6f:2d:81:18:81 LOWI_PHY_MODE_11NG_HT20(5), Beacon Interval: 100, LOWI_ENCRYPTION_TYPE_WPA_PSK 11mcRanging: No, ANQP: No, LCI: No, Civic: No, capability(0x0531): ESS Privacy ShortPreamble SpectrumMgmt ShortSlotTime
02-22 02:03:58.855 D/LOWI-9.0.0.87.a( 1386): [LOWI-Scan] BSS 18:6f:2d:81:18:81 FREQ: 2472, cFreq1[40:80:160] = [2472:0:0] cFreq2 = 0 Country Code = CN
02-22 02:03:58.855 D/LOWI-9.0.0.87.a( 1386): [LOWI-Scan] BSS 18:6f:2d:81:18:81 (wlan0) ASSO: NO AddInfo: 0x0, TSF 0, 00:51:00.582, RSSI: -150, CPL: 127, AGE: 68, SSID Testing , TSFDelta: 0xf70d7505, TXRate: 0
02-22 02:03:58.856 D/LOWI-9.0.0.87.a( 1386): [LOWI-Scan]
02-22 02:03:58.856 D/LOWI-9.0.0.87.a( 1386): [LOWI-Scan] print_bss_handler: Report Probe TSF 3060606624 as it greater than Beacon TSF 0
02-22 02:03:58.856 D/LOWI-9.0.0.87.a( 1386): [LOWI-Scan] decode_rsn_wpa_ie: LOWI_ENCRYPTION_TYPE_WPA_PSK
02-22 02:03:58.856 D/LOWI-9.0.0.87.a( 1386): [LOWI-Scan] is_qcom_ie, bss_age: 0
02-22 02:03:58.856 D/LOWI-9.0.0.87.a( 1386): [LOWI-Scan] BSS 18:6f:2d:81:18:84 LOWI_PHY_MODE_11NG_HT20(5), Beacon Interval: 100, LOWI_ENCRYPTION_TYPE_WPA_PSK 11mcRanging: No, ANQP: No, LCI: No, Civic: No, capability(0x0531): ESS Privacy ShortPreamble SpectrumMgmt ShortSlotTime
02-22 02:03:58.856 D/LOWI-9.0.0.87.a( 1386): [LOWI-Scan] BSS 18:6f:2d:81:18:84 FREQ: 2472, cFreq1[40:80:160] = [2472:0:0] cFreq2 = 0 Country Code = CN
02-22 02:03:58.856 D/LOWI-9.0.0.87.a( 1386): [LOWI-Scan] BSS 18:6f:2d:81:18:84 (wlan0) ASSO: NO AddInfo: 0x0, TSF 0, 00:51:00.606, RSSI: -142, CPL: 127, AGE: 44, SSID ZXHY, TSFDelta: 0xf7c5f916, TXRate: 0
02-22 02:03:58.856 D/LOWI-9.0.0.87.a( 1386): [LOWIDiagLog] Log: lowiMeasResult->request: invalid null argument
02-22 02:03:58.856 I/LOWI-9.0.0.87.a( 1386): [LOWI-Scan] lowi_close_record:Scan done in 3047073ms, 68 APs in scan results
02-22 02:03:58.856 D/LOWI-9.0.0.87.a( 1386): [LOWI-Scan] WipsScanUsingNL: passive scan cached 0, took 279979 ms, err 0
02-22 02:03:58.856 D/LOWI-9.0.0.87.a( 1386): [LOWI-Scan] lowi_proc_req_passive_scan_with_live_meas - No WLAN Frames to be parsed
02-22 02:03:58.856 D/LOWI-9.0.0.87.a( 1386): [LOWIScanResultReceiver] Send scan meas to listener
02-22 02:03:58.856 D/LOWI-9.0.0.87.a( 1386): [LOWIScanResultReceiver] Enter passive listening mode
02-22 02:03:58.856 D/LOWI-9.0.0.87.a( 1386): [LOWIWifiDriverInterface] getMeasurements - Passive listening mode
02-22 02:03:58.856 D/LOWI-9.0.0.87.a( 1386): [LOWI-Scan] WipsScanUsingNL:wait -1 sec for netlink message
02-22 02:03:58.856 D/LOWI-9.0.0.87.a( 1386): [LOWIEventReceiver] handleEvent:FROM:NA, TO:NA, REQ:NA, IREQ:NA, REQ_ID:0, RESP:NA, INFO:NA
02-22 02:03:58.856 D/LOWI-9.0.0.87.a( 1386): [LOWIBackgroundScanMgr] isRspForBgScanMgr: evt(LOWI_NO_EVT) - not handled
02-22 02:03:58.856 D/LOWI-9.0.0.87.a( 1386): [LOWIScheduler] manageMsg: NULL results or NULL request in results
02-22 02:03:58.856 D/LOWI-9.0.0.87.a( 1386): [LOWIController] Measurements received
02-22 02:03:58.856 D/LOWI-9.0.0.87.a( 1386): [LOWICacheManager] putInCache:Num of Meas to add: 68
02-22 02:03:58.859 D/LOWI-9.0.0.87.a( 1386): [LOWICacheManager] addToCache: Cache Full, Cache Limit: 100, Purging: 50
02-22 02:03:58.861 D/LOWI-9.0.0.87.a( 1386): [LOWIController] processMeasurementResults: No current Request. Cache measurements
02-22 02:03:58.861 D/LOWI-9.0.0.87.a( 1386): [LOWIController] sendAsyncScanResponse: Request FreeWifiScanObserver_0 is from a different client.
02-22 02:03:58.861 D/LOWI-9.0.0.87.a( 1386): [LOWIController] generateResponse: Type (ASYNC_DISCOVERY_SCAN_RESULTS) ScanStatus (1) request FreeWifiScanObserver_0
02-22 02:03:58.861 D/LOWI-9.0.0.87.a( 1386): [LOWIEventDispatcher] sendResponse - originator = FreeWifiScanObserver
02-22 02:03:58.861 D/LOWI-9.0.0.87.a( 1386): [LOWIUtils] injectScanMeasurements - num of APs = 68
02-22 02:03:58.863 I/LOWI-9.0.0.87.a( 1386): [LOWIUtils] responseToOutPostcard - TO: FreeWifiScanObserver, FROM: LOWI-SERVER, RESP: LOWI_ASYNC_DISCOVERY_SCAN_RESULTS
02-22 02:03:58.864 D/LOWI-9.0.0.87.a( 1386): [LOWIControllerExtn] sendLOWILpDiscoveryScanResponse: Not a discovery scan response
02-22 02:03:58.918 W/WifiDebugService( 2334): Can not find target wifi network : hht_test_wifi_fc4318c9
02-22 02:03:59.484 I/mpu_uart( 644): [MSG-P:RECV]:No message received in 1000 ms
02-22 02:03:59.543 D/RemoteControlService( 2307): startVlanDispatchThread
02-22 02:03:59.835 W/hpplay-java( 2708): [main]:IPManager:getActiveNets invalid networkInfo:null
02-22 02:03:59.835 I/hpplay-java( 2708): [main]:IPManager:getActiveNets eth0:false wifi:false mobile:false ap:false
02-22 02:03:59.835 I/hpplay-java( 2708): [main]:ServerTaskManager:get local ip:null
02-22 02:04:00.004 D/KeyguardUpdateMonitor( 1966): received broadcast android.intent.action.TIME_TICK
02-22 02:04:00.005 D/KeyguardUpdateMonitor( 1966): handleTimeUpdate
02-22 02:04:00.485 I/mpu_uart( 644): [MSG-P:RECV]:No message received in 1000 ms
02-22 02:04:00.672 E/tlogd ( 1270): [TzLogger](isPathReadable) file /sys/kernel/debug/tzdbg/qsee_log isn't exist or no permission, err: No such file or directory
02-22 02:04:00.672 E/tlogd ( 1270): [TzLogger](saveTzlogAsync) /sys/kernel/debug/tzdbg/qsee_log can not read.
02-22 02:04:00.672 E/tlogd ( 1270): [TzLogger](isPathReadable) file /sys/kernel/debug/tzdbg/log isn't exist or no permission, err: No such file or directory
02-22 02:04:00.672 E/tlogd ( 1270): [TzLogger](saveTzlogAsync) /sys/kernel/debug/tzdbg/log can not read.
02-22 02:04:00.838 W/hpplay-java( 2708): [main]:IPManager:getActiveNets invalid networkInfo:null
02-22 02:04:00.838 I/hpplay-java( 2708): [main]:IPManager:getActiveNets eth0:false wifi:false mobile:false ap:false
02-22 02:04:00.838 I/hpplay-java( 2708): [main]:ServerTaskManager:get local ip:null
01-01 12:51:49.013 E/DTC_ETH,link_delay_work_func( 0): 3003, SQI=0, link=0
02-22 02:04:01.485 I/mpu_uart( 644): [MSG-P:RECV]:No message received in 1000 ms
02-22 02:04:01.643 I/mpu_uart( 644): [MSG-P:R]:recv sync frame timeout
02-22 02:04:01.840 W/hpplay-java( 2708): [main]:IPManager:getActiveNets invalid networkInfo:null
02-22 02:04:01.840 I/hpplay-java( 2708): [main]:IPManager:getActiveNets eth0:false wifi:false mobile:false ap:false
02-22 02:04:01.840 I/hpplay-java( 2708): [main]:ServerTaskManager:get local ip:null
02-22 02:04:02.485 I/mpu_uart( 644): [MSG-P:RECV]:No message received in 1000 ms
02-22 02:04:02.843 W/hpplay-java( 2708): [main]:IPManager:getActiveNets invalid networkInfo:null
02-22 02:04:02.843 I/hpplay-java( 2708): [main]:IPManager:getActiveNets eth0:false wifi:false mobile:false ap:false
02-22 02:04:02.843 I/hpplay-java( 2708): [main]:ServerTaskManager:get local ip:null
02-22 02:04:03.486 I/mpu_uart( 644): [MSG-P:RECV]:No message received in 1000 ms
02-22 02:04:03.845 W/hpplay-java( 2708): [main]:IPManager:getActiveNets invalid networkInfo:null
02-22 02:04:03.845 I/hpplay-java( 2708): [main]:IPManager:getActiveNets eth0:false wifi:false mobile:false ap:false
02-22 02:04:03.845 I/hpplay-java( 2708): [main]:ServerTaskManager:get local ip:null
02-22 02:04:04.486 I/mpu_uart( 644): [MSG-P:RECV]:No message received in 1000 ms
02-22 02:04:04.557 D/RemoteControlService( 2307): startVlanDispatchThread
02-22 02:04:04.647 I/mpu_uart( 644): [MSG-P:R]:recv sync frame timeout
02-22 02:04:04.847 W/hpplay-java( 2708): [main]:IPManager:getActiveNets invalid networkInfo:null
02-22 02:04:04.847 I/hpplay-java( 2708): [main]:IPManager:getActiveNets eth0:false wifi:false mobile:false ap:false
02-22 02:04:04.847 I/hpplay-java( 2708): [main]:ServerTaskManager:get local ip:null
02-22 02:04:05.486 I/mpu_uart( 644): [MSG-P:RECV]:No message received in 1000 ms
02-22 02:04:05.673 E/tlogd ( 1270): [TzLogger](isPathReadable) file /sys/kernel/debug/tzdbg/qsee_log isn't exist or no permission, err: No such file or directory
02-22 02:04:05.673 E/tlogd ( 1270): [TzLogger](saveTzlogAsync) /sys/kernel/debug/tzdbg/qsee_log can not read.
02-22 02:04:05.673 E/tlogd ( 1270): [TzLogger](isPathReadable) file /sys/kernel/debug/tzdbg/log isn't exist or no permission, err: No such file or directory
02-22 02:04:05.673 E/tlogd ( 1270): [TzLogger](saveTzlogAsync) /sys/kernel/debug/tzdbg/log can not read.
02-22 02:04:05.849 W/hpplay-java( 2708): [main]:IPManager:getActiveNets invalid networkInfo:null
02-22 02:04:05.849 I/hpplay-java( 2708): [main]:IPManager:getActiveNets eth0:false wifi:false mobile:false ap:false
02-22 02:04:05.849 I/hpplay-java( 2708): [main]:ServerTaskManager:get local ip:null
01-01 12:51:54.133 E/DTC_ETH,link_delay_work_func( 0): 3003, SQI=0, link=0
02-22 02:04:06.486 I/mpu_uart( 644): [MSG-P:RECV]:No message received in 1000 ms
02-22 02:04:06.851 W/hpplay-java( 2708): [main]:IPManager:getActiveNets invalid networkInfo:null
02-22 02:04:06.851 I/hpplay-java( 2708): [main]:IPManager:getActiveNets eth0:false wifi:false mobile:false ap:false
02-22 02:04:06.851 I/hpplay-java( 2708): [main]:ServerTaskManager:get local ip:null
02-22 02:04:06.957 I/selfinstaller( 1191): create socket failed: Network is unreachable 101
02-22 02:04:07.487 I/mpu_uart( 644): [MSG-P:RECV]:No message received in 1000 ms
02-22 02:04:07.650 I/mpu_uart( 644): [MSG-P:R]:recv sync frame timeout
02-22 02:04:07.853 W/hpplay-java( 2708): [main]:IPManager:getActiveNets invalid networkInfo:null
02-22 02:04:07.853 I/hpplay-java( 2708): [main]:IPManager:getActiveNets eth0:false wifi:false mobile:false ap:false
02-22 02:04:07.853 I/hpplay-java( 2708): [main]:ServerTaskManager:get local ip:null
02-22 02:04:08.487 I/mpu_uart( 644): [MSG-P:RECV]:No message received in 1000 ms
02-22 02:04:08.855 W/hpplay-java( 2708): [main]:IPManager:getActiveNets invalid networkInfo:null
02-22 02:04:08.855 I/hpplay-java( 2708): [main]:IPManager:getActiveNets eth0:false wifi:false mobile:false ap:false
02-22 02:04:08.855 I/hpplay-java( 2708): [main]:ServerTaskManager:get local ip:null
02-22 02:04:09.487 I/mpu_uart( 644): [MSG-P:RECV]:No message received in 1000 ms
02-22 02:04:09.566 D/RemoteControlService( 2307): startVlanDispatchThread
02-22 02:04:09.857 W/hpplay-java( 2708): [main]:IPManager:getActiveNets invalid networkInfo:null
02-22 02:04:09.857 I/hpplay-java( 2708): [main]:IPManager:getActiveNets eth0:false wifi:false mobile:false ap:false
02-22 02:04:09.857 I/hpplay-java( 2708): [main]:ServerTaskManager:get local ip:null
02-22 02:04:10.487 I/mpu_uart( 644): [MSG-P:RECV]:No message received in 1000 ms
02-22 02:04:10.653 I/mpu_uart( 644): [MSG-P:R]:recv sync frame timeout
02-22 02:04:10.673 E/tlogd ( 1270): [TzLogger](isPathReadable) file /sys/kernel/debug/tzdbg/qsee_log isn't exist or no permission, err: No such file or directory
02-22 02:04:10.673 E/tlogd ( 1270): [TzLogger](saveTzlogAsync) /sys/kernel/debug/tzdbg/qsee_log can not read.
02-22 02:04:10.674 E/tlogd ( 1270): [TzLogger](isPathReadable) file /sys/kernel/debug/tzdbg/log isn't exist or no permission, err: No such file or directory
02-22 02:04:10.674 E/tlogd ( 1270): [TzLogger](saveTzlogAsync) /sys/kernel/debug/tzdbg/log can not read.
02-22 02:04:10.859 W/hpplay-java( 2708): [main]:IPManager:getActiveNets invalid networkInfo:null
02-22 02:04:10.859 I/hpplay-java( 2708): [main]:IPManager:getActiveNets eth0:false wifi:false mobile:false ap:false
02-22 02:04:10.859 I/hpplay-java( 2708): [main]:ServerTaskManager:get local ip:null
01-01 12:51:59.253 E/DTC_ETH,link_delay_work_func( 0): 3003, SQI=0, link=0
02-22 02:04:11.487 I/mpu_uart( 644): [MSG-P:RECV]:No message received in 1000 ms
02-22 02:04:11.860 W/hpplay-java( 2708): [main]:IPManager:getActiveNets invalid networkInfo:null
02-22 02:04:11.860 I/hpplay-java( 2708): [main]:IPManager:getActiveNets eth0:false wifi:false mobile:false ap:false
02-22 02:04:11.861 I/hpplay-java( 2708): [main]:ServerTaskManager:get local ip:null
02-22 02:04:12.488 I/mpu_uart( 644): [MSG-P:RECV]:No message received in 1000 ms
02-22 02:04:12.862 W/hpplay-java( 2708): [main]:IPManager:getActiveNets invalid networkInfo:null
02-22 02:04:12.862 I/hpplay-java( 2708): [main]:IPManager:getActiveNets eth0:false wifi:false mobile:false ap:false
02-22 02:04:12.862 I/hpplay-java( 2708): [main]:ServerTaskManager:get local ip:null
02-22 02:04:13.488 I/mpu_uart( 644): [MSG-P:RECV]:No message received in 1000 ms
02-22 02:04:13.657 I/mpu_uart( 644): [MSG-P:R]:recv sync frame timeout
02-22 02:04:13.864 W/hpplay-java( 2708): [main]:IPManager:getActiveNets invalid networkInfo:null
02-22 02:04:13.864 I/hpplay-java( 2708): [main]:IPManager:getActiveNets eth0:false wifi:false mobile:false ap:false
02-22 02:04:13.864 I/hpplay-java( 2708): [main]:ServerTaskManager:get local ip:null
02-22 02:04:14.488 I/mpu_uart( 644): [MSG-P:RECV]:No message received in 1000 ms
02-22 02:04:14.575 D/RemoteControlService( 2307): startVlanDispatchThread
02-22 02:04:14.866 W/hpplay-java( 2708): [main]:IPManager:getActiveNets invalid networkInfo:null
02-22 02:04:14.866 I/hpplay-java( 2708): [main]:IPManager:getActiveNets eth0:false wifi:false mobile:false ap:false
02-22 02:04:14.866 I/hpplay-java( 2708): [main]:ServerTaskManager:get local ip:null
02-22 02:04:15.488 I/mpu_uart( 644): [MSG-P:RECV]:No message received in 1000 ms
02-22 02:04:15.674 E/tlogd ( 1270): [TzLogger](isPathReadable) file /sys/kernel/debug/tzdbg/qsee_log isn't exist or no permission, err: No such file or directory
02-22 02:04:15.674 E/tlogd ( 1270): [TzLogger](saveTzlogAsync) /sys/kernel/debug/tzdbg/qsee_log can not read.
02-22 02:04:15.674 E/tlogd ( 1270): [TzLogger](isPathReadable) file /sys/kernel/debug/tzdbg/log isn't exist or no permission, err: No such file or directory
02-22 02:04:15.674 E/tlogd ( 1270): [TzLogger](saveTzlogAsync) /sys/kernel/debug/tzdbg/log can not read.
02-22 02:04:15.714 I/hpplay-java( 2708): [main]:IMTask:getIMRoot
02-22 02:04:15.721 W/hpplay-java( 2708): [AsyncTask #154]:HttpRequest:
02-22 02:04:15.722 W/hpplay-java( 2708): [AsyncTask #154]:HttpRequest:
02-22 02:04:15.723 W/hpplay-java( 2708): [AsyncTask #154]:HttpRequest:
02-22 02:04:15.724 E/hpplay-java( 2708): [main]:IMTask:getIMRoot failed
02-22 02:04:15.867 W/hpplay-java( 2708): [main]:IPManager:getActiveNets invalid networkInfo:null
02-22 02:04:15.867 I/hpplay-java( 2708): [main]:IPManager:getActiveNets eth0:false wifi:false mobile:false ap:false
02-22 02:04:15.867 I/hpplay-java( 2708): [main]:ServerTaskManager:get local ip:null
01-01 12:52:04.373 E/DTC_ETH,link_delay_work_func( 0): 3003, SQI=0, link=0
02-22 02:04:16.489 I/mpu_uart( 644): [MSG-P:RECV]:No message received in 1000 ms
02-22 02:04:16.660 I/mpu_uart( 644): [MSG-P:R]:recv sync frame timeout
02-22 02:04:16.868 W/hpplay-java( 2708): [main]:IPManager:getActiveNets invalid networkInfo:null
02-22 02:04:16.869 I/hpplay-java( 2708): [main]:IPManager:getActiveNets eth0:false wifi:false mobile:false ap:false
02-22 02:04:16.869 I/hpplay-java( 2708): [main]:ServerTaskManager:get local ip:null
02-22 02:04:17.489 I/mpu_uart( 644): [MSG-P:RECV]:No message received in 1000 ms
02-22 02:04:17.870 W/hpplay-java( 2708): [main]:IPManager:getActiveNets invalid networkInfo:null
02-22 02:04:17.870 I/hpplay-java( 2708): [main]:IPManager:getActiveNets eth0:false wifi:false mobile:false ap:false
02-22 02:04:17.870 I/hpplay-java( 2708): [main]:ServerTaskManager:get local ip:null
02-22 02:04:18.489 I/mpu_uart( 644): [MSG-P:RECV]:No message received in 1000 ms
02-22 02:04:18.872 W/hpplay-java( 2708): [main]:IPManager:getActiveNets invalid networkInfo:null
02-22 02:04:18.872 I/hpplay-java( 2708): [main]:IPManager:getActiveNets eth0:false wifi:false mobile:false ap:false
02-22 02:04:18.872 I/hpplay-java( 2708): [main]:ServerTaskManager:get local ip:null
02-22 02:04:19.489 I/mpu_uart( 644): [MSG-P:RECV]:No message received in 1000 ms
02-22 02:04:19.587 D/RemoteControlService( 2307): startVlanDispatchThread
02-22 02:04:19.664 I/mpu_uart( 644): [MSG-P:R]:recv sync frame timeout
02-22 02:04:19.874 W/hpplay-java( 2708): [main]:IPManager:getActiveNets invalid networkInfo:null
02-22 02:04:19.874 I/hpplay-java( 2708): [main]:IPManager:getActiveNets eth0:false wifi:false mobile:false ap:false
02-22 02:04:19.874 I/hpplay-java( 2708): [main]:ServerTaskManager:get local ip:null
02-22 02:04:20.489 I/mpu_uart( 644): [MSG-P:RECV]:No message received in 1000 ms
02-22 02:04:20.675 E/tlogd ( 1270): [TzLogger](isPathReadable) file /sys/kernel/debug/tzdbg/qsee_log isn't exist or no permission, err: No such file or directory
02-22 02:04:20.675 E/tlogd ( 1270): [TzLogger](saveTzlogAsync) /sys/kernel/debug/tzdbg/qsee_log can not read.
02-22 02:04:20.675 E/tlogd ( 1270): [TzLogger](isPathReadable) file /sys/kernel/debug/tzdbg/log isn't exist or no permission, err: No such file or directory
02-22 02:04:20.675 E/tlogd ( 1270): [TzLogger](saveTzlogAsync) /sys/kernel/debug/tzdbg/log can not read.
02-22 02:04:20.876 W/hpplay-java( 2708): [main]:IPManager:getActiveNets invalid networkInfo:null
02-22 02:04:20.876 I/hpplay-java( 2708): [main]:IPManager:getActiveNets eth0:false wifi:false mobile:false ap:false
02-22 02:04:20.876 I/hpplay-java( 2708): [main]:ServerTaskManager:get local ip:null
01-01 12:52:09.493 E/DTC_ETH,link_delay_work_func( 0): 3003, SQI=0, link=0
02-22 02:04:21.490 I/mpu_uart( 644): [MSG-P:RECV]:No message received in 1000 ms
02-22 02:04:21.878 W/hpplay-java( 2708): [main]:IPManager:getActiveNets invalid networkInfo:null
02-22 02:04:21.878 I/hpplay-java( 2708): [main]:IPManager:getActiveNets eth0:false wifi:false mobile:false ap:false
02-22 02:04:21.878 I/hpplay-java( 2708): [main]:ServerTaskManager:get local ip:null
02-22 02:04:22.490 I/mpu_uart( 644): [MSG-P:RECV]:No message received in 1000 ms
02-22 02:04:22.664 I/mpu_uart( 644): [MSG-P:R]:recv sync frame timeout
02-22 02:04:22.880 W/hpplay-java( 2708): [main]:IPManager:getActiveNets invalid networkInfo:null
02-22 02:04:22.880 I/hpplay-java( 2708): [main]:IPManager:getActiveNets eth0:false wifi:false mobile:false ap:false
02-22 02:04:22.880 I/hpplay-java( 2708): [main]:ServerTaskManager:get local ip:null
02-22 02:04:23.490 I/mpu_uart( 644): [MSG-P:RECV]:No message received in 1000 ms
02-22 02:04:23.882 W/hpplay-java( 2708): [main]:IPManager:getActiveNets invalid networkInfo:null
02-22 02:04:23.882 I/hpplay-java( 2708): [main]:IPManager:getActiveNets eth0:false wifi:false mobile:false ap:false
02-22 02:04:23.882 I/hpplay-java( 2708): [main]:ServerTaskManager:get local ip:null
02-22 02:04:24.490 I/mpu_uart( 644): [MSG-P:RECV]:No message received in 1000 ms
02-22 02:04:24.600 D/RemoteControlService( 2307): startVlanDispatchThread
02-22 02:04:24.883 W/hpplay-java( 2708): [main]:IPManager:getActiveNets invalid networkInfo:null
02-22 02:04:24.883 I/hpplay-java( 2708): [main]:IPManager:getActiveNets eth0:false wifi:false mobile:false ap:false
02-22 02:04:24.883 I/hpplay-java( 2708): [main]:ServerTaskManager:get local ip:null
02-22 02:04:25.490 I/mpu_uart( 644): [MSG-P:RECV]:No message received in 1000 ms
02-22 02:04:25.668 I/mpu_uart( 644): [MSG-P:R]:recv sync frame timeout
02-22 02:04:25.675 E/tlogd ( 1270): [TzLogger](isPathReadable) file /sys/kernel/debug/tzdbg/qsee_log isn't exist or no permission, err: No such file or directory
02-22 02:04:25.675 E/tlogd ( 1270): [TzLogger](saveTzlogAsync) /sys/kernel/debug/tzdbg/qsee_log can not read.
02-22 02:04:25.675 E/tlogd ( 1270): [TzLogger](isPathReadable) file /sys/kernel/debug/tzdbg/log isn't exist or no permission, err: No such file or directory
02-22 02:04:25.675 E/tlogd ( 1270): [TzLogger](saveTzlogAsync) /sys/kernel/debug/tzdbg/log can not read.
02-22 02:04:25.885 W/hpplay-java( 2708): [main]:IPManager:getActiveNets invalid networkInfo:null
02-22 02:04:25.885 I/hpplay-java( 2708): [main]:IPManager:getActiveNets eth0:false wifi:false mobile:false ap:false
02-22 02:04:25.885 I/hpplay-java( 2708): [main]:ServerTaskManager:get local ip:null
02-22 02:04:26.491 I/mpu_uart( 644): [MSG-P:RECV]:No message received in 1000 ms
01-01 12:52:14.613 E/DTC_ETH,link_delay_work_func( 0): 3003, SQI=0, link=0
02-22 02:04:26.887 W/hpplay-java( 2708): [main]:IPManager:getActiveNets invalid networkInfo:null
02-22 02:04:26.887 I/hpplay-java( 2708): [main]:IPManager:getActiveNets eth0:false wifi:false mobile:false ap:false
02-22 02:04:26.887 I/hpplay-java( 2708): [main]:ServerTaskManager:get local ip:null
02-22 02:04:27.491 I/mpu_uart( 644): [MSG-P:RECV]:No message received in 1000 ms
02-22 02:04:27.889 W/hpplay-java( 2708): [main]:IPManager:getActiveNets invalid networkInfo:null
02-22 02:04:27.889 I/hpplay-java( 2708): [main]:IPManager:getActiveNets eth0:false wifi:false mobile:false ap:false
02-22 02:04:27.889 I/hpplay-java( 2708): [main]:ServerTaskManager:get local ip:null
02-22 02:04:28.491 I/mpu_uart( 644): [MSG-P:RECV]:No message received in 1000 ms
02-22 02:04:28.671 I/mpu_uart( 644): [MSG-P:R]:recv sync frame timeout
02-22 02:04:28.890 W/hpplay-java( 2708): [main]:IPManager:getActiveNets invalid networkInfo:null
02-22 02:04:28.891 I/hpplay-java( 2708): [main]:IPManager:getActiveNets eth0:false wifi:false mobile:false ap:false
02-22 02:04:28.891 I/hpplay-java( 2708): [main]:ServerTaskManager:get local ip:null
02-22 02:04:29.491 I/mpu_uart( 644): [MSG-P:RECV]:No message received in 1000 ms
02-22 02:04:29.612 D/RemoteControlService( 2307): startVlanDispatchThread
02-22 02:04:29.892 W/hpplay-java( 2708): [main]:IPManager:getActiveNets invalid networkInfo:null
02-22 02:04:29.893 I/hpplay-java( 2708): [main]:IPManager:getActiveNets eth0:false wifi:false mobile:false ap:false
02-22 02:04:29.893 I/hpplay-java( 2708): [main]:ServerTaskManager:get local ip:null
02-22 02:04:30.491 I/mpu_uart( 644): [MSG-P:RECV]:No message received in 1000 ms
02-22 02:04:30.676 E/tlogd ( 1270): [TzLogger](isPathReadable) file /sys/kernel/debug/tzdbg/qsee_log isn't exist or no permission, err: No such file or directory
02-22 02:04:30.676 E/tlogd ( 1270): [TzLogger](saveTzlogAsync) /sys/kernel/debug/tzdbg/qsee_log can not read.
02-22 02:04:30.676 E/tlogd ( 1270): [TzLogger](isPathReadable) file /sys/kernel/debug/tzdbg/log isn't exist or no permission, err: No such file or directory
02-22 02:04:30.676 E/tlogd ( 1270): [TzLogger](saveTzlogAsync) /sys/kernel/debug/tzdbg/log can not read.
02-22 02:04:30.894 W/hpplay-java( 2708): [main]:IPManager:getActiveNets invalid networkInfo:null
02-22 02:04:30.894 I/hpplay-java( 2708): [main]:IPManager:getActiveNets eth0:false wifi:false mobile:false ap:false
02-22 02:04:30.894 I/hpplay-java( 2708): [main]:ServerTaskManager:get local ip:null
02-22 02:04:31.491 I/mpu_uart( 644): [MSG-P:RECV]:No message received in 1000 ms
01-01 12:52:19.733 E/DTC_ETH,link_delay_work_func( 0): 3003, SQI=0, link=0
02-22 02:04:31.674 I/mpu_uart( 644): [MSG-P:R]:recv sync frame timeout
02-22 02:04:31.896 W/hpplay-java( 2708): [main]:IPManager:getActiveNets invalid networkInfo:null
02-22 02:04:31.896 I/hpplay-java( 2708): [main]:IPManager:getActiveNets eth0:false wifi:false mobile:false ap:false
02-22 02:04:31.896 I/hpplay-java( 2708): [main]:ServerTaskManager:get local ip:null
02-22 02:04:32.492 I/mpu_uart( 644): [MSG-P:RECV]:No message received in 1000 ms
02-22 02:04:32.898 W/hpplay-java( 2708): [main]:IPManager:getActiveNets invalid networkInfo:null
02-22 02:04:32.898 I/hpplay-java( 2708): [main]:IPManager:getActiveNets eth0:false wifi:false mobile:false ap:false
02-22 02:04:32.898 I/hpplay-java( 2708): [main]:ServerTaskManager:get local ip:null
02-22 02:04:33.492 I/mpu_uart( 644): [MSG-P:RECV]:No message received in 1000 ms
02-22 02:04:33.900 W/hpplay-java( 2708): [main]:IPManager:getActiveNets invalid networkInfo:null
02-22 02:04:33.900 I/hpplay-java( 2708): [main]:IPManager:getActiveNets eth0:false wifi:false mobile:false ap:false
02-22 02:04:33.900 I/hpplay-java( 2708): [main]:ServerTaskManager:get local ip:null
02-22 02:04:34.492 I/mpu_uart( 644): [MSG-P:RECV]:No message received in 1000 ms
02-22 02:04:34.625 D/RemoteControlService( 2307): startVlanDispatchThread
02-22 02:04:34.678 I/mpu_uart( 644): [MSG-P:R]:recv sync frame timeout
02-22 02:04:34.902 W/hpplay-java( 2708): [main]:IPManager:getActiveNets invalid networkInfo:null
02-22 02:04:34.902 I/hpplay-java( 2708): [main]:IPManager:getActiveNets eth0:false wifi:false mobile:false ap:false
02-22 02:04:34.902 I/hpplay-java( 2708): [main]:ServerTaskManager:get local ip:null
02-22 02:04:35.492 I/mpu_uart( 644): [MSG-P:RECV]:No message received in 1000 ms
02-22 02:04:35.677 E/tlogd ( 1270): [TzLogger](isPathReadable) file /sys/kernel/debug/tzdbg/qsee_log isn't exist or no permission, err: No such file or directory
02-22 02:04:35.677 E/tlogd ( 1270): [TzLogger](saveTzlogAsync) /sys/kernel/debug/tzdbg/qsee_log can not read.
02-22 02:04:35.677 E/tlogd ( 1270): [TzLogger](isPathReadable) file /sys/kernel/debug/tzdbg/log isn't exist or no permission, err: No such file or directory
02-22 02:04:35.677 E/tlogd ( 1270): [TzLogger](saveTzlogAsync) /sys/kernel/debug/tzdbg/log can not read.
02-22 02:04:35.904 W/hpplay-java( 2708): [main]:IPManager:getActiveNets invalid networkInfo:null
02-22 02:04:35.904 I/hpplay-java( 2708): [main]:IPManager:getActiveNets eth0:false wifi:false mobile:false ap:false
02-22 02:04:35.904 I/hpplay-java( 2708): [main]:ServerTaskManager:get local ip:null
02-22 02:04:36.492 I/mpu_uart( 644): [MSG-P:RECV]:No message received in 1000 ms
01-01 12:52:24.853 E/DTC_ETH,link_delay_work_func( 0): 3003, SQI=0, link=0
02-22 02:04:36.905 W/hpplay-java( 2708): [main]:IPManager:getActiveNets invalid networkInfo:null
02-22 02:04:36.905 I/hpplay-java( 2708): [main]:IPManager:getActiveNets eth0:false wifi:false mobile:false ap:false
02-22 02:04:36.905 I/hpplay-java( 2708): [main]:ServerTaskManager:get local ip:null
02-22 02:04:36.973 I/selfinstaller( 1191): create socket failed: Network is unreachable 101
02-22 02:04:37.493 I/mpu_uart( 644): [MSG-P:RECV]:No message received in 1000 ms
02-22 02:04:37.681 I/mpu_uart( 644): [MSG-P:R]:recv sync frame timeout
02-22 02:04:37.907 W/hpplay-java( 2708): [main]:IPManager:getActiveNets invalid networkInfo:null
02-22 02:04:37.907 I/hpplay-java( 2708): [main]:IPManager:getActiveNets eth0:false wifi:false mobile:false ap:false
02-22 02:04:37.907 I/hpplay-java( 2708): [main]:ServerTaskManager:get local ip:null
02-22 02:04:38.493 I/mpu_uart( 644): [MSG-P:RECV]:No message received in 1000 ms
02-22 02:04:38.909 W/hpplay-java( 2708): [main]:IPManager:getActiveNets invalid networkInfo:null
02-22 02:04:38.909 I/hpplay-java( 2708): [main]:IPManager:getActiveNets eth0:false wifi:false mobile:false ap:false
02-22 02:04:38.909 I/hpplay-java( 2708): [main]:ServerTaskManager:get local ip:null
02-22 02:04:39.493 I/mpu_uart( 644): [MSG-P:RECV]:No message received in 1000 ms
02-22 02:04:39.633 D/RemoteControlService( 2307): startVlanDispatchThread
02-22 02:04:39.910 W/hpplay-java( 2708): [main]:IPManager:getActiveNets invalid networkInfo:null
02-22 02:04:39.911 I/hpplay-java( 2708): [main]:IPManager:getActiveNets eth0:false wifi:false mobile:false ap:false
