02-22 01:13:07.896 V/StorageManagerService( 1503): Package com.android.printspooler does not have legacy storage
02-22 01:13:07.896 V/StorageManagerService( 1503): Package com.qti.qualcomm.mstatssystemservice does not have legacy storage
02-22 01:13:07.896 V/StorageManagerService( 1503): Package com.qualcomm.qti.services.systemhelper does not have legacy storage
02-22 01:13:07.896 V/StorageManagerService( 1503): Package com.android.wifi.resources.overlay.common does not have legacy storage
02-22 01:13:07.896 V/StorageManagerService( 1503): Package com.android.dreams.basic does not have legacy storage
02-22 01:13:07.896 V/StorageManagerService( 1503): Package com.android.webview does not have legacy storage
02-22 01:13:07.896 V/StorageManagerService( 1503): Package com.android.se does not have legacy storage
02-22 01:13:07.896 V/StorageManagerService( 1503): Package com.android.inputdevices does not have legacy storage
02-22 01:13:07.896 V/StorageManagerService( 1503): Package com.android.bips does not have legacy storage
02-22 01:13:07.896 V/StorageManagerService( 1503): Package com.qti.dpmserviceapp does not have legacy storage
02-22 01:13:07.896 V/StorageManagerService( 1503): Package com.thundercomm.remotecontrolservice does not have legacy storage
02-22 01:13:07.896 V/StorageManagerService( 1503): Package com.android.musicfx does not have legacy storage
02-22 01:13:07.896 V/StorageManagerService( 1503): Package com.android.settings.overlay.common does not have legacy storage
02-22 01:13:07.896 V/StorageManagerService( 1503): Package com.qualcomm.qti.qccnetstat does not have legacy storage
02-22 01:13:07.896 V/StorageManagerService( 1503): Package android.ext.shared does not have legacy storage
02-22 01:13:07.896 V/StorageManagerService( 1503): Package com.android.onetimeinitializer does not have legacy storage
02-22 01:13:07.896 V/StorageManagerService( 1503): Package com.android.server.telecom does not have legacy storage
02-22 01:13:07.896 V/StorageManagerService( 1503): Package com.android.keychain does not have legacy storage
02-22 01:13:07.896 V/StorageManagerService( 1503): Package com.qti.snapdragon.qdcm_ff does not have legacy storage
02-22 01:13:07.896 V/StorageManagerService( 1503): Package com.android.wifi.resources.overlay.target does not have legacy storage
02-22 01:13:07.896 V/StorageManagerService( 1503): Package com.android.printservice.recommendation does not have legacy storage
02-22 01:13:07.896 V/StorageManagerService( 1503): Package com.thundercomm.mcuupgrade does not have legacy storage
02-22 01:13:07.896 V/StorageManagerService( 1503): Package com.android.gallery3d has legacy storage
02-22 01:13:07.896 V/StorageManagerService( 1503): Package android.ext.services does not have legacy storage
02-22 01:13:07.896 V/StorageManagerService( 1503): Package com.android.wifi.resources does not have legacy storage
02-22 01:13:07.896 V/StorageManagerService( 1503): Package com.baidu.input does not have legacy storage
02-22 01:13:07.896 V/StorageManagerService( 1503): Package com.android.systemui.overlay.common does not have legacy storage
02-22 01:13:07.896 V/StorageManagerService( 1503): Package com.android.cameraextensions does not have legacy storage
02-22 01:13:07.896 V/StorageManagerService( 1503): Package com.thundercomm.tcservice does not have legacy storage
02-22 01:13:07.896 V/StorageManagerService( 1503): Package com.android.localtransport does not have legacy storage
02-22 01:13:07.896 V/StorageManagerService( 1503): Package com.android.packageinstaller does not have legacy storage
02-22 01:13:07.896 V/StorageManagerService( 1503): Package com.qualcomm.qti.devicestatisticsservice does not have legacy storage
02-22 01:13:07.896 V/StorageManagerService( 1503): Package com.android.theme.font.notoserifsource does not have legacy storage
02-22 01:13:07.897 V/StorageManagerService( 1503): Package com.android.proxyhandler does not have legacy storage
02-22 01:13:07.897 V/StorageManagerService( 1503): Package com.android.internal.display.cutout.emulation.waterfall does not have legacy storage
02-22 01:13:07.897 V/StorageManagerService( 1503): Package com.qualcomm.qti.workloadclassifier does not have legacy storage
02-22 01:13:07.897 V/StorageManagerService( 1503): Package com.android.inputmethod.latin does not have legacy storage
02-22 01:13:07.897 V/StorageManagerService( 1503): Package com.android.providers.settings.overlay does not have legacy storage
02-22 01:13:07.897 V/StorageManagerService( 1503): Package com.android.managedprovisioning does not have legacy storage
02-22 01:13:07.897 V/StorageManagerService( 1503): Package com.android.networkstack.tethering does not have legacy storage
02-22 01:13:07.897 V/StorageManagerService( 1503): Package com.android.soundpicker does not have legacy storage
02-22 01:13:07.897 V/StorageManagerService( 1503): Package com.android.dreams.phototable does not have legacy storage
02-22 01:13:07.897 V/StorageManagerService( 1503): Package com.thundercomm.screensaver does not have legacy storage
02-22 01:13:07.897 V/StorageManagerService( 1503): Package com.android.wallpaper.livepicker does not have legacy storage
02-22 01:13:07.897 V/StorageManagerService( 1503): Package com.android.apps.tag does not have legacy storage
02-22 01:13:07.897 V/StorageManagerService( 1503): Package com.android.storagemanager does not have legacy storage
02-22 01:13:07.897 V/StorageManagerService( 1503): Package com.android.bookmarkprovider does not have legacy storage
02-22 01:13:07.897 V/StorageManagerService( 1503): Package com.android.settings does not have legacy storage
02-22 01:13:07.897 V/StorageManagerService( 1503): Package com.android.networkstack.permissionconfig does not have legacy storage
02-22 01:13:07.897 V/StorageManagerService( 1503): Package com.qualcomm.location does not have legacy storage
02-22 01:13:07.897 V/StorageManagerService( 1503): Package com.android.cts.ctsshim does not have legacy storage
02-22 01:13:07.897 V/StorageManagerService( 1503): Package com.qti.diagservices does not have legacy storage
02-22 01:13:07.897 V/StorageManagerService( 1503): Package com.android.vpndialogs does not have legacy storage
02-22 01:13:07.897 V/StorageManagerService( 1503): Package com.qualcomm.location.XT does not have legacy storage
02-22 01:13:07.897 I/netstats_mobile_sample( 1503): [0,0,0,0,0,0,0,0,0,0,0,0,1676999587897]
02-22 01:13:07.897 I/netstats_wifi_sample( 1503): [0,0,0,0,0,0,0,0,0,0,0,0,1676999587897]
02-22 01:13:07.897 V/StorageManagerService( 1503): Package com.android.music does not have legacy storage
02-22 01:13:07.897 V/StorageManagerService( 1503): Package com.android.shell does not have legacy storage
02-22 01:13:07.897 V/StorageManagerService( 1503): Package com.android.wallpaperbackup does not have legacy storage
02-22 01:13:07.897 V/StorageManagerService( 1503): Package com.android.providers.userdictionary does not have legacy storage
02-22 01:13:07.897 V/StorageManagerService( 1503): Package com.android.providers.media.module does not have legacy storage
02-22 01:13:07.897 V/StorageManagerService( 1503): Package com.android.emergency does not have legacy storage
02-22 01:13:07.897 V/StorageManagerService( 1503): Package com.android.hotspot2.osulogin does not have legacy storage
02-22 01:13:07.897 V/StorageManagerService( 1503): Package com.qualcomm.qti.qdma does not have legacy storage
02-22 01:13:07.897 V/StorageManagerService( 1503): Package com.qualcomm.qti.xrcb does not have legacy storage
02-22 01:13:07.897 V/StorageManagerService( 1503): Package com.android.internal.systemui.navbar.gestural does not have legacy storage
02-22 01:13:07.897 V/StorageManagerService( 1503): Package com.android.location.fused does not have legacy storage
02-22 01:13:07.897 V/StorageManagerService( 1503): Package com.android.deskclock does not have legacy storage
02-22 01:13:07.897 V/StorageManagerService( 1503): Package com.android.systemui does not have legacy storage
02-22 01:13:07.897 V/StorageManagerService( 1503): Package com.android.bluetoothmidiservice does not have legacy storage
02-22 01:13:07.897 V/StorageManagerService( 1503): Package com.qti.ltebc does not have legacy storage
02-22 01:13:07.898 V/StorageManagerService( 1503): Package com.android.permissioncontroller does not have legacy storage
02-22 01:13:07.898 V/StorageManagerService( 1503): Package com.android.traceur does not have legacy storage
02-22 01:13:07.898 V/StorageManagerService( 1503): Package com.qualcomm.qti.qccauthmgr does not have legacy storage
02-22 01:13:07.898 V/StorageManagerService( 1503): Package com.qualcomm.qti.qms.service.trustzoneaccess does not have legacy storage
02-22 01:13:07.898 V/StorageManagerService( 1503): Package com.qualcomm.qtil.aptxui does not have legacy storage
02-22 01:13:07.898 V/StorageManagerService( 1503): Package com.android.bluetooth does not have legacy storage
02-22 01:13:07.898 V/StorageManagerService( 1503): Package com.qualcomm.timeservice does not have legacy storage
02-22 01:13:07.898 V/StorageManagerService( 1503): Package com.qualcomm.embms does not have legacy storage
02-22 01:13:07.898 V/StorageManagerService( 1503): Package com.android.providers.contacts does not have legacy storage
02-22 01:13:07.898 V/StorageManagerService( 1503): Package com.android.captiveportallogin does not have legacy storage
02-22 01:13:07.898 V/StorageManagerService( 1503): Package com.android.internal.systemui.navbar.gestural_narrow_back does not have legacy storage
02-22 01:13:07.898 V/StorageManagerService( 1503): Package com.android.cellbroadcastreceiver.overlay.common does not have legacy storage
02-22 01:13:07.898 I/SystemServerTiming( 1503): ssm.onStartUser-0_com.android.server.usage.StorageStatsService$Lifecycle
02-22 01:13:07.898 I/SystemServerTiming( 1503): ssm.onStartUser-0_com.android.server.UiModeManagerService
02-22 01:13:07.898 I/SystemServerTiming( 1503): ssm.onStartUser-0_com.android.server.locksettings.LockSettingsService$Lifecycle
02-22 01:13:07.898 I/SystemServerTiming( 1503): ssm.onStartUser-0_com.android.server.PersistentDataBlockService
02-22 01:13:07.898 I/SystemServerTiming( 1503): ssm.onStartUser-0_com.android.server.testharness.TestHarnessModeService
02-22 01:13:07.898 I/SystemServerTiming( 1503): ssm.onStartUser-0_com.android.server.oemlock.OemLockService
02-22 01:13:07.898 I/SystemServerTiming( 1503): ssm.onStartUser-0_com.android.server.DeviceIdleController
02-22 01:13:07.898 I/SystemServerTiming( 1503): ssm.onStartUser-0_com.android.server.devicepolicy.DevicePolicyManagerService$Lifecycle
02-22 01:13:07.898 I/SystemServerTiming( 1503): ssm.onStartUser-0_com.android.server.texttospeech.TextToSpeechManagerService
02-22 01:13:07.898 I/SystemServerTiming( 1503): ssm.onStartUser-0_com.android.server.speech.SpeechRecognitionManagerService
02-22 01:13:07.898 I/SystemServerTiming( 1503): ssm.onStartUser-0_com.android.server.searchui.SearchUiManagerService
02-22 01:13:07.898 I/SystemServerTiming( 1503): ssm.onStartUser-0_com.android.server.smartspace.SmartspaceManagerService
02-22 01:13:07.898 I/SystemServerTiming( 1503): ssm.onStartUser-0_com.android.server.graphics.fonts.FontManagerService$Lifecycle
02-22 01:13:07.898 I/SystemServerTiming( 1503): ssm.onStartUser-0_com.android.server.textservices.TextServicesManagerService$Lifecycle
02-22 01:13:07.898 I/SystemServerTiming( 1503): ssm.onStartUser-0_com.android.server.textclassifier.TextClassificationManagerService$Lifecycle
02-22 01:13:07.899 I/SystemServerTiming( 1503): ssm.onStartUser-0_com.android.server.NetworkScoreService$Lifecycle
02-22 01:13:07.899 I/SystemServerTiming( 1503): ssm.onStartUser-0_com.android.server.wifi.WifiService
02-22 01:13:07.899 I/SystemServerTiming( 1503): ssm.onStartUser-0_com.android.server.wifi.scanner.WifiScanningService
02-22 01:13:07.899 I/SystemServerTiming( 1503): ssm.onStartUser-0_com.android.server.wifi.rtt.RttService
02-22 01:13:07.900 I/SystemServerTiming( 1503): ssm.onStartUser-0_com.android.server.wifi.aware.WifiAwareService
02-22 01:13:07.900 I/SystemServerTiming( 1503): ssm.onStartUser-0_com.android.server.wifi.p2p.WifiP2pService
02-22 01:13:07.900 I/SystemServerTiming( 1503): ssm.onStartUser-0_com.android.server.ethernet.EthernetService
02-22 01:13:07.900 I/SystemServerTiming( 1503): ssm.onStartUser-0_com.android.server.ConnectivityServiceInitializer
02-22 01:13:07.900 I/SystemServerTiming( 1503): ssm.onStartUser-0_com.android.server.notification.NotificationManagerService
02-22 01:13:07.900 I/SystemServerTiming( 1503): ssm.onStartUser-0_com.android.server.storage.DeviceStorageMonitorService
02-22 01:13:07.900 I/SystemServerTiming( 1503): ssm.onStartUser-0_com.android.server.location.LocationManagerService$Lifecycle
02-22 01:13:07.900 I/SystemServerTiming( 1503): ssm.onStartUser-0_com.android.server.timedetector.TimeDetectorService$Lifecycle
02-22 01:13:07.900 I/SystemServerTiming( 1503): ssm.onStartUser-0_com.android.server.timezonedetector.TimeZoneDetectorService$Lifecycle
02-22 01:13:07.900 I/SystemServerTiming( 1503): ssm.onStartUser-0_com.android.server.timezonedetector.location.LocationTimeZoneManagerService$Lifecycle
02-22 01:13:07.900 I/SystemServerTiming( 1503): ssm.onStartUser-0_com.android.server.search.SearchManagerService$Lifecycle
02-22 01:13:07.900 I/SystemServerTiming( 1503): ssm.onStartUser-0_com.android.server.wallpaper.WallpaperManagerService$Lifecycle
02-22 01:13:07.900 I/SystemServerTiming( 1503): ssm.onStartUser-0_com.android.server.audio.AudioService$Lifecycle
02-22 01:13:07.900 I/SystemServerTiming( 1503): ssm.onStartUser-0_com.android.server.soundtrigger_middleware.SoundTriggerMiddlewareService$Lifecycle
02-22 01:13:07.900 I/SystemServerTiming( 1503): ssm.onStartUser-0_com.android.server.DockObserver
02-22 01:13:07.900 I/SystemServerTiming( 1503): ssm.onStartUser-0_com.android.server.midi.MidiService$Lifecycle
02-22 01:13:07.900 I/SystemServerTiming( 1503): ssm.onStartUser-0_com.android.server.adb.AdbService$Lifecycle
02-22 01:13:07.900 I/SystemServerTiming( 1503): ssm.onStartUser-0_com.android.server.usb.UsbService$Lifecycle
02-22 01:13:07.900 I/SystemServerTiming( 1503): ssm.onStartUser-0_com.android.server.twilight.TwilightService
02-22 01:13:07.900 I/SystemServerTiming( 1503): ssm.onStartUser-0_com.android.server.display.color.ColorDisplayService
02-22 01:13:07.900 I/SystemServerTiming( 1503): ssm.onStartUser-0_com.android.server.job.JobSchedulerService
02-22 01:13:07.900 I/SystemServerTiming( 1503): ssm.onStartUser-0_com.android.server.soundtrigger.SoundTriggerService
02-22 01:13:07.900 I/SystemServerTiming( 1503): ssm.onStartUser-0_com.android.server.trust.TrustManagerService
02-22 01:13:07.900 I/SystemServerTiming( 1503): ssm.onStartUser-0_com.android.server.backup.BackupManagerService$Lifecycle
02-22 01:13:07.900 I/SystemServerTiming( 1503): ssm.onStartUser-0_com.android.server.appwidget.AppWidgetService
02-22 01:13:07.900 I/SystemServerTiming( 1503): ssm.onStartUser-0_com.android.server.voiceinteraction.VoiceInteractionManagerService
02-22 01:13:07.901 W/VoiceInteractionManager( 1503): no available voice recognition services found for user 0
02-22 01:13:07.901 I/SystemServerTiming( 1503): ssm.onStartUser-0_com.android.server.apphibernation.AppHibernationService
02-22 01:13:07.901 I/SystemServerTiming( 1503): ssm.onStartUser-0_com.android.server.SensorNotificationService
02-22 01:13:07.901 I/SystemServerTiming( 1503): ssm.onStartUser-0_com.android.server.emergency.EmergencyAffordanceService
02-22 01:13:07.901 I/SystemServerTiming( 1503): ssm.onStartUser-0_com.android.server.blob.BlobStoreManagerService
02-22 01:13:07.901 I/SystemServerTiming( 1503): ssm.onStartUser-0_com.android.server.dreams.DreamManagerService
02-22 01:13:07.901 I/SystemServerTiming( 1503): ssm.onStartUser-0_com.android.server.companion.CompanionDeviceManagerService
02-22 01:13:07.901 I/SystemServerTiming( 1503): ssm.onStartUser-0_com.android.server.restrictions.RestrictionsManagerService
02-22 01:13:07.901 I/SystemServerTiming( 1503): ssm.onStartUser-0_com.android.server.media.MediaSessionService
02-22 01:13:07.901 I/SystemServerTiming( 1503): ssm.onStartUser-0_com.android.server.media.MediaResourceMonitorService
02-22 01:13:07.901 I/SystemServerTiming( 1503): ssm.onStartUser-0_com.android.server.biometrics.sensors.fingerprint.FingerprintService
02-22 01:13:07.901 I/SystemServerTiming( 1503): ssm.onStartUser-0_com.android.server.biometrics.BiometricService
02-22 01:13:07.901 I/SystemServerTiming( 1503): ssm.onStartUser-0_com.android.server.biometrics.AuthService
02-22 01:13:07.901 I/SystemServerTiming( 1503): ssm.onStartUser-0_com.android.server.pm.ShortcutService$Lifecycle
02-22 01:13:07.901 I/SystemServerTiming( 1503): ssm.onStartUser-0_com.android.server.pm.LauncherAppsService
02-22 01:13:07.901 I/SystemServerTiming( 1503): ssm.onStartUser-0_com.android.server.pm.CrossProfileAppsService
02-22 01:13:07.901 I/SystemServerTiming( 1503): ssm.onStartUser-0_com.android.server.people.PeopleService
02-22 01:13:07.901 I/SystemServerTiming( 1503): ssm.onStartUser-0_com.android.server.media.metrics.MediaMetricsManagerService
02-22 01:13:07.901 I/SystemServerTiming( 1503): ssm.onStartUser-0_com.android.server.media.projection.MediaProjectionManagerService
02-22 01:13:07.901 I/SystemServerTiming( 1503): ssm.onStartUser-0_com.android.server.slice.SliceManagerService$Lifecycle
02-22 01:13:07.901 I/SystemServerTiming( 1503): ssm.onStartUser-0_com.android.server.stats.StatsCompanion$Lifecycle
02-22 01:13:07.901 I/SystemServerTiming( 1503): ssm.onStartUser-0_com.android.server.scheduling.RebootReadinessManagerService$Lifecycle
02-22 01:13:07.901 I/SystemServerTiming( 1503): ssm.onStartUser-0_com.android.server.stats.pull.StatsPullAtomService
02-22 01:13:07.901 I/SystemServerTiming( 1503): ssm.onStartUser-0_com.android.server.incident.IncidentCompanionService
02-22 01:13:07.901 I/SystemServerTiming( 1503): ssm.onStartUser-0_com.android.server.MmsServiceBroker
02-22 01:13:07.901 I/SystemServerTiming( 1503): ssm.onStartUser-0_com.android.server.autofill.AutofillManagerService
02-22 01:13:07.901 I/SystemServerTiming( 1503): ssm.onStartUser-0_com.android.server.clipboard.ClipboardService
02-22 01:13:07.901 I/SystemServerTiming( 1503): ssm.onStartUser-0_com.android.server.appbinding.AppBindingService$Lifecycle
02-22 01:13:07.902 W/AppBindingService( 1503): [Default SMS app] u0 Target package not found
02-22 01:13:07.902 I/SystemServerTiming( 1503): ssm.onStartUser-0_com.android.server.tracing.TracingServiceProxy
02-22 01:13:07.902 I/SystemServerTiming( 1503): ssm.onStartUser-0_com.android.server.policy.PermissionPolicyService
02-22 01:13:07.902 I/SystemServerTiming( 1503): ssm.onStartUser-0_com.android.server.pm.StagingManager$Lifecycle
02-22 01:13:07.902 I/SystemServerTiming( 1503): ssm.onStartUser-0_com.android.server.app.GameManagerService$Lifecycle
02-22 01:13:07.903 I/netstats_mobile_sample( 1503): [0,0,0,0,0,0,0,0,0,0,0,0,1676999587903]
02-22 01:13:07.903 I/netstats_wifi_sample( 1503): [0,0,0,0,0,0,0,0,0,0,0,0,1676999587903]
02-22 01:13:07.906 V/GameManagerService( 1503): Settings file doesn't exists, skip reading
02-22 01:13:07.909 I/SystemServerTiming( 1503): ssm.onStartUser-0_com.android.server.appsearch.AppSearchManagerService
02-22 01:13:07.909 I/SystemServerTiming( 1503): ssm.onStartUser-0_com.android.server.media.MediaCommunicationService
02-22 01:13:07.909 I/SystemServerTiming( 1503): startPersistentApps
02-22 01:13:07.911 W/StorageManagerService( 1503): No primary storage defined yet; hacking together a stub
02-22 01:13:07.912 D/CompatibilityChangeReporter( 1503): Compat change id reported: 135754954; UID 1000; state: ENABLED
02-22 01:13:07.917 I/am_uid_running( 1503): 1001
02-22 01:13:07.918 D/CompatibilityChangeReporter( 1503): Compat change id reported: 135634846; UID 1001; state: DISABLED
02-22 01:13:07.918 D/CompatibilityChangeReporter( 1503): Compat change id reported: 177438394; UID 1001; state: DISABLED
02-22 01:13:07.918 W/ActivityManager( 1503): Slow operation: 118ms so far, now at startProcess: returned from zygote!
02-22 01:13:07.918 D/CompatibilityChangeReporter( 1503): Compat change id reported: 135772972; UID 1001; state: DISABLED
02-22 01:13:07.918 D/CompatibilityChangeReporter( 1503): Compat change id reported: 135754954; UID 1001; state: ENABLED
02-22 01:13:07.919 I/am_uid_running( 1503): 10055
02-22 01:13:07.920 D/CompatibilityChangeReporter( 1503): Compat change id reported: 135634846; UID 10055; state: DISABLED
02-22 01:13:07.920 D/CompatibilityChangeReporter( 1503): Compat change id reported: 177438394; UID 10055; state: DISABLED
02-22 01:13:07.920 D/CompatibilityChangeReporter( 1503): Compat change id reported: 135772972; UID 10055; state: DISABLED
02-22 01:13:07.920 D/CompatibilityChangeReporter( 1503): Compat change id reported: 135754954; UID 10055; state: DISABLED
02-22 01:13:07.923 W/iorapd ( 1154): Readahead disabled by system property
02-22 01:13:07.924 W/iorapd ( 1154): Reconnect to package manager service: 1 times
02-22 01:13:07.928 I/am_uid_running( 1503): 10084
02-22 01:13:07.929 I/netstats_mobile_sample( 1503): [0,0,0,0,0,0,0,0,0,0,0,0,1676999587929]
02-22 01:13:07.929 I/netstats_wifi_sample( 1503): [0,0,0,0,0,0,0,0,0,0,0,0,1676999587929]
02-22 01:13:07.929 D/CompatibilityChangeReporter( 1503): Compat change id reported: 135634846; UID 10084; state: DISABLED
02-22 01:13:07.929 D/CompatibilityChangeReporter( 1503): Compat change id reported: 177438394; UID 10084; state: DISABLED
01-01 12:00:55.998 I/binder ( 0): 2003:2003 ioctl 40046210 ffe60e48 returned -22
02-22 01:13:07.930 D/CompatibilityChangeReporter( 1503): Compat change id reported: 135772972; UID 10084; state: DISABLED
02-22 01:13:07.930 D/CompatibilityChangeReporter( 1503): Compat change id reported: 135754954; UID 10084; state: DISABLED
02-22 01:13:07.930 I/am_uid_running( 1503): 1068
02-22 01:13:07.931 D/CompatibilityChangeReporter( 1503): Compat change id reported: 135634846; UID 1068; state: DISABLED
02-22 01:13:07.936 I/am_uid_running( 1503): 10065
02-22 01:13:07.937 D/CompatibilityChangeReporter( 1503): Compat change id reported: 135634846; UID 10065; state: DISABLED
02-22 01:13:07.937 D/CompatibilityChangeReporter( 1503): Compat change id reported: 177438394; UID 10065; state: DISABLED
02-22 01:13:07.937 D/CompatibilityChangeReporter( 1503): Compat change id reported: 135772972; UID 10065; state: DISABLED
02-22 01:13:07.937 D/CompatibilityChangeReporter( 1503): Compat change id reported: 135754954; UID 10065; state: ENABLED
02-22 01:13:07.940 I/SystemServerTiming( 1503): startHomeOnAllDisplays
02-22 01:13:07.942 I/netstats_mobile_sample( 1503): [0,0,0,0,0,0,0,0,0,0,0,0,1676999587942]
02-22 01:13:07.942 I/netstats_wifi_sample( 1503): [0,0,0,0,0,0,0,0,0,0,0,0,1676999587942]
02-22 01:13:07.943 I/ActivityTaskManager( 1503): START u0 {act=android.intent.action.MAIN cat=[android.intent.category.HOME] flg=0x10000100 cmp=com.android.settings/.FallbackHome (has extras)} from uid 0
02-22 01:13:07.943 D/iorap.prefetcherd( 2004): Installing minijail
02-22 01:13:07.943 W/iorap.prefetcherd( 2004): No seccomp filter defined for this architecture.
02-22 01:13:07.950 I/netstats_mobile_sample( 1503): [0,0,0,0,0,0,0,0,0,0,0,0,1676999587950]
02-22 01:13:07.950 I/netstats_wifi_sample( 1503): [0,0,0,0,0,0,0,0,0,0,0,0,1676999587950]
02-22 01:13:07.957 D/CompatibilityChangeReporter( 1503): Compat change id reported: 174042980; UID 1000; state: DISABLED
01-01 12:00:56.027 I/msm_vidc( 0): high: 00000001: ....d: Opening video instance: 0000000000000000, 1
01-01 12:00:56.027 I/msm_vidc( 0): err : 00000001: ....d: Failed to create debugfs for msm_vidc
02-22 01:13:07.963 I/wm_task_created( 1503): [2,-1]
02-22 01:13:07.964 I/netstats_mobile_sample( 1503): [0,0,0,0,0,0,0,0,0,0,0,0,1676999587964]
02-22 01:13:07.964 I/netstats_wifi_sample( 1503): [0,0,0,0,0,0,0,0,0,0,0,0,1676999587964]
01-01 12:00:56.028 E/init ( 0): Control message: Could not find 'vendor.qti.hardware.iop@2.0::IIop/default' for ctl.interface_start from pid: 506 (/system/bin/hwservicemanager)
02-22 01:13:07.967 I/wm_task_moved( 1503): [2,1,2147483647]
02-22 01:13:07.969 I/wm_task_moved( 1503): [1,1,0]
02-22 01:13:07.969 I/wm_create_task( 1503): [0,2]
02-22 01:13:07.969 I/wm_create_activity( 1503): [0,161097356,2,com.android.settings/.FallbackHome,android.intent.action.MAIN,NULL,NULL,276824320]
02-22 01:13:07.969 I/wm_task_moved( 1503): [1,1,0]
02-22 01:13:07.969 I/wm_task_moved( 1503): [2,1,2147483647]
02-22 01:13:07.969 I/wm_task_to_front( 1503): [0,2]
02-22 01:13:07.973 I/netstats_mobile_sample( 1503): [0,0,0,0,0,0,0,0,0,0,0,0,1676999587973]
02-22 01:13:07.973 I/netstats_wifi_sample( 1503): [0,0,0,0,0,0,0,0,0,0,0,0,1676999587973]
02-22 01:13:07.980 I/netstats_mobile_sample( 1503): [0,0,0,0,0,0,0,0,0,0,0,0,1676999587979]
02-22 01:13:07.980 I/netstats_wifi_sample( 1503): [0,0,0,0,0,0,0,0,0,0,0,0,1676999587979]
02-22 01:13:07.980 W/ContextImpl( 1503): Calling a method in the system process without a qualified user: android.app.ContextImpl.bindService:1895 android.content.ContextWrapper.bindService:810 com.qualcomm.qti.activityextension.ActivityNotifier.bindToDynamicDDSService:103 com.qualcomm.qti.activityextension.ActivityNotifier.handleSendActivityInvokeNotification:184 com.qualcomm.qti.activityextension.ActivityNotifier.access$300:26
02-22 01:13:07.981 I/ActivityTaskManager( 1503): FOREGROUND_APPLICATION_CHANGED to com.android.settings.FallbackHome
02-22 01:13:07.982 I/SystemServerTiming( 1503): showSystemReadyErrorDialogs
02-22 01:13:07.990 I/netstats_mobile_sample( 1503): [0,0,0,0,0,0,0,0,0,0,0,0,1676999587990]
02-22 01:13:07.990 I/netstats_wifi_sample( 1503): [0,0,0,0,0,0,0,0,0,0,0,0,1676999587990]
02-22 01:13:07.993 I/netstats_mobile_sample( 1503): [0,0,0,0,0,0,0,0,0,0,0,0,1676999587993]
02-22 01:13:07.993 I/netstats_wifi_sample( 1503): [0,0,0,0,0,0,0,0,0,0,0,0,1676999587993]
02-22 01:13:07.998 I/netstats_mobile_sample( 1503): [0,0,0,0,0,0,0,0,0,0,0,0,1676999587998]
02-22 01:13:07.998 I/netstats_wifi_sample( 1503): [0,0,0,0,0,0,0,0,0,0,0,0,1676999587998]
02-22 01:13:07.999 I/auditd ( 993): type=1400 audit(0.0:237): avc: denied { read write } for comm="sensors.qti" name="diag" dev="tmpfs" ino=1148 scontext=u:r:vendor_sensors_qti:s0 tcontext=u:object_r:vendor_diag_device:s0 tclass=chr_file permissive=0
02-22 01:13:08.004 I/netstats_mobile_sample( 1503): [0,0,0,0,0,0,0,0,0,0,0,0,1676999588004]
02-22 01:13:08.004 I/netstats_wifi_sample( 1503): [0,0,0,0,0,0,0,0,0,0,0,0,1676999588004]
02-22 01:13:08.011 I/netstats_mobile_sample( 1503): [0,0,0,0,0,0,0,0,0,0,0,0,1676999588011]
02-22 01:13:08.011 I/netstats_wifi_sample( 1503): [0,0,0,0,0,0,0,0,0,0,0,0,1676999588011]
02-22 01:13:08.018 I/netstats_mobile_sample( 1503): [0,0,0,0,0,0,0,0,0,0,0,0,1676999588018]
02-22 01:13:08.018 I/netstats_wifi_sample( 1503): [0,0,0,0,0,0,0,0,0,0,0,0,1676999588018]
02-22 01:13:08.018 D/TelephonyRegistry( 1503): listen oscl: mHasNotifySubscriptionInfoChangedOccurred==false no callback
02-22 01:13:08.020 D/CountryDetector( 1503): Using custom country detector class: com.android.server.location.ComprehensiveCountryDetector
02-22 01:13:08.020 E/CountryDetector( 1503): Could not instantiate the custom country detector class
02-22 01:13:08.020 D/CountryDetector( 1503): Using default country detector
02-22 01:13:08.025 I/SystemServerTiming( 1503): sendUserStartBroadcast
02-22 01:13:08.026 I/SystemServerTiming( 1503): resumeTopActivities
02-22 01:13:08.034 I/SystemServerTiming( 1503): sendUserSwitchBroadcasts
02-22 01:13:08.034 I/uc_send_user_broadcast( 1503): [0,android.intent.action.USER_FOREGROUND]
02-22 01:13:08.034 I/uc_send_user_broadcast( 1503): [0,android.intent.action.USER_SWITCHED]
02-22 01:13:08.034 I/SystemServerTiming( 1503): setBinderProxies
02-22 01:13:08.035 I/SystemServerTiming( 1503): StartSystemUI
02-22 01:13:08.035 W/ActivityManager( 1503): Slow operation: 234ms so far, now at startProcess: done updating battery stats
02-22 01:13:08.035 I/am_proc_start( 1503): [0,2003,1037,WebViewLoader-armeabi-v7a,NULL,]
02-22 01:13:08.035 W/ActivityManager( 1503): Slow operation: 234ms so far, now at startProcess: building log message
02-22 01:13:08.035 I/ActivityManager( 1503): Start proc 2003:WebViewLoader-armeabi-v7a/1037 [android.webkit.WebViewLibraryLoader$RelroFileCreator] for null
02-22 01:13:08.035 W/ActivityManager( 1503): Slow operation: 234ms so far, now at startProcess: starting to update pids map
02-22 01:13:08.035 W/ActivityManager( 1503): Slow operation: 234ms so far, now at startProcess: done updating pids map
02-22 01:13:08.035 W/ActivityManager( 1503): Slow operation: 233ms so far, now at startProcess: asking zygote to start proc
02-22 01:13:08.035 I/am_proc_bound( 1503): [0,2003,WebViewLoader-armeabi-v7a]
02-22 01:13:08.038 I/am_uid_active( 1503): 1037
02-22 01:13:08.038 I/commit_sys_config_file( 1503): [settings-0-0,5]
02-22 01:13:08.041 W/ContextImpl( 1503): Calling a method in the system process without a qualified user: android.app.ContextImpl.bindService:1895 android.content.ContextWrapper.bindService:810 com.qualcomm.qti.activityextension.ActivityNotifier.bindToDynamicDDSService:103 com.qualcomm.qti.activityextension.ActivityNotifier.handleSendActivityInvokeNotification:184 com.qualcomm.qti.activityextension.ActivityNotifier.access$300:26
02-22 01:13:08.041 D/CompatibilityChangeReporter( 1503): Compat change id reported: 135634846; UID 1000; state: DISABLED
02-22 01:13:08.041 D/CompatibilityChangeReporter( 1503): Compat change id reported: 177438394; UID 1000; state: DISABLED
02-22 01:13:08.041 D/CompatibilityChangeReporter( 1503): Compat change id reported: 135772972; UID 1000; state: DISABLED
02-22 01:13:08.041 D/CompatibilityChangeReporter( 1503): Compat change id reported: 135754954; UID 1000; state: ENABLED
02-22 01:13:08.043 W/ActivityManager( 1503): Slow operation: 241ms so far, now at startProcess: returned from zygote!
01-01 12:00:56.111 I/binder ( 0): 1199:1220 ioctl 40046210 76ab0cefc4 returned -22
02-22 01:13:08.048 W/ContextImpl( 1503): Calling a method in the system process without a qualified user: android.app.ContextImpl.bindService:1895 android.content.ContextWrapper.bindService:810 com.qualcomm.qti.activityextension.ActivityNotifier.bindToDynamicDDSService:103 com.qualcomm.qti.activityextension.ActivityNotifier.handleSendActivityInvokeNotification:184 com.qualcomm.qti.activityextension.ActivityNotifier.access$300:26
01-01 12:00:56.118 E/ ( 0): [MAX975X:max96755x_drm_notifier_callback] *ERROR* receives EARLY_BLANK:UNBLANK
01-01 12:00:56.118 I/cyttsp7_i2c_adapter 0-0024( 0): FB event:2,blank:0
02-22 01:13:08.051 I/wm_task_created( 1503): [3,-1]
02-22 01:13:08.051 I/SystemServerTiming( 1503): startMicroService
02-22 01:13:08.052 I/SystemServerTiming( 1503): startRemoteControlService
02-22 01:13:08.052 I/wm_task_created( 1503): [4,-1]
01-01 12:00:56.118 I/cyttsp7_i2c_adapter 0-0024( 0): suspend: event = 2, blank = 0, not care
02-22 01:13:08.053 I/SystemServerTiming( 1503): startTcService
01-01 12:00:56.118 I/[drm:dsi_display_set_mode] [msm-dsi-info]( 0): mdp_transfer_time_us=0 us
01-01 12:00:56.118 I/[drm:dsi_display_set_mode] [msm-dsi-info]( 0): hactive= 2380,vactive= 1020,fps=60
01-01 12:00:56.118 I/[drm:dsi_ctrl_isr_configure] [msm-dsi-info]( 0): dsi-ctrl-0: IRQ 402 registered
02-22 01:13:08.053 I/SystemServerTiming( 1503): startBoostPerfService
02-22 01:13:08.055 W/ActivityManager( 1503): Slow operation: 253ms so far, now at startProcess: done updating battery stats
02-22 01:13:08.055 I/am_proc_start( 1503): [0,2050,1037,WebViewLoader-arm64-v8a,NULL,]
02-22 01:13:08.055 W/ActivityManager( 1503): Slow operation: 253ms so far, now at startProcess: building log message
02-22 01:13:08.055 I/ActivityManager( 1503): Start proc 2050:WebViewLoader-arm64-v8a/1037 [android.webkit.WebViewLibraryLoader$RelroFileCreator] for null
02-22 01:13:08.055 W/ActivityManager( 1503): Slow operation: 253ms so far, now at startProcess: starting to update pids map
02-22 01:13:08.055 W/ActivityManager( 1503): Slow operation: 253ms so far, now at startProcess: done updating pids map
02-22 01:13:08.055 W/ActivityManager( 1503): Slow operation: 177ms so far, now at startProcess: asking zygote to start proc
01-01 12:00:56.123 E/init ( 0): Control message: Could not find 'vendor.qti.hardware.iop@2.0::IIop/default' for ctl.interface_start from pid: 506 (/system/bin/hwservicemanager)
02-22 01:13:08.060 W/Looper ( 1503): Slow delivery took 1840ms main h=android.app.PropertyInvalidatedCache$AutoCorker$1 c=null m=0
02-22 01:13:08.061 W/PackageManager( 1503): Loading a package that does not exist for the calling user. package=null, user=0
01-01 12:00:56.131 I/binder ( 0): 2050:2050 ioctl 40046210 7fff12dd34 returned -22
02-22 01:13:08.069 I/am_proc_bound( 1503): [0,2050,WebViewLoader-arm64-v8a]
02-22 01:13:08.069 W/ActivityManager( 1503): Slow operation: 191ms so far, now at startProcess: returned from zygote!
02-22 01:13:08.071 D/CompatibilityChangeReporter( 1503): Compat change id reported: 181136395; UID 1000; state: DISABLED
02-22 01:13:08.071 D/CompatibilityChangeReporter( 1503): Compat change id reported: 174042936; UID 1000; state: DISABLED
02-22 01:13:08.072 W/ActivityManager( 1503): Slow operation: 193ms so far, now at startProcess: done updating battery stats
02-22 01:13:08.072 I/am_proc_start( 1503): [0,2079,1073,com.android.networkstack.process,service,{com.android.networkstack/com.android.server.NetworkStackService}]
02-22 01:13:08.072 W/ActivityManager( 1503): Slow operation: 193ms so far, now at startProcess: building log message
02-22 01:13:08.072 I/ActivityManager( 1503): Start proc 2079:com.android.networkstack.process/1073 for service {com.android.networkstack/com.android.server.NetworkStackService}
02-22 01:13:08.072 W/ActivityManager( 1503): Slow operation: 193ms so far, now at startProcess: starting to update pids map
02-22 01:13:08.072 W/ActivityManager( 1503): Slow operation: 194ms so far, now at startProcess: done updating pids map
02-22 01:13:08.072 W/ActivityManager( 1503): Slow operation: 162ms so far, now at startProcess: asking zygote to start proc
02-22 01:13:08.075 D/ConditionProviders.SCP( 1503): onConnected
02-22 01:13:08.076 I/GameModeConfig( 1503): isGameModeOn = false
02-22 01:13:08.077 D/ConditionProviders( 1503): Subscribing to condition://android/event?userId=-10000&calendar=&reply=1 with ComponentInfo{android/com.android.server.notification.EventConditionProvider}
02-22 01:13:08.077 D/ConditionProviders( 1503): Subscribing to condition://android/schedule?days=1.2.3.4.5.6.7&start=22.0&end=7.0&exitAtAlarm=true with ComponentInfo{android/com.android.server.notification.ScheduleConditionProvider}
02-22 01:13:08.077 I/notification_cancel_all( 1503): [1000,1503,android,0,0,0,20,NULL]
02-22 01:13:08.079 I/wm_task_created( 1503): [5,-1]
02-22 01:13:08.080 I/am_uid_running( 1503): 10094
02-22 01:13:08.082 I/wm_task_created( 1503): [6,-1]
02-22 01:13:08.086 I/wm_task_created( 1503): [7,-1]
02-22 01:13:08.089 W/ActivityManager( 1503): Slow operation: 179ms so far, now at startProcess: returned from zygote!
02-22 01:13:08.094 D/CompatibilityChangeReporter( 1503): Compat change id reported: 135634846; UID 10094; state: DISABLED
02-22 01:13:08.094 D/CompatibilityChangeReporter( 1503): Compat change id reported: 177438394; UID 10094; state: DISABLED
02-22 01:13:08.095 D/CompatibilityChangeReporter( 1503): Compat change id reported: 135772972; UID 10094; state: DISABLED
02-22 01:13:08.095 D/CompatibilityChangeReporter( 1503): Compat change id reported: 135754954; UID 10094; state: ENABLED
02-22 01:13:08.096 W/ActivityManager( 1503): Slow operation: 185ms so far, now at startProcess: done updating battery stats
02-22 01:13:08.096 I/am_proc_start( 1503): [0,2087,1000,com.thundercomm.gamemode,added application,com.thundercomm.gamemode]
02-22 01:13:08.096 W/ActivityManager( 1503): Slow operation: 185ms so far, now at startProcess: building log message
02-22 01:13:08.096 I/ActivityManager( 1503): Start proc 2087:com.thundercomm.gamemode/1000 for added application com.thundercomm.gamemode
02-22 01:13:08.096 W/ActivityManager( 1503): Slow operation: 186ms so far, now at startProcess: starting to update pids map
02-22 01:13:08.096 W/ActivityManager( 1503): Slow operation: 186ms so far, now at startProcess: done updating pids map
02-22 01:13:08.096 W/ActivityManager( 1503): Slow operation: 184ms so far, now at startProcess: asking zygote to start proc
02-22 01:13:08.098 I/GameModeConfig( 1503): isGameModeOn = false
02-22 01:13:08.100 W/PackageManager( 1503): Loading a package that does not exist for the calling user. package=null, user=0
02-22 01:13:08.104 W/ActivityManager( 1503): Slow operation: 191ms so far, now at startProcess: returned from zygote!
02-22 01:13:08.104 W/ActivityManager( 1503): Slow operation: 191ms so far, now at startProcess: done updating battery stats
02-22 01:13:08.104 I/am_proc_start( 1503): [0,2099,1000,com.thundercomm.microservice,added application,com.thundercomm.microservice]
02-22 01:13:08.104 W/ActivityManager( 1503): Slow operation: 192ms so far, now at startProcess: building log message
02-22 01:13:08.104 I/ActivityManager( 1503): Start proc 2099:com.thundercomm.microservice/1000 for added application com.thundercomm.microservice
02-22 01:13:08.104 W/ActivityManager( 1503): Slow operation: 192ms so far, now at startProcess: starting to update pids map
02-22 01:13:08.104 W/ActivityManager( 1503): Slow operation: 192ms so far, now at startProcess: done updating pids map
02-22 01:13:08.104 W/ActivityManager( 1503): Slow operation: 189ms so far, now at startProcess: asking zygote to start proc
02-22 01:13:08.105 I/bt_config_source( 1946): 1
01-01 12:00:56.170 I/binder ( 0): 2079:2079 ioctl 40046210 7fff12dd34 returned -22
02-22 01:13:08.106 I/bt_config_source( 1946): 1
01-01 12:00:56.172 E/ ( 0): [MAX975X:max96755x_drm_notifier_callback] *ERROR* receives BLANK:UNBLANK
01-01 12:00:56.172 I/cyttsp7_i2c_adapter 0-0024( 0): FB event:1,blank:0
01-01 12:00:56.172 I/cyttsp7_i2c_adapter 0-0024( 0): drm_notifier_callback: UNBLANK! Resume by drm notifier.
02-22 01:13:08.107 I/am_proc_bound( 1503): [0,2079,com.android.networkstack.process]
02-22 01:13:08.109 D/CompatibilityChangeReporter( 1503): Compat change id reported: 168419799; UID 1073; state: DISABLED
02-22 01:13:08.112 I/am_uid_active( 1503): 1073
02-22 01:13:08.114 D/CompatibilityChangeReporter( 1503): Compat change id reported: 168419799; UID 1073; state: DISABLED
02-22 01:13:08.119 W/ActivityManager( 1503): Slow operation: 203ms so far, now at startProcess: returned from zygote!
02-22 01:13:08.119 W/ActivityManager( 1503): Slow operation: 203ms so far, now at startProcess: done updating battery stats
02-22 01:13:08.119 I/am_proc_start( 1503): [0,2112,1000,com.thundercomm.microsettings,added application,com.thundercomm.microsettings]
02-22 01:13:08.119 W/ActivityManager( 1503): Slow operation: 203ms so far, now at startProcess: building log message
02-22 01:13:08.119 I/ActivityManager( 1503): Start proc 2112:com.thundercomm.microsettings/1000 for added application com.thundercomm.microsettings
02-22 01:13:08.119 W/ActivityManager( 1503): Slow operation: 203ms so far, now at startProcess: starting to update pids map
02-22 01:13:08.119 W/ActivityManager( 1503): Slow operation: 203ms so far, now at startProcess: done updating pids map
02-22 01:13:08.119 W/ActivityManager( 1503): Slow operation: 201ms so far, now at startProcess: asking zygote to start proc
01-01 12:00:56.191 I/binder ( 0): 2087:2087 ioctl 40046210 7fff12dd34 returned -22
02-22 01:13:08.126 D/CompatibilityChangeReporter( 1503): Compat change id reported: 171306433; UID 1000; state: ENABLED
02-22 01:13:08.131 I/liblog ( 1946): 31
02-22 01:13:08.132 I/am_proc_bound( 1503): [0,2087,com.thundercomm.gamemode]
02-22 01:13:08.135 D/CompatibilityChangeReporter( 1503): Compat change id reported: 168419799; UID 1000; state: DISABLED
02-22 01:13:08.136 W/ActivityManager( 1503): Slow operation: 219ms so far, now at startProcess: returned from zygote!
01-01 12:00:56.206 I/binder ( 0): 2112:2112 ioctl 40046210 7fff12dd34 returned -22
01-01 12:00:56.210 I/binder ( 0): 2099:2099 ioctl 40046210 7fff12dd34 returned -22
02-22 01:13:08.149 W/ActivityManager( 1503): Slow operation: 231ms so far, now at startProcess: done updating battery stats
02-22 01:13:08.149 I/am_proc_start( 1503): [0,2139,1001,.dataservices,added application,.dataservices]
02-22 01:13:08.149 W/ActivityManager( 1503): Slow operation: 231ms so far, now at startProcess: building log message
02-22 01:13:08.149 I/ActivityManager( 1503): Start proc 2139:.dataservices/1001 for added application .dataservices
02-22 01:13:08.149 W/ActivityManager( 1503): Slow operation: 231ms so far, now at startProcess: starting to update pids map
02-22 01:13:08.149 W/ActivityManager( 1503): Slow operation: 232ms so far, now at startProcess: done updating pids map
02-22 01:13:08.150 W/ActivityManager( 1503): Slow operation: 230ms so far, now at startProcess: asking zygote to start proc
02-22 01:13:08.150 D/CompatibilityChangeReporter( 1503): Compat change id reported: 143937733; UID 10055; state: DISABLED
02-22 01:13:08.150 I/am_proc_bound( 1503): [0,2112,com.thundercomm.microsettings]
02-22 01:13:08.153 D/CompatibilityChangeReporter( 1503): Compat change id reported: 168419799; UID 1000; state: DISABLED
02-22 01:13:08.155 I/am_proc_bound( 1503): [0,2099,com.thundercomm.microservice]
02-22 01:13:08.156 W/OneHandedController( 1966): Device doesn't support OneHanded feature
02-22 01:13:08.159 D/CompatibilityChangeReporter( 1503): Compat change id reported: 168419799; UID 1000; state: DISABLED
02-22 01:13:08.166 I/PackageWatchdog( 1503): Syncing health check requests for packages: {}
02-22 01:13:08.167 I/ExplicitHealthCheckController( 1503): Service not ready to get health check supported packages. Binding...
02-22 01:13:08.167 I/ExplicitHealthCheckController( 1503): Explicit health check service is bound
01-01 12:00:56.248 E/init ( 0): Control message: Could not find 'vendor.qti.hardware.iop@2.0::IIop/default' for ctl.interface_start from pid: 506 (/system/bin/hwservicemanager)
02-22 01:13:08.176 W/ActivityManager( 1503): Slow operation: 257ms so far, now at startProcess: returned from zygote!
02-22 01:13:08.177 W/ActivityManager( 1503): Slow operation: 257ms so far, now at startProcess: done updating battery stats
02-22 01:13:08.177 I/am_proc_start( 1503): [0,2169,10055,.qtidataservices,added application,.qtidataservices]
02-22 01:13:08.177 W/ActivityManager( 1503): Slow operation: 257ms so far, now at startProcess: building log message
02-22 01:13:08.177 I/ActivityManager( 1503): Start proc 2169:.qtidataservices/u0a55 for added application .qtidataservices
02-22 01:13:08.177 W/ActivityManager( 1503): Slow operation: 257ms so far, now at startProcess: starting to update pids map
02-22 01:13:08.177 W/ActivityManager( 1503): Slow operation: 258ms so far, now at startProcess: done updating pids map
02-22 01:13:08.177 W/ActivityManager( 1503): Slow operation: 256ms so far, now at startProcess: asking zygote to start proc
02-22 01:13:08.185 W/ActivityManager( 1503): Slow operation: 263ms so far, now at startProcess: returned from zygote!
02-22 01:13:08.185 W/ActivityManager( 1503): Slow operation: 264ms so far, now at startProcess: done updating battery stats
02-22 01:13:08.185 I/am_proc_start( 1503): [0,2170,1000,com.thundercomm.tchttpserver,added application,com.thundercomm.tchttpserver]
02-22 01:13:08.185 W/ActivityManager( 1503): Slow operation: 264ms so far, now at startProcess: building log message
02-22 01:13:08.185 I/ActivityManager( 1503): Start proc 2170:com.thundercomm.tchttpserver/1000 for added application com.thundercomm.tchttpserver
02-22 01:13:08.185 W/ActivityManager( 1503): Slow operation: 264ms so far, now at startProcess: starting to update pids map
02-22 01:13:08.186 W/ActivityManager( 1503): Slow operation: 264ms so far, now at startProcess: done updating pids map
02-22 01:13:08.186 W/ActivityManager( 1503): Slow operation: 263ms so far, now at startProcess: asking zygote to start proc
02-22 01:13:08.191 W/ActivityManager( 1503): Slow operation: 269ms so far, now at startProcess: returned from zygote!
02-22 01:13:08.191 W/ActivityManager( 1503): Slow operation: 269ms so far, now at startProcess: done updating battery stats
02-22 01:13:08.191 I/am_proc_start( 1503): [0,2179,1000,com.tc.logclient,added application,com.tc.logclient]
02-22 01:13:08.191 W/ActivityManager( 1503): Slow operation: 269ms so far, now at startProcess: building log message
02-22 01:13:08.191 I/ActivityManager( 1503): Start proc 2179:com.tc.logclient/1000 for added application com.tc.logclient
02-22 01:13:08.191 W/ActivityManager( 1503): Slow operation: 269ms so far, now at startProcess: starting to update pids map
02-22 01:13:08.192 W/ActivityManager( 1503): Slow operation: 269ms so far, now at startProcess: done updating pids map
02-22 01:13:08.192 W/ActivityManager( 1503): Slow operation: 267ms so far, now at startProcess: asking zygote to start proc
02-22 01:13:08.200 I/ActivityManager( 1503): Process WebViewLoader-armeabi-v7a (pid 2003) has died: psvc PER
01-01 12:00:56.266 I/binder ( 0): 1946:1946 ioctl 40046210 7fff12d3a4 returned -22
02-22 01:13:08.199 I/auditd ( 993): type=1400 audit(0.0:238): avc: denied { read write } for comm="sensors.qti" name="diag" dev="tmpfs" ino=1148 scontext=u:r:vendor_sensors_qti:s0 tcontext=u:object_r:vendor_diag_device:s0 tclass=chr_file permissive=0
02-22 01:13:08.205 I/am_proc_died( 1503): [0,2003,WebViewLoader-armeabi-v7a,-700,0]
02-22 01:13:08.209 W/ActivityManager( 1503): Slow operation: 284ms so far, now at startProcess: returned from zygote!
02-22 01:13:08.210 I/am_low_memory( 1503): 8
02-22 01:13:08.211 W/ActivityManager( 1503): Slow operation: 287ms so far, now at startProcess: done updating battery stats
02-22 01:13:08.211 I/am_proc_start( 1503): [0,2207,1000,com.thundercomm.tcsetupwizard,added application,com.thundercomm.tcsetupwizard]
02-22 01:13:08.211 W/ActivityManager( 1503): Slow operation: 287ms so far, now at startProcess: building log message
02-22 01:13:08.211 I/ActivityManager( 1503): Start proc 2207:com.thundercomm.tcsetupwizard/1000 for added application com.thundercomm.tcsetupwizard
02-22 01:13:08.211 W/ActivityManager( 1503): Slow operation: 287ms so far, now at startProcess: starting to update pids map
02-22 01:13:08.212 W/ActivityManager( 1503): Slow operation: 287ms so far, now at startProcess: done updating pids map
02-22 01:13:08.212 W/ActivityManager( 1503): Slow operation: 285ms so far, now at startProcess: asking zygote to start proc
01-01 12:00:56.274 E/init ( 0): Control message: Could not find 'vendor.qti.hardware.iop@2.0::IIop/default' for ctl.interface_start from pid: 506 (/system/bin/hwservicemanager)
01-01 12:00:56.280 I/binder ( 0): 2179:2179 ioctl 40046210 7fff12dd34 returned -22
01-01 12:00:56.280 I/binder ( 0): 2170:2170 ioctl 40046210 7fff12dd34 returned -22
02-22 01:13:08.215 I/service_manager_slow( 2099): [11,vendor.perfservice]
02-22 01:13:08.219 I/service_manager_slow( 2079): [31,netd]
01-01 12:00:56.285 I/binder ( 0): 2169:2169 ioctl 40046210 7fff12dd34 returned -22
01-01 12:00:56.285 I/binder ( 0): 2139:2139 ioctl 40046210 7fff12dd34 returned -22
02-22 01:13:08.222 I/am_proc_bound( 1503): [0,2170,com.thundercomm.tchttpserver]
02-22 01:13:08.224 I/service_manager_slow( 2050): [13,webviewupdate]
02-22 01:13:08.226 D/CompatibilityChangeReporter( 1503): Compat change id reported: 168419799; UID 1000; state: DISABLED
02-22 01:13:08.227 I/am_proc_bound( 1503): [0,2179,com.tc.logclient]
02-22 01:13:08.230 D/CompatibilityChangeReporter( 1503): Compat change id reported: 168419799; UID 1000; state: DISABLED
02-22 01:13:08.230 W/ActivityManager( 1503): Slow operation: 304ms so far, now at startProcess: returned from zygote!
02-22 01:13:08.231 I/am_proc_bound( 1503): [0,2139,.dataservices]
02-22 01:13:08.232 D/CompatibilityChangeReporter( 1503): Compat change id reported: 168419799; UID 1001; state: DISABLED
02-22 01:13:08.232 I/SystemServerTiming( 1503): ManagedServices.unbindOtherUserServices_current0
02-22 01:13:08.232 I/SystemServerTiming( 1503): ManagedServices.unbindOtherUserServices_current0
02-22 01:13:08.232 I/SystemServerTiming( 1503): ManagedServices.unbindOtherUserServices_current0
02-22 01:13:08.233 V/NotificationAssistants( 1503): enabling notification assistant for 0: ComponentInfo{android.ext.services/android.ext.services.notification.Assistant}
02-22 01:13:08.233 V/NotificationAssistants( 1503): binding: Intent { act=android.service.notification.NotificationAssistantService cmp=android.ext.services/.notification.Assistant (has extras) }
02-22 01:13:08.233 I/am_uid_active( 1503): 1001
01-01 12:00:56.300 E/init ( 0): Control message: Could not find 'vendor.qti.hardware.iop@2.0::IIop/default' for ctl.interface_start from pid: 506 (/system/bin/hwservicemanager)
02-22 01:13:08.236 D/CompatibilityChangeReporter( 1503): Compat change id reported: 168419799; UID 1001; state: DISABLED
02-22 01:13:08.237 W/ActivityManager( 1503): Slow operation: 310ms so far, now at startProcess: done updating battery stats
02-22 01:13:08.237 I/am_proc_start( 1503): [0,2239,1000,vendor.qti.qesdk.sysservice,added application,vendor.qti.qesdk.sysservice]
02-22 01:13:08.237 W/ActivityManager( 1503): Slow operation: 310ms so far, now at startProcess: building log message
02-22 01:13:08.237 I/ActivityManager( 1503): Start proc 2239:vendor.qti.qesdk.sysservice/1000 for added application vendor.qti.qesdk.sysservice
02-22 01:13:08.237 W/ActivityManager( 1503): Slow operation: 310ms so far, now at startProcess: starting to update pids map
02-22 01:13:08.238 W/ActivityManager( 1503): Slow operation: 311ms so far, now at startProcess: done updating pids map
02-22 01:13:08.238 W/ActivityManager( 1503): Slow operation: 309ms so far, now at startProcess: asking zygote to start proc
