02-22 01:13:08.985 D/AdbDebuggingManager( 1503): Received connected key message: QAAAALX1RB9j783RWRQ9acPNgz9XdJcr7+o7oBiikFlXtUJufHoE2v9p+yrkbqJPkz4hyEwHoa0n1aXPy3/okucQKmnf1hk6Y3G8Bpey7R1HC52PYVFCRHOJIsxu6xyDp+rArYvt2p6hA6dOw2TmEjdfgbezSoRCNFRQh8p1CICvX5am9yT5Prd+pNpnB+mZEseU+P8yEYNv6IDFCmeXGct6ZD6/pZtIFbDxw+lOnbzSRpyrrJftzScOwPShg4gQOhHMSeXIMGqggVORvoWIIhw1l+el90dArz1HNK4ug+UxMnNxDi/8qTw//aWzWsrgtx40Pa9ENiIip7Qfddn0h1EyY5g1eAOsT9bibM8XKwzwfqVGHgSRCY6Y8O53tigZM3IZz1L7/WaPAs9g6y+16UHsC2eWoF0QC2rry/hRYLjVrHj2fd1RRgSWgHJ4lg0nTyMXVSHrlmuRSSnIU+kpWBvlYiKkXdUpVlC8jwmAoHK6NwkAdvZBeDzfTidSM807oLk3AcQY6IgC4ISGQaQqDmF9O6t1rrKoU3Y564gWaq0WQ3XINB0gw7S2/3fdMrKvm1yGyKDokeuPNkViVuGPeOZowi0eOzs5woQZK0ioWR3emRirSGGQftreoAEEwsprmSjyIaMPFSr8vfqzeIwd5nyCKG0rmHJwoCUMZbEYghILp+jFjAqAegEAAQA= ThunderSoft@DESKTOP-E5PM25C
02-22 01:13:08.985 D/CompatibilityChangeReporter( 1503): Compat change id reported: 73144566; UID 1000; state: ENABLED
02-22 01:13:08.985 D/AdbDebuggingManager( 1503): Logging key QAAAALX1RB9j783RWRQ9acPNgz9XdJcr7+o7oBiikFlXtUJufHoE2v9p+yrkbqJPkz4hyEwHoa0n1aXPy3/okucQKmnf1hk6Y3G8Bpey7R1HC52PYVFCRHOJIsxu6xyDp+rArYvt2p6hA6dOw2TmEjdfgbezSoRCNFRQh8p1CICvX5am9yT5Prd+pNpnB+mZEseU+P8yEYNv6IDFCmeXGct6ZD6/pZtIFbDxw+lOnbzSRpyrrJftzScOwPShg4gQOhHMSeXIMGqggVORvoWIIhw1l+el90dArz1HNK4ug+UxMnNxDi/8qTw//aWzWsrgtx40Pa9ENiIip7Qfddn0h1EyY5g1eAOsT9bibM8XKwzwfqVGHgSRCY6Y8O53tigZM3IZz1L7/WaPAs9g6y+16UHsC2eWoF0QC2rry/hRYLjVrHj2fd1RRgSWgHJ4lg0nTyMXVSHrlmuRSSnIU+kpWBvlYiKkXdUpVlC8jwmAoHK6NwkAdvZBeDzfTidSM807oLk3AcQY6IgC4ISGQaQqDmF9O6t1rrKoU3Y564gWaq0WQ3XINB0gw7S2/3fdMrKvm1yGyKDokeuPNkViVuGPeOZowi0eOzs5woQZK0ioWR3emRirSGGQftreoAEEwsprmSjyIaMPFSr8vfqzeIwd5nyCKG0rmHJwoCUMZbEYghILp+jFjAqAegEAAQA= ThunderSoft@DESKTOP-E5PM25C, state = 4, alwaysAllow = true, lastConnectionTime = 1676999588985, authWindow = 604800000
02-22 01:13:08.985 D/CompatibilityChangeReporter( 1503): Compat change id reported: 73144566; UID 1000; state: DISABLED
02-22 01:13:08.986 I/ActivityManagerTiming( 1503): OnBootPhase_1000_com.android.server.emergency.EmergencyAffordanceService
02-22 01:13:08.986 I/ActivityManagerTiming( 1503): OnBootPhase_1000_com.android.server.blob.BlobStoreManagerService
02-22 01:13:08.986 I/ActivityManagerTiming( 1503): OnBootPhase_1000_com.android.server.dreams.DreamManagerService
02-22 01:13:08.986 I/ActivityManagerTiming( 1503): OnBootPhase_1000_com.android.server.companion.CompanionDeviceManagerService
02-22 01:13:08.986 I/ActivityManagerTiming( 1503): OnBootPhase_1000_com.android.server.restrictions.RestrictionsManagerService
02-22 01:13:08.986 I/ActivityManagerTiming( 1503): OnBootPhase_1000_com.android.server.media.MediaSessionService
02-22 01:13:08.987 I/ActivityManagerTiming( 1503): OnBootPhase_1000_com.android.server.media.MediaResourceMonitorService
02-22 01:13:08.987 I/ActivityManagerTiming( 1503): OnBootPhase_1000_com.android.server.biometrics.sensors.fingerprint.FingerprintService
02-22 01:13:08.987 I/ActivityManagerTiming( 1503): OnBootPhase_1000_com.android.server.biometrics.BiometricService
02-22 01:13:08.987 I/ActivityManagerTiming( 1503): OnBootPhase_1000_com.android.server.biometrics.AuthService
02-22 01:13:08.987 I/ActivityManagerTiming( 1503): OnBootPhase_1000_com.android.server.pm.ShortcutService$Lifecycle
02-22 01:13:08.987 I/ActivityManagerTiming( 1503): OnBootPhase_1000_com.android.server.pm.LauncherAppsService
02-22 01:13:08.987 I/ActivityManagerTiming( 1503): OnBootPhase_1000_com.android.server.pm.CrossProfileAppsService
02-22 01:13:08.987 I/ActivityManagerTiming( 1503): OnBootPhase_1000_com.android.server.people.PeopleService
02-22 01:13:08.987 I/ActivityManagerTiming( 1503): OnBootPhase_1000_com.android.server.media.metrics.MediaMetricsManagerService
02-22 01:13:08.987 I/ActivityManagerTiming( 1503): OnBootPhase_1000_com.android.server.media.projection.MediaProjectionManagerService
02-22 01:13:08.987 I/ActivityManagerTiming( 1503): OnBootPhase_1000_com.android.server.slice.SliceManagerService$Lifecycle
02-22 01:13:08.987 I/ActivityManagerTiming( 1503): OnBootPhase_1000_com.android.server.stats.StatsCompanion$Lifecycle
02-22 01:13:08.987 I/ActivityManagerTiming( 1503): OnBootPhase_1000_com.android.server.scheduling.RebootReadinessManagerService$Lifecycle
02-22 01:13:08.987 I/ActivityManagerTiming( 1503): OnBootPhase_1000_com.android.server.stats.pull.StatsPullAtomService
02-22 01:13:08.987 I/ActivityManagerTiming( 1503): OnBootPhase_1000_com.android.server.incident.IncidentCompanionService
02-22 01:13:08.987 I/ActivityManagerTiming( 1503): OnBootPhase_1000_com.android.server.MmsServiceBroker
02-22 01:13:08.987 I/ActivityManagerTiming( 1503): OnBootPhase_1000_com.android.server.autofill.AutofillManagerService
02-22 01:13:08.987 I/ActivityManagerTiming( 1503): OnBootPhase_1000_com.android.server.clipboard.ClipboardService
02-22 01:13:08.987 I/ActivityManagerTiming( 1503): OnBootPhase_1000_com.android.server.appbinding.AppBindingService$Lifecycle
02-22 01:13:08.987 I/ActivityManagerTiming( 1503): OnBootPhase_1000_com.android.server.tracing.TracingServiceProxy
02-22 01:13:08.987 I/ActivityManagerTiming( 1503): OnBootPhase_1000_com.android.server.policy.PermissionPolicyService
02-22 01:13:08.987 I/ActivityManagerTiming( 1503): OnBootPhase_1000_com.android.server.pm.StagingManager$Lifecycle
02-22 01:13:08.987 I/ActivityManagerTiming( 1503): OnBootPhase_1000_com.android.server.app.GameManagerService$Lifecycle
02-22 01:13:08.987 D/GameManagerService( 1503): onBootCompleted
02-22 01:13:08.987 I/ActivityManagerTiming( 1503): OnBootPhase_1000_com.android.server.appsearch.AppSearchManagerService
02-22 01:13:08.987 I/ActivityManagerTiming( 1503): OnBootPhase_1000_com.android.server.media.MediaCommunicationService
02-22 01:13:08.987 D/ActivityManagerTiming( 1503): TotalBootTime took to complete: 3267ms
02-22 01:13:08.987 D/SystemServerInitThreadPool( 1503): Shutdown requested
02-22 01:13:08.987 I/SystemServerTiming( 1503): WaitInitThreadPoolShutdown
02-22 01:13:08.988 D/SystemServerInitThreadPool( 1503): Shutdown successful
02-22 01:13:08.990 I/uc_finish_user_boot( 1503): 0
02-22 01:13:08.990 I/ActivityManager( 1503): User 0 state changed from BOOTING to RUNNING_LOCKED
02-22 01:13:08.990 I/am_user_state_changed( 1503): [0,1]
02-22 01:13:08.991 W/ActivityManager( 1503): UserLifecycleEvent 4 received without an active userJourneySession.
02-22 01:13:08.991 I/uc_send_user_broadcast( 1503): [0,android.intent.action.LOCKED_BOOT_COMPLETED]
02-22 01:13:08.992 D/StorageManagerService( 1503): unlockUserKey: 0 isFileEncryptedNativeOrEmulated: true hasToken: false hasSecret: false
02-22 01:13:08.992 D/vold ( 520): fscrypt_unlock_user_key 0 serial=0
02-22 01:13:08.993 D/vold ( 520): Trying user CE key /data/misc/vold/user_keys/ce/0/current
02-22 01:13:09.000 D/Fingerprint21( 1503): Daemon was null, reconnecting, current operation: null
02-22 01:13:09.001 D/Fingerprint21( 1503): Fingerprint HAL ready, HAL ID: 5326416
02-22 01:13:09.001 D/BiometricScheduler/Fingerprint21( 1503): [Added] {[0] FingerprintUpdateActiveUserClient, proto=1, owner=android, cookie=0, requestId=-1, userId=0}, new queue size: 1
02-22 01:13:09.001 D/BiometricScheduler/Fingerprint21( 1503): [Polled] {[0] FingerprintUpdateActiveUserClient, proto=1, owner=android, cookie=0, requestId=-1, userId=0}, State: 0
02-22 01:13:09.001 D/BiometricScheduler/Fingerprint21( 1503): [Starting] {[0] FingerprintUpdateActiveUserClient, proto=1, owner=android, cookie=0, requestId=-1, userId=0}, State: 0
02-22 01:13:09.001 D/BiometricScheduler/Fingerprint21( 1503): [Started] {[0] FingerprintUpdateActiveUserClient, proto=1, owner=android, cookie=0, requestId=-1, userId=0}
02-22 01:13:08.999 I/auditd ( 993): type=1400 audit(0.0:242): avc: denied { read write } for comm="sensors.qti" name="diag" dev="tmpfs" ino=1148 scontext=u:r:vendor_sensors_qti:s0 tcontext=u:object_r:vendor_diag_device:s0 tclass=chr_file permissive=0
01-01 12:00:57.063 W/ ( 0): Boot completed
02-22 01:13:09.005 D/vold ( 520): Successfully retrieved key
01-01 12:00:57.069 D/qbt ( 0): qbt_open: entry minor_no=0 fd_available=1
01-01 12:00:57.069 D/qbt ( 0): qbt_open: exit : 0 fd_available=0
01-01 12:00:57.069 D/qbt ( 0): qbt_open: entry minor_no=1 fd_available=0
01-01 12:00:57.069 D/qbt ( 0): qbt_open: exit : 0 fd_available=0
01-01 12:00:57.069 D/qbt ( 0): qbt_ioctl: cmd received 107
01-01 12:00:57.069 D/qbt ( 0): qbt_ioctl: Acquiring wakelock
02-22 01:13:09.006 F/libc ( 2637): Fatal signal 6 (SIGABRT), code -1 (SI_QUEUE) in tid 2637 (init), pid 2637 (init)
02-22 01:13:09.012 D/vold ( 520): Installed fscrypt key with ref 4cf491254452edbe33d045e094afcc5e to /data
02-22 01:13:09.012 D/vold ( 520): Added fscrypt-provisioning key for 4cf491254452edbe33d045e094afcc5e to session keyring
02-22 01:13:09.012 D/vold ( 520): Installed ce key for user 0
02-22 01:13:09.011 I/auditd ( 2640): type=1400 audit(0.0:243): avc: denied { ptrace } for comm="crash_dump64" scontext=u:r:crash_dump:s0 tcontext=u:r:init:s0 tclass=process permissive=0
02-22 01:13:09.013 I/uc_finish_user_unlocking( 1503): 0
02-22 01:13:09.013 W/ActivityManager( 1503): UserLifecycleEvent 5 received without an active userJourneySession.
02-22 01:13:09.013 D/ActivityManager( 1503): Started unlocking user 0
02-22 01:13:09.013 D/ActivityManager( 1503): Unlocking user 0 progress 0
02-22 01:13:09.013 D/ActivityManager( 1503): Unlocking user 0 progress 5
02-22 01:13:09.014 D/vold ( 520): fscrypt_prepare_user_storage for volume null, user 0, serial 0, flags 2
02-22 01:13:09.014 D/vold ( 520): Preparing: /data/system_ce/0
02-22 01:13:09.014 D/vold ( 520): Preparing: /data/misc_ce/0
02-22 01:13:09.014 D/vold ( 520): Preparing: /data/vendor_ce/0
02-22 01:13:09.014 F/libc ( 2637): crash_dump helper failed to exec, or was killed
02-22 01:13:09.015 D/vold ( 520): Preparing: /data/media/0
02-22 01:13:09.015 D/vold ( 520): Preparing: /data/data
02-22 01:13:09.015 I/vold ( 520): Verified that /data/system_ce/0 has the encryption policy 4cf491254452edbe33d045e094afcc5e v2 modes 1/4 flags 0xa
02-22 01:13:09.015 I/vold ( 520): Verified that /data/misc_ce/0 has the encryption policy 4cf491254452edbe33d045e094afcc5e v2 modes 1/4 flags 0xa
02-22 01:13:09.015 I/vold ( 520): Verified that /data/vendor_ce/0 has the encryption policy 4cf491254452edbe33d045e094afcc5e v2 modes 1/4 flags 0xa
02-22 01:13:09.015 I/vold ( 520): Verified that /data/media/0 has the encryption policy 4cf491254452edbe33d045e094afcc5e v2 modes 1/4 flags 0xa
02-22 01:13:09.015 I/vold ( 520): Verified that /data/data has the encryption policy 4cf491254452edbe33d045e094afcc5e v2 modes 1/4 flags 0xa
02-22 01:13:09.015 D/vold ( 520): Starting restorecon of /data/system_ce/0
02-22 01:13:09.016 D/ColorDisplayService( 1503): setUp: currentUser=0
02-22 01:13:09.016 I/am_uid_running( 1503): 10068
02-22 01:13:09.016 D/CompatibilityChangeReporter( 1503): Compat change id reported: 135634846; UID 10068; state: DISABLED
02-22 01:13:09.016 D/CompatibilityChangeReporter( 1503): Compat change id reported: 177438394; UID 10068; state: DISABLED
02-22 01:13:09.016 D/CompatibilityChangeReporter( 1503): Compat change id reported: 135772972; UID 10068; state: DISABLED
02-22 01:13:09.016 D/CompatibilityChangeReporter( 1503): Compat change id reported: 135754954; UID 10068; state: DISABLED
02-22 01:13:09.016 D/CompatibilityChangeReporter( 1503): Compat change id reported: 143937733; UID 10068; state: DISABLED
02-22 01:13:09.019 D/vold ( 520): Finished restorecon of /data/system_ce/0
02-22 01:13:09.019 D/vold ( 520): Starting restorecon of /data/vendor_ce/0
01-01 12:00:57.083 W/QSEECOM ( 0): qseecom_load_app: App (fingerpr) does'nt exist, loading apps for first time
02-22 01:13:09.021 D/vold ( 520): Finished restorecon of /data/vendor_ce/0
02-22 01:13:09.021 D/vold ( 520): Starting restorecon of /data/misc_ce/0
02-22 01:13:09.021 D/ColorDisplayService( 1503): onNightDisplayAutoModeChanged: autoMode=0
02-22 01:13:09.021 I/ColorDisplayService( 1503): Turning off night display
02-22 01:13:09.021 D/ColorDisplayService( 1503): Setting bright color reduction level: 50
02-22 01:13:09.021 D/vold ( 520): Finished restorecon of /data/misc_ce/0
02-22 01:13:09.021 D/vold ( 520): /system/bin/vold_prepare_subdirs
02-22 01:13:09.021 D/vold ( 520): prepare
02-22 01:13:09.021 D/vold ( 520):
02-22 01:13:09.021 D/vold ( 520): 0
02-22 01:13:09.021 D/vold ( 520): 2
02-22 01:13:09.021 V/DisplayPowerController[0]( 1503): Brightness [0.8484849] manual adjustment.
02-22 01:13:09.024 I/am_proc_start( 1503): [0,2646,10068,com.android.deskclock,broadcast,{com.android.deskclock/com.android.deskclock.AlarmInitReceiver}]
02-22 01:13:09.024 I/ActivityManager( 1503): Start proc 2646:com.android.deskclock/u0a68 for broadcast {com.android.deskclock/com.android.deskclock.AlarmInitReceiver}
01-01 12:00:57.100 I/binder ( 0): 2646:2646 ioctl 40046210 7fff12dd34 returned -22
02-22 01:13:09.038 I/am_proc_bound( 1503): [0,2646,com.android.deskclock]
02-22 01:13:09.045 D/CompatibilityChangeReporter( 1503): Compat change id reported: 168419799; UID 10068; state: DISABLED
02-22 01:13:09.046 I/am_uid_active( 1503): 10068
02-22 01:13:09.046 V/UserDataPreparer( 1503): Found /data/user/0 with serial number 0
02-22 01:13:09.046 V/UserDataPreparer( 1503): Found /data/system_ce/0 with serial number 0
02-22 01:13:09.048 D/UserDataPreparer( 1503): Setting property: sys.user.0.ce_available=true
02-22 01:13:09.048 V/PackageManager( 1503): reconcileAppsData for null u0 0x2 migrateAppData=false
02-22 01:13:09.109 V/PackageManager( 1503): reconcileAppsData finished 137 packages
02-22 01:13:09.109 I/ActivityManager( 1503): User 0 state changed from RUNNING_LOCKED to RUNNING_UNLOCKING
02-22 01:13:09.109 I/am_user_state_changed( 1503): [0,2]
02-22 01:13:09.110 D/ActivityManager( 1503): Unlocking user 0 progress 20
02-22 01:13:09.110 I/ssm_user_unlocking( 1503): 0
02-22 01:13:09.110 I/SystemServerTimingAsync( 1503): ssm.UnlockingUser-0
02-22 01:13:09.110 I/SystemServiceManager( 1503): Calling onUnlockingUser 0
02-22 01:13:09.110 I/SystemServerTimingAsync( 1503): ssm.onUnlockingUser-0_com.android.server.security.FileIntegrityService
02-22 01:13:09.110 I/SystemServerTimingAsync( 1503): ssm.onUnlockingUser-0_com.android.server.pm.Installer
02-22 01:13:09.110 I/SystemServerTimingAsync( 1503): ssm.onUnlockingUser-0_com.android.server.os.DeviceIdentifiersPolicyService
02-22 01:13:09.110 I/SystemServerTimingAsync( 1503): ssm.onUnlockingUser-0_com.android.server.uri.UriGrantsManagerService$Lifecycle
02-22 01:13:09.110 I/SystemServerTimingAsync( 1503): ssm.onUnlockingUser-0_com.android.server.powerstats.PowerStatsService
02-22 01:13:09.110 I/SystemServerTimingAsync( 1503): ssm.onUnlockingUser-0_com.android.server.wm.ActivityTaskManagerService$Lifecycle
02-22 01:13:09.110 I/SystemServerTimingAsync( 1503): ssm.onUnlockingUser-0_com.android.server.am.ActivityManagerService$Lifecycle
02-22 01:13:09.110 I/SystemServerTimingAsync( 1503): ssm.onUnlockingUser-0_com.android.server.pm.DataLoaderManagerService
02-22 01:13:09.110 I/SystemServerTimingAsync( 1503): ssm.onUnlockingUser-0_com.android.server.power.PowerManagerService
02-22 01:13:09.110 I/SystemServerTimingAsync( 1503): ssm.onUnlockingUser-0_com.android.server.power.ThermalManagerService
02-22 01:13:09.110 I/SystemServerTimingAsync( 1503): ssm.onUnlockingUser-0_com.android.server.power.hint.HintManagerService
02-22 01:13:09.110 I/SystemServerTimingAsync( 1503): ssm.onUnlockingUser-0_com.android.server.recoverysystem.RecoverySystemService$Lifecycle
02-22 01:13:09.110 I/SystemServerTimingAsync( 1503): ssm.onUnlockingUser-0_com.android.server.lights.LightsService
02-22 01:13:09.110 I/SystemServerTimingAsync( 1503): ssm.onUnlockingUser-0_com.android.server.display.DisplayManagerService
02-22 01:13:09.110 I/SystemServerTimingAsync( 1503): ssm.onUnlockingUser-0_com.android.server.pm.verify.domain.DomainVerificationService
02-22 01:13:09.110 I/SystemServerTimingAsync( 1503): ssm.onUnlockingUser-0_com.android.server.pm.PackageInstallerService$Lifecycle
02-22 01:13:09.110 I/SystemServerTimingAsync( 1503): ssm.onUnlockingUser-0_com.android.server.pm.UserManagerService$LifeCycle
02-22 01:13:09.110 I/SystemServerTimingAsync( 1503): ssm.onUnlockingUser-0_com.android.server.om.OverlayManagerService
02-22 01:13:09.110 I/SystemServerTimingAsync( 1503): ssm.onUnlockingUser-0_com.android.server.SensorPrivacyService
02-22 01:13:09.110 I/SystemServerTimingAsync( 1503): ssm.onUnlockingUser-0_com.android.server.thunderperf.ThunderBoostPerfService
02-22 01:13:09.110 I/SystemServerTimingAsync( 1503): ssm.onUnlockingUser-0_com.android.server.sensors.SensorService
02-22 01:13:09.110 I/SystemServerTimingAsync( 1503): ssm.onUnlockingUser-0_com.android.server.SystemConfigService
02-22 01:13:09.110 I/SystemServerTimingAsync( 1503): ssm.onUnlockingUser-0_com.android.server.BatteryService
02-22 01:13:09.110 I/SystemServerTimingAsync( 1503): ssm.onUnlockingUser-0_com.android.server.usage.UsageStatsService
02-22 01:13:09.110 I/SystemServerTimingAsync( 1503): ssm.onUnlockingUser-0_com.android.server.webkit.WebViewUpdateService
02-22 01:13:09.110 I/SystemServerTimingAsync( 1503): ssm.onUnlockingUser-0_com.android.server.CachedDeviceStateService
02-22 01:13:09.110 I/SystemServerTimingAsync( 1503): ssm.onUnlockingUser-0_com.android.server.BinderCallsStatsService$LifeCycle
02-22 01:13:09.110 I/SystemServerTimingAsync( 1503): ssm.onUnlockingUser-0_com.android.server.LooperStatsService$Lifecycle
02-22 01:13:09.110 I/SystemServerTimingAsync( 1503): ssm.onUnlockingUser-0_com.android.server.rollback.RollbackManagerService
02-22 01:13:09.111 I/SystemServerTimingAsync( 1503): ssm.onUnlockingUser-0_com.android.server.os.NativeTombstoneManagerService
02-22 01:13:09.111 I/SystemServerTimingAsync( 1503): ssm.onUnlockingUser-0_com.android.server.os.BugreportManagerService
02-22 01:13:09.111 I/SystemServerTimingAsync( 1503): ssm.onUnlockingUser-0_com.android.server.gpu.GpuService
02-22 01:13:09.111 I/SystemServerTimingAsync( 1503): ssm.onUnlockingUser-0_com.android.server.security.KeyChainSystemService
02-22 01:13:09.111 I/SystemServerTimingAsync( 1503): ssm.onUnlockingUser-0_com.android.server.telecom.TelecomLoaderService
02-22 01:13:09.111 I/SystemServerTimingAsync( 1503): ssm.onUnlockingUser-0_com.android.server.accounts.AccountManagerService$Lifecycle
02-22 01:13:09.111 I/SystemServerTimingAsync( 1503): ssm.onUnlockingUser-0_com.android.server.content.ContentService$Lifecycle
02-22 01:13:09.111 I/SystemServerTimingAsync( 1503): ssm.onUnlockingUser-0_com.android.server.DropBoxManagerService
02-22 01:13:09.111 I/SystemServerTimingAsync( 1503): ssm.onUnlockingUser-0_com.android.role.RoleService
02-22 01:13:09.111 I/SystemServerTimingAsync( 1503): ssm.onUnlockingUser-0_com.android.server.vibrator.VibratorManagerService$Lifecycle
02-22 01:13:09.111 I/SystemServerTimingAsync( 1503): ssm.onUnlockingUser-0_com.android.server.alarm.AlarmManagerService
02-22 01:13:09.111 I/SystemServerTimingAsync( 1503): ssm.onUnlockingUser-0_com.android.server.devicestate.DeviceStateManagerService
02-22 01:13:09.111 I/SystemServerTimingAsync( 1503): ssm.onUnlockingUser-0_com.android.server.camera.CameraServiceProxy
02-22 01:13:09.111 I/SystemServerTimingAsync( 1503): ssm.onUnlockingUser-0_com.android.server.BluetoothService
02-22 01:13:09.111 D/BluetoothManagerService( 1503): User 0 unlocked
02-22 01:13:09.111 I/SystemServerTimingAsync( 1503): ssm.onUnlockingUser-0_com.android.server.connectivity.IpConnectivityMetrics
02-22 01:13:09.112 I/SystemServerTimingAsync( 1503): ssm.onUnlockingUser-0_com.android.server.net.watchlist.NetworkWatchlistService$Lifecycle
02-22 01:13:09.112 I/SystemServerTimingAsync( 1503): ssm.onUnlockingUser-0_com.android.server.PinnerService
02-22 01:13:09.112 D/BluetoothManagerService( 1503): MESSAGE_USER_UNLOCKED
02-22 01:13:09.112 I/SystemServerTimingAsync( 1503): ssm.onUnlockingUser-0_com.google.android.startop.iorap.IorapForwardingService
02-22 01:13:09.112 I/SystemServerTimingAsync( 1503): ssm.onUnlockingUser-0_com.android.server.ActivityTriggerService
02-22 01:13:09.112 I/SystemServerTimingAsync( 1503): ssm.onUnlockingUser-0_com.android.server.integrity.AppIntegrityManagerService
02-22 01:13:09.112 I/SystemServerTimingAsync( 1503): ssm.onUnlockingUser-0_com.android.server.inputmethod.InputMethodManagerService$Lifecycle
02-22 01:13:09.112 I/SystemServerTimingAsync( 1503): ssm.onUnlockingUser-0_com.android.server.accessibility.AccessibilityManagerService$Lifecycle
02-22 01:13:09.112 I/SystemServerTimingAsync( 1503): ssm.onUnlockingUser-0_com.android.server.StorageManagerService$Lifecycle
02-22 01:13:09.112 D/StorageManagerService( 1503): onUnlockUser 0
02-22 01:13:09.112 I/StorageSessionController( 1503): On user unlock 0
02-22 01:13:09.112 I/StorageSessionController( 1503): Initialialising...
02-22 01:13:09.114 I/vold ( 520): onUserStarted: 0
02-22 01:13:09.115 V/StorageManagerService( 1503): Found primary storage at VolumeInfo{emulated;0}:
02-22 01:13:09.115 V/StorageManagerService( 1503): type=EMULATED diskId=null partGuid= mountFlags=0 mountUserId=0
02-22 01:13:09.115 V/StorageManagerService( 1503): state=UNMOUNTED
02-22 01:13:09.115 V/StorageManagerService( 1503): fsType=null fsUuid=null fsLabel=null
02-22 01:13:09.115 V/StorageManagerService( 1503): path=null internalPath=null
02-22 01:13:09.115 I/StorageManagerService( 1503): Mounting volume VolumeInfo{emulated;0}:
02-22 01:13:09.115 I/StorageManagerService( 1503): type=EMULATED diskId=null partGuid= mountFlags=PRIMARY|VISIBLE
02-22 01:13:09.115 I/StorageManagerService( 1503): mountUserId=0 state=UNMOUNTED
02-22 01:13:09.115 I/StorageManagerService( 1503): fsType=null fsUuid=null fsLabel=null
02-22 01:13:09.115 I/StorageManagerService( 1503): path=null internalPath=null
02-22 01:13:09.115 I/vold ( 520): Executing sdcardfs
02-22 01:13:09.115 D/vold ( 520): Waiting for sdcardfs to spin up...
01-01 12:00:57.188 W/QSEECOM ( 0): qseecom_load_app: App with id 7 (fingerpr) now loaded
01-01 12:00:57.193 I/ ( 0): sdcardfs version 2.0
01-01 12:00:57.193 I/sdcardfs( 0): dev_name -> /data/media
01-01 12:00:57.193 I/sdcardfs( 0): options -> fsuid=1023,fsgid=1023,multiuser,derive_gid,default_normal,unshared_obb,mask=6,userid=0,gid=1015
01-01 12:00:57.193 I/sdcardfs( 0): mnt -> 00000000fc05319f
01-01 12:00:57.193 I/sdcardfs( 0): mounted on top of /data/media type f2fs
01-01 12:00:57.193 I/ ( 0): Remount options were mask=23,gid=9997 for vfsmnt 00000000be4ef3c8.
01-01 12:00:57.193 I/sdcardfs( 0): options - debug:1
01-01 12:00:57.193 I/sdcardfs( 0): options - gid:9997
01-01 12:00:57.193 I/sdcardfs( 0): options - mask:23
01-01 12:00:57.193 I/ ( 0): Remount options were mask=7,gid=9997 for vfsmnt 000000009fb75942.
01-01 12:00:57.193 I/sdcardfs( 0): options - debug:1
01-01 12:00:57.193 I/sdcardfs( 0): options - gid:9997
01-01 12:00:57.193 I/sdcardfs( 0): options - mask:7
01-01 12:00:57.193 I/ ( 0): Remount options were mask=7,gid=9997 for vfsmnt 00000000cf3c1c30.
01-01 12:00:57.193 I/sdcardfs( 0): options - debug:1
01-01 12:00:57.193 I/sdcardfs( 0): options - gid:9997
01-01 12:00:57.193 I/sdcardfs( 0): options - mask:7
02-22 01:13:09.128 W/sdcard ( 2682): Device explicitly enabled sdcardfs
02-22 01:13:09.136 I/SystemServerTimingAsync( 1503): ssm.onUnlockingUser-0_com.android.server.usage.StorageStatsService$Lifecycle
02-22 01:13:09.136 I/SystemServerTimingAsync( 1503): ssm.onUnlockingUser-0_com.android.server.UiModeManagerService
02-22 01:13:09.136 I/SystemServerTimingAsync( 1503): ssm.onUnlockingUser-0_com.android.server.locksettings.LockSettingsService$Lifecycle
02-22 01:13:09.137 I/SystemServerTimingAsync( 1503): ssm.onUnlockingUser-0_com.android.server.PersistentDataBlockService
02-22 01:13:09.137 I/SystemServerTimingAsync( 1503): ssm.onUnlockingUser-0_com.android.server.testharness.TestHarnessModeService
02-22 01:13:09.137 I/SystemServerTimingAsync( 1503): ssm.onUnlockingUser-0_com.android.server.oemlock.OemLockService
02-22 01:13:09.137 I/SystemServerTimingAsync( 1503): ssm.onUnlockingUser-0_com.android.server.DeviceIdleController
02-22 01:13:09.137 I/SystemServerTimingAsync( 1503): ssm.onUnlockingUser-0_com.android.server.devicepolicy.DevicePolicyManagerService$Lifecycle
02-22 01:13:09.137 I/SystemServerTimingAsync( 1503): ssm.onUnlockingUser-0_com.android.server.texttospeech.TextToSpeechManagerService
02-22 01:13:09.137 I/SystemServerTimingAsync( 1503): ssm.onUnlockingUser-0_com.android.server.speech.SpeechRecognitionManagerService
02-22 01:13:09.137 I/SystemServerTimingAsync( 1503): ssm.onUnlockingUser-0_com.android.server.searchui.SearchUiManagerService
02-22 01:13:09.137 I/SystemServerTimingAsync( 1503): ssm.onUnlockingUser-0_com.android.server.smartspace.SmartspaceManagerService
02-22 01:13:09.137 I/SystemServerTimingAsync( 1503): ssm.onUnlockingUser-0_com.android.server.graphics.fonts.FontManagerService$Lifecycle
02-22 01:13:09.137 I/SystemServerTimingAsync( 1503): ssm.onUnlockingUser-0_com.android.server.textservices.TextServicesManagerService$Lifecycle
02-22 01:13:09.141 I/SystemServerTimingAsync( 1503): ssm.onUnlockingUser-0_com.android.server.textclassifier.TextClassificationManagerService$Lifecycle
02-22 01:13:09.142 I/SystemServerTimingAsync( 1503): ssm.onUnlockingUser-0_com.android.server.NetworkScoreService$Lifecycle
02-22 01:13:09.142 I/SystemServerTimingAsync( 1503): ssm.onUnlockingUser-0_com.android.server.wifi.WifiService
02-22 01:13:09.142 I/SystemServerTimingAsync( 1503): ssm.onUnlockingUser-0_com.android.server.wifi.scanner.WifiScanningService
02-22 01:13:09.142 I/SystemServerTimingAsync( 1503): ssm.onUnlockingUser-0_com.android.server.wifi.rtt.RttService
02-22 01:13:09.142 I/SystemServerTimingAsync( 1503): ssm.onUnlockingUser-0_com.android.server.wifi.aware.WifiAwareService
02-22 01:13:09.142 I/SystemServerTimingAsync( 1503): ssm.onUnlockingUser-0_com.android.server.wifi.p2p.WifiP2pService
02-22 01:13:09.142 I/SystemServerTimingAsync( 1503): ssm.onUnlockingUser-0_com.android.server.ethernet.EthernetService
02-22 01:13:09.142 I/SystemServerTimingAsync( 1503): ssm.onUnlockingUser-0_com.android.server.ConnectivityServiceInitializer
02-22 01:13:09.142 I/SystemServerTimingAsync( 1503): ssm.onUnlockingUser-0_com.android.server.notification.NotificationManagerService
02-22 01:13:09.142 I/SystemServerTimingAsync( 1503): ssm.onUnlockingUser-0_com.android.server.storage.DeviceStorageMonitorService
02-22 01:13:09.142 I/SystemServerTimingAsync( 1503): ssm.onUnlockingUser-0_com.android.server.location.LocationManagerService$Lifecycle
02-22 01:13:09.142 I/SystemServerTimingAsync( 1503): ssm.onUnlockingUser-0_com.android.server.timedetector.TimeDetectorService$Lifecycle
02-22 01:13:09.142 I/SystemServerTimingAsync( 1503): ssm.onUnlockingUser-0_com.android.server.timezonedetector.TimeZoneDetectorService$Lifecycle
02-22 01:13:09.142 I/SystemServerTimingAsync( 1503): ssm.onUnlockingUser-0_com.android.server.timezonedetector.location.LocationTimeZoneManagerService$Lifecycle
02-22 01:13:09.142 I/SystemServerTimingAsync( 1503): ssm.onUnlockingUser-0_com.android.server.search.SearchManagerService$Lifecycle
02-22 01:13:09.142 I/SystemServerTimingAsync( 1503): ssm.onUnlockingUser-0_com.android.server.wallpaper.WallpaperManagerService$Lifecycle
02-22 01:13:09.142 I/WallpaperManagerService( 1503): on-unlock-user-0
02-22 01:13:09.142 I/SystemServerTimingAsync( 1503): ssm.onUnlockingUser-0_com.android.server.audio.AudioService$Lifecycle
02-22 01:13:09.143 I/SystemServerTimingAsync( 1503): ssm.onUnlockingUser-0_com.android.server.soundtrigger_middleware.SoundTriggerMiddlewareService$Lifecycle
02-22 01:13:09.143 I/SystemServerTimingAsync( 1503): ssm.onUnlockingUser-0_com.android.server.DockObserver
02-22 01:13:09.143 I/SystemServerTimingAsync( 1503): ssm.onUnlockingUser-0_com.android.server.midi.MidiService$Lifecycle
02-22 01:13:09.143 I/SystemServerTimingAsync( 1503): ssm.onUnlockingUser-0_com.android.server.adb.AdbService$Lifecycle
02-22 01:13:09.143 I/SystemServerTimingAsync( 1503): ssm.onUnlockingUser-0_com.android.server.usb.UsbService$Lifecycle
02-22 01:13:09.143 I/SystemServerTimingAsync( 1503): ssm.onUnlockingUser-0_com.android.server.twilight.TwilightService
02-22 01:13:09.144 I/SystemServerTimingAsync( 1503): ssm.onUnlockingUser-0_com.android.server.display.color.ColorDisplayService
02-22 01:13:09.144 I/SystemServerTimingAsync( 1503): ssm.onUnlockingUser-0_com.android.server.job.JobSchedulerService
02-22 01:13:09.144 I/SystemServerTimingAsync( 1503): ssm.onUnlockingUser-0_com.android.server.soundtrigger.SoundTriggerService
02-22 01:13:09.144 I/SystemServerTimingAsync( 1503): ssm.onUnlockingUser-0_com.android.server.trust.TrustManagerService
02-22 01:13:09.144 I/SystemServerTimingAsync( 1503): ssm.onUnlockingUser-0_com.android.server.backup.BackupManagerService$Lifecycle
02-22 01:13:09.144 I/SystemServerTimingAsync( 1503): ssm.onUnlockingUser-0_com.android.server.appwidget.AppWidgetService
02-22 01:13:09.144 I/SystemServerTimingAsync( 1503): ssm.onUnlockingUser-0_com.android.server.voiceinteraction.VoiceInteractionManagerService
02-22 01:13:09.144 W/VoiceInteractionManager( 1503): no available voice recognition services found for user 0
02-22 01:13:09.145 I/SystemServerTimingAsync( 1503): ssm.onUnlockingUser-0_com.android.server.apphibernation.AppHibernationService
02-22 01:13:09.145 I/BackupManagerService( 1503): Starting service for user: 0
02-22 01:13:09.145 W/AdbDebuggingManager( 1503): Read failed with count -1
02-22 01:13:09.145 V/BackupManagerService( 1503): [UserID:0] Starting with transport com.android.localtransport/.LocalTransport
02-22 01:13:09.145 I/HibernationStateDiskStore( 1503): No hibernation file on disk for file /data/system_ce/0/hibernation/states
02-22 01:13:09.145 E/AdbDebuggingManager( 1503): Caught an exception opening the socket: java.io.IOException: Connection refused
02-22 01:13:09.146 D/BackupManagerService( 1503): [UserID:0] Started thread backup-0
02-22 01:13:09.147 I/SystemServerTimingAsync( 1503): ssm.onUnlockingUser-0_com.android.server.SensorNotificationService
02-22 01:13:09.148 I/SystemServerTimingAsync( 1503): ssm.onUnlockingUser-0_com.android.server.emergency.EmergencyAffordanceService
02-22 01:13:09.148 I/SystemServerTimingAsync( 1503): ssm.onUnlockingUser-0_com.android.server.blob.BlobStoreManagerService
02-22 01:13:09.148 I/SystemServerTimingAsync( 1503): ssm.onUnlockingUser-0_com.android.server.dreams.DreamManagerService
02-22 01:13:09.148 I/SystemServerTimingAsync( 1503): ssm.onUnlockingUser-0_com.android.server.companion.CompanionDeviceManagerService
02-22 01:13:09.149 I/CompanionDeviceManagerService( 1503): Read associations from disk: {0=[]}
02-22 01:13:09.149 I/SystemServerTimingAsync( 1503): ssm.onUnlockingUser-0_com.android.server.restrictions.RestrictionsManagerService
02-22 01:13:09.149 I/SystemServerTimingAsync( 1503): ssm.onUnlockingUser-0_com.android.server.media.MediaSessionService
02-22 01:13:09.149 I/SystemServerTimingAsync( 1503): ssm.onUnlockingUser-0_com.android.server.media.MediaResourceMonitorService
02-22 01:13:09.149 I/SystemServerTimingAsync( 1503): ssm.onUnlockingUser-0_com.android.server.biometrics.sensors.fingerprint.FingerprintService
02-22 01:13:09.149 I/SystemServerTimingAsync( 1503): ssm.onUnlockingUser-0_com.android.server.biometrics.BiometricService
02-22 01:13:09.149 I/SystemServerTimingAsync( 1503): ssm.onUnlockingUser-0_com.android.server.biometrics.AuthService
02-22 01:13:09.149 I/SystemServerTimingAsync( 1503): ssm.onUnlockingUser-0_com.android.server.pm.ShortcutService$Lifecycle
02-22 01:13:09.149 I/SystemServerTimingAsync( 1503): ssm.onUnlockingUser-0_com.android.server.pm.LauncherAppsService
02-22 01:13:09.149 I/SystemServerTimingAsync( 1503): ssm.onUnlockingUser-0_com.android.server.pm.CrossProfileAppsService
02-22 01:13:09.149 I/SystemServerTimingAsync( 1503): ssm.onUnlockingUser-0_com.android.server.people.PeopleService
02-22 01:13:09.149 I/SystemServerTimingAsync( 1503): ssm.onUnlockingUser-0_com.android.server.media.metrics.MediaMetricsManagerService
02-22 01:13:09.149 I/SystemServerTimingAsync( 1503): ssm.onUnlockingUser-0_com.android.server.media.projection.MediaProjectionManagerService
02-22 01:13:09.149 I/SystemServerTimingAsync( 1503): ssm.onUnlockingUser-0_com.android.server.slice.SliceManagerService$Lifecycle
02-22 01:13:09.149 I/SystemServerTimingAsync( 1503): ssm.onUnlockingUser-0_com.android.server.stats.StatsCompanion$Lifecycle
02-22 01:13:09.149 I/SystemServerTimingAsync( 1503): ssm.onUnlockingUser-0_com.android.server.scheduling.RebootReadinessManagerService$Lifecycle
02-22 01:13:09.149 I/SystemServerTimingAsync( 1503): ssm.onUnlockingUser-0_com.android.server.stats.pull.StatsPullAtomService
02-22 01:13:09.149 I/SystemServerTimingAsync( 1503): ssm.onUnlockingUser-0_com.android.server.incident.IncidentCompanionService
02-22 01:13:09.149 I/SystemServerTimingAsync( 1503): ssm.onUnlockingUser-0_com.android.server.MmsServiceBroker
02-22 01:13:09.149 I/SystemServerTimingAsync( 1503): ssm.onUnlockingUser-0_com.android.server.autofill.AutofillManagerService
02-22 01:13:09.151 I/SystemServerTimingAsync( 1503): ssm.onUnlockingUser-0_com.android.server.clipboard.ClipboardService
02-22 01:13:09.151 I/SystemServerTimingAsync( 1503): ssm.onUnlockingUser-0_com.android.server.appbinding.AppBindingService$Lifecycle
02-22 01:13:09.151 W/AppBindingService( 1503): [Default SMS app] u0 Target package not found
02-22 01:13:09.151 I/SystemServerTimingAsync( 1503): ssm.onUnlockingUser-0_com.android.server.tracing.TracingServiceProxy
02-22 01:13:09.151 I/SystemServerTimingAsync( 1503): ssm.onUnlockingUser-0_com.android.server.policy.PermissionPolicyService
02-22 01:13:09.152 I/SystemServerTimingAsync( 1503): ssm.onUnlockingUser-0_com.android.server.pm.StagingManager$Lifecycle
02-22 01:13:09.152 I/SystemServerTimingAsync( 1503): ssm.onUnlockingUser-0_com.android.server.app.GameManagerService$Lifecycle
02-22 01:13:09.152 I/SystemServerTimingAsync( 1503): ssm.onUnlockingUser-0_com.android.server.appsearch.AppSearchManagerService
02-22 01:13:09.152 I/SystemServerTimingAsync( 1503): ssm.onUnlockingUser-0_com.android.server.media.MediaCommunicationService
02-22 01:13:09.152 W/ActivityManager( 1503): UserLifecycleEvent 5 received without an active userJourneySession.
02-22 01:13:09.152 W/ActivityManager( 1503): UserLifecycleEvent 6 received without an active userJourneySession.
02-22 01:13:09.152 I/uc_finish_user_unlocked( 1503): 0
02-22 01:13:09.152 I/ActivityManager( 1503): User 0 state changed from RUNNING_UNLOCKING to RUNNING_UNLOCKED
02-22 01:13:09.152 I/am_user_state_changed( 1503): [0,3]
02-22 01:13:09.153 D/SystemServerTiming( 1503): SystemUserUnlock took to complete: 139ms
02-22 01:13:09.153 I/am_uid_running( 1503): 10082
02-22 01:13:09.154 D/CompatibilityChangeReporter( 1503): Compat change id reported: 135634846; UID 10082; state: DISABLED
02-22 01:13:09.155 I/am_uid_running( 1503): 10057
02-22 01:13:09.155 D/CompatibilityChangeReporter( 1503): Compat change id reported: 143937733; UID 10082; state: ENABLED
02-22 01:13:09.155 D/CompatibilityChangeReporter( 1503): Compat change id reported: 135634846; UID 10057; state: DISABLED
02-22 01:13:09.155 D/CompatibilityChangeReporter( 1503): Compat change id reported: 177438394; UID 10057; state: DISABLED
02-22 01:13:09.156 D/CompatibilityChangeReporter( 1503): Compat change id reported: 135772972; UID 10057; state: DISABLED
02-22 01:13:09.156 D/CompatibilityChangeReporter( 1503): Compat change id reported: 135754954; UID 10057; state: ENABLED
02-22 01:13:09.151 I/auditd ( 472): type=1400 audit(0.0:244): avc: denied { create } for comm="init" name="key" scontext=u:r:vendor_init:s0 tcontext=u:object_r:mnt_product_file:s0 tclass=dir permissive=0
02-22 01:13:09.156 I/ActivityTaskManager( 1503): Loading recents for user 0 into memory.
02-22 01:13:09.158 E/BackupPasswordManager( 1503): Unable to read backup pw version
02-22 01:13:09.159 E/BackupPasswordManager( 1503): Unable to read saved backup pw hash
02-22 01:13:09.159 I/wm_task_created( 1503): [37,-1]
02-22 01:13:09.161 I/wm_task_created( 1503): [40,-1]
02-22 01:13:09.162 V/PackageConfigPersister( 1503): loadPackages: empty list files from /data/system_ce/0/package_configs
02-22 01:13:09.162 D/CompatibilityChangeReporter( 1503): Compat change id reported: 135634846; UID 1000; state: DISABLED
02-22 01:13:09.162 D/CompatibilityChangeReporter( 1503): Compat change id reported: 177438394; UID 1000; state: DISABLED
02-22 01:13:09.162 D/CompatibilityChangeReporter( 1503): Compat change id reported: 135772972; UID 1000; state: DISABLED
02-22 01:13:09.162 D/CompatibilityChangeReporter( 1503): Compat change id reported: 135754954; UID 1000; state: ENABLED
02-22 01:13:09.162 I/am_uid_running( 1503): 10053
02-22 01:13:09.163 D/CompatibilityChangeReporter( 1503): Compat change id reported: 135634846; UID 10053; state: DISABLED
02-22 01:13:09.163 D/CompatibilityChangeReporter( 1503): Compat change id reported: 177438394; UID 10053; state: DISABLED
02-22 01:13:09.163 D/CompatibilityChangeReporter( 1503): Compat change id reported: 135772972; UID 10053; state: DISABLED
02-22 01:13:09.163 D/CompatibilityChangeReporter( 1503): Compat change id reported: 135754954; UID 10053; state: ENABLED
02-22 01:13:09.163 I/am_uid_running( 1503): 10072
02-22 01:13:09.163 D/CompatibilityChangeReporter( 1503): Compat change id reported: 135634846; UID 10072; state: DISABLED
02-22 01:13:09.163 D/CompatibilityChangeReporter( 1503): Compat change id reported: 177438394; UID 10072; state: DISABLED
02-22 01:13:09.163 D/CompatibilityChangeReporter( 1503): Compat change id reported: 135772972; UID 10072; state: DISABLED
02-22 01:13:09.163 D/CompatibilityChangeReporter( 1503): Compat change id reported: 135754954; UID 10072; state: DISABLED
02-22 01:13:09.163 I/am_uid_running( 1503): 10085
02-22 01:13:09.164 D/CompatibilityChangeReporter( 1503): Compat change id reported: 135634846; UID 10085; state: DISABLED
02-22 01:13:09.164 D/CompatibilityChangeReporter( 1503): Compat change id reported: 177438394; UID 10085; state: DISABLED
02-22 01:13:09.164 D/CompatibilityChangeReporter( 1503): Compat change id reported: 135772972; UID 10085; state: DISABLED
02-22 01:13:09.164 D/CompatibilityChangeReporter( 1503): Compat change id reported: 135754954; UID 10085; state: ENABLED
02-22 01:13:09.164 I/am_uid_running( 1503): 10081
02-22 01:13:09.164 I/UsageStatsService( 1503): User[0] Rollover scheduled @ 2023-02-23 01:13:09(1677085989140)
02-22 01:13:09.164 D/CompatibilityChangeReporter( 1503): Compat change id reported: 135634846; UID 10081; state: DISABLED
02-22 01:13:09.164 D/CompatibilityChangeReporter( 1503): Compat change id reported: 177438394; UID 10081; state: DISABLED
02-22 01:13:09.164 D/CompatibilityChangeReporter( 1503): Compat change id reported: 135772972; UID 10081; state: DISABLED
02-22 01:13:09.164 D/CompatibilityChangeReporter( 1503): Compat change id reported: 135754954; UID 10081; state: ENABLED
02-22 01:13:09.164 I/am_uid_running( 1503): 10071
02-22 01:13:09.164 D/CompatibilityChangeReporter( 1503): Compat change id reported: 135634846; UID 10071; state: DISABLED
02-22 01:13:09.164 I/UsageStatsService( 1503): Time changed in by 1676985131 seconds
02-22 01:13:09.164 D/CompatibilityChangeReporter( 1503): Compat change id reported: 177438394; UID 10071; state: DISABLED
02-22 01:13:09.164 D/CompatibilityChangeReporter( 1503): Compat change id reported: 135772972; UID 10071; state: DISABLED
02-22 01:13:09.165 D/CompatibilityChangeReporter( 1503): Compat change id reported: 135754954; UID 10071; state: ENABLED
02-22 01:13:09.165 I/uc_send_user_broadcast( 1503): [0,android.intent.action.USER_UNLOCKED]
02-22 01:13:09.166 I/vold ( 520): Mounting emulated fuse volume
02-22 01:13:09.167 I/uc_finish_user_unlocked_completed( 1503): 0
02-22 01:13:09.167 I/ActivityManager( 1503): Posting BOOT_COMPLETED user #0
02-22 01:13:09.168 I/ssm_user_unlocked( 1503): 0
02-22 01:13:09.168 I/SystemServerTimingAsync( 1503): ssm.UnlockedUser-0
02-22 01:13:09.168 I/SystemServiceManager( 1503): Calling onUnlockedUser 0
02-22 01:13:09.168 I/SystemServerTimingAsync( 1503): ssm.onUnlockedUser-0_com.android.server.security.FileIntegrityService
02-22 01:13:09.168 I/SystemServerTimingAsync( 1503): ssm.onUnlockedUser-0_com.android.server.pm.Installer
02-22 01:13:09.168 I/SystemServerTimingAsync( 1503): ssm.onUnlockedUser-0_com.android.server.os.DeviceIdentifiersPolicyService
02-22 01:13:09.168 I/SystemServerTimingAsync( 1503): ssm.onUnlockedUser-0_com.android.server.uri.UriGrantsManagerService$Lifecycle
02-22 01:13:09.168 I/SystemServerTimingAsync( 1503): ssm.onUnlockedUser-0_com.android.server.powerstats.PowerStatsService
02-22 01:13:09.168 I/SystemServerTimingAsync( 1503): ssm.onUnlockedUser-0_com.android.server.wm.ActivityTaskManagerService$Lifecycle
02-22 01:13:09.168 I/LaunchParamsPersister( 1503): Didn't find launch param folder for user 0
02-22 01:13:09.168 I/SystemServerTimingAsync( 1503): ssm.onUnlockedUser-0_com.android.server.am.ActivityManagerService$Lifecycle
02-22 01:13:09.168 I/SystemServerTimingAsync( 1503): ssm.onUnlockedUser-0_com.android.server.pm.DataLoaderManagerService
02-22 01:13:09.168 I/SystemServerTimingAsync( 1503): ssm.onUnlockedUser-0_com.android.server.power.PowerManagerService
02-22 01:13:09.168 I/SystemServerTimingAsync( 1503): ssm.onUnlockedUser-0_com.android.server.power.ThermalManagerService
02-22 01:13:09.168 I/SystemServerTimingAsync( 1503): ssm.onUnlockedUser-0_com.android.server.power.hint.HintManagerService
02-22 01:13:09.168 I/SystemServerTimingAsync( 1503): ssm.onUnlockedUser-0_com.android.server.recoverysystem.RecoverySystemService$Lifecycle
02-22 01:13:09.168 I/SystemServerTimingAsync( 1503): ssm.onUnlockedUser-0_com.android.server.lights.LightsService
02-22 01:13:09.168 I/SystemServerTimingAsync( 1503): ssm.onUnlockedUser-0_com.android.server.display.DisplayManagerService
02-22 01:13:09.169 I/SystemServerTimingAsync( 1503): ssm.onUnlockedUser-0_com.android.server.pm.verify.domain.DomainVerificationService
02-22 01:13:09.169 I/SystemServerTimingAsync( 1503): ssm.onUnlockedUser-0_com.android.server.pm.PackageInstallerService$Lifecycle
02-22 01:13:09.169 I/SystemServerTimingAsync( 1503): ssm.onUnlockedUser-0_com.android.server.pm.UserManagerService$LifeCycle
02-22 01:13:09.169 I/SystemServerTimingAsync( 1503): ssm.onUnlockedUser-0_com.android.server.om.OverlayManagerService
02-22 01:13:09.169 I/SystemServerTimingAsync( 1503): ssm.onUnlockedUser-0_com.android.server.SensorPrivacyService
02-22 01:13:09.169 I/SystemServerTimingAsync( 1503): ssm.onUnlockedUser-0_com.android.server.thunderperf.ThunderBoostPerfService
02-22 01:13:09.169 I/SystemServerTimingAsync( 1503): ssm.onUnlockedUser-0_com.android.server.sensors.SensorService
02-22 01:13:09.169 I/SystemServerTimingAsync( 1503): ssm.onUnlockedUser-0_com.android.server.SystemConfigService
02-22 01:13:09.169 I/SystemServerTimingAsync( 1503): ssm.onUnlockedUser-0_com.android.server.BatteryService
02-22 01:13:09.169 I/SystemServerTimingAsync( 1503): ssm.onUnlockedUser-0_com.android.server.usage.UsageStatsService
02-22 01:13:09.169 I/SystemServerTimingAsync( 1503): ssm.onUnlockedUser-0_com.android.server.webkit.WebViewUpdateService
02-22 01:13:09.169 I/SystemServerTimingAsync( 1503): ssm.onUnlockedUser-0_com.android.server.CachedDeviceStateService
02-22 01:13:09.169 I/SystemServerTimingAsync( 1503): ssm.onUnlockedUser-0_com.android.server.BinderCallsStatsService$LifeCycle
02-22 01:13:09.169 I/SystemServerTimingAsync( 1503): ssm.onUnlockedUser-0_com.android.server.LooperStatsService$Lifecycle
02-22 01:13:09.169 I/SystemServerTimingAsync( 1503): ssm.onUnlockedUser-0_com.android.server.rollback.RollbackManagerService
02-22 01:13:09.169 I/SystemServerTimingAsync( 1503): ssm.onUnlockedUser-0_com.android.server.os.NativeTombstoneManagerService
02-22 01:13:09.169 I/SystemServerTimingAsync( 1503): ssm.onUnlockedUser-0_com.android.server.os.BugreportManagerService
02-22 01:13:09.169 I/SystemServerTimingAsync( 1503): ssm.onUnlockedUser-0_com.android.server.gpu.GpuService
02-22 01:13:09.169 I/SystemServerTimingAsync( 1503): ssm.onUnlockedUser-0_com.android.server.security.KeyChainSystemService
02-22 01:13:09.169 I/SystemServerTimingAsync( 1503): ssm.onUnlockedUser-0_com.android.server.telecom.TelecomLoaderService
02-22 01:13:09.169 I/SystemServerTimingAsync( 1503): ssm.onUnlockedUser-0_com.android.server.accounts.AccountManagerService$Lifecycle
02-22 01:13:09.169 I/SystemServerTimingAsync( 1503): ssm.onUnlockedUser-0_com.android.server.content.ContentService$Lifecycle
02-22 01:13:09.169 I/SystemServerTimingAsync( 1503): ssm.onUnlockedUser-0_com.android.server.DropBoxManagerService
02-22 01:13:09.169 I/SystemServerTimingAsync( 1503): ssm.onUnlockedUser-0_com.android.role.RoleService
02-22 01:13:09.169 I/SystemServerTimingAsync( 1503): ssm.onUnlockedUser-0_com.android.server.vibrator.VibratorManagerService$Lifecycle
02-22 01:13:09.169 I/SystemServerTimingAsync( 1503): ssm.onUnlockedUser-0_com.android.server.alarm.AlarmManagerService
02-22 01:13:09.169 I/SystemServerTimingAsync( 1503): ssm.onUnlockedUser-0_com.android.server.devicestate.DeviceStateManagerService
02-22 01:13:09.169 I/SystemServerTimingAsync( 1503): ssm.onUnlockedUser-0_com.android.server.camera.CameraServiceProxy
02-22 01:13:09.169 I/SystemServerTimingAsync( 1503): ssm.onUnlockedUser-0_com.android.server.BluetoothService
02-22 01:13:09.169 I/SystemServerTimingAsync( 1503): ssm.onUnlockedUser-0_com.android.server.connectivity.IpConnectivityMetrics
02-22 01:13:09.169 I/SystemServerTimingAsync( 1503): ssm.onUnlockedUser-0_com.android.server.net.watchlist.NetworkWatchlistService$Lifecycle
02-22 01:13:09.169 I/SystemServerTimingAsync( 1503): ssm.onUnlockedUser-0_com.android.server.PinnerService
02-22 01:13:09.169 I/SystemServerTimingAsync( 1503): ssm.onUnlockedUser-0_com.google.android.startop.iorap.IorapForwardingService
02-22 01:13:09.169 I/SystemServerTimingAsync( 1503): ssm.onUnlockedUser-0_com.android.server.ActivityTriggerService
02-22 01:13:09.169 I/SystemServerTimingAsync( 1503): ssm.onUnlockedUser-0_com.android.server.integrity.AppIntegrityManagerService
02-22 01:13:09.169 I/SystemServerTimingAsync( 1503): ssm.onUnlockedUser-0_com.android.server.inputmethod.InputMethodManagerService$Lifecycle
02-22 01:13:09.169 I/SystemServerTimingAsync( 1503): ssm.onUnlockedUser-0_com.android.server.accessibility.AccessibilityManagerService$Lifecycle
02-22 01:13:09.169 I/SystemServerTimingAsync( 1503): ssm.onUnlockedUser-0_com.android.server.StorageManagerService$Lifecycle
02-22 01:13:09.169 I/SystemServerTimingAsync( 1503): ssm.onUnlockedUser-0_com.android.server.usage.StorageStatsService$Lifecycle
02-22 01:13:09.169 I/SystemServerTimingAsync( 1503): ssm.onUnlockedUser-0_com.android.server.UiModeManagerService
02-22 01:13:09.169 I/SystemServerTimingAsync( 1503): ssm.onUnlockedUser-0_com.android.server.locksettings.LockSettingsService$Lifecycle
02-22 01:13:09.169 I/SystemServerTimingAsync( 1503): ssm.onUnlockedUser-0_com.android.server.PersistentDataBlockService
02-22 01:13:09.169 I/SystemServerTimingAsync( 1503): ssm.onUnlockedUser-0_com.android.server.testharness.TestHarnessModeService
02-22 01:13:09.169 I/SystemServerTimingAsync( 1503): ssm.onUnlockedUser-0_com.android.server.oemlock.OemLockService
02-22 01:13:09.169 I/SystemServerTimingAsync( 1503): ssm.onUnlockedUser-0_com.android.server.DeviceIdleController
02-22 01:13:09.169 I/SystemServerTimingAsync( 1503): ssm.onUnlockedUser-0_com.android.server.devicepolicy.DevicePolicyManagerService$Lifecycle
02-22 01:13:09.169 I/SystemServerTimingAsync( 1503): ssm.onUnlockedUser-0_com.android.server.texttospeech.TextToSpeechManagerService
02-22 01:13:09.169 I/SystemServerTimingAsync( 1503): ssm.onUnlockedUser-0_com.android.server.speech.SpeechRecognitionManagerService
02-22 01:13:09.169 I/SystemServerTimingAsync( 1503): ssm.onUnlockedUser-0_com.android.server.searchui.SearchUiManagerService
02-22 01:13:09.169 I/SystemServerTimingAsync( 1503): ssm.onUnlockedUser-0_com.android.server.smartspace.SmartspaceManagerService
02-22 01:13:09.169 I/SystemServerTimingAsync( 1503): ssm.onUnlockedUser-0_com.android.server.graphics.fonts.FontManagerService$Lifecycle
02-22 01:13:09.169 I/SystemServerTimingAsync( 1503): ssm.onUnlockedUser-0_com.android.server.textservices.TextServicesManagerService$Lifecycle
02-22 01:13:09.169 I/SystemServerTimingAsync( 1503): ssm.onUnlockedUser-0_com.android.server.textclassifier.TextClassificationManagerService$Lifecycle
02-22 01:13:09.169 I/SystemServerTimingAsync( 1503): ssm.onUnlockedUser-0_com.android.server.NetworkScoreService$Lifecycle
02-22 01:13:09.169 I/SystemServerTimingAsync( 1503): ssm.onUnlockedUser-0_com.android.server.wifi.WifiService
02-22 01:13:09.169 I/SystemServerTimingAsync( 1503): ssm.onUnlockedUser-0_com.android.server.wifi.scanner.WifiScanningService
02-22 01:13:09.169 I/SystemServerTimingAsync( 1503): ssm.onUnlockedUser-0_com.android.server.wifi.rtt.RttService
02-22 01:13:09.169 I/SystemServerTimingAsync( 1503): ssm.onUnlockedUser-0_com.android.server.wifi.aware.WifiAwareService
02-22 01:13:09.169 I/SystemServerTimingAsync( 1503): ssm.onUnlockedUser-0_com.android.server.wifi.p2p.WifiP2pService
02-22 01:13:09.169 I/SystemServerTimingAsync( 1503): ssm.onUnlockedUser-0_com.android.server.ethernet.EthernetService
02-22 01:13:09.169 I/SystemServerTimingAsync( 1503): ssm.onUnlockedUser-0_com.android.server.ConnectivityServiceInitializer
02-22 01:13:09.169 I/SystemServerTimingAsync( 1503): ssm.onUnlockedUser-0_com.android.server.notification.NotificationManagerService
02-22 01:13:09.169 I/SystemServerTimingAsync( 1503): ssm.onUnlockedUser-0_com.android.server.storage.DeviceStorageMonitorService
02-22 01:13:09.169 I/SystemServerTimingAsync( 1503): ssm.onUnlockedUser-0_com.android.server.location.LocationManagerService$Lifecycle
02-22 01:13:09.169 I/SystemServerTimingAsync( 1503): ssm.onUnlockedUser-0_com.android.server.timedetector.TimeDetectorService$Lifecycle
