01-01 12:18:39.672 I/afe_get_cal_topology_id( 0): port_id = 0x9000 acdb_id = 15 topology_id = 0x112fc cal_type_index=8 ret=0
01-01 12:18:39.673 I/afe_send_port_topology_id( 0): AFE set topology id 0x112fc enable for port 0x9000 ret 0
01-01 12:18:39.673 I/send_afe_cal_type( 0): cal_index is 0
01-01 12:18:39.673 I/send_afe_cal_type( 0): dev_acdb_id[55] is 0
01-01 12:18:39.673 I/send_afe_cal_type( 0): Sending cal_index cal 0
01-01 12:18:39.673 E/send_afe_cal_type( 0): No cal sent for cal_index 0, port_id = 0x9000! ret -22
01-01 12:18:39.673 I/afe_send_hw_delay( 0): port_id 0x9000 rate 48000 delay_usec 474 status 0
02-22 01:30:51.698 I/sysui_multi_action( 1503): [757,1501,758,1,793,72938,794,0,795,202,796,1,806,com.android.music,857,Channel-music,858,2,947,0,1500,0,1641,transport,1688,1,1745,1043716538]
02-22 01:30:51.698 I/sysui_multi_action( 1503): [757,804,799,note_interruptive,801,0,802,1]
02-22 01:30:51.698 I/GameModeConfig( 1503): isGameModeOn = false
02-22 01:30:51.700 W/NotificationHistory( 1503): Attempted to add notif for locked/gone/disabled user 0
02-22 01:30:52.680 I/wm_task_moved( 1503): [1,0,0]
02-22 01:30:52.680 W/FreeFormWindowHelper( 1503): Current Display FreeFormTask is null
02-22 01:30:52.681 I/wm_task_moved( 1503): [1,0,7]
02-22 01:30:52.705 I/wm_on_restart_called( 2514): [229498384,com.android.launcher3.uioverrides.QuickstepLauncher,performRestartActivity]
02-22 01:30:52.707 W/FreeFormWindowHelper( 1503): Current Display FreeFormTask is null
02-22 01:30:52.708 W/FreeFormWindowHelper( 1503): Current Display FreeFormTask is null
02-22 01:30:52.731 I/wm_on_start_called( 2514): [229498384,com.android.launcher3.uioverrides.QuickstepLauncher,handleStartActivity]
02-22 01:30:52.731 W/ActivityTaskManager( 1503): getTaskSnapshot: taskId=1046 not found
02-22 01:30:52.732 I/view_enqueue_input_event( 4140): [Motion - Cancel,com.android.music/com.android.music.MusicBrowserActivity]
02-22 01:30:52.733 I/input_focus( 1503): [Focus request recents_animation_input_consumer,reason=UpdateInputWindows]
02-22 01:30:52.733 W/ActivityTaskManager( 1503): getTaskSnapshot: taskId=1046 not found
02-22 01:30:52.733 W/ActivityTaskManager( 1503): getTaskSnapshot: taskId=2046 not found
02-22 01:30:52.737 W/ActivityTaskManager( 1503): getTaskSnapshot: taskId=3046 not found
02-22 01:30:52.740 W/FreeFormWindowHelper( 1503): Current Display FreeFormTask is null
02-22 01:30:52.740 W/FreeFormWindowHelper( 1503): Current Display FreeFormTask is null
02-22 01:30:52.741 I/sysui_latency( 2514): [1,78]
02-22 01:30:52.742 W/ActivityTaskManager( 1503): getTaskSnapshot: taskId=1046 not found
02-22 01:30:52.742 W/ActivityTaskManager( 1503): getTaskSnapshot: taskId=2046 not found
02-22 01:30:52.742 W/ActivityTaskManager( 1503): getTaskSnapshot: taskId=3046 not found
02-22 01:30:52.743 I/input_interaction( 1503): Interaction with: edge-swipe (server), swipe-up (server), PointerEventDispatcher0 (server),
02-22 01:30:52.746 W/FreeFormWindowHelper( 1503): Current Display FreeFormTask is null
02-22 01:30:52.748 W/FreeFormWindowHelper( 1503): Current Display FreeFormTask is null
02-22 01:30:52.748 W/FreeFormWindowHelper( 1503): Current Display FreeFormTask is null
02-22 01:30:52.749 W/ActivityTaskManager( 1503): getTaskSnapshot: taskId=1046 not found
02-22 01:30:52.749 W/ActivityTaskManager( 1503): getTaskSnapshot: taskId=2046 not found
02-22 01:30:52.749 W/ActivityTaskManager( 1503): getTaskSnapshot: taskId=3046 not found
02-22 01:30:52.752 I/input_focus( 1503): [Focus leaving 1a9d499 com.android.music/com.android.music.MusicBrowserActivity (server),reason=NOT_FOCUSABLE]
02-22 01:30:52.753 I/input_focus( 1503): [Focus entering recents_animation_input_consumer (server),reason=setFocusedWindow]
02-22 01:30:52.754 W/FreeFormWindowHelper( 1503): Current Display FreeFormTask is null
02-22 01:30:52.754 W/FreeFormWindowHelper( 1503): Current Display FreeFormTask is null
02-22 01:30:52.755 I/sysui_multi_action( 1503): [319,12,322,67,325,1074,757,761,758,9,759,5,806,com.android.launcher3,871,com.android.launcher3.uioverrides.QuickstepLauncher,905,0,1320,4,1321,1]
02-22 01:30:52.909 W/FreeFormWindowHelper( 1503): exitRecentTasks type=0
02-22 01:30:52.913 W/FreeFormWindowHelper( 1503): Current Display FreeFormTask is null
02-22 01:30:52.913 W/FreeFormWindowHelper( 1503): Current Display FreeFormTask is null
02-22 01:30:52.932 I/commit_sys_config_file( 1503): [settings-1-0,4]
02-22 01:30:53.048 I/sysui_latency( 1503): [8,80]
02-22 01:30:53.435 I/input_interaction( 1503): Interaction with: a916dde StatusBar (server), edge-swipe (server), swipe-up (server), PointerEventDispatcher0 (server),
02-22 01:30:53.440 I/sysui_multi_action( 1966): [757,803,799,panel_open,802,1]
02-22 01:30:53.442 I/sysui_multi_action( 1966): [757,1328,758,4,1326,35,1327,1,1329,0]
02-22 01:30:53.510 I/sysui_multi_action( 1503): [757,127,758,1]
02-22 01:30:53.510 I/sysui_multi_action( 1503): [757,804,799,note_load,801,2,802,1]
02-22 01:30:53.510 I/notification_panel_revealed( 1503): 2
02-22 01:30:53.525 I/input_focus( 1503): [Focus request 91ac81d NotificationShade,reason=UpdateInputWindows]
02-22 01:30:53.534 I/sysui_multi_action( 1503): [757,128,758,1,793,1064553,794,0,795,1064553,796,26,798,0,806,android,857,DEVELOPER_IMPORTANT,858,4,947,0,1395,2,1500,1064148,1688,1]
02-22 01:30:53.534 I/sysui_multi_action( 1503): [757,804,799,note_freshness,801,1064553,802,1]
02-22 01:30:53.534 I/notification_visibility( 1503): [-1|android|26|null|1000,1,1064553,1064553,0,0]
02-22 01:30:53.534 I/sysui_multi_action( 1503): [757,128,758,1,793,1065156,794,0,795,1065156,796,32,798,1,806,android,857,USB,858,1,947,0,1395,2,1500,1065081,1688,1]
02-22 01:30:53.534 I/sysui_multi_action( 1503): [757,804,799,note_freshness,801,1065156,802,1]
02-22 01:30:53.534 I/notification_visibility( 1503): [-1|android|32|null|1000,1,1065156,1065156,0,1]
02-22 01:30:53.538 I/input_focus( 1503): [Focus leaving recents_animation_input_consumer (server),reason=setFocusedWindow]
02-22 01:30:53.538 I/input_focus( 1503): [Focus entering 91ac81d NotificationShade (server),reason=setFocusedWindow]
02-22 01:30:53.559 W/FreeFormWindowHelper( 1503): Current Display FreeFormTask is null
02-22 01:30:53.559 W/FreeFormWindowHelper( 1503): Current Display FreeFormTask is null
02-22 01:30:53.561 I/wm_task_moved( 1503): [1,1,8]
02-22 01:30:53.561 I/wm_task_moved( 1503): [41,1,2147483647]
02-22 01:30:53.561 I/wm_task_to_front( 1503): [0,41]
02-22 01:30:53.561 I/wm_focused_root_task( 1503): [0,0,1,46,RecentsAnimation.onAnimationFinished()]
02-22 01:30:53.561 I/wm_set_resumed_activity( 1503): [0,com.android.launcher3/.uioverrides.QuickstepLauncher,RecentsAnimation.onAnimationFinished()]
02-22 01:30:53.562 I/wm_pause_activity( 1503): [0,92612313,com.android.music/.MusicBrowserActivity,userLeaving=true,pauseBackTasks]
02-22 01:30:53.562 I/wm_add_to_stopping( 1503): [0,92612313,com.android.music/.MusicBrowserActivity,makeInvisible]
02-22 01:30:53.562 I/ActivityTaskManager( 1503): FOREGROUND_APPLICATION_CHANGED to com.android.launcher3.uioverrides.QuickstepLauncher
02-22 01:30:53.563 I/wm_set_resumed_activity( 1503): [0,com.android.launcher3/.uioverrides.QuickstepLauncher,resumeTopActivityInnerLocked]
02-22 01:30:53.564 I/wm_resume_activity( 1503): [0,229498384,41,com.android.launcher3/.uioverrides.QuickstepLauncher]
02-22 01:30:53.568 I/wm_on_resume_called( 2514): [229498384,com.android.launcher3.uioverrides.QuickstepLauncher,RESUME_ACTIVITY]
02-22 01:30:53.570 I/wm_on_top_resumed_lost_called( 4140): [92612313,com.android.music.MusicBrowserActivity,topStateChangedWhenResumed]
02-22 01:30:53.573 I/wm_stop_activity( 1503): [0,92612313,com.android.music/.MusicBrowserActivity]
02-22 01:30:53.574 I/wm_on_paused_called( 4140): [92612313,com.android.music.MusicBrowserActivity,performPause]
02-22 01:30:53.575 I/wm_on_top_resumed_gained_called( 2514): [229498384,com.android.launcher3.uioverrides.QuickstepLauncher,topStateChangedWhenResumed]
02-22 01:30:53.576 I/sysui_multi_action( 1503): [757,803,799,window_time_0,802,17]
02-22 01:30:53.578 I/sysui_multi_action( 1503): [757,803,799,window_time_0,802,0]
02-22 01:30:53.586 I/sysui_multi_action( 1966): [757,111,758,1]
02-22 01:30:53.587 I/sysui_multi_action( 1966): [757,126,758,1,759,126,927,0,928,1,1593,0]
02-22 01:30:53.587 I/sysui_multi_action( 1966): [757,113,758,1,759,113,927,1,928,1,1593,0]
02-22 01:30:53.587 I/sysui_multi_action( 1966): [757,0,758,1,759,0,927,2,928,0,1593,0]
02-22 01:30:53.587 I/sysui_multi_action( 1966): [757,0,758,1,759,0,927,3,928,0,1593,0]
02-22 01:30:53.587 I/sysui_multi_action( 1966): [757,491,758,1,759,491,927,4,928,0,1311,-1,1593,0]
02-22 01:30:53.587 I/sysui_multi_action( 1966): [757,0,758,1,759,0,927,5,928,0,1593,0]
02-22 01:30:53.587 I/sysui_multi_action( 1966): [757,111,758,1]
02-22 01:30:53.587 I/sysui_multi_action( 1966): [757,126,758,1,759,126,927,0,928,1,1593,0]
02-22 01:30:53.587 I/sysui_multi_action( 1966): [757,113,758,1,759,113,927,1,928,1,1593,0]
02-22 01:30:53.588 I/sysui_multi_action( 1966): [757,0,758,1,759,0,927,2,928,0,1593,0]
02-22 01:30:53.588 I/sysui_multi_action( 1966): [757,0,758,1,759,0,927,3,928,0,1593,0]
02-22 01:30:53.601 I/wm_on_stop_called( 4140): [92612313,com.android.music.MusicBrowserActivity,STOP_ACTIVITY_ITEM]
02-22 01:30:53.671 W/FreeFormWindowHelper( 1503): Current Display FreeFormTask is null
01-01 12:18:42.453 E/DTC_ETH,link_delay_work_func( 0): 3003, SQI=0, link=0
02-22 01:30:54.927 I/input_interaction( 1503): Interaction with: 91ac81d NotificationShade (server), edge-swipe (server), swipe-up (server), PointerEventDispatcher0 (server),
02-22 01:30:55.212 I/GameModeConfig( 1503): isGameModeOn = false
02-22 01:30:55.212 I/GameModeConfig( 1503): isGameModeOn = false
02-22 01:30:55.212 I/GameModeConfig( 1503): isGameModeOn = false
02-22 01:30:55.212 I/GameModeConfig( 1503): isGameModeOn = false
02-22 01:30:55.259 I/notification_enqueue( 1503): [10087,4140,com.android.music,1,NULL,0,Notification(channel=Channel-music shortcut=null contentView=null vibrate=null sound=null defaults=0x0 flags=0x2 color=0x00000000 category=transport actions=4 vis=PRIVATE),1]
02-22 01:30:55.461 I/sysui_multi_action( 1503): [757,1501,758,1,793,76701,794,0,795,202,796,1,806,com.android.music,857,Channel-music,858,2,947,0,1500,0,1641,transport,1688,1,1745,1043716538]
02-22 01:30:55.461 I/sysui_multi_action( 1503): [757,804,799,note_interruptive,801,0,802,1]
02-22 01:30:55.461 I/GameModeConfig( 1503): isGameModeOn = false
02-22 01:30:55.463 W/NotificationHistory( 1503): Attempted to add notif for locked/gone/disabled user 0
02-22 01:30:57.210 I/GameModeConfig( 1503): isGameModeOn = false
02-22 01:30:57.210 I/GameModeConfig( 1503): isGameModeOn = false
02-22 01:30:57.210 I/GameModeConfig( 1503): isGameModeOn = false
02-22 01:30:57.210 I/GameModeConfig( 1503): isGameModeOn = false
02-22 01:30:57.247 I/notification_enqueue( 1503): [10087,4140,com.android.music,1,NULL,0,Notification(channel=Channel-music shortcut=null contentView=null vibrate=null sound=null defaults=0x0 flags=0x2 color=0x00000000 category=transport actions=4 vis=PRIVATE),1]
02-22 01:30:57.449 I/sysui_multi_action( 1503): [757,1501,758,1,793,78689,794,0,795,203,796,1,806,com.android.music,857,Channel-music,858,2,947,0,1500,0,1641,transport,1688,1,1745,1043716538]
02-22 01:30:57.449 I/sysui_multi_action( 1503): [757,804,799,note_interruptive,801,0,802,1]
02-22 01:30:57.450 I/GameModeConfig( 1503): isGameModeOn = false
02-22 01:30:57.452 W/NotificationHistory( 1503): Attempted to add notif for locked/gone/disabled user 0
02-22 01:30:58.929 I/GameModeConfig( 1503): isGameModeOn = false
02-22 01:30:58.929 I/GameModeConfig( 1503): isGameModeOn = false
02-22 01:30:58.929 I/GameModeConfig( 1503): isGameModeOn = false
02-22 01:30:58.929 I/GameModeConfig( 1503): isGameModeOn = false
02-22 01:30:58.944 I/notification_enqueue( 1503): [10087,4140,com.android.music,1,NULL,0,Notification(channel=Channel-music shortcut=null contentView=null vibrate=null sound=null defaults=0x0 flags=0x2 color=0x00000000 category=transport actions=4 vis=PRIVATE),1]
02-22 01:30:59.146 I/sysui_multi_action( 1503): [757,1501,758,1,793,80386,794,0,795,202,796,1,806,com.android.music,857,Channel-music,858,2,947,0,1500,0,1641,transport,1688,1,1745,1043716538]
02-22 01:30:59.146 I/sysui_multi_action( 1503): [757,804,799,note_interruptive,801,0,802,1]
02-22 01:30:59.147 I/GameModeConfig( 1503): isGameModeOn = false
02-22 01:30:59.149 W/NotificationHistory( 1503): Attempted to add notif for locked/gone/disabled user 0
01-01 12:18:47.573 E/DTC_ETH,link_delay_work_func( 0): 3003, SQI=0, link=0
02-22 01:31:00.544 I/GameModeConfig( 1503): isGameModeOn = false
02-22 01:31:00.544 I/GameModeConfig( 1503): isGameModeOn = false
02-22 01:31:00.544 I/GameModeConfig( 1503): isGameModeOn = false
02-22 01:31:00.544 I/GameModeConfig( 1503): isGameModeOn = false
02-22 01:31:00.555 I/notification_enqueue( 1503): [10087,4140,com.android.music,1,NULL,0,Notification(channel=Channel-music shortcut=null contentView=null vibrate=null sound=null defaults=0x0 flags=0x2 color=0x00000000 category=transport actions=4 vis=PRIVATE),1]
02-22 01:31:00.756 I/sysui_multi_action( 1503): [757,1501,758,1,793,81997,794,0,795,202,796,1,806,com.android.music,857,Channel-music,858,2,947,0,1500,0,1641,transport,1688,1,1745,1043716538]
02-22 01:31:00.757 I/sysui_multi_action( 1503): [757,804,799,note_interruptive,801,0,802,1]
02-22 01:31:00.757 I/GameModeConfig( 1503): isGameModeOn = false
02-22 01:31:00.759 W/NotificationHistory( 1503): Attempted to add notif for locked/gone/disabled user 0
02-22 01:31:02.401 I/GameModeConfig( 1503): isGameModeOn = false
02-22 01:31:02.401 I/GameModeConfig( 1503): isGameModeOn = false
02-22 01:31:02.401 I/GameModeConfig( 1503): isGameModeOn = false
02-22 01:31:02.401 I/GameModeConfig( 1503): isGameModeOn = false
02-22 01:31:02.417 I/notification_enqueue( 1503): [10087,4140,com.android.music,1,NULL,0,Notification(channel=Channel-music shortcut=null contentView=null vibrate=null sound=null defaults=0x0 flags=0x2 color=0x00000000 category=transport actions=4 vis=PRIVATE),1]
02-22 01:31:02.619 I/sysui_multi_action( 1503): [757,1501,758,1,793,83860,794,0,795,204,796,1,806,com.android.music,857,Channel-music,858,2,947,0,1500,0,1641,transport,1688,1,1745,1043716538]
02-22 01:31:02.619 I/sysui_multi_action( 1503): [757,804,799,note_interruptive,801,0,802,1]
02-22 01:31:02.620 I/GameModeConfig( 1503): isGameModeOn = false
02-22 01:31:02.622 W/NotificationHistory( 1503): Attempted to add notif for locked/gone/disabled user 0
01-01 12:18:52.208 I/afe_close( 0): port_id = 0x9000
02-22 01:31:04.161 I/GameModeConfig( 1503): isGameModeOn = false
02-22 01:31:04.161 I/GameModeConfig( 1503): isGameModeOn = false
02-22 01:31:04.161 I/GameModeConfig( 1503): isGameModeOn = false
02-22 01:31:04.161 I/GameModeConfig( 1503): isGameModeOn = false
02-22 01:31:04.173 I/notification_enqueue( 1503): [10087,4140,com.android.music,1,NULL,0,Notification(channel=Channel-music shortcut=null contentView=null vibrate=null sound=null defaults=0x0 flags=0x2 color=0x00000000 category=transport actions=4 vis=PRIVATE),1]
01-01 12:18:52.331 I/afe_find_cal_topo_id_by_port( 0): port id: 0x9000, dev_acdb_id: 0
01-01 12:18:52.331 I/afe_find_cal_topo_id_by_port( 0): top_id:112fc acdb_id:15 afe_port:0x9000
01-01 12:18:52.331 I/afe_get_cal_topology_id( 0): port_id = 0x9000 acdb_id = 15 topology_id = 0x112fc cal_type_index=8 ret=0
01-01 12:18:52.331 I/afe_send_port_topology_id( 0): AFE set topology id 0x112fc enable for port 0x9000 ret 0
01-01 12:18:52.331 I/send_afe_cal_type( 0): cal_index is 0
01-01 12:18:52.331 I/send_afe_cal_type( 0): dev_acdb_id[55] is 0
01-01 12:18:52.331 I/send_afe_cal_type( 0): Sending cal_index cal 0
01-01 12:18:52.331 E/send_afe_cal_type( 0): No cal sent for cal_index 0, port_id = 0x9000! ret -22
01-01 12:18:52.332 I/afe_send_hw_delay( 0): port_id 0x9000 rate 48000 delay_usec 474 status 0
02-22 01:31:04.374 I/sysui_multi_action( 1503): [757,1501,758,1,793,85615,794,0,795,202,796,1,806,com.android.music,857,Channel-music,858,2,947,0,1500,0,1641,transport,1688,1,1745,1043716538]
02-22 01:31:04.375 I/sysui_multi_action( 1503): [757,804,799,note_interruptive,801,0,802,1]
02-22 01:31:04.375 I/GameModeConfig( 1503): isGameModeOn = false
02-22 01:31:04.378 W/NotificationHistory( 1503): Attempted to add notif for locked/gone/disabled user 0
01-01 12:18:52.693 E/DTC_ETH,link_delay_work_func( 0): 3003, SQI=0, link=0
02-22 01:31:05.758 I/GameModeConfig( 1503): isGameModeOn = false
02-22 01:31:05.758 I/GameModeConfig( 1503): isGameModeOn = false
02-22 01:31:05.758 I/GameModeConfig( 1503): isGameModeOn = false
02-22 01:31:05.758 I/GameModeConfig( 1503): isGameModeOn = false
02-22 01:31:05.769 I/notification_enqueue( 1503): [10087,4140,com.android.music,1,NULL,0,Notification(channel=Channel-music shortcut=null contentView=null vibrate=null sound=null defaults=0x0 flags=0x2 color=0x00000000 category=transport actions=4 vis=PRIVATE),1]
02-22 01:31:05.970 I/sysui_multi_action( 1503): [757,1501,758,1,793,87211,794,0,795,202,796,1,806,com.android.music,857,Channel-music,858,2,947,0,1500,0,1641,transport,1688,1,1745,1043716538]
02-22 01:31:05.971 I/sysui_multi_action( 1503): [757,804,799,note_interruptive,801,0,802,1]
02-22 01:31:05.971 I/GameModeConfig( 1503): isGameModeOn = false
02-22 01:31:05.974 W/NotificationHistory( 1503): Attempted to add notif for locked/gone/disabled user 0
02-22 01:31:07.163 I/GameModeConfig( 1503): isGameModeOn = false
02-22 01:31:07.163 I/GameModeConfig( 1503): isGameModeOn = false
02-22 01:31:07.164 I/GameModeConfig( 1503): isGameModeOn = false
02-22 01:31:07.164 I/GameModeConfig( 1503): isGameModeOn = false
02-22 01:31:07.194 I/notification_enqueue( 1503): [10087,4140,com.android.music,1,NULL,0,Notification(channel=Channel-music shortcut=null contentView=null vibrate=null sound=null defaults=0x0 flags=0x2 color=0x00000000 category=transport actions=4 vis=PRIVATE),1]
02-22 01:31:07.396 I/sysui_multi_action( 1503): [757,1501,758,1,793,88636,794,0,795,202,796,1,806,com.android.music,857,Channel-music,858,2,947,0,1500,0,1641,transport,1688,1,1745,1043716538]
02-22 01:31:07.396 I/sysui_multi_action( 1503): [757,804,799,note_interruptive,801,0,802,1]
02-22 01:31:07.397 I/GameModeConfig( 1503): isGameModeOn = false
02-22 01:31:07.399 W/NotificationHistory( 1503): Attempted to add notif for locked/gone/disabled user 0
02-22 01:31:08.608 I/GameModeConfig( 1503): isGameModeOn = false
02-22 01:31:08.609 I/GameModeConfig( 1503): isGameModeOn = false
02-22 01:31:08.609 I/GameModeConfig( 1503): isGameModeOn = false
02-22 01:31:08.609 I/GameModeConfig( 1503): isGameModeOn = false
02-22 01:31:08.661 I/notification_enqueue( 1503): [10087,4140,com.android.music,1,NULL,0,Notification(channel=Channel-music shortcut=null contentView=null vibrate=null sound=null defaults=0x0 flags=0x2 color=0x00000000 category=transport actions=4 vis=PRIVATE),1]
02-22 01:31:08.863 I/sysui_multi_action( 1503): [757,1501,758,1,793,90104,794,0,795,203,796,1,806,com.android.music,857,Channel-music,858,2,947,0,1500,0,1641,transport,1688,1,1745,1043716538]
02-22 01:31:08.864 I/sysui_multi_action( 1503): [757,804,799,note_interruptive,801,0,802,1]
02-22 01:31:08.864 I/GameModeConfig( 1503): isGameModeOn = false
02-22 01:31:08.867 W/NotificationHistory( 1503): Attempted to add notif for locked/gone/disabled user 0
01-01 12:18:57.813 E/DTC_ETH,link_delay_work_func( 0): 3003, SQI=0, link=0
02-22 01:31:10.034 I/GameModeConfig( 1503): isGameModeOn = false
02-22 01:31:10.034 I/GameModeConfig( 1503): isGameModeOn = false
02-22 01:31:10.034 I/GameModeConfig( 1503): isGameModeOn = false
02-22 01:31:10.034 I/GameModeConfig( 1503): isGameModeOn = false
02-22 01:31:10.074 I/notification_enqueue( 1503): [10087,4140,com.android.music,1,NULL,0,Notification(channel=Channel-music shortcut=null contentView=null vibrate=null sound=null defaults=0x0 flags=0x2 color=0x00000000 category=transport actions=4 vis=PRIVATE),1]
02-22 01:31:10.276 I/sysui_multi_action( 1503): [757,1501,758,1,793,91516,794,0,795,202,796,1,806,com.android.music,857,Channel-music,858,2,947,0,1500,0,1641,transport,1688,1,1745,1043716538]
02-22 01:31:10.276 I/sysui_multi_action( 1503): [757,804,799,note_interruptive,801,0,802,1]
02-22 01:31:10.277 I/GameModeConfig( 1503): isGameModeOn = false
02-22 01:31:10.279 W/NotificationHistory( 1503): Attempted to add notif for locked/gone/disabled user 0
01-01 12:19:02.933 E/DTC_ETH,link_delay_work_func( 0): 3003, SQI=0, link=0
01-01 12:19:05.707 I/[schedu][0x4ecc2cfd3][01:31:17.643066] wlan( 0): [3455:I:OSIF] scan start scan id 40970
01-01 12:19:06.869 I/[schedu][0x4ee173d53][01:31:18.805060] wlan( 0): [3455:I:OSIF] vdev 0, scan id 40970 type COMPLETED(1) reason COMPLETED(1) scan found 77 bss
02-22 01:31:18.829 I/liblog ( 1386): 32
01-01 12:19:08.053 E/DTC_ETH,link_delay_work_func( 0): 3003, SQI=0, link=0
01-01 12:19:13.173 E/DTC_ETH,link_delay_work_func( 0): 3003, SQI=0, link=0
01-01 12:19:18.293 E/DTC_ETH,link_delay_work_func( 0): 3003, SQI=0, link=0
01-01 12:19:23.413 E/DTC_ETH,link_delay_work_func( 0): 3003, SQI=0, link=0
02-22 01:31:38.836 I/GameModeConfig( 1503): isGameModeOn = false
02-22 01:31:38.839 I/GameModeConfig( 1503): isGameModeOn = false
02-22 01:31:38.839 I/GameModeConfig( 1503): isGameModeOn = false
02-22 01:31:38.839 I/GameModeConfig( 1503): isGameModeOn = false
02-22 01:31:38.868 I/notification_enqueue( 1503): [10087,4140,com.android.music,1,NULL,0,Notification(channel=Channel-music shortcut=null contentView=null vibrate=null sound=null defaults=0x0 flags=0x0 color=0x00000000 category=transport actions=4 vis=PRIVATE),1]
02-22 01:31:38.894 I/snet_event_log( 1503): [172655291,-1,]
02-22 01:31:39.070 I/GameModeConfig( 1503): isGameModeOn = false
02-22 01:31:39.984 I/GameModeConfig( 1503): isGameModeOn = false
02-22 01:31:39.985 I/GameModeConfig( 1503): isGameModeOn = false
02-22 01:31:39.985 I/GameModeConfig( 1503): isGameModeOn = false
02-22 01:31:39.985 I/GameModeConfig( 1503): isGameModeOn = false
02-22 01:31:39.987 I/sysui_multi_action( 1966): [757,111,758,2]
02-22 01:31:39.987 I/notification_enqueue( 1503): [10078,1966,com.android.systemui,2048,NULL,0,Notification(channel=updateNotification shortcut=null contentView=null vibrate=null sound=null defaults=0x0 flags=0x0 color=0x00000000 vis=PRIVATE),1]
02-22 01:31:39.988 I/sysui_multi_action( 1966): [757,111,758,2]
02-22 01:31:40.198 I/GameModeConfig( 1503): isGameModeOn = false
02-22 01:31:40.205 I/input_focus( 1503): [Focus request e3555c3 com.android.launcher3/com.android.launcher3.uioverrides.QuickstepLauncher,reason=UpdateInputWindows]
02-22 01:31:40.211 I/sysui_multi_action( 1503): [757,128,758,2,793,1111229,794,46676,795,1111229,796,26,798,0,806,android,857,DEVELOPER_IMPORTANT,858,4,947,0,1395,2,1500,1110824,1688,1]
02-22 01:31:40.211 I/notification_visibility( 1503): [-1|android|26|null|1000,0,1111229,1111229,0,0]
02-22 01:31:40.212 I/sysui_multi_action( 1503): [757,128,758,2,793,1111833,794,46677,795,1111833,796,32,798,1,806,android,857,USB,858,1,947,0,1395,2,1500,1111758,1688,1]
02-22 01:31:40.212 I/notification_visibility( 1503): [-1|android|32|null|1000,0,1111833,1111833,0,1]
02-22 01:31:40.213 I/sysui_multi_action( 1503): [757,127,758,2]
02-22 01:31:40.213 I/notification_panel_hidden( 1503):
02-22 01:31:40.233 I/input_focus( 1503): [Focus leaving 91ac81d NotificationShade (server),reason=NOT_FOCUSABLE]
02-22 01:31:40.234 I/input_focus( 1503): [Focus entering e3555c3 com.android.launcher3/com.android.launcher3.uioverrides.QuickstepLauncher (server),reason=setFocusedWindow]
01-01 12:19:28.533 E/DTC_ETH,link_delay_work_func( 0): 3003, SQI=0, link=0
02-22 01:31:40.726 I/input_interaction( 1503): Interaction with: e3555c3 com.android.launcher3/com.android.launcher3.uioverrides.QuickstepLauncher (server), 1fcc036 com.android.systemui.ImageWallpaper (server), edge-swipe (server), swipe-up (server), PointerEventDispatcher0 (server),
02-22 01:31:40.871 I/thunderperf( 1503): PlatormCompat.setOverrides: Uid1=10080 Pid1=2514 Uid2=10080 Pid2=2514
02-22 01:31:40.871 I/thunderperf( 1503): PlatormCompat.setOverrides: needCheck:false
02-22 01:31:40.872 I/thunderperf( 1503): CompatConfig.addOverrideUnsafe: bef-state=1
02-22 01:31:40.873 E/thunderperf( 1503): CompatConfig.addOverrideUnsafe: exception:java.lang.SecurityException: Cannot override a change on a non-debuggable app and user build.
02-22 01:31:40.873 I/thunderperf( 1503): CompatConfig.addOverrideUnsafe: aft-state=1
02-22 01:31:40.876 I/thunderperf( 1503): CompatConfig.addOverrideUnsafe: bef-state=1
02-22 01:31:40.876 E/thunderperf( 1503): CompatConfig.addOverrideUnsafe: exception:java.lang.SecurityException: Cannot override a change on a non-debuggable app and user build.
02-22 01:31:40.876 I/thunderperf( 1503): CompatConfig.addOverrideUnsafe: aft-state=1
02-22 01:31:40.877 I/thunderperf( 1503): CompatConfig.addOverrideUnsafe: bef-state=1
02-22 01:31:40.878 E/thunderperf( 1503): CompatConfig.addOverrideUnsafe: exception:java.lang.SecurityException: Cannot override a change on a non-debuggable app and user build.
02-22 01:31:40.878 I/thunderperf( 1503): CompatConfig.addOverrideUnsafe: aft-state=1
02-22 01:31:40.878 I/thunderperf( 1503): CompatConfig.addOverrideUnsafe: bef-state=1
02-22 01:31:40.879 E/thunderperf( 1503): CompatConfig.addOverrideUnsafe: exception:java.lang.SecurityException: Cannot override a change on a non-debuggable app and user build.
02-22 01:31:40.879 I/thunderperf( 1503): CompatConfig.addOverrideUnsafe: aft-state=1
02-22 01:31:40.880 I/thunderperf( 1503): CompatConfig.addOverrideUnsafe: bef-state=1
02-22 01:31:40.880 E/thunderperf( 1503): CompatConfig.addOverrideUnsafe: exception:java.lang.SecurityException: Cannot override a change on a non-debuggable app and user build.
02-22 01:31:40.880 I/thunderperf( 1503): CompatConfig.addOverrideUnsafe: aft-state=1
02-22 01:31:40.881 I/thunderperf( 1503): CompatConfig.addOverrideUnsafe: bef-state=1
02-22 01:31:40.882 E/thunderperf( 1503): CompatConfig.addOverrideUnsafe: exception:java.lang.SecurityException: Cannot override a change on a non-debuggable app and user build.
02-22 01:31:40.882 I/thunderperf( 1503): CompatConfig.addOverrideUnsafe: aft-state=1
02-22 01:31:40.883 I/thunderperf( 1503): CompatConfig.addOverrideUnsafe: bef-state=1
02-22 01:31:40.883 E/thunderperf( 1503): CompatConfig.addOverrideUnsafe: exception:java.lang.SecurityException: Cannot override a change on a non-debuggable app and user build.
02-22 01:31:40.883 I/thunderperf( 1503): CompatConfig.addOverrideUnsafe: aft-state=1
02-22 01:31:40.884 I/thunderperf( 1503): CompatConfig.addOverrideUnsafe: bef-state=1
02-22 01:31:40.884 E/thunderperf( 1503): CompatConfig.addOverrideUnsafe: exception:java.lang.SecurityException: Cannot override a change on a non-debuggable app and user build.
02-22 01:31:40.885 I/thunderperf( 1503): CompatConfig.addOverrideUnsafe: aft-state=1
02-22 01:31:40.885 I/thunderperf( 1503): CompatConfig.addOverrideUnsafe: bef-state=1
02-22 01:31:40.885 E/thunderperf( 1503): CompatConfig.addOverrideUnsafe: exception:java.lang.SecurityException: Cannot override a change on a non-debuggable app and user build.
02-22 01:31:40.885 I/thunderperf( 1503): CompatConfig.addOverrideUnsafe: aft-state=1
02-22 01:31:40.886 I/thunderperf( 1503): CompatConfig.addOverrideUnsafe: bef-state=1
02-22 01:31:40.886 E/thunderperf( 1503): CompatConfig.addOverrideUnsafe: exception:java.lang.SecurityException: Cannot override a change on a non-debuggable app and user build.
02-22 01:31:40.886 I/thunderperf( 1503): CompatConfig.addOverrideUnsafe: aft-state=1
02-22 01:31:40.887 I/thunderperf( 1503): CompatConfig.addOverrideUnsafe: bef-state=1
02-22 01:31:40.887 E/thunderperf( 1503): CompatConfig.addOverrideUnsafe: exception:java.lang.SecurityException: Cannot override a change on a non-debuggable app and user build.
02-22 01:31:40.887 I/thunderperf( 1503): CompatConfig.addOverrideUnsafe: aft-state=1
02-22 01:31:40.888 I/thunderperf( 1503): CompatConfig.addOverrideUnsafe: bef-state=1
02-22 01:31:40.888 E/thunderperf( 1503): CompatConfig.addOverrideUnsafe: exception:java.lang.SecurityException: Cannot override a change on a non-debuggable app and user build.
02-22 01:31:40.888 I/thunderperf( 1503): CompatConfig.addOverrideUnsafe: aft-state=1
02-22 01:31:40.889 I/thunderperf( 1503): CompatConfig.addOverrideUnsafe: bef-state=1
02-22 01:31:40.889 E/thunderperf( 1503): CompatConfig.addOverrideUnsafe: exception:java.lang.SecurityException: Cannot override a change on a non-debuggable app and user build.
02-22 01:31:40.889 I/thunderperf( 1503): CompatConfig.addOverrideUnsafe: aft-state=1
02-22 01:31:40.890 I/thunderperf( 1503): CompatConfig.addOverrideUnsafe: bef-state=1
02-22 01:31:40.890 E/thunderperf( 1503): CompatConfig.addOverrideUnsafe: exception:java.lang.SecurityException: Cannot override a change on a non-debuggable app and user build.
02-22 01:31:40.890 I/thunderperf( 1503): CompatConfig.addOverrideUnsafe: aft-state=1
02-22 01:31:40.895 I/ActivityTaskManager( 1503): START u0 {act=android.intent.action.MAIN cat=[android.intent.category.LAUNCHER] flg=0x10200000 cmp=com.android.music/.MusicBrowserActivity bnds=[2128,310][2314,510]} from uid 10080
02-22 01:31:40.897 I/wm_task_moved( 1503): [46,1,8]
02-22 01:31:40.897 I/wm_task_to_front( 1503): [0,46]
02-22 01:31:40.898 I/wm_focused_root_task( 1503): [0,0,46,1,bringingFoundTaskToFront]
02-22 01:31:40.898 I/wm_set_resumed_activity( 1503): [0,com.android.music/.MusicBrowserActivity,bringingFoundTaskToFront]
02-22 01:31:40.899 I/wm_new_intent( 1503): [0,92612313,46,com.android.music/.MusicBrowserActivity,android.intent.action.MAIN,NULL,NULL,270532608]
02-22 01:31:40.901 I/wm_pause_activity( 1503): [0,229498384,com.android.launcher3/.uioverrides.QuickstepLauncher,userLeaving=true,pauseBackTasks]
02-22 01:31:40.908 I/wm_on_top_resumed_lost_called( 2514): [229498384,com.android.launcher3.uioverrides.QuickstepLauncher,topStateChangedWhenResumed]
02-22 01:31:40.912 I/wm_on_paused_called( 2514): [229498384,com.android.launcher3.uioverrides.QuickstepLauncher,performPause]
02-22 01:31:40.913 I/ActivityTaskManager( 1503): FOREGROUND_APPLICATION_CHANGED to com.android.music.MusicBrowserActivity
02-22 01:31:40.914 I/wm_set_resumed_activity( 1503): [0,com.android.music/.MusicBrowserActivity,resumeTopActivityInnerLocked]
02-22 01:31:40.914 I/wm_add_to_stopping( 1503): [0,229498384,com.android.launcher3/.uioverrides.QuickstepLauncher,makeInvisible]
02-22 01:31:40.920 I/wm_resume_activity( 1503): [0,92612313,46,com.android.music/.MusicBrowserActivity]
02-22 01:31:40.933 I/wm_on_restart_called( 4140): [92612313,com.android.music.MusicBrowserActivity,performRestartActivity]
02-22 01:31:40.934 I/wm_on_start_called( 4140): [92612313,com.android.music.MusicBrowserActivity,handleStartActivity]
02-22 01:31:40.936 I/sysui_multi_action( 1503): [757,803,799,window_time_0,802,47]
02-22 01:31:40.944 I/wm_on_resume_called( 4140): [92612313,com.android.music.MusicBrowserActivity,RESUME_ACTIVITY]
02-22 01:31:40.946 I/wm_on_top_resumed_gained_called( 4140): [92612313,com.android.music.MusicBrowserActivity,topWhenResuming]
02-22 01:31:40.951 I/input_focus( 1503): [Focus leaving e3555c3 com.android.launcher3/com.android.launcher3.uioverrides.QuickstepLauncher (server),reason=NO_WINDOW]
02-22 01:31:40.955 I/input_focus( 1503): [Focus request 1a9d499 com.android.music/com.android.music.MusicBrowserActivity,reason=UpdateInputWindows]
02-22 01:31:40.962 I/GameModeConfig( 1503): isGameModeOn = false
02-22 01:31:40.962 I/GameModeConfig( 1503): isGameModeOn = false
02-22 01:31:40.962 I/GameModeConfig( 1503): isGameModeOn = false
02-22 01:31:40.962 I/GameModeConfig( 1503): isGameModeOn = false
02-22 01:31:40.968 I/sysui_multi_action( 1503): [319,33,321,30,322,69,325,1122,757,761,758,9,759,4,806,com.android.music,871,com.android.music.MusicBrowserActivity,904,com.android.launcher3,905,0,1320,4,1321,1]
02-22 01:31:40.970 I/input_focus( 1503): [Focus entering 1a9d499 com.android.music/com.android.music.MusicBrowserActivity (server),reason=setFocusedWindow]
02-22 01:31:40.989 I/notification_enqueue( 1503): [10087,4140,com.android.music,1,NULL,0,Notification(channel=Channel-music shortcut=null contentView=null vibrate=null sound=null defaults=0x0 flags=0x0 color=0x00000000 category=transport actions=4 vis=PRIVATE),1]
02-22 01:31:40.989 I/notification_enqueue( 1503): [10087,4140,com.android.music,1,NULL,0,Notification(channel=Channel-music shortcut=null contentView=null vibrate=null sound=null defaults=0x0 flags=0x40 color=0x00000000 category=transport actions=4 vis=PRIVATE),1]
02-22 01:31:40.995 I/GameModeConfig( 1503): isGameModeOn = false
02-22 01:31:40.996 I/GameModeConfig( 1503): isGameModeOn = false
02-22 01:31:40.996 I/GameModeConfig( 1503): isGameModeOn = false
02-22 01:31:40.996 I/GameModeConfig( 1503): isGameModeOn = false
02-22 01:31:41.014 I/notification_enqueue( 1503): [10087,4140,com.android.music,1,NULL,0,Notification(channel=Channel-music shortcut=null contentView=null vibrate=null sound=null defaults=0x0 flags=0x40 color=0x00000000 category=transport actions=4 vis=PRIVATE),1]
02-22 01:31:41.015 I/notification_enqueue( 1503): [10087,4140,com.android.music,1,NULL,0,Notification(channel=Channel-music shortcut=null contentView=null vibrate=null sound=null defaults=0x0 flags=0x40 color=0x00000000 category=transport actions=4 vis=PRIVATE),1]
02-22 01:31:41.022 W/FreeFormWindowHelper( 1503): Current Display FreeFormTask is null
02-22 01:31:41.190 I/GameModeConfig( 1503): isGameModeOn = false
02-22 01:31:41.191 I/GameModeConfig( 1503): isGameModeOn = false
02-22 01:31:41.215 I/GameModeConfig( 1503): isGameModeOn = false
02-22 01:31:41.216 I/GameModeConfig( 1503): isGameModeOn = false
02-22 01:31:41.474 I/wm_stop_activity( 1503): [0,229498384,com.android.launcher3/.uioverrides.QuickstepLauncher]
02-22 01:31:41.500 I/wm_on_stop_called( 2514): [229498384,com.android.launcher3.uioverrides.QuickstepLauncher,STOP_ACTIVITY_ITEM]
01-01 12:19:29.984 I/afe_close( 0): port_id = 0x9000
02-22 01:31:43.403 I/input_interaction( 1503): Interaction with: 1a9d499 com.android.music/com.android.music.MusicBrowserActivity (server), edge-swipe (server), swipe-up (server), PointerEventDispatcher0 (server),
02-22 01:31:43.920 E/TaskPersister( 1503): File error accessing recents directory (directory doesn't exist?).
01-01 12:19:33.653 E/DTC_ETH,link_delay_work_func( 0): 3003, SQI=0, link=0
02-22 01:31:45.761 I/GameModeConfig( 1503): isGameModeOn = false
02-22 01:31:45.761 I/GameModeConfig( 1503): isGameModeOn = false
02-22 01:31:45.761 I/GameModeConfig( 1503): isGameModeOn = false
02-22 01:31:45.761 I/GameModeConfig( 1503): isGameModeOn = false
02-22 01:31:45.794 I/notification_enqueue( 1503): [10087,4140,com.android.music,1,NULL,0,Notification(channel=Channel-music shortcut=null contentView=null vibrate=null sound=null defaults=0x0 flags=0x42 color=0x00000000 category=transport actions=4 vis=PRIVATE),1]
01-01 12:19:33.913 I/afe_find_cal_topo_id_by_port( 0): port id: 0x9000, dev_acdb_id: 0
01-01 12:19:33.913 I/afe_find_cal_topo_id_by_port( 0): top_id:112fc acdb_id:15 afe_port:0x9000
01-01 12:19:33.913 I/afe_get_cal_topology_id( 0): port_id = 0x9000 acdb_id = 15 topology_id = 0x112fc cal_type_index=8 ret=0
01-01 12:19:33.913 I/afe_send_port_topology_id( 0): AFE set topology id 0x112fc enable for port 0x9000 ret 0
01-01 12:19:33.913 I/send_afe_cal_type( 0): cal_index is 0
01-01 12:19:33.913 I/send_afe_cal_type( 0): dev_acdb_id[55] is 0
01-01 12:19:33.913 I/send_afe_cal_type( 0): Sending cal_index cal 0
01-01 12:19:33.913 E/send_afe_cal_type( 0): No cal sent for cal_index 0, port_id = 0x9000! ret -22
01-01 12:19:33.913 I/afe_send_hw_delay( 0): port_id 0x9000 rate 48000 delay_usec 474 status 0
02-22 01:31:45.995 I/GameModeConfig( 1503): isGameModeOn = false
02-22 01:31:46.435 W/FreeFormWindowHelper( 1503): Current Display FreeFormTask is null
02-22 01:31:46.435 I/wm_task_moved( 1503): [1,0,0]
02-22 01:31:46.436 I/wm_task_moved( 1503): [1,0,7]
02-22 01:31:46.448 I/wm_on_restart_called( 2514): [229498384,com.android.launcher3.uioverrides.QuickstepLauncher,performRestartActivity]
02-22 01:31:46.449 W/FreeFormWindowHelper( 1503): Current Display FreeFormTask is null
02-22 01:31:46.450 W/FreeFormWindowHelper( 1503): Current Display FreeFormTask is null
02-22 01:31:46.481 I/wm_on_start_called( 2514): [229498384,com.android.launcher3.uioverrides.QuickstepLauncher,handleStartActivity]
02-22 01:31:46.483 W/ActivityTaskManager( 1503): getTaskSnapshot: taskId=1046 not found
02-22 01:31:46.488 W/ActivityTaskManager( 1503): getTaskSnapshot: taskId=2046 not found
02-22 01:31:46.489 W/FreeFormWindowHelper( 1503): Current Display FreeFormTask is null
02-22 01:31:46.490 W/FreeFormWindowHelper( 1503): Current Display FreeFormTask is null
02-22 01:31:46.491 W/ActivityTaskManager( 1503): getTaskSnapshot: taskId=3046 not found
02-22 01:31:46.499 I/view_enqueue_input_event( 4140): [Motion - Cancel,com.android.music/com.android.music.MusicBrowserActivity]
02-22 01:31:46.502 W/ActivityTaskManager( 1503): getTaskSnapshot: taskId=1046 not found
02-22 01:31:46.502 I/sysui_latency( 2514): [1,75]
02-22 01:31:46.502 W/ActivityTaskManager( 1503): getTaskSnapshot: taskId=2046 not found
02-22 01:31:46.503 W/ActivityTaskManager( 1503): getTaskSnapshot: taskId=3046 not found
02-22 01:31:46.505 W/ActivityTaskManager( 1503): getTaskSnapshot: taskId=1046 not found
02-22 01:31:46.505 W/FreeFormWindowHelper( 1503): Current Display FreeFormTask is null
02-22 01:31:46.505 W/FreeFormWindowHelper( 1503): Current Display FreeFormTask is null
02-22 01:31:46.505 W/ActivityTaskManager( 1503): getTaskSnapshot: taskId=2046 not found
02-22 01:31:46.506 W/ActivityTaskManager( 1503): getTaskSnapshot: taskId=3046 not found
02-22 01:31:46.507 W/FreeFormWindowHelper( 1503): Current Display FreeFormTask is null
02-22 01:31:46.507 I/input_focus( 1503): [Focus request recents_animation_input_consumer,reason=UpdateInputWindows]
02-22 01:31:46.509 W/ActivityTaskManager( 1503): getTaskSnapshot: taskId=1046 not found
02-22 01:31:46.510 I/sysui_multi_action( 1503): [319,9,322,64,325,1128,757,761,758,9,759,5,806,com.android.launcher3,871,com.android.launcher3.uioverrides.QuickstepLauncher,905,0,1320,4,1321,1]
02-22 01:31:46.510 I/input_interaction( 1503): Interaction with: edge-swipe (server), swipe-up (server), PointerEventDispatcher0 (server),
02-22 01:31:46.511 W/ActivityTaskManager( 1503): getTaskSnapshot: taskId=2046 not found
02-22 01:31:46.511 W/ActivityTaskManager( 1503): getTaskSnapshot: taskId=3046 not found
02-22 01:31:46.513 W/FreeFormWindowHelper( 1503): Current Display FreeFormTask is null
02-22 01:31:46.513 W/FreeFormWindowHelper( 1503): Current Display FreeFormTask is null
02-22 01:31:46.531 W/FreeFormWindowHelper( 1503): Current Display FreeFormTask is null
02-22 01:31:46.531 I/input_focus( 1503): [Focus leaving 1a9d499 com.android.music/com.android.music.MusicBrowserActivity (server),reason=NOT_FOCUSABLE]
02-22 01:31:46.531 W/FreeFormWindowHelper( 1503): Current Display FreeFormTask is null
02-22 01:31:46.531 I/input_focus( 1503): [Focus entering recents_animation_input_consumer (server),reason=setFocusedWindow]
02-22 01:31:46.685 I/commit_sys_config_file( 1503): [settings-1-0,8]
02-22 01:31:46.686 W/FreeFormWindowHelper( 1503): exitRecentTasks type=0
02-22 01:31:46.690 W/FreeFormWindowHelper( 1503): Current Display FreeFormTask is null
02-22 01:31:46.690 W/FreeFormWindowHelper( 1503): Current Display FreeFormTask is null
02-22 01:31:46.802 I/sysui_latency( 1503): [8,78]
02-22 01:31:46.893 I/commit_sys_config_file( 1503): [settings-1-0,5]
02-22 01:31:47.172 I/input_interaction( 1503): Interaction with: a916dde StatusBar (server), edge-swipe (server), swipe-up (server), PointerEventDispatcher0 (server),
02-22 01:31:47.174 I/sysui_multi_action( 1966): [757,803,799,panel_open,802,1]
02-22 01:31:47.176 I/sysui_multi_action( 1966): [757,1328,758,4,1326,46,1327,2,1329,0]
02-22 01:31:47.221 I/sysui_multi_action( 1503): [757,127,758,1]
02-22 01:31:47.221 I/sysui_multi_action( 1503): [757,804,799,note_load,801,2,802,1]
02-22 01:31:47.222 I/notification_panel_revealed( 1503): 2
02-22 01:31:47.237 I/input_focus( 1503): [Focus request 91ac81d NotificationShade,reason=UpdateInputWindows]
02-22 01:31:47.244 I/sysui_multi_action( 1503): [757,128,758,1,793,1118263,794,0,795,1118263,796,26,798,0,806,android,857,DEVELOPER_IMPORTANT,858,4,947,0,1395,2,1500,1117858,1688,1]
02-22 01:31:47.244 I/sysui_multi_action( 1503): [757,804,799,note_freshness,801,1118263,802,1]
02-22 01:31:47.244 I/notification_visibility( 1503): [-1|android|26|null|1000,1,1118263,1118263,0,0]
02-22 01:31:47.244 I/sysui_multi_action( 1503): [757,128,758,1,793,1118866,794,0,795,1118866,796,32,798,1,806,android,857,USB,858,1,947,0,1395,2,1500,1118791,1688,1]
02-22 01:31:47.244 I/sysui_multi_action( 1503): [757,804,799,note_freshness,801,1118866,802,1]
02-22 01:31:47.244 I/notification_visibility( 1503): [-1|android|32|null|1000,1,1118866,1118866,0,1]
02-22 01:31:47.251 I/input_focus( 1503): [Focus leaving recents_animation_input_consumer (server),reason=setFocusedWindow]
02-22 01:31:47.251 I/input_focus( 1503): [Focus entering 91ac81d NotificationShade (server),reason=setFocusedWindow]
02-22 01:31:47.298 I/sysui_multi_action( 1966): [757,111,758,1]
02-22 01:31:47.298 I/sysui_multi_action( 1966): [757,126,758,1,759,126,927,0,928,1,1593,0]
02-22 01:31:47.299 I/sysui_multi_action( 1966): [757,113,758,1,759,113,927,1,928,1,1593,0]
02-22 01:31:47.299 I/sysui_multi_action( 1966): [757,0,758,1,759,0,927,2,928,0,1593,0]
02-22 01:31:47.299 I/sysui_multi_action( 1966): [757,0,758,1,759,0,927,3,928,0,1593,0]
02-22 01:31:47.299 I/sysui_multi_action( 1966): [757,491,758,1,759,491,927,4,928,0,1311,-1,1593,0]
02-22 01:31:47.299 I/sysui_multi_action( 1966): [757,0,758,1,759,0,927,5,928,0,1593,0]
02-22 01:31:47.299 I/sysui_multi_action( 1966): [757,111,758,1]
02-22 01:31:47.299 I/sysui_multi_action( 1966): [757,126,758,1,759,126,927,0,928,1,1593,0]
02-22 01:31:47.299 I/sysui_multi_action( 1966): [757,113,758,1,759,113,927,1,928,1,1593,0]
02-22 01:31:47.300 I/sysui_multi_action( 1966): [757,0,758,1,759,0,927,2,928,0,1593,0]
02-22 01:31:47.300 I/sysui_multi_action( 1966): [757,0,758,1,759,0,927,3,928,0,1593,0]
02-22 01:31:47.333 W/FreeFormWindowHelper( 1503): Current Display FreeFormTask is null
02-22 01:31:47.333 W/FreeFormWindowHelper( 1503): Current Display FreeFormTask is null
02-22 01:31:47.336 I/wm_task_moved( 1503): [1,1,8]
02-22 01:31:47.337 I/wm_task_moved( 1503): [41,1,2147483647]
02-22 01:31:47.337 I/wm_task_to_front( 1503): [0,41]
02-22 01:31:47.337 I/wm_on_top_resumed_lost_called( 4140): [92612313,com.android.music.MusicBrowserActivity,topStateChangedWhenResumed]
02-22 01:31:47.337 I/wm_focused_root_task( 1503): [0,0,1,46,RecentsAnimation.onAnimationFinished()]
02-22 01:31:47.337 I/wm_set_resumed_activity( 1503): [0,com.android.launcher3/.uioverrides.QuickstepLauncher,RecentsAnimation.onAnimationFinished()]
02-22 01:31:47.339 I/wm_pause_activity( 1503): [0,92612313,com.android.music/.MusicBrowserActivity,userLeaving=true,pauseBackTasks]
02-22 01:31:47.340 I/wm_add_to_stopping( 1503): [0,92612313,com.android.music/.MusicBrowserActivity,makeInvisible]
02-22 01:31:47.340 I/ActivityTaskManager( 1503): FOREGROUND_APPLICATION_CHANGED to com.android.launcher3.uioverrides.QuickstepLauncher
02-22 01:31:47.341 I/wm_set_resumed_activity( 1503): [0,com.android.launcher3/.uioverrides.QuickstepLauncher,resumeTopActivityInnerLocked]
02-22 01:31:47.343 I/wm_resume_activity( 1503): [0,229498384,41,com.android.launcher3/.uioverrides.QuickstepLauncher]
02-22 01:31:47.344 I/wm_on_resume_called( 2514): [229498384,com.android.launcher3.uioverrides.QuickstepLauncher,RESUME_ACTIVITY]
02-22 01:31:47.347 I/wm_on_top_resumed_gained_called( 2514): [229498384,com.android.launcher3.uioverrides.QuickstepLauncher,topStateChangedWhenResumed]
02-22 01:31:47.347 I/wm_on_paused_called( 4140): [92612313,com.android.music.MusicBrowserActivity,performPause]
02-22 01:31:47.361 I/wm_stop_activity( 1503): [0,92612313,com.android.music/.MusicBrowserActivity]
02-22 01:31:47.362 I/sysui_multi_action( 1503): [757,803,799,window_time_0,802,7]
02-22 01:31:47.363 I/sysui_multi_action( 1503): [757,803,799,window_time_0,802,0]
02-22 01:31:47.367 I/wm_on_stop_called( 4140): [92612313,com.android.music.MusicBrowserActivity,STOP_ACTIVITY_ITEM]
02-22 01:31:47.450 W/FreeFormWindowHelper( 1503): Current Display FreeFormTask is null
02-22 01:31:48.941 I/input_interaction( 1503): Interaction with: 91ac81d NotificationShade (server), edge-swipe (server), swipe-up (server), PointerEventDispatcher0 (server),
02-22 01:31:49.087 I/GameModeConfig( 1503): isGameModeOn = false
02-22 01:31:49.087 I/GameModeConfig( 1503): isGameModeOn = false
02-22 01:31:49.087 I/GameModeConfig( 1503): isGameModeOn = false
02-22 01:31:49.088 I/GameModeConfig( 1503): isGameModeOn = false
02-22 01:31:49.126 I/notification_enqueue( 1503): [10087,4140,com.android.music,1,NULL,0,Notification(channel=Channel-music shortcut=null contentView=null vibrate=null sound=null defaults=0x0 flags=0x40 color=0x00000000 category=transport actions=4 vis=PRIVATE),1]
02-22 01:31:49.143 I/snet_event_log( 1503): [172655291,-1,]
02-22 01:31:49.327 I/GameModeConfig( 1503): isGameModeOn = false
02-22 01:31:50.204 I/GameModeConfig( 1503): isGameModeOn = false
02-22 01:31:50.459 I/GameModeConfig( 1503): isGameModeOn = false
02-22 01:31:50.459 I/GameModeConfig( 1503): isGameModeOn = false
02-22 01:31:50.459 I/GameModeConfig( 1503): isGameModeOn = false
02-22 01:31:50.459 I/GameModeConfig( 1503): isGameModeOn = false
02-22 01:31:50.462 I/notification_enqueue( 1503): [10078,1966,com.android.systemui,2048,NULL,0,Notification(channel=updateNotification shortcut=null contentView=null vibrate=null sound=null defaults=0x0 flags=0x0 color=0x00000000 vis=PRIVATE),1]
02-22 01:31:50.464 I/sysui_multi_action( 1966): [757,111,758,2]
02-22 01:31:50.465 I/sysui_multi_action( 1966): [757,111,758,2]
02-22 01:31:50.672 I/GameModeConfig( 1503): isGameModeOn = false
02-22 01:31:50.682 I/input_focus( 1503): [Focus request e3555c3 com.android.launcher3/com.android.launcher3.uioverrides.QuickstepLauncher,reason=UpdateInputWindows]
02-22 01:31:50.689 I/sysui_multi_action( 1503): [757,128,758,2,793,1121708,794,3445,795,1121708,796,26,798,0,806,android,857,DEVELOPER_IMPORTANT,858,4,947,0,1395,2,1500,1121303,1688,1]
02-22 01:31:50.690 I/notification_visibility( 1503): [-1|android|26|null|1000,0,1121708,1121708,0,0]
02-22 01:31:50.690 I/sysui_multi_action( 1503): [757,128,758,2,793,1122312,794,3446,795,1122312,796,32,798,1,806,android,857,USB,858,1,947,0,1395,2,1500,1122237,1688,1]
02-22 01:31:50.691 I/notification_visibility( 1503): [-1|android|32|null|1000,0,1122312,1122312,0,1]
02-22 01:31:50.692 I/sysui_multi_action( 1503): [757,127,758,2]
02-22 01:31:50.692 I/notification_panel_hidden( 1503):
02-22 01:31:50.709 I/input_focus( 1503): [Focus leaving 91ac81d NotificationShade (server),reason=NO_WINDOW]
02-22 01:31:50.709 I/input_focus( 1503): [Focus entering e3555c3 com.android.launcher3/com.android.launcher3.uioverrides.QuickstepLauncher (server),reason=setFocusedWindow]
01-01 12:19:38.774 E/DTC_ETH,link_delay_work_func( 0): 3003, SQI=0, link=0
02-22 01:31:50.965 I/GameModeConfig( 1503): isGameModeOn = false
02-22 01:31:50.999 I/GameModeConfig( 1503): isGameModeOn = false
02-22 01:31:51.292 I/input_interaction( 1503): Interaction with: e3555c3 com.android.launcher3/com.android.launcher3.uioverrides.QuickstepLauncher (server), 1fcc036 com.android.systemui.ImageWallpaper (server), edge-swipe (server), swipe-up (server), PointerEventDispatcher0 (server),
02-22 01:31:51.405 I/thunderperf( 1503): PlatormCompat.setOverrides: Uid1=10080 Pid1=2514 Uid2=10080 Pid2=2514
02-22 01:31:51.405 I/thunderperf( 1503): PlatormCompat.setOverrides: needCheck:false
02-22 01:31:51.406 I/thunderperf( 1503): CompatConfig.addOverrideUnsafe: bef-state=1
02-22 01:31:51.406 E/thunderperf( 1503): CompatConfig.addOverrideUnsafe: exception:java.lang.SecurityException: Cannot override a change on a non-debuggable app and user build.
02-22 01:31:51.406 I/thunderperf( 1503): CompatConfig.addOverrideUnsafe: aft-state=1
02-22 01:31:51.407 I/thunderperf( 1503): CompatConfig.addOverrideUnsafe: bef-state=1
02-22 01:31:51.407 E/thunderperf( 1503): CompatConfig.addOverrideUnsafe: exception:java.lang.SecurityException: Cannot override a change on a non-debuggable app and user build.
02-22 01:31:51.407 I/thunderperf( 1503): CompatConfig.addOverrideUnsafe: aft-state=1
02-22 01:31:51.408 I/thunderperf( 1503): CompatConfig.addOverrideUnsafe: bef-state=1
02-22 01:31:51.408 E/thunderperf( 1503): CompatConfig.addOverrideUnsafe: exception:java.lang.SecurityException: Cannot override a change on a non-debuggable app and user build.
02-22 01:31:51.408 I/thunderperf( 1503): CompatConfig.addOverrideUnsafe: aft-state=1
02-22 01:31:51.408 I/thunderperf( 1503): CompatConfig.addOverrideUnsafe: bef-state=1
02-22 01:31:51.409 E/thunderperf( 1503): CompatConfig.addOverrideUnsafe: exception:java.lang.SecurityException: Cannot override a change on a non-debuggable app and user build.
02-22 01:31:51.409 I/thunderperf( 1503): CompatConfig.addOverrideUnsafe: aft-state=1
02-22 01:31:51.409 I/thunderperf( 1503): CompatConfig.addOverrideUnsafe: bef-state=1
02-22 01:31:51.410 E/thunderperf( 1503): CompatConfig.addOverrideUnsafe: exception:java.lang.SecurityException: Cannot override a change on a non-debuggable app and user build.
02-22 01:31:51.410 I/thunderperf( 1503): CompatConfig.addOverrideUnsafe: aft-state=1
02-22 01:31:51.410 I/thunderperf( 1503): CompatConfig.addOverrideUnsafe: bef-state=1
02-22 01:31:51.410 E/thunderperf( 1503): CompatConfig.addOverrideUnsafe: exception:java.lang.SecurityException: Cannot override a change on a non-debuggable app and user build.
