02-22 01:13:09.169 I/SystemServerTimingAsync( 1503): ssm.onUnlockedUser-0_com.android.server.timezonedetector.TimeZoneDetectorService$Lifecycle
02-22 01:13:09.169 I/SystemServerTimingAsync( 1503): ssm.onUnlockedUser-0_com.android.server.timezonedetector.location.LocationTimeZoneManagerService$Lifecycle
02-22 01:13:09.169 I/SystemServerTimingAsync( 1503): ssm.onUnlockedUser-0_com.android.server.search.SearchManagerService$Lifecycle
02-22 01:13:09.169 I/SystemServerTimingAsync( 1503): ssm.onUnlockedUser-0_com.android.server.wallpaper.WallpaperManagerService$Lifecycle
02-22 01:13:09.169 I/SystemServerTimingAsync( 1503): ssm.onUnlockedUser-0_com.android.server.audio.AudioService$Lifecycle
02-22 01:13:09.169 I/SystemServerTimingAsync( 1503): ssm.onUnlockedUser-0_com.android.server.soundtrigger_middleware.SoundTriggerMiddlewareService$Lifecycle
02-22 01:13:09.169 I/SystemServerTimingAsync( 1503): ssm.onUnlockedUser-0_com.android.server.DockObserver
02-22 01:13:09.169 I/SystemServerTimingAsync( 1503): ssm.onUnlockedUser-0_com.android.server.midi.MidiService$Lifecycle
02-22 01:13:09.169 I/SystemServerTimingAsync( 1503): ssm.onUnlockedUser-0_com.android.server.adb.AdbService$Lifecycle
02-22 01:13:09.169 I/SystemServerTimingAsync( 1503): ssm.onUnlockedUser-0_com.android.server.usb.UsbService$Lifecycle
02-22 01:13:09.169 I/SystemServerTimingAsync( 1503): ssm.onUnlockedUser-0_com.android.server.twilight.TwilightService
02-22 01:13:09.169 I/SystemServerTimingAsync( 1503): ssm.onUnlockedUser-0_com.android.server.display.color.ColorDisplayService
02-22 01:13:09.169 I/SystemServerTimingAsync( 1503): ssm.onUnlockedUser-0_com.android.server.job.JobSchedulerService
02-22 01:13:09.169 I/SystemServerTimingAsync( 1503): ssm.onUnlockedUser-0_com.android.server.soundtrigger.SoundTriggerService
02-22 01:13:09.169 I/SystemServerTimingAsync( 1503): ssm.onUnlockedUser-0_com.android.server.trust.TrustManagerService
02-22 01:13:09.169 I/SystemServerTimingAsync( 1503): ssm.onUnlockedUser-0_com.android.server.backup.BackupManagerService$Lifecycle
02-22 01:13:09.169 I/SystemServerTimingAsync( 1503): ssm.onUnlockedUser-0_com.android.server.appwidget.AppWidgetService
02-22 01:13:09.169 I/SystemServerTimingAsync( 1503): ssm.onUnlockedUser-0_com.android.server.voiceinteraction.VoiceInteractionManagerService
02-22 01:13:09.169 I/SystemServerTimingAsync( 1503): ssm.onUnlockedUser-0_com.android.server.apphibernation.AppHibernationService
02-22 01:13:09.169 I/SystemServerTimingAsync( 1503): ssm.onUnlockedUser-0_com.android.server.SensorNotificationService
02-22 01:13:09.169 I/SystemServerTimingAsync( 1503): ssm.onUnlockedUser-0_com.android.server.emergency.EmergencyAffordanceService
02-22 01:13:09.169 I/SystemServerTimingAsync( 1503): ssm.onUnlockedUser-0_com.android.server.blob.BlobStoreManagerService
02-22 01:13:09.169 I/SystemServerTimingAsync( 1503): ssm.onUnlockedUser-0_com.android.server.dreams.DreamManagerService
02-22 01:13:09.169 I/SystemServerTimingAsync( 1503): ssm.onUnlockedUser-0_com.android.server.companion.CompanionDeviceManagerService
02-22 01:13:09.169 I/SystemServerTimingAsync( 1503): ssm.onUnlockedUser-0_com.android.server.restrictions.RestrictionsManagerService
02-22 01:13:09.170 I/SystemServerTimingAsync( 1503): ssm.onUnlockedUser-0_com.android.server.media.MediaSessionService
02-22 01:13:09.170 I/SystemServerTimingAsync( 1503): ssm.onUnlockedUser-0_com.android.server.media.MediaResourceMonitorService
02-22 01:13:09.170 I/SystemServerTimingAsync( 1503): ssm.onUnlockedUser-0_com.android.server.biometrics.sensors.fingerprint.FingerprintService
02-22 01:13:09.170 I/SystemServerTimingAsync( 1503): ssm.onUnlockedUser-0_com.android.server.biometrics.BiometricService
02-22 01:13:09.170 I/SystemServerTimingAsync( 1503): ssm.onUnlockedUser-0_com.android.server.biometrics.AuthService
02-22 01:13:09.170 I/SystemServerTimingAsync( 1503): ssm.onUnlockedUser-0_com.android.server.pm.ShortcutService$Lifecycle
02-22 01:13:09.170 I/SystemServerTimingAsync( 1503): ssm.onUnlockedUser-0_com.android.server.pm.LauncherAppsService
02-22 01:13:09.170 I/SystemServerTimingAsync( 1503): ssm.onUnlockedUser-0_com.android.server.pm.CrossProfileAppsService
02-22 01:13:09.170 I/SystemServerTimingAsync( 1503): ssm.onUnlockedUser-0_com.android.server.people.PeopleService
02-22 01:13:09.170 I/SystemServerTimingAsync( 1503): ssm.onUnlockedUser-0_com.android.server.media.metrics.MediaMetricsManagerService
02-22 01:13:09.170 I/SystemServerTimingAsync( 1503): ssm.onUnlockedUser-0_com.android.server.media.projection.MediaProjectionManagerService
02-22 01:13:09.170 I/SystemServerTimingAsync( 1503): ssm.onUnlockedUser-0_com.android.server.slice.SliceManagerService$Lifecycle
02-22 01:13:09.170 I/SystemServerTimingAsync( 1503): ssm.onUnlockedUser-0_com.android.server.stats.StatsCompanion$Lifecycle
02-22 01:13:09.170 I/SystemServerTimingAsync( 1503): ssm.onUnlockedUser-0_com.android.server.scheduling.RebootReadinessManagerService$Lifecycle
02-22 01:13:09.170 I/SystemServerTimingAsync( 1503): ssm.onUnlockedUser-0_com.android.server.stats.pull.StatsPullAtomService
02-22 01:13:09.170 I/SystemServerTimingAsync( 1503): ssm.onUnlockedUser-0_com.android.server.incident.IncidentCompanionService
02-22 01:13:09.170 I/SystemServerTimingAsync( 1503): ssm.onUnlockedUser-0_com.android.server.MmsServiceBroker
02-22 01:13:09.170 I/SystemServerTimingAsync( 1503): ssm.onUnlockedUser-0_com.android.server.autofill.AutofillManagerService
02-22 01:13:09.170 I/SystemServerTimingAsync( 1503): ssm.onUnlockedUser-0_com.android.server.clipboard.ClipboardService
02-22 01:13:09.170 I/SystemServerTimingAsync( 1503): ssm.onUnlockedUser-0_com.android.server.appbinding.AppBindingService$Lifecycle
02-22 01:13:09.170 I/SystemServerTimingAsync( 1503): ssm.onUnlockedUser-0_com.android.server.tracing.TracingServiceProxy
02-22 01:13:09.170 I/SystemServerTimingAsync( 1503): ssm.onUnlockedUser-0_com.android.server.policy.PermissionPolicyService
02-22 01:13:09.170 I/SystemServerTimingAsync( 1503): ssm.onUnlockedUser-0_com.android.server.pm.StagingManager$Lifecycle
02-22 01:13:09.170 I/SystemServerTimingAsync( 1503): ssm.onUnlockedUser-0_com.android.server.app.GameManagerService$Lifecycle
02-22 01:13:09.170 I/SystemServerTimingAsync( 1503): ssm.onUnlockedUser-0_com.android.server.appsearch.AppSearchManagerService
02-22 01:13:09.170 I/SystemServerTimingAsync( 1503): ssm.onUnlockedUser-0_com.android.server.media.MediaCommunicationService
02-22 01:13:09.170 W/ActivityManager( 1503): UserLifecycleEvent 6 received without an active userJourneySession.
02-22 01:13:09.172 W/StorageManagerService( 1503): Reporting emulated;0 unmounted due to system locked
02-22 01:13:09.174 I/wm_finish_activity( 1503): [0,161097356,2,com.android.settings/.FallbackHome,app-request]
02-22 01:13:09.175 I/wm_pause_activity( 1503): [0,161097356,com.android.settings/.FallbackHome,userLeaving=false,finish]
02-22 01:13:09.176 I/am_proc_start( 1503): [0,2708,10082,com.hht.lebocast,added application,com.hht.lebocast]
02-22 01:13:09.176 I/ActivityManager( 1503): Start proc 2708:com.hht.lebocast/u0a82 for added application com.hht.lebocast
02-22 01:13:09.178 I/vold ( 520): Bind mounting /mnt/runtime/full/emulated to /mnt/pass_through/0/emulated
02-22 01:13:09.178 I/StorageSessionController( 1503): On volume mount VolumeInfo{emulated;0}:
02-22 01:13:09.178 I/StorageSessionController( 1503): type=EMULATED diskId=null partGuid= mountFlags=PRIMARY|VISIBLE
02-22 01:13:09.178 I/StorageSessionController( 1503): mountUserId=0 state=CHECKING
02-22 01:13:09.178 I/StorageSessionController( 1503): fsType=null fsUuid=null fsLabel=null
02-22 01:13:09.178 I/StorageSessionController( 1503): path=/storage/emulated internalPath=/data/media
02-22 01:13:09.179 I/AppWidgetServiceImpl( 1503): Processing of handleUserUnlocked u0 took 11 ms
02-22 01:13:09.179 I/uc_send_user_broadcast( 1503): [0,android.intent.action.BOOT_COMPLETED]
01-01 12:00:57.238 I/ ( 0): read descriptors
01-01 12:00:57.238 I/ ( 0): read strings
02-22 01:13:09.179 I/wm_on_top_resumed_lost_called( 2404): [161097356,com.android.settings.FallbackHome,topStateChangedWhenResumed]
02-22 01:13:09.180 I/sysui_multi_action( 1503): [757,1144,758,7,806,com.android.settings,871,com.android.settings.FallbackHome]
02-22 01:13:09.181 V/BackupManagerService( 1503): [UserID:0] No ancestral data
02-22 01:13:09.181 D/CompatibilityChangeReporter( 1503): Compat change id reported: 143937733; UID 10057; state: ENABLED
02-22 01:13:09.181 I/wm_on_paused_called( 2404): [161097356,com.android.settings.FallbackHome,performPause]
02-22 01:13:09.181 I/StorageSessionController( 1503): Creating connection for user: 0
02-22 01:13:09.181 I/StorageSessionController( 1503): Creating and starting session with id: emulated;0
02-22 01:13:09.182 I/ActivityTaskManager( 1503): START u0 {act=android.intent.action.MAIN cat=[android.intent.category.HOME] flg=0x10000100 cmp=com.android.launcher3/.uioverrides.QuickstepLauncher (has extras)} from uid 0
02-22 01:13:09.184 D/CompatibilityChangeReporter( 1503): Compat change id reported: 184838306; UID 10080; state: DISABLED
02-22 01:13:09.186 I/StorageUserConnection( 1503): Binding to the ExternalStorageService for user 0
02-22 01:13:09.187 D/CompatibilityChangeReporter( 1503): Compat change id reported: 185004937; UID 10080; state: DISABLED
02-22 01:13:09.187 D/CompatibilityChangeReporter( 1503): Compat change id reported: 181136395; UID 10080; state: DISABLED
02-22 01:13:09.190 D/CompatibilityChangeReporter( 1503): Compat change id reported: 174042936; UID 10080; state: DISABLED
02-22 01:13:09.190 I/am_proc_start( 1503): [0,2717,10057,ts.car.uart,added application,ts.car.uart]
02-22 01:13:09.190 I/ActivityManager( 1503): Start proc 2717:ts.car.uart/u0a57 for added application ts.car.uart
02-22 01:13:09.191 I/UsageStatsService( 1503): User[0] Flushing usage stats to disk
02-22 01:13:09.193 D/CompatibilityChangeReporter( 1503): Compat change id reported: 174042980; UID 10080; state: DISABLED
02-22 01:13:09.197 I/wm_task_created( 1503): [41,-1]
02-22 01:13:09.198 I/wm_task_moved( 1503): [41,1,2147483647]
02-22 01:13:09.199 I/wm_task_moved( 1503): [1,1,5]
02-22 01:13:09.199 I/wm_create_task( 1503): [0,41]
02-22 01:13:09.199 I/wm_create_activity( 1503): [0,229498384,41,com.android.launcher3/.uioverrides.QuickstepLauncher,android.intent.action.MAIN,NULL,NULL,268435712]
02-22 01:13:09.199 I/wm_task_moved( 1503): [1,1,5]
02-22 01:13:09.199 I/wm_task_moved( 1503): [41,1,2147483647]
02-22 01:13:09.199 I/wm_task_to_front( 1503): [0,41]
02-22 01:13:09.200 I/ActivityTaskManager( 1503): FOREGROUND_APPLICATION_CHANGED to com.android.launcher3.uioverrides.QuickstepLauncher
02-22 01:13:09.200 I/ActivityTaskManager( 1503): The Process com.android.launcher3 Already Exists in BG. So sending its PID: 2514
02-22 01:13:09.201 I/wm_restart_activity( 1503): [0,229498384,41,com.android.launcher3/.uioverrides.QuickstepLauncher]
02-22 01:13:09.202 I/wm_set_resumed_activity( 1503): [0,com.android.launcher3/.uioverrides.QuickstepLauncher,minimalResumeActivityLocked]
02-22 01:13:09.199 I/auditd ( 993): type=1400 audit(0.0:245): avc: denied { read write } for comm="sensors.qti" name="diag" dev="tmpfs" ino=1148 scontext=u:r:vendor_sensors_qti:s0 tcontext=u:object_r:vendor_diag_device:s0 tclass=chr_file permissive=0
01-01 12:00:57.268 I/binder ( 0): 2708:2708 ioctl 40046210 ffe60e48 returned -22
02-22 01:13:09.203 V/BackupManagerConstants( 1503): getKeyValueBackupIntervalMilliseconds(...) returns 14400000
02-22 01:13:09.203 V/BackupManagerConstants( 1503): getKeyValueBackupFuzzMilliseconds(...) returns 600000
02-22 01:13:09.203 V/BackupManagerConstants( 1503): getKeyValueBackupRequiredNetworkType(...) returns 1
02-22 01:13:09.203 V/BackupManagerConstants( 1503): getKeyValueBackupRequireCharging(...) returns true
02-22 01:13:09.203 V/KeyValueBackupJob( 1503): Scheduling k/v pass in 249 minutes
02-22 01:13:09.206 E/TaskPersister( 1503): File error accessing recents directory (directory doesn't exist?).
02-22 01:13:09.212 W/ActivityManager( 1503): Slow operation: 56ms so far, now at startProcess: returned from zygote!
02-22 01:13:09.213 D/CompatibilityChangeReporter( 1503): Compat change id reported: 168419799; UID 10084; state: DISABLED
02-22 01:13:09.215 I/am_uid_running( 1503): 10093
02-22 01:13:09.216 D/CompatibilityChangeReporter( 1503): Compat change id reported: 135634846; UID 10093; state: DISABLED
02-22 01:13:09.216 D/CompatibilityChangeReporter( 1503): Compat change id reported: 177438394; UID 10093; state: DISABLED
02-22 01:13:09.216 D/CompatibilityChangeReporter( 1503): Compat change id reported: 135772972; UID 10093; state: DISABLED
02-22 01:13:09.216 D/CompatibilityChangeReporter( 1503): Compat change id reported: 135754954; UID 10093; state: ENABLED
02-22 01:13:09.217 I/StorageUserConnection( 1503): Bound to the ExternalStorageService for user 0
02-22 01:13:09.232 I/am_proc_bound( 1503): [0,2708,com.hht.lebocast]
02-22 01:13:09.233 D/CompatibilityChangeReporter( 1503): Compat change id reported: 168419799; UID 10082; state: DISABLED
02-22 01:13:09.235 I/am_uid_active( 1503): 10082
01-01 12:00:57.299 I/binder ( 0): 2731:2731 ioctl 40046210 7fff12dd34 returned -22
02-22 01:13:09.236 W/ActivityManager( 1503): Slow operation: 81ms so far, now at startProcess: done updating battery stats
02-22 01:13:09.237 I/am_proc_start( 1503): [0,2731,1000,com.hryt.hiphishowfsecontrol,added application,com.hryt.hiphishowfsecontrol]
02-22 01:13:09.237 W/ActivityManager( 1503): Slow operation: 81ms so far, now at startProcess: building log message
02-22 01:13:09.237 I/ActivityManager( 1503): Start proc 2731:com.hryt.hiphishowfsecontrol/1000 for added application com.hryt.hiphishowfsecontrol
02-22 01:13:09.237 W/ActivityManager( 1503): Slow operation: 81ms so far, now at startProcess: starting to update pids map
01-01 12:00:57.302 I/binder ( 0): 2717:2717 ioctl 40046210 7fff12dd34 returned -22
02-22 01:13:09.237 W/ActivityManager( 1503): Slow operation: 82ms so far, now at startProcess: done updating pids map
02-22 01:13:09.237 W/ActivityManager( 1503): Slow operation: 75ms so far, now at startProcess: asking zygote to start proc
02-22 01:13:09.237 D/CompatibilityChangeReporter( 1503): Compat change id reported: 143937733; UID 10053; state: ENABLED
02-22 01:13:09.244 W/ActivityManager( 1503): Slow operation: 82ms so far, now at startProcess: returned from zygote!
02-22 01:13:09.249 I/am_uid_active( 1503): 10071
02-22 01:13:09.250 I/am_proc_bound( 1503): [0,2731,com.hryt.hiphishowfsecontrol]
02-22 01:13:09.251 D/CompatibilityChangeReporter( 1503): Compat change id reported: 168419799; UID 1000; state: DISABLED
02-22 01:13:09.252 I/am_proc_bound( 1503): [0,2717,ts.car.uart]
02-22 01:13:09.253 D/CompatibilityChangeReporter( 1503): Compat change id reported: 168419799; UID 10057; state: DISABLED
02-22 01:13:09.255 I/am_uid_active( 1503): 10057
01-01 12:00:57.322 I/binder ( 0): 2765:2765 ioctl 40046210 7fff12dd34 returned -22
02-22 01:13:09.258 W/ActivityManager( 1503): Slow operation: 96ms so far, now at startProcess: done updating battery stats
02-22 01:13:09.258 I/am_proc_start( 1503): [0,2765,10053,.pasr,added application,.pasr]
02-22 01:13:09.258 W/ActivityManager( 1503): Slow operation: 96ms so far, now at startProcess: building log message
02-22 01:13:09.258 I/ActivityManager( 1503): Start proc 2765:.pasr/u0a53 for added application .pasr
02-22 01:13:09.258 W/ActivityManager( 1503): Slow operation: 96ms so far, now at startProcess: starting to update pids map
02-22 01:13:09.258 W/ActivityManager( 1503): Slow operation: 96ms so far, now at startProcess: done updating pids map
02-22 01:13:09.258 W/ActivityManager( 1503): Slow operation: 96ms so far, now at startProcess: asking zygote to start proc
02-22 01:13:09.259 I/sysui_multi_action( 1503): [757,803,799,window_time_0,802,4]
02-22 01:13:09.259 D/CompatibilityChangeReporter( 1503): Compat change id reported: 143937733; UID 10072; state: DISABLED
02-22 01:13:09.263 I/BackupManagerService( 1503): isBackupEnabled() => false due to absent settings file
02-22 01:13:09.263 D/BackupManagerService( 1503): user:0 readBackupEnableState enabled:false
02-22 01:13:09.263 I/BackupManagerService( 1503): [UserID:0] Backup enabled => false
02-22 01:13:09.264 I/am_proc_bound( 1503): [0,2765,.pasr]
02-22 01:13:09.265 D/CompatibilityChangeReporter( 1503): Compat change id reported: 168419799; UID 10053; state: DISABLED
02-22 01:13:09.267 I/am_uid_active( 1503): 10053
02-22 01:13:09.268 W/ActivityManager( 1503): Slow operation: 105ms so far, now at startProcess: returned from zygote!
02-22 01:13:09.268 W/ActivityManager( 1503): Slow operation: 106ms so far, now at startProcess: done updating battery stats
02-22 01:13:09.268 I/am_proc_start( 1503): [0,2786,10072,com.qualcomm.qti.services.systemhelper:systemhelper_service,added application,com.qualcomm.qti.services.systemhelper:systemhelper_service]
02-22 01:13:09.268 W/ActivityManager( 1503): Slow operation: 106ms so far, now at startProcess: building log message
02-22 01:13:09.268 I/ActivityManager( 1503): Start proc 2786:com.qualcomm.qti.services.systemhelper:systemhelper_service/u0a72 for added application com.qualcomm.qti.services.systemhelper:systemhelper_service
02-22 01:13:09.268 W/ActivityManager( 1503): Slow operation: 106ms so far, now at startProcess: starting to update pids map
02-22 01:13:09.268 W/ActivityManager( 1503): Slow operation: 106ms so far, now at startProcess: done updating pids map
02-22 01:13:09.268 W/ActivityManager( 1503): Slow operation: 105ms so far, now at startProcess: asking zygote to start proc
02-22 01:13:09.268 D/CompatibilityChangeReporter( 1503): Compat change id reported: 143937733; UID 10085; state: ENABLED
02-22 01:13:09.285 W/ActivityManager( 1503): Slow operation: 121ms so far, now at startProcess: returned from zygote!
02-22 01:13:09.285 W/ActivityManager( 1503): Slow operation: 122ms so far, now at startProcess: done updating battery stats
02-22 01:13:09.285 I/am_proc_start( 1503): [0,2798,10085,com.qualcomm.qti.qccnetstat,added application,com.qualcomm.qti.qccnetstat]
02-22 01:13:09.285 W/ActivityManager( 1503): Slow operation: 122ms so far, now at startProcess: building log message
02-22 01:13:09.285 I/ActivityManager( 1503): Start proc 2798:com.qualcomm.qti.qccnetstat/u0a85 for added application com.qualcomm.qti.qccnetstat
02-22 01:13:09.285 W/ActivityManager( 1503): Slow operation: 122ms so far, now at startProcess: starting to update pids map
02-22 01:13:09.285 W/ActivityManager( 1503): Slow operation: 122ms so far, now at startProcess: done updating pids map
02-22 01:13:09.285 W/ActivityManager( 1503): Slow operation: 122ms so far, now at startProcess: asking zygote to start proc
02-22 01:13:09.285 D/CompatibilityChangeReporter( 1503): Compat change id reported: 143937733; UID 10081; state: ENABLED
01-01 12:00:57.348 I/devfreq-qcom-fw 18590000.qcom,devfreq-l3( 0): qcom,cdsp-cdsp-l3-lat: Successfully started CDSP L3 governor
01-01 12:00:57.356 I/binder ( 0): 2786:2786 ioctl 40046210 7fff12dd34 returned -22
01-01 12:00:57.362 I/binder ( 0): 2798:2798 ioctl 40046210 7fff12dd34 returned -22
02-22 01:13:09.294 I/am_proc_bound( 1503): [0,2786,com.qualcomm.qti.services.systemhelper:systemhelper_service]
02-22 01:13:09.297 D/CompatibilityChangeReporter( 1503): Compat change id reported: 168419799; UID 10072; state: DISABLED
02-22 01:13:09.300 W/ActivityManager( 1503): Slow operation: 136ms so far, now at startProcess: returned from zygote!
02-22 01:13:09.300 I/am_uid_active( 1503): 10072
02-22 01:13:09.301 W/ActivityManager( 1503): Slow operation: 137ms so far, now at startProcess: done updating battery stats
02-22 01:13:09.301 I/am_proc_start( 1503): [0,2824,10081,com.qualcomm.qti.workloadclassifier,added application,com.qualcomm.qti.workloadclassifier]
02-22 01:13:09.301 W/ActivityManager( 1503): Slow operation: 137ms so far, now at startProcess: building log message
02-22 01:13:09.301 I/ActivityManager( 1503): Start proc 2824:com.qualcomm.qti.workloadclassifier/u0a81 for added application com.qualcomm.qti.workloadclassifier
02-22 01:13:09.301 W/ActivityManager( 1503): Slow operation: 137ms so far, now at startProcess: starting to update pids map
01-01 12:00:57.374 W/QSEECOM ( 0): __qseecom_unload_app: App (7) is unloaded
01-01 12:00:57.374 D/qbt ( 0): qbt_release: entry minor_no=0 fd_available=0
01-01 12:00:57.374 D/qbt ( 0): qbt_release: Releasing wakelock
01-01 12:00:57.374 D/qbt ( 0): qbt_release: exit : fd_available=1
01-01 12:00:57.374 D/qbt ( 0): qbt_release: entry minor_no=1 fd_available=1
01-01 12:00:57.374 D/qbt ( 0): qbt_release: exit : fd_available=1
02-22 01:13:09.301 W/ActivityManager( 1503): Slow operation: 137ms so far, now at startProcess: done updating pids map
02-22 01:13:09.301 W/ActivityManager( 1503): Slow operation: 136ms so far, now at startProcess: asking zygote to start proc
02-22 01:13:09.301 D/CompatibilityChangeReporter( 1503): Compat change id reported: 143937733; UID 10071; state: ENABLED
02-22 01:13:09.302 I/am_proc_bound( 1503): [0,2798,com.qualcomm.qti.qccnetstat]
02-22 01:13:09.302 D/CompatibilityChangeReporter( 1503): Compat change id reported: 168419799; UID 10085; state: DISABLED
02-22 01:13:09.304 I/am_uid_active( 1503): 10085
02-22 01:13:09.310 W/Looper ( 1503): Slow dispatch took 309ms main h=android.os.Handler c=com.android.server.biometrics.sensors.fingerprint.hidl.Fingerprint21$$ExternalSyntheticLambda2@f649afb m=0
02-22 01:13:09.310 D/BiometricScheduler/Fingerprint21( 1503): [Added] {[1] FingerprintUpdateActiveUserClient, proto=1, owner=android, cookie=0, requestId=-1, userId=0}, new queue size: 1
02-22 01:13:09.310 V/BiometricScheduler/Fingerprint21( 1503): Not idle, current operation: {[0] FingerprintUpdateActiveUserClient, proto=1, owner=android, cookie=0, requestId=-1, userId=0}, State: 2
02-22 01:13:09.310 D/BiometricScheduler/Fingerprint21( 1503): [Added] {[2] FingerprintInternalCleanupClient, proto=7, owner=android, cookie=0, requestId=-1, userId=0}, new queue size: 2
02-22 01:13:09.310 V/BiometricScheduler/Fingerprint21( 1503): Not idle, current operation: {[0] FingerprintUpdateActiveUserClient, proto=1, owner=android, cookie=0, requestId=-1, userId=0}, State: 2
02-22 01:13:09.310 W/Looper ( 1503): Slow delivery took 309ms main h=android.os.Handler c=com.android.server.biometrics.sensors.fingerprint.hidl.Fingerprint21$$ExternalSyntheticLambda12@230a571 m=0
02-22 01:13:09.312 W/ActivityManager( 1503): Slow operation: 147ms so far, now at startProcess: returned from zygote!
02-22 01:13:09.312 W/ActivityManager( 1503): Slow operation: 148ms so far, now at startProcess: done updating battery stats
02-22 01:13:09.312 I/am_proc_start( 1503): [0,2831,10071,com.qualcomm.location,added application,com.qualcomm.location]
02-22 01:13:09.312 W/ActivityManager( 1503): Slow operation: 148ms so far, now at startProcess: building log message
02-22 01:13:09.312 I/ActivityManager( 1503): Start proc 2831:com.qualcomm.location/u0a71 for added application com.qualcomm.location
02-22 01:13:09.312 W/ActivityManager( 1503): Slow operation: 148ms so far, now at startProcess: starting to update pids map
02-22 01:13:09.312 W/ActivityManager( 1503): Slow operation: 148ms so far, now at startProcess: done updating pids map
02-22 01:13:09.312 W/ActivityManager( 1503): Slow operation: 97ms so far, now at startProcess: asking zygote to start proc
02-22 01:13:09.312 D/CompatibilityChangeReporter( 1503): Compat change id reported: 143937733; UID 10093; state: ENABLED
02-22 01:13:09.321 W/ActivityManager( 1503): Slow operation: 105ms so far, now at startProcess: returned from zygote!
02-22 01:13:09.321 W/ActivityManager( 1503): Slow operation: 105ms so far, now at startProcess: done updating battery stats
02-22 01:13:09.321 I/am_proc_start( 1503): [0,2834,10093,com.android.providers.media.module,service,{com.android.providers.media.module/com.android.providers.media.fuse.ExternalStorageServiceImpl}]
02-22 01:13:09.321 I/Watchdog( 1503): Interesting Java process com.android.providers.media.module started. Pid 2834
02-22 01:13:09.321 W/ActivityManager( 1503): Slow operation: 105ms so far, now at startProcess: building log message
02-22 01:13:09.321 I/ActivityManager( 1503): Start proc 2834:com.android.providers.media.module/u0a93 for service {com.android.providers.media.module/com.android.providers.media.fuse.ExternalStorageServiceImpl}
02-22 01:13:09.321 W/ActivityManager( 1503): Slow operation: 105ms so far, now at startProcess: starting to update pids map
01-01 12:00:57.380 I/binder ( 0): 2717:2717 ioctl 40046210 7fff12cc24 returned -22
01-01 12:00:57.386 I/binder ( 0): 2766:2766 ioctl 40046210 7fd2a6a724 returned -22
02-22 01:13:09.321 W/ActivityManager( 1503): Slow operation: 105ms so far, now at startProcess: done updating pids map
02-22 01:13:09.321 W/ActivityManager( 1503): Slow operation: 90ms so far, now at startProcess: asking zygote to start proc
01-01 12:00:57.391 I/binder ( 0): 2824:2824 ioctl 40046210 7fff12dd34 returned -22
02-22 01:13:09.327 I/NotificationHistory( 1503): Attempted to unlock gone/disabled user 0
02-22 01:13:09.328 W/ActivityManager( 1503): Slow operation: 97ms so far, now at startProcess: returned from zygote!
02-22 01:13:09.328 W/ActivityManager( 1503): Slow operation: 97ms so far, now at startProcess: done updating battery stats
02-22 01:13:09.328 I/am_proc_start( 1503): [0,2851,1000,com.android.keychain,service,{com.android.keychain/com.android.keychain.KeyChainService}]
02-22 01:13:09.328 W/ActivityManager( 1503): Slow operation: 98ms so far, now at startProcess: building log message
02-22 01:13:09.328 I/ActivityManager( 1503): Start proc 2851:com.android.keychain/1000 for service {com.android.keychain/com.android.keychain.KeyChainService}
02-22 01:13:09.328 W/ActivityManager( 1503): Slow operation: 98ms so far, now at startProcess: starting to update pids map
01-01 12:00:57.399 I/android_work( 0): sent uevent USB_STATE=DISCONNECTED
01-01 12:00:57.399 I/binder ( 0): 2831:2831 ioctl 40046210 7fff12dd34 returned -22
02-22 01:13:09.333 W/ActivityManager( 1503): Slow operation: 103ms so far, now at startProcess: done updating pids map
02-22 01:13:09.336 I/am_proc_bound( 1503): [0,2824,com.qualcomm.qti.workloadclassifier]
02-22 01:13:09.338 D/CompatibilityChangeReporter( 1503): Compat change id reported: 168419799; UID 10081; state: DISABLED
02-22 01:13:09.341 I/am_uid_active( 1503): 10081
02-22 01:13:09.343 V/NotificationAssistants( 1503): disabling notification assistant for user 0: ComponentInfo{android.ext.services/android.ext.services.notification.Assistant}
02-22 01:13:09.343 D/NotificationListeners( 1503): Removing active service ComponentInfo{android.ext.services/android.ext.services.notification.Assistant}
02-22 01:13:09.344 V/NotificationAssistants( 1503): enabling notification assistant for 0: ComponentInfo{android.ext.services/android.ext.services.notification.Assistant}
02-22 01:13:09.344 V/NotificationAssistants( 1503): binding: Intent { act=android.service.notification.NotificationAssistantService cmp=android.ext.services/.notification.Assistant (has extras) }
01-01 12:00:57.410 I/zram0 ( 0): detected capacity change from 0 to 4294967296
02-22 01:13:09.346 D/CompatibilityChangeReporter( 1503): Compat change id reported: 168419799; UID 10094; state: DISABLED
02-22 01:13:09.347 I/am_proc_bound( 1503): [0,2831,com.qualcomm.location]
01-01 12:00:57.411 I/binder ( 0): 2834:2834 ioctl 40046210 7fff12dd34 returned -22
02-22 01:13:09.349 D/CompatibilityChangeReporter( 1503): Compat change id reported: 168419799; UID 10071; state: DISABLED
02-22 01:13:09.359 I/am_proc_bound( 1503): [0,2834,com.android.providers.media.module]
02-22 01:13:09.360 D/CompatibilityChangeReporter( 1503): Compat change id reported: 168419799; UID 10093; state: DISABLED
01-01 12:00:57.426 I/binder ( 0): 2851:2851 ioctl 40046210 7fff12dd34 returned -22
02-22 01:13:09.363 I/am_uid_active( 1503): 10093
02-22 01:13:09.367 I/am_proc_bound( 1503): [0,2851,com.android.keychain]
02-22 01:13:09.369 D/CompatibilityChangeReporter( 1503): Compat change id reported: 168419799; UID 1000; state: DISABLED
01-01 12:00:57.430 I/binder ( 0): 2514:2832 ioctl 40046210 7ab576e254 returned -22
01-01 12:00:57.443 I/ ( 0): Adding 4194300k swap on /dev/block/zram0. Priority:32758 extents:1 across:4194300k SS
02-22 01:13:09.386 I/sysui_multi_action( 1503): [757,1501,758,1,793,405,794,0,795,405,796,26,806,android,857,DEVELOPER_IMPORTANT,858,4,947,0,1500,0]
02-22 01:13:09.386 I/sysui_multi_action( 1503): [757,804,799,note_interruptive,801,0,802,1]
02-22 01:13:09.386 I/GameModeConfig( 1503): isGameModeOn = false
02-22 01:13:09.386 I/sysui_multi_action( 1503): [757,1501,758,1,793,405,794,0,795,405,796,26,806,android,857,DEVELOPER_IMPORTANT,858,4,947,0,1500,0,1688,1]
02-22 01:13:09.386 I/sysui_multi_action( 1503): [757,804,799,note_interruptive,801,0,802,1]
02-22 01:13:09.386 I/sysui_multi_action( 1503): [757,199,758,1,759,2,793,405,794,0,795,405,796,26,806,android,857,DEVELOPER_IMPORTANT,858,4,947,0,1500,0,1688,1]
02-22 01:13:09.386 I/SyncManager( 1503): Loaded persisted syncs: 0 periodic syncs, 0 oneshot syncs, 16 total system server jobs, JobStats: FirstLoad: 6/5/0 LastSave: -1/-1/-1
02-22 01:13:09.386 I/notification_alert( 1503): [-1|android|26|null|1000,0,1,0]
02-22 01:13:09.387 W/NotificationHistory( 1503): Attempted to add notif for locked/gone/disabled user 0
02-22 01:13:09.391 D/BiometricScheduler/Fingerprint21( 1503): [Finishing] {[0] FingerprintUpdateActiveUserClient, proto=1, owner=android, cookie=0, requestId=-1, userId=0}, success: true
02-22 01:13:09.391 D/BiometricScheduler/Fingerprint21( 1503): [Polled] {[1] FingerprintUpdateActiveUserClient, proto=1, owner=android, cookie=0, requestId=-1, userId=0}, State: 0
02-22 01:13:09.392 D/BiometricScheduler/Fingerprint21( 1503): [Starting] {[1] FingerprintUpdateActiveUserClient, proto=1, owner=android, cookie=0, requestId=-1, userId=0}, State: 0
02-22 01:13:09.392 D/BiometricScheduler/Fingerprint21( 1503): [Started] {[1] FingerprintUpdateActiveUserClient, proto=1, owner=android, cookie=0, requestId=-1, userId=0}
01-01 12:00:57.457 D/qbt ( 0): qbt_open: entry minor_no=0 fd_available=1
01-01 12:00:57.457 D/qbt ( 0): qbt_open: exit : 0 fd_available=0
01-01 12:00:57.457 D/qbt ( 0): qbt_open: entry minor_no=1 fd_available=0
01-01 12:00:57.457 D/qbt ( 0): qbt_open: exit : 0 fd_available=0
01-01 12:00:57.457 D/qbt ( 0): qbt_ioctl: cmd received 107
01-01 12:00:57.457 D/qbt ( 0): qbt_ioctl: Acquiring wakelock
01-01 12:00:57.464 W/QSEECOM ( 0): qseecom_load_app: App (fingerpr) does'nt exist, loading apps for first time
02-22 01:13:09.399 I/auditd ( 993): type=1400 audit(0.0:246): avc: denied { read write } for comm="sensors.qti" name="diag" dev="tmpfs" ino=1148 scontext=u:r:vendor_sensors_qti:s0 tcontext=u:object_r:vendor_diag_device:s0 tclass=chr_file permissive=0
01-01 12:00:57.493 E/DTC_ETH,link_delay_work_func( 0): 3003, SQI=0, link=0
01-01 12:00:57.512 E/msm-dwc3 a600000.ssusb( 0): Could not get usb psy
01-01 12:00:57.517 I/binder ( 0): 2831:2937 ioctl 40046210 7abcb42934 returned -22
02-22 01:13:09.452 D/CompatibilityChangeReporter( 1503): Compat change id reported: 73144566; UID 1000; state: ENABLED
02-22 01:13:09.452 D/CompatibilityChangeReporter( 1503): Compat change id reported: 73144566; UID 1000; state: DISABLED
02-22 01:13:09.453 D/CompatibilityChangeReporter( 1503): Compat change id reported: 168419799; UID 10086; state: DISABLED
02-22 01:13:09.456 D/CompatibilityChangeReporter( 1503): Compat change id reported: 168419799; UID 1000; state: DISABLED
02-22 01:13:09.478 I/GameModeConfig( 1503): isGameModeOn = false
02-22 01:13:09.478 I/GameModeConfig( 1503): isGameModeOn = false
02-22 01:13:09.478 I/GameModeConfig( 1503): isGameModeOn = false
02-22 01:13:09.479 W/ContextImpl( 2374): Calling a method in the system process without a qualified user: android.app.ContextImpl.startService:1816 android.content.ContextWrapper.startService:774 android.content.ContextWrapper.startService:774 com.qualcomm.qti.qdma.app.BootReceiver.onBootReceived:115 com.qualcomm.qti.innodme.InnoBootReceiver.onReceive:22
02-22 01:13:09.484 W/ContextImpl( 2374): Calling a method in the system process without a qualified user: android.app.ContextImpl.startService:1816 android.content.ContextWrapper.startService:774 com.qualcomm.qti.qdma.util.PeriodicCI.run:477 com.qualcomm.qti.qdma.util.PeriodicCI.start:390 com.qualcomm.qti.qdma.app.ActiveCareService$ProcessSessionRequest.run:457
02-22 01:13:09.490 I/am_uid_running( 1503): 10070
02-22 01:13:09.491 D/CompatibilityChangeReporter( 1503): Compat change id reported: 135634846; UID 10070; state: DISABLED
02-22 01:13:09.491 D/CompatibilityChangeReporter( 1503): Compat change id reported: 177438394; UID 10070; state: DISABLED
02-22 01:13:09.491 D/CompatibilityChangeReporter( 1503): Compat change id reported: 135772972; UID 10070; state: DISABLED
02-22 01:13:09.491 D/CompatibilityChangeReporter( 1503): Compat change id reported: 135754954; UID 10070; state: ENABLED
02-22 01:13:09.492 D/CompatibilityChangeReporter( 1503): Compat change id reported: 143937733; UID 10070; state: ENABLED
02-22 01:13:09.495 I/am_uid_running( 1503): 10088
02-22 01:13:09.496 D/CompatibilityChangeReporter( 1503): Compat change id reported: 135634846; UID 10088; state: DISABLED
02-22 01:13:09.496 D/CompatibilityChangeReporter( 1503): Compat change id reported: 177438394; UID 10088; state: DISABLED
02-22 01:13:09.496 D/CompatibilityChangeReporter( 1503): Compat change id reported: 135772972; UID 10088; state: DISABLED
02-22 01:13:09.496 D/CompatibilityChangeReporter( 1503): Compat change id reported: 135754954; UID 10088; state: ENABLED
02-22 01:13:09.498 I/am_proc_start( 1503): [0,2959,10070,com.qualcomm.location.XT,service,{com.qualcomm.location.XT/com.qualcomm.location.XT.XTSrv}]
02-22 01:13:09.498 I/ActivityManager( 1503): Start proc 2959:com.qualcomm.location.XT/u0a70 for service {com.qualcomm.location.XT/com.qualcomm.location.XT.XTSrv}
02-22 01:13:09.498 D/CompatibilityChangeReporter( 1503): Compat change id reported: 143937733; UID 10088; state: ENABLED
02-22 01:13:09.500 I/StorageUserConnection( 1503): Service: [ComponentInfo{com.android.providers.media.module/com.android.providers.media.fuse.ExternalStorageServiceImpl}] connected. User [0]
02-22 01:13:09.502 D/CompatibilityChangeReporter( 1503): Compat change id reported: 182478738; UID 1001; state: DISABLED
02-22 01:13:09.515 I/am_proc_start( 1503): [0,2975,10088,com.qualcomm.qtil.aptxui,broadcast,{com.qualcomm.qtil.aptxui/com.qualcomm.qtil.aptxui.aptxuiBootReceiver}]
02-22 01:13:09.515 I/ActivityManager( 1503): Start proc 2975:com.qualcomm.qtil.aptxui/u0a88 for broadcast {com.qualcomm.qtil.aptxui/com.qualcomm.qtil.aptxui.aptxuiBootReceiver}
02-22 01:13:09.518 W/FreeFormWindowHelper( 1503): Current Display FreeFormTask is null
01-01 12:00:57.583 W/QSEECOM ( 0): qseecom_load_app: App with id 8 (fingerpr) now loaded
01-01 12:00:57.586 I/binder ( 0): 2959:2959 ioctl 40046210 7fff12dd34 returned -22
01-01 12:00:57.596 I/binder ( 0): 2975:2975 ioctl 40046210 7fff12dd34 returned -22
02-22 01:13:09.524 I/am_proc_bound( 1503): [0,2959,com.qualcomm.location.XT]
02-22 01:13:09.525 D/CompatibilityChangeReporter( 1503): Compat change id reported: 168419799; UID 10070; state: DISABLED
02-22 01:13:09.527 I/am_uid_active( 1503): 10070
02-22 01:13:09.534 D/CompatibilityChangeReporter( 1503): Compat change id reported: 157233955; UID 10071; state: DISABLED
02-22 01:13:09.537 D/CompatibilityChangeReporter( 1503): Compat change id reported: 171306433; UID 1000; state: ENABLED
02-22 01:13:09.539 I/am_proc_bound( 1503): [0,2975,com.qualcomm.qtil.aptxui]
02-22 01:13:09.541 D/CompatibilityChangeReporter( 1503): Compat change id reported: 168419799; UID 10088; state: DISABLED
01-01 12:00:57.606 E/msm-dwc3 a600000.ssusb( 0): Could not get usb psy
01-01 12:00:57.606 I/android_work( 0): did not send uevent (0 0 0000000000000000)
02-22 01:13:09.545 I/am_uid_active( 1503): 10088
02-22 01:13:09.547 I/auditd ( 3006): type=1400 audit(0.0:247): avc: denied { read } for comm="ip" name="rt_tables" dev="dm-10" ino=344 scontext=u:r:ethernet:s0 tcontext=u:object_r:net_data_file:s0 tclass=file permissive=0
02-22 01:13:09.554 I/wm_on_create_called( 2514): [229498384,com.android.launcher3.uioverrides.QuickstepLauncher,performCreate]
02-22 01:13:09.554 D/CompatibilityChangeReporter( 1503): Compat change id reported: 174042980; UID 1000; state: DISABLED
02-22 01:13:09.555 I/wm_on_start_called( 2514): [229498384,com.android.launcher3.uioverrides.QuickstepLauncher,handleStartActivity]
02-22 01:13:09.555 I/wm_on_resume_called( 2514): [229498384,com.android.launcher3.uioverrides.QuickstepLauncher,RESUME_ACTIVITY]
02-22 01:13:09.555 I/auditd ( 3011): type=1400 audit(0.0:248): avc: denied { read } for comm="ip" name="rt_tables" dev="dm-10" ino=344 scontext=u:r:ethernet:s0 tcontext=u:object_r:net_data_file:s0 tclass=file permissive=0
02-22 01:13:09.559 D/CompatibilityChangeReporter( 1503): Compat change id reported: 168419799; UID 10080; state: DISABLED
02-22 01:13:09.560 I/wm_on_top_resumed_gained_called( 2514): [229498384,com.android.launcher3.uioverrides.QuickstepLauncher,topStateChangedWhenResumed]
01-01 12:00:57.625 I/binder ( 0): 2959:3015 ioctl 40046210 7ab9a94944 returned -22
02-22 01:13:09.564 W/FreeFormWindowHelper( 1503): Current Display FreeFormTask is null
02-22 01:13:09.572 I/input_focus( 1503): [Focus request e3555c3 com.android.launcher3/com.android.launcher3.uioverrides.QuickstepLauncher,reason=UpdateInputWindows]
02-22 01:13:09.575 W/FreeFormWindowHelper( 1503): Current Display FreeFormTask is null
01-01 12:00:57.654 D/cnss ( 0): Received QMI WLFW pin connect result indication
02-22 01:13:09.593 I/ActivityRecord( 1503): real home.....com.android.launcher3/.uioverrides.QuickstepLauncher
01-01 12:00:57.654 D/cnss ( 0): Pin connect Result: pwr_pin: 0x0 phy_io_pin: 0x0 rf_io_pin: 0x2b
02-22 01:13:09.594 I/WindowManager( 1503): ******* TELLING SURFACE FLINGER WE ARE BOOTED!
01-01 12:00:57.654 D/cnss ( 0): Received QMI WLFW calibration done indication
01-01 12:00:57.654 D/cnss ( 0): Posting event: COLD_BOOT_CAL_DONE(6), state: 0xf flags: 0x0
01-01 12:00:57.654 D/cnss ( 0): PM stay awake, state: 0xf, count: 1
01-01 12:00:57.654 D/cnss ( 0): PM relax, state: 0xf, count: 0
01-01 12:00:57.654 D/cnss ( 0): PM stay awake, state: 0xf, count: 1
01-01 12:00:57.654 D/cnss ( 0): Processing driver event: COLD_BOOT_CAL_DONE(6), state: 0xf
01-01 12:00:57.654 D/cnss ( 0): Received QMI WLFW FW ready indication
01-01 12:00:57.654 D/cnss ( 0): Calibration completed successfully
01-01 12:00:57.654 D/cnss ( 0): Sending mode message, mode: OFF(4), state: 0xf
01-01 12:00:57.654 D/cnss ( 0): Posting event: COLD_BOOT_CAL_DONE(6), state: 0xf flags: 0x0
01-01 12:00:57.657 D/cnss ( 0): Skip driver remove
01-01 12:00:57.657 D/cnss ( 0): Read register offset 0x1f8031c, val = 0x2
01-01 12:00:57.657 D/cnss ( 0): Write val 0x3 to register offset 0x1f8031c
01-01 12:00:57.658 D/cnss ( 0): WLFW server exiting
01-01 12:00:57.658 D/cnss ( 0): Posting event: SERVER_EXIT(1), state: 0x2000f flags: 0x0
02-22 01:13:09.601 I/sf_stop_bootanim( 974): 11405
01-01 12:00:57.659 D/cnss ( 0): Setting MHI state: POWER_OFF(4)
01-01 12:00:57.681 D/cnss ( 0): Suspending PCI link
02-22 01:13:09.612 D/CompatibilityChangeReporter( 1503): Compat change id reported: 168419799; UID 10055; state: DISABLED
02-22 01:13:09.615 I/input_focus( 1503): [Focus entering e3555c3 com.android.launcher3/com.android.launcher3.uioverrides.QuickstepLauncher (server),reason=setFocusedWindow]
02-22 01:13:09.620 I/sysui_multi_action( 1503): [319,420,322,410,325,10,757,761,758,8,759,2,806,com.android.launcher3,871,com.android.launcher3.uioverrides.QuickstepLauncher,905,0,1320,4,1321,1]
02-22 01:13:09.621 I/wm_activity_launch_time( 1503): [0,229498384,com.android.launcher3/.uioverrides.QuickstepLauncher,410]
02-22 01:13:09.622 W/ContextImpl( 2239): Calling a method in the system process without a qualified user: android.app.ContextImpl.startService:1816 android.content.ContextWrapper.startService:774 android.content.ContextWrapper.startService:774 vendor.qti.qesdk.sysservice.QesdkSysReceiver.onReceive:42 android.app.ActivityThread.handleReceiver:4309
01-01 12:00:57.685 I/binder ( 0): 2169:2169 ioctl 40046210 7fff12d6c4 returned -22
01-01 12:00:57.689 I/msm_pcie_disable( 0): PCIe: Assert the reset of endpoint of RC0.
01-01 12:00:57.689 D/cnss ( 0): Setting MHI state: DEINIT(1)
01-01 12:00:57.689 D/cnss ( 0): De-assert WLAN_EN GPIO successfully
01-01 12:00:57.689 D/cnss ( 0): Regulator vdd-wlan-rfa2 is being disabled
01-01 12:00:57.689 D/cnss ( 0): Regulator vdd-wlan-rfa1 is being disabled
01-01 12:00:57.689 D/cnss ( 0): Regulator vdd-wlan-dig is being disabled
01-01 12:00:57.689 D/cnss ( 0): Regulator vdd-wlan-aon is being disabled
01-01 12:00:57.689 D/cnss ( 0): Regulator wlan-ant-switch is being disabled
01-01 12:00:57.689 D/cnss ( 0): Regulator vdd-wlan-io is being disabled
02-22 01:13:09.626 D/CompatibilityChangeReporter( 1503): Compat change id reported: 168419799; UID 10068; state: DISABLED
01-01 12:00:57.694 I/android_work( 0): sent uevent USB_STATE=CONNECTED
02-22 01:13:09.635 I/am_uid_running( 1503): 10017
02-22 01:13:09.635 D/CompatibilityChangeReporter( 1503): Compat change id reported: 135634846; UID 10017; state: DISABLED
02-22 01:13:09.635 D/CompatibilityChangeReporter( 1503): Compat change id reported: 177438394; UID 10017; state: DISABLED
02-22 01:13:09.635 D/CompatibilityChangeReporter( 1503): Compat change id reported: 135772972; UID 10017; state: DISABLED
02-22 01:13:09.635 D/CompatibilityChangeReporter( 1503): Compat change id reported: 135754954; UID 10017; state: ENABLED
02-22 01:13:09.635 D/CompatibilityChangeReporter( 1503): Compat change id reported: 143937733; UID 10017; state: ENABLED
02-22 01:13:09.641 I/am_proc_start( 1503): [0,3045,10017,android.process.media,broadcast,{com.android.mtp/com.android.mtp.MtpReceiver}]
02-22 01:13:09.642 I/ActivityManager( 1503): Start proc 3045:android.process.media/u0a17 for broadcast {com.android.mtp/com.android.mtp.MtpReceiver}
02-22 01:13:09.644 I/am_uid_running( 1503): 10030
02-22 01:13:09.644 D/CompatibilityChangeReporter( 1503): Compat change id reported: 135634846; UID 10030; state: DISABLED
02-22 01:13:09.644 D/CompatibilityChangeReporter( 1503): Compat change id reported: 177438394; UID 10030; state: DISABLED
02-22 01:13:09.644 D/CompatibilityChangeReporter( 1503): Compat change id reported: 135772972; UID 10030; state: DISABLED
02-22 01:13:09.644 D/CompatibilityChangeReporter( 1503): Compat change id reported: 135754954; UID 10030; state: ENABLED
02-22 01:13:09.645 D/CompatibilityChangeReporter( 1503): Compat change id reported: 143937733; UID 10030; state: ENABLED
02-22 01:13:09.643 I/auditd ( 813): type=1400 audit(0.0:249): avc: denied { read } for comm="Loc_hal_worker" name="u:object_r:vendor_pd_locater_dbg_prop:s0" dev="tmpfs" ino=11772 scontext=u:r:vendor_hal_gnss_qti:s0 tcontext=u:object_r:vendor_pd_locater_dbg_prop:s0 tclass=file permissive=0
02-22 01:13:09.651 I/am_uid_running( 1503): 10025
02-22 01:13:09.652 D/CompatibilityChangeReporter( 1503): Compat change id reported: 135634846; UID 10025; state: DISABLED
02-22 01:13:09.652 D/CompatibilityChangeReporter( 1503): Compat change id reported: 177438394; UID 10025; state: DISABLED
02-22 01:13:09.652 D/CompatibilityChangeReporter( 1503): Compat change id reported: 135772972; UID 10025; state: DISABLED
02-22 01:13:09.652 D/CompatibilityChangeReporter( 1503): Compat change id reported: 135754954; UID 10025; state: DISABLED
02-22 01:13:09.655 I/am_proc_start( 1503): [0,3058,10030,com.android.traceur,broadcast,{com.android.traceur/com.android.traceur.Receiver}]
02-22 01:13:09.655 I/ActivityManager( 1503): Start proc 3058:com.android.traceur/u0a30 for broadcast {com.android.traceur/com.android.traceur.Receiver}
02-22 01:13:09.655 D/CompatibilityChangeReporter( 1503): Compat change id reported: 143937733; UID 10025; state: DISABLED
01-01 12:00:57.720 I/binder ( 0): 3045:3045 ioctl 40046210 7fff12dd34 returned -22
01-01 12:00:57.721 E/msm-dwc3 a600000.ssusb( 0): Could not get usb psy
02-22 01:13:09.661 I/am_proc_start( 1503): [0,3065,10025,com.baidu.input,service,{com.baidu.input/com.baidu.input.ImeService}]
02-22 01:13:09.661 I/ActivityManager( 1503): Start proc 3065:com.baidu.input/u0a25 for service {com.baidu.input/com.baidu.input.ImeService}
02-22 01:13:09.662 D/TelephonyRegistry( 1503): listen oscl: mHasNotifySubscriptionInfoChangedOccurred==false no callback
02-22 01:13:09.662 I/am_proc_bound( 1503): [0,3045,android.process.media]
02-22 01:13:09.665 I/wm_destroy_activity( 1503): [0,161097356,2,com.android.settings/.FallbackHome,finish-idle]
02-22 01:13:09.668 D/CompatibilityChangeReporter( 1503): Compat change id reported: 168419799; UID 10017; state: DISABLED
02-22 01:13:09.669 I/wm_on_stop_called( 2404): [161097356,com.android.settings.FallbackHome,LIFECYCLER_STOP_ACTIVITY]
01-01 12:00:57.738 I/binder ( 0): 3058:3058 ioctl 40046210 7fff12dd34 returned -22
02-22 01:13:09.673 I/am_uid_active( 1503): 10030
02-22 01:13:09.675 I/wm_on_destroy_called( 2404): [161097356,com.android.settings.FallbackHome,performDestroy]
01-01 12:00:57.742 I/binder ( 0): 3065:3065 ioctl 40046210 7fff12dd34 returned -22
02-22 01:13:09.687 I/am_proc_bound( 1503): [0,3058,com.android.traceur]
01-01 12:00:57.745 D/cnss ( 0): Processing driver event: COLD_BOOT_CAL_DONE(6), state: 0x20001
01-01 12:00:57.745 D/cnss ( 0): Processing driver event: SERVER_EXIT(1), state: 0x20001
01-01 12:00:57.745 I/cnss ( 0): QMI WLFW service disconnected, state: 0x20000
01-01 12:00:57.745 D/cnss ( 0): PM relax, state: 0x0, count: 0
01-01 12:00:57.745 D/cnss ( 0): PM stay awake, state: 0x0, count: 1
01-01 12:00:57.745 D/cnss ( 0): PM relax, state: 0x0, count: 0
01-01 12:00:57.746 D/cnss ( 0): Posting event: REGISTER_DRIVER(7)-sync, state: 0x0 flags: 0x5
01-01 12:00:57.746 D/cnss ( 0): PM stay awake, state: 0x0, count: 1
01-01 12:00:57.749 D/cnss ( 0): Processing driver event: REGISTER_DRIVER-sync(7), state: 0x0
01-01 12:00:57.749 D/cnss ( 0): Regulator vdd-wlan-io is being enabled
01-01 12:00:57.749 D/cnss ( 0): Regulator wlan-ant-switch is being enabled
01-01 12:00:57.749 D/cnss ( 0): Regulator vdd-wlan-aon is being enabled
01-01 12:00:57.749 D/cnss ( 0): Regulator vdd-wlan-dig is being enabled
01-01 12:00:57.749 D/cnss ( 0): Regulator vdd-wlan-rfa1 is being enabled
01-01 12:00:57.749 D/cnss ( 0): Regulator vdd-wlan-rfa2 is being enabled
01-01 12:00:57.749 D/cnss ( 0): BT_EN_GPIO State: On
01-01 12:00:57.750 I/configfs-gadget gadget( 0): high-speed config #1: b
01-01 12:00:57.750 E/msm-dwc3 a600000.ssusb( 0): Could not get usb psy
01-01 12:00:57.750 I/android_work( 0): sent uevent USB_STATE=CONFIGURED
01-01 12:00:57.751 D/cnss ( 0): Assert WLAN_EN GPIO successfully
01-01 12:00:57.751 D/cnss ( 0): Resuming PCI link
01-01 12:00:57.751 I/msm_pcie_enable( 0): PCIe: Assert the reset of endpoint of RC0.
01-01 12:00:57.755 I/msm_pcie_enable( 0): PCIe: RC0: PCIE20_PARF_INT_ALL_MASK: 0x7f80d202
01-01 12:00:57.758 I/pcie_phy_init( 0): PCIe RC0 PHY is ready!
01-01 12:00:57.762 W/QSEECOM ( 0): __qseecom_unload_app: App (8) is unloaded
01-01 12:00:57.762 D/qbt ( 0): qbt_release: entry minor_no=0 fd_available=0
01-01 12:00:57.762 D/qbt ( 0): qbt_release: Releasing wakelock
01-01 12:00:57.762 D/qbt ( 0): qbt_release: exit : fd_available=1
01-01 12:00:57.762 D/qbt ( 0): qbt_release: entry minor_no=1 fd_available=1
01-01 12:00:57.762 D/qbt ( 0): qbt_release: exit : fd_available=1
02-22 01:13:09.694 D/CompatibilityChangeReporter( 1503): Compat change id reported: 168419799; UID 10030; state: DISABLED
02-22 01:13:09.695 I/auditd ( 810): type=1400 audit(0.0:250): avc: denied { read write } for comm="bluetooth@1.0-s" name="diag" dev="tmpfs" ino=1148 scontext=u:r:hal_bluetooth_default:s0 tcontext=u:object_r:vendor_diag_device:s0 tclass=chr_file permissive=0
01-01 12:00:57.764 E/bt_ioctl( 0): BT_CMD_PWR_CTRL pwr_cntrl:2
02-22 01:13:09.697 W/Looper ( 1503): Slow dispatch took 306ms main h=android.os.Handler c=com.android.server.biometrics.sensors.BiometricScheduler$InternalCallback$$ExternalSyntheticLambda0@bf60a86 m=0
02-22 01:13:09.698 I/am_proc_bound( 1503): [0,3065,com.baidu.input]
02-22 01:13:09.698 V/NotificationAssistants( 1503): 0 notification assistant service connected: ComponentInfo{android.ext.services/android.ext.services.notification.Assistant}
01-01 12:00:57.764 E/bt_vreg_unvote( 0): vreg_unvote successful for : qca,bt-vdd-rfa2
01-01 12:00:57.764 E/bt_vreg_unvote( 0): vreg_unvote successful for : qca,bt-vdd-rfa1
01-01 12:00:57.764 E/bt_vreg_unvote( 0): vreg_unvote successful for : qca,bt-vdd-dig
01-01 12:00:57.764 E/bt_vreg_unvote( 0): vreg_unvote successful for : qca,bt-vdd-aon
01-01 12:00:57.765 D/qbt ( 0): qbt_open: entry minor_no=0 fd_available=1
01-01 12:00:57.765 D/qbt ( 0): qbt_open: exit : 0 fd_available=0
01-01 12:00:57.765 D/qbt ( 0): qbt_open: entry minor_no=1 fd_available=0
01-01 12:00:57.765 D/qbt ( 0): qbt_open: exit : 0 fd_available=0
01-01 12:00:57.765 D/qbt ( 0): qbt_ioctl: cmd received 107
01-01 12:00:57.765 D/qbt ( 0): qbt_ioctl: Acquiring wakelock
01-01 12:00:57.768 I/msm_pcie_enable( 0): PCIe: Release the reset of endpoint of RC0.
02-22 01:13:09.699 D/CompatibilityChangeReporter( 1503): Compat change id reported: 168419799; UID 10025; state: DISABLED
02-22 01:13:09.699 W/Looper ( 1503): Drained
02-22 01:13:09.699 D/BiometricScheduler/Fingerprint21( 1503): [Finishing] {[1] FingerprintUpdateActiveUserClient, proto=1, owner=android, cookie=0, requestId=-1, userId=0}, success: true
02-22 01:13:09.699 D/BiometricScheduler/Fingerprint21( 1503): [Polled] {[2] FingerprintInternalCleanupClient, proto=7, owner=android, cookie=0, requestId=-1, userId=0}, State: 0
