02-22 01:23:14.214 I/ActivityManager( 1503): Killing 3744:com.qualcomm.qti.qms.service.connectionsecurity/u0a58 (adj 945): Unable to freeze binder interface
01-01 12:11:02.278 I/binder ( 0): 1503:1671 ioctl 400c620e 7a824f45d8 returned -22
02-22 01:23:14.214 I/am_kill ( 1503): [0,3744,com.qualcomm.qti.qms.service.connectionsecurity,945,Unable to freeze binder interface]
01-01 12:11:02.278 I/binder ( 0): 1503:1671 ioctl c00c620f 7a824f45b8 returned -22
02-22 01:23:14.216 I/ActivityManager( 1503): Killing 2975:com.qualcomm.qtil.aptxui/u0a88 (adj 935): Unable to freeze binder interface
02-22 01:23:14.216 I/am_kill ( 1503): [0,2975,com.qualcomm.qtil.aptxui,935,Unable to freeze binder interface]
02-22 01:23:14.252 I/am_proc_died( 1503): [0,3744,com.qualcomm.qti.qms.service.connectionsecurity,945,19]
02-22 01:23:14.253 I/am_uid_stopped( 1503): 10058
02-22 01:23:14.255 I/am_proc_died( 1503): [0,2975,com.qualcomm.qtil.aptxui,935,19]
02-22 01:23:14.256 I/am_uid_stopped( 1503): 10088
01-01 12:11:02.325 I/binder ( 0): 1503:1671 ioctl 400c620e 7a824f45d8 returned -22
02-22 01:23:14.260 D/ActivityManager( 1503): freezing 2646 com.android.deskclock
02-22 01:23:14.260 E/ActivityManager( 1503): Unable to freeze binder for 2646 com.android.deskclock
02-22 01:23:14.260 D/ActivityManager( 1503): froze 2646 com.android.deskclock
02-22 01:23:14.260 I/am_freeze( 1503): [2646,com.android.deskclock]
02-22 01:23:14.261 E/ActivityManager( 1503): Unable to freeze binder for 2646 com.android.deskclock
02-22 01:23:14.261 I/ActivityManager( 1503): Killing 2646:com.android.deskclock/u0a68 (adj 935): Unable to freeze binder interface
02-22 01:23:14.261 I/am_kill ( 1503): [0,2646,com.android.deskclock,935,Unable to freeze binder interface]
01-01 12:11:02.325 I/binder ( 0): 1503:1671 ioctl c00c620f 7a824f45b8 returned -22
02-22 01:23:14.291 I/am_proc_died( 1503): [0,2646,com.android.deskclock,935,19]
02-22 01:23:14.292 I/am_uid_stopped( 1503): 10068
02-22 01:23:14.714 D/ActivityManager( 1503): freezing 3769 com.android.externalstorage
02-22 01:23:14.714 E/ActivityManager( 1503): Unable to freeze binder for 3769 com.android.externalstorage
02-22 01:23:14.715 D/ActivityManager( 1503): froze 3769 com.android.externalstorage
02-22 01:23:14.715 I/am_freeze( 1503): [3769,com.android.externalstorage]
02-22 01:23:14.715 E/ActivityManager( 1503): Unable to freeze binder for 3769 com.android.externalstorage
01-01 12:11:02.779 I/binder ( 0): 1503:1671 ioctl 400c620e 7a824f45d8 returned -22
01-01 12:11:02.780 I/binder ( 0): 1503:1671 ioctl c00c620f 7a824f45b8 returned -22
02-22 01:23:14.716 I/ActivityManager( 1503): Killing 3769:com.android.externalstorage/u0a33 (adj 925): Unable to freeze binder interface
02-22 01:23:14.717 I/am_kill ( 1503): [0,3769,com.android.externalstorage,925,Unable to freeze binder interface]
02-22 01:23:14.745 I/am_proc_died( 1503): [0,3769,com.android.externalstorage,925,19]
02-22 01:23:14.745 I/am_uid_stopped( 1503): 10033
02-22 01:23:15.574 W/ActivityManager( 1503): Unable to start service Intent { act=android.intent.action.START_LEBO_SERVICE pkg=com.hpplay.happyplay.aw } U=0: not found
02-22 01:23:18.571 D/ActivityManager( 1503): freezing 3656 com.android.providers.calendar
02-22 01:23:18.571 E/ActivityManager( 1503): Unable to freeze binder for 3656 com.android.providers.calendar
01-01 12:11:06.636 I/binder ( 0): 1503:1671 ioctl 400c620e 7a824f45d8 returned -22
02-22 01:23:18.573 D/ActivityManager( 1503): froze 3656 com.android.providers.calendar
02-22 01:23:18.573 I/am_freeze( 1503): [3656,com.android.providers.calendar]
02-22 01:23:18.573 E/ActivityManager( 1503): Unable to freeze binder for 3656 com.android.providers.calendar
02-22 01:23:18.574 I/ActivityManager( 1503): Killing 3656:com.android.providers.calendar/u0a26 (adj 935): Unable to freeze binder interface
02-22 01:23:18.574 I/am_kill ( 1503): [0,3656,com.android.providers.calendar,935,Unable to freeze binder interface]
01-01 12:11:06.638 I/binder ( 0): 1503:1671 ioctl c00c620f 7a824f45b8 returned -22
02-22 01:23:18.605 I/am_proc_died( 1503): [0,3656,com.android.providers.calendar,935,19]
02-22 01:23:18.605 I/am_uid_stopped( 1503): 10026
01-01 12:11:06.717 E/msm_pcm_playback_close( 0): CMD_EOS failed, cmd_pending 0x8
01-01 12:11:06.725 I/afe_close( 0): port_id = 0x9000
01-01 12:11:06.749 I/afe_find_cal_topo_id_by_port( 0): port id: 0x9000, dev_acdb_id: 0
01-01 12:11:06.749 I/afe_find_cal_topo_id_by_port( 0): top_id:112fc acdb_id:15 afe_port:0x9000
01-01 12:11:06.749 I/afe_get_cal_topology_id( 0): port_id = 0x9000 acdb_id = 15 topology_id = 0x112fc cal_type_index=8 ret=0
01-01 12:11:06.750 I/afe_send_port_topology_id( 0): AFE set topology id 0x112fc enable for port 0x9000 ret 0
01-01 12:11:06.750 I/send_afe_cal_type( 0): cal_index is 0
01-01 12:11:06.750 I/send_afe_cal_type( 0): dev_acdb_id[55] is 0
01-01 12:11:06.750 I/send_afe_cal_type( 0): Sending cal_index cal 0
01-01 12:11:06.750 E/send_afe_cal_type( 0): No cal sent for cal_index 0, port_id = 0x9000! ret -22
01-01 12:11:06.750 I/afe_send_hw_delay( 0): port_id 0x9000 rate 48000 delay_usec 474 status 0
01-01 12:11:06.775 E/DTC_ETH,link_delay_work_func( 0): 3003, SQI=0, link=0
01-01 12:11:07.703 I/binder ( 0): 1503:1671 ioctl 400c620e 7a824f45d8 returned -22
01-01 12:11:07.705 I/binder ( 0): 1503:1671 ioctl c00c620f 7a824f45b8 returned -22
02-22 01:23:19.638 D/ActivityManager( 1503): freezing 3902 com.qualcomm.qti.qms.service.trustzoneaccess
02-22 01:23:19.639 E/ActivityManager( 1503): Unable to freeze binder for 3902 com.qualcomm.qti.qms.service.trustzoneaccess
02-22 01:23:19.640 D/ActivityManager( 1503): froze 3902 com.qualcomm.qti.qms.service.trustzoneaccess
02-22 01:23:19.640 I/am_freeze( 1503): [3902,com.qualcomm.qti.qms.service.trustzoneaccess]
02-22 01:23:19.640 E/ActivityManager( 1503): Unable to freeze binder for 3902 com.qualcomm.qti.qms.service.trustzoneaccess
02-22 01:23:19.642 I/ActivityManager( 1503): Killing 3902:com.qualcomm.qti.qms.service.trustzoneaccess/u0a54 (adj 925): Unable to freeze binder interface
02-22 01:23:19.642 I/am_kill ( 1503): [0,3902,com.qualcomm.qti.qms.service.trustzoneaccess,925,Unable to freeze binder interface]
02-22 01:23:19.675 I/am_proc_died( 1503): [0,3902,com.qualcomm.qti.qms.service.trustzoneaccess,925,19]
02-22 01:23:19.676 I/am_uid_stopped( 1503): 10054
01-01 12:11:11.893 E/DTC_ETH,link_delay_work_func( 0): 3003, SQI=0, link=0
01-01 12:11:17.013 E/DTC_ETH,link_delay_work_func( 0): 3003, SQI=0, link=0
01-01 12:11:17.213 E/msm_pcm_playback_close( 0): CMD_EOS failed, cmd_pending 0x8
01-01 12:11:17.220 I/afe_close( 0): port_id = 0x9000
01-01 12:11:17.243 I/afe_find_cal_topo_id_by_port( 0): port id: 0x9000, dev_acdb_id: 0
01-01 12:11:17.243 I/afe_find_cal_topo_id_by_port( 0): top_id:112fc acdb_id:15 afe_port:0x9000
01-01 12:11:17.243 I/afe_get_cal_topology_id( 0): port_id = 0x9000 acdb_id = 15 topology_id = 0x112fc cal_type_index=8 ret=0
01-01 12:11:17.244 I/afe_send_port_topology_id( 0): AFE set topology id 0x112fc enable for port 0x9000 ret 0
01-01 12:11:17.244 I/send_afe_cal_type( 0): cal_index is 0
01-01 12:11:17.244 I/send_afe_cal_type( 0): dev_acdb_id[55] is 0
01-01 12:11:17.244 I/send_afe_cal_type( 0): Sending cal_index cal 0
01-01 12:11:17.244 E/send_afe_cal_type( 0): No cal sent for cal_index 0, port_id = 0x9000! ret -22
01-01 12:11:17.244 I/afe_send_hw_delay( 0): port_id 0x9000 rate 48000 delay_usec 474 status 0
01-01 12:11:22.133 E/DTC_ETH,link_delay_work_func( 0): 3003, SQI=0, link=0
01-01 12:11:27.253 E/DTC_ETH,link_delay_work_func( 0): 3003, SQI=0, link=0
01-01 12:11:27.709 E/msm_pcm_playback_close( 0): CMD_EOS failed, cmd_pending 0x8
01-01 12:11:27.716 I/afe_close( 0): port_id = 0x9000
01-01 12:11:27.739 I/afe_find_cal_topo_id_by_port( 0): port id: 0x9000, dev_acdb_id: 0
01-01 12:11:27.739 I/afe_find_cal_topo_id_by_port( 0): top_id:112fc acdb_id:15 afe_port:0x9000
01-01 12:11:27.739 I/afe_get_cal_topology_id( 0): port_id = 0x9000 acdb_id = 15 topology_id = 0x112fc cal_type_index=8 ret=0
01-01 12:11:27.740 I/afe_send_port_topology_id( 0): AFE set topology id 0x112fc enable for port 0x9000 ret 0
01-01 12:11:27.740 I/send_afe_cal_type( 0): cal_index is 0
01-01 12:11:27.740 I/send_afe_cal_type( 0): dev_acdb_id[55] is 0
01-01 12:11:27.740 I/send_afe_cal_type( 0): Sending cal_index cal 0
01-01 12:11:27.740 E/send_afe_cal_type( 0): No cal sent for cal_index 0, port_id = 0x9000! ret -22
01-01 12:11:27.740 I/afe_send_hw_delay( 0): port_id 0x9000 rate 48000 delay_usec 474 status 0
01-01 12:11:32.373 E/DTC_ETH,link_delay_work_func( 0): 3003, SQI=0, link=0
01-01 12:11:37.493 E/DTC_ETH,link_delay_work_func( 0): 3003, SQI=0, link=0
01-01 12:11:38.205 E/msm_pcm_playback_close( 0): CMD_EOS failed, cmd_pending 0x8
01-01 12:11:38.212 I/afe_close( 0): port_id = 0x9000
01-01 12:11:38.235 I/afe_find_cal_topo_id_by_port( 0): port id: 0x9000, dev_acdb_id: 0
01-01 12:11:38.235 I/afe_find_cal_topo_id_by_port( 0): top_id:112fc acdb_id:15 afe_port:0x9000
01-01 12:11:38.235 I/afe_get_cal_topology_id( 0): port_id = 0x9000 acdb_id = 15 topology_id = 0x112fc cal_type_index=8 ret=0
01-01 12:11:38.235 I/afe_send_port_topology_id( 0): AFE set topology id 0x112fc enable for port 0x9000 ret 0
01-01 12:11:38.235 I/send_afe_cal_type( 0): cal_index is 0
01-01 12:11:38.235 I/send_afe_cal_type( 0): dev_acdb_id[55] is 0
01-01 12:11:38.235 I/send_afe_cal_type( 0): Sending cal_index cal 0
01-01 12:11:38.235 E/send_afe_cal_type( 0): No cal sent for cal_index 0, port_id = 0x9000! ret -22
01-01 12:11:38.235 I/afe_send_hw_delay( 0): port_id 0x9000 rate 48000 delay_usec 474 status 0
01-01 12:11:42.613 E/DTC_ETH,link_delay_work_func( 0): 3003, SQI=0, link=0
01-01 12:11:47.737 E/DTC_ETH,link_delay_work_func( 0): 3003, SQI=0, link=0
01-01 12:11:48.701 E/msm_pcm_playback_close( 0): CMD_EOS failed, cmd_pending 0x8
01-01 12:11:48.709 I/afe_close( 0): port_id = 0x9000
01-01 12:11:48.731 I/afe_find_cal_topo_id_by_port( 0): port id: 0x9000, dev_acdb_id: 0
01-01 12:11:48.731 I/afe_find_cal_topo_id_by_port( 0): top_id:112fc acdb_id:15 afe_port:0x9000
01-01 12:11:48.731 I/afe_get_cal_topology_id( 0): port_id = 0x9000 acdb_id = 15 topology_id = 0x112fc cal_type_index=8 ret=0
01-01 12:11:48.731 I/afe_send_port_topology_id( 0): AFE set topology id 0x112fc enable for port 0x9000 ret 0
01-01 12:11:48.731 I/send_afe_cal_type( 0): cal_index is 0
01-01 12:11:48.731 I/send_afe_cal_type( 0): dev_acdb_id[55] is 0
01-01 12:11:48.731 I/send_afe_cal_type( 0): Sending cal_index cal 0
01-01 12:11:48.731 E/send_afe_cal_type( 0): No cal sent for cal_index 0, port_id = 0x9000! ret -22
01-01 12:11:48.731 I/afe_send_hw_delay( 0): port_id 0x9000 rate 48000 delay_usec 474 status 0
01-01 12:11:52.853 E/DTC_ETH,link_delay_work_func( 0): 3003, SQI=0, link=0
02-22 01:24:07.863 W/DeviceIdleController( 1503): motion timeout went off and device isn't stationary
02-22 01:24:07.900 I/am_pss ( 1503): [1503,1000,system,213871616,127246336,0,525590528,0,0,30]
02-22 01:24:07.909 I/am_pss ( 1503): [3965,10047,com.thundercomm.screensaver,63069184,55422976,0,176865280,0,2,8]
02-22 01:24:07.918 I/am_pss ( 1503): [2514,10080,com.android.launcher3,61470720,51093504,0,184639488,0,6,8]
02-22 01:24:07.925 I/am_pss ( 1503): [2419,10094,android.ext.services,13519872,5705728,0,124821504,0,5,7]
02-22 01:24:07.931 I/am_pss ( 1503): [2959,10070,com.qualcomm.location.XT,6773760,4632576,0,93503488,0,6,4]
02-22 01:24:07.938 I/am_pss ( 1503): [1946,1002,com.android.bluetooth,35096576,27684864,0,146399232,0,0,7]
02-22 01:24:07.948 I/am_pss ( 1503): [3065,10025,com.baidu.input,106858496,91525120,0,227037184,0,7,9]
02-22 01:24:07.954 I/am_pss ( 1503): [2139,1001,.dataservices,8548352,6393856,0,94371840,0,0,5]
02-22 01:24:07.961 I/am_pss ( 1503): [2079,1073,com.android.networkstack.process,12071936,9318400,0,104804352,0,0,6]
02-22 01:24:07.973 I/am_pss ( 1503): [1966,10078,com.android.systemui,171058176,151715840,0,326545408,0,0,11]
02-22 01:24:09.228 D/ActivityManager( 1503): freezing 3045 android.process.media
02-22 01:24:09.228 E/ActivityManager( 1503): Unable to freeze binder for 3045 android.process.media
02-22 01:24:09.229 D/ActivityManager( 1503): froze 3045 android.process.media
02-22 01:24:09.229 I/am_freeze( 1503): [3045,android.process.media]
02-22 01:24:09.229 E/ActivityManager( 1503): Unable to freeze binder for 3045 android.process.media
01-01 12:11:57.293 I/binder ( 0): 1503:1671 ioctl 400c620e 7a824f45d8 returned -22
01-01 12:11:57.294 I/binder ( 0): 1503:1671 ioctl c00c620f 7a824f45b8 returned -22
01-01 12:11:57.296 I/binder ( 0): 1503:1671 ioctl 400c620e 7a824f45d8 returned -22
01-01 12:11:57.297 I/binder ( 0): 1503:1671 ioctl c00c620f 7a824f45b8 returned -22
02-22 01:24:09.231 D/ActivityManager( 1503): freezing 2551 com.qualcomm.qti.qccauthmgr
02-22 01:24:09.232 E/ActivityManager( 1503): Unable to freeze binder for 2551 com.qualcomm.qti.qccauthmgr
02-22 01:24:09.232 D/ActivityManager( 1503): froze 2551 com.qualcomm.qti.qccauthmgr
02-22 01:24:09.232 I/am_freeze( 1503): [2551,com.qualcomm.qti.qccauthmgr]
02-22 01:24:09.232 E/ActivityManager( 1503): Unable to freeze binder for 2551 com.qualcomm.qti.qccauthmgr
02-22 01:24:09.233 D/ActivityManager( 1503): freezing 3190 android.process.acore
02-22 01:24:09.234 E/ActivityManager( 1503): Unable to freeze binder for 3190 android.process.acore
02-22 01:24:09.234 D/ActivityManager( 1503): froze 3190 android.process.acore
02-22 01:24:09.234 I/am_freeze( 1503): [3190,android.process.acore]
02-22 01:24:09.234 E/ActivityManager( 1503): Unable to freeze binder for 3190 android.process.acore
02-22 01:24:09.235 I/ActivityManager( 1503): Killing 3045:android.process.media/u0a17 (adj 925): Unable to freeze binder interface
02-22 01:24:09.235 I/am_kill ( 1503): [0,3045,android.process.media,925,Unable to freeze binder interface]
01-01 12:11:57.298 I/binder ( 0): 1503:1671 ioctl 400c620e 7a824f45d8 returned -22
01-01 12:11:57.299 I/binder ( 0): 1503:1671 ioctl c00c620f 7a824f45b8 returned -22
02-22 01:24:09.236 I/ActivityManager( 1503): Killing 2551:com.qualcomm.qti.qccauthmgr/u0a86 (adj 935): Unable to freeze binder interface
02-22 01:24:09.236 I/am_kill ( 1503): [0,2551,com.qualcomm.qti.qccauthmgr,935,Unable to freeze binder interface]
02-22 01:24:09.237 I/ActivityManager( 1503): Killing 3190:android.process.acore/u0a18 (adj 975): Unable to freeze binder interface
02-22 01:24:09.237 I/am_kill ( 1503): [0,3190,android.process.acore,975,Unable to freeze binder interface]
02-22 01:24:09.257 I/am_proc_died( 1503): [0,2551,com.qualcomm.qti.qccauthmgr,935,19]
02-22 01:24:09.258 I/am_uid_stopped( 1503): 10086
02-22 01:24:09.266 D/CountryDetector( 1503): No listener is left
02-22 01:24:09.267 I/am_proc_died( 1503): [0,3190,android.process.acore,975,19]
02-22 01:24:09.267 I/am_uid_stopped( 1503): 10018
02-22 01:24:09.269 I/am_pss ( 1503): [3677,2000,com.android.shell,6486016,4231168,0,92131328,0,19,5]
02-22 01:24:09.274 I/am_pss ( 1503): [3625,10022,com.android.packageinstaller,7585792,5464064,0,90738688,0,19,4]
02-22 01:24:09.277 I/am_proc_died( 1503): [0,3045,android.process.media,925,19]
02-22 01:24:09.278 I/am_uid_stopped( 1503): 10017
02-22 01:24:09.279 I/am_pss ( 1503): [3576,10034,com.android.managedprovisioning,9487360,7282688,0,94261248,0,19,4]
02-22 01:24:09.285 I/am_pss ( 1503): [2374,1000,com.qualcomm.qti.qdma,10106880,6479872,0,105390080,0,0,6]
02-22 01:24:09.290 I/am_pss ( 1503): [2334,1000,com.thundercomm.tcservice,9327616,6987776,0,96493568,0,0,4]
02-22 01:24:09.296 I/am_pss ( 1503): [2307,1000,com.thundercomm.remotecontrolservice,11275264,8347648,0,102285312,0,0,5]
02-22 01:24:09.302 I/am_pss ( 1503): [2297,1068,com.android.se,6249472,4001792,0,91795456,0,0,5]
02-22 01:24:09.307 I/am_pss ( 1503): [2282,10084,com.qti.qualcomm.mstatssystemservice,5844992,3702784,0,89804800,0,0,5]
02-22 01:24:09.312 I/am_pss ( 1503): [2239,1000,vendor.qti.qesdk.sysservice,5890048,3686400,0,91070464,0,0,4]
02-22 01:24:09.317 I/am_pss ( 1503): [2207,1000,com.thundercomm.tcsetupwizard,7208960,5074944,0,91103232,0,0,4]
02-22 01:24:09.322 I/am_pss ( 1503): [2169,10055,.qtidataservices,6239232,4050944,0,91377664,0,0,5]
02-22 01:24:09.327 I/am_pss ( 1503): [2179,1000,com.tc.logclient,8017920,5423104,0,98652160,0,0,4]
02-22 01:24:09.332 I/am_pss ( 1503): [2170,1000,com.thundercomm.tchttpserver,8196096,5910528,0,93818880,0,0,5]
02-22 01:24:09.337 I/am_pss ( 1503): [2099,1000,com.thundercomm.microservice,9054208,6758400,0,95252480,0,0,4]
02-22 01:24:09.344 I/am_pss ( 1503): [2112,1000,com.thundercomm.microsettings,30486528,19202048,0,131596288,0,0,6]
02-22 01:24:09.350 I/am_pss ( 1503): [2087,1000,com.thundercomm.gamemode,26884096,21045248,0,130211840,0,0,6]
01-01 12:11:57.422 I/IRQ 5 ( 0): no longer affine to CPU7
01-01 12:11:57.973 E/DTC_ETH,link_delay_work_func( 0): 3003, SQI=0, link=0
02-22 01:24:09.939 I/BackgroundDexOptService( 1503): Pinning optimized code {}
01-01 12:11:59.197 E/msm_pcm_playback_close( 0): CMD_EOS failed, cmd_pending 0x8
01-01 12:11:59.204 I/afe_close( 0): port_id = 0x9000
01-01 12:11:59.228 I/afe_find_cal_topo_id_by_port( 0): port id: 0x9000, dev_acdb_id: 0
01-01 12:11:59.228 I/afe_find_cal_topo_id_by_port( 0): top_id:112fc acdb_id:15 afe_port:0x9000
01-01 12:11:59.228 I/afe_get_cal_topology_id( 0): port_id = 0x9000 acdb_id = 15 topology_id = 0x112fc cal_type_index=8 ret=0
01-01 12:11:59.228 I/afe_send_port_topology_id( 0): AFE set topology id 0x112fc enable for port 0x9000 ret 0
01-01 12:11:59.228 I/send_afe_cal_type( 0): cal_index is 0
01-01 12:11:59.228 I/send_afe_cal_type( 0): dev_acdb_id[55] is 0
01-01 12:11:59.228 I/send_afe_cal_type( 0): Sending cal_index cal 0
01-01 12:11:59.228 E/send_afe_cal_type( 0): No cal sent for cal_index 0, port_id = 0x9000! ret -22
01-01 12:11:59.228 I/afe_send_hw_delay( 0): port_id 0x9000 rate 48000 delay_usec 474 status 0
01-01 12:12:03.093 E/DTC_ETH,link_delay_work_func( 0): 3003, SQI=0, link=0
02-22 01:24:17.823 D/ActivityManager( 1503): freezing 3640 com.android.permissioncontroller
02-22 01:24:17.824 E/ActivityManager( 1503): Unable to freeze binder for 3640 com.android.permissioncontroller
02-22 01:24:17.825 D/ActivityManager( 1503): froze 3640 com.android.permissioncontroller
02-22 01:24:17.825 I/am_freeze( 1503): [3640,com.android.permissioncontroller]
02-22 01:24:17.825 E/ActivityManager( 1503): Unable to freeze binder for 3640 com.android.permissioncontroller
02-22 01:24:17.826 I/ActivityManager( 1503): Killing 3640:com.android.permissioncontroller/u0a92 (adj 915): Unable to freeze binder interface
02-22 01:24:17.826 I/am_kill ( 1503): [0,3640,com.android.permissioncontroller,915,Unable to freeze binder interface]
01-01 12:12:05.888 I/binder ( 0): 1503:1671 ioctl 400c620e 7a824f45d8 returned -22
01-01 12:12:05.890 I/binder ( 0): 1503:1671 ioctl c00c620f 7a824f45b8 returned -22
02-22 01:24:17.853 I/am_proc_died( 1503): [0,3640,com.android.permissioncontroller,915,19]
02-22 01:24:17.854 I/am_uid_stopped( 1503): 10092
02-22 01:24:17.863 I/am_pss ( 1503): [2834,10093,com.android.providers.media.module,18507776,14303232,0,119238656,0,0,7]
02-22 01:24:17.868 I/am_pss ( 1503): [2831,10071,com.qualcomm.location,10812416,7348224,0,104157184,0,0,5]
01-01 12:12:08.213 E/DTC_ETH,link_delay_work_func( 0): 3003, SQI=0, link=0
01-01 12:12:09.693 E/msm_pcm_playback_close( 0): CMD_EOS failed, cmd_pending 0x8
01-01 12:12:09.700 I/afe_close( 0): port_id = 0x9000
01-01 12:12:09.723 I/afe_find_cal_topo_id_by_port( 0): port id: 0x9000, dev_acdb_id: 0
01-01 12:12:09.723 I/afe_find_cal_topo_id_by_port( 0): top_id:112fc acdb_id:15 afe_port:0x9000
01-01 12:12:09.723 I/afe_get_cal_topology_id( 0): port_id = 0x9000 acdb_id = 15 topology_id = 0x112fc cal_type_index=8 ret=0
01-01 12:12:09.723 I/afe_send_port_topology_id( 0): AFE set topology id 0x112fc enable for port 0x9000 ret 0
01-01 12:12:09.723 I/send_afe_cal_type( 0): cal_index is 0
01-01 12:12:09.723 I/send_afe_cal_type( 0): dev_acdb_id[55] is 0
01-01 12:12:09.723 I/send_afe_cal_type( 0): Sending cal_index cal 0
01-01 12:12:09.723 E/send_afe_cal_type( 0): No cal sent for cal_index 0, port_id = 0x9000! ret -22
01-01 12:12:09.723 I/afe_send_hw_delay( 0): port_id 0x9000 rate 48000 delay_usec 474 status 0
01-01 12:12:13.333 E/DTC_ETH,link_delay_work_func( 0): 3003, SQI=0, link=0
01-01 12:12:18.453 E/DTC_ETH,link_delay_work_func( 0): 3003, SQI=0, link=0
01-01 12:12:20.189 E/msm_pcm_playback_close( 0): CMD_EOS failed, cmd_pending 0x8
01-01 12:12:20.196 I/afe_close( 0): port_id = 0x9000
01-01 12:12:20.217 I/afe_find_cal_topo_id_by_port( 0): port id: 0x9000, dev_acdb_id: 0
01-01 12:12:20.217 I/afe_find_cal_topo_id_by_port( 0): top_id:112fc acdb_id:15 afe_port:0x9000
01-01 12:12:20.217 I/afe_get_cal_topology_id( 0): port_id = 0x9000 acdb_id = 15 topology_id = 0x112fc cal_type_index=8 ret=0
01-01 12:12:20.218 I/afe_send_port_topology_id( 0): AFE set topology id 0x112fc enable for port 0x9000 ret 0
01-01 12:12:20.218 I/send_afe_cal_type( 0): cal_index is 0
01-01 12:12:20.218 I/send_afe_cal_type( 0): dev_acdb_id[55] is 0
01-01 12:12:20.218 I/send_afe_cal_type( 0): Sending cal_index cal 0
01-01 12:12:20.218 E/send_afe_cal_type( 0): No cal sent for cal_index 0, port_id = 0x9000! ret -22
01-01 12:12:20.218 I/afe_send_hw_delay( 0): port_id 0x9000 rate 48000 delay_usec 474 status 0
01-01 12:12:23.573 E/DTC_ETH,link_delay_work_func( 0): 3003, SQI=0, link=0
01-01 12:12:28.693 E/DTC_ETH,link_delay_work_func( 0): 3003, SQI=0, link=0
01-01 12:12:30.685 E/msm_pcm_playback_close( 0): CMD_EOS failed, cmd_pending 0x8
01-01 12:12:30.692 I/afe_close( 0): port_id = 0x9000
01-01 12:12:30.713 I/afe_find_cal_topo_id_by_port( 0): port id: 0x9000, dev_acdb_id: 0
01-01 12:12:30.713 I/afe_find_cal_topo_id_by_port( 0): top_id:112fc acdb_id:15 afe_port:0x9000
01-01 12:12:30.713 I/afe_get_cal_topology_id( 0): port_id = 0x9000 acdb_id = 15 topology_id = 0x112fc cal_type_index=8 ret=0
01-01 12:12:30.713 I/afe_send_port_topology_id( 0): AFE set topology id 0x112fc enable for port 0x9000 ret 0
01-01 12:12:30.713 I/send_afe_cal_type( 0): cal_index is 0
01-01 12:12:30.713 I/send_afe_cal_type( 0): dev_acdb_id[55] is 0
01-01 12:12:30.713 I/send_afe_cal_type( 0): Sending cal_index cal 0
01-01 12:12:30.713 E/send_afe_cal_type( 0): No cal sent for cal_index 0, port_id = 0x9000! ret -22
01-01 12:12:30.714 I/afe_send_hw_delay( 0): port_id 0x9000 rate 48000 delay_usec 474 status 0
01-01 12:12:33.813 E/DTC_ETH,link_delay_work_func( 0): 3003, SQI=0, link=0
01-01 12:12:38.933 E/DTC_ETH,link_delay_work_func( 0): 3003, SQI=0, link=0
01-01 12:12:41.181 E/msm_pcm_playback_close( 0): CMD_EOS failed, cmd_pending 0x8
01-01 12:12:41.188 I/afe_close( 0): port_id = 0x9000
01-01 12:12:41.209 I/afe_find_cal_topo_id_by_port( 0): port id: 0x9000, dev_acdb_id: 0
01-01 12:12:41.209 I/afe_find_cal_topo_id_by_port( 0): top_id:112fc acdb_id:15 afe_port:0x9000
01-01 12:12:41.209 I/afe_get_cal_topology_id( 0): port_id = 0x9000 acdb_id = 15 topology_id = 0x112fc cal_type_index=8 ret=0
01-01 12:12:41.210 I/afe_send_port_topology_id( 0): AFE set topology id 0x112fc enable for port 0x9000 ret 0
01-01 12:12:41.210 I/send_afe_cal_type( 0): cal_index is 0
01-01 12:12:41.210 I/send_afe_cal_type( 0): dev_acdb_id[55] is 0
01-01 12:12:41.210 I/send_afe_cal_type( 0): Sending cal_index cal 0
01-01 12:12:41.210 E/send_afe_cal_type( 0): No cal sent for cal_index 0, port_id = 0x9000! ret -22
01-01 12:12:41.210 I/afe_send_hw_delay( 0): port_id 0x9000 rate 48000 delay_usec 474 status 0
01-01 12:12:44.053 E/DTC_ETH,link_delay_work_func( 0): 3003, SQI=0, link=0
01-01 12:12:49.173 E/DTC_ETH,link_delay_work_func( 0): 3003, SQI=0, link=0
01-01 12:12:51.677 E/msm_pcm_playback_close( 0): CMD_EOS failed, cmd_pending 0x8
01-01 12:12:51.684 I/afe_close( 0): port_id = 0x9000
01-01 12:12:51.707 I/afe_find_cal_topo_id_by_port( 0): port id: 0x9000, dev_acdb_id: 0
01-01 12:12:51.707 I/afe_find_cal_topo_id_by_port( 0): top_id:112fc acdb_id:15 afe_port:0x9000
01-01 12:12:51.707 I/afe_get_cal_topology_id( 0): port_id = 0x9000 acdb_id = 15 topology_id = 0x112fc cal_type_index=8 ret=0
01-01 12:12:51.707 I/afe_send_port_topology_id( 0): AFE set topology id 0x112fc enable for port 0x9000 ret 0
01-01 12:12:51.707 I/send_afe_cal_type( 0): cal_index is 0
01-01 12:12:51.707 I/send_afe_cal_type( 0): dev_acdb_id[55] is 0
01-01 12:12:51.707 I/send_afe_cal_type( 0): Sending cal_index cal 0
01-01 12:12:51.707 E/send_afe_cal_type( 0): No cal sent for cal_index 0, port_id = 0x9000! ret -22
01-01 12:12:51.707 I/afe_send_hw_delay( 0): port_id 0x9000 rate 48000 delay_usec 474 status 0
01-01 12:12:54.293 E/DTC_ETH,link_delay_work_func( 0): 3003, SQI=0, link=0
01-01 12:12:59.413 E/DTC_ETH,link_delay_work_func( 0): 3003, SQI=0, link=0
01-01 12:13:02.173 E/msm_pcm_playback_close( 0): CMD_EOS failed, cmd_pending 0x8
01-01 12:13:02.180 I/afe_close( 0): port_id = 0x9000
01-01 12:13:02.202 I/afe_find_cal_topo_id_by_port( 0): port id: 0x9000, dev_acdb_id: 0
01-01 12:13:02.202 I/afe_find_cal_topo_id_by_port( 0): top_id:112fc acdb_id:15 afe_port:0x9000
01-01 12:13:02.202 I/afe_get_cal_topology_id( 0): port_id = 0x9000 acdb_id = 15 topology_id = 0x112fc cal_type_index=8 ret=0
01-01 12:13:02.203 I/afe_send_port_topology_id( 0): AFE set topology id 0x112fc enable for port 0x9000 ret 0
01-01 12:13:02.203 I/send_afe_cal_type( 0): cal_index is 0
01-01 12:13:02.203 I/send_afe_cal_type( 0): dev_acdb_id[55] is 0
01-01 12:13:02.203 I/send_afe_cal_type( 0): Sending cal_index cal 0
01-01 12:13:02.203 E/send_afe_cal_type( 0): No cal sent for cal_index 0, port_id = 0x9000! ret -22
01-01 12:13:02.203 I/afe_send_hw_delay( 0): port_id 0x9000 rate 48000 delay_usec 474 status 0
01-01 12:13:04.534 E/DTC_ETH,link_delay_work_func( 0): 3003, SQI=0, link=0
01-01 12:13:09.653 E/DTC_ETH,link_delay_work_func( 0): 3003, SQI=0, link=0
01-01 12:13:12.669 E/msm_pcm_playback_close( 0): CMD_EOS failed, cmd_pending 0x8
01-01 12:13:12.676 I/afe_close( 0): port_id = 0x9000
01-01 12:13:12.698 I/afe_find_cal_topo_id_by_port( 0): port id: 0x9000, dev_acdb_id: 0
01-01 12:13:12.698 I/afe_find_cal_topo_id_by_port( 0): top_id:112fc acdb_id:15 afe_port:0x9000
01-01 12:13:12.698 I/afe_get_cal_topology_id( 0): port_id = 0x9000 acdb_id = 15 topology_id = 0x112fc cal_type_index=8 ret=0
01-01 12:13:12.699 I/afe_send_port_topology_id( 0): AFE set topology id 0x112fc enable for port 0x9000 ret 0
01-01 12:13:12.699 I/send_afe_cal_type( 0): cal_index is 0
01-01 12:13:12.699 I/send_afe_cal_type( 0): dev_acdb_id[55] is 0
01-01 12:13:12.699 I/send_afe_cal_type( 0): Sending cal_index cal 0
01-01 12:13:12.699 E/send_afe_cal_type( 0): No cal sent for cal_index 0, port_id = 0x9000! ret -22
01-01 12:13:12.699 I/afe_send_hw_delay( 0): port_id 0x9000 rate 48000 delay_usec 474 status 0
01-01 12:13:14.773 E/DTC_ETH,link_delay_work_func( 0): 3003, SQI=0, link=0
01-01 12:13:19.893 E/DTC_ETH,link_delay_work_func( 0): 3003, SQI=0, link=0
01-01 12:13:23.165 E/msm_pcm_playback_close( 0): CMD_EOS failed, cmd_pending 0x8
01-01 12:13:23.172 I/afe_close( 0): port_id = 0x9000
01-01 12:13:23.194 I/afe_find_cal_topo_id_by_port( 0): port id: 0x9000, dev_acdb_id: 0
01-01 12:13:23.194 I/afe_find_cal_topo_id_by_port( 0): top_id:112fc acdb_id:15 afe_port:0x9000
01-01 12:13:23.194 I/afe_get_cal_topology_id( 0): port_id = 0x9000 acdb_id = 15 topology_id = 0x112fc cal_type_index=8 ret=0
01-01 12:13:23.194 I/afe_send_port_topology_id( 0): AFE set topology id 0x112fc enable for port 0x9000 ret 0
01-01 12:13:23.194 I/send_afe_cal_type( 0): cal_index is 0
01-01 12:13:23.194 I/send_afe_cal_type( 0): dev_acdb_id[55] is 0
01-01 12:13:23.194 I/send_afe_cal_type( 0): Sending cal_index cal 0
01-01 12:13:23.194 E/send_afe_cal_type( 0): No cal sent for cal_index 0, port_id = 0x9000! ret -22
01-01 12:13:23.195 I/afe_send_hw_delay( 0): port_id 0x9000 rate 48000 delay_usec 474 status 0
01-01 12:13:25.013 E/DTC_ETH,link_delay_work_func( 0): 3003, SQI=0, link=0
01-01 12:13:30.133 E/DTC_ETH,link_delay_work_func( 0): 3003, SQI=0, link=0
01-01 12:13:33.661 E/msm_pcm_playback_close( 0): CMD_EOS failed, cmd_pending 0x8
01-01 12:13:33.668 I/afe_close( 0): port_id = 0x9000
01-01 12:13:33.690 I/afe_find_cal_topo_id_by_port( 0): port id: 0x9000, dev_acdb_id: 0
01-01 12:13:33.690 I/afe_find_cal_topo_id_by_port( 0): top_id:112fc acdb_id:15 afe_port:0x9000
01-01 12:13:33.690 I/afe_get_cal_topology_id( 0): port_id = 0x9000 acdb_id = 15 topology_id = 0x112fc cal_type_index=8 ret=0
01-01 12:13:33.690 I/afe_send_port_topology_id( 0): AFE set topology id 0x112fc enable for port 0x9000 ret 0
01-01 12:13:33.690 I/send_afe_cal_type( 0): cal_index is 0
01-01 12:13:33.690 I/send_afe_cal_type( 0): dev_acdb_id[55] is 0
01-01 12:13:33.690 I/send_afe_cal_type( 0): Sending cal_index cal 0
01-01 12:13:33.690 E/send_afe_cal_type( 0): No cal sent for cal_index 0, port_id = 0x9000! ret -22
01-01 12:13:33.690 I/afe_send_hw_delay( 0): port_id 0x9000 rate 48000 delay_usec 474 status 0
01-01 12:13:35.253 E/DTC_ETH,link_delay_work_func( 0): 3003, SQI=0, link=0
01-01 12:13:40.373 E/DTC_ETH,link_delay_work_func( 0): 3003, SQI=0, link=0
01-01 12:13:44.157 E/msm_pcm_playback_close( 0): CMD_EOS failed, cmd_pending 0x8
01-01 12:13:44.164 I/afe_close( 0): port_id = 0x9000
01-01 12:13:44.186 I/afe_find_cal_topo_id_by_port( 0): port id: 0x9000, dev_acdb_id: 0
01-01 12:13:44.186 I/afe_find_cal_topo_id_by_port( 0): top_id:112fc acdb_id:15 afe_port:0x9000
01-01 12:13:44.186 I/afe_get_cal_topology_id( 0): port_id = 0x9000 acdb_id = 15 topology_id = 0x112fc cal_type_index=8 ret=0
01-01 12:13:44.186 I/afe_send_port_topology_id( 0): AFE set topology id 0x112fc enable for port 0x9000 ret 0
01-01 12:13:44.186 I/send_afe_cal_type( 0): cal_index is 0
01-01 12:13:44.186 I/send_afe_cal_type( 0): dev_acdb_id[55] is 0
01-01 12:13:44.186 I/send_afe_cal_type( 0): Sending cal_index cal 0
01-01 12:13:44.186 E/send_afe_cal_type( 0): No cal sent for cal_index 0, port_id = 0x9000! ret -22
01-01 12:13:44.186 I/afe_send_hw_delay( 0): port_id 0x9000 rate 48000 delay_usec 474 status 0
01-01 12:13:45.493 E/DTC_ETH,link_delay_work_func( 0): 3003, SQI=0, link=0
01-01 12:13:50.613 E/DTC_ETH,link_delay_work_func( 0): 3003, SQI=0, link=0
01-01 12:13:54.653 E/msm_pcm_playback_close( 0): CMD_EOS failed, cmd_pending 0x8
01-01 12:13:54.660 I/afe_close( 0): port_id = 0x9000
01-01 12:13:54.683 I/afe_find_cal_topo_id_by_port( 0): port id: 0x9000, dev_acdb_id: 0
01-01 12:13:54.683 I/afe_find_cal_topo_id_by_port( 0): top_id:112fc acdb_id:15 afe_port:0x9000
01-01 12:13:54.683 I/afe_get_cal_topology_id( 0): port_id = 0x9000 acdb_id = 15 topology_id = 0x112fc cal_type_index=8 ret=0
01-01 12:13:54.683 I/afe_send_port_topology_id( 0): AFE set topology id 0x112fc enable for port 0x9000 ret 0
01-01 12:13:54.683 I/send_afe_cal_type( 0): cal_index is 0
01-01 12:13:54.683 I/send_afe_cal_type( 0): dev_acdb_id[55] is 0
01-01 12:13:54.683 I/send_afe_cal_type( 0): Sending cal_index cal 0
01-01 12:13:54.683 E/send_afe_cal_type( 0): No cal sent for cal_index 0, port_id = 0x9000! ret -22
01-01 12:13:54.684 I/afe_send_hw_delay( 0): port_id 0x9000 rate 48000 delay_usec 474 status 0
01-01 12:13:55.733 E/DTC_ETH,link_delay_work_func( 0): 3003, SQI=0, link=0
01-01 12:14:00.853 E/DTC_ETH,link_delay_work_func( 0): 3003, SQI=0, link=0
01-01 12:14:05.149 E/msm_pcm_playback_close( 0): CMD_EOS failed, cmd_pending 0x8
01-01 12:14:05.156 I/afe_close( 0): port_id = 0x9000
01-01 12:14:05.179 I/afe_find_cal_topo_id_by_port( 0): port id: 0x9000, dev_acdb_id: 0
01-01 12:14:05.179 I/afe_find_cal_topo_id_by_port( 0): top_id:112fc acdb_id:15 afe_port:0x9000
01-01 12:14:05.179 I/afe_get_cal_topology_id( 0): port_id = 0x9000 acdb_id = 15 topology_id = 0x112fc cal_type_index=8 ret=0
01-01 12:14:05.179 I/afe_send_port_topology_id( 0): AFE set topology id 0x112fc enable for port 0x9000 ret 0
01-01 12:14:05.179 I/send_afe_cal_type( 0): cal_index is 0
01-01 12:14:05.179 I/send_afe_cal_type( 0): dev_acdb_id[55] is 0
01-01 12:14:05.179 I/send_afe_cal_type( 0): Sending cal_index cal 0
01-01 12:14:05.179 E/send_afe_cal_type( 0): No cal sent for cal_index 0, port_id = 0x9000! ret -22
01-01 12:14:05.179 I/afe_send_hw_delay( 0): port_id 0x9000 rate 48000 delay_usec 474 status 0
01-01 12:14:05.973 E/DTC_ETH,link_delay_work_func( 0): 3003, SQI=0, link=0
01-01 12:14:11.093 E/DTC_ETH,link_delay_work_func( 0): 3003, SQI=0, link=0
01-01 12:14:15.645 E/msm_pcm_playback_close( 0): CMD_EOS failed, cmd_pending 0x8
01-01 12:14:15.652 I/afe_close( 0): port_id = 0x9000
01-01 12:14:15.675 I/afe_find_cal_topo_id_by_port( 0): port id: 0x9000, dev_acdb_id: 0
01-01 12:14:15.675 I/afe_find_cal_topo_id_by_port( 0): top_id:112fc acdb_id:15 afe_port:0x9000
01-01 12:14:15.675 I/afe_get_cal_topology_id( 0): port_id = 0x9000 acdb_id = 15 topology_id = 0x112fc cal_type_index=8 ret=0
01-01 12:14:15.675 I/afe_send_port_topology_id( 0): AFE set topology id 0x112fc enable for port 0x9000 ret 0
01-01 12:14:15.675 I/send_afe_cal_type( 0): cal_index is 0
01-01 12:14:15.675 I/send_afe_cal_type( 0): dev_acdb_id[55] is 0
01-01 12:14:15.675 I/send_afe_cal_type( 0): Sending cal_index cal 0
01-01 12:14:15.675 E/send_afe_cal_type( 0): No cal sent for cal_index 0, port_id = 0x9000! ret -22
01-01 12:14:15.675 I/afe_send_hw_delay( 0): port_id 0x9000 rate 48000 delay_usec 474 status 0
01-01 12:14:16.213 E/DTC_ETH,link_delay_work_func( 0): 3003, SQI=0, link=0
01-01 12:14:21.333 E/DTC_ETH,link_delay_work_func( 0): 3003, SQI=0, link=0
01-01 12:14:25.704 I/[schedu][0x3ac52a078][01:26:37.639875] wlan( 0): [3455:I:OSIF] scan start scan id 40966
01-01 12:14:26.141 E/msm_pcm_playback_close( 0): CMD_EOS failed, cmd_pending 0x8
01-01 12:14:26.148 I/afe_close( 0): port_id = 0x9000
01-01 12:14:26.171 I/afe_find_cal_topo_id_by_port( 0): port id: 0x9000, dev_acdb_id: 0
01-01 12:14:26.171 I/afe_find_cal_topo_id_by_port( 0): top_id:112fc acdb_id:15 afe_port:0x9000
01-01 12:14:26.171 I/afe_get_cal_topology_id( 0): port_id = 0x9000 acdb_id = 15 topology_id = 0x112fc cal_type_index=8 ret=0
01-01 12:14:26.171 I/afe_send_port_topology_id( 0): AFE set topology id 0x112fc enable for port 0x9000 ret 0
01-01 12:14:26.171 I/send_afe_cal_type( 0): cal_index is 0
01-01 12:14:26.171 I/send_afe_cal_type( 0): dev_acdb_id[55] is 0
01-01 12:14:26.172 I/send_afe_cal_type( 0): Sending cal_index cal 0
01-01 12:14:26.172 E/send_afe_cal_type( 0): No cal sent for cal_index 0, port_id = 0x9000! ret -22
01-01 12:14:26.172 I/afe_send_hw_delay( 0): port_id 0x9000 rate 48000 delay_usec 474 status 0
01-01 12:14:26.453 E/DTC_ETH,link_delay_work_func( 0): 3003, SQI=0, link=0
01-01 12:14:26.879 I/[schedu][0x3adaaca23][01:26:38.814618] wlan( 0): [3455:I:OSIF] vdev 0, scan id 40966 type COMPLETED(1) reason COMPLETED(1) scan found 84 bss
01-01 12:14:31.573 E/DTC_ETH,link_delay_work_func( 0): 3003, SQI=0, link=0
01-01 12:14:36.637 E/msm_pcm_playback_close( 0): CMD_EOS failed, cmd_pending 0x8
01-01 12:14:36.644 I/afe_close( 0): port_id = 0x9000
01-01 12:14:36.666 I/afe_find_cal_topo_id_by_port( 0): port id: 0x9000, dev_acdb_id: 0
01-01 12:14:36.666 I/afe_find_cal_topo_id_by_port( 0): top_id:112fc acdb_id:15 afe_port:0x9000
01-01 12:14:36.666 I/afe_get_cal_topology_id( 0): port_id = 0x9000 acdb_id = 15 topology_id = 0x112fc cal_type_index=8 ret=0
01-01 12:14:36.667 I/afe_send_port_topology_id( 0): AFE set topology id 0x112fc enable for port 0x9000 ret 0
01-01 12:14:36.667 I/send_afe_cal_type( 0): cal_index is 0
01-01 12:14:36.667 I/send_afe_cal_type( 0): dev_acdb_id[55] is 0
01-01 12:14:36.667 I/send_afe_cal_type( 0): Sending cal_index cal 0
01-01 12:14:36.667 E/send_afe_cal_type( 0): No cal sent for cal_index 0, port_id = 0x9000! ret -22
01-01 12:14:36.667 I/afe_send_hw_delay( 0): port_id 0x9000 rate 48000 delay_usec 474 status 0
01-01 12:14:36.693 E/DTC_ETH,link_delay_work_func( 0): 3003, SQI=0, link=0
01-01 12:14:41.813 E/DTC_ETH,link_delay_work_func( 0): 3003, SQI=0, link=0
01-01 12:14:46.933 E/DTC_ETH,link_delay_work_func( 0): 3003, SQI=0, link=0
01-01 12:14:47.133 E/msm_pcm_playback_close( 0): CMD_EOS failed, cmd_pending 0x8
01-01 12:14:47.140 I/afe_close( 0): port_id = 0x9000
01-01 12:14:47.163 I/afe_find_cal_topo_id_by_port( 0): port id: 0x9000, dev_acdb_id: 0
01-01 12:14:47.163 I/afe_find_cal_topo_id_by_port( 0): top_id:112fc acdb_id:15 afe_port:0x9000
01-01 12:14:47.163 I/afe_get_cal_topology_id( 0): port_id = 0x9000 acdb_id = 15 topology_id = 0x112fc cal_type_index=8 ret=0
01-01 12:14:47.164 I/afe_send_port_topology_id( 0): AFE set topology id 0x112fc enable for port 0x9000 ret 0
01-01 12:14:47.164 I/send_afe_cal_type( 0): cal_index is 0
01-01 12:14:47.164 I/send_afe_cal_type( 0): dev_acdb_id[55] is 0
01-01 12:14:47.164 I/send_afe_cal_type( 0): Sending cal_index cal 0
01-01 12:14:47.164 E/send_afe_cal_type( 0): No cal sent for cal_index 0, port_id = 0x9000! ret -22
01-01 12:14:47.164 I/afe_send_hw_delay( 0): port_id 0x9000 rate 48000 delay_usec 474 status 0
01-01 12:14:52.053 E/DTC_ETH,link_delay_work_func( 0): 3003, SQI=0, link=0
01-01 12:14:57.173 E/DTC_ETH,link_delay_work_func( 0): 3003, SQI=0, link=0
01-01 12:14:57.629 E/msm_pcm_playback_close( 0): CMD_EOS failed, cmd_pending 0x8
01-01 12:14:57.636 I/afe_close( 0): port_id = 0x9000
01-01 12:14:57.659 I/afe_find_cal_topo_id_by_port( 0): port id: 0x9000, dev_acdb_id: 0
01-01 12:14:57.659 I/afe_find_cal_topo_id_by_port( 0): top_id:112fc acdb_id:15 afe_port:0x9000
01-01 12:14:57.659 I/afe_get_cal_topology_id( 0): port_id = 0x9000 acdb_id = 15 topology_id = 0x112fc cal_type_index=8 ret=0
01-01 12:14:57.659 I/afe_send_port_topology_id( 0): AFE set topology id 0x112fc enable for port 0x9000 ret 0
01-01 12:14:57.659 I/send_afe_cal_type( 0): cal_index is 0
01-01 12:14:57.659 I/send_afe_cal_type( 0): dev_acdb_id[55] is 0
01-01 12:14:57.659 I/send_afe_cal_type( 0): Sending cal_index cal 0
01-01 12:14:57.659 E/send_afe_cal_type( 0): No cal sent for cal_index 0, port_id = 0x9000! ret -22
01-01 12:14:57.660 I/afe_send_hw_delay( 0): port_id 0x9000 rate 48000 delay_usec 474 status 0
01-01 12:15:02.293 E/DTC_ETH,link_delay_work_func( 0): 3003, SQI=0, link=0
01-01 12:15:07.413 E/DTC_ETH,link_delay_work_func( 0): 3003, SQI=0, link=0
01-01 12:15:08.125 E/msm_pcm_playback_close( 0): CMD_EOS failed, cmd_pending 0x8
01-01 12:15:08.132 I/afe_close( 0): port_id = 0x9000
01-01 12:15:08.154 I/afe_find_cal_topo_id_by_port( 0): port id: 0x9000, dev_acdb_id: 0
01-01 12:15:08.154 I/afe_find_cal_topo_id_by_port( 0): top_id:112fc acdb_id:15 afe_port:0x9000
01-01 12:15:08.154 I/afe_get_cal_topology_id( 0): port_id = 0x9000 acdb_id = 15 topology_id = 0x112fc cal_type_index=8 ret=0
01-01 12:15:08.155 I/afe_send_port_topology_id( 0): AFE set topology id 0x112fc enable for port 0x9000 ret 0
01-01 12:15:08.155 I/send_afe_cal_type( 0): cal_index is 0
01-01 12:15:08.155 I/send_afe_cal_type( 0): dev_acdb_id[55] is 0
01-01 12:15:08.155 I/send_afe_cal_type( 0): Sending cal_index cal 0
01-01 12:15:08.155 E/send_afe_cal_type( 0): No cal sent for cal_index 0, port_id = 0x9000! ret -22
01-01 12:15:08.155 I/afe_send_hw_delay( 0): port_id 0x9000 rate 48000 delay_usec 474 status 0
01-01 12:15:12.533 E/DTC_ETH,link_delay_work_func( 0): 3003, SQI=0, link=0
01-01 12:15:17.653 E/DTC_ETH,link_delay_work_func( 0): 3003, SQI=0, link=0
01-01 12:15:18.621 E/msm_pcm_playback_close( 0): CMD_EOS failed, cmd_pending 0x8
01-01 12:15:18.628 I/afe_close( 0): port_id = 0x9000
01-01 12:15:18.649 I/afe_find_cal_topo_id_by_port( 0): port id: 0x9000, dev_acdb_id: 0
01-01 12:15:18.649 I/afe_find_cal_topo_id_by_port( 0): top_id:112fc acdb_id:15 afe_port:0x9000
01-01 12:15:18.649 I/afe_get_cal_topology_id( 0): port_id = 0x9000 acdb_id = 15 topology_id = 0x112fc cal_type_index=8 ret=0
01-01 12:15:18.650 I/afe_send_port_topology_id( 0): AFE set topology id 0x112fc enable for port 0x9000 ret 0
01-01 12:15:18.650 I/send_afe_cal_type( 0): cal_index is 0
01-01 12:15:18.650 I/send_afe_cal_type( 0): dev_acdb_id[55] is 0
01-01 12:15:18.650 I/send_afe_cal_type( 0): Sending cal_index cal 0
01-01 12:15:18.650 E/send_afe_cal_type( 0): No cal sent for cal_index 0, port_id = 0x9000! ret -22
01-01 12:15:18.650 I/afe_send_hw_delay( 0): port_id 0x9000 rate 48000 delay_usec 474 status 0
01-01 12:15:22.773 E/DTC_ETH,link_delay_work_func( 0): 3003, SQI=0, link=0
01-01 12:15:27.893 E/DTC_ETH,link_delay_work_func( 0): 3003, SQI=0, link=0
01-01 12:15:29.117 E/msm_pcm_playback_close( 0): CMD_EOS failed, cmd_pending 0x8
01-01 12:15:29.124 I/afe_close( 0): port_id = 0x9000
01-01 12:15:29.145 I/afe_find_cal_topo_id_by_port( 0): port id: 0x9000, dev_acdb_id: 0
01-01 12:15:29.145 I/afe_find_cal_topo_id_by_port( 0): top_id:112fc acdb_id:15 afe_port:0x9000
01-01 12:15:29.145 I/afe_get_cal_topology_id( 0): port_id = 0x9000 acdb_id = 15 topology_id = 0x112fc cal_type_index=8 ret=0
01-01 12:15:29.146 I/afe_send_port_topology_id( 0): AFE set topology id 0x112fc enable for port 0x9000 ret 0
01-01 12:15:29.146 I/send_afe_cal_type( 0): cal_index is 0
01-01 12:15:29.146 I/send_afe_cal_type( 0): dev_acdb_id[55] is 0
01-01 12:15:29.146 I/send_afe_cal_type( 0): Sending cal_index cal 0
01-01 12:15:29.146 E/send_afe_cal_type( 0): No cal sent for cal_index 0, port_id = 0x9000! ret -22
01-01 12:15:29.146 I/afe_send_hw_delay( 0): port_id 0x9000 rate 48000 delay_usec 474 status 0
01-01 12:15:33.013 E/DTC_ETH,link_delay_work_func( 0): 3003, SQI=0, link=0
01-01 12:15:38.133 E/DTC_ETH,link_delay_work_func( 0): 3003, SQI=0, link=0
01-01 12:15:39.613 E/msm_pcm_playback_close( 0): CMD_EOS failed, cmd_pending 0x8
01-01 12:15:39.620 I/afe_close( 0): port_id = 0x9000
01-01 12:15:39.641 I/afe_find_cal_topo_id_by_port( 0): port id: 0x9000, dev_acdb_id: 0
01-01 12:15:39.641 I/afe_find_cal_topo_id_by_port( 0): top_id:112fc acdb_id:15 afe_port:0x9000
01-01 12:15:39.641 I/afe_get_cal_topology_id( 0): port_id = 0x9000 acdb_id = 15 topology_id = 0x112fc cal_type_index=8 ret=0
01-01 12:15:39.641 I/afe_send_port_topology_id( 0): AFE set topology id 0x112fc enable for port 0x9000 ret 0
01-01 12:15:39.641 I/send_afe_cal_type( 0): cal_index is 0
01-01 12:15:39.641 I/send_afe_cal_type( 0): dev_acdb_id[55] is 0
01-01 12:15:39.641 I/send_afe_cal_type( 0): Sending cal_index cal 0
01-01 12:15:39.641 E/send_afe_cal_type( 0): No cal sent for cal_index 0, port_id = 0x9000! ret -22
01-01 12:15:39.642 I/afe_send_hw_delay( 0): port_id 0x9000 rate 48000 delay_usec 474 status 0
01-01 12:15:43.253 E/DTC_ETH,link_delay_work_func( 0): 3003, SQI=0, link=0
01-01 12:15:48.373 E/DTC_ETH,link_delay_work_func( 0): 3003, SQI=0, link=0
01-01 12:15:50.109 E/msm_pcm_playback_close( 0): CMD_EOS failed, cmd_pending 0x8
01-01 12:15:50.116 I/afe_close( 0): port_id = 0x9000
01-01 12:15:50.139 I/afe_find_cal_topo_id_by_port( 0): port id: 0x9000, dev_acdb_id: 0
01-01 12:15:50.139 I/afe_find_cal_topo_id_by_port( 0): top_id:112fc acdb_id:15 afe_port:0x9000
01-01 12:15:50.139 I/afe_get_cal_topology_id( 0): port_id = 0x9000 acdb_id = 15 topology_id = 0x112fc cal_type_index=8 ret=0
01-01 12:15:50.139 I/afe_send_port_topology_id( 0): AFE set topology id 0x112fc enable for port 0x9000 ret 0
01-01 12:15:50.139 I/send_afe_cal_type( 0): cal_index is 0
01-01 12:15:50.139 I/send_afe_cal_type( 0): dev_acdb_id[55] is 0
01-01 12:15:50.139 I/send_afe_cal_type( 0): Sending cal_index cal 0
01-01 12:15:50.139 E/send_afe_cal_type( 0): No cal sent for cal_index 0, port_id = 0x9000! ret -22
01-01 12:15:50.139 I/afe_send_hw_delay( 0): port_id 0x9000 rate 48000 delay_usec 474 status 0
01-01 12:15:53.493 E/DTC_ETH,link_delay_work_func( 0): 3003, SQI=0, link=0
01-01 12:15:58.613 E/DTC_ETH,link_delay_work_func( 0): 3003, SQI=0, link=0
01-01 12:16:00.605 E/msm_pcm_playback_close( 0): CMD_EOS failed, cmd_pending 0x8
01-01 12:16:00.612 I/afe_close( 0): port_id = 0x9000
01-01 12:16:00.636 I/afe_find_cal_topo_id_by_port( 0): port id: 0x9000, dev_acdb_id: 0
01-01 12:16:00.636 I/afe_find_cal_topo_id_by_port( 0): top_id:112fc acdb_id:15 afe_port:0x9000
01-01 12:16:00.636 I/afe_get_cal_topology_id( 0): port_id = 0x9000 acdb_id = 15 topology_id = 0x112fc cal_type_index=8 ret=0
01-01 12:16:00.636 I/afe_send_port_topology_id( 0): AFE set topology id 0x112fc enable for port 0x9000 ret 0
01-01 12:16:00.636 I/send_afe_cal_type( 0): cal_index is 0
01-01 12:16:00.636 I/send_afe_cal_type( 0): dev_acdb_id[55] is 0
01-01 12:16:00.636 I/send_afe_cal_type( 0): Sending cal_index cal 0
01-01 12:16:00.636 E/send_afe_cal_type( 0): No cal sent for cal_index 0, port_id = 0x9000! ret -22
01-01 12:16:00.636 I/afe_send_hw_delay( 0): port_id 0x9000 rate 48000 delay_usec 474 status 0
01-01 12:16:03.733 E/DTC_ETH,link_delay_work_func( 0): 3003, SQI=0, link=0
01-01 12:16:08.853 E/DTC_ETH,link_delay_work_func( 0): 3003, SQI=0, link=0
01-01 12:16:08.860 D/cnss ( 0): Host time = 924821950 us, device time = 910483970 us, offset = 14337980 us
01-01 12:16:08.860 D/cnss ( 0): Updated time sync regs [0x984] = 0xdac7bc, [0x988] = 0x0
01-01 12:16:11.101 E/msm_pcm_playback_close( 0): CMD_EOS failed, cmd_pending 0x8
01-01 12:16:11.108 I/afe_close( 0): port_id = 0x9000
01-01 12:16:11.131 I/afe_find_cal_topo_id_by_port( 0): port id: 0x9000, dev_acdb_id: 0
01-01 12:16:11.131 I/afe_find_cal_topo_id_by_port( 0): top_id:112fc acdb_id:15 afe_port:0x9000
01-01 12:16:11.131 I/afe_get_cal_topology_id( 0): port_id = 0x9000 acdb_id = 15 topology_id = 0x112fc cal_type_index=8 ret=0
01-01 12:16:11.131 I/afe_send_port_topology_id( 0): AFE set topology id 0x112fc enable for port 0x9000 ret 0
01-01 12:16:11.131 I/send_afe_cal_type( 0): cal_index is 0
01-01 12:16:11.131 I/send_afe_cal_type( 0): dev_acdb_id[55] is 0
01-01 12:16:11.131 I/send_afe_cal_type( 0): Sending cal_index cal 0
01-01 12:16:11.131 E/send_afe_cal_type( 0): No cal sent for cal_index 0, port_id = 0x9000! ret -22
01-01 12:16:11.131 I/afe_send_hw_delay( 0): port_id 0x9000 rate 48000 delay_usec 474 status 0
01-01 12:16:13.973 E/DTC_ETH,link_delay_work_func( 0): 3003, SQI=0, link=0
01-01 12:16:19.093 E/DTC_ETH,link_delay_work_func( 0): 3003, SQI=0, link=0
01-01 12:16:21.597 E/msm_pcm_playback_close( 0): CMD_EOS failed, cmd_pending 0x8
01-01 12:16:21.604 I/afe_close( 0): port_id = 0x9000
01-01 12:16:21.626 I/afe_find_cal_topo_id_by_port( 0): port id: 0x9000, dev_acdb_id: 0
01-01 12:16:21.626 I/afe_find_cal_topo_id_by_port( 0): top_id:112fc acdb_id:15 afe_port:0x9000
01-01 12:16:21.626 I/afe_get_cal_topology_id( 0): port_id = 0x9000 acdb_id = 15 topology_id = 0x112fc cal_type_index=8 ret=0
01-01 12:16:21.627 I/afe_send_port_topology_id( 0): AFE set topology id 0x112fc enable for port 0x9000 ret 0
01-01 12:16:21.627 I/send_afe_cal_type( 0): cal_index is 0
01-01 12:16:21.627 I/send_afe_cal_type( 0): dev_acdb_id[55] is 0
01-01 12:16:21.627 I/send_afe_cal_type( 0): Sending cal_index cal 0
01-01 12:16:21.627 E/send_afe_cal_type( 0): No cal sent for cal_index 0, port_id = 0x9000! ret -22
01-01 12:16:21.627 I/afe_send_hw_delay( 0): port_id 0x9000 rate 48000 delay_usec 474 status 0
01-01 12:16:24.213 E/DTC_ETH,link_delay_work_func( 0): 3003, SQI=0, link=0
01-01 12:16:29.333 E/DTC_ETH,link_delay_work_func( 0): 3003, SQI=0, link=0
01-01 12:16:32.093 E/msm_pcm_playback_close( 0): CMD_EOS failed, cmd_pending 0x8
01-01 12:16:32.100 I/afe_close( 0): port_id = 0x9000
01-01 12:16:32.121 I/afe_find_cal_topo_id_by_port( 0): port id: 0x9000, dev_acdb_id: 0
01-01 12:16:32.121 I/afe_find_cal_topo_id_by_port( 0): top_id:112fc acdb_id:15 afe_port:0x9000
01-01 12:16:32.121 I/afe_get_cal_topology_id( 0): port_id = 0x9000 acdb_id = 15 topology_id = 0x112fc cal_type_index=8 ret=0
01-01 12:16:32.122 I/afe_send_port_topology_id( 0): AFE set topology id 0x112fc enable for port 0x9000 ret 0
01-01 12:16:32.122 I/send_afe_cal_type( 0): cal_index is 0
01-01 12:16:32.122 I/send_afe_cal_type( 0): dev_acdb_id[55] is 0
01-01 12:16:32.122 I/send_afe_cal_type( 0): Sending cal_index cal 0
01-01 12:16:32.122 E/send_afe_cal_type( 0): No cal sent for cal_index 0, port_id = 0x9000! ret -22
01-01 12:16:32.122 I/afe_send_hw_delay( 0): port_id 0x9000 rate 48000 delay_usec 474 status 0
01-01 12:16:34.453 E/DTC_ETH,link_delay_work_func( 0): 3003, SQI=0, link=0
02-22 01:28:48.041 I/input_interaction( 1503): Interaction with: ba9900a com.thundercomm.screensaver/android.service.dreams.DreamActivity (server), edge-swipe (server), swipe-up (server), PointerEventDispatcher0 (server),
02-22 01:28:48.045 I/wm_finish_activity( 1503): [0,247353854,44,com.thundercomm.screensaver/android.service.dreams.DreamActivity,finish-activity]
02-22 01:28:48.046 I/wm_task_moved( 1503): [1,1,5]
02-22 01:28:48.047 I/wm_task_moved( 1503): [41,1,2147483647]
02-22 01:28:48.047 I/wm_task_to_front( 1503): [0,41]
02-22 01:28:48.047 I/wm_focused_root_task( 1503): [0,0,1,44,finish-top adjustFocusToNextFocusableTask]
02-22 01:28:48.048 I/wm_set_resumed_activity( 1503): [0,com.android.launcher3/.uioverrides.QuickstepLauncher,finish-top adjustFocusToNextFocusableTask]
02-22 01:28:48.049 I/wm_pause_activity( 1503): [0,247353854,com.thundercomm.screensaver/android.service.dreams.DreamActivity,userLeaving=false,finish]
02-22 01:28:48.053 I/DreamManagerService( 1503): Gently waking up from dream.
02-22 01:28:48.055 I/DreamManagerService( 1503): Performing gentle wake from dream.
02-22 01:28:48.055 I/sysui_multi_action( 1503): [757,803,799,window_time_0,802,513]
02-22 01:28:48.055 I/wm_on_top_resumed_lost_called( 3965): [247353854,android.service.dreams.DreamActivity,topStateChangedWhenResumed]
02-22 01:28:48.056 I/wm_on_paused_called( 3965): [247353854,android.service.dreams.DreamActivity,performPause]
02-22 01:28:48.057 I/wm_add_to_stopping( 1503): [0,247353854,com.thundercomm.screensaver/android.service.dreams.DreamActivity,completeFinishing]
02-22 01:28:48.058 I/ActivityTaskManager( 1503): FOREGROUND_APPLICATION_CHANGED to com.android.launcher3.uioverrides.QuickstepLauncher
02-22 01:28:48.060 I/wm_set_resumed_activity( 1503): [0,com.android.launcher3/.uioverrides.QuickstepLauncher,resumeTopActivityInnerLocked]
02-22 01:28:48.061 I/wm_resume_activity( 1503): [0,229498384,41,com.android.launcher3/.uioverrides.QuickstepLauncher]
02-22 01:28:48.072 I/sysui_multi_action( 1503): [757,803,799,window_time_0,802,0]
