02-22 01:13:07.080 I/SystemServiceManager( 1503): Starting com.android.server.StorageManagerService$Lifecycle
02-22 01:13:07.082 D/PinnerService( 1503): pinRangeStream: null
02-22 01:13:07.082 D/PinnerService( 1503): pinRangeStream: null
02-22 01:13:07.082 D/PinnerService( 1503): pinRangeStream: null
02-22 01:13:07.079 I/auditd ( 1181): type=1400 audit(0.0:224): avc: denied { read } for comm="Binder:1181_3" name="persist" dev="tmpfs" ino=11444 scontext=u:r:installd:s0 tcontext=u:object_r:tmpfs:s0 tclass=lnk_file permissive=0
02-22 01:13:07.079 I/auditd ( 1181): type=1400 audit(0.0:225): avc: denied { read } for comm="Binder:1181_3" name="persist" dev="tmpfs" ino=11444 scontext=u:r:installd:s0 tcontext=u:object_r:tmpfs:s0 tclass=lnk_file permissive=0
02-22 01:13:07.085 D/StorageManagerService( 1503): Thinking about init, mBootCompleted=false, mDaemonConnected=true
02-22 01:13:07.085 D/StorageManagerService( 1503): Thinking about reset, mBootCompleted=false, mDaemonConnected=true
02-22 01:13:07.085 I/SystemServerTiming( 1503): StartStorageStatsService
02-22 01:13:07.085 I/SystemServiceManager( 1503): Starting com.android.server.usage.StorageStatsService$Lifecycle
02-22 01:13:07.083 I/auditd ( 1181): type=1400 audit(0.0:226): avc: denied { read } for comm="Binder:1181_3" name="persist" dev="tmpfs" ino=11444 scontext=u:r:installd:s0 tcontext=u:object_r:tmpfs:s0 tclass=lnk_file permissive=0
02-22 01:13:07.083 I/auditd ( 1181): type=1400 audit(0.0:227): avc: denied { read } for comm="Binder:1181_3" name="persist" dev="tmpfs" ino=11444 scontext=u:r:installd:s0 tcontext=u:object_r:tmpfs:s0 tclass=lnk_file permissive=0
02-22 01:13:07.086 D/StorageManagerService( 1503): Thinking about init, mBootCompleted=false, mDaemonConnected=true
02-22 01:13:07.086 D/StorageManagerService( 1503): Thinking about reset, mBootCompleted=false, mDaemonConnected=true
02-22 01:13:07.083 I/auditd ( 1181): type=1400 audit(0.0:228): avc: denied { read } for comm="Binder:1181_3" name="persist" dev="tmpfs" ino=11444 scontext=u:r:installd:s0 tcontext=u:object_r:tmpfs:s0 tclass=lnk_file permissive=0
02-22 01:13:07.083 I/auditd ( 1181): type=1400 audit(0.0:229): avc: denied { read } for comm="Binder:1181_3" name="persist" dev="tmpfs" ino=11444 scontext=u:r:installd:s0 tcontext=u:object_r:tmpfs:s0 tclass=lnk_file permissive=0
02-22 01:13:07.087 I/SystemServerTiming( 1503): StartUiModeManager
02-22 01:13:07.087 I/SystemServiceManager( 1503): Starting com.android.server.UiModeManagerService
02-22 01:13:07.089 I/SystemServerTimingAsync( 1503): InitThreadPoolExec:UiModeManager.onStart
02-22 01:13:07.089 I/SystemServerTiming( 1503): UpdatePackagesIfNeeded
02-22 01:13:07.089 I/Watchdog( 1503): Pausing HandlerChecker: main thread for reason: dexopt. Pause count: 1
02-22 01:13:07.089 I/Watchdog( 1503): Resuming HandlerChecker: main thread for reason: dexopt. Pause count: 0
02-22 01:13:07.089 I/SystemServerTiming( 1503): PerformFstrimIfNeeded
02-22 01:13:07.090 I/SystemServerTiming( 1503): StartLockSettingsService
02-22 01:13:07.090 I/SystemServiceManager( 1503): Starting com.android.server.locksettings.LockSettingsService$Lifecycle
02-22 01:13:07.090 D/PinnerService( 1503): pinRangeStream: null
02-22 01:13:07.093 D/PinnerService( 1503): pinRangeStream: null
02-22 01:13:07.093 D/PinnerService( 1503): pinRangeStream: null
02-22 01:13:07.094 D/PinnerService( 1503): pinRangeStream: null
02-22 01:13:07.095 D/PinnerService( 1503): pinRangeStream: null
02-22 01:13:07.095 E/PinnerService( 1503): Could not pin file /system/lib64/libsurfaceflinger.so
02-22 01:13:07.095 E/PinnerService( 1503): android.system.ErrnoException: open failed: ENOENT (No such file or directory)
02-22 01:13:07.095 E/PinnerService( 1503): at libcore.io.Linux.open(Native Method)
02-22 01:13:07.095 E/PinnerService( 1503): at libcore.io.ForwardingOs.open(ForwardingOs.java:567)
02-22 01:13:07.095 E/PinnerService( 1503): at libcore.io.BlockGuardOs.open(BlockGuardOs.java:273)
02-22 01:13:07.095 E/PinnerService( 1503): at android.system.Os.open(Os.java:501)
02-22 01:13:07.095 E/PinnerService( 1503): at com.android.server.PinnerService.pinFileRanges(PinnerService.java:939)
02-22 01:13:07.095 E/PinnerService( 1503): at com.android.server.PinnerService.pinFile(PinnerService.java:814)
02-22 01:13:07.095 E/PinnerService( 1503): at com.android.server.PinnerService.handlePinOnStart(PinnerService.java:273)
02-22 01:13:07.095 E/PinnerService( 1503): at com.android.server.PinnerService.access$1600(PinnerService.java:91)
02-22 01:13:07.095 E/PinnerService( 1503): at com.android.server.PinnerService$PinnerHandler.handleMessage(PinnerService.java:1183)
02-22 01:13:07.095 E/PinnerService( 1503): at android.os.Handler.dispatchMessage(Handler.java:106)
02-22 01:13:07.095 E/PinnerService( 1503): at android.os.Looper.loopOnce(Looper.java:201)
02-22 01:13:07.095 E/PinnerService( 1503): at android.os.Looper.loop(Looper.java:288)
02-22 01:13:07.095 E/PinnerService( 1503): at android.os.HandlerThread.run(HandlerThread.java:67)
02-22 01:13:07.095 E/PinnerService( 1503): Failed to pin file = /system/lib64/libsurfaceflinger.so
02-22 01:13:07.097 I/SystemServerTiming( 1503): StartPersistentDataBlock
02-22 01:13:07.097 I/SystemServiceManager( 1503): Starting com.android.server.PersistentDataBlockService
02-22 01:13:07.098 I/SystemServerTiming( 1503): StartTestHarnessMode
02-22 01:13:07.098 I/SystemServiceManager( 1503): Starting com.android.server.testharness.TestHarnessModeService
02-22 01:13:07.098 I/SystemServerTimingAsync( 1503): InitThreadPoolExec:PersistentDataBlockService.onStart
02-22 01:13:07.098 I/SystemServerTiming( 1503): StartOemLockService
02-22 01:13:07.098 I/SystemServiceManager( 1503): Starting com.android.server.oemlock.OemLockService
02-22 01:13:07.098 I/OemLock ( 1503): OemLock HAL not present on device
02-22 01:13:07.098 I/OemLock ( 1503): Using persistent data block based lock
02-22 01:13:07.099 I/SystemServerTiming( 1503): StartDeviceIdleController
02-22 01:13:07.099 I/SystemServiceManager( 1503): Starting com.android.server.DeviceIdleController
02-22 01:13:07.100 E/PersistentDataBlockService( 1503): not able to find package com.google.android.gms
02-22 01:13:07.100 E/PersistentDataBlockService( 1503): android.content.pm.PackageManager$NameNotFoundException: com.google.android.gms
02-22 01:13:07.100 E/PersistentDataBlockService( 1503): at android.app.ApplicationPackageManager.getPackageUidAsUser(ApplicationPackageManager.java:364)
02-22 01:13:07.100 E/PersistentDataBlockService( 1503): at com.android.server.PersistentDataBlockService.getAllowedUid(PersistentDataBlockService.java:162)
02-22 01:13:07.100 E/PersistentDataBlockService( 1503): at com.android.server.PersistentDataBlockService.lambda$onStart$0$PersistentDataBlockService(PersistentDataBlockService.java:176)
02-22 01:13:07.100 E/PersistentDataBlockService( 1503): at com.android.server.PersistentDataBlockService$$ExternalSyntheticLambda0.run(Unknown Source:2)
02-22 01:13:07.100 E/PersistentDataBlockService( 1503): at com.android.server.SystemServerInitThreadPool.lambda$submitTask$0$SystemServerInitThreadPool(SystemServerInitThreadPool.java:105)
02-22 01:13:07.100 E/PersistentDataBlockService( 1503): at com.android.server.SystemServerInitThreadPool$$ExternalSyntheticLambda0.run(Unknown Source:6)
02-22 01:13:07.100 E/PersistentDataBlockService( 1503): at java.util.concurrent.Executors$RunnableAdapter.call(Executors.java:462)
02-22 01:13:07.100 E/PersistentDataBlockService( 1503): at java.util.concurrent.FutureTask.run(FutureTask.java:266)
02-22 01:13:07.100 E/PersistentDataBlockService( 1503): at java.util.concurrent.ThreadPoolExecutor.runWorker(ThreadPoolExecutor.java:1167)
02-22 01:13:07.100 E/PersistentDataBlockService( 1503): at java.util.concurrent.ThreadPoolExecutor$Worker.run(ThreadPoolExecutor.java:641)
02-22 01:13:07.100 E/PersistentDataBlockService( 1503): at com.android.internal.util.ConcurrentUtils$1$1.run(ConcurrentUtils.java:65)
02-22 01:13:07.100 I/SystemServerTiming( 1503): StartDevicePolicyManager
02-22 01:13:07.100 I/SystemServiceManager( 1503): Starting com.android.server.devicepolicy.DevicePolicyManagerService$Lifecycle
02-22 01:13:07.103 I/DevicePolicyManager( 1503): Set ro.organization_owned property to false
02-22 01:13:07.104 I/SystemServerTiming( 1503): StartStatusBarManagerService
02-22 01:13:07.104 D/SystemServer( 1503): MusicRecognitionManagerService not defined by OEM or disabled by flag
02-22 01:13:07.104 D/SystemServer( 1503): ContentCaptureService disabled because resource is not overlaid
02-22 01:13:07.104 D/SystemServer( 1503): AttentionService is not configured on this device
02-22 01:13:07.105 D/SystemServer( 1503): RotationResolverService is not configured on this device
02-22 01:13:07.105 D/SystemServer( 1503): SystemCaptionsManagerService disabled because resource is not overlaid
02-22 01:13:07.105 I/SystemServerTiming( 1503): StartTextToSpeechManagerService
02-22 01:13:07.105 I/SystemServiceManager( 1503): Starting com.android.server.texttospeech.TextToSpeechManagerService
02-22 01:13:07.105 I/SystemServerTiming( 1503): StartSpeechRecognitionManagerService
02-22 01:13:07.105 I/SystemServiceManager( 1503): Starting com.android.server.speech.SpeechRecognitionManagerService
02-22 01:13:07.106 D/SystemServer( 1503): AppPredictionService not defined by OEM
02-22 01:13:07.106 D/SystemServer( 1503): ContentSuggestionsService not defined by OEM
02-22 01:13:07.106 I/SystemServerTiming( 1503): StartSearchUiService
02-22 01:13:07.106 I/SystemServiceManager( 1503): Starting com.android.server.searchui.SearchUiManagerService
02-22 01:13:07.106 I/SystemServerTiming( 1503): StartSmartspaceService
02-22 01:13:07.106 I/SystemServiceManager( 1503): Starting com.android.server.smartspace.SmartspaceManagerService
02-22 01:13:07.106 I/SystemServerTiming( 1503): InitConnectivityModuleConnector
02-22 01:13:07.107 D/ConnectivityModuleConnector( 1503): Network stack init
02-22 01:13:07.107 I/SystemServerTiming( 1503): InitNetworkStackClient
02-22 01:13:07.107 I/SystemServerTiming( 1503): StartNetworkManagementService
02-22 01:13:07.110 I/SystemServerTiming( 1503): StartIpSecService
02-22 01:13:07.110 I/SystemServerTiming( 1503): StartFontManagerService
02-22 01:13:07.170 I/SystemServerTiming( 1503): StartTextServicesManager
02-22 01:13:07.170 I/SystemServiceManager( 1503): Starting com.android.server.textservices.TextServicesManagerService$Lifecycle
02-22 01:13:07.170 I/SystemServerTiming( 1503): StartTextClassificationManagerService
02-22 01:13:07.170 I/SystemServiceManager( 1503): Starting com.android.server.textclassifier.TextClassificationManagerService$Lifecycle
02-22 01:13:07.171 I/SystemServerTiming( 1503): StartNetworkScoreService
02-22 01:13:07.171 I/SystemServiceManager( 1503): Starting com.android.server.NetworkScoreService$Lifecycle
02-22 01:13:07.171 I/SystemServerTiming( 1503): StartNetworkStatsService
02-22 01:13:07.175 I/SystemServerTiming( 1503): StartNetworkPolicyManagerService
02-22 01:13:07.176 I/SystemServerTiming( 1503): StartWifi
02-22 01:13:07.186 I/SystemServiceManager( 1503): Starting com.android.server.wifi.WifiService
02-22 01:13:07.199 I/auditd ( 993): type=1400 audit(0.0:230): avc: denied { read write } for comm="sensors.qti" name="diag" dev="tmpfs" ino=1148 scontext=u:r:vendor_sensors_qti:s0 tcontext=u:object_r:vendor_diag_device:s0 tclass=chr_file permissive=0 --------- beginning of radio
02-22 01:13:07.224 D/TelephonyRegistry( 1503): listen oscl: mHasNotifySubscriptionInfoChangedOccurred==false no callback
02-22 01:13:07.234 I/wificond( 1196): New wificond event callback registered
02-22 01:13:07.236 V/HistoricalRegistry( 1503): Interaction before persistence initialized
02-22 01:13:07.238 I/SystemServerTiming( 1503): StartWifiScanning
02-22 01:13:07.238 I/SystemServiceManager( 1503): Starting com.android.server.wifi.scanner.WifiScanningService
02-22 01:13:07.240 I/SystemServerTiming( 1503): StartRttService
02-22 01:13:07.240 I/SystemServiceManager( 1503): Starting com.android.server.wifi.rtt.RttService
02-22 01:13:07.241 I/SystemServerTiming( 1503): StartWifiAware
02-22 01:13:07.241 I/SystemServiceManager( 1503): Starting com.android.server.wifi.aware.WifiAwareService
02-22 01:13:07.241 I/SystemServerTiming( 1503): StartWifiP2P
02-22 01:13:07.241 I/SystemServiceManager( 1503): Starting com.android.server.wifi.p2p.WifiP2pService
02-22 01:13:07.243 I/SystemServerTiming( 1503): StartEthernet
02-22 01:13:07.260 I/SystemServiceManager( 1503): Starting com.android.server.ethernet.EthernetService
02-22 01:13:07.260 I/SystemServerTiming( 1503): StartPacProxyService
02-22 01:13:07.261 I/SystemServerTiming( 1503): StartConnectivityService
02-22 01:13:07.268 I/SystemServiceManager( 1503): Starting com.android.server.ConnectivityServiceInitializer
02-22 01:13:07.280 D/CompatibilityChangeReporter( 1503): Compat change id reported: 182478738; UID 1000; state: ENABLED
02-22 01:13:07.282 I/SystemServerTiming( 1503): StartVpnManagerService
02-22 01:13:07.282 I/SystemServerTiming( 1503): StartVcnManagementService
02-22 01:13:07.283 I/SystemServerTiming( 1503): StartNsdService
02-22 01:13:07.284 D/NsdService( 1503): Network service discovery is enabled
02-22 01:13:07.284 I/SystemServerTiming( 1503): StartSystemUpdateManagerService
02-22 01:13:07.285 I/SystemUpdateManagerService( 1503): No existing info file /data/system/system-update-info.xml
02-22 01:13:07.285 I/SystemServerTiming( 1503): StartUpdateLockService
02-22 01:13:07.285 I/SystemServerTiming( 1503): StartNotificationManager
02-22 01:13:07.285 I/SystemServiceManager( 1503): Starting com.android.server.notification.NotificationManagerService
02-22 01:13:07.287 D/ConditionProviders.SCP( 1503): new ScheduleConditionProvider()
02-22 01:13:07.292 I/NotificationAssistants( 1503): Read notification assistant permissions from xml
02-22 01:13:07.292 I/ConditionProviders( 1503): Read condition provider permissions from xml
02-22 01:13:07.292 I/ConditionProviders( 1503): Read condition provider permissions from xml
02-22 01:13:07.293 D/NotificationAssistants( 1503): Approving default notification assistant for user 0
02-22 01:13:07.293 I/ConditionProviders( 1503): Allowing condition provider android.ext.services/android.ext.services.notification.Assistant (userSet: true)
02-22 01:13:07.293 I/GameModeConfig( 1503): isGameModeOn cache is null
02-22 01:13:07.293 I/GameModeConfig( 1503): isGameModeOn = false
02-22 01:13:07.294 D/CompatibilityChangeReporter( 1503): Compat change id reported: 157233955; UID 1000; state: ENABLED
02-22 01:13:07.297 I/SystemServerTiming( 1503): StartDeviceMonitor
02-22 01:13:07.297 I/SystemServiceManager( 1503): Starting com.android.server.storage.DeviceStorageMonitorService
02-22 01:13:07.297 I/SystemServerTiming( 1503): StartLocationManagerService
02-22 01:13:07.297 I/SystemServiceManager( 1503): Starting com.android.server.location.LocationManagerService$Lifecycle
02-22 01:13:07.298 I/storage_state( 1503): [41217664-9172-527a-b3d5-edabb50a7d69,0,0,116248039424,118610538496]
02-22 01:13:07.299 I/SystemServerTiming( 1503): StartCountryDetectorService
02-22 01:13:07.299 I/SystemServerTiming( 1503): StartTimeDetectorService
02-22 01:13:07.299 I/SystemServiceManager( 1503): Starting com.android.server.timedetector.TimeDetectorService$Lifecycle
02-22 01:13:07.299 I/SystemServerTiming( 1503): StartTimeZoneDetectorService
02-22 01:13:07.299 I/SystemServiceManager( 1503): Starting com.android.server.timezonedetector.TimeZoneDetectorService$Lifecycle
02-22 01:13:07.300 I/SystemServerTiming( 1503): StartLocationTimeZoneManagerService
02-22 01:13:07.300 I/SystemServiceManager( 1503): Starting com.android.server.timezonedetector.location.LocationTimeZoneManagerService$Lifecycle
02-22 01:13:07.300 I/SystemServerTiming( 1503): StartSearchManagerService
02-22 01:13:07.300 I/SystemServiceManager( 1503): Starting com.android.server.search.SearchManagerService$Lifecycle
02-22 01:13:07.301 I/SystemServerTiming( 1503): StartWallpaperManagerService
02-22 01:13:07.301 I/SystemServiceManager( 1503): Starting com.android.server.wallpaper.WallpaperManagerService$Lifecycle
02-22 01:13:07.301 I/SystemServerTiming( 1503): StartAudioService
02-22 01:13:07.301 I/SystemServiceManager( 1503): Starting com.android.server.audio.AudioService$Lifecycle
02-22 01:13:07.391 V/HistoricalRegistry( 1503): Interaction before persistence initialized
02-22 01:13:07.399 I/auditd ( 993): type=1400 audit(0.0:231): avc: denied { read write } for comm="sensors.qti" name="diag" dev="tmpfs" ino=1148 scontext=u:r:vendor_sensors_qti:s0 tcontext=u:object_r:vendor_diag_device:s0 tclass=chr_file permissive=0
02-22 01:13:07.430 I/SystemServerTiming( 1503): StartSoundTriggerMiddlewareService
02-22 01:13:07.430 I/SystemServiceManager( 1503): Starting com.android.server.soundtrigger_middleware.SoundTriggerMiddlewareService$Lifecycle
02-22 01:13:07.432 I/SystemServerTiming( 1503): StartDockObserver
02-22 01:13:07.432 I/SystemServiceManager( 1503): Starting com.android.server.DockObserver
02-22 01:13:07.432 W/DockObserver( 1503): This kernel does not have dock station support
02-22 01:13:07.432 I/SystemServerTiming( 1503): StartWiredAccessoryManager
02-22 01:13:07.433 W/WiredAccessoryManager( 1503): This kernel does not have usb audio support
02-22 01:13:07.433 W/WiredAccessoryManager( 1503): This kernel does not have HDMI audio support
02-22 01:13:07.433 E/WiredAccessoryManager( 1503): file /sys/devices/platform/soc/soc:qcom,msm-ext-disp/extcon/extcon3/name not found
02-22 01:13:07.433 W/WiredAccessoryManager( 1503): Conn soc:qcom,msm-ext-disp/3/0 does not have DP audio support
02-22 01:13:07.433 E/WiredAccessoryManager( 1503): file /sys/devices/platform/soc/soc:qcom,msm-ext-disp/extcon/extcon2/name not found
02-22 01:13:07.433 W/WiredAccessoryManager( 1503): Conn soc:qcom,msm-ext-disp/2/0 does not have DP audio support
02-22 01:13:07.433 E/WiredAccessoryManager( 1503): set dev_index 1
02-22 01:13:07.433 W/WiredAccessoryManager( 1503): checkCableIndex set cable 0
02-22 01:13:07.433 E/WiredAccessoryManager( 1503): set dev_index 0
02-22 01:13:07.434 W/WiredAccessoryManager( 1503): checkCableIndex set cable 0
02-22 01:13:07.434 I/SystemServerTiming( 1503): StartMidiManager
02-22 01:13:07.434 I/SystemServiceManager( 1503): Starting com.android.server.midi.MidiService$Lifecycle
02-22 01:13:07.434 I/SystemServerTiming( 1503): StartAdbService
02-22 01:13:07.434 I/SystemServiceManager( 1503): Starting com.android.server.adb.AdbService$Lifecycle
02-22 01:13:07.435 I/SystemServerTiming( 1503): StartUsbService
02-22 01:13:07.435 I/SystemServiceManager( 1503): Starting com.android.server.usb.UsbService$Lifecycle
02-22 01:13:07.435 I/SystemServerTiming( 1503): StartSerialService
02-22 01:13:07.435 I/SystemServerTimingAsync( 1503): InitThreadPoolExec:UsbService$Lifecycle#onStart
02-22 01:13:07.435 I/SystemServerTiming( 1503): StartHardwarePropertiesManagerService
02-22 01:13:07.436 E/UsbDeviceManager( 1503): failed to write to /sys/class/android_usb/android0/f_rndis/ethaddr
02-22 01:13:07.436 I/UsbDeviceManager( 1503): USB GADGET HAL not present in the device
02-22 01:13:07.436 I/UsbDeviceManager( 1503): java.util.NoSuchElementException
02-22 01:13:07.436 I/UsbDeviceManager( 1503): at android.os.HwBinder.getService(Native Method)
02-22 01:13:07.436 I/UsbDeviceManager( 1503): at android.hardware.usb.gadget.V1_0.IUsbGadget.getService(IUsbGadget.java:57)
02-22 01:13:07.436 I/UsbDeviceManager( 1503): at android.hardware.usb.gadget.V1_0.IUsbGadget.getService(IUsbGadget.java:64)
02-22 01:13:07.436 I/UsbDeviceManager( 1503): at com.android.server.usb.UsbDeviceManager.(UsbDeviceManager.java:293)
02-22 01:13:07.436 I/UsbDeviceManager( 1503): at com.android.server.usb.UsbService.(UsbService.java:178)
02-22 01:13:07.436 I/UsbDeviceManager( 1503): at com.android.server.usb.UsbService$Lifecycle.lambda$onStart$0$UsbService$Lifecycle(UsbService.java:92)
02-22 01:13:07.436 I/UsbDeviceManager( 1503): at com.android.server.usb.UsbService$Lifecycle$$ExternalSyntheticLambda1.run(Unknown Source:2)
02-22 01:13:07.436 I/UsbDeviceManager( 1503): at com.android.server.SystemServerInitThreadPool.lambda$submitTask$0$SystemServerInitThreadPool(SystemServerInitThreadPool.java:105)
02-22 01:13:07.436 I/UsbDeviceManager( 1503): at com.android.server.SystemServerInitThreadPool$$ExternalSyntheticLambda0.run(Unknown Source:6)
02-22 01:13:07.436 I/UsbDeviceManager( 1503): at java.util.concurrent.Executors$RunnableAdapter.call(Executors.java:462)
02-22 01:13:07.436 I/UsbDeviceManager( 1503): at java.util.concurrent.FutureTask.run(FutureTask.java:266)
02-22 01:13:07.436 I/UsbDeviceManager( 1503): at java.util.concurrent.ThreadPoolExecutor.runWorker(ThreadPoolExecutor.java:1167)
02-22 01:13:07.436 I/UsbDeviceManager( 1503): at java.util.concurrent.ThreadPoolExecutor$Worker.run(ThreadPoolExecutor.java:641)
02-22 01:13:07.436 I/UsbDeviceManager( 1503): at com.android.internal.util.ConcurrentUtils$1$1.run(ConcurrentUtils.java:65)
02-22 01:13:07.436 E/UsbDeviceManager( 1503): Failed to open control for mtp
02-22 01:13:07.436 E/UsbDeviceManager( 1503): Failed to open control for ptp
02-22 01:13:07.437 W/StorageManagerService( 1503): No primary storage defined yet; hacking together a stub
02-22 01:13:07.437 I/SystemServerTiming( 1503): StartTwilightService
01-01 12:00:55.502 I/ ( 0): acc_open
01-01 12:00:55.502 I/ ( 0): acc_release
02-22 01:13:07.437 I/SystemServiceManager( 1503): Starting com.android.server.twilight.TwilightService
02-22 01:13:07.438 I/SystemServerTiming( 1503): StartColorDisplay
02-22 01:13:07.438 I/SystemServiceManager( 1503): Starting com.android.server.display.color.ColorDisplayService
02-22 01:13:07.438 I/SystemServerTiming( 1503): StartJobScheduler
02-22 01:13:07.438 I/SystemServiceManager( 1503): Starting com.android.server.job.JobSchedulerService
02-22 01:13:07.439 I/UsbPortManager( 1503): Usb hal service started android.hardware.usb@1.0::IUsb default
02-22 01:13:07.440 D/JobStore( 1503): Start tag: job-info
02-22 01:13:07.440 W/JobStore( 1503): Periodic job for uid='10092' persisted run-time is too big [360:00:24, 720:00:24]. Clamping to [360:00:09,720:00:09]
02-22 01:13:07.441 I/UsbPortManager( 1503): USB HAL version: 12
02-22 01:13:07.441 W/JobStore( 1503): Periodic job for uid='1000' persisted run-time is too big [24:00:21, 48:00:21]. Clamping to [24:00:09,48:00:09]
02-22 01:13:07.441 W/JobStore( 1503): Periodic job for uid='1000' persisted run-time is too big [360:00:24, 720:00:24]. Clamping to [360:00:09,720:00:09]
02-22 01:13:07.442 W/JobStore( 1503): Periodic job for uid='1000' persisted run-time is too big [24:00:24, 48:00:24]. Clamping to [24:00:09,48:00:09]
02-22 01:13:07.442 W/JobStore( 1503): Periodic job for uid='1000' persisted run-time is too big [24:00:24, 48:00:24]. Clamping to [24:00:09,48:00:09]
02-22 01:13:07.442 I/JobStore( 1503): Read 6 jobs
02-22 01:13:07.444 V/HistoricalRegistry( 1503): Interaction before persistence initialized
02-22 01:13:07.444 V/HistoricalRegistry( 1503): Interaction before persistence initialized
02-22 01:13:07.444 W/JobScheduler( 1503): !!! RTC not yet good; tracking time updates for job scheduling
02-22 01:13:07.444 I/SystemServerTiming( 1503): StartSoundTrigger
02-22 01:13:07.444 I/SystemServiceManager( 1503): Starting com.android.server.soundtrigger.SoundTriggerService
02-22 01:13:07.445 I/SystemServerTiming( 1503): StartTrustManager
02-22 01:13:07.445 I/SystemServiceManager( 1503): Starting com.android.server.trust.TrustManagerService
02-22 01:13:07.446 I/SystemServerTiming( 1503): StartBackupManager
02-22 01:13:07.446 I/SystemServiceManager( 1503): Starting com.android.server.backup.BackupManagerService$Lifecycle
02-22 01:13:07.447 I/SystemServerTiming( 1503): StartAppWidgetService
02-22 01:13:07.447 I/SystemServiceManager( 1503): Starting com.android.server.appwidget.AppWidgetService
02-22 01:13:07.449 I/SystemServerTiming( 1503): StartVoiceRecognitionManager
02-22 01:13:07.449 I/SystemServiceManager( 1503): Starting com.android.server.voiceinteraction.VoiceInteractionManagerService
02-22 01:13:07.452 I/SystemServerTiming( 1503): StartAppHibernationService
02-22 01:13:07.453 I/SystemServiceManager( 1503): Starting com.android.server.apphibernation.AppHibernationService
02-22 01:13:07.454 I/SystemServerTiming( 1503): StartSensorNotification
02-22 01:13:07.454 I/SystemServiceManager( 1503): Starting com.android.server.SensorNotificationService
02-22 01:13:07.454 I/SystemServerTiming( 1503): StartDiskStatsService
02-22 01:13:07.455 I/SystemServerTiming( 1503): RuntimeService
02-22 01:13:07.451 I/auditd ( 1503): type=1400 audit(0.0:232): avc: denied { read } for comm="system_server" name="u:object_r:vendor_default_prop:s0" dev="tmpfs" ino=11741 scontext=u:r:system_server:s0 tcontext=u:object_r:vendor_default_prop:s0 tclass=file permissive=0
02-22 01:13:07.455 I/SystemServerTiming( 1503): StartNetworkTimeUpdateService
02-22 01:13:07.456 I/SystemServerTiming( 1503): CertBlacklister
02-22 01:13:07.457 I/SystemServerTiming( 1503): StartEmergencyAffordanceService
02-22 01:13:07.457 I/SystemServiceManager( 1503): Starting com.android.server.emergency.EmergencyAffordanceService
02-22 01:13:07.457 I/SystemServerTiming( 1503): startBlobStoreManagerService
02-22 01:13:07.457 I/SystemServiceManager( 1503): Starting com.android.server.blob.BlobStoreManagerService
02-22 01:13:07.458 I/SystemServerTiming( 1503): StartDreamManager
02-22 01:13:07.458 I/SystemServiceManager( 1503): Starting com.android.server.dreams.DreamManagerService
02-22 01:13:07.458 I/SystemServerTiming( 1503): AddGraphicsStatsService
02-22 01:13:07.461 I/SystemServerTiming( 1503): StartCompanionDeviceManager
02-22 01:13:07.461 I/SystemServiceManager( 1503): Starting com.android.server.companion.CompanionDeviceManagerService
02-22 01:13:07.462 I/SystemServerTiming( 1503): StartRestrictionManager
02-22 01:13:07.462 I/SystemServiceManager( 1503): Starting com.android.server.restrictions.RestrictionsManagerService
02-22 01:13:07.465 I/SystemServerTiming( 1503): StartMediaSessionService
02-22 01:13:07.465 I/SystemServiceManager( 1503): Starting com.android.server.media.MediaSessionService
02-22 01:13:07.466 I/SystemServerTiming( 1503): StartMediaResourceMonitor
02-22 01:13:07.466 I/SystemServiceManager( 1503): Starting com.android.server.media.MediaResourceMonitorService
02-22 01:13:07.466 I/SystemServerTiming( 1503): StartMediaRouterService
02-22 01:13:07.466 V/HistoricalRegistry( 1503): Interaction before persistence initialized
02-22 01:13:07.467 I/SystemServerTiming( 1503): StartFingerprintSensor
02-22 01:13:07.467 I/SystemServiceManager( 1503): Starting com.android.server.biometrics.sensors.fingerprint.FingerprintService
02-22 01:13:07.467 I/SystemServerTiming( 1503): StartBiometricService
02-22 01:13:07.467 I/SystemServiceManager( 1503): Starting com.android.server.biometrics.BiometricService
02-22 01:13:07.468 I/SystemServerTiming( 1503): StartAuthService
02-22 01:13:07.468 I/SystemServiceManager( 1503): Starting com.android.server.biometrics.AuthService
02-22 01:13:07.468 D/AuthService( 1503): Registering HIDL ID: 0 Modality: 2 Strength: 15
02-22 01:13:07.468 D/AuthService( 1503): Registering HIDL ID: 1 Modality: 8 Strength: 15
02-22 01:13:07.469 E/AuthService( 1503): HIDL face configuration exists, but FaceService is null.
02-22 01:13:07.469 I/SystemServerTiming( 1503): StartBackgroundDexOptService
02-22 01:13:07.469 W/BackgroundDexOptService( 1503): SysProp pm.dexopt.downgrade_after_inactive_days not set
02-22 01:13:07.469 I/SystemServerTiming( 1503): StartDynamicCodeLoggingService
02-22 01:13:07.470 I/SystemServerTiming( 1503): StartPruneInstantAppsJobService
02-22 01:13:07.470 I/SystemServerTiming( 1503): StartShortcutServiceLifecycle
02-22 01:13:07.470 I/SystemServiceManager( 1503): Starting com.android.server.pm.ShortcutService$Lifecycle
02-22 01:13:07.470 V/HistoricalRegistry( 1503): Interaction before persistence initialized
02-22 01:13:07.471 I/SystemServerTiming( 1503): StartLauncherAppsService
02-22 01:13:07.471 I/SystemServiceManager( 1503): Starting com.android.server.pm.LauncherAppsService
02-22 01:13:07.471 I/SystemServerTiming( 1503): StartCrossProfileAppsService
02-22 01:13:07.471 I/SystemServiceManager( 1503): Starting com.android.server.pm.CrossProfileAppsService
02-22 01:13:07.471 I/SystemServerTiming( 1503): StartPeopleService
02-22 01:13:07.471 I/SystemServiceManager( 1503): Starting com.android.server.people.PeopleService
02-22 01:13:07.472 I/SystemServerTiming( 1503): StartMediaMetricsManager
02-22 01:13:07.472 I/SystemServiceManager( 1503): Starting com.android.server.media.metrics.MediaMetricsManagerService
02-22 01:13:07.472 I/SystemServerTiming( 1503): StartMediaProjectionManager
02-22 01:13:07.472 I/SystemServiceManager( 1503): Starting com.android.server.media.projection.MediaProjectionManagerService
02-22 01:13:07.473 I/SystemServerTiming( 1503): StartSliceManagerService
02-22 01:13:07.473 I/SystemServiceManager( 1503): Starting com.android.server.slice.SliceManagerService$Lifecycle
02-22 01:13:07.474 D/BiometricService( 1503): Registering ID: 0 Modality: 2 Strength: 15
02-22 01:13:07.474 D/BiometricStrengthController( 1503): updateStrengths: revert sensorId=0 to oemStrength=15
02-22 01:13:07.474 D/BiometricService/Sensor( 1503): updateStrength: Before(ID(0), oemStrength: 15, updatedStrength: 15, modality 2, state: 0, cookie: 0, props: ID: 0, Strength: 2, Type: 1) After(ID(0), oemStrength: 15, updatedStrength: 15, modality 2, state: 0, cookie: 0, props: ID: 0, Strength: 2, Type: 1)
02-22 01:13:07.488 I/service_manager_slow( 1503): [14,voiceinteraction]
02-22 01:13:07.489 I/SystemServerTiming( 1503): StartStatsCompanion
02-22 01:13:07.491 I/commit_sys_config_file( 1503): [settings-2-0,1]
02-22 01:13:07.492 I/SystemServiceManager( 1503): Starting com.android.server.stats.StatsCompanion$Lifecycle
02-22 01:13:07.493 I/SystemServerTiming( 1503): StartRebootReadinessManagerService
02-22 01:13:07.496 I/SystemServiceManager( 1503): Starting com.android.server.scheduling.RebootReadinessManagerService$Lifecycle
02-22 01:13:07.500 I/SystemServerTiming( 1503): StartStatsPullAtomService
02-22 01:13:07.500 I/SystemServiceManager( 1503): Starting com.android.server.stats.pull.StatsPullAtomService
02-22 01:13:07.500 I/SystemServerTiming( 1503): StartIncidentCompanionService
02-22 01:13:07.500 I/SystemServiceManager( 1503): Starting com.android.server.incident.IncidentCompanionService
02-22 01:13:07.501 I/SystemServerTiming( 1503): StartMmsService
02-22 01:13:07.501 I/SystemServiceManager( 1503): Starting com.android.server.MmsServiceBroker
02-22 01:13:07.501 I/SystemServerTiming( 1503): StartAutoFillService
02-22 01:13:07.501 I/SystemServiceManager( 1503): Starting com.android.server.autofill.AutofillManagerService
02-22 01:13:07.501 I/stream_devices_changed( 1503): [3,0,2]
02-22 01:13:07.503 D/SystemServer( 1503): TranslationService not defined by OEM
02-22 01:13:07.503 I/SystemServerTiming( 1503): StartClipboardService
02-22 01:13:07.503 I/SystemServiceManager( 1503): Starting com.android.server.clipboard.ClipboardService
01-01 12:00:55.570 I/msm_cvp ( 0): warn: DBLP Set: status 0 0
02-22 01:13:07.504 I/SystemServerTiming( 1503): AppServiceManager
02-22 01:13:07.504 I/SystemServiceManager( 1503): Starting com.android.server.appbinding.AppBindingService$Lifecycle
02-22 01:13:07.504 I/SystemServerTiming( 1503): startTracingServiceProxy
02-22 01:13:07.504 I/SystemServiceManager( 1503): Starting com.android.server.tracing.TracingServiceProxy
02-22 01:13:07.504 I/SystemServerTiming( 1503): MakeLockSettingsServiceReady
02-22 01:13:07.509 I/SyntheticPasswordManager( 1503): Device does not support weaver
02-22 01:13:07.509 I/LockSettingsService( 1503): Device doesn't implement AuthSecret HAL
02-22 01:13:07.510 I/SystemServerTiming( 1503): StartBootPhaseLockSettingsReady
02-22 01:13:07.510 I/SystemServiceManager( 1503): Starting phase 480
02-22 01:13:07.510 I/SystemServerTiming( 1503): OnBootPhase_480
02-22 01:13:07.510 I/SystemServerTiming( 1503): OnBootPhase_480_com.android.server.security.FileIntegrityService
02-22 01:13:07.510 I/SystemServerTiming( 1503): OnBootPhase_480_com.android.server.pm.Installer
02-22 01:13:07.510 I/SystemServerTiming( 1503): OnBootPhase_480_com.android.server.os.DeviceIdentifiersPolicyService
02-22 01:13:07.510 I/SystemServerTiming( 1503): OnBootPhase_480_com.android.server.uri.UriGrantsManagerService$Lifecycle
02-22 01:13:07.510 I/SystemServerTiming( 1503): OnBootPhase_480_com.android.server.powerstats.PowerStatsService
02-22 01:13:07.510 I/SystemServerTiming( 1503): OnBootPhase_480_com.android.server.wm.ActivityTaskManagerService$Lifecycle
02-22 01:13:07.510 I/SystemServerTiming( 1503): OnBootPhase_480_com.android.server.am.ActivityManagerService$Lifecycle
02-22 01:13:07.510 I/SystemServerTiming( 1503): OnBootPhase_480_com.android.server.pm.DataLoaderManagerService
02-22 01:13:07.510 I/SystemServerTiming( 1503): OnBootPhase_480_com.android.server.power.PowerManagerService
02-22 01:13:07.510 I/SystemServerTiming( 1503): OnBootPhase_480_com.android.server.power.ThermalManagerService
02-22 01:13:07.510 I/SystemServerTiming( 1503): OnBootPhase_480_com.android.server.power.hint.HintManagerService
02-22 01:13:07.510 I/SystemServerTiming( 1503): OnBootPhase_480_com.android.server.recoverysystem.RecoverySystemService$Lifecycle
02-22 01:13:07.510 I/SystemServerTiming( 1503): OnBootPhase_480_com.android.server.lights.LightsService
02-22 01:13:07.510 I/SystemServerTiming( 1503): OnBootPhase_480_com.android.server.display.DisplayManagerService
02-22 01:13:07.510 I/SystemServerTiming( 1503): OnBootPhase_480_com.android.server.pm.verify.domain.DomainVerificationService
02-22 01:13:07.510 I/SystemServerTiming( 1503): OnBootPhase_480_com.android.server.pm.PackageInstallerService$Lifecycle
02-22 01:13:07.510 I/SystemServerTiming( 1503): OnBootPhase_480_com.android.server.pm.UserManagerService$LifeCycle
02-22 01:13:07.510 I/SystemServerTiming( 1503): OnBootPhase_480_com.android.server.om.OverlayManagerService
02-22 01:13:07.510 I/SystemServerTiming( 1503): OnBootPhase_480_com.android.server.SensorPrivacyService
02-22 01:13:07.510 I/SystemServerTiming( 1503): OnBootPhase_480_com.android.server.thunderperf.ThunderBoostPerfService
02-22 01:13:07.510 I/SystemServerTiming( 1503): OnBootPhase_480_com.android.server.sensors.SensorService
02-22 01:13:07.510 I/SystemServerTiming( 1503): OnBootPhase_480_com.android.server.SystemConfigService
02-22 01:13:07.510 I/SystemServerTiming( 1503): OnBootPhase_480_com.android.server.BatteryService
02-22 01:13:07.510 I/SystemServerTiming( 1503): OnBootPhase_480_com.android.server.usage.UsageStatsService
02-22 01:13:07.510 I/SystemServerTiming( 1503): OnBootPhase_480_com.android.server.webkit.WebViewUpdateService
02-22 01:13:07.510 I/SystemServerTiming( 1503): OnBootPhase_480_com.android.server.CachedDeviceStateService
02-22 01:13:07.510 I/SystemServerTiming( 1503): OnBootPhase_480_com.android.server.BinderCallsStatsService$LifeCycle
02-22 01:13:07.510 I/SystemServerTiming( 1503): OnBootPhase_480_com.android.server.LooperStatsService$Lifecycle
02-22 01:13:07.510 I/SystemServerTiming( 1503): OnBootPhase_480_com.android.server.rollback.RollbackManagerService
02-22 01:13:07.510 I/SystemServerTiming( 1503): OnBootPhase_480_com.android.server.os.NativeTombstoneManagerService
02-22 01:13:07.510 I/SystemServerTiming( 1503): OnBootPhase_480_com.android.server.os.BugreportManagerService
02-22 01:13:07.510 I/SystemServerTiming( 1503): OnBootPhase_480_com.android.server.gpu.GpuService
02-22 01:13:07.510 I/SystemServerTiming( 1503): OnBootPhase_480_com.android.server.security.KeyChainSystemService
02-22 01:13:07.510 I/SystemServerTiming( 1503): OnBootPhase_480_com.android.server.telecom.TelecomLoaderService
02-22 01:13:07.510 I/SystemServerTiming( 1503): OnBootPhase_480_com.android.server.accounts.AccountManagerService$Lifecycle
02-22 01:13:07.510 I/SystemServerTiming( 1503): OnBootPhase_480_com.android.server.content.ContentService$Lifecycle
02-22 01:13:07.510 I/SystemServerTiming( 1503): OnBootPhase_480_com.android.server.DropBoxManagerService
02-22 01:13:07.510 I/SystemServerTiming( 1503): OnBootPhase_480_com.android.role.RoleService
02-22 01:13:07.510 I/SystemServerTiming( 1503): OnBootPhase_480_com.android.server.vibrator.VibratorManagerService$Lifecycle
02-22 01:13:07.510 I/SystemServerTiming( 1503): OnBootPhase_480_com.android.server.alarm.AlarmManagerService
02-22 01:13:07.510 I/SystemServerTiming( 1503): OnBootPhase_480_com.android.server.devicestate.DeviceStateManagerService
02-22 01:13:07.510 I/SystemServerTiming( 1503): OnBootPhase_480_com.android.server.camera.CameraServiceProxy
02-22 01:13:07.510 I/SystemServerTiming( 1503): OnBootPhase_480_com.android.server.BluetoothService
02-22 01:13:07.510 I/SystemServerTiming( 1503): OnBootPhase_480_com.android.server.connectivity.IpConnectivityMetrics
02-22 01:13:07.510 I/SystemServerTiming( 1503): OnBootPhase_480_com.android.server.net.watchlist.NetworkWatchlistService$Lifecycle
02-22 01:13:07.510 I/SystemServerTiming( 1503): OnBootPhase_480_com.android.server.PinnerService
02-22 01:13:07.510 I/SystemServerTiming( 1503): OnBootPhase_480_com.google.android.startop.iorap.IorapForwardingService
02-22 01:13:07.510 I/SystemServerTiming( 1503): OnBootPhase_480_com.android.server.ActivityTriggerService
02-22 01:13:07.510 I/SystemServerTiming( 1503): OnBootPhase_480_com.android.server.integrity.AppIntegrityManagerService
02-22 01:13:07.510 I/SystemServerTiming( 1503): OnBootPhase_480_com.android.server.inputmethod.InputMethodManagerService$Lifecycle
02-22 01:13:07.510 I/SystemServerTiming( 1503): OnBootPhase_480_com.android.server.accessibility.AccessibilityManagerService$Lifecycle
02-22 01:13:07.510 I/SystemServerTiming( 1503): OnBootPhase_480_com.android.server.StorageManagerService$Lifecycle
02-22 01:13:07.510 I/SystemServerTiming( 1503): OnBootPhase_480_com.android.server.usage.StorageStatsService$Lifecycle
02-22 01:13:07.510 I/SystemServerTiming( 1503): OnBootPhase_480_com.android.server.UiModeManagerService
02-22 01:13:07.510 I/SystemServerTiming( 1503): OnBootPhase_480_com.android.server.locksettings.LockSettingsService$Lifecycle
02-22 01:13:07.510 I/SystemServerTiming( 1503): OnBootPhase_480_com.android.server.PersistentDataBlockService
02-22 01:13:07.510 I/SystemServerTiming( 1503): OnBootPhase_480_com.android.server.testharness.TestHarnessModeService
02-22 01:13:07.510 I/SystemServerTiming( 1503): OnBootPhase_480_com.android.server.oemlock.OemLockService
02-22 01:13:07.510 I/SystemServerTiming( 1503): OnBootPhase_480_com.android.server.DeviceIdleController
02-22 01:13:07.510 I/SystemServerTiming( 1503): OnBootPhase_480_com.android.server.devicepolicy.DevicePolicyManagerService$Lifecycle
02-22 01:13:07.511 I/DevicePolicyManager( 1503): Current version 2, latest version 2, not upgrading.
01-01 12:00:55.576 I/msm_vidc( 0): high: 00000001: ....e: Opening video instance: 0000000000000000, 0
01-01 12:00:55.576 I/msm_vidc( 0): err : 00000001: ....e: Failed to create debugfs for msm_vidc
02-22 01:13:07.513 I/SystemServerTiming( 1503): OnBootPhase_480_com.android.server.texttospeech.TextToSpeechManagerService
02-22 01:13:07.513 I/SystemServerTimingAsync( 1503): InitThreadPoolExec:DevicePolicyManager
02-22 01:13:07.513 I/SystemServerTiming( 1503): OnBootPhase_480_com.android.server.speech.SpeechRecognitionManagerService
02-22 01:13:07.513 I/SystemServerTiming( 1503): OnBootPhase_480_com.android.server.searchui.SearchUiManagerService
02-22 01:13:07.513 I/SystemServerTiming( 1503): OnBootPhase_480_com.android.server.smartspace.SmartspaceManagerService
02-22 01:13:07.513 I/SystemServerTiming( 1503): OnBootPhase_480_com.android.server.graphics.fonts.FontManagerService$Lifecycle
02-22 01:13:07.513 I/SystemServerTiming( 1503): OnBootPhase_480_com.android.server.textservices.TextServicesManagerService$Lifecycle
02-22 01:13:07.513 I/SystemServerTiming( 1503): OnBootPhase_480_com.android.server.textclassifier.TextClassificationManagerService$Lifecycle
02-22 01:13:07.513 I/SystemServerTiming( 1503): OnBootPhase_480_com.android.server.NetworkScoreService$Lifecycle
02-22 01:13:07.513 I/SystemServerTiming( 1503): OnBootPhase_480_com.android.server.wifi.WifiService
02-22 01:13:07.513 I/SystemServerTiming( 1503): OnBootPhase_480_com.android.server.wifi.scanner.WifiScanningService
02-22 01:13:07.513 I/SystemServerTiming( 1503): OnBootPhase_480_com.android.server.wifi.rtt.RttService
02-22 01:13:07.513 I/SystemServerTiming( 1503): OnBootPhase_480_com.android.server.wifi.aware.WifiAwareService
02-22 01:13:07.513 I/SystemServerTiming( 1503): OnBootPhase_480_com.android.server.wifi.p2p.WifiP2pService
02-22 01:13:07.513 I/SystemServerTiming( 1503): OnBootPhase_480_com.android.server.ethernet.EthernetService
02-22 01:13:07.513 I/SystemServerTiming( 1503): OnBootPhase_480_com.android.server.ConnectivityServiceInitializer
02-22 01:13:07.513 I/SystemServerTiming( 1503): OnBootPhase_480_com.android.server.notification.NotificationManagerService
02-22 01:13:07.513 I/SystemServerTiming( 1503): OnBootPhase_480_com.android.server.storage.DeviceStorageMonitorService
02-22 01:13:07.513 I/SystemServerTiming( 1503): OnBootPhase_480_com.android.server.location.LocationManagerService$Lifecycle
02-22 01:13:07.513 I/SystemServerTiming( 1503): OnBootPhase_480_com.android.server.timedetector.TimeDetectorService$Lifecycle
02-22 01:13:07.513 I/SystemServerTiming( 1503): OnBootPhase_480_com.android.server.timezonedetector.TimeZoneDetectorService$Lifecycle
02-22 01:13:07.513 I/SystemServerTiming( 1503): OnBootPhase_480_com.android.server.timezonedetector.location.LocationTimeZoneManagerService$Lifecycle
02-22 01:13:07.513 I/SystemServerTiming( 1503): OnBootPhase_480_com.android.server.search.SearchManagerService$Lifecycle
02-22 01:13:07.513 I/SystemServerTiming( 1503): OnBootPhase_480_com.android.server.wallpaper.WallpaperManagerService$Lifecycle
02-22 01:13:07.513 I/SystemServerTiming( 1503): OnBootPhase_480_com.android.server.audio.AudioService$Lifecycle
02-22 01:13:07.513 I/SystemServerTiming( 1503): OnBootPhase_480_com.android.server.soundtrigger_middleware.SoundTriggerMiddlewareService$Lifecycle
02-22 01:13:07.513 I/SystemServerTiming( 1503): OnBootPhase_480_com.android.server.DockObserver
02-22 01:13:07.513 I/SystemServerTiming( 1503): OnBootPhase_480_com.android.server.midi.MidiService$Lifecycle
02-22 01:13:07.513 I/SystemServerTiming( 1503): OnBootPhase_480_com.android.server.adb.AdbService$Lifecycle
02-22 01:13:07.513 I/SystemServerTiming( 1503): OnBootPhase_480_com.android.server.usb.UsbService$Lifecycle
02-22 01:13:07.513 I/SystemServerTiming( 1503): OnBootPhase_480_com.android.server.twilight.TwilightService
02-22 01:13:07.513 I/SystemServerTiming( 1503): OnBootPhase_480_com.android.server.display.color.ColorDisplayService
02-22 01:13:07.513 I/SystemServerTiming( 1503): OnBootPhase_480_com.android.server.job.JobSchedulerService
02-22 01:13:07.513 I/SystemServerTiming( 1503): OnBootPhase_480_com.android.server.soundtrigger.SoundTriggerService
02-22 01:13:07.513 D/SoundTriggerService( 1503): onBootPhase: 480 : false
02-22 01:13:07.513 I/SystemServerTiming( 1503): OnBootPhase_480_com.android.server.trust.TrustManagerService
02-22 01:13:07.513 I/SystemServerTiming( 1503): OnBootPhase_480_com.android.server.backup.BackupManagerService$Lifecycle
02-22 01:13:07.514 I/SystemServerTiming( 1503): OnBootPhase_480_com.android.server.appwidget.AppWidgetService
02-22 01:13:07.514 I/SystemServerTiming( 1503): OnBootPhase_480_com.android.server.voiceinteraction.VoiceInteractionManagerService
02-22 01:13:07.514 I/SystemServerTiming( 1503): OnBootPhase_480_com.android.server.apphibernation.AppHibernationService
02-22 01:13:07.514 I/SystemServerTiming( 1503): OnBootPhase_480_com.android.server.SensorNotificationService
02-22 01:13:07.514 I/SystemServerTiming( 1503): OnBootPhase_480_com.android.server.emergency.EmergencyAffordanceService
02-22 01:13:07.514 I/SystemServerTiming( 1503): OnBootPhase_480_com.android.server.blob.BlobStoreManagerService
02-22 01:13:07.514 I/SystemServerTiming( 1503): OnBootPhase_480_com.android.server.dreams.DreamManagerService
02-22 01:13:07.514 I/SystemServerTiming( 1503): OnBootPhase_480_com.android.server.companion.CompanionDeviceManagerService
02-22 01:13:07.514 I/SystemServerTiming( 1503): OnBootPhase_480_com.android.server.restrictions.RestrictionsManagerService
02-22 01:13:07.514 I/SystemServerTiming( 1503): OnBootPhase_480_com.android.server.media.MediaSessionService
02-22 01:13:07.514 I/SystemServerTiming( 1503): OnBootPhase_480_com.android.server.media.MediaResourceMonitorService
02-22 01:13:07.514 I/SystemServerTiming( 1503): OnBootPhase_480_com.android.server.biometrics.sensors.fingerprint.FingerprintService
02-22 01:13:07.514 I/SystemServerTiming( 1503): OnBootPhase_480_com.android.server.biometrics.BiometricService
02-22 01:13:07.514 I/SystemServerTiming( 1503): OnBootPhase_480_com.android.server.biometrics.AuthService
02-22 01:13:07.514 I/SystemServerTiming( 1503): OnBootPhase_480_com.android.server.pm.ShortcutService$Lifecycle
02-22 01:13:07.515 I/SystemServerTiming( 1503): OnBootPhase_480_com.android.server.pm.LauncherAppsService
02-22 01:13:07.515 I/SystemServerTiming( 1503): OnBootPhase_480_com.android.server.pm.CrossProfileAppsService
02-22 01:13:07.515 I/SystemServerTiming( 1503): OnBootPhase_480_com.android.server.people.PeopleService
02-22 01:13:07.515 I/SystemServerTiming( 1503): OnBootPhase_480_com.android.server.media.metrics.MediaMetricsManagerService
02-22 01:13:07.515 I/SystemServerTiming( 1503): OnBootPhase_480_com.android.server.media.projection.MediaProjectionManagerService
02-22 01:13:07.515 I/SystemServerTiming( 1503): OnBootPhase_480_com.android.server.slice.SliceManagerService$Lifecycle
02-22 01:13:07.515 I/SystemServerTiming( 1503): OnBootPhase_480_com.android.server.stats.StatsCompanion$Lifecycle
02-22 01:13:07.515 I/SystemServerTiming( 1503): OnBootPhase_480_com.android.server.scheduling.RebootReadinessManagerService$Lifecycle
02-22 01:13:07.515 I/SystemServerTiming( 1503): OnBootPhase_480_com.android.server.stats.pull.StatsPullAtomService
02-22 01:13:07.515 I/SystemServerTiming( 1503): OnBootPhase_480_com.android.server.incident.IncidentCompanionService
02-22 01:13:07.515 I/SystemServerTiming( 1503): OnBootPhase_480_com.android.server.MmsServiceBroker
02-22 01:13:07.515 I/SystemServerTiming( 1503): OnBootPhase_480_com.android.server.autofill.AutofillManagerService
02-22 01:13:07.515 I/SystemServerTiming( 1503): OnBootPhase_480_com.android.server.clipboard.ClipboardService
02-22 01:13:07.515 I/SystemServerTiming( 1503): OnBootPhase_480_com.android.server.appbinding.AppBindingService$Lifecycle
02-22 01:13:07.515 I/SystemServerTiming( 1503): OnBootPhase_480_com.android.server.tracing.TracingServiceProxy
02-22 01:13:07.515 I/SystemServerTiming( 1503): StartBootPhaseSystemServicesReady
02-22 01:13:07.515 I/SystemServiceManager( 1503): Starting phase 500
02-22 01:13:07.515 I/SystemServerTiming( 1503): OnBootPhase_500
02-22 01:13:07.515 I/SystemServerTiming( 1503): OnBootPhase_500_com.android.server.security.FileIntegrityService
02-22 01:13:07.515 I/SystemServerTiming( 1503): OnBootPhase_500_com.android.server.pm.Installer
02-22 01:13:07.515 I/SystemServerTiming( 1503): OnBootPhase_500_com.android.server.os.DeviceIdentifiersPolicyService
02-22 01:13:07.515 I/SystemServerTiming( 1503): OnBootPhase_500_com.android.server.uri.UriGrantsManagerService$Lifecycle
02-22 01:13:07.515 I/SystemServerTiming( 1503): OnBootPhase_500_com.android.server.powerstats.PowerStatsService
02-22 01:13:07.515 E/StatsPullAtomCallbackImpl( 1503): Failed to start PowerStatsService statsd pullers
02-22 01:13:07.515 I/SystemServerTiming( 1503): OnBootPhase_500_com.android.server.wm.ActivityTaskManagerService$Lifecycle
02-22 01:13:07.515 I/SystemServerTiming( 1503): OnBootPhase_500_com.android.server.am.ActivityManagerService$Lifecycle
02-22 01:13:07.516 E/BatteryStatsService( 1503): Could not register PowerStatsInternal
01-01 12:00:55.582 I/msm_vidc( 0): high: 00000001: h265e: Closed video instance: 0000000000000000
02-22 01:13:07.517 I/SystemServerTiming( 1503): OnBootPhase_500_com.android.server.pm.DataLoaderManagerService
02-22 01:13:07.518 I/SystemServerTiming( 1503): OnBootPhase_500_com.android.server.power.PowerManagerService
02-22 01:13:07.518 I/SystemServerTiming( 1503): OnBootPhase_500_com.android.server.power.ThermalManagerService
02-22 01:13:07.518 I/SystemServerTiming( 1503): OnBootPhase_500_com.android.server.power.hint.HintManagerService
02-22 01:13:07.518 V/HintManagerService( 1503): Initializing HintManager service...
02-22 01:13:07.518 V/HistoricalRegistry( 1503): Interaction before persistence initialized
02-22 01:13:07.518 I/SystemServerTiming( 1503): OnBootPhase_500_com.android.server.recoverysystem.RecoverySystemService$Lifecycle
02-22 01:13:07.518 I/SystemServerTiming( 1503): OnBootPhase_500_com.android.server.lights.LightsService
02-22 01:13:07.518 I/SystemServerTiming( 1503): OnBootPhase_500_com.android.server.display.DisplayManagerService
02-22 01:13:07.518 I/SystemServerTiming( 1503): OnBootPhase_500_com.android.server.pm.verify.domain.DomainVerificationService
02-22 01:13:07.518 I/SystemServerTiming( 1503): OnBootPhase_500_com.android.server.pm.PackageInstallerService$Lifecycle
02-22 01:13:07.518 I/SystemServerTiming( 1503): OnBootPhase_500_com.android.server.pm.UserManagerService$LifeCycle
02-22 01:13:07.518 I/SystemServerTiming( 1503): OnBootPhase_500_com.android.server.om.OverlayManagerService
02-22 01:13:07.518 I/SystemServerTiming( 1503): OnBootPhase_500_com.android.server.SensorPrivacyService
02-22 01:13:07.518 I/stream_devices_changed( 1503): [6,0,1]
02-22 01:13:07.518 I/SystemServerTiming( 1503): OnBootPhase_500_com.android.server.thunderperf.ThunderBoostPerfService
