02-22 01:13:08.238 D/CompatibilityChangeReporter( 1503): Compat change id reported: 143937733; UID 10084; state: DISABLED
01-01 12:00:56.317 E/init ( 0): Control message: Could not find 'vendor.qti.hardware.iop@2.0::IIop/default' for ctl.interface_start from pid: 506 (/system/bin/hwservicemanager)
01-01 12:00:56.322 I/binder ( 0): 2207:2207 ioctl 40046210 7fff12dd34 returned -22
02-22 01:13:08.265 I/am_proc_bound( 1503): [0,2169,.qtidataservices]
02-22 01:13:08.266 D/CompatibilityChangeReporter( 1503): Compat change id reported: 168419799; UID 10055; state: DISABLED
02-22 01:13:08.268 W/ActivityManager( 1503): Slow operation: 339ms so far, now at startProcess: returned from zygote!
02-22 01:13:08.268 I/am_uid_active( 1503): 10055
01-01 12:00:56.334 I/binder ( 0): 2239:2239 ioctl 40046210 7fff12dd34 returned -22
02-22 01:13:08.270 I/ActivityManager( 1503): Process WebViewLoader-arm64-v8a (pid 2050) has died: psvc PER
02-22 01:13:08.272 I/am_proc_died( 1503): [0,2050,WebViewLoader-arm64-v8a,-700,0]
02-22 01:13:08.272 I/am_uid_stopped( 1503): 1037
02-22 01:13:08.272 I/am_low_memory( 1503): 11
02-22 01:13:08.272 I/am_proc_bound( 1503): [0,2207,com.thundercomm.tcsetupwizard]
02-22 01:13:08.274 D/CompatibilityChangeReporter( 1503): Compat change id reported: 168419799; UID 1000; state: DISABLED
01-01 12:00:56.338 E/init ( 0): Control message: Could not find 'vendor.qti.hardware.iop@2.0::IIop/default' for ctl.interface_start from pid: 506 (/system/bin/hwservicemanager)
02-22 01:13:08.283 W/ActivityManager( 1503): Slow operation: 355ms so far, now at startProcess: done updating battery stats
02-22 01:13:08.283 I/am_proc_start( 1503): [0,2282,10084,com.qti.qualcomm.mstatssystemservice,added application,com.qti.qualcomm.mstatssystemservice]
02-22 01:13:08.283 W/ActivityManager( 1503): Slow operation: 355ms so far, now at startProcess: building log message
02-22 01:13:08.283 I/ActivityManager( 1503): Start proc 2282:com.qti.qualcomm.mstatssystemservice/u0a84 for added application com.qti.qualcomm.mstatssystemservice
02-22 01:13:08.283 W/ActivityManager( 1503): Slow operation: 355ms so far, now at startProcess: starting to update pids map
02-22 01:13:08.283 W/ActivityManager( 1503): Slow operation: 355ms so far, now at startProcess: done updating pids map
02-22 01:13:08.284 W/ActivityManager( 1503): Slow operation: 353ms so far, now at startProcess: asking zygote to start proc
02-22 01:13:08.285 I/am_uid_running( 1503): 10061
02-22 01:13:08.286 D/CompatibilityChangeReporter( 1503): Compat change id reported: 135634846; UID 10061; state: DISABLED
02-22 01:13:08.286 D/CompatibilityChangeReporter( 1503): Compat change id reported: 177438394; UID 10061; state: DISABLED
02-22 01:13:08.286 D/CompatibilityChangeReporter( 1503): Compat change id reported: 135772972; UID 10061; state: DISABLED
02-22 01:13:08.287 D/CompatibilityChangeReporter( 1503): Compat change id reported: 135754954; UID 10061; state: ENABLED
01-01 12:00:56.353 E/init ( 0): Control message: Could not find 'vendor.qti.hardware.iop@2.0::IIop/default' for ctl.interface_start from pid: 506 (/system/bin/hwservicemanager)
02-22 01:13:08.288 I/am_proc_bound( 1503): [0,2239,vendor.qti.qesdk.sysservice]
02-22 01:13:08.288 D/TelephonyRegistry( 1503): listen oscl: mHasNotifySubscriptionInfoChangedOccurred==false no callback
02-22 01:13:08.289 D/CompatibilityChangeReporter( 1503): Compat change id reported: 168419799; UID 1000; state: DISABLED
02-22 01:13:08.292 W/ActivityManager( 1503): Slow operation: 361ms so far, now at startProcess: returned from zygote!
02-22 01:13:08.292 W/ActivityManager( 1503): Slow operation: 361ms so far, now at startProcess: done updating battery stats
02-22 01:13:08.292 I/am_proc_start( 1503): [0,2297,1068,com.android.se,added application,com.android.se]
02-22 01:13:08.292 W/ActivityManager( 1503): Slow operation: 362ms so far, now at startProcess: building log message
02-22 01:13:08.292 I/ActivityManager( 1503): Start proc 2297:com.android.se/1068 for added application com.android.se
02-22 01:13:08.292 W/ActivityManager( 1503): Slow operation: 362ms so far, now at startProcess: starting to update pids map
02-22 01:13:08.292 W/ActivityManager( 1503): Slow operation: 362ms so far, now at startProcess: done updating pids map
02-22 01:13:08.292 W/ActivityManager( 1503): Slow operation: 361ms so far, now at startProcess: asking zygote to start proc
02-22 01:13:08.307 W/ContextImpl( 2112): Calling a method in the system process without a qualified user: android.app.ContextImpl.startService:1816 android.content.ContextWrapper.startService:774 com.thundercomm.microsettings.service.SettingsApplication.onCreate:30 android.app.Instrumentation.callApplicationOnCreate:1212 android.app.ActivityThread.handleBindApplication:6744
02-22 01:13:08.307 W/ActivityManager( 1503): Unable to start service Intent { act=com.thundercomm.microsettings.SETTING_SERVICE pkg=com.thundercomm.microsettings } U=0: not found
01-01 12:00:56.376 I/binder ( 0): 2282:2282 ioctl 40046210 7fff12dd34 returned -22
02-22 01:13:08.308 W/ActivityManager( 1503): Slow operation: 376ms so far, now at startProcess: returned from zygote!
02-22 01:13:08.308 W/ActivityManager( 1503): Slow operation: 377ms so far, now at startProcess: done updating battery stats
02-22 01:13:08.308 I/am_proc_start( 1503): [0,2307,1000,com.thundercomm.remotecontrolservice,added application,com.thundercomm.remotecontrolservice]
02-22 01:13:08.308 W/ActivityManager( 1503): Slow operation: 377ms so far, now at startProcess: building log message
02-22 01:13:08.308 I/ActivityManager( 1503): Start proc 2307:com.thundercomm.remotecontrolservice/1000 for added application com.thundercomm.remotecontrolservice
02-22 01:13:08.308 W/ActivityManager( 1503): Slow operation: 377ms so far, now at startProcess: starting to update pids map
02-22 01:13:08.308 W/ActivityManager( 1503): Slow operation: 377ms so far, now at startProcess: done updating pids map
02-22 01:13:08.312 W/ActivityManager( 1503): Slow operation: 378ms so far, now at startProcess: asking zygote to start proc
02-22 01:13:08.320 D/CompatibilityChangeReporter( 1503): Compat change id reported: 157233955; UID 10078; state: ENABLED
02-22 01:13:08.321 I/am_proc_bound( 1503): [0,2282,com.qti.qualcomm.mstatssystemservice]
01-01 12:00:56.389 E/init ( 0): Control message: Could not find 'vendor.qti.hardware.iop@2.0::IIop/default' for ctl.interface_start from pid: 506 (/system/bin/hwservicemanager)
02-22 01:13:08.325 D/CompatibilityChangeReporter( 1503): Compat change id reported: 168419799; UID 10084; state: DISABLED
02-22 01:13:08.326 D/CompatibilityChangeReporter( 1503): Compat change id reported: 182478738; UID 1073; state: DISABLED
02-22 01:13:08.326 W/ContextImpl( 2112): Calling a method in the system process without a qualified user: android.app.ContextImpl.startService:1816 android.content.ContextWrapper.startService:774 com.thundercomm.microsettings.service.SettingsApplication.onCreate:36 android.app.Instrumentation.callApplicationOnCreate:1212 android.app.ActivityThread.handleBindApplication:6744
01-01 12:00:56.391 I/binder ( 0): 2297:2297 ioctl 40046210 7fff12dd34 returned -22
02-22 01:13:08.327 I/service_manager_slow( 2239): [14,vendor.perfservice]
02-22 01:13:08.327 I/am_uid_active( 1503): 10084
02-22 01:13:08.328 W/ActivityManager( 1503): Unable to start service Intent { act=com.thundercomm.microsettings.EOL_SERVICE pkg=com.thundercomm.microsettings } U=0: not found
02-22 01:13:08.330 W/ActivityManager( 1503): Slow operation: 397ms so far, now at startProcess: returned from zygote!
02-22 01:13:08.330 W/ActivityManager( 1503): Slow operation: 397ms so far, now at startProcess: done updating battery stats
02-22 01:13:08.331 I/am_proc_start( 1503): [0,2334,1000,com.thundercomm.tcservice,added application,com.thundercomm.tcservice]
02-22 01:13:08.331 W/ActivityManager( 1503): Slow operation: 397ms so far, now at startProcess: building log message
02-22 01:13:08.331 I/ActivityManager( 1503): Start proc 2334:com.thundercomm.tcservice/1000 for added application com.thundercomm.tcservice
02-22 01:13:08.331 W/ActivityManager( 1503): Slow operation: 397ms so far, now at startProcess: starting to update pids map
02-22 01:13:08.331 W/ActivityManager( 1503): Slow operation: 398ms so far, now at startProcess: done updating pids map
02-22 01:13:08.331 W/ActivityManager( 1503): Slow operation: 396ms so far, now at startProcess: asking zygote to start proc
02-22 01:13:08.331 D/CompatibilityChangeReporter( 1503): Compat change id reported: 143937733; UID 10065; state: ENABLED
02-22 01:13:08.337 I/am_proc_bound( 1503): [0,2297,com.android.se]
02-22 01:13:08.338 D/CompatibilityChangeReporter( 1503): Compat change id reported: 168419799; UID 1068; state: DISABLED
02-22 01:13:08.339 I/am_uid_active( 1503): 1068
02-22 01:13:08.343 I/service_manager_slow( 2207): [13,game]
02-22 01:13:08.350 W/ActivityManager( 1503): Slow operation: 415ms so far, now at startProcess: returned from zygote!
02-22 01:13:08.351 W/ActivityManager( 1503): Slow operation: 415ms so far, now at startProcess: done updating battery stats
02-22 01:13:08.351 I/am_proc_start( 1503): [0,2353,10065,com.qualcomm.qti.devicestatisticsservice,added application,com.qualcomm.qti.devicestatisticsservice]
02-22 01:13:08.351 W/ActivityManager( 1503): Slow operation: 415ms so far, now at startProcess: building log message
02-22 01:13:08.351 I/ActivityManager( 1503): Start proc 2353:com.qualcomm.qti.devicestatisticsservice/u0a65 for added application com.qualcomm.qti.devicestatisticsservice
02-22 01:13:08.351 W/ActivityManager( 1503): Slow operation: 415ms so far, now at startProcess: starting to update pids map
02-22 01:13:08.351 W/ActivityManager( 1503): Slow operation: 415ms so far, now at startProcess: done updating pids map
02-22 01:13:08.351 W/ActivityManager( 1503): Slow operation: 413ms so far, now at startProcess: asking zygote to start proc
01-01 12:00:56.418 I/binder ( 0): 2307:2307 ioctl 40046210 7fff12dd34 returned -22
01-01 12:00:56.422 I/binder ( 0): 2139:2347 ioctl 40046210 7ab88ac344 returned -22
02-22 01:13:08.361 I/am_proc_bound( 1503): [0,2307,com.thundercomm.remotecontrolservice]
02-22 01:13:08.362 D/CompatibilityChangeReporter( 1503): Compat change id reported: 168419799; UID 1000; state: DISABLED
02-22 01:13:08.368 W/ActivityManager( 1503): Slow operation: 431ms so far, now at startProcess: returned from zygote!
02-22 01:13:08.368 W/ActivityManager( 1503): Slow operation: 431ms so far, now at startProcess: done updating battery stats
02-22 01:13:08.368 I/am_proc_start( 1503): [0,2374,1000,com.qualcomm.qti.qdma,added application,com.qualcomm.qti.qdma]
02-22 01:13:08.368 W/ActivityManager( 1503): Slow operation: 431ms so far, now at startProcess: building log message
02-22 01:13:08.368 I/ActivityManager( 1503): Start proc 2374:com.qualcomm.qti.qdma/1000 for added application com.qualcomm.qti.qdma
02-22 01:13:08.368 W/ActivityManager( 1503): Slow operation: 431ms so far, now at startProcess: starting to update pids map
02-22 01:13:08.369 W/ActivityManager( 1503): Slow operation: 431ms so far, now at startProcess: done updating pids map
02-22 01:13:08.369 W/ActivityManager( 1503): Slow operation: 328ms so far, now at startProcess: asking zygote to start proc
01-01 12:00:56.435 I/binder ( 0): 2334:2334 ioctl 40046210 7fff12dd34 returned -22
02-22 01:13:08.371 D/MicroServiceManager( 2112): add linkToDeath
02-22 01:13:08.371 D/MicroServiceManager( 2112): bindMicroService: called already get service
02-22 01:13:08.375 I/am_proc_bound( 1503): [0,2334,com.thundercomm.tcservice]
02-22 01:13:08.376 D/CompatibilityChangeReporter( 1503): Compat change id reported: 168419799; UID 1000; state: DISABLED
02-22 01:13:08.376 W/Looper ( 1503): Slow dispatch took 134ms main h=android.app.ActivityThread$H c=android.app.LoadedApk$ReceiverDispatcher$Args$$ExternalSyntheticLambda0@ff0da94 m=0
01-01 12:00:56.443 I/binder ( 0): 2353:2353 ioctl 40046210 7fff12dd34 returned -22
02-22 01:13:08.379 D/UsbDeviceManager( 1503): push notification:姝e湪閫氳繃 USB 涓烘璁惧鍏呯數
02-22 01:13:08.379 D/ConditionProviders.SCP( 1503): onSubscribe condition://android/schedule?days=1.2.3.4.5.6.7&start=22.0&end=7.0&exitAtAlarm=true
02-22 01:13:08.379 D/ConditionProviders.SCP( 1503): setRegistered true
02-22 01:13:08.382 D/ConditionProviders.SCP( 1503): evaluateSubscriptionLocked cal=ScheduleCalendar[mDays={1, 2, 3, 4, 5, 6, 7}, mSchedule=ScheduleInfo{days=[1, 2, 3, 4, 5, 6, 7], startHour=22, startMinute=0, endHour=7, endMinute=0, exitAtAlarm=true, nextAlarm=Thu Jan 01 08:00:00 GMT+08:00 1970 (0)}], now=Wed Feb 22 01:13:08 GMT+08:00 2023 (1676999588379), nextUserAlarmTime=Thu Jan 01 08:00:00 GMT+08:00 1970 (0)
02-22 01:13:08.382 D/ConditionProviders.SCP( 1503): notifyCondition condition://android/schedule?days=1.2.3.4.5.6.7&start=22.0&end=7.0&exitAtAlarm=true STATE_TRUE reason=meetsSchedule
01-01 12:00:56.452 I/binder ( 0): 2374:2374 ioctl 40046210 7fff12dd34 returned -22
02-22 01:13:08.383 I/am_proc_bound( 1503): [0,2353,com.qualcomm.qti.devicestatisticsservice]
02-22 01:13:08.383 D/CompatibilityChangeReporter( 1503): Compat change id reported: 168419799; UID 10065; state: DISABLED
02-22 01:13:08.384 W/ActivityManager( 1503): Slow operation: 343ms so far, now at startProcess: returned from zygote!
02-22 01:13:08.384 D/ConditionProviders.SCP( 1503): Scheduling evaluate for Wed Feb 22 07:00:00 GMT+08:00 2023 (1677020400000), in +5h46m51s621ms, now=Wed Feb 22 01:13:08 GMT+08:00 2023 (1676999588379)
02-22 01:13:08.384 I/am_uid_active( 1503): 10065
02-22 01:13:08.385 D/CompatibilityChangeReporter( 1503): Compat change id reported: 171306433; UID 1000; state: ENABLED
02-22 01:13:08.385 W/ActivityManager( 1503): Slow operation: 345ms so far, now at startProcess: done updating battery stats
02-22 01:13:08.385 I/am_proc_start( 1503): [0,2404,1000,com.android.settings,top-activity,{com.android.settings/com.android.settings.FallbackHome}]
02-22 01:13:08.385 W/ActivityManager( 1503): Slow operation: 345ms so far, now at startProcess: building log message
02-22 01:13:08.385 I/ActivityManager( 1503): Start proc 2404:com.android.settings/1000 for top-activity {com.android.settings/com.android.settings.FallbackHome}
02-22 01:13:08.385 W/ActivityManager( 1503): Slow operation: 345ms so far, now at startProcess: starting to update pids map
02-22 01:13:08.385 W/ActivityManager( 1503): Slow operation: 345ms so far, now at startProcess: done updating pids map
02-22 01:13:08.385 W/ActivityManager( 1503): Slow operation: 305ms so far, now at startProcess: asking zygote to start proc
02-22 01:13:08.385 D/CompatibilityChangeReporter( 1503): Compat change id reported: 143937733; UID 10094; state: ENABLED
02-22 01:13:08.386 D/BluetoothManagerService( 1503): Bluetooth Adapter name changed to 楂樺悎濞变箰鍓睆 by android
02-22 01:13:08.386 D/BluetoothManagerService( 1503): Stored Bluetooth name: 楂樺悎濞变箰鍓睆
02-22 01:13:08.389 W/ActivityThread( 1503): Failed to find provider info for com.android.calendar (user not unlocked)
02-22 01:13:08.389 I/am_proc_bound( 1503): [0,2374,com.qualcomm.qti.qdma]
01-01 12:00:56.456 I/binder ( 0): 2297:2297 ioctl 40046210 7fff12cce4 returned -22
02-22 01:13:08.390 D/CompatibilityChangeReporter( 1503): Compat change id reported: 168419799; UID 1000; state: DISABLED
02-22 01:13:08.396 W/BluetoothManagerService( 1503): bindBluetoothProfileService:Trying to bind to profile: 1, while Bluetooth is disabled
02-22 01:13:08.396 W/ActivityThread( 1503): Failed to find provider info for com.android.calendar (user not unlocked)
02-22 01:13:08.400 W/ActivityManager( 1503): Slow operation: 319ms so far, now at startProcess: returned from zygote!
02-22 01:13:08.400 W/ActivityManager( 1503): Slow operation: 320ms so far, now at startProcess: done updating battery stats
02-22 01:13:08.400 I/am_proc_start( 1503): [0,2419,10094,android.ext.services,service,{android.ext.services/android.ext.services.autofill.InlineSuggestionRenderServiceImpl}]
02-22 01:13:08.400 W/ActivityManager( 1503): Slow operation: 320ms so far, now at startProcess: building log message
02-22 01:13:08.400 I/ActivityManager( 1503): Start proc 2419:android.ext.services/u0a94 for service {android.ext.services/android.ext.services.autofill.InlineSuggestionRenderServiceImpl}
02-22 01:13:08.400 W/ActivityManager( 1503): Slow operation: 320ms so far, now at startProcess: starting to update pids map
02-22 01:13:08.400 W/ActivityManager( 1503): Slow operation: 320ms so far, now at startProcess: done updating pids map
02-22 01:13:08.401 W/ActivityManager( 1503): Slow operation: 115ms so far, now at startProcess: asking zygote to start proc
02-22 01:13:08.401 D/CompatibilityChangeReporter( 1503): Compat change id reported: 143937733; UID 10061; state: ENABLED
02-22 01:13:08.401 I/Telecom ( 1503): SystemStateHelper: Registering broadcast receiver: android.content.IntentFilter@1334f31: TS.init@AAA
02-22 01:13:08.401 I/Telecom ( 1503): SystemStateHelper: Registering broadcast receiver: android.content.IntentFilter@5dfd616: TS.init@AAA
02-22 01:13:08.402 I/Telecom ( 1503): BluetoothRouteManager: getBluetoothAudioConnectedDevice: no service available.
02-22 01:13:08.399 I/auditd ( 993): type=1400 audit(0.0:239): avc: denied { read write } for comm="sensors.qti" name="diag" dev="tmpfs" ino=1148 scontext=u:r:vendor_sensors_qti:s0 tcontext=u:object_r:vendor_diag_device:s0 tclass=chr_file permissive=0
02-22 01:13:08.411 W/ActivityManager( 1503): Slow operation: 126ms so far, now at startProcess: returned from zygote!
02-22 01:13:08.411 W/ActivityManager( 1503): Slow operation: 126ms so far, now at startProcess: done updating battery stats
02-22 01:13:08.411 I/am_proc_start( 1503): [0,2426,10061,com.thundercomm.gamemode.provider,content provider,{com.thundercomm.gamemode.provider/com.thundercomm.gamemode.provider.SettingsProvider}]
02-22 01:13:08.411 W/ActivityManager( 1503): Slow operation: 126ms so far, now at startProcess: building log message
02-22 01:13:08.411 I/ActivityManager( 1503): Start proc 2426:com.thundercomm.gamemode.provider/u0a61 for content provider {com.thundercomm.gamemode.provider/com.thundercomm.gamemode.provider.SettingsProvider}
02-22 01:13:08.411 W/ActivityManager( 1503): Slow operation: 126ms so far, now at startProcess: starting to update pids map
02-22 01:13:08.412 W/ActivityManager( 1503): Slow operation: 126ms so far, now at startProcess: done updating pids map
02-22 01:13:08.412 I/Telecom ( 1503): Logging.Events: Non-call EVENT: AUDIO_ROUTE, Entering state QuiescentEarpieceRoute
02-22 01:13:08.412 I/Telecom ( 1503): BluetoothRouteManager: getBluetoothAudioConnectedDevice: no service available.
01-01 12:00:56.484 I/binder ( 0): 2404:2404 ioctl 40046210 7fff12dd34 returned -22
02-22 01:13:08.419 I/Telecom ( 1503): CallAudioModeStateMachine: Message received: null.: TS.init->CAMSM.pM_1@AAA
02-22 01:13:08.422 I/Telecom ( 1503): MissedCallNotifierImpl: reloadFromDatabase: Boot not yet complete -- call log db may not be available. Deferring loading until boot complete for user 0: TS.init@AAA
02-22 01:13:08.424 D/TelephonyRegistry( 1503): listen oscl: mHasNotifySubscriptionInfoChangedOccurred==false no callback
02-22 01:13:08.424 I/Telecom ( 1503): MissedCallNotifierImpl: reloadFromDatabase: Boot not yet complete -- call log db may not be available. Deferring loading until boot complete for user 0: TS.init@AAA
02-22 01:13:08.426 I/am_proc_bound( 1503): [0,2404,com.android.settings]
02-22 01:13:08.426 I/Telecom ( 1503): Class: TelecomSystem.INSTANCE being set
02-22 01:13:08.427 D/CompatibilityChangeReporter( 1503): Compat change id reported: 168419799; UID 1000; state: DISABLED
02-22 01:13:08.428 I/wm_restart_activity( 1503): [0,161097356,2,com.android.settings/.FallbackHome]
02-22 01:13:08.429 I/AutofillManagerService( 1503): Updating for user 0: disabled=false
02-22 01:13:08.429 I/wm_set_resumed_activity( 1503): [0,com.android.settings/.FallbackHome,minimalResumeActivityLocked]
02-22 01:13:08.432 D/BluetoothManagerService( 1503): BluetoothServiceConnection: com.android.bluetooth.btservice.AdapterService
02-22 01:13:08.432 D/BluetoothManagerService( 1503): MESSAGE_BLUETOOTH_SERVICE_CONNECTED: 1
02-22 01:13:08.432 I/ConnectivityModuleConnector( 1503): Networking module service connected
01-01 12:00:56.499 I/binder ( 0): 2334:2334 ioctl 40046210 7fff12c8a4 returned -22
02-22 01:13:08.435 I/ConnectivityModuleConnector( 1503): Networking module service connected
02-22 01:13:08.436 D/BluetoothManagerService( 1503): MESSAGE_INFORM_ADAPTER_SERVICE_UP
02-22 01:13:08.436 D/BluetoothManagerService( 1503): Broadcasting onBluetoothServiceUp() to 3 receivers.
01-01 12:00:56.500 I/binder ( 0): 2419:2419 ioctl 40046210 7fff12dd34 returned -22
02-22 01:13:08.436 D/TelephonyRegistry( 1503): notifyCellLocationForSubscriber: subId=2147483647 cellIdentity=null
02-22 01:13:08.437 I/notification_enqueue( 1503): [1000,1503,android,32,NULL,-1,Notification(channel=USB shortcut=null contentView=null vibrate=null sound=null tick defaults=0x0 flags=0x2 color=0x00000000 vis=PUBLIC),0]
02-22 01:13:08.437 I/am_proc_bound( 1503): [0,2419,android.ext.services]
02-22 01:13:08.438 D/BluetoothManagerService( 1503): MESSAGE_BLUETOOTH_STATE_CHANGE: OFF > BLE_TURNING_ON
02-22 01:13:08.438 D/BluetoothManagerService( 1503): Sending BLE State Change: OFF > BLE_TURNING_ON
02-22 01:13:08.439 I/notification_enqueue( 1503): [10078,1966,com.android.systemui,1,empty_media,0,Notification(channel=empty_media_style_id shortcut=null contentView=null vibrate=null sound=null defaults=0x0 flags=0x20 color=0x00000000 category=transport actions=4 vis=PRIVATE),0]
02-22 01:13:08.440 I/Telecom ( 1503): WiredHeadsetManager: ACTION_HEADSET_PLUG event, plugged in: false, : WHC.oADA@AAM
02-22 01:13:08.441 D/CompatibilityChangeReporter( 1503): Compat change id reported: 168419799; UID 10094; state: DISABLED
02-22 01:13:08.443 I/am_uid_active( 1503): 10094
02-22 01:13:08.444 I/notification_cancel_all( 1503): [1000,1503,com.android.systemui,0,0,0,20,NULL]
01-01 12:00:56.511 I/binder ( 0): 2426:2426 ioctl 40046210 7fff12dd34 returned -22
02-22 01:13:08.448 I/am_proc_bound( 1503): [0,2426,com.thundercomm.gamemode.provider]
02-22 01:13:08.449 D/CompatibilityChangeReporter( 1503): Compat change id reported: 168419799; UID 10061; state: DISABLED
02-22 01:13:08.450 I/am_uid_active( 1503): 10061
02-22 01:13:08.453 I/sysui_multi_action( 1503): [757,1501,758,1,793,75,794,0,795,75,796,32,806,android,857,USB,858,1,947,0,1500,0]
02-22 01:13:08.453 W/ContextImpl( 2334): Calling a method in the system process without a qualified user: android.app.ContextImpl.startService:1816 android.content.ContextWrapper.startService:774 com.thundercomm.tcservice.TCService.init:46 com.thundercomm.tcservice.TCService.onCreate:33 android.app.ActivityThread.handleCreateService:4488
02-22 01:13:08.453 I/sysui_multi_action( 1503): [757,804,799,note_interruptive,801,0,802,1]
02-22 01:13:08.453 I/GameModeConfig( 1503): isGameModeOn = false
02-22 01:13:08.456 W/NotificationHistory( 1503): Attempted to add notif for locked/gone/disabled user 0
02-22 01:13:08.457 I/sysui_multi_action( 1503): [757,1501,758,1,793,73,794,0,795,73,796,1,797,empty_media,806,com.android.systemui,857,empty_media_style_id,858,4,947,0,1500,0,1641,transport,1745,1043716538]
02-22 01:13:08.457 I/sysui_multi_action( 1503): [757,804,799,note_interruptive,801,0,802,1]
02-22 01:13:08.458 I/GameModeConfig( 1503): isGameModeOn = false
02-22 01:13:08.459 I/am_uid_running( 1503): 10080
02-22 01:13:08.461 D/CompatibilityChangeReporter( 1503): Compat change id reported: 135634846; UID 10080; state: DISABLED
02-22 01:13:08.461 D/CompatibilityChangeReporter( 1503): Compat change id reported: 177438394; UID 10080; state: DISABLED
02-22 01:13:08.461 D/CompatibilityChangeReporter( 1503): Compat change id reported: 135772972; UID 10080; state: DISABLED
02-22 01:13:08.461 D/CompatibilityChangeReporter( 1503): Compat change id reported: 135754954; UID 10080; state: ENABLED
02-22 01:13:08.462 D/CompatibilityChangeReporter( 1503): Compat change id reported: 143937733; UID 10080; state: ENABLED
02-22 01:13:08.465 D/CompatibilityChangeReporter( 1503): Compat change id reported: 168419799; UID 1002; state: DISABLED
02-22 01:13:08.465 W/NotificationHistory( 1503): Attempted to add notif for locked/gone/disabled user 0
02-22 01:13:08.466 D/CompanionDeviceManagerService( 1503): Received BT state transition broadcast: OFF -> BLE_TURNING_ON
02-22 01:13:08.466 W/Looper ( 1503): Drained
02-22 01:13:08.474 I/ExplicitHealthCheckController( 1503): Explicit health check service is connected ComponentInfo{android.ext.services/android.ext.services.watchdog.ExplicitHealthCheckServiceImpl}
01-01 12:00:56.538 I/binder ( 0): 2374:2374 ioctl 40046210 7fff12bd14 returned -22
01-01 12:00:56.539 I/binder ( 0): 1966:2505 ioctl 40046210 7aa696c124 returned -22
02-22 01:13:08.474 I/ExplicitHealthCheckController( 1503): Service initialized, syncing requests
02-22 01:13:08.474 I/PackageWatchdog( 1503): Syncing health check requests for packages: {}
02-22 01:13:08.475 D/ExplicitHealthCheckController( 1503): Getting health check supported packages
02-22 01:13:08.476 I/am_proc_start( 1503): [0,2514,10080,com.android.launcher3,service,{com.android.launcher3/com.android.quickstep.TouchInteractionService}]
02-22 01:13:08.476 I/ActivityManager( 1503): Start proc 2514:com.android.launcher3/u0a80 for service {com.android.launcher3/com.android.quickstep.TouchInteractionService}
01-01 12:00:56.548 E/bt_ioctl( 0): BT_CMD_PWR_CTRL pwr_cntrl:0
01-01 12:00:56.548 E/bt_ioctl( 0): BT state already:0 no change done
01-01 12:00:56.548 E/bt_ioctl( 0): BT_CMD_PWR_CTRL pwr_cntrl:1
01-01 12:00:56.548 I/bt_power vendor( 0): bt_qca6390: Linked as a consumer to regulator.9
01-01 12:00:56.548 E/bt_vreg_enable( 0): vreg_en successful for : qca,bt-vdd-aon
01-01 12:00:56.548 I/bt_power vendor( 0): bt_qca6390: Linked as a consumer to regulator.51
01-01 12:00:56.548 E/bt_vreg_enable( 0): vreg_en successful for : qca,bt-vdd-dig
01-01 12:00:56.548 I/bt_power vendor( 0): bt_qca6390: Linked as a consumer to regulator.8
01-01 12:00:56.549 E/bt_vreg_enable( 0): vreg_en successful for : qca,bt-vdd-rfa1
01-01 12:00:56.549 I/bt_power vendor( 0): bt_qca6390: Linked as a consumer to regulator.36
01-01 12:00:56.549 E/bt_vreg_enable( 0): vreg_en successful for : qca,bt-vdd-rfa2
01-01 12:00:56.549 I/bt_power vendor( 0): bt_qca6390: Linked as a consumer to regulator.27
02-22 01:13:08.487 V/NotificationAssistants( 1503): 0 notification assistant service connected: ComponentInfo{android.ext.services/android.ext.services.notification.Assistant}
01-01 12:00:56.550 E/bt_vreg_enable( 0): vreg_en successful for : qca,bt-vdd-asd
02-22 01:13:08.489 I/ExplicitHealthCheckController( 1503): Explicit health check supported packages [PackageConfig{com.android.networkstack, 86400000}]
02-22 01:13:08.489 D/PackageWatchdog( 1503): Received supported packages [PackageConfig{com.android.networkstack, 86400000}]
02-22 01:13:08.490 D/ExplicitHealthCheckController( 1503): Getting health check requested packages
02-22 01:13:08.490 I/ExplicitHealthCheckController( 1503): Explicit health check requested packages []
02-22 01:13:08.490 I/ExplicitHealthCheckController( 1503): No more health check requests, unbinding...
02-22 01:13:08.491 I/ExplicitHealthCheckController( 1503): Explicit health check service is unbound
01-01 12:00:56.569 I/binder ( 0): 2514:2514 ioctl 40046210 7fff12dd34 returned -22
02-22 01:13:08.509 I/am_proc_bound( 1503): [0,2514,com.android.launcher3]
02-22 01:13:08.510 D/CompatibilityChangeReporter( 1503): Compat change id reported: 168419799; UID 10080; state: DISABLED
02-22 01:13:08.511 I/am_uid_active( 1503): 10080
02-22 01:13:08.512 I/sysui_multi_action( 1966): [757,213,758,4,759,-1]
02-22 01:13:08.520 I/am_uid_running( 1503): 10086
02-22 01:13:08.520 I/am_wtf ( 1503): [0,2404,com.android.settings,952647173,RoleParser,com.android.permissioncontroller.role.model.AssistantRoleBehavior]
02-22 01:13:08.520 D/CompatibilityChangeReporter( 1503): Compat change id reported: 135634846; UID 10086; state: DISABLED
02-22 01:13:08.520 D/CompatibilityChangeReporter( 1503): Compat change id reported: 177438394; UID 10086; state: DISABLED
02-22 01:13:08.520 D/CompatibilityChangeReporter( 1503): Compat change id reported: 135772972; UID 10086; state: DISABLED
02-22 01:13:08.520 D/CompatibilityChangeReporter( 1503): Compat change id reported: 135754954; UID 10086; state: ENABLED
02-22 01:13:08.520 D/CompatibilityChangeReporter( 1503): Compat change id reported: 143937733; UID 10086; state: ENABLED
02-22 01:13:08.522 I/am_wtf ( 1503): [0,2404,com.android.settings,952647173,RoleParser,com.android.permissioncontroller.role.model.BrowserRoleBehavior]
02-22 01:13:08.523 I/DropBoxManagerService( 1503): add tag=system_app_wtf isTagEnabled=true flags=0x2
02-22 01:13:08.524 I/am_wtf ( 1503): [0,2404,com.android.settings,952647173,RoleParser,com.android.permissioncontroller.role.model.DialerRoleBehavior]
02-22 01:13:08.526 I/am_proc_start( 1503): [0,2551,10086,com.qualcomm.qti.qccauthmgr,content provider,{com.qualcomm.qti.qccauthmgr/com.qualcomm.qti.qccauthmgr.providers.SMQContentProvider}]
02-22 01:13:08.526 I/ActivityManager( 1503): Start proc 2551:com.qualcomm.qti.qccauthmgr/u0a86 for content provider {com.qualcomm.qti.qccauthmgr/com.qualcomm.qti.qccauthmgr.providers.SMQContentProvider}
02-22 01:13:08.527 I/am_wtf ( 1503): [0,2404,com.android.settings,952647173,RoleParser,com.android.permissioncontroller.role.model.SmsRoleBehavior]
02-22 01:13:08.527 I/DropBoxManagerService( 1503): add tag=system_app_wtf isTagEnabled=true flags=0x2
02-22 01:13:08.528 I/DropBoxManagerService( 1503): add tag=system_app_wtf isTagEnabled=true flags=0x2
02-22 01:13:08.528 I/am_wtf ( 1503): [0,2404,com.android.settings,952647173,RoleParser,com.android.permissioncontroller.role.model.EmergencyRoleBehavior]
02-22 01:13:08.529 I/DropBoxManagerService( 1503): add tag=system_app_wtf isTagEnabled=true flags=0x2
02-22 01:13:08.530 I/am_wtf ( 1503): [0,2404,com.android.settings,952647173,RoleParser,com.android.permissioncontroller.role.model.HomeRoleBehavior]
02-22 01:13:08.531 W/CarrierConfigManager( 1966): Error getting config for subId -1 ICarrierConfigLoader is null
02-22 01:13:08.531 I/am_wtf ( 1503): [0,2404,com.android.settings,952647173,RoleParser,com.android.permissioncontroller.role.model.SystemAutomotiveClusterRoleBehavior]
02-22 01:13:08.532 I/am_wtf ( 1503): [0,2404,com.android.settings,952647173,RoleParser,com.android.permissioncontroller.role.model.CompanionDeviceWatchRoleBehavior]
02-22 01:13:08.532 I/DropBoxManagerService( 1503): add tag=system_app_wtf isTagEnabled=true flags=0x2
02-22 01:13:08.533 I/am_wtf ( 1503): [0,2404,com.android.settings,952647173,RoleParser,com.android.permissioncontroller.role.model.SystemShellRoleBehavior]
02-22 01:13:08.534 I/am_wtf ( 1503): [0,2404,com.android.settings,952647173,RoleParser,com.android.permissioncontroller.role.model.TelevisionRoleBehavior]
02-22 01:13:08.536 I/am_wtf ( 1503): [0,2404,com.android.settings,952647173,RoleParser,com.android.permissioncontroller.role.model.TelevisionRoleBehavior]
01-01 12:00:56.605 I/bt_configure_gpios( 0): BTON:Turn Bt Off bt-reset-gpio(1121) value(0)
01-01 12:00:56.605 I/bt_configure_gpios( 0): BTON:Turn Bt Off
01-01 12:00:56.605 I/bt_configure_gpios( 0): bt-sw-ctrl-gpio(1224) value(1)
01-01 12:00:56.605 I/bt_enable_bt_reset_gpios_safely( 0): bt_enable_bt_reset_gpios_safely: BTON:Turn Bt On
01-01 12:00:56.605 I/bt_enable_bt_reset_gpios_safely( 0): bt_enable_bt_reset_gpios_safely: wl-reset-gpio(1120) value(1)
01-01 12:00:56.605 I/bt_enable_bt_reset_gpios_safely( 0): bt_enable_bt_reset_gpios_safely: BTON: Asserting BT_EN
02-22 01:13:08.541 D/TelephonyRegistry( 1503): listen oscl: mHasNotifySubscriptionInfoChangedOccurred==false no callback
02-22 01:13:08.553 I/wm_on_create_called( 2404): [161097356,com.android.settings.FallbackHome,performCreate]
01-01 12:00:56.619 I/binder ( 0): 2551:2551 ioctl 40046210 7fff12dd34 returned -22
02-22 01:13:08.554 I/wm_on_start_called( 2404): [161097356,com.android.settings.FallbackHome,handleStartActivity]
02-22 01:13:08.554 I/wm_on_resume_called( 2404): [161097356,com.android.settings.FallbackHome,RESUME_ACTIVITY]
02-22 01:13:08.558 I/am_proc_bound( 1503): [0,2551,com.qualcomm.qti.qccauthmgr]
02-22 01:13:08.559 D/CompatibilityChangeReporter( 1503): Compat change id reported: 168419799; UID 10086; state: DISABLED
02-22 01:13:08.561 I/am_uid_active( 1503): 10086
02-22 01:13:08.561 I/wm_on_top_resumed_gained_called( 2404): [161097356,com.android.settings.FallbackHome,topStateChangedWhenResumed]
02-22 01:13:08.572 I/StatusBarManagerService( 1503): registerStatusBar bar=com.android.internal.statusbar.IStatusBar$Stub$Proxy@6193622
02-22 01:13:08.584 I/input_focus( 1503): [Focus request 28ef57d com.android.settings/com.android.settings.FallbackHome,reason=UpdateInputWindows]
01-01 12:00:56.661 I/bt_configure_gpios( 0): BTON:Turn Bt On bt-reset-gpio(1121) value(1)
01-01 12:00:56.661 I/bt_configure_gpios( 0): BTON:Turn Bt On
01-01 12:00:56.661 I/bt_configure_gpios( 0): bt-sw-ctrl-gpio(1224) value(1)
01-01 12:00:56.661 I/bt_configure_gpios( 0): bt_gpio= 1121 on: 1 is successful
01-01 12:00:56.663 I/binder ( 0): 2404:2558 ioctl 40046210 7abbb931f4 returned -22
02-22 01:13:08.599 I/auditd ( 993): type=1400 audit(0.0:240): avc: denied { read write } for comm="sensors.qti" name="diag" dev="tmpfs" ino=1148 scontext=u:r:vendor_sensors_qti:s0 tcontext=u:object_r:vendor_diag_device:s0 tclass=chr_file permissive=0
02-22 01:13:08.606 D/CompatibilityChangeReporter( 1503): Compat change id reported: 171306433; UID 1000; state: ENABLED
02-22 01:13:08.613 I/ActivityManagerTiming( 1503): FinishBooting
02-22 01:13:08.613 I/boot_progress_enable_screen( 1503): 10416
02-22 01:13:08.614 I/screen_toggled( 1503): 1
02-22 01:13:08.614 W/KeyguardServiceDelegate( 1503): onScreenTurningOn(): no keyguard service!
01-01 12:00:56.689 E/bt_ioctl( 0): unified Current SOC Version : 400a0200
02-22 01:13:08.693 D/CompatibilityChangeReporter( 1503): Compat change id reported: 168419799; UID 10078; state: DISABLED
02-22 01:13:08.719 W/ActivityThread( 1966): Failed to find provider info for com.android.contacts (user not unlocked)
02-22 01:13:08.784 W/ActivityThread( 1966): Failed to find provider info for com.android.contacts (user not unlocked)
02-22 01:13:08.795 W/ActivityThread( 1966): Failed to find provider info for com.android.contacts (user not unlocked)
02-22 01:13:08.800 W/ActivityThread( 1966): Failed to find provider info for com.android.contacts (user not unlocked)
02-22 01:13:08.799 I/auditd ( 993): type=1400 audit(0.0:241): avc: denied { read write } for comm="sensors.qti" name="diag" dev="tmpfs" ino=1148 scontext=u:r:vendor_sensors_qti:s0 tcontext=u:object_r:vendor_diag_device:s0 tclass=chr_file permissive=0
02-22 01:13:08.925 I/iorapd ( 1154): iorapd (the prefetchening) readied up
02-22 01:13:08.954 I/wm_boot_animation_done( 1503): 10758
02-22 01:13:08.954 I/ActivityManagerTiming( 1503): FinishBooting
02-22 01:13:08.955 I/ActivityManager( 1503): About to commit checkpoint
02-22 01:13:08.955 W/ActivityManager( 1503): FinishBooting sync begin
02-22 01:13:08.957 W/ActivityManager( 1503): FinishBooting sync end
02-22 01:13:08.957 I/SystemServiceManager( 1503): Starting phase 1000
02-22 01:13:08.957 I/ActivityManagerTiming( 1503): OnBootPhase_1000
02-22 01:13:08.957 I/ActivityManagerTiming( 1503): OnBootPhase_1000_com.android.server.security.FileIntegrityService
02-22 01:13:08.957 I/ActivityManagerTiming( 1503): OnBootPhase_1000_com.android.server.pm.Installer
02-22 01:13:08.957 I/ActivityManagerTiming( 1503): OnBootPhase_1000_com.android.server.os.DeviceIdentifiersPolicyService
02-22 01:13:08.957 I/ActivityManagerTiming( 1503): OnBootPhase_1000_com.android.server.uri.UriGrantsManagerService$Lifecycle
02-22 01:13:08.957 I/ActivityManagerTiming( 1503): OnBootPhase_1000_com.android.server.powerstats.PowerStatsService
02-22 01:13:08.957 E/PowerStatsService( 1503): Failed to start PowerStatsService loggers
02-22 01:13:08.957 I/ActivityManagerTiming( 1503): OnBootPhase_1000_com.android.server.wm.ActivityTaskManagerService$Lifecycle
02-22 01:13:08.957 I/ActivityManagerTiming( 1503): OnBootPhase_1000_com.android.server.am.ActivityManagerService$Lifecycle
02-22 01:13:08.957 I/ActivityManagerTiming( 1503): OnBootPhase_1000_com.android.server.pm.DataLoaderManagerService
02-22 01:13:08.957 I/ActivityManagerTiming( 1503): OnBootPhase_1000_com.android.server.power.PowerManagerService
02-22 01:13:08.957 I/ActivityManagerTiming( 1503): OnBootPhase_1000_com.android.server.power.ThermalManagerService
02-22 01:13:08.957 I/ActivityManagerTiming( 1503): OnBootPhase_1000_com.android.server.power.hint.HintManagerService
02-22 01:13:08.957 I/ActivityManagerTiming( 1503): OnBootPhase_1000_com.android.server.recoverysystem.RecoverySystemService$Lifecycle
02-22 01:13:08.957 I/ActivityManagerTiming( 1503): OnBootPhase_1000_com.android.server.lights.LightsService
02-22 01:13:08.957 I/ActivityManagerTiming( 1503): OnBootPhase_1000_com.android.server.display.DisplayManagerService
02-22 01:13:08.958 I/ActivityManagerTiming( 1503): OnBootPhase_1000_com.android.server.pm.verify.domain.DomainVerificationService
02-22 01:13:08.958 I/ActivityManagerTiming( 1503): OnBootPhase_1000_com.android.server.pm.PackageInstallerService$Lifecycle
02-22 01:13:08.958 I/ActivityManagerTiming( 1503): OnBootPhase_1000_com.android.server.pm.UserManagerService$LifeCycle
02-22 01:13:08.958 I/ActivityManagerTiming( 1503): OnBootPhase_1000_com.android.server.om.OverlayManagerService
02-22 01:13:08.958 I/ActivityManagerTiming( 1503): OnBootPhase_1000_com.android.server.SensorPrivacyService
02-22 01:13:08.958 I/ActivityManagerTiming( 1503): OnBootPhase_1000_com.android.server.thunderperf.ThunderBoostPerfService
02-22 01:13:08.958 I/ActivityManagerTiming( 1503): OnBootPhase_1000_com.android.server.sensors.SensorService
02-22 01:13:08.958 I/ActivityManagerTiming( 1503): OnBootPhase_1000_com.android.server.SystemConfigService
02-22 01:13:08.958 V/DisplayPowerController[0]( 1503): Brightness [0.8484849] reason changing to: 'manual', previous reason: 'override'.
02-22 01:13:08.958 I/ActivityManagerTiming( 1503): OnBootPhase_1000_com.android.server.BatteryService
02-22 01:13:08.958 I/ActivityManagerTiming( 1503): OnBootPhase_1000_com.android.server.usage.UsageStatsService
02-22 01:13:08.958 I/ActivityManagerTiming( 1503): OnBootPhase_1000_com.android.server.webkit.WebViewUpdateService
02-22 01:13:08.958 I/ActivityManagerTiming( 1503): OnBootPhase_1000_com.android.server.CachedDeviceStateService
02-22 01:13:08.958 I/ActivityManagerTiming( 1503): OnBootPhase_1000_com.android.server.BinderCallsStatsService$LifeCycle
02-22 01:13:08.958 I/ActivityManagerTiming( 1503): OnBootPhase_1000_com.android.server.LooperStatsService$Lifecycle
02-22 01:13:08.958 I/ActivityManagerTiming( 1503): OnBootPhase_1000_com.android.server.rollback.RollbackManagerService
02-22 01:13:08.958 I/ActivityManagerTiming( 1503): OnBootPhase_1000_com.android.server.os.NativeTombstoneManagerService
02-22 01:13:08.958 I/ActivityManagerTiming( 1503): OnBootPhase_1000_com.android.server.os.BugreportManagerService
02-22 01:13:08.958 I/ActivityManagerTiming( 1503): OnBootPhase_1000_com.android.server.gpu.GpuService
02-22 01:13:08.958 D/RollbackManager( 1503): mRollbackLifetimeDurationInMillis=1209600000
02-22 01:13:08.959 D/AppStandbyController( 1503): Loading headless system app cache. appIdleEnabled=false
02-22 01:13:08.960 E/DisplayDeviceConfig( 1503): requesting nits when no mapping exists.
02-22 01:13:08.960 E/DisplayDeviceConfig( 1503): requesting nits when no mapping exists.
02-22 01:13:08.961 I/ActivityManagerTiming( 1503): OnBootPhase_1000_com.android.server.security.KeyChainSystemService
02-22 01:13:08.961 I/ActivityManagerTiming( 1503): OnBootPhase_1000_com.android.server.telecom.TelecomLoaderService
02-22 01:13:08.961 I/ActivityManagerTiming( 1503): OnBootPhase_1000_com.android.server.accounts.AccountManagerService$Lifecycle
02-22 01:13:08.961 I/ActivityManagerTiming( 1503): OnBootPhase_1000_com.android.server.content.ContentService$Lifecycle
02-22 01:13:08.961 I/ActivityManagerTiming( 1503): OnBootPhase_1000_com.android.server.DropBoxManagerService
02-22 01:13:08.961 I/ActivityManagerTiming( 1503): OnBootPhase_1000_com.android.role.RoleService
02-22 01:13:08.961 I/ActivityManagerTiming( 1503): OnBootPhase_1000_com.android.server.vibrator.VibratorManagerService$Lifecycle
02-22 01:13:08.961 I/ActivityManagerTiming( 1503): OnBootPhase_1000_com.android.server.alarm.AlarmManagerService
02-22 01:13:08.961 I/ActivityManagerTiming( 1503): OnBootPhase_1000_com.android.server.devicestate.DeviceStateManagerService
02-22 01:13:08.961 I/ActivityManagerTiming( 1503): OnBootPhase_1000_com.android.server.camera.CameraServiceProxy
02-22 01:13:08.960 I/am_wtf ( 1503): [0,1503,system_server,-1,DisplayDeviceConfig,requesting nits when no mapping exists.]
02-22 01:13:08.962 I/am_wtf ( 1503): [0,1503,system_server,-1,DisplayDeviceConfig,requesting nits when no mapping exists.]
02-22 01:13:08.963 I/ActivityManagerTiming( 1503): OnBootPhase_1000_com.android.server.BluetoothService
02-22 01:13:08.963 I/ActivityManagerTiming( 1503): OnBootPhase_1000_com.android.server.connectivity.IpConnectivityMetrics
02-22 01:13:08.963 I/ActivityManagerTiming( 1503): OnBootPhase_1000_com.android.server.net.watchlist.NetworkWatchlistService$Lifecycle
02-22 01:13:08.963 I/ActivityManagerTiming( 1503): OnBootPhase_1000_com.android.server.PinnerService
02-22 01:13:08.963 I/ActivityManagerTiming( 1503): OnBootPhase_1000_com.google.android.startop.iorap.IorapForwardingService
02-22 01:13:08.963 I/ActivityManagerTiming( 1503): OnBootPhase_1000_com.android.server.ActivityTriggerService
02-22 01:13:08.963 I/ActivityManagerTiming( 1503): OnBootPhase_1000_com.android.server.integrity.AppIntegrityManagerService
02-22 01:13:08.963 I/ActivityManagerTiming( 1503): OnBootPhase_1000_com.android.server.inputmethod.InputMethodManagerService$Lifecycle
02-22 01:13:08.963 I/ActivityManagerTiming( 1503): OnBootPhase_1000_com.android.server.accessibility.AccessibilityManagerService$Lifecycle
02-22 01:13:08.963 I/ActivityManagerTiming( 1503): OnBootPhase_1000_com.android.server.StorageManagerService$Lifecycle
02-22 01:13:08.963 I/ActivityManagerTiming( 1503): OnBootPhase_1000_com.android.server.usage.StorageStatsService$Lifecycle
02-22 01:13:08.963 I/ActivityManagerTiming( 1503): OnBootPhase_1000_com.android.server.UiModeManagerService
02-22 01:13:08.963 I/ActivityManagerTiming( 1503): OnBootPhase_1000_com.android.server.locksettings.LockSettingsService$Lifecycle
02-22 01:13:08.963 I/ActivityManagerTiming( 1503): OnBootPhase_1000_com.android.server.PersistentDataBlockService
02-22 01:13:08.963 D/StorageManagerService( 1503): Thinking about init, mBootCompleted=true, mDaemonConnected=true
02-22 01:13:08.963 D/StorageManagerService( 1503): Thinking about reset, mBootCompleted=true, mDaemonConnected=true
02-22 01:13:08.963 I/ActivityManagerTiming( 1503): OnBootPhase_1000_com.android.server.testharness.TestHarnessModeService
02-22 01:13:08.963 I/StorageSessionController( 1503): Started resetting external storage service...
02-22 01:13:08.963 I/StorageSessionController( 1503): Finished resetting external storage service
02-22 01:13:08.963 I/StorageManagerService( 1503): Resetting vold...
02-22 01:13:08.964 I/StorageManagerService( 1503): Reset vold
02-22 01:13:08.964 I/vold ( 520): onUserAdded: 0
02-22 01:13:08.964 D/TestHarnessModeService( 1503): Completing Test Harness Mode setup.
02-22 01:13:08.979 I/ActivityManagerTiming( 1503): OnBootPhase_1000_com.android.server.oemlock.OemLockService
02-22 01:13:08.979 I/ActivityManagerTiming( 1503): OnBootPhase_1000_com.android.server.DeviceIdleController
02-22 01:13:08.979 I/ActivityManagerTiming( 1503): OnBootPhase_1000_com.android.server.devicepolicy.DevicePolicyManagerService$Lifecycle
02-22 01:13:08.980 I/ActivityManagerTiming( 1503): OnBootPhase_1000_com.android.server.texttospeech.TextToSpeechManagerService
02-22 01:13:08.980 I/ActivityManagerTiming( 1503): OnBootPhase_1000_com.android.server.speech.SpeechRecognitionManagerService
02-22 01:13:08.980 I/ActivityManagerTiming( 1503): OnBootPhase_1000_com.android.server.searchui.SearchUiManagerService
02-22 01:13:08.980 I/ActivityManagerTiming( 1503): OnBootPhase_1000_com.android.server.smartspace.SmartspaceManagerService
02-22 01:13:08.980 I/ActivityManagerTiming( 1503): OnBootPhase_1000_com.android.server.graphics.fonts.FontManagerService$Lifecycle
02-22 01:13:08.980 I/ActivityManagerTiming( 1503): OnBootPhase_1000_com.android.server.textservices.TextServicesManagerService$Lifecycle
02-22 01:13:08.980 I/ActivityManagerTiming( 1503): OnBootPhase_1000_com.android.server.textclassifier.TextClassificationManagerService$Lifecycle
02-22 01:13:08.980 I/ActivityManagerTiming( 1503): OnBootPhase_1000_com.android.server.NetworkScoreService$Lifecycle
02-22 01:13:08.980 I/ActivityManagerTiming( 1503): OnBootPhase_1000_com.android.server.wifi.WifiService
02-22 01:13:08.980 I/ActivityManagerTiming( 1503): OnBootPhase_1000_com.android.server.wifi.scanner.WifiScanningService
02-22 01:13:08.980 I/ActivityManagerTiming( 1503): OnBootPhase_1000_com.android.server.wifi.rtt.RttService
02-22 01:13:08.980 I/ActivityManagerTiming( 1503): OnBootPhase_1000_com.android.server.wifi.aware.WifiAwareService
02-22 01:13:08.980 I/ActivityManagerTiming( 1503): OnBootPhase_1000_com.android.server.wifi.p2p.WifiP2pService
02-22 01:13:08.980 I/ActivityManagerTiming( 1503): OnBootPhase_1000_com.android.server.ethernet.EthernetService
02-22 01:13:08.980 I/ActivityManagerTiming( 1503): OnBootPhase_1000_com.android.server.ConnectivityServiceInitializer
02-22 01:13:08.980 I/ActivityManagerTiming( 1503): OnBootPhase_1000_com.android.server.notification.NotificationManagerService
02-22 01:13:08.980 I/ActivityManagerTiming( 1503): OnBootPhase_1000_com.android.server.storage.DeviceStorageMonitorService
02-22 01:13:08.980 I/ActivityManagerTiming( 1503): OnBootPhase_1000_com.android.server.location.LocationManagerService$Lifecycle
02-22 01:13:08.980 I/ActivityManagerTiming( 1503): OnBootPhase_1000_com.android.server.timedetector.TimeDetectorService$Lifecycle
02-22 01:13:08.980 I/ActivityManagerTiming( 1503): OnBootPhase_1000_com.android.server.timezonedetector.TimeZoneDetectorService$Lifecycle
02-22 01:13:08.980 I/ActivityManagerTiming( 1503): OnBootPhase_1000_com.android.server.timezonedetector.location.LocationTimeZoneManagerService$Lifecycle
02-22 01:13:08.980 I/ActivityManagerTiming( 1503): OnBootPhase_1000_com.android.server.search.SearchManagerService$Lifecycle
02-22 01:13:08.980 I/ActivityManagerTiming( 1503): OnBootPhase_1000_com.android.server.wallpaper.WallpaperManagerService$Lifecycle
02-22 01:13:08.980 I/ActivityManagerTiming( 1503): OnBootPhase_1000_com.android.server.audio.AudioService$Lifecycle
02-22 01:13:08.980 I/ActivityManagerTiming( 1503): OnBootPhase_1000_com.android.server.soundtrigger_middleware.SoundTriggerMiddlewareService$Lifecycle
02-22 01:13:08.980 I/ActivityManagerTiming( 1503): OnBootPhase_1000_com.android.server.DockObserver
02-22 01:13:08.980 I/ActivityManagerTiming( 1503): OnBootPhase_1000_com.android.server.midi.MidiService$Lifecycle
02-22 01:13:08.980 I/ActivityManagerTiming( 1503): OnBootPhase_1000_com.android.server.adb.AdbService$Lifecycle
02-22 01:13:08.980 I/ActivityManagerTiming( 1503): OnBootPhase_1000_com.android.server.usb.UsbService$Lifecycle
02-22 01:13:08.980 I/ActivityManagerTiming( 1503): OnBootPhase_1000_com.android.server.twilight.TwilightService
02-22 01:13:08.982 I/ActivityManagerTiming( 1503): OnBootPhase_1000_com.android.server.display.color.ColorDisplayService
02-22 01:13:08.982 I/ActivityManagerTiming( 1503): OnBootPhase_1000_com.android.server.job.JobSchedulerService
02-22 01:13:08.982 I/ActivityManagerTiming( 1503): OnBootPhase_1000_com.android.server.soundtrigger.SoundTriggerService
02-22 01:13:08.982 D/SoundTriggerService( 1503): onBootPhase: 1000 : false
02-22 01:13:08.982 I/ActivityManagerTiming( 1503): OnBootPhase_1000_com.android.server.trust.TrustManagerService
02-22 01:13:08.982 I/ActivityManagerTiming( 1503): OnBootPhase_1000_com.android.server.backup.BackupManagerService$Lifecycle
02-22 01:13:08.982 I/ActivityManagerTiming( 1503): OnBootPhase_1000_com.android.server.appwidget.AppWidgetService
02-22 01:13:08.982 I/ActivityManagerTiming( 1503): OnBootPhase_1000_com.android.server.voiceinteraction.VoiceInteractionManagerService
02-22 01:13:08.982 I/ActivityManagerTiming( 1503): OnBootPhase_1000_com.android.server.apphibernation.AppHibernationService
02-22 01:13:08.982 I/ActivityManagerTiming( 1503): OnBootPhase_1000_com.android.server.SensorNotificationService
02-22 01:13:08.982 I/HibernationStateDiskStore( 1503): No hibernation file on disk for file /data/system/hibernation/states
02-22 01:13:08.982 I/notification_enqueue( 1503): [1000,1503,android,26,NULL,-1,Notification(channel=DEVELOPER_IMPORTANT shortcut=null contentView=null vibrate=null sound=null tick defaults=0x0 flags=0x2 color=0x00000000 vis=PUBLIC),0]
02-22 01:13:08.983 D/CompatibilityChangeReporter( 1503): Compat change id reported: 168936375; UID 1000; state: ENABLED
02-22 01:13:08.983 E/AdbDebuggingManager( 1503): Expected keyStore, but got tag=adbKey
02-22 01:13:08.983 E/AdbDebuggingManager( 1503): Expected keyStore, but got tag=adbKey
02-22 01:13:08.983 D/CompatibilityChangeReporter( 1503): Compat change id reported: 168936375; UID 1000; state: DISABLED
