02-22 01:36:18.239 I/notification_enqueue( 1503): [10087,4140,com.android.music,1,NULL,0,Notification(channel=Channel-music shortcut=null contentView=null vibrate=null sound=null defaults=0x0 flags=0x0 color=0x00000000 category=transport actions=4 vis=PRIVATE),1]
02-22 01:36:18.266 I/snet_event_log( 1503): [172655291,-1,]
02-22 01:36:18.441 I/GameModeConfig( 1503): isGameModeOn = false
02-22 01:36:19.181 I/GameModeConfig( 1503): isGameModeOn = false
02-22 01:36:19.519 I/GameModeConfig( 1503): isGameModeOn = false
02-22 01:36:19.519 I/GameModeConfig( 1503): isGameModeOn = false
02-22 01:36:19.520 I/GameModeConfig( 1503): isGameModeOn = false
02-22 01:36:19.521 I/GameModeConfig( 1503): isGameModeOn = false
02-22 01:36:19.566 I/notification_enqueue( 1503): [10087,4140,com.android.music,1,NULL,0,Notification(channel=Channel-music shortcut=null contentView=null vibrate=null sound=null defaults=0x0 flags=0x2 color=0x00000000 category=transport actions=4 vis=PRIVATE),1]
02-22 01:36:19.768 I/GameModeConfig( 1503): isGameModeOn = false
02-22 01:36:20.705 I/volume_changed( 1503): [3,0,7,39,com.android.systemui]
02-22 01:36:21.175 I/volume_changed( 1503): [3,7,13,39,com.android.systemui]
02-22 01:36:21.416 I/volume_changed( 1503): [3,13,17,39,com.android.systemui]
02-22 01:36:21.435 I/commit_sys_config_file( 1503): [settings-1-0,14]
02-22 01:36:21.632 I/volume_changed( 1503): [3,17,19,39,com.android.systemui]
02-22 01:36:21.873 I/volume_changed( 1503): [3,19,22,39,com.android.systemui]
02-22 01:36:21.889 I/commit_sys_config_file( 1503): [settings-1-0,3]
01-01 12:24:10.133 E/DTC_ETH,link_delay_work_func( 0): 3003, SQI=0, link=0
02-22 01:36:22.073 I/volume_changed( 1503): [3,22,24,39,com.android.systemui]
02-22 01:36:22.140 I/commit_sys_config_file( 1503): [settings-1-0,6]
02-22 01:36:22.271 I/volume_changed( 1503): [3,24,25,39,com.android.systemui]
02-22 01:36:22.350 I/commit_sys_config_file( 1503): [settings-1-0,5]
02-22 01:36:22.595 I/commit_sys_config_file( 1503): [settings-1-0,4]
02-22 01:36:22.661 I/volume_changed( 1503): [3,25,18,39,com.android.systemui]
02-22 01:36:22.882 I/volume_changed( 1503): [3,18,19,39,com.android.systemui]
02-22 01:36:22.990 I/commit_sys_config_file( 1503): [settings-1-0,8]
02-22 01:36:23.138 I/volume_changed( 1503): [3,19,22,39,com.android.systemui]
02-22 01:36:23.376 I/commit_sys_config_file( 1503): [settings-1-0,5]
02-22 01:36:23.604 I/commit_sys_config_file( 1503): [settings-1-0,6]
01-01 12:24:15.254 E/DTC_ETH,link_delay_work_func( 0): 3003, SQI=0, link=0
01-01 12:24:20.373 E/DTC_ETH,link_delay_work_func( 0): 3003, SQI=0, link=0
02-22 01:36:32.410 I/am_pss ( 1503): [4132,1000,com.android.settings,155924480,133742592,0,305106944,0,15,12]
02-22 01:36:32.416 I/ActivityManager( 1503): Background started FGS: Allowed [callingPackage: com.android.music; callingUid: 10087; uidState: SVC ; intent: Intent { act=com.android.music.musicservicecommand cmp=com.android.music/.MediaPlaybackService (has extras) }; code:SYSTEM_ALERT_WINDOW_PERMISSION; tempAllowListReason:<,reasonCode:SYSTEM_ALLOW_LISTED,duration:9223372036854775807,callingUid:-1>; targetSdkVersion:31; callerTargetSdkVersion:31; startForegroundCount:5; bindFromPackage:null]
02-22 01:36:32.418 I/GameModeConfig( 1503): isGameModeOn = false
02-22 01:36:32.418 I/GameModeConfig( 1503): isGameModeOn = false
02-22 01:36:32.418 I/GameModeConfig( 1503): isGameModeOn = false
02-22 01:36:32.418 I/GameModeConfig( 1503): isGameModeOn = false
02-22 01:36:32.419 I/am_pss ( 1503): [4140,10087,com.android.music,48588800,39424000,0,177676288,0,10,8]
02-22 01:36:32.451 W/ActivityManager( 1503): Foreground service started from background can not have location/camera/microphone access: service com.android.music/.MediaPlaybackService
02-22 01:36:32.455 E/AppOps ( 1503): Operation not started: uid=10087 pkg=com.android.music(null) op=START_FOREGROUND
02-22 01:36:32.457 I/GameModeConfig( 1503): isGameModeOn = false
02-22 01:36:32.457 I/GameModeConfig( 1503): isGameModeOn = false
02-22 01:36:32.457 I/GameModeConfig( 1503): isGameModeOn = false
02-22 01:36:32.457 I/GameModeConfig( 1503): isGameModeOn = false
02-22 01:36:32.513 I/snet_event_log( 1503): [172655291,-1,]
02-22 01:36:32.517 W/Looper ( 1503): Slow dispatch took 127ms main h=android.app.ActivityThread$H c=android.app.LoadedApk$ReceiverDispatcher$Args$$ExternalSyntheticLambda0@68442d7 m=0
02-22 01:36:32.517 I/Telecom ( 1503): BluetoothStateReceiver: Device null is now the preferred BT device for HFP: BSR.oR@ACA
02-22 01:36:32.518 D/CompanionDeviceManagerService( 1503): 54:55:D5:0B:35:17 disconnected w/ reason: (1101) Remote request
02-22 01:36:32.518 D/CompanionDeviceManagerService( 1503): onDeviceDisconnected(address = 54:55:D5:0B:35:17)
02-22 01:36:32.518 I/Telecom ( 1503): CallAudioRouteStateMachine: Message received: BT_ACTIVE_DEVICE_GONE=9, arg1=0: BSR.oR->CARSM.pM_BT_ACTIVE_DEVICE_GONE@ACA
02-22 01:36:32.518 I/Telecom ( 1503): QuiescentEarpieceRoute: Processing message BT_ACTIVE_DEVICE_GONE: BSR.oR->CARSM.pM_BT_ACTIVE_DEVICE_GONE@ACA
02-22 01:36:32.518 I/Telecom ( 1503): BluetoothStateReceiver: Device 54:55:D5:0B:35:17 changed state to 0: BSR.oR@ACE
02-22 01:36:32.518 I/Telecom ( 1503): Logging.Events: Non-call EVENT: AUDIO_ROUTE, Bluetooth active device gone: BSR.oR->CARSM.pM_BT_ACTIVE_DEVICE_GONE@ACA
02-22 01:36:32.519 I/Telecom ( 1503): BluetoothRouteManager: Message received: LOST_DEVICE.: BSR.oR->BRM.pM_2@ACE
02-22 01:36:32.519 I/notification_enqueue( 1503): [10087,4140,com.android.music,1,NULL,0,Notification(channel=Channel-music shortcut=null contentView=null vibrate=null sound=null defaults=0x0 flags=0x2 color=0x00000000 category=transport actions=4 vis=PRIVATE),1]
02-22 01:36:32.520 I/notification_enqueue( 1503): [10087,4140,com.android.music,1,NULL,0,Notification(channel=Channel-music shortcut=null contentView=null vibrate=null sound=null defaults=0x0 flags=0x42 color=0x00000000 category=transport actions=4 vis=PRIVATE),1]
02-22 01:36:32.521 I/Telecom ( 1503): CallAudioRouteStateMachine: Message received: BLUETOOTH_DEVICE_LIST_CHANGED=7, arg1=0: BSR.oR->CARSM.pM_BLUETOOTH_DEVICE_LIST_CHANGED@ACE
02-22 01:36:32.521 I/Telecom ( 1503): QuiescentEarpieceRoute: Processing message BLUETOOTH_DEVICE_LIST_CHANGED: BSR.oR->CARSM.pM_BLUETOOTH_DEVICE_LIST_CHANGED@ACE
02-22 01:36:32.521 I/Telecom ( 1503): Logging.Events: Non-call EVENT: AUDIO_ROUTE, Bluetooth device list changed: BSR.oR->CARSM.pM_BLUETOOTH_DEVICE_LIST_CHANGED@ACE
02-22 01:36:32.523 I/notification_enqueue( 1503): [10087,4140,com.android.music,1,NULL,0,Notification(channel=Channel-music shortcut=null contentView=null vibrate=null sound=null defaults=0x0 flags=0x42 color=0x00000000 category=transport actions=4 vis=PRIVATE),1]
02-22 01:36:32.526 I/notification_enqueue( 1503): [10087,4140,com.android.music,1,NULL,0,Notification(channel=Channel-music shortcut=null contentView=null vibrate=null sound=null defaults=0x0 flags=0x0 color=0x00000000 category=transport actions=4 vis=PRIVATE),1]
02-22 01:36:32.530 I/Telecom ( 1503): WiredHeadsetManager: ACTION_HEADSET_PLUG event, plugged in: false, : WHC.oADR@ACI
02-22 01:36:32.721 I/GameModeConfig( 1503): isGameModeOn = false
02-22 01:36:32.724 I/GameModeConfig( 1503): isGameModeOn = false
02-22 01:36:32.726 I/GameModeConfig( 1503): isGameModeOn = false
02-22 01:36:32.728 I/GameModeConfig( 1503): isGameModeOn = false
01-01 12:24:20.999 I/afe_close( 0): port_id = 0x400e
01-01 12:24:21.007 I/btfm_slim_disable_ch( 0): port:16, grp: 0, ch->grph:0x0, ch->ch_hdl:0x1d
01-01 12:24:21.029 I/afe_find_cal_topo_id_by_port( 0): port id: 0x9000, dev_acdb_id: 0
01-01 12:24:21.029 I/afe_find_cal_topo_id_by_port( 0): top_id:112fc acdb_id:15 afe_port:0x9000
01-01 12:24:21.029 I/afe_get_cal_topology_id( 0): port_id = 0x9000 acdb_id = 15 topology_id = 0x112fc cal_type_index=8 ret=0
01-01 12:24:21.030 I/afe_send_port_topology_id( 0): AFE set topology id 0x112fc enable for port 0x9000 ret 0
01-01 12:24:21.030 I/send_afe_cal_type( 0): cal_index is 0
01-01 12:24:21.030 I/send_afe_cal_type( 0): dev_acdb_id[55] is 0
01-01 12:24:21.030 I/send_afe_cal_type( 0): Sending cal_index cal 0
01-01 12:24:21.030 E/send_afe_cal_type( 0): No cal sent for cal_index 0, port_id = 0x9000! ret -22
01-01 12:24:21.030 I/afe_send_hw_delay( 0): port_id 0x9000 rate 48000 delay_usec 474 status 0
02-22 01:36:33.000 I/Telecom ( 1503): WiredHeadsetManager: ACTION_HEADSET_PLUG event, plugged in: false, : WHC.oADR@ACM
02-22 01:36:33.011 I/stream_devices_changed( 1503): [3,128,2]
02-22 01:36:33.021 I/stream_devices_changed( 1503): [6,128,1]
02-22 01:36:35.456 E/AppOps ( 1503): Operation not started: uid=10087 pkg=com.android.music(null) op=WAKE_LOCK
01-01 12:24:23.583 I/afe_close( 0): port_id = 0x9000
01-01 12:24:25.494 E/DTC_ETH,link_delay_work_func( 0): 3003, SQI=0, link=0
01-01 12:24:30.614 E/DTC_ETH,link_delay_work_func( 0): 3003, SQI=0, link=0
01-01 12:24:35.733 E/DTC_ETH,link_delay_work_func( 0): 3003, SQI=0, link=0
02-22 01:36:52.427 I/am_pss ( 1503): [4132,1000,com.android.settings,155887616,133705728,0,305070080,0,15,23]
01-01 12:24:40.853 E/DTC_ETH,link_delay_work_func( 0): 3003, SQI=0, link=0
01-01 12:24:45.973 E/DTC_ETH,link_delay_work_func( 0): 3003, SQI=0, link=0
02-22 01:37:01.859 I/am_uid_idle( 1503): 10086
01-01 12:24:51.093 E/DTC_ETH,link_delay_work_func( 0): 3003, SQI=0, link=0
02-22 01:37:03.565 I/PowerManagerService( 1503): Napping display group (groupId=0, uid=1000)...
02-22 01:37:03.565 I/PowerManagerService( 1503): Nap time (uid 1000)...
02-22 01:37:03.568 I/DreamManagerService( 1503): Entering dreamland.
02-22 01:37:03.572 I/PowerManagerService( 1503): Dreaming...
02-22 01:37:03.573 I/DreamController( 1503): Starting dream: name=ComponentInfo{com.thundercomm.screensaver/com.thundercomm.saverclock.service.ClockScreensaver}, isTest=false, canDoze=false, userId=0
02-22 01:37:03.573 I/sysui_multi_action( 1503): [757,222,758,1]
02-22 01:37:03.575 I/am_uid_active( 1503): 10047
02-22 01:37:03.586 D/CompatibilityChangeReporter( 1503): Compat change id reported: 168419799; UID 10047; state: DISABLED
02-22 01:37:03.597 I/ActivityTaskManager( 1503): START u0 {flg=0x10000000 pkg=com.thundercomm.screensaver cmp=com.thundercomm.screensaver/android.service.dreams.DreamActivity (has extras)} from uid 10047
02-22 01:37:03.600 I/wm_task_created( 1503): [53,-1]
02-22 01:37:03.600 W/ActivityTaskManager( 1503): Can't find TaskDisplayArea to determine support for multi window. Task id=53 attached=false
02-22 01:37:03.604 I/wm_task_moved( 1503): [53,1,9]
02-22 01:37:03.604 I/wm_task_to_front( 1503): [0,53]
02-22 01:37:03.604 I/wm_create_task( 1503): [0,53]
02-22 01:37:03.604 I/wm_create_activity( 1503): [0,176901089,53,com.thundercomm.screensaver/android.service.dreams.DreamActivity,NULL,NULL,NULL,276824064]
02-22 01:37:03.604 I/wm_task_moved( 1503): [53,1,9]
02-22 01:37:03.604 I/wm_on_top_resumed_lost_called( 2514): [229498384,com.android.launcher3.uioverrides.QuickstepLauncher,topStateChangedWhenResumed]
02-22 01:37:03.605 I/wm_pause_activity( 1503): [0,229498384,com.android.launcher3/.uioverrides.QuickstepLauncher,userLeaving=true,pauseBackTasks]
02-22 01:37:03.607 I/input_focus( 1503): [Focus request e3555c3 com.android.launcher3/com.android.launcher3.uioverrides.QuickstepLauncher,reason=UpdateInputWindows]
02-22 01:37:03.607 I/wm_on_paused_called( 2514): [229498384,com.android.launcher3.uioverrides.QuickstepLauncher,performPause]
02-22 01:37:03.610 I/ActivityTaskManager( 1503): FOREGROUND_APPLICATION_CHANGED to android.service.dreams.DreamActivity
02-22 01:37:03.610 I/ActivityTaskManager( 1503): The Process com.thundercomm.screensaver Already Exists in BG. So sending its PID: 3965
02-22 01:37:03.610 I/input_focus( 1503): [Focus leaving 91ac81d NotificationShade (server),reason=NOT_FOCUSABLE]
02-22 01:37:03.610 I/input_focus( 1503): [Focus entering e3555c3 com.android.launcher3/com.android.launcher3.uioverrides.QuickstepLauncher (server),reason=setFocusedWindow]
02-22 01:37:03.611 W/ActivityTaskManager( 1503): Tried to set launchTime (0) < mLastActivityLaunchTime (436931)
02-22 01:37:03.611 I/wm_add_to_stopping( 1503): [0,229498384,com.android.launcher3/.uioverrides.QuickstepLauncher,makeInvisible]
02-22 01:37:03.611 I/wm_restart_activity( 1503): [0,176901089,53,com.thundercomm.screensaver/android.service.dreams.DreamActivity]
02-22 01:37:03.612 I/wm_set_resumed_activity( 1503): [0,com.thundercomm.screensaver/android.service.dreams.DreamActivity,minimalResumeActivityLocked]
02-22 01:37:03.616 I/sysui_multi_action( 1503): [757,803,799,window_time_0,802,62]
02-22 01:37:03.616 I/wm_on_create_called( 3965): [176901089,android.service.dreams.DreamActivity,performCreate]
02-22 01:37:03.616 I/wm_on_start_called( 3965): [176901089,android.service.dreams.DreamActivity,handleStartActivity]
02-22 01:37:03.617 I/wm_on_resume_called( 3965): [176901089,android.service.dreams.DreamActivity,RESUME_ACTIVITY]
02-22 01:37:03.618 W/WindowManager( 1503): Failed looking up window session=Session{5c97610 3965:u0a10047} callers=com.android.server.wm.WindowManagerService.windowForClientLocked:5628 com.android.server.wm.Session.insetsModified:629 android.view.IWindowSession$Stub.onTransact:1151
02-22 01:37:03.619 I/wm_on_top_resumed_gained_called( 3965): [176901089,android.service.dreams.DreamActivity,topStateChangedWhenResumed]
02-22 01:37:03.635 I/input_focus( 1503): [Focus request 98fc51d com.thundercomm.screensaver/android.service.dreams.DreamActivity,reason=UpdateInputWindows]
02-22 01:37:03.641 I/sysui_multi_action( 1503): [319,43,322,43,325,1445,757,761,758,8,759,2,806,com.thundercomm.screensaver,871,android.service.dreams.DreamActivity,904,com.thundercomm.screensaver,905,0,1320,4,1321,2]
02-22 01:37:03.642 I/wm_activity_launch_time( 1503): [0,176901089,com.thundercomm.screensaver/android.service.dreams.DreamActivity,43]
02-22 01:37:03.643 I/GameModeConfig( 1503): isGameModeOn = false
02-22 01:37:03.643 I/GameModeConfig( 1503): isGameModeOn = false
02-22 01:37:03.643 I/input_focus( 1503): [Focus leaving e3555c3 com.android.launcher3/com.android.launcher3.uioverrides.QuickstepLauncher (server),reason=NO_WINDOW]
02-22 01:37:03.643 I/GameModeConfig( 1503): isGameModeOn = false
02-22 01:37:03.645 I/GameModeConfig( 1503): isGameModeOn = false
02-22 01:37:03.646 I/notification_enqueue( 1503): [10078,1966,com.android.systemui,2048,NULL,0,Notification(channel=updateNotification shortcut=null contentView=null vibrate=null sound=null defaults=0x0 flags=0x0 color=0x00000000 vis=PRIVATE),1]
02-22 01:37:03.646 I/sysui_multi_action( 1966): [757,111,758,2]
02-22 01:37:03.646 I/sysui_multi_action( 1966): [757,111,758,2]
02-22 01:37:03.659 I/sysui_multi_action( 1966): [757,111,758,1]
02-22 01:37:03.659 I/sysui_multi_action( 1966): [757,126,758,1,759,126,927,0,928,1,1593,0]
02-22 01:37:03.659 I/sysui_multi_action( 1966): [757,113,758,1,759,113,927,1,928,1,1593,0]
02-22 01:37:03.659 I/sysui_multi_action( 1966): [757,0,758,1,759,0,927,2,928,0,1593,0]
02-22 01:37:03.659 I/sysui_multi_action( 1966): [757,0,758,1,759,0,927,3,928,0,1593,0]
02-22 01:37:03.659 I/sysui_multi_action( 1966): [757,491,758,1,759,491,927,4,928,0,1311,-1,1593,0]
02-22 01:37:03.659 I/sysui_multi_action( 1966): [757,0,758,1,759,0,927,5,928,0,1593,0]
02-22 01:37:03.659 I/sysui_multi_action( 1966): [757,111,758,1]
02-22 01:37:03.659 I/sysui_multi_action( 1966): [757,126,758,1,759,126,927,0,928,1,1593,0]
02-22 01:37:03.659 I/sysui_multi_action( 1966): [757,113,758,1,759,113,927,1,928,1,1593,0]
02-22 01:37:03.659 I/sysui_multi_action( 1966): [757,0,758,1,759,0,927,2,928,0,1593,0]
02-22 01:37:03.659 I/sysui_multi_action( 1966): [757,0,758,1,759,0,927,3,928,0,1593,0]
02-22 01:37:03.660 I/input_focus( 1503): [Focus entering 98fc51d com.thundercomm.screensaver/android.service.dreams.DreamActivity (server),reason=Window became focusable. Previous reason: NOT_VISIBLE]
02-22 01:37:03.714 W/FreeFormWindowHelper( 1503): Current Display FreeFormTask is null
02-22 01:37:03.847 I/GameModeConfig( 1503): isGameModeOn = false
02-22 01:37:03.893 I/GameModeConfig( 1503): isGameModeOn = false
02-22 01:37:03.893 I/GameModeConfig( 1503): isGameModeOn = false
02-22 01:37:03.893 I/GameModeConfig( 1503): isGameModeOn = false
02-22 01:37:03.893 I/GameModeConfig( 1503): isGameModeOn = false
02-22 01:37:03.893 I/notification_enqueue( 1503): [10078,1966,com.android.systemui,2048,NULL,0,Notification(channel=updateNotification shortcut=null contentView=null vibrate=null sound=null defaults=0x0 flags=0x0 color=0x00000000 vis=PRIVATE),1]
02-22 01:37:03.893 I/sysui_multi_action( 1966): [757,111,758,2]
02-22 01:37:03.893 I/sysui_multi_action( 1966): [757,111,758,2]
02-22 01:37:03.928 I/wm_stop_activity( 1503): [0,229498384,com.android.launcher3/.uioverrides.QuickstepLauncher]
02-22 01:37:03.946 I/wm_on_stop_called( 2514): [229498384,com.android.launcher3.uioverrides.QuickstepLauncher,STOP_ACTIVITY_ITEM]
02-22 01:37:04.094 I/GameModeConfig( 1503): isGameModeOn = false
02-22 01:37:04.094 E/NotificationService( 1503): Muting recently noisy 0|com.android.systemui|2048|null|10078
02-22 01:37:04.100 I/sysui_multi_action( 1503): [757,128,758,2,793,1435119,794,62345,795,1435119,796,26,798,0,806,android,857,DEVELOPER_IMPORTANT,858,4,947,0,1395,2,1500,1434714,1688,1]
02-22 01:37:04.100 I/notification_visibility( 1503): [-1|android|26|null|1000,0,1435119,1435119,0,0]
02-22 01:37:04.100 I/sysui_multi_action( 1503): [757,128,758,2,793,1435722,794,62344,795,1435722,796,32,798,1,806,android,857,USB,858,1,947,0,1395,2,1500,1435647,1688,1]
02-22 01:37:04.100 I/notification_visibility( 1503): [-1|android|32|null|1000,0,1435722,1435722,0,1]
02-22 01:37:04.100 I/sysui_multi_action( 1503): [757,127,758,2]
02-22 01:37:04.101 I/notification_panel_hidden( 1503):
02-22 01:37:05.560 I/input_interaction( 1503): Interaction with: 98fc51d com.thundercomm.screensaver/android.service.dreams.DreamActivity (server), edge-swipe (server), swipe-up (server), PointerEventDispatcher0 (server),
02-22 01:37:05.560 I/wm_finish_activity( 1503): [0,176901089,53,com.thundercomm.screensaver/android.service.dreams.DreamActivity,finish-activity]
02-22 01:37:05.560 I/wm_task_moved( 1503): [1,1,8]
02-22 01:37:05.561 I/wm_task_moved( 1503): [41,1,2147483647]
02-22 01:37:05.561 I/wm_task_to_front( 1503): [0,41]
02-22 01:37:05.561 I/wm_focused_root_task( 1503): [0,0,1,53,finish-top adjustFocusToNextFocusableTask]
02-22 01:37:05.561 I/wm_set_resumed_activity( 1503): [0,com.android.launcher3/.uioverrides.QuickstepLauncher,finish-top adjustFocusToNextFocusableTask]
02-22 01:37:05.561 I/wm_pause_activity( 1503): [0,176901089,com.thundercomm.screensaver/android.service.dreams.DreamActivity,userLeaving=false,finish]
02-22 01:37:05.563 I/DreamManagerService( 1503): Gently waking up from dream.
02-22 01:37:05.563 I/DreamManagerService( 1503): Performing gentle wake from dream.
02-22 01:37:05.563 I/wm_on_top_resumed_lost_called( 3965): [176901089,android.service.dreams.DreamActivity,topStateChangedWhenResumed]
02-22 01:37:05.564 I/wm_on_paused_called( 3965): [176901089,android.service.dreams.DreamActivity,performPause]
02-22 01:37:05.564 I/sysui_multi_action( 1503): [757,803,799,window_time_0,802,2]
02-22 01:37:05.564 I/wm_add_to_stopping( 1503): [0,176901089,com.thundercomm.screensaver/android.service.dreams.DreamActivity,completeFinishing]
02-22 01:37:05.564 I/ActivityTaskManager( 1503): FOREGROUND_APPLICATION_CHANGED to com.android.launcher3.uioverrides.QuickstepLauncher
02-22 01:37:05.565 I/wm_set_resumed_activity( 1503): [0,com.android.launcher3/.uioverrides.QuickstepLauncher,resumeTopActivityInnerLocked]
02-22 01:37:05.565 I/wm_resume_activity( 1503): [0,229498384,41,com.android.launcher3/.uioverrides.QuickstepLauncher]
02-22 01:37:05.569 I/sysui_multi_action( 1503): [757,803,799,window_time_0,802,0]
02-22 01:37:05.569 I/wm_on_restart_called( 2514): [229498384,com.android.launcher3.uioverrides.QuickstepLauncher,performRestartActivity]
02-22 01:37:05.569 I/wm_on_start_called( 2514): [229498384,com.android.launcher3.uioverrides.QuickstepLauncher,handleStartActivity]
02-22 01:37:05.569 I/wm_on_resume_called( 2514): [229498384,com.android.launcher3.uioverrides.QuickstepLauncher,RESUME_ACTIVITY]
02-22 01:37:05.569 I/wm_on_top_resumed_gained_called( 2514): [229498384,com.android.launcher3.uioverrides.QuickstepLauncher,topWhenResuming]
02-22 01:37:05.580 I/view_enqueue_input_event( 3965): [Motion - Cancel,com.thundercomm.screensaver/android.service.dreams.DreamActivity]
02-22 01:37:05.580 I/input_focus( 1503): [Focus leaving 98fc51d com.thundercomm.screensaver/android.service.dreams.DreamActivity (server),reason=NO_WINDOW]
02-22 01:37:05.582 I/input_focus( 1503): [Focus request e3555c3 com.android.launcher3/com.android.launcher3.uioverrides.QuickstepLauncher,reason=UpdateInputWindows]
02-22 01:37:05.584 I/input_interaction( 1503): Interaction with: edge-swipe (server), swipe-up (server), PointerEventDispatcher0 (server),
02-22 01:37:05.597 I/PowerManagerService( 1503): Powering on display group fromDreaming (groupId=0, uid=1000, reason=WAKE_REASON_UNKNOWN, details=android.server.power:DREAM_FINISHED)...
02-22 01:37:05.597 I/PowerManagerService( 1503): Waking up from Dreaming (uid=1000, reason=WAKE_REASON_UNKNOWN, details=android.server.power:DREAM_FINISHED)...
02-22 01:37:05.599 I/input_focus( 1503): [Focus entering e3555c3 com.android.launcher3/com.android.launcher3.uioverrides.QuickstepLauncher (server),reason=setFocusedWindow]
02-22 01:37:05.666 W/FreeFormWindowHelper( 1503): Current Display FreeFormTask is null
02-22 01:37:05.834 I/wm_destroy_activity( 1503): [0,176901089,53,com.thundercomm.screensaver/android.service.dreams.DreamActivity,finish-imm:idle]
02-22 01:37:05.854 I/wm_on_stop_called( 3965): [176901089,android.service.dreams.DreamActivity,LIFECYCLER_STOP_ACTIVITY]
02-22 01:37:05.854 I/wm_on_destroy_called( 3965): [176901089,android.service.dreams.DreamActivity,performDestroy]
02-22 01:37:05.857 I/DreamManagerService( 1503): Leaving dreamland.
02-22 01:37:05.858 I/DreamManagerService( 1503): Performing gentle wake from dream.
02-22 01:37:05.858 I/DreamController( 1503): Stopping dream: name=ComponentInfo{com.thundercomm.screensaver/com.thundercomm.saverclock.service.ClockScreensaver}, isTest=false, canDoze=false, userId=0, reason='finished self'(from 'finished self')
02-22 01:37:05.858 I/sysui_multi_action( 1503): [757,222,758,2]
02-22 01:37:05.858 I/sysui_multi_action( 1503): [757,804,799,dreaming_minutes,801,0,802,1]
02-22 01:37:05.865 I/wm_task_removed( 1503): [53,removeChild:removeChild last r=ActivityRecord{a8b4be1 u0 com.thundercomm.screensaver/android.service.dreams.DreamActivity t-1 f}} in t=Task{8ad824 #53 type=dream A=10047:android:com.thundercomm.screensaver/dream U=0 visible=false mode=fullscreen translucent=true sz=0}]
02-22 01:37:05.865 I/wm_task_removed( 1503): [53,removeChild]
02-22 01:37:05.866 W/ActivityTaskManager( 1503): Can't find TaskDisplayArea to determine support for multi window. Task id=53 attached=false
01-01 12:24:56.213 E/DTC_ETH,link_delay_work_func( 0): 3003, SQI=0, link=0
01-01 12:25:01.333 E/DTC_ETH,link_delay_work_func( 0): 3003, SQI=0, link=0
02-22 01:37:13.897 I/GameModeConfig( 1503): isGameModeOn = false
02-22 01:37:13.897 I/GameModeConfig( 1503): isGameModeOn = false
02-22 01:37:14.096 I/GameModeConfig( 1503): isGameModeOn = false
01-01 12:25:06.454 E/DTC_ETH,link_delay_work_func( 0): 3003, SQI=0, link=0
01-01 12:25:11.573 E/DTC_ETH,link_delay_work_func( 0): 3003, SQI=0, link=0
01-01 12:25:16.693 E/DTC_ETH,link_delay_work_func( 0): 3003, SQI=0, link=0
01-01 12:25:21.813 E/DTC_ETH,link_delay_work_func( 0): 3003, SQI=0, link=0
01-01 12:25:26.933 E/DTC_ETH,link_delay_work_func( 0): 3003, SQI=0, link=0
01-01 12:25:32.053 E/DTC_ETH,link_delay_work_func( 0): 3003, SQI=0, link=0
01-01 12:25:37.174 E/DTC_ETH,link_delay_work_func( 0): 3003, SQI=0, link=0
02-22 01:37:49.575 I/am_uid_idle( 1503): 10087
01-01 12:25:42.293 E/DTC_ETH,link_delay_work_func( 0): 3003, SQI=0, link=0
02-22 01:37:58.723 V/DisplayPowerController[0]( 1503): Brightness [0.05] reason changing to: 'manual [ dim ]', previous reason: 'manual'.
02-22 01:37:58.724 I/sysui_multi_action( 1503): [757,1696,758,6,759,2]
02-22 01:37:58.724 W/PowerManagerService( 1503): Screen on took 53126 ms
02-22 01:37:58.734 E/DisplayDeviceConfig( 1503): requesting nits when no mapping exists.
02-22 01:37:58.735 E/DisplayDeviceConfig( 1503): requesting nits when no mapping exists.
02-22 01:37:58.735 I/am_wtf ( 1503): [0,1503,system_server,-1,DisplayDeviceConfig,requesting nits when no mapping exists.]
02-22 01:37:58.737 I/DropBoxManagerService( 1503): add tag=system_server_wtf isTagEnabled=true flags=0x2
02-22 01:37:58.738 I/am_wtf ( 1503): [0,1503,system_server,-1,DisplayDeviceConfig,requesting nits when no mapping exists.]
02-22 01:37:58.739 I/DropBoxManagerService( 1503): add tag=system_server_wtf isTagEnabled=true flags=0x2
02-22 01:37:58.750 E/DisplayDeviceConfig( 1503): requesting nits when no mapping exists.
02-22 01:37:58.751 E/DisplayDeviceConfig( 1503): requesting nits when no mapping exists.
02-22 01:37:58.751 I/am_wtf ( 1503): [0,1503,system_server,-1,DisplayDeviceConfig,requesting nits when no mapping exists.]
02-22 01:37:58.752 I/DropBoxManagerService( 1503): add tag=system_server_wtf isTagEnabled=true flags=0x2
02-22 01:37:58.752 I/am_wtf ( 1503): [0,1503,system_server,-1,DisplayDeviceConfig,requesting nits when no mapping exists.]
02-22 01:37:58.753 I/DropBoxManagerService( 1503): add tag=system_server_wtf isTagEnabled=true flags=0x2
02-22 01:37:58.768 E/DisplayDeviceConfig( 1503): requesting nits when no mapping exists.
02-22 01:37:58.768 I/am_wtf ( 1503): [0,1503,system_server,-1,DisplayDeviceConfig,requesting nits when no mapping exists.]
02-22 01:37:58.768 E/DisplayDeviceConfig( 1503): requesting nits when no mapping exists.
02-22 01:37:58.769 I/DropBoxManagerService( 1503): add tag=system_server_wtf isTagEnabled=true flags=0x2
02-22 01:37:58.771 I/am_wtf ( 1503): [0,1503,system_server,-1,DisplayDeviceConfig,requesting nits when no mapping exists.]
02-22 01:37:58.775 E/DisplayDeviceConfig( 1503): requesting nits when no mapping exists.
02-22 01:37:58.776 E/DisplayDeviceConfig( 1503): requesting nits when no mapping exists.
02-22 01:37:58.776 I/am_wtf ( 1503): [0,1503,system_server,-1,DisplayDeviceConfig,requesting nits when no mapping exists.]
02-22 01:37:58.777 I/am_wtf ( 1503): [0,1503,system_server,-1,DisplayDeviceConfig,requesting nits when no mapping exists.]
02-22 01:37:58.791 E/DisplayDeviceConfig( 1503): requesting nits when no mapping exists.
02-22 01:37:58.792 E/DisplayDeviceConfig( 1503): requesting nits when no mapping exists.
02-22 01:37:58.792 I/am_wtf ( 1503): [0,1503,system_server,-1,DisplayDeviceConfig,requesting nits when no mapping exists.]
02-22 01:37:58.793 I/am_wtf ( 1503): [0,1503,system_server,-1,DisplayDeviceConfig,requesting nits when no mapping exists.]
02-22 01:37:58.809 E/DisplayDeviceConfig( 1503): requesting nits when no mapping exists.
02-22 01:37:58.809 E/DisplayDeviceConfig( 1503): requesting nits when no mapping exists.
02-22 01:37:58.810 I/am_wtf ( 1503): [0,1503,system_server,-1,DisplayDeviceConfig,requesting nits when no mapping exists.]
02-22 01:37:58.811 I/am_wtf ( 1503): [0,1503,system_server,-1,DisplayDeviceConfig,requesting nits when no mapping exists.]
02-22 01:37:58.825 E/DisplayDeviceConfig( 1503): requesting nits when no mapping exists.
02-22 01:37:58.826 I/am_wtf ( 1503): [0,1503,system_server,-1,DisplayDeviceConfig,requesting nits when no mapping exists.]
02-22 01:37:58.826 E/DisplayDeviceConfig( 1503): requesting nits when no mapping exists.
02-22 01:37:58.827 I/am_wtf ( 1503): [0,1503,system_server,-1,DisplayDeviceConfig,requesting nits when no mapping exists.]
02-22 01:37:58.842 E/DisplayDeviceConfig( 1503): requesting nits when no mapping exists.
02-22 01:37:58.843 E/DisplayDeviceConfig( 1503): requesting nits when no mapping exists.
02-22 01:37:58.843 I/am_wtf ( 1503): [0,1503,system_server,-1,DisplayDeviceConfig,requesting nits when no mapping exists.]
02-22 01:37:58.844 I/am_wtf ( 1503): [0,1503,system_server,-1,DisplayDeviceConfig,requesting nits when no mapping exists.]
02-22 01:37:58.859 E/DisplayDeviceConfig( 1503): requesting nits when no mapping exists.
02-22 01:37:58.859 I/am_wtf ( 1503): [0,1503,system_server,-1,DisplayDeviceConfig,requesting nits when no mapping exists.]
02-22 01:37:58.859 E/DisplayDeviceConfig( 1503): requesting nits when no mapping exists.
02-22 01:37:58.860 I/am_wtf ( 1503): [0,1503,system_server,-1,DisplayDeviceConfig,requesting nits when no mapping exists.]
02-22 01:37:58.876 E/DisplayDeviceConfig( 1503): requesting nits when no mapping exists.
02-22 01:37:58.876 I/am_wtf ( 1503): [0,1503,system_server,-1,DisplayDeviceConfig,requesting nits when no mapping exists.]
02-22 01:37:58.876 E/DisplayDeviceConfig( 1503): requesting nits when no mapping exists.
02-22 01:37:58.877 I/am_wtf ( 1503): [0,1503,system_server,-1,DisplayDeviceConfig,requesting nits when no mapping exists.]
02-22 01:37:58.892 E/DisplayDeviceConfig( 1503): requesting nits when no mapping exists.
02-22 01:37:58.893 E/DisplayDeviceConfig( 1503): requesting nits when no mapping exists.
02-22 01:37:58.893 I/am_wtf ( 1503): [0,1503,system_server,-1,DisplayDeviceConfig,requesting nits when no mapping exists.]
02-22 01:37:58.894 I/am_wtf ( 1503): [0,1503,system_server,-1,DisplayDeviceConfig,requesting nits when no mapping exists.]
02-22 01:37:58.909 E/DisplayDeviceConfig( 1503): requesting nits when no mapping exists.
02-22 01:37:58.909 I/am_wtf ( 1503): [0,1503,system_server,-1,DisplayDeviceConfig,requesting nits when no mapping exists.]
02-22 01:37:58.909 E/DisplayDeviceConfig( 1503): requesting nits when no mapping exists.
02-22 01:37:58.910 I/am_wtf ( 1503): [0,1503,system_server,-1,DisplayDeviceConfig,requesting nits when no mapping exists.]
02-22 01:37:58.926 E/DisplayDeviceConfig( 1503): requesting nits when no mapping exists.
02-22 01:37:58.926 E/DisplayDeviceConfig( 1503): requesting nits when no mapping exists.
02-22 01:37:58.927 I/am_wtf ( 1503): [0,1503,system_server,-1,DisplayDeviceConfig,requesting nits when no mapping exists.]
02-22 01:37:58.928 I/am_wtf ( 1503): [0,1503,system_server,-1,DisplayDeviceConfig,requesting nits when no mapping exists.]
02-22 01:37:58.942 E/DisplayDeviceConfig( 1503): requesting nits when no mapping exists.
02-22 01:37:58.943 I/am_wtf ( 1503): [0,1503,system_server,-1,DisplayDeviceConfig,requesting nits when no mapping exists.]
02-22 01:37:58.943 E/DisplayDeviceConfig( 1503): requesting nits when no mapping exists.
02-22 01:37:58.944 I/am_wtf ( 1503): [0,1503,system_server,-1,DisplayDeviceConfig,requesting nits when no mapping exists.]
02-22 01:37:58.959 E/DisplayDeviceConfig( 1503): requesting nits when no mapping exists.
02-22 01:37:58.960 I/am_wtf ( 1503): [0,1503,system_server,-1,DisplayDeviceConfig,requesting nits when no mapping exists.]
02-22 01:37:58.960 E/DisplayDeviceConfig( 1503): requesting nits when no mapping exists.
02-22 01:37:58.961 I/am_wtf ( 1503): [0,1503,system_server,-1,DisplayDeviceConfig,requesting nits when no mapping exists.]
02-22 01:37:58.976 E/DisplayDeviceConfig( 1503): requesting nits when no mapping exists.
02-22 01:37:58.976 E/DisplayDeviceConfig( 1503): requesting nits when no mapping exists.
02-22 01:37:58.976 I/am_wtf ( 1503): [0,1503,system_server,-1,DisplayDeviceConfig,requesting nits when no mapping exists.]
02-22 01:37:58.977 I/am_wtf ( 1503): [0,1503,system_server,-1,DisplayDeviceConfig,requesting nits when no mapping exists.]
02-22 01:37:58.992 E/DisplayDeviceConfig( 1503): requesting nits when no mapping exists.
02-22 01:37:58.993 E/DisplayDeviceConfig( 1503): requesting nits when no mapping exists.
02-22 01:37:58.993 I/am_wtf ( 1503): [0,1503,system_server,-1,DisplayDeviceConfig,requesting nits when no mapping exists.]
02-22 01:37:58.994 I/am_wtf ( 1503): [0,1503,system_server,-1,DisplayDeviceConfig,requesting nits when no mapping exists.]
02-22 01:37:59.009 E/DisplayDeviceConfig( 1503): requesting nits when no mapping exists.
02-22 01:37:59.010 I/am_wtf ( 1503): [0,1503,system_server,-1,DisplayDeviceConfig,requesting nits when no mapping exists.]
02-22 01:37:59.010 E/DisplayDeviceConfig( 1503): requesting nits when no mapping exists.
02-22 01:37:59.011 I/am_wtf ( 1503): [0,1503,system_server,-1,DisplayDeviceConfig,requesting nits when no mapping exists.]
02-22 01:37:59.026 E/DisplayDeviceConfig( 1503): requesting nits when no mapping exists.
02-22 01:37:59.026 E/DisplayDeviceConfig( 1503): requesting nits when no mapping exists.
02-22 01:37:59.027 I/am_wtf ( 1503): [0,1503,system_server,-1,DisplayDeviceConfig,requesting nits when no mapping exists.]
02-22 01:37:59.028 I/am_wtf ( 1503): [0,1503,system_server,-1,DisplayDeviceConfig,requesting nits when no mapping exists.]
02-22 01:37:59.043 E/DisplayDeviceConfig( 1503): requesting nits when no mapping exists.
02-22 01:37:59.043 E/DisplayDeviceConfig( 1503): requesting nits when no mapping exists.
02-22 01:37:59.044 I/am_wtf ( 1503): [0,1503,system_server,-1,DisplayDeviceConfig,requesting nits when no mapping exists.]
02-22 01:37:59.045 I/am_wtf ( 1503): [0,1503,system_server,-1,DisplayDeviceConfig,requesting nits when no mapping exists.]
02-22 01:37:59.059 E/DisplayDeviceConfig( 1503): requesting nits when no mapping exists.
02-22 01:37:59.060 E/DisplayDeviceConfig( 1503): requesting nits when no mapping exists.
02-22 01:37:59.060 I/am_wtf ( 1503): [0,1503,system_server,-1,DisplayDeviceConfig,requesting nits when no mapping exists.]
02-22 01:37:59.061 I/am_wtf ( 1503): [0,1503,system_server,-1,DisplayDeviceConfig,requesting nits when no mapping exists.]
02-22 01:37:59.076 E/DisplayDeviceConfig( 1503): requesting nits when no mapping exists.
02-22 01:37:59.076 I/am_wtf ( 1503): [0,1503,system_server,-1,DisplayDeviceConfig,requesting nits when no mapping exists.]
02-22 01:37:59.076 E/DisplayDeviceConfig( 1503): requesting nits when no mapping exists.
02-22 01:37:59.077 I/am_wtf ( 1503): [0,1503,system_server,-1,DisplayDeviceConfig,requesting nits when no mapping exists.]
02-22 01:37:59.093 E/DisplayDeviceConfig( 1503): requesting nits when no mapping exists.
02-22 01:37:59.093 I/am_wtf ( 1503): [0,1503,system_server,-1,DisplayDeviceConfig,requesting nits when no mapping exists.]
02-22 01:37:59.093 E/DisplayDeviceConfig( 1503): requesting nits when no mapping exists.
02-22 01:37:59.094 I/am_wtf ( 1503): [0,1503,system_server,-1,DisplayDeviceConfig,requesting nits when no mapping exists.]
02-22 01:37:59.110 E/DisplayDeviceConfig( 1503): requesting nits when no mapping exists.
02-22 01:37:59.110 E/DisplayDeviceConfig( 1503): requesting nits when no mapping exists.
02-22 01:37:59.111 I/am_wtf ( 1503): [0,1503,system_server,-1,DisplayDeviceConfig,requesting nits when no mapping exists.]
02-22 01:37:59.111 I/am_wtf ( 1503): [0,1503,system_server,-1,DisplayDeviceConfig,requesting nits when no mapping exists.]
02-22 01:37:59.126 E/DisplayDeviceConfig( 1503): requesting nits when no mapping exists.
02-22 01:37:59.127 E/DisplayDeviceConfig( 1503): requesting nits when no mapping exists.
02-22 01:37:59.127 I/am_wtf ( 1503): [0,1503,system_server,-1,DisplayDeviceConfig,requesting nits when no mapping exists.]
02-22 01:37:59.128 I/am_wtf ( 1503): [0,1503,system_server,-1,DisplayDeviceConfig,requesting nits when no mapping exists.]
02-22 01:37:59.143 E/DisplayDeviceConfig( 1503): requesting nits when no mapping exists.
02-22 01:37:59.143 I/am_wtf ( 1503): [0,1503,system_server,-1,DisplayDeviceConfig,requesting nits when no mapping exists.]
02-22 01:37:59.143 E/DisplayDeviceConfig( 1503): requesting nits when no mapping exists.
02-22 01:37:59.144 I/am_wtf ( 1503): [0,1503,system_server,-1,DisplayDeviceConfig,requesting nits when no mapping exists.]
02-22 01:37:59.159 E/DisplayDeviceConfig( 1503): requesting nits when no mapping exists.
02-22 01:37:59.160 E/DisplayDeviceConfig( 1503): requesting nits when no mapping exists.
02-22 01:37:59.160 I/am_wtf ( 1503): [0,1503,system_server,-1,DisplayDeviceConfig,requesting nits when no mapping exists.]
02-22 01:37:59.161 I/am_wtf ( 1503): [0,1503,system_server,-1,DisplayDeviceConfig,requesting nits when no mapping exists.]
02-22 01:37:59.176 E/DisplayDeviceConfig( 1503): requesting nits when no mapping exists.
02-22 01:37:59.177 I/am_wtf ( 1503): [0,1503,system_server,-1,DisplayDeviceConfig,requesting nits when no mapping exists.]
02-22 01:37:59.177 E/DisplayDeviceConfig( 1503): requesting nits when no mapping exists.
02-22 01:37:59.178 I/am_wtf ( 1503): [0,1503,system_server,-1,DisplayDeviceConfig,requesting nits when no mapping exists.]
02-22 01:37:59.193 E/DisplayDeviceConfig( 1503): requesting nits when no mapping exists.
02-22 01:37:59.194 I/am_wtf ( 1503): [0,1503,system_server,-1,DisplayDeviceConfig,requesting nits when no mapping exists.]
02-22 01:37:59.194 E/DisplayDeviceConfig( 1503): requesting nits when no mapping exists.
02-22 01:37:59.195 I/am_wtf ( 1503): [0,1503,system_server,-1,DisplayDeviceConfig,requesting nits when no mapping exists.]
02-22 01:37:59.210 E/DisplayDeviceConfig( 1503): requesting nits when no mapping exists.
02-22 01:37:59.211 E/DisplayDeviceConfig( 1503): requesting nits when no mapping exists.
02-22 01:37:59.211 I/am_wtf ( 1503): [0,1503,system_server,-1,DisplayDeviceConfig,requesting nits when no mapping exists.]
02-22 01:37:59.212 I/am_wtf ( 1503): [0,1503,system_server,-1,DisplayDeviceConfig,requesting nits when no mapping exists.]
02-22 01:37:59.227 E/DisplayDeviceConfig( 1503): requesting nits when no mapping exists.
02-22 01:37:59.227 E/DisplayDeviceConfig( 1503): requesting nits when no mapping exists.
02-22 01:37:59.227 I/am_wtf ( 1503): [0,1503,system_server,-1,DisplayDeviceConfig,requesting nits when no mapping exists.]
02-22 01:37:59.228 I/am_wtf ( 1503): [0,1503,system_server,-1,DisplayDeviceConfig,requesting nits when no mapping exists.]
02-22 01:37:59.243 E/DisplayDeviceConfig( 1503): requesting nits when no mapping exists.
02-22 01:37:59.243 I/am_wtf ( 1503): [0,1503,system_server,-1,DisplayDeviceConfig,requesting nits when no mapping exists.]
02-22 01:37:59.243 E/DisplayDeviceConfig( 1503): requesting nits when no mapping exists.
02-22 01:37:59.244 I/am_wtf ( 1503): [0,1503,system_server,-1,DisplayDeviceConfig,requesting nits when no mapping exists.]
01-01 12:25:47.414 E/DTC_ETH,link_delay_work_func( 0): 3003, SQI=0, link=0
01-01 12:25:52.533 E/DTC_ETH,link_delay_work_func( 0): 3003, SQI=0, link=0
02-22 01:38:05.832 I/PowerManagerService( 1503): Napping display group (groupId=0, uid=1000)...
02-22 01:38:05.833 I/PowerManagerService( 1503): Nap time (uid 1000)...
02-22 01:38:05.834 I/DreamManagerService( 1503): Entering dreamland.
02-22 01:38:05.840 I/PowerManagerService( 1503): Dreaming...
02-22 01:38:05.842 I/DreamController( 1503): Starting dream: name=ComponentInfo{com.thundercomm.screensaver/com.thundercomm.saverclock.service.ClockScreensaver}, isTest=false, canDoze=false, userId=0
02-22 01:38:05.842 I/sysui_multi_action( 1503): [757,222,758,1]
02-22 01:38:05.854 I/ActivityTaskManager( 1503): START u0 {flg=0x10000000 pkg=com.thundercomm.screensaver cmp=com.thundercomm.screensaver/android.service.dreams.DreamActivity (has extras)} from uid 10047
02-22 01:38:05.856 I/wm_task_created( 1503): [54,-1]
02-22 01:38:05.856 W/ActivityTaskManager( 1503): Can't find TaskDisplayArea to determine support for multi window. Task id=54 attached=false
02-22 01:38:05.860 I/wm_task_moved( 1503): [54,1,9]
02-22 01:38:05.860 I/wm_task_to_front( 1503): [0,54]
02-22 01:38:05.860 I/wm_create_task( 1503): [0,54]
02-22 01:38:05.860 I/wm_create_activity( 1503): [0,189253658,54,com.thundercomm.screensaver/android.service.dreams.DreamActivity,NULL,NULL,NULL,276824064]
02-22 01:38:05.860 I/wm_task_moved( 1503): [54,1,9]
02-22 01:38:05.861 I/wm_on_top_resumed_lost_called( 2514): [229498384,com.android.launcher3.uioverrides.QuickstepLauncher,topStateChangedWhenResumed]
02-22 01:38:05.861 I/wm_pause_activity( 1503): [0,229498384,com.android.launcher3/.uioverrides.QuickstepLauncher,userLeaving=true,pauseBackTasks]
02-22 01:38:05.863 I/wm_on_paused_called( 2514): [229498384,com.android.launcher3.uioverrides.QuickstepLauncher,performPause]
02-22 01:38:05.863 I/ActivityTaskManager( 1503): FOREGROUND_APPLICATION_CHANGED to android.service.dreams.DreamActivity
02-22 01:38:05.864 I/ActivityTaskManager( 1503): The Process com.thundercomm.screensaver Already Exists in BG. So sending its PID: 3965
02-22 01:38:05.864 W/ActivityTaskManager( 1503): Tried to set launchTime (0) < mLastActivityLaunchTime (1445415)
02-22 01:38:05.864 I/wm_add_to_stopping( 1503): [0,229498384,com.android.launcher3/.uioverrides.QuickstepLauncher,makeInvisible]
02-22 01:38:05.864 I/wm_restart_activity( 1503): [0,189253658,54,com.thundercomm.screensaver/android.service.dreams.DreamActivity]
02-22 01:38:05.865 I/wm_set_resumed_activity( 1503): [0,com.thundercomm.screensaver/android.service.dreams.DreamActivity,minimalResumeActivityLocked]
02-22 01:38:05.870 I/wm_on_create_called( 3965): [189253658,android.service.dreams.DreamActivity,performCreate]
02-22 01:38:05.870 I/sysui_multi_action( 1503): [757,803,799,window_time_0,802,60]
02-22 01:38:05.870 I/wm_on_start_called( 3965): [189253658,android.service.dreams.DreamActivity,handleStartActivity]
02-22 01:38:05.871 I/wm_on_resume_called( 3965): [189253658,android.service.dreams.DreamActivity,RESUME_ACTIVITY]
02-22 01:38:05.872 W/WindowManager( 1503): Failed looking up window session=Session{5c97610 3965:u0a10047} callers=com.android.server.wm.WindowManagerService.windowForClientLocked:5628 com.android.server.wm.Session.insetsModified:629 android.view.IWindowSession$Stub.onTransact:1151
02-22 01:38:05.873 I/wm_on_top_resumed_gained_called( 3965): [189253658,android.service.dreams.DreamActivity,topStateChangedWhenResumed]
02-22 01:38:05.886 I/input_focus( 1503): [Focus request f0a4be6 com.thundercomm.screensaver/android.service.dreams.DreamActivity,reason=UpdateInputWindows]
02-22 01:38:05.893 I/sysui_multi_action( 1503): [319,37,322,37,325,1507,757,761,758,8,759,2,806,com.thundercomm.screensaver,871,android.service.dreams.DreamActivity,904,com.thundercomm.screensaver,905,0,1320,4,1321,2]
02-22 01:38:05.893 I/input_focus( 1503): [Focus leaving e3555c3 com.android.launcher3/com.android.launcher3.uioverrides.QuickstepLauncher (server),reason=NO_WINDOW]
02-22 01:38:05.893 I/wm_activity_launch_time( 1503): [0,189253658,com.thundercomm.screensaver/android.service.dreams.DreamActivity,37]
02-22 01:38:05.894 V/DisplayPowerController[0]( 1503): Brightness [0.56565654] reason changing to: 'manual', previous reason: 'manual [ dim ]'.
02-22 01:38:05.894 I/sysui_multi_action( 1503): [757,1696,758,6,759,3]
02-22 01:38:05.908 E/DisplayDeviceConfig( 1503): requesting nits when no mapping exists.
02-22 01:38:05.908 E/DisplayDeviceConfig( 1503): requesting nits when no mapping exists.
02-22 01:38:05.908 I/am_wtf ( 1503): [0,1503,system_server,-1,DisplayDeviceConfig,requesting nits when no mapping exists.]
02-22 01:38:05.908 I/am_wtf ( 1503): [0,1503,system_server,-1,DisplayDeviceConfig,requesting nits when no mapping exists.]
02-22 01:38:05.924 E/DisplayDeviceConfig( 1503): requesting nits when no mapping exists.
02-22 01:38:05.925 E/DisplayDeviceConfig( 1503): requesting nits when no mapping exists.
02-22 01:38:05.925 I/am_wtf ( 1503): [0,1503,system_server,-1,DisplayDeviceConfig,requesting nits when no mapping exists.]
02-22 01:38:05.925 I/service_manager_stats( 1503): [100,65,108697]
02-22 01:38:05.925 I/am_wtf ( 1503): [0,1503,system_server,-1,DisplayDeviceConfig,requesting nits when no mapping exists.]
02-22 01:38:05.926 I/input_focus( 1503): [Focus entering f0a4be6 com.thundercomm.screensaver/android.service.dreams.DreamActivity (server),reason=Window became focusable. Previous reason: NOT_VISIBLE]
02-22 01:38:05.941 E/DisplayDeviceConfig( 1503): requesting nits when no mapping exists.
02-22 01:38:05.942 E/DisplayDeviceConfig( 1503): requesting nits when no mapping exists.
02-22 01:38:05.942 I/am_wtf ( 1503): [0,1503,system_server,-1,DisplayDeviceConfig,requesting nits when no mapping exists.]
02-22 01:38:05.942 I/am_wtf ( 1503): [0,1503,system_server,-1,DisplayDeviceConfig,requesting nits when no mapping exists.]
02-22 01:38:05.958 E/DisplayDeviceConfig( 1503): requesting nits when no mapping exists.
02-22 01:38:05.959 E/DisplayDeviceConfig( 1503): requesting nits when no mapping exists.
02-22 01:38:05.959 I/am_wtf ( 1503): [0,1503,system_server,-1,DisplayDeviceConfig,requesting nits when no mapping exists.]
02-22 01:38:05.959 I/am_wtf ( 1503): [0,1503,system_server,-1,DisplayDeviceConfig,requesting nits when no mapping exists.]
02-22 01:38:05.966 W/FreeFormWindowHelper( 1503): Current Display FreeFormTask is null
02-22 01:38:05.975 E/DisplayDeviceConfig( 1503): requesting nits when no mapping exists.
02-22 01:38:05.976 E/DisplayDeviceConfig( 1503): requesting nits when no mapping exists.
02-22 01:38:05.976 I/am_wtf ( 1503): [0,1503,system_server,-1,DisplayDeviceConfig,requesting nits when no mapping exists.]
02-22 01:38:05.976 I/am_wtf ( 1503): [0,1503,system_server,-1,DisplayDeviceConfig,requesting nits when no mapping exists.]
02-22 01:38:05.992 E/DisplayDeviceConfig( 1503): requesting nits when no mapping exists.
02-22 01:38:05.992 E/DisplayDeviceConfig( 1503): requesting nits when no mapping exists.
02-22 01:38:05.992 I/am_wtf ( 1503): [0,1503,system_server,-1,DisplayDeviceConfig,requesting nits when no mapping exists.]
02-22 01:38:05.993 I/am_wtf ( 1503): [0,1503,system_server,-1,DisplayDeviceConfig,requesting nits when no mapping exists.]
02-22 01:38:06.009 E/DisplayDeviceConfig( 1503): requesting nits when no mapping exists.
02-22 01:38:06.009 E/DisplayDeviceConfig( 1503): requesting nits when no mapping exists.
02-22 01:38:06.009 I/am_wtf ( 1503): [0,1503,system_server,-1,DisplayDeviceConfig,requesting nits when no mapping exists.]
02-22 01:38:06.009 I/am_wtf ( 1503): [0,1503,system_server,-1,DisplayDeviceConfig,requesting nits when no mapping exists.]
02-22 01:38:06.025 E/DisplayDeviceConfig( 1503): requesting nits when no mapping exists.
02-22 01:38:06.026 E/DisplayDeviceConfig( 1503): requesting nits when no mapping exists.
02-22 01:38:06.026 I/am_wtf ( 1503): [0,1503,system_server,-1,DisplayDeviceConfig,requesting nits when no mapping exists.]
02-22 01:38:06.026 I/am_wtf ( 1503): [0,1503,system_server,-1,DisplayDeviceConfig,requesting nits when no mapping exists.]
02-22 01:38:06.042 E/DisplayDeviceConfig( 1503): requesting nits when no mapping exists.
02-22 01:38:06.042 E/DisplayDeviceConfig( 1503): requesting nits when no mapping exists.
02-22 01:38:06.042 I/am_wtf ( 1503): [0,1503,system_server,-1,DisplayDeviceConfig,requesting nits when no mapping exists.]
02-22 01:38:06.042 I/am_wtf ( 1503): [0,1503,system_server,-1,DisplayDeviceConfig,requesting nits when no mapping exists.]
02-22 01:38:06.059 E/DisplayDeviceConfig( 1503): requesting nits when no mapping exists.
02-22 01:38:06.059 E/DisplayDeviceConfig( 1503): requesting nits when no mapping exists.
02-22 01:38:06.059 I/am_wtf ( 1503): [0,1503,system_server,-1,DisplayDeviceConfig,requesting nits when no mapping exists.]
02-22 01:38:06.059 I/am_wtf ( 1503): [0,1503,system_server,-1,DisplayDeviceConfig,requesting nits when no mapping exists.]
02-22 01:38:06.075 E/DisplayDeviceConfig( 1503): requesting nits when no mapping exists.
02-22 01:38:06.075 E/DisplayDeviceConfig( 1503): requesting nits when no mapping exists.
02-22 01:38:06.075 I/am_wtf ( 1503): [0,1503,system_server,-1,DisplayDeviceConfig,requesting nits when no mapping exists.]
02-22 01:38:06.076 I/am_wtf ( 1503): [0,1503,system_server,-1,DisplayDeviceConfig,requesting nits when no mapping exists.]
02-22 01:38:06.092 E/DisplayDeviceConfig( 1503): requesting nits when no mapping exists.
02-22 01:38:06.093 E/DisplayDeviceConfig( 1503): requesting nits when no mapping exists.
02-22 01:38:06.093 I/am_wtf ( 1503): [0,1503,system_server,-1,DisplayDeviceConfig,requesting nits when no mapping exists.]
02-22 01:38:06.093 I/am_wtf ( 1503): [0,1503,system_server,-1,DisplayDeviceConfig,requesting nits when no mapping exists.]
02-22 01:38:06.109 E/DisplayDeviceConfig( 1503): requesting nits when no mapping exists.
02-22 01:38:06.110 E/DisplayDeviceConfig( 1503): requesting nits when no mapping exists.
02-22 01:38:06.110 I/am_wtf ( 1503): [0,1503,system_server,-1,DisplayDeviceConfig,requesting nits when no mapping exists.]
02-22 01:38:06.110 I/am_wtf ( 1503): [0,1503,system_server,-1,DisplayDeviceConfig,requesting nits when no mapping exists.]
02-22 01:38:06.126 E/DisplayDeviceConfig( 1503): requesting nits when no mapping exists.
02-22 01:38:06.126 E/DisplayDeviceConfig( 1503): requesting nits when no mapping exists.
02-22 01:38:06.126 I/am_wtf ( 1503): [0,1503,system_server,-1,DisplayDeviceConfig,requesting nits when no mapping exists.]
02-22 01:38:06.126 I/am_wtf ( 1503): [0,1503,system_server,-1,DisplayDeviceConfig,requesting nits when no mapping exists.]
02-22 01:38:06.143 E/DisplayDeviceConfig( 1503): requesting nits when no mapping exists.
02-22 01:38:06.143 E/DisplayDeviceConfig( 1503): requesting nits when no mapping exists.
02-22 01:38:06.143 I/am_wtf ( 1503): [0,1503,system_server,-1,DisplayDeviceConfig,requesting nits when no mapping exists.]
02-22 01:38:06.143 I/am_wtf ( 1503): [0,1503,system_server,-1,DisplayDeviceConfig,requesting nits when no mapping exists.]
02-22 01:38:06.159 E/DisplayDeviceConfig( 1503): requesting nits when no mapping exists.
02-22 01:38:06.159 I/am_wtf ( 1503): [0,1503,system_server,-1,DisplayDeviceConfig,requesting nits when no mapping exists.]
02-22 01:38:06.159 E/DisplayDeviceConfig( 1503): requesting nits when no mapping exists.
02-22 01:38:06.159 I/am_wtf ( 1503): [0,1503,system_server,-1,DisplayDeviceConfig,requesting nits when no mapping exists.]
02-22 01:38:06.176 E/DisplayDeviceConfig( 1503): requesting nits when no mapping exists.
