01-01 12:00:51.042 E/register_client_adhoc( 0): find path.src 1 dest 589
01-01 12:00:51.042 E/register_client_adhoc( 0): Failed to find path.src 1 dest 589
01-01 12:00:51.042 E/ ( 0): [drm:dp_display_init_aux_switch][msm-dp-err][89 ]failed to register notifier (-22)
01-01 12:00:51.043 D/spcomlib( 565): [spcom_restart_sp_subsystem] restart_sp - Restart SP command ok.
01-01 12:00:51.043 D/spcomlib( 565): [spcom_signal_event] event [0] [pil_called] EVENT_STATUS_SIGNALED
01-01 12:00:51.043 I/spcomlib( 565): [spcom_reset_all_app_loaded_prop] start reset all spcomlib apploaded props.
01-01 12:00:51.063 I/wait_for_keymaster( 0): Waiting for Keymaster device
01-01 12:00:51.063 I/binder ( 0): 577:577 ioctl 40046210 7ff2f34064 returned -22
01-01 12:00:51.063 D/ProcessState( 0): Binder ioctl to enable oneway spam detection failed: Invalid argument
01-01 12:00:51.071 I/binder ( 0): 567:567 ioctl 40046210 7fc15e50e4 returned -22
01-01 12:00:51.076 I/binder ( 0): 567:579 ioctl 40046210 7b78a3f154 returned -22
01-01 12:00:51.103 I/auditd ( 476): type=1400 audit(0.0:20): avc: denied { read } for comm="ueventd" name="persist" dev="tmpfs" ino=11444 scontext=u:r:ueventd:s0 tcontext=u:object_r:tmpfs:s0 tclass=lnk_file permissive=0
01-01 12:00:51.128 I/subsys-pil-tz soc( 0): qcom,ipa_fws: ipa_fws: loading from 0x0000000086810000 to 0x0000000086819000
01-01 12:00:51.130 W/subsys-pil-tz soc( 0): qcom,ipa_fws: Falling back to syfs fallback for: ipa_fws.b03
01-01 12:00:51.130 W/subsys-pil-tz soc( 0): qcom,ipa_fws: Falling back to syfs fallback for: ipa_fws.b02
01-01 12:00:51.130 W/subsys-pil-tz soc( 0): qcom,ipa_fws: Falling back to syfs fallback for: ipa_fws.b04
01-01 12:00:51.135 I/subsys-pil-tz soc( 0): qcom,ipa_fws: ipa_fws: Brought out of reset
01-01 12:00:51.135 I/ ( 0): IPA FW loaded successfully
01-01 12:00:51.135 E/gsi soc ( 0): qcom,msm_gsi: gsi_register_device:1203 GSI irq is wake enabled 34
01-01 12:00:51.137 I/ ( 0): rmnet_ipa3 started initialization
01-01 12:00:51.137 I/ ( 0): IPA SSR support = True
01-01 12:00:51.137 I/ ( 0): IPA SG support = True
01-01 12:00:51.137 I/ ( 0): IPA Napi Enable = True
01-01 12:00:51.137 I/ ( 0): using default for wan-rx-desc-size = 256
01-01 12:00:51.137 I/ ( 0): IPA driver initialization was successful.
01-01 12:00:51.137 W/subsys-pil-tz soc( 0): qcom,ipa_uc: Falling back to syfs fallback for: ipa_uc.mdt
01-01 12:00:51.137 E/ipa-wan ipa3_wwan_probe( 0): 2530 rmnet_ipa completed initialization
01-01 12:00:51.142 I/subsys-pil-tz soc( 0): qcom,ipa_uc: ipa_uc: loading from 0x0000000086800000 to 0x0000000086810000
01-01 12:00:51.143 W/subsys-pil-tz soc( 0): qcom,ipa_uc: Falling back to syfs fallback for: ipa_uc.b02
01-01 12:00:51.147 I/subsys-pil-tz soc( 0): qcom,ipa_uc: ipa_uc: Brought out of reset
01-01 12:00:51.147 E/ipa3_uc_wdi_event_log_info_handler( 0): 351 WDI protocol missing 0x21
01-01 12:00:51.147 E/ipa3_uc_ntn_event_log_info_handler( 0): 34 NTN stats ofst=0x500e0
01-01 12:00:52.063 W/ServiceManager( 0): Waited one second for android.system.keystore2.IKeystoreService/default (is service started? are binder threads started and available?)
01-01 12:00:52.064 I/wait_for_keymaster( 0): Keymaster device ready
01-01 12:00:52.069 I/binder ( 0): 607:607 ioctl 40046210 7fc32b1754 returned -22
01-01 12:00:52.069 D/ProcessState( 0): Binder ioctl to enable oneway spam detection failed: Invalid argument
01-01 12:00:52.069 I/binder ( 0): undelivered transaction 235, process died.
01-01 12:00:52.069 D/vdc ( 0): Waited 0ms for vold
01-01 12:00:52.067 I/auditd ( 607): type=1400 audit(0.0:21): avc: denied { kill } for comm="vdc" capability=5 scontext=u:r:vdc:s0 tcontext=u:r:vdc:s0 tclass=capability permissive=0
01-01 12:00:52.082 I/binder ( 0): 609:609 ioctl 40046210 7ffcdc2514 returned -22
01-01 12:00:52.082 D/ProcessState( 0): Binder ioctl to enable oneway spam detection failed: Invalid argument
01-01 12:00:52.082 D/vold ( 520): fscrypt_mount_metadata_encrypted: /data encrypt: 0 format: 0 with null
01-01 12:00:52.082 D/vold ( 520): metadata_key_dir/key: /metadata/vold/metadata_encryption/key
01-01 12:00:52.082 D/vdc ( 0): Waited 0ms for vold
01-01 12:00:52.083 D/vold ( 520): Key exists, using: /metadata/vold/metadata_encryption/key
01-01 12:00:52.085 I/auditd ( 567): SELinux: Loaded keystore2_key_contexts from:
01-01 12:00:52.085 I/auditd ( 567): /system/etc/selinux/plat_keystore2_key_contexts
01-01 12:00:52.092 D/vold ( 520): Mounting metadata-encrypted filesystem:/data
01-01 12:00:52.095 I/vold ( 520): [libfs_mgr]Running /system/bin/fsck.f2fs -a -c 10000 --debug-cache /dev/block/dm-10
01-01 12:00:52.098 I/fsck.f2fs( 0): Info: Fix the reported corruption.
01-01 12:00:52.099 I/fsck.f2fs( 0): Info: No support kernel version!
01-01 12:00:52.099 I/fsck.f2fs( 0): Info: Segments per section = 1
01-01 12:00:52.099 I/fsck.f2fs( 0): Info: Sections per zone = 1
01-01 12:00:52.099 I/fsck.f2fs( 0): Info: sector size = 4096
01-01 12:00:52.099 I/fsck.f2fs( 0): Info: total sectors = 28958163 (113117 MB)
01-01 12:00:52.095 I/auditd ( 610): type=1400 audit(0.0:22): avc: denied { kill } for comm="fsck.f2fs" capability=5 scontext=u:r:fsck:s0 tcontext=u:r:fsck:s0 tclass=capability permissive=0
01-01 12:00:52.099 I/fsck.f2fs( 0): Info: MKFS version
01-01 12:00:52.099 I/fsck.f2fs( 0): "4.15.0-192-generic #203-Ubuntu SMP Wed Aug 10 17:40:03 UTC 2022"
01-01 12:00:52.099 I/fsck.f2fs( 0): Info: FSCK version
01-01 12:00:52.099 I/fsck.f2fs( 0): from "4.19.157-perf+"
01-01 12:00:52.131 I/F2FS-fs (dm-10)( 0): Mounted with checkpoint version = 442b7268
01-01 12:00:52.131 I/vold ( 520): [libfs_mgr]__mount(source=/dev/block/dm-10,target=/data,type=f2fs)=0: Success
01-01 12:00:52.131 D/vold ( 520): Mounted /data
01-01 12:00:52.132 D/vold ( 520): Disk at 252:10 changed
01-01 12:00:52.127 I/auditd ( 609): type=1400 audit(0.0:23): avc: denied { kill } for comm="vdc" capability=5 scontext=u:r:vdc:s0 tcontext=u:r:vdc:s0 tclass=capability permissive=0
01-01 12:00:52.142 I/binder ( 0): 616:616 ioctl 40046210 7fd4159604 returned -22
01-01 12:00:52.142 D/ProcessState( 0): Binder ioctl to enable oneway spam detection failed: Invalid argument
01-01 12:00:52.142 D/vdc ( 0): Waited 0ms for vold
01-01 12:00:52.142 I/Checkpoint( 520): cp_prepareCheckpoint called
01-01 12:00:52.148 I/binder ( 0): 618:618 ioctl 40046210 7fec4580e4 returned -22
01-01 12:00:52.148 D/ProcessState( 0): Binder ioctl to enable oneway spam detection failed: Invalid argument
01-01 12:00:52.149 D/vdc ( 0): Waited 0ms for vold
01-01 12:00:52.149 I/vold ( 520): fscrypt_initialize_systemwide_keys
01-01 12:00:52.149 D/vold ( 520): Key exists, using: /data/unencrypted/key
01-01 12:00:52.159 D/vold ( 520): Installed fscrypt key with ref a2a20619f77d59306a1d15e19f317730 to /data
01-01 12:00:52.159 D/vold ( 520): Added fscrypt-provisioning key for a2a20619f77d59306a1d15e19f317730 to session keyring
01-01 12:00:52.160 I/vold ( 520): Wrote system DE key reference to:/data/unencrypted/ref
01-01 12:00:52.160 D/vold ( 520): Generating wrapped storage key
01-01 12:00:52.161 E/vold ( 520): keystore2 Keystore generateKey returned service specific error: -67
01-01 12:00:52.161 W/vold ( 520): Failed to generate rollback-resistant key. This is expected if keymaster doesn't support rollback resistance. Falling back to non-rollback-resistant key.
01-01 12:00:52.167 D/spcomlib( 615): [spcom_register_service] spcom_register_service() name [sp_keymaster_ssr] pid [519833377968]
01-01 12:00:52.167 D/spcomlib( 615): [spcom_open] ch [sp_keymaster_ssr] doesn't exist, create it.
01-01 12:00:52.167 D/spcomlib( 615): [spcom_create_channel] Create Channel [sp_keymaster_ssr].
01-01 12:00:52.168 D/vold ( 520): Installed fscrypt key with ref b6703489bf61edb59fb1df36830db618 to /data
01-01 12:00:52.168 D/vold ( 520): Added fscrypt-provisioning key for b6703489bf61edb59fb1df36830db618 to session keyring
01-01 12:00:52.168 I/vold ( 520): Wrote per boot key reference to:/data/unencrypted/per_boot_ref
01-01 12:00:52.169 I/fscrypt ( 0): AES-256-CTS-CBC using implementation "cts(cbc-aes-ce)"
01-01 12:00:52.178 D/spcomlib( 615): [add_ssr_cb] ssr cb added!
01-01 12:00:52.178 D/spcomlib( 615): [start_ssr_thread] ch [spcom] ready!
01-01 12:00:52.178 D/spcomlib( 615): [start_ssr_thread] main pthread self_id [0x87bdcb0].
01-01 12:00:52.178 D/spcomlib( 615): [start_ssr_thread] pthread_create() ret [0] thread-id [0x76bfcb0].
01-01 12:00:52.178 D/spcomlib( 615): [start_ssr_thread] Wait for SSR thread to run.
01-01 12:00:52.178 D/spcomlib( 615): [notify_ssr_thread] SSR pthread self_id [0x76bfcb0].
01-01 12:00:52.178 D/spcomlib( 615): [start_ssr_thread] pthread_cond_wait() ret [0].
01-01 12:00:52.178 D/spcomlib( 615): [start_ssr_thread] done.
01-01 12:00:52.178 D/spcomlib( 615): [add_ch] add ch [sp_keymaster_ssr].
01-01 12:00:52.178 D/spcomlib( 615): [spcom_register_service] spcom_register_service() name [sp_keymaster_ssr] pid [519833377968] done
01-01 12:00:52.180 I/binder ( 0): 626:626 ioctl 40046210 7fe61fa714 returned -22
01-01 12:00:52.180 D/ProcessState( 0): Binder ioctl to enable oneway spam detection failed: Invalid argument
01-01 12:00:52.180 D/vdc ( 0): Waited 0ms for vold
01-01 12:00:52.180 I/incfs ( 520): Initial API level of the device: 30
01-01 12:00:52.180 I/incfs ( 520): ro.incremental.enable: 1
01-01 12:00:52.181 I/incfs ( 520): isFsAvailable: true
01-01 12:00:52.181 I/incfs ( 520): isFsAvailable: true
01-01 12:00:52.181 I/incfs ( 520): IncFs_Features: v1
01-01 12:00:52.190 E/vold ( 520): keystore2 Keystore earlyBootEnded returned service specific error: -68
01-01 12:00:52.199 I/apexd ( 0): This device does not support updatable APEX. Exiting
01-01 12:00:52.199 I/apexd ( 0): Marking APEXd as activated
01-01 12:00:52.236 I/binder ( 0): 633:633 ioctl 40046210 7feeda3904 returned -22
01-01 12:00:52.236 D/ProcessState( 0): Binder ioctl to enable oneway spam detection failed: Invalid argument
01-01 12:00:52.237 D/vdc ( 0): Waited 0ms for vold
01-01 12:00:52.237 D/vold ( 520): fscrypt_init_user0
01-01 12:00:52.237 D/vold ( 520): Preparing: /data/misc/vold/user_keys
01-01 12:00:52.237 D/vold ( 520): Preparing: /data/misc/vold/user_keys/ce
01-01 12:00:52.237 D/vold ( 520): Preparing: /data/misc/vold/user_keys/de
01-01 12:00:52.247 D/vold ( 520): Installed fscrypt key with ref 30d7b61ea899ad6d35b7f9fd51c5ae9a to /data
01-01 12:00:52.247 D/vold ( 520): Added fscrypt-provisioning key for 30d7b61ea899ad6d35b7f9fd51c5ae9a to session keyring
01-01 12:00:52.247 D/vold ( 520): Installed de key for user 0
01-01 12:00:52.247 D/vold ( 520): fscrypt_prepare_user_storage for volume null, user 0, serial 0, flags 1
01-01 12:00:52.247 D/vold ( 520): Preparing: /data/system/users/0
01-01 12:00:52.247 D/vold ( 520): Preparing: /data/misc/profiles/cur/0
01-01 12:00:52.248 D/vold ( 520): Preparing: /data/system_de/0
01-01 12:00:52.248 D/vold ( 520): Preparing: /data/misc_de/0
01-01 12:00:52.248 D/vold ( 520): Preparing: /data/vendor_de/0
01-01 12:00:52.248 D/vold ( 520): Preparing: /data/user_de/0
01-01 12:00:52.248 I/vold ( 520): Verified that /data/system_de/0 has the encryption policy 30d7b61ea899ad6d35b7f9fd51c5ae9a v2 modes 1/4 flags 0xa
01-01 12:00:52.248 I/vold ( 520): Verified that /data/misc_de/0 has the encryption policy 30d7b61ea899ad6d35b7f9fd51c5ae9a v2 modes 1/4 flags 0xa
01-01 12:00:52.248 I/vold ( 520): Verified that /data/vendor_de/0 has the encryption policy 30d7b61ea899ad6d35b7f9fd51c5ae9a v2 modes 1/4 flags 0xa
01-01 12:00:52.248 I/vold ( 520): Verified that /data/user_de/0 has the encryption policy 30d7b61ea899ad6d35b7f9fd51c5ae9a v2 modes 1/4 flags 0xa
01-01 12:00:52.248 D/vold ( 520): /system/bin/vold_prepare_subdirs
01-01 12:00:52.248 D/vold ( 520): prepare
01-01 12:00:52.248 D/vold ( 520):
01-01 12:00:52.248 D/vold ( 520): 0
01-01 12:00:52.248 D/vold ( 520): 1
01-01 12:00:52.264 D/vold ( 520): Detected support for FS_IOC_ADD_ENCRYPTION_KEY
01-01 12:00:52.299 I/apexd ( 0): This device does not support updatable APEX. Exiting
01-01 12:00:52.299 I/apexd ( 0): Marking APEXd as ready
01-01 12:00:52.319 D/cnss ( 0): File system is ready, fs_ready is 1, count is 1
01-01 12:00:52.319 D/cnss ( 0): Posting event: COLD_BOOT_CAL_START(5), state: 0x0 flags: 0x0
01-01 12:00:52.319 D/cnss ( 0): PM stay awake, state: 0x0, count: 1
01-01 12:00:52.319 D/cnss ( 0): PM relax, state: 0x0, count: 0
01-01 12:00:52.319 D/cnss ( 0): PM stay awake, state: 0x0, count: 1
01-01 12:00:52.319 D/cnss ( 0): Processing driver event: COLD_BOOT_CAL_START(5), state: 0x0
01-01 12:00:52.319 D/cnss ( 0): Regulator vdd-wlan-io is being enabled
01-01 12:00:52.319 D/cnss ( 0): Regulator wlan-ant-switch is being enabled
01-01 12:00:52.319 D/cnss ( 0): Regulator vdd-wlan-aon is being enabled
01-01 12:00:52.319 D/cnss ( 0): Regulator vdd-wlan-dig is being enabled
01-01 12:00:52.320 D/cnss ( 0): Regulator vdd-wlan-rfa1 is being enabled
01-01 12:00:52.320 D/cnss ( 0): Regulator vdd-wlan-rfa2 is being enabled
01-01 12:00:52.320 D/cnss ( 0): BT_EN_GPIO State: Off. Delay WLAN_GPIO enable
01-01 12:00:52.000 I/auditd ( 1): type=1400 audit(0.0:24): avc: denied { getattr } for comm="init" path="/product/bin/init.qti.display.sh" dev="dm-7" ino=68 scontext=u:r:init:s0 tcontext=u:object_r:vendor_sys_qti_display_exec:s0 tclass=file permissive=0
01-01 12:00:52.042 I/liblog ( 653): 354
01-01 12:00:52.045 I/liblog ( 653): 305
01-01 12:00:52.046 I/liblog ( 653): 57
01-01 12:00:52.407 I/update_verifier( 0): Started with arg 1: nonencrypted
01-01 12:00:52.407 I/binder ( 0): 662:662 ioctl 40046210 7fd000e204 returned -22
01-01 12:00:52.407 D/hw-ProcessState( 0): Binder ioctl to enable oneway spam detection failed: Invalid argument
01-01 12:00:52.408 I/update_verifier( 0): Booting slot 0: isSlotMarkedSuccessful=1
01-01 12:00:52.408 I/update_verifier( 0): Leaving update_verifier.
01-01 12:00:52.414 W/subsys-pil-tz 17300000.qcom,lpass( 0): Falling back to syfs fallback for: adsp.mdt
01-01 12:00:52.414 W/subsys-pil-tz 8300000.qcom,turing( 0): Falling back to syfs fallback for: cdsp.mdt
01-01 12:00:52.416 I/subsys-pil-tz 17300000.qcom,lpass( 0): adsp: loading from 0x000000008a100000 to 0x000000008be00000
01-01 12:00:52.419 W/subsys-pil-tz 17300000.qcom,lpass( 0): Falling back to syfs fallback for: adsp.b02
01-01 12:00:52.419 I/binder ( 0): 663:663 ioctl 40046210 7fdc74d234 returned -22
01-01 12:00:52.419 W/subsys-pil-tz 17300000.qcom,lpass( 0): Falling back to syfs fallback for: adsp.b03
01-01 12:00:52.419 W/subsys-pil-tz 17300000.qcom,lpass( 0): Falling back to syfs fallback for: adsp.b04
01-01 12:00:52.420 I/subsys-pil-tz 8300000.qcom,turing( 0): cdsp: loading from 0x0000000087800000 to 0x0000000088c00000
01-01 12:00:52.421 W/subsys-pil-tz 17300000.qcom,lpass( 0): Falling back to syfs fallback for: adsp.b05
01-01 12:00:52.424 W/subsys-pil-tz 17300000.qcom,lpass( 0): Falling back to syfs fallback for: adsp.b06
01-01 12:00:52.424 D/cnss ( 0): Assert WLAN_EN GPIO successfully
01-01 12:00:52.424 D/cnss ( 0): Resuming PCI link
01-01 12:00:52.424 I/msm_pcie_enable( 0): PCIe: Assert the reset of endpoint of RC0.
01-01 12:00:52.425 W/subsys-pil-tz 17300000.qcom,lpass( 0): Falling back to syfs fallback for: adsp.b07
01-01 12:00:52.425 W/subsys-pil-tz 17300000.qcom,lpass( 0): Falling back to syfs fallback for: adsp.b08
01-01 12:00:52.425 W/subsys-pil-tz 17300000.qcom,lpass( 0): Falling back to syfs fallback for: adsp.b09
01-01 12:00:52.425 W/subsys-pil-tz 17300000.qcom,lpass( 0): Falling back to syfs fallback for: adsp.b10
01-01 12:00:52.425 W/subsys-pil-tz 17300000.qcom,lpass( 0): Falling back to syfs fallback for: adsp.b12
01-01 12:00:52.425 W/subsys-pil-tz 17300000.qcom,lpass( 0): Falling back to syfs fallback for: adsp.b11
01-01 12:00:52.425 W/subsys-pil-tz 17300000.qcom,lpass( 0): Falling back to syfs fallback for: adsp.b13
01-01 12:00:52.425 W/subsys-pil-tz 17300000.qcom,lpass( 0): Falling back to syfs fallback for: adsp.b14
01-01 12:00:52.425 W/subsys-pil-tz 17300000.qcom,lpass( 0): Falling back to syfs fallback for: adsp.b15
01-01 12:00:52.425 W/subsys-pil-tz 17300000.qcom,lpass( 0): Falling back to syfs fallback for: adsp.b16
01-01 12:00:52.427 W/subsys-pil-tz 17300000.qcom,lpass( 0): Falling back to syfs fallback for: adsp.b17
01-01 12:00:52.427 I/msm_pcie_enable( 0): PCIe: RC0: PCIE20_PARF_INT_ALL_MASK: 0x7f80d202
01-01 12:00:52.428 W/subsys-pil-tz 17300000.qcom,lpass( 0): Falling back to syfs fallback for: adsp.b18
01-01 12:00:52.428 W/subsys-pil-tz 8300000.qcom,turing( 0): Falling back to syfs fallback for: cdsp.b02
01-01 12:00:52.428 W/subsys-pil-tz 8300000.qcom,turing( 0): Falling back to syfs fallback for: cdsp.b03
01-01 12:00:52.429 W/subsys-pil-tz 8300000.qcom,turing( 0): Falling back to syfs fallback for: cdsp.b04
01-01 12:00:52.429 I/pcie_phy_init( 0): PCIe RC0 PHY is ready!
01-01 12:00:52.429 W/subsys-pil-tz 8300000.qcom,turing( 0): Falling back to syfs fallback for: cdsp.b05
01-01 12:00:52.430 W/subsys-pil-tz 8300000.qcom,turing( 0): Falling back to syfs fallback for: cdsp.b06
01-01 12:00:52.431 W/subsys-pil-tz 8300000.qcom,turing( 0): Falling back to syfs fallback for: cdsp.b08
01-01 12:00:52.431 W/subsys-pil-tz 8300000.qcom,turing( 0): Falling back to syfs fallback for: cdsp.b09
01-01 12:00:52.432 W/subsys-pil-tz 8300000.qcom,turing( 0): Falling back to syfs fallback for: cdsp.b11
01-01 12:00:52.439 I/msm_pcie_enable( 0): PCIe: Release the reset of endpoint of RC0.
01-01 12:00:52.456 I/msm_pcie_link_train( 0): PCIe RC0 link initialized
01-01 12:00:52.471 I/cnss_pci 0000( 0): 01:00.0: enabling device (0000 -> 0002)
01-01 12:00:52.471 D/cnss ( 0): Read register offset 0x1f8031c, val = 0x6
01-01 12:00:52.471 D/cnss ( 0): Write val 0x2 to register offset 0x1f8031c
01-01 12:00:52.471 D/cnss ( 0): Setting MHI state: INIT(0)
01-01 12:00:52.473 D/cnss ( 0): Setting MHI state: POWER_ON(2)
01-01 12:00:52.473 W/cnss_pci 0000( 0): 01:00.0: Falling back to syfs fallback for: qca6390/amss20.bin
01-01 12:00:52.483 I/subsys-pil-tz 8300000.qcom,turing( 0): cdsp: Brought out of reset
01-01 12:00:52.484 E/OF ( 0): graph: no port node found in /soc/qcom,dsi-display-primary
01-01 12:00:52.484 W/[drm] [msm-dsi-warn]( 0): [hx82101+hx8692 video mode dsi truly panel] fallback to default te-pin-select
01-01 12:00:52.484 I/msm_drm ae00000.qcom,mdss_mdp( 0): Linked as a consumer to regulator.31
01-01 12:00:52.485 E/register_client_adhoc( 0): find path.src 1 dest 590
01-01 12:00:52.485 E/register_client_adhoc( 0): Client handle 15 mdss_reg
01-01 12:00:52.485 E/register_client_adhoc( 0): find path.src 22 dest 512
01-01 12:00:52.485 E/register_client_adhoc( 0): find path.src 23 dest 512
01-01 12:00:52.485 E/register_client_adhoc( 0): Client handle 53 mdss_sde
01-01 12:00:52.486 I/msm_drm ae00000.qcom,mdss_mdp( 0): bound soc:qcom,wb-display@0 (ops sde_wb_comp_ops)
01-01 12:00:52.486 I/msm-dsi-display soc( 0): qcom,dsi-display-primary: Linked as a consumer to regulator.25
01-01 12:00:52.486 I/[drm:dsi_display_bind] [msm-dsi-info]( 0): Successfully bind display panel 'qcom,mdss_dsi_panel_hx82101_hx8692_truly_v2_video'
01-01 12:00:52.486 I/msm_drm ae00000.qcom,mdss_mdp( 0): bound soc:qcom,dsi-display-primary (ops dsi_display_comp_ops)
01-01 12:00:52.486 I/msm_drm ae00000.qcom,mdss_mdp( 0): bound af20000.qcom,sde_rscc (ops sde_rsc_comp_ops)
01-01 12:00:52.486 I/ ( 0): [drm] mapped mdp address space @0000000000000000
01-01 12:00:52.486 I/qcom_rpmh DRV( 0): apps_rsc TCS Busy, retrying RPMH message send: addr=0x30080
01-01 12:00:52.487 I/ ( 0): [drm:_sde_kms_hw_init_blocks:3613] sde hardware revision:0x60000000
01-01 12:00:52.487 I/subsys-pil-tz 8300000.qcom,turing( 0): cdsp: Power/Clock ready interrupt received
01-01 12:00:52.487 I/subsys-pil-tz 8300000.qcom,turing( 0): Subsystem error monitoring/handling services are up
01-01 12:00:52.487 I/adsprpc ( 0): fastrpc_restart_notifier_cb: cdsp subsystem is up
01-01 12:00:52.488 I/qcom_smd_qrtr_probe( 0): Entered
01-01 12:00:52.488 I/qcom_smd_qrtr_probe( 0): SMD QRTR driver probed
01-01 12:00:52.488 I/msmdrm_smmu ae00000.qcom,mdss_mdp( 0): qcom,smmu_sde_unsec_cb: Linked as a consumer to 15000000.apps-smmu
01-01 12:00:52.488 I/iommu ( 0): Adding device ae00000.qcom,mdss_mdp:qcom,smmu_sde_unsec_cb to group 48
01-01 12:00:52.489 I/ ( 0): [drm] probing device qcom,smmu_sde_unsec
01-01 12:00:52.489 I/ ( 0): [drm] Created domain mdp_ns, secure=0
01-01 12:00:52.490 I/msmdrm_smmu ae00000.qcom,mdss_mdp( 0): qcom,smmu_sde_sec_cb: Linked as a consumer to 15000000.apps-smmu
01-01 12:00:52.490 E/register_client_adhoc( 0): find path.src 1 dest 589
01-01 12:00:52.490 E/register_client_adhoc( 0): Failed to find path.src 1 dest 589
01-01 12:00:52.491 I/msm_cvp ( 0): info: Opening cvp instance: 0000000000000000
01-01 12:00:52.491 I/msm_cvp_v4l2 ab00000.qcom,cvp( 0): Linked as a consumer to regulator.77
01-01 12:00:52.491 I/msm_cvp_v4l2 ab00000.qcom,cvp( 0): Linked as a consumer to regulator.76
01-01 12:00:52.491 E/ ( 0): [drm:dp_display_init_aux_switch][msm-dp-err][83 ]failed to register notifier (-22)
01-01 12:00:52.492 W/subsys-pil-tz 9800000.qcom,npu( 0): Falling back to syfs fallback for: npu.mdt
01-01 12:00:52.493 E/register_client_adhoc( 0): find path.src 1 dest 589
01-01 12:00:52.493 E/register_client_adhoc( 0): Failed to find path.src 1 dest 589
01-01 12:00:52.493 I/subsys-restart( 0): __subsystem_get(): Changing subsys fw_name to cvpss
01-01 12:00:52.493 W/subsys-pil-tz abb0000.qcom,cvpss( 0): Falling back to syfs fallback for: cvpss.mdt
01-01 12:00:52.494 E/ ( 0): [drm:dp_display_init_aux_switch][msm-dp-err][353 ]failed to register notifier (-22)
01-01 12:00:52.494 I/adsprpc ( 0): fastrpc_rpmsg_probe: opened rpmsg channel for cdsp
01-01 12:00:52.495 I/subsys-pil-tz 9800000.qcom,npu( 0): npu: loading from 0x0000000086900000 to 0x0000000086e00000
01-01 12:00:52.495 E/register_client_adhoc( 0): find path.src 1 dest 589
01-01 12:00:52.495 E/register_client_adhoc( 0): Failed to find path.src 1 dest 589
01-01 12:00:52.496 E/ ( 0): [drm:dp_display_init_aux_switch][msm-dp-err][353 ]failed to register notifier (-22)
01-01 12:00:52.497 E/register_client_adhoc( 0): find path.src 1 dest 589
01-01 12:00:52.497 E/register_client_adhoc( 0): Failed to find path.src 1 dest 589
01-01 12:00:52.497 E/ ( 0): [drm:dp_display_init_aux_switch][msm-dp-err][18 ]failed to register notifier (-22)
01-01 12:00:52.498 I/subsys-pil-tz abb0000.qcom,cvpss( 0): cvpss: loading from 0x0000000087300000 to 0x0000000087800000
01-01 12:00:52.512 I/binder ( 0): 664:664 ioctl 40046210 7fffaeb7b4 returned -22
01-01 12:00:52.513 I/binder ( 0): 664:664 ioctl 40046210 7fffaeb9c4 returned -22
01-01 12:00:52.547 I/subsys-pil-tz 17300000.qcom,lpass( 0): adsp: Brought out of reset
01-01 12:00:52.550 W/subsys-pil-tz 9800000.qcom,npu( 0): Falling back to syfs fallback for: npu.b03
01-01 12:00:52.550 W/subsys-pil-tz 9800000.qcom,npu( 0): Falling back to syfs fallback for: npu.b02
01-01 12:00:52.550 W/subsys-pil-tz 9800000.qcom,npu( 0): Falling back to syfs fallback for: npu.b04
01-01 12:00:52.550 W/subsys-pil-tz 9800000.qcom,npu( 0): Falling back to syfs fallback for: npu.b05
01-01 12:00:52.551 W/subsys-pil-tz 9800000.qcom,npu( 0): Falling back to syfs fallback for: npu.b06
01-01 12:00:52.551 I/iommu ( 0): Adding device ae00000.qcom,mdss_mdp:qcom,smmu_sde_sec_cb to group 49
01-01 12:00:52.551 W/subsys-pil-tz abb0000.qcom,cvpss( 0): Falling back to syfs fallback for: cvpss.b02
01-01 12:00:52.551 W/subsys-pil-tz abb0000.qcom,cvpss( 0): Falling back to syfs fallback for: cvpss.b03
01-01 12:00:52.551 I/ ( 0): [drm] probing device qcom,smmu_sde_sec
01-01 12:00:52.551 I/ ( 0): [drm] Created domain mdp_s, secure=1
01-01 12:00:52.551 W/subsys-pil-tz abb0000.qcom,cvpss( 0): Falling back to syfs fallback for: cvpss.b04
01-01 12:00:52.551 W/subsys-pil-tz abb0000.qcom,cvpss( 0): Falling back to syfs fallback for: cvpss.b05
01-01 12:00:52.551 W/subsys-pil-tz abb0000.qcom,cvpss( 0): Falling back to syfs fallback for: cvpss.b06
01-01 12:00:52.551 W/subsys-pil-tz abb0000.qcom,cvpss( 0): Falling back to syfs fallback for: cvpss.b07
01-01 12:00:52.551 W/subsys-pil-tz abb0000.qcom,cvpss( 0): Falling back to syfs fallback for: cvpss.b08
01-01 12:00:52.551 W/subsys-pil-tz abb0000.qcom,cvpss( 0): Falling back to syfs fallback for: cvpss.b09
01-01 12:00:52.551 W/subsys-pil-tz abb0000.qcom,cvpss( 0): Falling back to syfs fallback for: cvpss.b10
01-01 12:00:52.551 W/subsys-pil-tz abb0000.qcom,cvpss( 0): Falling back to syfs fallback for: cvpss.b19
01-01 12:00:52.557 I/[drm:dsi_panel_get_mode] [msm-dsi-info]( 0): default topology: lm: 1 comp_enc:0 intf: 1
01-01 12:00:52.561 E/register_client_adhoc( 0): find path.src 1 dest 589
01-01 12:00:52.561 E/register_client_adhoc( 0): Failed to find path.src 1 dest 589
01-01 12:00:52.562 E/ ( 0): [drm:dp_display_init_aux_switch][msm-dp-err][463 ]failed to register notifier (-22)
01-01 12:00:52.563 I/ ( 0): [drm] Supports vblank timestamp caching Rev 2 (21.10.2013).
01-01 12:00:52.563 I/ ( 0): [drm] No driver support for vblank timestamp query.
01-01 12:00:52.564 I/ ( 0): [drm] Initialized msm_drm 1.3.0 20130625 for ae00000.qcom,mdss_mdp on minor 0
01-01 12:00:52.564 I/ ( 0): [drm] cont_splash feature not enabled
01-01 12:00:52.570 I/subsys-pil-tz 9800000.qcom,npu( 0): npu: Brought out of reset
01-01 12:00:52.571 E/register_client_adhoc( 0): find path.src 1 dest 589
01-01 12:00:52.571 E/register_client_adhoc( 0): Failed to find path.src 1 dest 589
01-01 12:00:52.571 I/subsys-pil-tz 17300000.qcom,lpass( 0): Subsystem error monitoring/handling services are up
01-01 12:00:52.571 I/subsys-pil-tz 17300000.qcom,lpass( 0): adsp: Power/Clock ready interrupt received
01-01 12:00:52.571 I/qcom_rpmh DRV( 0): apps_rsc TCS Busy, retrying RPMH message send: addr=0x30030
01-01 12:00:52.571 I/qcom_rpmh DRV( 0): apps_rsc TCS Busy, retrying RPMH message send: addr=0x30040
01-01 12:00:52.571 E/ ( 0): [drm:dp_display_init_aux_switch][msm-dp-err][720 ]failed to register notifier (-22)
01-01 12:00:52.572 I/adsprpc ( 0): fastrpc_restart_notifier_cb: adsp subsystem is up
01-01 12:00:52.572 E/register_client_adhoc( 0): find path.src 1 dest 589
01-01 12:00:52.572 E/register_client_adhoc( 0): Failed to find path.src 1 dest 589
01-01 12:00:52.572 E/ ( 0): [drm:dp_display_init_aux_switch][msm-dp-err][46 ]failed to register notifier (-22)
01-01 12:00:52.572 E/register_client_adhoc( 0): find path.src 1 dest 589
01-01 12:00:52.572 E/register_client_adhoc( 0): Failed to find path.src 1 dest 589
01-01 12:00:52.573 E/ ( 0): [drm:dp_display_init_aux_switch][msm-dp-err][46 ]failed to register notifier (-22)
01-01 12:00:52.573 E/register_client_adhoc( 0): find path.src 1 dest 589
01-01 12:00:52.573 E/register_client_adhoc( 0): Failed to find path.src 1 dest 589
01-01 12:00:52.573 D/cnss ( 0): DRV subsystem is connected
01-01 12:00:52.573 I/qcom_smd_qrtr_probe( 0): Entered
01-01 12:00:52.573 I/qcom_smd_qrtr_probe( 0): SMD QRTR driver probed
01-01 12:00:52.573 E/ ( 0): [drm:dp_display_init_aux_switch][msm-dp-err][18 ]failed to register notifier (-22)
01-01 12:00:52.574 E/register_client_adhoc( 0): find path.src 1 dest 589
01-01 12:00:52.574 E/register_client_adhoc( 0): Failed to find path.src 1 dest 589
01-01 12:00:52.577 I/subsys-pil-tz abb0000.qcom,cvpss( 0): cvpss: Brought out of reset
01-01 12:00:52.580 I/adsprpc ( 0): fastrpc_rpmsg_probe: opened rpmsg channel for adsp
01-01 12:00:52.581 E/ ( 0): [drm:dp_display_init_aux_switch][msm-dp-err][18 ]failed to register notifier (-22)
01-01 12:00:52.581 E/register_client_adhoc( 0): find path.src 1 dest 589
01-01 12:00:52.581 E/register_client_adhoc( 0): Failed to find path.src 1 dest 589
01-01 12:00:52.582 I/apr_tal_rpmsg qcom,glink( 0): adsp.apr_audio_svc.-1.-1: apr_tal_rpmsg_probe: Channel[apr_audio_svc] state[Up]
01-01 12:00:52.583 E/ ( 0): [drm:dp_display_init_aux_switch][msm-dp-err][18 ]failed to register notifier (-22)
01-01 12:00:52.584 E/register_client_adhoc( 0): find path.src 1 dest 589
01-01 12:00:52.584 E/register_client_adhoc( 0): Failed to find path.src 1 dest 589
01-01 12:00:52.589 I/NPU_INFO( 0): npu_get_fw_caps: 236 fw caps 0:2007
01-01 12:00:52.589 W/NPU_WARN( 0): host_session_msg_hdlr: 1904 handle npu session msg when FW is disabled
01-01 12:00:52.589 I/NPU_INFO( 0): npu_get_fw_caps: 236 fw caps 1:80000005
01-01 12:00:52.589 I/NPU_INFO( 0): npu_get_fw_caps: 236 fw caps 2:0
01-01 12:00:52.589 I/NPU_INFO( 0): npu_get_fw_caps: 236 fw caps 3:0
01-01 12:00:52.589 I/NPU_INFO( 0): npu_get_fw_caps: 236 fw caps 4:0
01-01 12:00:52.589 I/NPU_INFO( 0): npu_get_fw_caps: 236 fw caps 5:0
01-01 12:00:52.589 I/NPU_INFO( 0): npu_get_fw_caps: 236 fw caps 6:0
01-01 12:00:52.589 I/NPU_INFO( 0): npu_get_fw_caps: 236 fw caps 7:0
01-01 12:00:52.592 I/qcom_smd_qrtr_probe( 0): Entered
01-01 12:00:52.592 I/qcom_smd_qrtr_probe( 0): SMD QRTR driver probed
01-01 12:00:52.593 E/ ( 0): [drm:dp_display_init_aux_switch][msm-dp-err][18 ]failed to register notifier (-22)
01-01 12:00:52.593 E/register_client_adhoc( 0): find path.src 1 dest 589
01-01 12:00:52.593 E/register_client_adhoc( 0): Failed to find path.src 1 dest 589
01-01 12:00:52.618 I/msm_cvp ( 0): err: Failed to create debugfs for msm_cvp
01-01 12:00:52.618 I/msm_cvp ( 0): info: Closed cvp instance: 0000000000000000 session_id = 0
01-01 12:00:52.290 I/boot_progress_start( 665): 6028
01-01 12:00:52.711 E/DTC_ETH,link_delay_work_func( 0): 3003, SQI=0, link=0
01-01 12:00:52.732 I/subsys-restart( 0): __subsystem_get(): Changing subsys fw_name to slpi
01-01 12:00:52.733 W/subsys-pil-tz 5c00000.qcom,ssc( 0): Falling back to syfs fallback for: slpi.mdt
01-01 12:00:52.735 I/subsys-pil-tz 5c00000.qcom,ssc( 0): slpi: loading from 0x0000000088c00000 to 0x000000008a100000
01-01 12:00:52.738 W/subsys-pil-tz 5c00000.qcom,ssc( 0): Falling back to syfs fallback for: slpi.b02
01-01 12:00:52.738 W/subsys-pil-tz 5c00000.qcom,ssc( 0): Falling back to syfs fallback for: slpi.b03
01-01 12:00:52.738 W/subsys-pil-tz 5c00000.qcom,ssc( 0): Falling back to syfs fallback for: slpi.b04
01-01 12:00:52.738 W/subsys-pil-tz 5c00000.qcom,ssc( 0): Falling back to syfs fallback for: slpi.b05
01-01 12:00:52.738 W/subsys-pil-tz 5c00000.qcom,ssc( 0): Falling back to syfs fallback for: slpi.b06
01-01 12:00:52.738 W/subsys-pil-tz 5c00000.qcom,ssc( 0): Falling back to syfs fallback for: slpi.b07
01-01 12:00:52.738 W/subsys-pil-tz 5c00000.qcom,ssc( 0): Falling back to syfs fallback for: slpi.b08
01-01 12:00:52.738 W/subsys-pil-tz 5c00000.qcom,ssc( 0): Falling back to syfs fallback for: slpi.b09
01-01 12:00:52.738 W/subsys-pil-tz 5c00000.qcom,ssc( 0): Falling back to syfs fallback for: slpi.b10
01-01 12:00:52.738 W/subsys-pil-tz 5c00000.qcom,ssc( 0): Falling back to syfs fallback for: slpi.b11
01-01 12:00:52.738 W/subsys-pil-tz 5c00000.qcom,ssc( 0): Falling back to syfs fallback for: slpi.b12
01-01 12:00:52.738 W/subsys-pil-tz 5c00000.qcom,ssc( 0): Falling back to syfs fallback for: slpi.b13
01-01 12:00:52.738 W/subsys-pil-tz 5c00000.qcom,ssc( 0): Falling back to syfs fallback for: slpi.b14
01-01 12:00:52.738 W/subsys-pil-tz 5c00000.qcom,ssc( 0): Falling back to syfs fallback for: slpi.b15
01-01 12:00:52.738 W/subsys-pil-tz 5c00000.qcom,ssc( 0): Falling back to syfs fallback for: slpi.b16
01-01 12:00:52.738 W/subsys-pil-tz 5c00000.qcom,ssc( 0): Falling back to syfs fallback for: slpi.b17
01-01 12:00:52.740 W/subsys-pil-tz 5c00000.qcom,ssc( 0): Falling back to syfs fallback for: slpi.b18
01-01 12:00:52.740 W/subsys-pil-tz 5c00000.qcom,ssc( 0): Falling back to syfs fallback for: slpi.b19
01-01 12:00:52.741 W/subsys-pil-tz 5c00000.qcom,ssc( 0): Falling back to syfs fallback for: slpi.b20
01-01 12:00:52.768 I/binder ( 0): 799:799 ioctl 40046210 7ff9b99c24 returned -22
01-01 12:00:52.795 I/binder ( 0): 801:801 ioctl 40046210 7fe5c8ed24 returned -22
01-01 12:00:52.795 I/binder ( 0): 801:801 ioctl 40046210 7fe5c8ed04 returned -22
01-01 12:00:52.796 I/binder ( 0): 815:815 ioctl 40046210 7fcded4d74 returned -22
01-01 12:00:52.843 I/subsys-pil-tz 5c00000.qcom,ssc( 0): slpi: Brought out of reset
01-01 12:00:52.875 I/binder ( 0): 818:818 ioctl 40046210 7ff0bd6054 returned -22
01-01 12:00:52.904 I/subsys-pil-tz 5c00000.qcom,ssc( 0): Subsystem error monitoring/handling services are up
01-01 12:00:52.904 I/subsys-pil-tz 5c00000.qcom,ssc( 0): slpi: Power/Clock ready interrupt received
01-01 12:00:52.904 I/qcom_rpmh DRV( 0): apps_rsc TCS Busy, retrying RPMH message send: addr=0x30040
01-01 12:00:52.563 I/auditd ( 831): type=1400 audit(0.0:25): avc: denied { read } for comm="vendor.qti.hard" name="u:object_r:vendor_cap_configstore_dbg_prop:s0" dev="tmpfs" ino=11716 scontext=u:r:vendor_hal_capabilityconfigstore_qti_default:s0 tcontext=u:object_r:vendor_cap_configstore_dbg_prop:s0 tclass=file permissive=0
01-01 12:00:52.905 I/adsprpc ( 0): fastrpc_restart_notifier_cb: slpi subsystem is up
01-01 12:00:52.906 E/ ( 0): [drm:dp_display_init_aux_switch][msm-dp-err][83 ]failed to register notifier (-22)
01-01 12:00:52.906 E/register_client_adhoc( 0): find path.src 1 dest 589
01-01 12:00:52.906 E/register_client_adhoc( 0): Failed to find path.src 1 dest 589
01-01 12:00:52.908 I/qcom_smd_qrtr_probe( 0): Entered
01-01 12:00:52.910 E/ ( 0): [drm:dp_display_init_aux_switch][msm-dp-err][83 ]failed to register notifier (-22)
01-01 12:00:52.910 E/register_client_adhoc( 0): find path.src 1 dest 589
01-01 12:00:52.910 E/register_client_adhoc( 0): Failed to find path.src 1 dest 589
01-01 12:00:52.571 I/auditd ( 7): type=1400 audit(0.0:26): avc: denied { create } for comm="kworker/u16:0" scontext=u:r:kernel:s0 tcontext=u:r:kernel:s0 tclass=qipcrtr_socket permissive=0
01-01 12:00:52.575 I/auditd ( 276): type=1400 audit(0.0:27): avc: denied { create } for comm="kworker/u16:4" scontext=u:r:kernel:s0 tcontext=u:r:kernel:s0 tclass=qipcrtr_socket permissive=0
01-01 12:00:52.915 E/diag ( 0): In socket_open_server, socket not initialized for MODEM_CNTL
01-01 12:00:52.915 E/diag ( 0): In socket_open_server, socket not initialized for DIAG_CTRL
01-01 12:00:52.915 E/diag ( 0): In socket_open_server, socket not initialized for LPASS_CNTL
01-01 12:00:52.915 E/diag ( 0): In socket_open_server, socket not initialized for MODEM_DATA
01-01 12:00:52.915 E/diag ( 0): In socket_open_server, socket not initialized for LPASS_DATA
01-01 12:00:52.915 E/diag ( 0): In socket_open_server, socket not initialized for MODEM_DCI
01-01 12:00:52.915 E/diag ( 0): In socket_open_server, socket not initialized for WCNSS_DATA
01-01 12:00:52.915 E/diag ( 0): In socket_open_server, socket not initialized for WCNSS_DCI
01-01 12:00:52.915 E/diag ( 0): In socket_open_server, socket not initialized for LPASS_DCI
01-01 12:00:52.915 E/diag ( 0): In socket_open_server, socket not initialized for SENSORS_DATA
01-01 12:00:52.915 E/diag ( 0): In socket_open_server, socket not initialized for SENSORS_DCI
01-01 12:00:52.915 E/diag ( 0): In socket_open_server, socket not initialized for DIAG_DATA
01-01 12:00:52.915 E/diag ( 0): In socket_open_server, socket not initialized for CDSP_DATA
01-01 12:00:52.915 E/diag ( 0): In socket_open_server, socket not initialized for CDSP_DCI
01-01 12:00:52.915 E/diag ( 0): In socket_open_server, socket not initialized for DIAG_DCI_DATA
01-01 12:00:52.915 E/diag ( 0): In socket_open_server, socket not initialized for NPU_DATA
01-01 12:00:52.915 E/diag ( 0): In socket_open_server, socket not initialized for NPU_DCI
01-01 12:00:52.915 E/diag ( 0): In socket_open_server, socket not initialized for WCNSS_CNTL
01-01 12:00:52.915 E/diag ( 0): In socket_open_server, socket not initialized for SENSORS_CNTL
01-01 12:00:52.915 E/diag ( 0): In socket_open_server, socket not initialized for CDSP_CNTL
01-01 12:00:52.916 E/diag ( 0): In socket_open_server, socket not initialized for NPU_CNTL
01-01 12:00:52.575 I/auditd ( 80): type=1400 audit(0.0:28): avc: denied { create } for comm="kworker/u16:1" scontext=u:r:kernel:s0 tcontext=u:r:kernel:s0 tclass=qipcrtr_socket permissive=0
01-01 12:00:52.916 I/sysmon-qmi( 0): ssctl_new_server: Connection established between QMI handle and slpi's SSCTL service
01-01 12:00:52.918 I/qcom_smd_qrtr_probe( 0): SMD QRTR driver probed
01-01 12:00:52.919 I/adsprpc ( 0): fastrpc_rpmsg_probe: opened rpmsg channel for slpi
01-01 12:00:52.919 I/sysmon-qmi( 0): ssctl_new_server: Connection established between QMI handle and adsp's SSCTL service
01-01 12:00:52.919 I/sysmon-qmi( 0): ssctl_new_server: Connection established between QMI handle and cdsp's SSCTL service
01-01 12:00:52.920 E/ ( 0): [drm:dp_display_init_aux_switch][msm-dp-err][18 ]failed to register notifier (-22)
01-01 12:00:52.921 E/register_client_adhoc( 0): find path.src 1 dest 589
01-01 12:00:52.584 I/android.hardware.wifi@1.0-service( 824): Wifi Hal is booting up...
01-01 12:00:52.575 I/auditd ( 453): type=1400 audit(0.0:29): avc: denied { create } for comm="kworker/u16:15" scontext=u:r:kernel:s0 tcontext=u:r:kernel:s0 tclass=qipcrtr_socket permissive=0
01-01 12:00:52.575 I/auditd ( 453): type=1400 audit(0.0:31): avc: denied { create } for comm="kworker/u16:15" scontext=u:r:kernel:s0 tcontext=u:r:kernel:s0 tclass=qipcrtr_socket permissive=0
01-01 12:00:52.575 I/auditd ( 80): type=1400 audit(0.0:30): avc: denied { create } for comm="kworker/u16:1" scontext=u:r:kernel:s0 tcontext=u:r:kernel:s0 tclass=qipcrtr_socket permissive=0
01-01 12:00:52.575 I/auditd ( 453): type=1400 audit(0.0:32): avc: denied { create } for comm="kworker/u16:15" scontext=u:r:kernel:s0 tcontext=u:r:kernel:s0 tclass=qipcrtr_socket permissive=0
01-01 12:00:52.575 I/auditd ( 453): type=1400 audit(0.0:34): avc: denied { create } for comm="kworker/u16:15" scontext=u:r:kernel:s0 tcontext=u:r:kernel:s0 tclass=qipcrtr_socket permissive=0
01-01 12:00:52.575 I/auditd ( 80): type=1400 audit(0.0:33): avc: denied { create } for comm="kworker/u16:1" scontext=u:r:kernel:s0 tcontext=u:r:kernel:s0 tclass=qipcrtr_socket permissive=0
01-01 12:00:52.575 I/auditd ( 453): type=1400 audit(0.0:35): avc: denied { create } for comm="kworker/u16:15" scontext=u:r:kernel:s0 tcontext=u:r:kernel:s0 tclass=qipcrtr_socket permissive=0
01-01 12:00:52.575 I/auditd ( 453): type=1400 audit(0.0:36): avc: denied { create } for comm="kworker/u16:15" scontext=u:r:kernel:s0 tcontext=u:r:kernel:s0 tclass=qipcrtr_socket permissive=0
01-01 12:00:52.575 I/auditd ( 453): type=1400 audit(0.0:37): avc: denied { create } for comm="kworker/u16:15" scontext=u:r:kernel:s0 tcontext=u:r:kernel:s0 tclass=qipcrtr_socket permissive=0
01-01 12:00:52.575 I/auditd ( 453): type=1400 audit(0.0:38): avc: denied { create } for comm="kworker/u16:15" scontext=u:r:kernel:s0 tcontext=u:r:kernel:s0 tclass=qipcrtr_socket permissive=0
01-01 12:00:52.575 I/auditd ( 453): type=1400 audit(0.0:40): avc: denied { create } for comm="kworker/u16:15" scontext=u:r:kernel:s0 tcontext=u:r:kernel:s0 tclass=qipcrtr_socket permissive=0
01-01 12:00:52.575 I/auditd ( 80): type=1400 audit(0.0:39): avc: denied { create } for comm="kworker/u16:1" scontext=u:r:kernel:s0 tcontext=u:r:kernel:s0 tclass=qipcrtr_socket permissive=0
01-01 12:00:52.575 I/auditd ( 453): type=1400 audit(0.0:41): avc: denied { create } for comm="kworker/u16:15" scontext=u:r:kernel:s0 tcontext=u:r:kernel:s0 tclass=qipcrtr_socket permissive=0
01-01 12:00:52.575 I/auditd ( 453): type=1400 audit(0.0:42): avc: denied { create } for comm="kworker/u16:15" scontext=u:r:kernel:s0 tcontext=u:r:kernel:s0 tclass=qipcrtr_socket permissive=0
01-01 12:00:52.575 I/auditd ( 272): type=1400 audit(0.0:43): avc: denied { create } for comm="kworker/u16:2" scontext=u:r:kernel:s0 tcontext=u:r:kernel:s0 tclass=qipcrtr_socket permissive=0
01-01 12:00:52.575 I/auditd ( 274): type=1400 audit(0.0:44): avc: denied { create } for comm="kworker/u16:3" scontext=u:r:kernel:s0 tcontext=u:r:kernel:s0 tclass=qipcrtr_socket permissive=0
01-01 12:00:52.575 I/auditd ( 279): type=1400 audit(0.0:45): avc: denied { create } for comm="kworker/u16:5" scontext=u:r:kernel:s0 tcontext=u:r:kernel:s0 tclass=qipcrtr_socket permissive=0
01-01 12:00:52.575 I/auditd ( 282): type=1400 audit(0.0:46): avc: denied { create } for comm="kworker/u16:6" scontext=u:r:kernel:s0 tcontext=u:r:kernel:s0 tclass=qipcrtr_socket permissive=0
01-01 12:00:52.586 I/HidlServiceManagement( 824): Registered android.hardware.wifi@1.4::IWifi/default (start delay of 125ms)
01-01 12:00:52.921 E/register_client_adhoc( 0): Failed to find path.src 1 dest 589
01-01 12:00:52.935 W/QSEECOM ( 0): qseecom_load_app: App (soter64) does'nt exist, loading apps for first time
01-01 12:00:52.949 W/QSEECOM ( 0): qseecom_load_app: App with id 4 (soter64) now loaded
01-01 12:00:52.954 D/cnss ( 0): MHI status cb is called with reason MISSION_MODE(6)
01-01 12:00:52.954 D/cnss ( 0): Notify MHI to use already allocated images
01-01 12:00:52.954 D/cnss ( 0): PM relax, state: 0x8, count: 0
01-01 12:00:52.958 E/ ( 0): [drm:dp_display_init_aux_switch][msm-dp-err][79 ]failed to register notifier (-22)
01-01 12:00:52.958 E/register_client_adhoc( 0): find path.src 1 dest 589
01-01 12:00:52.958 E/register_client_adhoc( 0): Failed to find path.src 1 dest 589
01-01 12:00:52.619 I/snet_event_log( 666): [200284993,-1,]
01-01 12:00:52.623 I/snet_event_log( 665): [200284993,-1,]
01-01 12:00:52.961 E/ ( 0): [drm:dp_display_init_aux_switch][msm-dp-err][84 ]failed to register notifier (-22)
01-01 12:00:52.962 E/register_client_adhoc( 0): find path.src 1 dest 589
01-01 12:00:52.623 I/auditd ( 472): type=1400 audit(0.0:47): avc: denied { create } for comm="init" name="drm" scontext=u:r:vendor_init:s0 tcontext=u:object_r:mnt_product_file:s0 tclass=dir permissive=0
01-01 12:00:52.623 I/auditd ( 472): type=1400 audit(0.0:48): avc: denied { create } for comm="init" name="bluetooth" scontext=u:r:vendor_init:s0 tcontext=u:object_r:mnt_product_file:s0 tclass=dir permissive=0
01-01 12:00:52.623 I/auditd ( 472): type=1400 audit(0.0:49): avc: denied { create } for comm="init" name="misc" scontext=u:r:vendor_init:s0 tcontext=u:object_r:mnt_product_file:s0 tclass=dir permissive=0
01-01 12:00:52.623 I/auditd ( 472): type=1400 audit(0.0:50): avc: denied { create } for comm="init" name="alarm" scontext=u:r:vendor_init:s0 tcontext=u:object_r:mnt_product_file:s0 tclass=dir permissive=0
01-01 12:00:52.631 I/auditd ( 472): type=1400 audit(0.0:51): avc: denied { setattr } for comm="init" name="rawdump" dev="tmpfs" ino=12009 scontext=u:r:vendor_init:s0 tcontext=u:object_r:block_device:s0 tclass=lnk_file permissive=0
01-01 12:00:52.631 I/auditd ( 472): type=1400 audit(0.0:52): avc: denied { setattr } for comm="init" name="rawdump" dev="tmpfs" ino=12009 scontext=u:r:vendor_init:s0 tcontext=u:object_r:block_device:s0 tclass=lnk_file permissive=0
01-01 12:00:52.962 E/register_client_adhoc( 0): Failed to find path.src 1 dest 589
01-01 12:00:52.974 D/cnss ( 0): WLFW server arriving: node 7 port 1
01-01 12:00:52.974 D/cnss ( 0): Posting event: SERVER_ARRIVE(0), state: 0x8 flags: 0x0
01-01 12:00:52.974 D/cnss ( 0): PM stay awake, state: 0x8, count: 1
01-01 12:00:52.974 D/cnss ( 0): PM relax, state: 0x8, count: 0
01-01 12:00:52.974 D/cnss ( 0): PM stay awake, state: 0x8, count: 1
01-01 12:00:52.974 D/cnss ( 0): Processing driver event: SERVER_ARRIVE(0), state: 0x8
01-01 12:00:52.974 I/cnss ( 0): QMI WLFW service connected, state: 0x9
01-01 12:00:52.974 D/cnss ( 0): Sending indication register message, state: 0x9
01-01 12:00:52.976 D/cnss ( 0): Sending host capability message, state: 0x9
01-01 12:00:52.976 D/cnss ( 0): Number of clients is 2
01-01 12:00:52.976 D/cnss ( 0): Assign MSI to user: WAKE, num_vectors: 1, user_base_data: 813, base_vector: 13
01-01 12:00:52.976 D/cnss ( 0): WAKE MSI base data is 813
01-01 12:00:52.976 D/cnss ( 0): Calibration done is 0
01-01 12:00:52.976 D/cnss ( 0): Sending iova starting 0xa0000000 with size 0x10010000
01-01 12:00:52.979 D/cnss ( 0): PM relax, state: 0x9, count: 0
01-01 12:00:52.980 I/ ( 0): Mass Storage Function, version: 2009/09/11
01-01 12:00:52.980 I/LUN ( 0): removable file: (no medium)
01-01 12:00:52.642 I/irsc_util( 921): Starting irsc tool
01-01 12:00:52.643 I/irsc_util( 921): Num of entries:298
01-01 12:00:52.643 I/irsc_util( 921): Ending irsc tool
01-01 12:00:52.981 I/ ( 0): file system registered
01-01 12:00:52.984 I/f_cdev_alloc( 0): port_name:at_usb0 (0000000000000000) portno:(0)
01-01 12:00:52.989 I/f_cdev_alloc( 0): port_name:at_usb1 (0000000000000000) portno:(1)
01-01 12:00:52.990 I/f_cdev_alloc( 0): port_name:at_usb2 (0000000000000000) portno:(2)
01-01 12:00:52.991 I/servloc ( 0): service_locator_new_server: Connection established with the Service locator
01-01 12:00:52.991 I/servloc ( 0): init_service_locator: Service locator initialized
01-01 12:00:52.994 I/adsprpc ( 0): fastrpc_get_service_location_notify: PDR notifier for adsp registered for msm/adsp/audio_pd (audio_pdr_adsprpc)
01-01 12:00:52.994 I/adsprpc ( 0): fastrpc_get_service_location_notify: audio_pdr_adsprpc (msm/adsp/audio_pd) PDR service for adsp is uninitialized
01-01 12:00:52.994 I/audio_notifer_reg_service( 0): service PDR_ADSP is in use
01-01 12:00:52.994 I/service-notifier( 0): service_notifier_new_server: Connection established between QMI handle and 74 service
01-01 12:00:52.996 I/adsprpc ( 0): fastrpc_pdr_notifier_cb: msm/adsp/audio_pd (audio_pdr_adsprpc) is up on adsp
01-01 12:00:52.996 I/apr_adsp_up( 0): Q6 is Up
01-01 12:00:52.996 E/rmt_storage( 0): ERR:main: Mmap Failed for rmts (-1)...pausing execution!
01-01 12:00:52.997 I/msm-audio-ion soc( 0): qcom,msm-audio-apr:qcom,msm-audio-ion: Linked as a consumer to 15000000.apps-smmu
01-01 12:00:53.000 I/binder ( 0): 971:971 ioctl 40046210 7fdbb12774 returned -22
01-01 12:00:52.659 I/auditd ( 993): type=1400 audit(0.0:53): avc: denied { read write } for comm="sensors.qti" name="diag" dev="tmpfs" ino=1148 scontext=u:r:vendor_sensors_qti:s0 tcontext=u:object_r:vendor_diag_device:s0 tclass=chr_file permissive=0
01-01 12:00:53.003 I/binder ( 0): 967:967 ioctl 40046210 7fd48d1004 returned -22
01-01 12:00:53.007 I/binder ( 0): 862:862 ioctl 40046210 7fe0e81194 returned -22
01-01 12:00:53.008 I/iommu ( 0): Adding device soc:qcom,msm-audio-apr:qcom,msm-audio-ion to group 50
01-01 12:00:53.010 E/ ( 0): [drm:dp_display_init_aux_switch][msm-dp-err][22 ]failed to register notifier (-22)
01-01 12:00:53.011 E/register_client_adhoc( 0): find path.src 1 dest 589
01-01 12:00:53.011 E/register_client_adhoc( 0): Failed to find path.src 1 dest 589
01-01 12:00:53.012 E/ ( 0): [drm:dp_display_init_aux_switch][msm-dp-err][22 ]failed to register notifier (-22)
01-01 12:00:53.013 I/sps ( 0): BAM 0x0000000003a84000 (va:0x0000000000000000) enabled: ver:0x19, number of pipes:25
01-01 12:00:53.013 I/sps ( 0): BAM 0x0000000003a84000 is registered.
01-01 12:00:53.014 E/register_client_adhoc( 0): find path.src 1 dest 589
01-01 12:00:53.014 E/register_client_adhoc( 0): Failed to find path.src 1 dest 589
01-01 12:00:53.014 E/ ( 0): [drm:dp_display_init_aux_switch][msm-dp-err][79 ]failed to register notifier (-22)
01-01 12:00:52.691 I/auditd ( 833): type=1400 audit(0.0:54): avc: denied { read write } for comm="vendor.qti.hard" name="diag" dev="tmpfs" ino=1148 scontext=u:r:hal_graphics_composer_default:s0 tcontext=u:object_r:vendor_diag_device:s0 tclass=chr_file permissive=0
01-01 12:00:53.057 I/sysmon-qmi( 0): ssctl_new_server: Connection established between QMI handle and slpi's SSCTL service
01-01 12:00:52.721 D/Build ( 665): ro.build.display.id=01.00.X101_20230222_private_user
01-01 12:00:52.728 D/Build ( 666): ro.build.display.id=01.00.X101_20230222_private_user
01-01 12:00:52.731 I/boot_progress_preload_start( 665): 6470
01-01 12:00:53.081 I/binder ( 0): 959:959 ioctl 40046210 7fdc059034 returned -22
01-01 12:00:53.081 I/binder ( 0): 959:959 ioctl 40046210 7fdc059054 returned -22
01-01 12:00:53.083 I/msm_vidc( 0): high: 00000001: ....d: Opening video instance: 0000000000000000, 1
01-01 12:00:53.083 I/msm_vidc_v4l2 aa00000.qcom,vidc( 0): Linked as a consumer to regulator.75
01-01 12:00:53.083 I/msm_vidc_v4l2 aa00000.qcom,vidc( 0): Linked as a consumer to regulator.74
01-01 12:00:53.086 I/subsys-restart( 0): __subsystem_get(): Changing subsys fw_name to venus
01-01 12:00:53.087 W/subsys-pil-tz aab0000.qcom,venus( 0): Falling back to syfs fallback for: venus.mdt
01-01 12:00:53.089 I/subsys-pil-tz aab0000.qcom,venus( 0): venus: loading from 0x0000000086e00000 to 0x0000000087300000
01-01 12:00:53.092 W/subsys-pil-tz aab0000.qcom,venus( 0): Falling back to syfs fallback for: venus.b02
01-01 12:00:53.092 W/subsys-pil-tz aab0000.qcom,venus( 0): Falling back to syfs fallback for: venus.b03
01-01 12:00:53.092 W/subsys-pil-tz aab0000.qcom,venus( 0): Falling back to syfs fallback for: venus.b04
01-01 12:00:53.092 W/subsys-pil-tz aab0000.qcom,venus( 0): Falling back to syfs fallback for: venus.b05
01-01 12:00:53.092 W/subsys-pil-tz aab0000.qcom,venus( 0): Falling back to syfs fallback for: venus.b06
01-01 12:00:53.092 W/subsys-pil-tz aab0000.qcom,venus( 0): Falling back to syfs fallback for: venus.b07
01-01 12:00:53.092 W/subsys-pil-tz aab0000.qcom,venus( 0): Falling back to syfs fallback for: venus.b08
01-01 12:00:53.092 W/subsys-pil-tz aab0000.qcom,venus( 0): Falling back to syfs fallback for: venus.b09
01-01 12:00:53.092 W/subsys-pil-tz aab0000.qcom,venus( 0): Falling back to syfs fallback for: venus.b10
01-01 12:00:53.093 W/subsys-pil-tz aab0000.qcom,venus( 0): Falling back to syfs fallback for: venus.b19
01-01 12:00:53.095 I/binder ( 0): 974:974 ioctl 40046210 7fcde658b4 returned -22
01-01 12:00:53.104 I/binder ( 0): 974:974 ioctl 40046210 7fcde672e4 returned -22
01-01 12:00:53.115 W/kona-asoc-snd soc( 0): qcom,msm-audio-apr:qcom,q6core-audio:sound: msm_init_aux_dev: Max WSA devices is 0 for this target?
01-01 12:00:53.116 E/kona-asoc-snd soc( 0): qcom,msm-audio-apr:qcom,q6core-audio:sound: ASoC: CODEC DAI wsa_macro_vifeedback not registered
01-01 12:00:53.117 E/qcom-lpi-pinctrl soc( 0): qcom,msm-audio-apr:qcom,q6core-audio:lpi_pinctrl@33c0000: snd_event_notify: No snd dev entry found
01-01 12:00:53.121 I/platform soc( 0): qcom,msm-audio-apr:qcom,voice-mhi-audio: assigned reserved memory node mailbox_region
