02-22 01:13:14.719 I/ActivityManager( 1503): Start proc 3817:com.qti.ltebc/u0a79 for broadcast {com.qti.ltebc/com.qualcomm.ltebc.LTEBroadcastReceiver}
01-01 12:01:02.811 I/binder ( 0): 3817:3817 ioctl 40046210 7fff12dd34 returned -22
02-22 01:13:14.752 I/am_proc_bound( 1503): [0,3817,com.qti.ltebc]
02-22 01:13:14.755 I/am_uid_active( 1503): 10079
02-22 01:13:15.112 I/ActivityManager( 1503): Process com.qti.ltebc (pid 3817) has died: fg RCVR
02-22 01:13:15.113 I/am_proc_died( 1503): [0,3817,com.qti.ltebc,0,11]
02-22 01:13:15.113 I/am_broadcast_discard_app( 1503): [0,240922466,android.intent.action.MEDIA_MOUNTED,2,ResolveInfo{fa544e3 com.qti.ltebc/com.qualcomm.ltebc.LTEBroadcastReceiver m=0x208000}]
02-22 01:13:15.114 I/am_uid_stopped( 1503): 10079
02-22 01:13:15.581 W/ActivityManager( 1503): Unable to start service Intent { act=android.intent.action.START_LEBO_SERVICE pkg=com.hpplay.happyplay.aw } U=0: not found
02-22 01:13:15.669 I/sysui_multi_action( 1503): [757,1717,758,1,759,0]
02-22 01:13:15.669 I/sysui_multi_action( 1503): [757,1717,758,2,759,0]
02-22 01:13:15.670 I/sysui_multi_action( 1503): [757,1717,758,3,759,0]
01-01 12:01:04.375 I/logd ( 0): start watching /data/system/packages.list ...
01-01 12:01:04.376 I/logd ( 0): ReadPackageList, total packages: 102
02-22 01:13:16.315 I/commit_sys_config_file( 1503): [package-user-0,4]
02-22 01:13:16.315 I/commit_sys_config_file( 1503): [package,59]
01-01 12:01:04.959 I/init ( 0): Sending signal 9 to service 'idmap2d' (pid 1178) process group...
01-01 12:01:04.965 I/libprocessgroup( 0): Successfully killed process cgroup uid 1000 pid 1178 in 5ms
01-01 12:01:04.966 I/init ( 0): Control message: Processed ctl.stop for 'idmap2d' from pid: 1503 (system_server)
01-01 12:01:04.967 I/init ( 0): Service 'idmap2d' (pid 1178) received signal 9
02-22 01:13:16.905 W/OverlayManager( 1503): service 'idmap' died
02-22 01:13:17.715 I/commit_sys_config_file( 1503): [appops,10]
02-22 01:13:18.391 I/sysui_heads_up_status( 1966): [-1|android|26|null|1000,0]
02-22 01:13:18.479 I/GameModeConfig( 1503): isGameModeOn = false
02-22 01:13:18.507 D/CompatibilityChangeReporter( 1503): Compat change id reported: 168419799; UID 10026; state: DISABLED
02-22 01:13:18.831 I/sysui_multi_action( 1503): [757,128,758,1,793,10453,794,0,795,10453,796,32,798,1,806,android,857,USB,858,1,947,0,1395,2,1500,10378,1688,1]
02-22 01:13:18.831 I/sysui_multi_action( 1503): [757,804,799,note_freshness,801,10453,802,1]
02-22 01:13:18.831 I/notification_visibility( 1503): [-1|android|32|null|1000,1,10453,10453,0,1]
02-22 01:13:18.832 I/sysui_multi_action( 1503): [757,128,758,2,793,9851,794,5641,795,9851,796,26,798,0,806,android,857,DEVELOPER_IMPORTANT,858,4,947,0,1395,2,1500,9446,1688,1]
02-22 01:13:18.833 I/notification_visibility( 1503): [-1|android|26|null|1000,0,9851,9851,0,0]
02-22 01:13:18.835 I/sysui_multi_action( 1503): [757,128,758,2,793,10457,794,4,795,10457,796,32,798,1,806,android,857,USB,858,1,947,0,1395,2,1500,10382,1688,1]
02-22 01:13:18.835 I/notification_visibility( 1503): [-1|android|32|null|1000,0,10457,10457,0,1]
02-22 01:13:18.839 I/sysui_multi_action( 1503): [757,127,758,2]
02-22 01:13:18.839 I/notification_panel_hidden( 1503):
02-22 01:13:19.075 I/am_uid_running( 1503): 10079
02-22 01:13:19.077 D/CompatibilityChangeReporter( 1503): Compat change id reported: 135634846; UID 10079; state: DISABLED
02-22 01:13:19.077 D/CompatibilityChangeReporter( 1503): Compat change id reported: 177438394; UID 10079; state: DISABLED
02-22 01:13:19.077 D/CompatibilityChangeReporter( 1503): Compat change id reported: 135772972; UID 10079; state: DISABLED
02-22 01:13:19.077 D/CompatibilityChangeReporter( 1503): Compat change id reported: 135754954; UID 10079; state: ENABLED
02-22 01:13:19.078 D/CompatibilityChangeReporter( 1503): Compat change id reported: 143937733; UID 10079; state: ENABLED
02-22 01:13:19.103 I/am_proc_start( 1503): [0,3871,10079,com.qti.ltebc,broadcast,{com.qti.ltebc/com.qualcomm.ltebc.LTEBroadcastAlarmReceiver}]
02-22 01:13:19.103 I/ActivityManager( 1503): Start proc 3871:com.qti.ltebc/u0a79 for broadcast {com.qti.ltebc/com.qualcomm.ltebc.LTEBroadcastAlarmReceiver}
01-01 12:01:07.196 I/binder ( 0): 3871:3871 ioctl 40046210 7fff12dd34 returned -22
02-22 01:13:19.137 I/am_proc_bound( 1503): [0,3871,com.qti.ltebc]
02-22 01:13:19.138 D/CompatibilityChangeReporter( 1503): Compat change id reported: 168419799; UID 10079; state: DISABLED
02-22 01:13:19.141 I/am_uid_active( 1503): 10079
01-01 12:01:07.289 I/binder ( 0): 2179:3886 ioctl 40046210 7b191b2ef4 returned -22
02-22 01:13:19.388 I/GameModeConfig( 1503): isGameModeOn = false
02-22 01:13:19.474 I/am_uid_running( 1503): 10054
02-22 01:13:19.475 D/CompatibilityChangeReporter( 1503): Compat change id reported: 135634846; UID 10054; state: DISABLED
02-22 01:13:19.475 D/CompatibilityChangeReporter( 1503): Compat change id reported: 177438394; UID 10054; state: DISABLED
02-22 01:13:19.475 D/CompatibilityChangeReporter( 1503): Compat change id reported: 135772972; UID 10054; state: DISABLED
02-22 01:13:19.475 D/CompatibilityChangeReporter( 1503): Compat change id reported: 135754954; UID 10054; state: DISABLED
02-22 01:13:19.476 D/CompatibilityChangeReporter( 1503): Compat change id reported: 143937733; UID 10054; state: DISABLED
02-22 01:13:19.479 I/GameModeConfig( 1503): isGameModeOn = false
02-22 01:13:19.480 I/GameModeConfig( 1503): isGameModeOn = false
02-22 01:13:19.496 I/am_proc_start( 1503): [0,3902,10054,com.qualcomm.qti.qms.service.trustzoneaccess,service,{com.qualcomm.qti.qms.service.trustzoneaccess/com.qualcomm.qti.qms.service.trustzoneaccess.TZAccessService}]
02-22 01:13:19.496 I/ActivityManager( 1503): Start proc 3902:com.qualcomm.qti.qms.service.trustzoneaccess/u0a54 for service {com.qualcomm.qti.qms.service.trustzoneaccess/com.qualcomm.qti.qms.service.trustzoneaccess.TZAccessService}
01-01 12:01:07.570 I/init ( 0): Untracked pid 3896 exited with status 0
01-01 12:01:07.580 I/binder ( 0): 3902:3902 ioctl 40046210 7fff12dd34 returned -22
02-22 01:13:19.525 I/am_proc_bound( 1503): [0,3902,com.qualcomm.qti.qms.service.trustzoneaccess]
02-22 01:13:19.526 D/CompatibilityChangeReporter( 1503): Compat change id reported: 168419799; UID 10054; state: DISABLED
02-22 01:13:19.637 I/ActivityManager( 1503): Process com.qti.ltebc (pid 3871) has died: cch+5 CEM
02-22 01:13:19.638 I/am_proc_died( 1503): [0,3871,com.qti.ltebc,905,19]
02-22 01:13:19.639 I/am_uid_stopped( 1503): 10079
02-22 01:13:19.653 I/am_pss ( 1503): [2514,10080,com.android.launcher3,87208960,77361152,0,210620416,0,2,11]
01-01 12:01:07.733 E/DTC_ETH,link_delay_work_func( 0): 3003, SQI=0, link=0
02-22 01:13:19.731 I/GameModeConfig( 1503): isGameModeOn = false
02-22 01:13:19.732 I/GameModeConfig( 1503): isGameModeOn = false
02-22 01:13:19.793 I/GameModeConfig( 1503): isGameModeOn = false
02-22 01:13:19.793 I/GameModeConfig( 1503): isGameModeOn = false
02-22 01:13:19.823 I/GameModeConfig( 1503): isGameModeOn = false
02-22 01:13:19.823 I/GameModeConfig( 1503): isGameModeOn = false
02-22 01:13:19.867 I/GameModeConfig( 1503): isGameModeOn = false
02-22 01:13:19.867 I/GameModeConfig( 1503): isGameModeOn = false
02-22 01:13:19.890 I/GameModeConfig( 1503): isGameModeOn = false
02-22 01:13:19.891 I/GameModeConfig( 1503): isGameModeOn = false
02-22 01:13:19.891 I/GameModeConfig( 1503): isGameModeOn = false
02-22 01:13:19.892 I/GameModeConfig( 1503): isGameModeOn = false
01-01 12:01:08.445 E/msm_pcm_playback_close( 0): CMD_EOS failed, cmd_pending 0x8
01-01 12:01:08.452 I/afe_close( 0): port_id = 0x9000
01-01 12:01:08.475 I/afe_find_cal_topo_id_by_port( 0): port id: 0x9000, dev_acdb_id: 0
01-01 12:01:08.475 I/afe_find_cal_topo_id_by_port( 0): top_id:112fc acdb_id:15 afe_port:0x9000
01-01 12:01:08.475 I/afe_get_cal_topology_id( 0): port_id = 0x9000 acdb_id = 15 topology_id = 0x112fc cal_type_index=8 ret=0
01-01 12:01:08.475 I/afe_send_port_topology_id( 0): AFE set topology id 0x112fc enable for port 0x9000 ret 0
01-01 12:01:08.475 I/send_afe_cal_type( 0): cal_index is 0
01-01 12:01:08.475 I/send_afe_cal_type( 0): dev_acdb_id[55] is 0
01-01 12:01:08.475 I/send_afe_cal_type( 0): Sending cal_index cal 0
01-01 12:01:08.475 E/send_afe_cal_type( 0): No cal sent for cal_index 0, port_id = 0x9000! ret -22
01-01 12:01:08.475 I/afe_send_hw_delay( 0): port_id 0x9000 rate 48000 delay_usec 474 status 0
02-22 01:13:22.792 I/GameModeConfig( 1503): isGameModeOn = false
02-22 01:13:22.794 I/GameModeConfig( 1503): isGameModeOn = false
02-22 01:13:24.256 I/GameModeConfig( 1503): isGameModeOn = false
02-22 01:13:24.257 I/GameModeConfig( 1503): isGameModeOn = false
01-01 12:01:12.854 E/DTC_ETH,link_delay_work_func( 0): 3003, SQI=0, link=0
02-22 01:13:24.994 I/ActivityManager( 1503): Waited long enough for: ServiceRecord{135262b u0 com.qti.diagservices/.QTIDiagServices}
01-01 12:01:13.621 E/thermal cooling_device4( 0): DTC_Fan: not compare, pwm_fan_state=0 !
01-01 12:01:13.877 I/mv2112_setup_work_handler( 0): Try to setup link again!
01-01 12:01:13.877 I/ ( 0): mv2112_setup_forced
02-22 01:13:29.664 I/am_pss ( 1503): [2514,10080,com.android.launcher3,87208960,77361152,0,210620416,0,2,14]
02-22 01:13:29.673 I/am_pss ( 1503): [2646,10068,com.android.deskclock,9144320,6524928,0,101711872,0,19,9]
02-22 01:13:29.680 I/am_pss ( 1503): [2975,10088,com.qualcomm.qtil.aptxui,7134208,5627904,0,91250688,0,19,6]
02-22 01:13:29.686 I/am_pss ( 1503): [2959,10070,com.qualcomm.location.XT,6293504,4632576,0,93503488,0,6,6]
02-22 01:13:29.694 I/am_pss ( 1503): [2404,1000,com.android.settings,32247808,19169280,0,147476480,0,19,7]
02-22 01:13:29.700 I/am_pss ( 1503): [2419,10094,android.ext.services,6354944,4583424,0,94560256,0,5,6]
02-22 01:13:29.866 I/am_pss ( 1503): [3065,10025,com.baidu.input,106397696,91578368,0,226787328,0,7,12]
02-22 01:13:29.874 I/am_pss ( 1503): [3058,10030,com.android.traceur,10185728,8519680,0,97722368,0,19,7]
01-01 12:01:17.973 E/DTC_ETH,link_delay_work_func( 0): 3003, SQI=0, link=0
01-01 12:01:18.941 E/msm_pcm_playback_close( 0): CMD_EOS failed, cmd_pending 0x8
01-01 12:01:18.949 I/afe_close( 0): port_id = 0x9000
01-01 12:01:18.970 I/afe_find_cal_topo_id_by_port( 0): port id: 0x9000, dev_acdb_id: 0
01-01 12:01:18.970 I/afe_find_cal_topo_id_by_port( 0): top_id:112fc acdb_id:15 afe_port:0x9000
01-01 12:01:18.970 I/afe_get_cal_topology_id( 0): port_id = 0x9000 acdb_id = 15 topology_id = 0x112fc cal_type_index=8 ret=0
01-01 12:01:18.970 I/afe_send_port_topology_id( 0): AFE set topology id 0x112fc enable for port 0x9000 ret 0
01-01 12:01:18.970 I/send_afe_cal_type( 0): cal_index is 0
01-01 12:01:18.970 I/send_afe_cal_type( 0): dev_acdb_id[55] is 0
01-01 12:01:18.970 I/send_afe_cal_type( 0): Sending cal_index cal 0
01-01 12:01:18.970 E/send_afe_cal_type( 0): No cal sent for cal_index 0, port_id = 0x9000! ret -22
01-01 12:01:18.970 I/afe_send_hw_delay( 0): port_id 0x9000 rate 48000 delay_usec 474 status 0
01-01 12:01:20.021 I/display_panel_avdd( 0): disabling
01-01 12:01:20.022 I/vdd_tof ( 0): disabling
02-22 01:13:32.568 I/am_pss ( 1503): [3482,1000,com.android.localtransport,5298176,3706880,0,90882048,0,19,11]
02-22 01:13:32.578 I/am_pss ( 1503): [3213,1000,com.qti.diagservices,5706752,3772416,0,94449664,0,10,9]
02-22 01:13:32.647 I/am_pss ( 1503): [3501,10062,com.android.calendar,6035456,4083712,0,91516928,0,19,12]
02-22 01:13:32.904 I/am_pss ( 1503): [3541,1000,com.android.dynsystem:dynsystem,5539840,3825664,0,90968064,0,19,11]
02-22 01:13:32.913 I/am_pss ( 1503): [2851,1000,com.android.keychain,7965696,6377472,0,93634560,0,19,8]
02-22 01:13:32.921 I/am_pss ( 1503): [3525,1000,com.android.dynsystem,5307392,3694592,0,90173440,0,19,7]
02-22 01:13:33.012 I/am_pss ( 1503): [3576,10034,com.android.managedprovisioning,8858624,7282688,0,94261248,0,19,8]
02-22 01:13:33.109 I/am_pss ( 1503): [3592,10087,com.android.music,7359488,5259264,0,93868032,0,19,10]
02-22 01:13:33.188 I/am_pss ( 1503): [3608,10059,com.android.onetimeinitializer,5079040,3522560,0,89939968,0,19,10]
02-22 01:13:33.405 I/am_pss ( 1503): [3640,10092,com.android.permissioncontroller,11490304,9793536,0,99037184,0,19,10]
02-22 01:13:33.413 I/am_pss ( 1503): [3625,10022,com.android.packageinstaller,6968320,5464064,0,90738688,0,19,7]
02-22 01:13:33.649 I/am_pss ( 1503): [3677,2000,com.android.shell,5839872,4231168,0,92131328,0,19,11]
02-22 01:13:34.200 I/am_pss ( 1503): [3744,10058,com.qualcomm.qti.qms.service.connectionsecurity,18620416,4325376,0,77160448,0,19,9]
01-01 12:01:23.093 E/DTC_ETH,link_delay_work_func( 0): 3003, SQI=0, link=0
01-01 12:01:26.802 I/msm_vidc( 0): high: 00000001: h264d: Closed video instance: 0000000000000000
01-01 12:01:26.854 I/binder ( 0): undelivered transaction 70826, process died.
01-01 12:01:26.855 I/init ( 0): Service 'bootanim' (pid 1099) exited with status 0 oneshot service took 34.002998 seconds in background
01-01 12:01:26.855 I/init ( 0): Sending signal 9 to service 'bootanim' (pid 1099) process group...
01-01 12:01:26.855 I/libprocessgroup( 0): Successfully killed process cgroup uid 1003 pid 1099 in 0ms
01-01 12:01:28.213 E/DTC_ETH,link_delay_work_func( 0): 3003, SQI=0, link=0
01-01 12:01:28.311 I/msm_vidc( 0): err : ffffffff: .....: DBLP Set: status 0
01-01 12:01:29.437 E/msm_pcm_playback_close( 0): CMD_EOS failed, cmd_pending 0x8
01-01 12:01:29.444 I/afe_close( 0): port_id = 0x9000
01-01 12:01:29.467 I/afe_find_cal_topo_id_by_port( 0): port id: 0x9000, dev_acdb_id: 0
01-01 12:01:29.467 I/afe_find_cal_topo_id_by_port( 0): top_id:112fc acdb_id:15 afe_port:0x9000
01-01 12:01:29.467 I/afe_get_cal_topology_id( 0): port_id = 0x9000 acdb_id = 15 topology_id = 0x112fc cal_type_index=8 ret=0
01-01 12:01:29.467 I/afe_send_port_topology_id( 0): AFE set topology id 0x112fc enable for port 0x9000 ret 0
01-01 12:01:29.467 I/send_afe_cal_type( 0): cal_index is 0
01-01 12:01:29.467 I/send_afe_cal_type( 0): dev_acdb_id[55] is 0
01-01 12:01:29.467 I/send_afe_cal_type( 0): Sending cal_index cal 0
01-01 12:01:29.467 E/send_afe_cal_type( 0): No cal sent for cal_index 0, port_id = 0x9000! ret -22
01-01 12:01:29.467 I/afe_send_hw_delay( 0): port_id 0x9000 rate 48000 delay_usec 474 status 0
01-01 12:01:33.333 E/DTC_ETH,link_delay_work_func( 0): 3003, SQI=0, link=0
02-22 01:13:47.580 I/netstats_mobile_sample( 1503): [0,0,0,0,0,0,0,0,0,0,0,0,1676999627579]
02-22 01:13:47.580 I/netstats_wifi_sample( 1503): [0,0,0,0,0,0,0,0,0,0,0,0,1676999627579]
02-22 01:13:47.588 I/am_pss ( 1503): [2834,10093,com.android.providers.media.module,17594368,14303232,0,119238656,0,0,8]
02-22 01:13:47.597 I/am_pss ( 1503): [1946,1002,com.android.bluetooth,34572288,27680768,0,146395136,0,0,8]
02-22 01:13:47.604 I/am_pss ( 1503): [2831,10071,com.qualcomm.location,9676800,7282688,0,102113280,0,0,6]
02-22 01:13:47.611 I/am_pss ( 1503): [2139,1001,.dataservices,8078336,6389760,0,94367744,0,0,6]
02-22 01:13:47.618 I/am_pss ( 1503): [2079,1073,com.android.networkstack.process,11584512,9322496,0,104808448,0,0,5]
02-22 01:13:47.630 I/am_pss ( 1503): [1966,10078,com.android.systemui,168758272,148172800,0,322453504,0,0,11]
01-01 12:01:35.695 I/[schedu][0x3b1dfb3b][01:13:47.630632] wlan( 0): [3455:I:OSIF] scan start scan id 40962
02-22 01:13:47.649 I/am_pss ( 1503): [1503,1000,system,197916672,104427520,0,509059072,0,0,18]
02-22 01:13:47.932 I/wificond( 1196): Regulatory domain changed to country: CN on wiphy_index: 0
02-22 01:13:47.938 I/wificond( 1196): 2.4Ghz frequencies: 2412 2417 2422 2427 2432 2437 2442 2447 2452 2457 2462 2467 2472
02-22 01:13:47.938 I/wificond( 1196): 5Ghz non-DFS frequencies: 5180 5200 5220 5240 5745 5765 5785 5805 5825
02-22 01:13:47.938 I/wificond( 1196): 5Ghz DFS frequencies: 5260 5280 5300 5320
02-22 01:13:47.938 I/wificond( 1196): 6Ghz frequencies:
02-22 01:13:47.938 I/wificond( 1196): 60Ghz frequencies:
01-01 12:01:36.895 I/[schedu][0x3c7d8189][01:13:48.830503] wlan( 0): [3455:I:OSIF] vdev 0, scan id 40962 type COMPLETED(1) reason COMPLETED(1) scan found 68 bss
01-01 12:01:38.453 E/DTC_ETH,link_delay_work_func( 0): 3003, SQI=0, link=0
01-01 12:01:39.933 E/msm_pcm_playback_close( 0): CMD_EOS failed, cmd_pending 0x8
01-01 12:01:39.940 I/afe_close( 0): port_id = 0x9000
01-01 12:01:39.962 I/afe_find_cal_topo_id_by_port( 0): port id: 0x9000, dev_acdb_id: 0
01-01 12:01:39.962 I/afe_find_cal_topo_id_by_port( 0): top_id:112fc acdb_id:15 afe_port:0x9000
01-01 12:01:39.962 I/afe_get_cal_topology_id( 0): port_id = 0x9000 acdb_id = 15 topology_id = 0x112fc cal_type_index=8 ret=0
01-01 12:01:39.962 I/afe_send_port_topology_id( 0): AFE set topology id 0x112fc enable for port 0x9000 ret 0
01-01 12:01:39.962 I/send_afe_cal_type( 0): cal_index is 0
01-01 12:01:39.962 I/send_afe_cal_type( 0): dev_acdb_id[55] is 0
01-01 12:01:39.962 I/send_afe_cal_type( 0): Sending cal_index cal 0
01-01 12:01:39.962 E/send_afe_cal_type( 0): No cal sent for cal_index 0, port_id = 0x9000! ret -22
01-01 12:01:39.962 I/afe_send_hw_delay( 0): port_id 0x9000 rate 48000 delay_usec 474 status 0
01-01 12:01:43.573 E/DTC_ETH,link_delay_work_func( 0): 3003, SQI=0, link=0
01-01 12:01:48.693 E/DTC_ETH,link_delay_work_func( 0): 3003, SQI=0, link=0
02-22 01:14:02.178 V/DisplayPowerController[0]( 1503): Brightness [0.05] reason changing to: 'manual [ dim ]', previous reason: 'manual'.
02-22 01:14:02.178 I/sysui_multi_action( 1503): [757,1696,758,6,759,2]
02-22 01:14:02.184 E/DisplayDeviceConfig( 1503): requesting nits when no mapping exists.
02-22 01:14:02.185 E/DisplayDeviceConfig( 1503): requesting nits when no mapping exists.
02-22 01:14:02.185 I/am_wtf ( 1503): [0,1503,system_server,-1,DisplayDeviceConfig,requesting nits when no mapping exists.]
02-22 01:14:02.186 I/DropBoxManagerService( 1503): add tag=system_server_wtf isTagEnabled=true flags=0x2
02-22 01:14:02.188 I/am_wtf ( 1503): [0,1503,system_server,-1,DisplayDeviceConfig,requesting nits when no mapping exists.]
02-22 01:14:02.189 I/DropBoxManagerService( 1503): add tag=system_server_wtf isTagEnabled=true flags=0x2
02-22 01:14:02.200 E/DisplayDeviceConfig( 1503): requesting nits when no mapping exists.
02-22 01:14:02.201 E/DisplayDeviceConfig( 1503): requesting nits when no mapping exists.
02-22 01:14:02.201 I/am_wtf ( 1503): [0,1503,system_server,-1,DisplayDeviceConfig,requesting nits when no mapping exists.]
02-22 01:14:02.202 I/DropBoxManagerService( 1503): add tag=system_server_wtf isTagEnabled=true flags=0x2
02-22 01:14:02.203 I/am_wtf ( 1503): [0,1503,system_server,-1,DisplayDeviceConfig,requesting nits when no mapping exists.]
02-22 01:14:02.204 I/DropBoxManagerService( 1503): add tag=system_server_wtf isTagEnabled=true flags=0x2
02-22 01:14:02.217 E/DisplayDeviceConfig( 1503): requesting nits when no mapping exists.
02-22 01:14:02.217 E/DisplayDeviceConfig( 1503): requesting nits when no mapping exists.
02-22 01:14:02.217 I/am_wtf ( 1503): [0,1503,system_server,-1,DisplayDeviceConfig,requesting nits when no mapping exists.]
02-22 01:14:02.218 I/DropBoxManagerService( 1503): add tag=system_server_wtf isTagEnabled=true flags=0x2
02-22 01:14:02.219 I/am_wtf ( 1503): [0,1503,system_server,-1,DisplayDeviceConfig,requesting nits when no mapping exists.]
02-22 01:14:02.222 E/DisplayDeviceConfig( 1503): requesting nits when no mapping exists.
02-22 01:14:02.223 E/DisplayDeviceConfig( 1503): requesting nits when no mapping exists.
02-22 01:14:02.223 I/am_wtf ( 1503): [0,1503,system_server,-1,DisplayDeviceConfig,requesting nits when no mapping exists.]
02-22 01:14:02.224 I/am_wtf ( 1503): [0,1503,system_server,-1,DisplayDeviceConfig,requesting nits when no mapping exists.]
02-22 01:14:02.238 E/DisplayDeviceConfig( 1503): requesting nits when no mapping exists.
02-22 01:14:02.238 E/DisplayDeviceConfig( 1503): requesting nits when no mapping exists.
02-22 01:14:02.239 I/am_wtf ( 1503): [0,1503,system_server,-1,DisplayDeviceConfig,requesting nits when no mapping exists.]
02-22 01:14:02.239 I/am_wtf ( 1503): [0,1503,system_server,-1,DisplayDeviceConfig,requesting nits when no mapping exists.]
02-22 01:14:02.255 E/DisplayDeviceConfig( 1503): requesting nits when no mapping exists.
02-22 01:14:02.256 E/DisplayDeviceConfig( 1503): requesting nits when no mapping exists.
02-22 01:14:02.256 I/am_wtf ( 1503): [0,1503,system_server,-1,DisplayDeviceConfig,requesting nits when no mapping exists.]
02-22 01:14:02.257 I/am_wtf ( 1503): [0,1503,system_server,-1,DisplayDeviceConfig,requesting nits when no mapping exists.]
02-22 01:14:02.272 E/DisplayDeviceConfig( 1503): requesting nits when no mapping exists.
02-22 01:14:02.272 E/DisplayDeviceConfig( 1503): requesting nits when no mapping exists.
02-22 01:14:02.272 I/am_wtf ( 1503): [0,1503,system_server,-1,DisplayDeviceConfig,requesting nits when no mapping exists.]
02-22 01:14:02.273 I/am_wtf ( 1503): [0,1503,system_server,-1,DisplayDeviceConfig,requesting nits when no mapping exists.]
02-22 01:14:02.289 E/DisplayDeviceConfig( 1503): requesting nits when no mapping exists.
02-22 01:14:02.289 E/DisplayDeviceConfig( 1503): requesting nits when no mapping exists.
02-22 01:14:02.289 I/am_wtf ( 1503): [0,1503,system_server,-1,DisplayDeviceConfig,requesting nits when no mapping exists.]
02-22 01:14:02.290 I/am_wtf ( 1503): [0,1503,system_server,-1,DisplayDeviceConfig,requesting nits when no mapping exists.]
02-22 01:14:02.306 E/DisplayDeviceConfig( 1503): requesting nits when no mapping exists.
02-22 01:14:02.306 E/DisplayDeviceConfig( 1503): requesting nits when no mapping exists.
02-22 01:14:02.306 I/am_wtf ( 1503): [0,1503,system_server,-1,DisplayDeviceConfig,requesting nits when no mapping exists.]
02-22 01:14:02.307 I/am_wtf ( 1503): [0,1503,system_server,-1,DisplayDeviceConfig,requesting nits when no mapping exists.]
02-22 01:14:02.322 E/DisplayDeviceConfig( 1503): requesting nits when no mapping exists.
02-22 01:14:02.323 E/DisplayDeviceConfig( 1503): requesting nits when no mapping exists.
02-22 01:14:02.323 I/am_wtf ( 1503): [0,1503,system_server,-1,DisplayDeviceConfig,requesting nits when no mapping exists.]
02-22 01:14:02.323 I/am_wtf ( 1503): [0,1503,system_server,-1,DisplayDeviceConfig,requesting nits when no mapping exists.]
02-22 01:14:02.339 E/DisplayDeviceConfig( 1503): requesting nits when no mapping exists.
02-22 01:14:02.339 E/DisplayDeviceConfig( 1503): requesting nits when no mapping exists.
02-22 01:14:02.339 I/am_wtf ( 1503): [0,1503,system_server,-1,DisplayDeviceConfig,requesting nits when no mapping exists.]
02-22 01:14:02.341 I/am_wtf ( 1503): [0,1503,system_server,-1,DisplayDeviceConfig,requesting nits when no mapping exists.]
02-22 01:14:02.356 E/DisplayDeviceConfig( 1503): requesting nits when no mapping exists.
02-22 01:14:02.356 E/DisplayDeviceConfig( 1503): requesting nits when no mapping exists.
02-22 01:14:02.356 I/am_wtf ( 1503): [0,1503,system_server,-1,DisplayDeviceConfig,requesting nits when no mapping exists.]
02-22 01:14:02.357 I/service_manager_stats( 1503): [100,43,50569]
02-22 01:14:02.357 I/am_wtf ( 1503): [0,1503,system_server,-1,DisplayDeviceConfig,requesting nits when no mapping exists.]
01-01 12:01:50.429 E/msm_pcm_playback_close( 0): CMD_EOS failed, cmd_pending 0x8
01-01 12:01:50.436 I/afe_close( 0): port_id = 0x9000
02-22 01:14:02.372 E/DisplayDeviceConfig( 1503): requesting nits when no mapping exists.
02-22 01:14:02.373 I/am_wtf ( 1503): [0,1503,system_server,-1,DisplayDeviceConfig,requesting nits when no mapping exists.]
02-22 01:14:02.373 E/DisplayDeviceConfig( 1503): requesting nits when no mapping exists.
02-22 01:14:02.374 I/am_wtf ( 1503): [0,1503,system_server,-1,DisplayDeviceConfig,requesting nits when no mapping exists.]
02-22 01:14:02.389 E/DisplayDeviceConfig( 1503): requesting nits when no mapping exists.
02-22 01:14:02.389 E/DisplayDeviceConfig( 1503): requesting nits when no mapping exists.
02-22 01:14:02.389 I/am_wtf ( 1503): [0,1503,system_server,-1,DisplayDeviceConfig,requesting nits when no mapping exists.]
02-22 01:14:02.390 I/am_wtf ( 1503): [0,1503,system_server,-1,DisplayDeviceConfig,requesting nits when no mapping exists.]
01-01 12:01:50.458 I/afe_find_cal_topo_id_by_port( 0): port id: 0x9000, dev_acdb_id: 0
01-01 12:01:50.458 I/afe_find_cal_topo_id_by_port( 0): top_id:112fc acdb_id:15 afe_port:0x9000
01-01 12:01:50.458 I/afe_get_cal_topology_id( 0): port_id = 0x9000 acdb_id = 15 topology_id = 0x112fc cal_type_index=8 ret=0
01-01 12:01:50.458 I/afe_send_port_topology_id( 0): AFE set topology id 0x112fc enable for port 0x9000 ret 0
01-01 12:01:50.458 I/send_afe_cal_type( 0): cal_index is 0
01-01 12:01:50.458 I/send_afe_cal_type( 0): dev_acdb_id[55] is 0
01-01 12:01:50.458 I/send_afe_cal_type( 0): Sending cal_index cal 0
01-01 12:01:50.458 E/send_afe_cal_type( 0): No cal sent for cal_index 0, port_id = 0x9000! ret -22
01-01 12:01:50.458 I/afe_send_hw_delay( 0): port_id 0x9000 rate 48000 delay_usec 474 status 0
02-22 01:14:02.406 E/DisplayDeviceConfig( 1503): requesting nits when no mapping exists.
02-22 01:14:02.406 E/DisplayDeviceConfig( 1503): requesting nits when no mapping exists.
02-22 01:14:02.406 I/am_wtf ( 1503): [0,1503,system_server,-1,DisplayDeviceConfig,requesting nits when no mapping exists.]
02-22 01:14:02.406 I/am_wtf ( 1503): [0,1503,system_server,-1,DisplayDeviceConfig,requesting nits when no mapping exists.]
02-22 01:14:02.423 E/DisplayDeviceConfig( 1503): requesting nits when no mapping exists.
02-22 01:14:02.423 I/am_wtf ( 1503): [0,1503,system_server,-1,DisplayDeviceConfig,requesting nits when no mapping exists.]
02-22 01:14:02.423 E/DisplayDeviceConfig( 1503): requesting nits when no mapping exists.
02-22 01:14:02.424 I/am_wtf ( 1503): [0,1503,system_server,-1,DisplayDeviceConfig,requesting nits when no mapping exists.]
02-22 01:14:02.439 E/DisplayDeviceConfig( 1503): requesting nits when no mapping exists.
02-22 01:14:02.440 I/am_wtf ( 1503): [0,1503,system_server,-1,DisplayDeviceConfig,requesting nits when no mapping exists.]
02-22 01:14:02.440 E/DisplayDeviceConfig( 1503): requesting nits when no mapping exists.
02-22 01:14:02.441 I/am_wtf ( 1503): [0,1503,system_server,-1,DisplayDeviceConfig,requesting nits when no mapping exists.]
02-22 01:14:02.456 E/DisplayDeviceConfig( 1503): requesting nits when no mapping exists.
02-22 01:14:02.457 I/am_wtf ( 1503): [0,1503,system_server,-1,DisplayDeviceConfig,requesting nits when no mapping exists.]
02-22 01:14:02.457 E/DisplayDeviceConfig( 1503): requesting nits when no mapping exists.
02-22 01:14:02.457 I/am_wtf ( 1503): [0,1503,system_server,-1,DisplayDeviceConfig,requesting nits when no mapping exists.]
02-22 01:14:02.473 E/DisplayDeviceConfig( 1503): requesting nits when no mapping exists.
02-22 01:14:02.473 I/am_wtf ( 1503): [0,1503,system_server,-1,DisplayDeviceConfig,requesting nits when no mapping exists.]
02-22 01:14:02.473 E/DisplayDeviceConfig( 1503): requesting nits when no mapping exists.
02-22 01:14:02.474 I/am_wtf ( 1503): [0,1503,system_server,-1,DisplayDeviceConfig,requesting nits when no mapping exists.]
02-22 01:14:02.489 E/DisplayDeviceConfig( 1503): requesting nits when no mapping exists.
02-22 01:14:02.490 I/am_wtf ( 1503): [0,1503,system_server,-1,DisplayDeviceConfig,requesting nits when no mapping exists.]
02-22 01:14:02.490 E/DisplayDeviceConfig( 1503): requesting nits when no mapping exists.
02-22 01:14:02.491 I/am_wtf ( 1503): [0,1503,system_server,-1,DisplayDeviceConfig,requesting nits when no mapping exists.]
02-22 01:14:02.506 E/DisplayDeviceConfig( 1503): requesting nits when no mapping exists.
02-22 01:14:02.506 I/am_wtf ( 1503): [0,1503,system_server,-1,DisplayDeviceConfig,requesting nits when no mapping exists.]
02-22 01:14:02.506 E/DisplayDeviceConfig( 1503): requesting nits when no mapping exists.
02-22 01:14:02.507 I/am_wtf ( 1503): [0,1503,system_server,-1,DisplayDeviceConfig,requesting nits when no mapping exists.]
02-22 01:14:02.523 E/DisplayDeviceConfig( 1503): requesting nits when no mapping exists.
02-22 01:14:02.523 E/DisplayDeviceConfig( 1503): requesting nits when no mapping exists.
02-22 01:14:02.523 I/am_wtf ( 1503): [0,1503,system_server,-1,DisplayDeviceConfig,requesting nits when no mapping exists.]
02-22 01:14:02.524 I/am_wtf ( 1503): [0,1503,system_server,-1,DisplayDeviceConfig,requesting nits when no mapping exists.]
02-22 01:14:02.540 E/DisplayDeviceConfig( 1503): requesting nits when no mapping exists.
02-22 01:14:02.541 I/am_wtf ( 1503): [0,1503,system_server,-1,DisplayDeviceConfig,requesting nits when no mapping exists.]
02-22 01:14:02.541 E/DisplayDeviceConfig( 1503): requesting nits when no mapping exists.
02-22 01:14:02.541 I/am_wtf ( 1503): [0,1503,system_server,-1,DisplayDeviceConfig,requesting nits when no mapping exists.]
02-22 01:14:02.556 E/DisplayDeviceConfig( 1503): requesting nits when no mapping exists.
02-22 01:14:02.557 E/DisplayDeviceConfig( 1503): requesting nits when no mapping exists.
02-22 01:14:02.557 I/am_wtf ( 1503): [0,1503,system_server,-1,DisplayDeviceConfig,requesting nits when no mapping exists.]
02-22 01:14:02.558 I/am_wtf ( 1503): [0,1503,system_server,-1,DisplayDeviceConfig,requesting nits when no mapping exists.]
02-22 01:14:02.573 E/DisplayDeviceConfig( 1503): requesting nits when no mapping exists.
02-22 01:14:02.574 I/am_wtf ( 1503): [0,1503,system_server,-1,DisplayDeviceConfig,requesting nits when no mapping exists.]
02-22 01:14:02.574 E/DisplayDeviceConfig( 1503): requesting nits when no mapping exists.
02-22 01:14:02.575 I/am_wtf ( 1503): [0,1503,system_server,-1,DisplayDeviceConfig,requesting nits when no mapping exists.]
02-22 01:14:02.589 E/DisplayDeviceConfig( 1503): requesting nits when no mapping exists.
02-22 01:14:02.590 I/am_wtf ( 1503): [0,1503,system_server,-1,DisplayDeviceConfig,requesting nits when no mapping exists.]
02-22 01:14:02.590 E/DisplayDeviceConfig( 1503): requesting nits when no mapping exists.
02-22 01:14:02.591 I/am_wtf ( 1503): [0,1503,system_server,-1,DisplayDeviceConfig,requesting nits when no mapping exists.]
02-22 01:14:02.606 E/DisplayDeviceConfig( 1503): requesting nits when no mapping exists.
02-22 01:14:02.607 I/am_wtf ( 1503): [0,1503,system_server,-1,DisplayDeviceConfig,requesting nits when no mapping exists.]
02-22 01:14:02.607 E/DisplayDeviceConfig( 1503): requesting nits when no mapping exists.
02-22 01:14:02.608 I/am_wtf ( 1503): [0,1503,system_server,-1,DisplayDeviceConfig,requesting nits when no mapping exists.]
02-22 01:14:02.623 E/DisplayDeviceConfig( 1503): requesting nits when no mapping exists.
02-22 01:14:02.623 E/DisplayDeviceConfig( 1503): requesting nits when no mapping exists.
02-22 01:14:02.623 I/am_wtf ( 1503): [0,1503,system_server,-1,DisplayDeviceConfig,requesting nits when no mapping exists.]
02-22 01:14:02.624 I/am_wtf ( 1503): [0,1503,system_server,-1,DisplayDeviceConfig,requesting nits when no mapping exists.]
02-22 01:14:02.640 E/DisplayDeviceConfig( 1503): requesting nits when no mapping exists.
02-22 01:14:02.641 I/am_wtf ( 1503): [0,1503,system_server,-1,DisplayDeviceConfig,requesting nits when no mapping exists.]
02-22 01:14:02.641 E/DisplayDeviceConfig( 1503): requesting nits when no mapping exists.
02-22 01:14:02.642 I/am_wtf ( 1503): [0,1503,system_server,-1,DisplayDeviceConfig,requesting nits when no mapping exists.]
02-22 01:14:02.656 E/DisplayDeviceConfig( 1503): requesting nits when no mapping exists.
02-22 01:14:02.657 E/DisplayDeviceConfig( 1503): requesting nits when no mapping exists.
02-22 01:14:02.657 I/am_wtf ( 1503): [0,1503,system_server,-1,DisplayDeviceConfig,requesting nits when no mapping exists.]
02-22 01:14:02.658 I/am_wtf ( 1503): [0,1503,system_server,-1,DisplayDeviceConfig,requesting nits when no mapping exists.]
02-22 01:14:02.673 E/DisplayDeviceConfig( 1503): requesting nits when no mapping exists.
02-22 01:14:02.673 E/DisplayDeviceConfig( 1503): requesting nits when no mapping exists.
02-22 01:14:02.673 I/am_wtf ( 1503): [0,1503,system_server,-1,DisplayDeviceConfig,requesting nits when no mapping exists.]
02-22 01:14:02.674 I/am_wtf ( 1503): [0,1503,system_server,-1,DisplayDeviceConfig,requesting nits when no mapping exists.]
02-22 01:14:02.690 E/DisplayDeviceConfig( 1503): requesting nits when no mapping exists.
02-22 01:14:02.691 E/DisplayDeviceConfig( 1503): requesting nits when no mapping exists.
02-22 01:14:02.691 I/am_wtf ( 1503): [0,1503,system_server,-1,DisplayDeviceConfig,requesting nits when no mapping exists.]
02-22 01:14:02.692 I/am_wtf ( 1503): [0,1503,system_server,-1,DisplayDeviceConfig,requesting nits when no mapping exists.]
02-22 01:14:02.707 E/DisplayDeviceConfig( 1503): requesting nits when no mapping exists.
02-22 01:14:02.707 I/am_wtf ( 1503): [0,1503,system_server,-1,DisplayDeviceConfig,requesting nits when no mapping exists.]
02-22 01:14:02.708 E/DisplayDeviceConfig( 1503): requesting nits when no mapping exists.
02-22 01:14:02.708 I/am_wtf ( 1503): [0,1503,system_server,-1,DisplayDeviceConfig,requesting nits when no mapping exists.]
02-22 01:14:02.723 E/DisplayDeviceConfig( 1503): requesting nits when no mapping exists.
02-22 01:14:02.724 E/DisplayDeviceConfig( 1503): requesting nits when no mapping exists.
02-22 01:14:02.724 I/am_wtf ( 1503): [0,1503,system_server,-1,DisplayDeviceConfig,requesting nits when no mapping exists.]
02-22 01:14:02.725 I/am_wtf ( 1503): [0,1503,system_server,-1,DisplayDeviceConfig,requesting nits when no mapping exists.]
02-22 01:14:02.740 E/DisplayDeviceConfig( 1503): requesting nits when no mapping exists.
02-22 01:14:02.741 E/DisplayDeviceConfig( 1503): requesting nits when no mapping exists.
02-22 01:14:02.741 I/am_wtf ( 1503): [0,1503,system_server,-1,DisplayDeviceConfig,requesting nits when no mapping exists.]
02-22 01:14:02.742 I/am_wtf ( 1503): [0,1503,system_server,-1,DisplayDeviceConfig,requesting nits when no mapping exists.]
02-22 01:14:02.757 E/DisplayDeviceConfig( 1503): requesting nits when no mapping exists.
02-22 01:14:02.758 E/DisplayDeviceConfig( 1503): requesting nits when no mapping exists.
02-22 01:14:02.758 I/am_wtf ( 1503): [0,1503,system_server,-1,DisplayDeviceConfig,requesting nits when no mapping exists.]
02-22 01:14:02.759 I/am_wtf ( 1503): [0,1503,system_server,-1,DisplayDeviceConfig,requesting nits when no mapping exists.]
02-22 01:14:02.774 E/DisplayDeviceConfig( 1503): requesting nits when no mapping exists.
02-22 01:14:02.774 I/am_wtf ( 1503): [0,1503,system_server,-1,DisplayDeviceConfig,requesting nits when no mapping exists.]
02-22 01:14:02.774 E/DisplayDeviceConfig( 1503): requesting nits when no mapping exists.
02-22 01:14:02.775 I/am_wtf ( 1503): [0,1503,system_server,-1,DisplayDeviceConfig,requesting nits when no mapping exists.]
02-22 01:14:02.790 E/DisplayDeviceConfig( 1503): requesting nits when no mapping exists.
02-22 01:14:02.791 I/am_wtf ( 1503): [0,1503,system_server,-1,DisplayDeviceConfig,requesting nits when no mapping exists.]
02-22 01:14:02.791 E/DisplayDeviceConfig( 1503): requesting nits when no mapping exists.
02-22 01:14:02.791 I/am_wtf ( 1503): [0,1503,system_server,-1,DisplayDeviceConfig,requesting nits when no mapping exists.]
02-22 01:14:02.807 E/DisplayDeviceConfig( 1503): requesting nits when no mapping exists.
02-22 01:14:02.807 I/am_wtf ( 1503): [0,1503,system_server,-1,DisplayDeviceConfig,requesting nits when no mapping exists.]
02-22 01:14:02.807 E/DisplayDeviceConfig( 1503): requesting nits when no mapping exists.
02-22 01:14:02.808 I/am_wtf ( 1503): [0,1503,system_server,-1,DisplayDeviceConfig,requesting nits when no mapping exists.]
02-22 01:14:02.824 E/DisplayDeviceConfig( 1503): requesting nits when no mapping exists.
02-22 01:14:02.824 I/am_wtf ( 1503): [0,1503,system_server,-1,DisplayDeviceConfig,requesting nits when no mapping exists.]
02-22 01:14:02.824 E/DisplayDeviceConfig( 1503): requesting nits when no mapping exists.
02-22 01:14:02.825 I/am_wtf ( 1503): [0,1503,system_server,-1,DisplayDeviceConfig,requesting nits when no mapping exists.]
02-22 01:14:02.840 E/DisplayDeviceConfig( 1503): requesting nits when no mapping exists.
02-22 01:14:02.841 I/am_wtf ( 1503): [0,1503,system_server,-1,DisplayDeviceConfig,requesting nits when no mapping exists.]
02-22 01:14:02.841 E/DisplayDeviceConfig( 1503): requesting nits when no mapping exists.
02-22 01:14:02.842 I/am_wtf ( 1503): [0,1503,system_server,-1,DisplayDeviceConfig,requesting nits when no mapping exists.]
02-22 01:14:02.857 E/DisplayDeviceConfig( 1503): requesting nits when no mapping exists.
02-22 01:14:02.857 I/am_wtf ( 1503): [0,1503,system_server,-1,DisplayDeviceConfig,requesting nits when no mapping exists.]
02-22 01:14:02.857 E/DisplayDeviceConfig( 1503): requesting nits when no mapping exists.
02-22 01:14:02.858 I/am_wtf ( 1503): [0,1503,system_server,-1,DisplayDeviceConfig,requesting nits when no mapping exists.]
02-22 01:14:02.874 E/DisplayDeviceConfig( 1503): requesting nits when no mapping exists.
02-22 01:14:02.874 I/am_wtf ( 1503): [0,1503,system_server,-1,DisplayDeviceConfig,requesting nits when no mapping exists.]
02-22 01:14:02.874 E/DisplayDeviceConfig( 1503): requesting nits when no mapping exists.
02-22 01:14:02.875 I/am_wtf ( 1503): [0,1503,system_server,-1,DisplayDeviceConfig,requesting nits when no mapping exists.]
02-22 01:14:02.890 E/DisplayDeviceConfig( 1503): requesting nits when no mapping exists.
02-22 01:14:02.891 E/DisplayDeviceConfig( 1503): requesting nits when no mapping exists.
02-22 01:14:02.891 I/am_wtf ( 1503): [0,1503,system_server,-1,DisplayDeviceConfig,requesting nits when no mapping exists.]
02-22 01:14:02.892 I/am_wtf ( 1503): [0,1503,system_server,-1,DisplayDeviceConfig,requesting nits when no mapping exists.]
02-22 01:14:02.907 E/DisplayDeviceConfig( 1503): requesting nits when no mapping exists.
02-22 01:14:02.908 E/DisplayDeviceConfig( 1503): requesting nits when no mapping exists.
02-22 01:14:02.908 I/am_wtf ( 1503): [0,1503,system_server,-1,DisplayDeviceConfig,requesting nits when no mapping exists.]
02-22 01:14:02.909 I/am_wtf ( 1503): [0,1503,system_server,-1,DisplayDeviceConfig,requesting nits when no mapping exists.]
02-22 01:14:02.924 E/DisplayDeviceConfig( 1503): requesting nits when no mapping exists.
02-22 01:14:02.924 E/DisplayDeviceConfig( 1503): requesting nits when no mapping exists.
02-22 01:14:02.924 I/am_wtf ( 1503): [0,1503,system_server,-1,DisplayDeviceConfig,requesting nits when no mapping exists.]
02-22 01:14:02.925 I/am_wtf ( 1503): [0,1503,system_server,-1,DisplayDeviceConfig,requesting nits when no mapping exists.]
02-22 01:14:02.941 E/DisplayDeviceConfig( 1503): requesting nits when no mapping exists.
02-22 01:14:02.942 E/DisplayDeviceConfig( 1503): requesting nits when no mapping exists.
02-22 01:14:02.942 I/am_wtf ( 1503): [0,1503,system_server,-1,DisplayDeviceConfig,requesting nits when no mapping exists.]
02-22 01:14:02.943 I/am_wtf ( 1503): [0,1503,system_server,-1,DisplayDeviceConfig,requesting nits when no mapping exists.]
02-22 01:14:02.957 E/DisplayDeviceConfig( 1503): requesting nits when no mapping exists.
02-22 01:14:02.958 I/am_wtf ( 1503): [0,1503,system_server,-1,DisplayDeviceConfig,requesting nits when no mapping exists.]
02-22 01:14:02.958 E/DisplayDeviceConfig( 1503): requesting nits when no mapping exists.
02-22 01:14:02.959 I/am_wtf ( 1503): [0,1503,system_server,-1,DisplayDeviceConfig,requesting nits when no mapping exists.]
02-22 01:14:02.974 E/DisplayDeviceConfig( 1503): requesting nits when no mapping exists.
02-22 01:14:02.975 I/am_wtf ( 1503): [0,1503,system_server,-1,DisplayDeviceConfig,requesting nits when no mapping exists.]
02-22 01:14:02.975 E/DisplayDeviceConfig( 1503): requesting nits when no mapping exists.
02-22 01:14:02.976 I/am_wtf ( 1503): [0,1503,system_server,-1,DisplayDeviceConfig,requesting nits when no mapping exists.]
01-01 12:01:53.813 E/DTC_ETH,link_delay_work_func( 0): 3003, SQI=0, link=0
02-22 01:14:07.631 D/CompatibilityChangeReporter( 1503): Compat change id reported: 168419799; UID 10092; state: DISABLED
02-22 01:14:07.638 I/am_pss ( 1503): [2959,10070,com.qualcomm.location.XT,6294528,4632576,0,93503488,0,6,8]
02-22 01:14:07.651 I/am_pss ( 1503): [3065,10025,com.baidu.input,106403840,91578368,0,226787328,0,7,12]
02-22 01:14:09.172 I/PowerManagerService( 1503): Napping display group (groupId=0, uid=1000)...
02-22 01:14:09.173 I/PowerManagerService( 1503): Nap time (uid 1000)...
02-22 01:14:09.176 I/DreamManagerService( 1503): Entering dreamland.
02-22 01:14:09.178 I/PowerManagerService( 1503): Dreaming...
02-22 01:14:09.181 I/DreamController( 1503): Starting dream: name=ComponentInfo{com.thundercomm.screensaver/com.thundercomm.saverclock.service.ClockScreensaver}, isTest=false, canDoze=false, userId=0
02-22 01:14:09.181 I/sysui_multi_action( 1503): [757,222,758,1]
02-22 01:14:09.186 I/am_uid_running( 1503): 10047
02-22 01:14:09.187 I/am_pss ( 1503): [3902,10054,com.qualcomm.qti.qms.service.trustzoneaccess,5562368,3842048,0,91607040,0,19,7]
02-22 01:14:09.187 D/CompatibilityChangeReporter( 1503): Compat change id reported: 135634846; UID 10047; state: DISABLED
02-22 01:14:09.187 D/CompatibilityChangeReporter( 1503): Compat change id reported: 177438394; UID 10047; state: DISABLED
02-22 01:14:09.187 D/CompatibilityChangeReporter( 1503): Compat change id reported: 135772972; UID 10047; state: DISABLED
02-22 01:14:09.187 D/CompatibilityChangeReporter( 1503): Compat change id reported: 135754954; UID 10047; state: ENABLED
02-22 01:14:09.188 D/CompatibilityChangeReporter( 1503): Compat change id reported: 143937733; UID 10047; state: ENABLED
02-22 01:14:09.193 I/am_pss ( 1503): [3656,10026,com.android.providers.calendar,7036928,5152768,0,97443840,0,19,5]
02-22 01:14:09.199 I/am_pss ( 1503): [3045,10017,android.process.media,11246592,9351168,0,101498880,0,19,5]
02-22 01:14:09.202 I/am_proc_start( 1503): [0,3965,10047,com.thundercomm.screensaver,service,{com.thundercomm.screensaver/com.thundercomm.saverclock.service.ClockScreensaver}]
02-22 01:14:09.202 I/ActivityManager( 1503): Start proc 3965:com.thundercomm.screensaver/u0a47 for service {com.thundercomm.screensaver/com.thundercomm.saverclock.service.ClockScreensaver}
02-22 01:14:09.206 I/am_pss ( 1503): [3769,10033,com.android.externalstorage,5391360,3796992,0,91635712,0,19,5]
02-22 01:14:09.212 I/am_pss ( 1503): [2646,10068,com.android.deskclock,9124864,6524928,0,101711872,0,19,5]
02-22 01:14:09.217 I/am_pss ( 1503): [2975,10088,com.qualcomm.qtil.aptxui,7118848,5627904,0,91250688,0,19,5]
02-22 01:14:09.222 I/am_pss ( 1503): [3744,10058,com.qualcomm.qti.qms.service.connectionsecurity,18619392,4325376,0,77160448,0,19,5]
02-22 01:14:09.228 I/am_pss ( 1503): [2551,10086,com.qualcomm.qti.qccauthmgr,6106112,4288512,0,95670272,0,19,5]
01-01 12:01:57.294 I/binder ( 0): 3965:3965 ioctl 40046210 7fff12dd34 returned -22
02-22 01:14:09.232 I/am_proc_bound( 1503): [0,3965,com.thundercomm.screensaver]
02-22 01:14:09.233 D/CompatibilityChangeReporter( 1503): Compat change id reported: 168419799; UID 10047; state: DISABLED
02-22 01:14:09.234 I/am_uid_active( 1503): 10047
02-22 01:14:09.235 I/am_pss ( 1503): [3677,2000,com.android.shell,5817344,4231168,0,92131328,0,19,5]
02-22 01:14:09.243 I/am_pss ( 1503): [2404,1000,com.android.settings,32430080,19169280,0,147476480,0,19,7]
02-22 01:14:09.249 I/am_pss ( 1503): [3625,10022,com.android.packageinstaller,6944768,5464064,0,90738688,0,19,5]
02-22 01:14:09.255 I/am_pss ( 1503): [3608,10059,com.android.onetimeinitializer,5053440,3522560,0,89939968,0,19,5]
02-22 01:14:09.260 I/am_pss ( 1503): [3592,10087,com.android.music,7335936,5259264,0,93868032,0,19,5]
02-22 01:14:09.266 I/am_pss ( 1503): [3576,10034,com.android.managedprovisioning,8835072,7282688,0,94261248,0,19,5]
02-22 01:14:09.271 I/am_pss ( 1503): [3541,1000,com.android.dynsystem:dynsystem,5516288,3825664,0,90968064,0,19,4]
02-22 01:14:09.277 I/am_pss ( 1503): [2851,1000,com.android.keychain,7941120,6377472,0,93634560,0,19,4]
02-22 01:14:09.283 I/am_pss ( 1503): [3525,1000,com.android.dynsystem,5283840,3694592,0,90173440,0,19,5]
02-22 01:14:09.289 I/am_pss ( 1503): [3501,10062,com.android.calendar,6008832,4083712,0,91516928,0,19,5]
02-22 01:14:09.294 I/am_pss ( 1503): [3482,1000,com.android.localtransport,5275648,3706880,0,90882048,0,19,5]
02-22 01:14:09.301 I/am_pss ( 1503): [3190,10018,android.process.acore,13310976,9719808,0,116834304,0,19,6]
02-22 01:14:09.307 I/am_pss ( 1503): [3213,1000,com.qti.diagservices,5704704,3772416,0,94449664,0,10,5]
02-22 01:14:09.312 I/am_pss ( 1503): [3058,10030,com.android.traceur,10162176,8519680,0,97722368,0,19,5]
02-22 01:14:09.317 I/am_pss ( 1503): [2426,10061,com.thundercomm.gamemode.provider,7554048,5808128,0,95936512,0,19,4]
02-22 01:14:09.322 I/am_pss ( 1503): [2824,10081,com.qualcomm.qti.workloadclassifier,8099840,6553600,0,93122560,0,0,4]
02-22 01:14:09.327 I/am_pss ( 1503): [2798,10085,com.qualcomm.qti.qccnetstat,5830656,4259840,0,91308032,0,0,4]
02-22 01:14:09.332 I/am_pss ( 1503): [2786,10072,com.qualcomm.qti.services.systemhelper:systemhelper_service,6056960,4395008,0,93392896,0,0,5]
02-22 01:14:09.337 I/am_pss ( 1503): [2765,10053,.pasr,5104640,3608576,0,89169920,0,0,4]
02-22 01:14:09.342 I/am_pss ( 1503): [2717,10057,ts.car.uart,5864448,4362240,0,90292224,0,0,4]
02-22 01:14:09.348 I/am_pss ( 1503): [2731,1000,com.hryt.hiphishowfsecontrol,14000128,12009472,0,105402368,0,0,4]
02-22 01:14:09.354 I/am_pss ( 1503): [2708,10082,com.hht.lebocast,35540992,16343040,0,111394816,0,0,6]
02-22 01:14:09.360 I/am_pss ( 1503): [2374,1000,com.qualcomm.qti.qdma,9459712,6479872,0,105390080,0,0,6]
02-22 01:14:09.366 I/am_pss ( 1503): [3166,10065,com.qualcomm.qti.devicestatisticsservice,5040128,3547136,0,89001984,0,0,4]
02-22 01:14:09.371 I/am_pss ( 1503): [2334,1000,com.thundercomm.tcservice,8237056,6553600,0,96059392,0,0,4]
02-22 01:14:09.377 I/am_pss ( 1503): [2307,1000,com.thundercomm.remotecontrolservice,9210880,7000064,0,100937728,0,0,5]
02-22 01:14:09.382 I/am_pss ( 1503): [2297,1068,com.android.se,5592064,4001792,0,91795456,0,0,5]
02-22 01:14:09.388 I/am_pss ( 1503): [2282,10084,com.qti.qualcomm.mstatssystemservice,5202944,3702784,0,89804800,0,0,5]
02-22 01:14:09.393 I/am_pss ( 1503): [2239,1000,vendor.qti.qesdk.sysservice,5238784,3686400,0,91070464,0,0,5]
02-22 01:14:09.398 I/am_pss ( 1503): [2207,1000,com.thundercomm.tcsetupwizard,6566912,5074944,0,91103232,0,0,5]
02-22 01:14:09.404 I/am_pss ( 1503): [2169,10055,.qtidataservices,5588992,4050944,0,91377664,0,0,5]
02-22 01:14:09.407 D/MicroServiceManager( 3965): add linkToDeath
02-22 01:14:09.407 D/MicroServiceManager( 3965): bindMicroService: called already get service
02-22 01:14:09.409 I/MicroServiceManager( 3965): addCommonCallbackListener add listener
02-22 01:14:09.409 I/MicroServiceManager( 3965): addConnectChangedListener add listener
02-22 01:14:09.409 I/am_pss ( 1503): [2179,1000,com.tc.logclient,7353344,5443584,0,98672640,0,0,5]
02-22 01:14:09.412 I/ActivityTaskManager( 1503): START u0 {flg=0x10000000 pkg=com.thundercomm.screensaver cmp=com.thundercomm.screensaver/android.service.dreams.DreamActivity (has extras)} from uid 10047
02-22 01:14:09.415 I/am_pss ( 1503): [2170,1000,com.thundercomm.tchttpserver,7564288,5935104,0,93843456,0,0,5]
02-22 01:14:09.416 D/CompatibilityChangeReporter( 1503): Compat change id reported: 184838306; UID 10047; state: DISABLED
02-22 01:14:09.416 D/CompatibilityChangeReporter( 1503): Compat change id reported: 185004937; UID 10047; state: DISABLED
02-22 01:14:09.417 D/CompatibilityChangeReporter( 1503): Compat change id reported: 181136395; UID 10047; state: DISABLED
02-22 01:14:09.417 D/CompatibilityChangeReporter( 1503): Compat change id reported: 174042936; UID 10047; state: DISABLED
02-22 01:14:09.417 D/CompatibilityChangeReporter( 1503): Compat change id reported: 174042980; UID 10047; state: DISABLED
02-22 01:14:09.418 I/wm_task_created( 1503): [42,-1]
02-22 01:14:09.418 W/ActivityTaskManager( 1503): Can't find TaskDisplayArea to determine support for multi window. Task id=42 attached=false
02-22 01:14:09.420 I/am_pss ( 1503): [2099,1000,com.thundercomm.microservice,8377344,6750208,0,95113216,0,0,5]
02-22 01:14:09.423 I/wm_task_moved( 1503): [42,1,6]
02-22 01:14:09.423 I/wm_task_to_front( 1503): [0,42]
02-22 01:14:09.423 I/wm_create_task( 1503): [0,42]
02-22 01:14:09.423 I/wm_create_activity( 1503): [0,90611704,42,com.thundercomm.screensaver/android.service.dreams.DreamActivity,NULL,NULL,NULL,276824064]
02-22 01:14:09.423 I/wm_task_moved( 1503): [42,1,6]
02-22 01:14:09.424 I/wm_on_top_resumed_lost_called( 2514): [229498384,com.android.launcher3.uioverrides.QuickstepLauncher,topStateChangedWhenResumed]
02-22 01:14:09.424 I/wm_pause_activity( 1503): [0,229498384,com.android.launcher3/.uioverrides.QuickstepLauncher,userLeaving=true,pauseBackTasks]
02-22 01:14:09.426 I/MicroServiceManager( 3965): responseResult(requestRemoteScreensaverData) result is{"fsem_request_screensaver_data_type":"screensaver_theme_more","result":"RESULT_SUCCESS"}.
02-22 01:14:09.426 I/MicroServiceManager( 3965): responseResult(requestRemoteScreensaverData) result is{"fsem_request_screensaver_data_type":"screensaver_custom_other","result":"RESULT_SUCCESS"}.
02-22 01:14:09.426 I/am_pss ( 1503): [2112,1000,com.thundercomm.microsettings,29803520,19202048,0,131596288,0,0,6]
02-22 01:14:09.427 I/wm_on_paused_called( 2514): [229498384,com.android.launcher3.uioverrides.QuickstepLauncher,performPause]
02-22 01:14:09.428 I/ActivityTaskManager( 1503): FOREGROUND_APPLICATION_CHANGED to android.service.dreams.DreamActivity
02-22 01:14:09.428 I/ActivityTaskManager( 1503): The Process com.thundercomm.screensaver Already Exists in BG. So sending its PID: 3965
02-22 01:14:09.428 I/wm_add_to_stopping( 1503): [0,229498384,com.android.launcher3/.uioverrides.QuickstepLauncher,makeInvisible]
02-22 01:14:09.428 I/wm_restart_activity( 1503): [0,90611704,42,com.thundercomm.screensaver/android.service.dreams.DreamActivity]
02-22 01:14:09.429 I/wm_set_resumed_activity( 1503): [0,com.thundercomm.screensaver/android.service.dreams.DreamActivity,minimalResumeActivityLocked]
02-22 01:14:09.431 I/sysui_multi_action( 1503): [757,803,799,window_time_0,802,60]
