02-22 01:14:09.432 I/am_pss ( 1503): [2087,1000,com.thundercomm.gamemode,24626176,18837504,0,129871872,0,0,5]
02-22 01:14:09.437 I/wm_on_create_called( 3965): [90611704,android.service.dreams.DreamActivity,performCreate]
02-22 01:14:09.437 I/wm_on_start_called( 3965): [90611704,android.service.dreams.DreamActivity,handleStartActivity]
02-22 01:14:09.438 I/wm_on_resume_called( 3965): [90611704,android.service.dreams.DreamActivity,RESUME_ACTIVITY]
02-22 01:14:09.442 W/WindowManager( 1503): Failed looking up window session=Session{5c97610 3965:u0a10047} callers=com.android.server.wm.WindowManagerService.windowForClientLocked:5628 com.android.server.wm.Session.insetsModified:629 android.view.IWindowSession$Stub.onTransact:1151
02-22 01:14:09.443 I/wm_on_top_resumed_gained_called( 3965): [90611704,android.service.dreams.DreamActivity,topStateChangedWhenResumed]
02-22 01:14:09.456 I/input_focus( 1503): [Focus leaving e3555c3 com.android.launcher3/com.android.launcher3.uioverrides.QuickstepLauncher (server),reason=NO_WINDOW]
02-22 01:14:09.473 I/input_focus( 1503): [Focus request 6f8612f com.thundercomm.screensaver/android.service.dreams.DreamActivity,reason=UpdateInputWindows]
02-22 01:14:09.474 I/am_wtf ( 1503): [0,1966,com.android.systemui,818462221,KeyguardBouncer,onFullyShown when view was null]
02-22 01:14:09.475 I/sysui_multi_action( 1966): [757,196,758,2,759,0]
02-22 01:14:09.476 I/sysui_status_bar_state( 1966): [0,0,1,0,0,1]
01-01 12:01:57.550 I/binder ( 0): 3965:3988 ioctl 40046210 7ab65b21f4 returned -22
02-22 01:14:09.496 I/sysui_multi_action( 1503): [319,82,322,82,325,71,757,761,758,8,759,2,806,com.thundercomm.screensaver,871,android.service.dreams.DreamActivity,904,com.thundercomm.screensaver,905,0,1320,4,1321,2]
02-22 01:14:09.496 V/DisplayPowerController[0]( 1503): Brightness [0.8484849] reason changing to: 'manual', previous reason: 'manual [ dim ]'.
02-22 01:14:09.496 I/sysui_multi_action( 1503): [757,1696,758,6,759,3]
02-22 01:14:09.497 I/wm_activity_launch_time( 1503): [0,90611704,com.thundercomm.screensaver/android.service.dreams.DreamActivity,82]
02-22 01:14:09.505 E/DisplayDeviceConfig( 1503): requesting nits when no mapping exists.
02-22 01:14:09.505 E/DisplayDeviceConfig( 1503): requesting nits when no mapping exists.
02-22 01:14:09.506 I/am_wtf ( 1503): [0,1503,system_server,-1,DisplayDeviceConfig,requesting nits when no mapping exists.]
02-22 01:14:09.506 I/am_wtf ( 1503): [0,1503,system_server,-1,DisplayDeviceConfig,requesting nits when no mapping exists.]
02-22 01:14:09.522 E/DisplayDeviceConfig( 1503): requesting nits when no mapping exists.
02-22 01:14:09.522 I/am_wtf ( 1503): [0,1503,system_server,-1,DisplayDeviceConfig,requesting nits when no mapping exists.]
02-22 01:14:09.522 E/DisplayDeviceConfig( 1503): requesting nits when no mapping exists.
02-22 01:14:09.523 I/am_wtf ( 1503): [0,1503,system_server,-1,DisplayDeviceConfig,requesting nits when no mapping exists.]
02-22 01:14:09.523 I/input_focus( 1503): [Focus entering 6f8612f com.thundercomm.screensaver/android.service.dreams.DreamActivity (server),reason=Window became focusable. Previous reason: NOT_VISIBLE]
02-22 01:14:09.539 E/DisplayDeviceConfig( 1503): requesting nits when no mapping exists.
02-22 01:14:09.539 E/DisplayDeviceConfig( 1503): requesting nits when no mapping exists.
02-22 01:14:09.539 I/am_wtf ( 1503): [0,1503,system_server,-1,DisplayDeviceConfig,requesting nits when no mapping exists.]
02-22 01:14:09.539 I/am_wtf ( 1503): [0,1503,system_server,-1,DisplayDeviceConfig,requesting nits when no mapping exists.]
02-22 01:14:09.555 E/DisplayDeviceConfig( 1503): requesting nits when no mapping exists.
02-22 01:14:09.555 E/DisplayDeviceConfig( 1503): requesting nits when no mapping exists.
02-22 01:14:09.556 I/am_wtf ( 1503): [0,1503,system_server,-1,DisplayDeviceConfig,requesting nits when no mapping exists.]
02-22 01:14:09.556 I/am_wtf ( 1503): [0,1503,system_server,-1,DisplayDeviceConfig,requesting nits when no mapping exists.]
02-22 01:14:09.573 E/DisplayDeviceConfig( 1503): requesting nits when no mapping exists.
02-22 01:14:09.573 I/am_wtf ( 1503): [0,1503,system_server,-1,DisplayDeviceConfig,requesting nits when no mapping exists.]
02-22 01:14:09.573 E/DisplayDeviceConfig( 1503): requesting nits when no mapping exists.
02-22 01:14:09.573 I/am_wtf ( 1503): [0,1503,system_server,-1,DisplayDeviceConfig,requesting nits when no mapping exists.]
02-22 01:14:09.589 E/DisplayDeviceConfig( 1503): requesting nits when no mapping exists.
02-22 01:14:09.589 E/DisplayDeviceConfig( 1503): requesting nits when no mapping exists.
02-22 01:14:09.589 I/am_wtf ( 1503): [0,1503,system_server,-1,DisplayDeviceConfig,requesting nits when no mapping exists.]
02-22 01:14:09.590 I/am_wtf ( 1503): [0,1503,system_server,-1,DisplayDeviceConfig,requesting nits when no mapping exists.]
02-22 01:14:09.606 E/DisplayDeviceConfig( 1503): requesting nits when no mapping exists.
02-22 01:14:09.606 E/DisplayDeviceConfig( 1503): requesting nits when no mapping exists.
02-22 01:14:09.606 I/am_wtf ( 1503): [0,1503,system_server,-1,DisplayDeviceConfig,requesting nits when no mapping exists.]
02-22 01:14:09.606 I/am_wtf ( 1503): [0,1503,system_server,-1,DisplayDeviceConfig,requesting nits when no mapping exists.]
02-22 01:14:09.623 E/DisplayDeviceConfig( 1503): requesting nits when no mapping exists.
02-22 01:14:09.623 E/DisplayDeviceConfig( 1503): requesting nits when no mapping exists.
02-22 01:14:09.623 I/am_wtf ( 1503): [0,1503,system_server,-1,DisplayDeviceConfig,requesting nits when no mapping exists.]
02-22 01:14:09.623 I/am_wtf ( 1503): [0,1503,system_server,-1,DisplayDeviceConfig,requesting nits when no mapping exists.]
02-22 01:14:09.623 I/service_manager_stats( 1503): [100,43,7266]
02-22 01:14:09.639 E/DisplayDeviceConfig( 1503): requesting nits when no mapping exists.
02-22 01:14:09.640 E/DisplayDeviceConfig( 1503): requesting nits when no mapping exists.
02-22 01:14:09.640 I/am_wtf ( 1503): [0,1503,system_server,-1,DisplayDeviceConfig,requesting nits when no mapping exists.]
02-22 01:14:09.640 I/am_wtf ( 1503): [0,1503,system_server,-1,DisplayDeviceConfig,requesting nits when no mapping exists.]
02-22 01:14:09.656 E/DisplayDeviceConfig( 1503): requesting nits when no mapping exists.
02-22 01:14:09.656 E/DisplayDeviceConfig( 1503): requesting nits when no mapping exists.
02-22 01:14:09.656 I/am_wtf ( 1503): [0,1503,system_server,-1,DisplayDeviceConfig,requesting nits when no mapping exists.]
02-22 01:14:09.657 I/am_wtf ( 1503): [0,1503,system_server,-1,DisplayDeviceConfig,requesting nits when no mapping exists.]
02-22 01:14:09.673 E/DisplayDeviceConfig( 1503): requesting nits when no mapping exists.
02-22 01:14:09.673 E/DisplayDeviceConfig( 1503): requesting nits when no mapping exists.
02-22 01:14:09.673 I/am_wtf ( 1503): [0,1503,system_server,-1,DisplayDeviceConfig,requesting nits when no mapping exists.]
02-22 01:14:09.674 I/am_wtf ( 1503): [0,1503,system_server,-1,DisplayDeviceConfig,requesting nits when no mapping exists.]
02-22 01:14:09.689 E/DisplayDeviceConfig( 1503): requesting nits when no mapping exists.
02-22 01:14:09.689 E/DisplayDeviceConfig( 1503): requesting nits when no mapping exists.
02-22 01:14:09.690 I/am_wtf ( 1503): [0,1503,system_server,-1,DisplayDeviceConfig,requesting nits when no mapping exists.]
02-22 01:14:09.690 I/am_wtf ( 1503): [0,1503,system_server,-1,DisplayDeviceConfig,requesting nits when no mapping exists.]
02-22 01:14:09.706 E/DisplayDeviceConfig( 1503): requesting nits when no mapping exists.
02-22 01:14:09.707 E/DisplayDeviceConfig( 1503): requesting nits when no mapping exists.
02-22 01:14:09.707 I/am_wtf ( 1503): [0,1503,system_server,-1,DisplayDeviceConfig,requesting nits when no mapping exists.]
02-22 01:14:09.707 I/am_wtf ( 1503): [0,1503,system_server,-1,DisplayDeviceConfig,requesting nits when no mapping exists.]
02-22 01:14:09.723 E/DisplayDeviceConfig( 1503): requesting nits when no mapping exists.
02-22 01:14:09.723 E/DisplayDeviceConfig( 1503): requesting nits when no mapping exists.
02-22 01:14:09.723 I/am_wtf ( 1503): [0,1503,system_server,-1,DisplayDeviceConfig,requesting nits when no mapping exists.]
02-22 01:14:09.723 I/am_wtf ( 1503): [0,1503,system_server,-1,DisplayDeviceConfig,requesting nits when no mapping exists.]
02-22 01:14:09.740 E/DisplayDeviceConfig( 1503): requesting nits when no mapping exists.
02-22 01:14:09.740 E/DisplayDeviceConfig( 1503): requesting nits when no mapping exists.
02-22 01:14:09.740 I/am_wtf ( 1503): [0,1503,system_server,-1,DisplayDeviceConfig,requesting nits when no mapping exists.]
02-22 01:14:09.740 I/am_wtf ( 1503): [0,1503,system_server,-1,DisplayDeviceConfig,requesting nits when no mapping exists.]
02-22 01:14:09.756 E/DisplayDeviceConfig( 1503): requesting nits when no mapping exists.
02-22 01:14:09.757 E/DisplayDeviceConfig( 1503): requesting nits when no mapping exists.
02-22 01:14:09.757 I/am_wtf ( 1503): [0,1503,system_server,-1,DisplayDeviceConfig,requesting nits when no mapping exists.]
02-22 01:14:09.757 I/am_wtf ( 1503): [0,1503,system_server,-1,DisplayDeviceConfig,requesting nits when no mapping exists.]
02-22 01:14:09.773 E/DisplayDeviceConfig( 1503): requesting nits when no mapping exists.
02-22 01:14:09.773 E/DisplayDeviceConfig( 1503): requesting nits when no mapping exists.
02-22 01:14:09.773 I/am_wtf ( 1503): [0,1503,system_server,-1,DisplayDeviceConfig,requesting nits when no mapping exists.]
02-22 01:14:09.774 I/am_wtf ( 1503): [0,1503,system_server,-1,DisplayDeviceConfig,requesting nits when no mapping exists.]
02-22 01:14:09.790 E/DisplayDeviceConfig( 1503): requesting nits when no mapping exists.
02-22 01:14:09.790 E/DisplayDeviceConfig( 1503): requesting nits when no mapping exists.
02-22 01:14:09.790 I/am_wtf ( 1503): [0,1503,system_server,-1,DisplayDeviceConfig,requesting nits when no mapping exists.]
02-22 01:14:09.791 I/am_wtf ( 1503): [0,1503,system_server,-1,DisplayDeviceConfig,requesting nits when no mapping exists.]
02-22 01:14:09.791 I/wm_stop_activity( 1503): [0,229498384,com.android.launcher3/.uioverrides.QuickstepLauncher]
02-22 01:14:09.806 E/DisplayDeviceConfig( 1503): requesting nits when no mapping exists.
02-22 01:14:09.806 E/DisplayDeviceConfig( 1503): requesting nits when no mapping exists.
02-22 01:14:09.807 I/am_wtf ( 1503): [0,1503,system_server,-1,DisplayDeviceConfig,requesting nits when no mapping exists.]
02-22 01:14:09.807 I/am_wtf ( 1503): [0,1503,system_server,-1,DisplayDeviceConfig,requesting nits when no mapping exists.]
02-22 01:14:09.809 I/wm_on_stop_called( 2514): [229498384,com.android.launcher3.uioverrides.QuickstepLauncher,STOP_ACTIVITY_ITEM]
02-22 01:14:09.824 E/DisplayDeviceConfig( 1503): requesting nits when no mapping exists.
02-22 01:14:09.824 I/am_wtf ( 1503): [0,1503,system_server,-1,DisplayDeviceConfig,requesting nits when no mapping exists.]
02-22 01:14:09.824 E/DisplayDeviceConfig( 1503): requesting nits when no mapping exists.
02-22 01:14:09.824 I/am_wtf ( 1503): [0,1503,system_server,-1,DisplayDeviceConfig,requesting nits when no mapping exists.]
02-22 01:14:09.840 E/DisplayDeviceConfig( 1503): requesting nits when no mapping exists.
02-22 01:14:09.840 E/DisplayDeviceConfig( 1503): requesting nits when no mapping exists.
02-22 01:14:09.840 I/am_wtf ( 1503): [0,1503,system_server,-1,DisplayDeviceConfig,requesting nits when no mapping exists.]
02-22 01:14:09.840 I/am_wtf ( 1503): [0,1503,system_server,-1,DisplayDeviceConfig,requesting nits when no mapping exists.]
02-22 01:14:09.857 E/DisplayDeviceConfig( 1503): requesting nits when no mapping exists.
02-22 01:14:09.857 E/DisplayDeviceConfig( 1503): requesting nits when no mapping exists.
02-22 01:14:09.857 I/am_wtf ( 1503): [0,1503,system_server,-1,DisplayDeviceConfig,requesting nits when no mapping exists.]
02-22 01:14:09.857 I/am_wtf ( 1503): [0,1503,system_server,-1,DisplayDeviceConfig,requesting nits when no mapping exists.]
02-22 01:14:09.873 E/DisplayDeviceConfig( 1503): requesting nits when no mapping exists.
02-22 01:14:09.873 E/DisplayDeviceConfig( 1503): requesting nits when no mapping exists.
02-22 01:14:09.874 I/am_wtf ( 1503): [0,1503,system_server,-1,DisplayDeviceConfig,requesting nits when no mapping exists.]
02-22 01:14:09.874 I/am_wtf ( 1503): [0,1503,system_server,-1,DisplayDeviceConfig,requesting nits when no mapping exists.]
02-22 01:14:09.890 E/DisplayDeviceConfig( 1503): requesting nits when no mapping exists.
02-22 01:14:09.890 E/DisplayDeviceConfig( 1503): requesting nits when no mapping exists.
02-22 01:14:09.890 I/am_wtf ( 1503): [0,1503,system_server,-1,DisplayDeviceConfig,requesting nits when no mapping exists.]
02-22 01:14:09.891 I/am_wtf ( 1503): [0,1503,system_server,-1,DisplayDeviceConfig,requesting nits when no mapping exists.]
02-22 01:14:09.907 E/DisplayDeviceConfig( 1503): requesting nits when no mapping exists.
02-22 01:14:09.907 E/DisplayDeviceConfig( 1503): requesting nits when no mapping exists.
02-22 01:14:09.907 I/am_wtf ( 1503): [0,1503,system_server,-1,DisplayDeviceConfig,requesting nits when no mapping exists.]
02-22 01:14:09.908 I/am_wtf ( 1503): [0,1503,system_server,-1,DisplayDeviceConfig,requesting nits when no mapping exists.]
02-22 01:14:09.923 E/DisplayDeviceConfig( 1503): requesting nits when no mapping exists.
02-22 01:14:09.923 E/DisplayDeviceConfig( 1503): requesting nits when no mapping exists.
02-22 01:14:09.924 I/am_wtf ( 1503): [0,1503,system_server,-1,DisplayDeviceConfig,requesting nits when no mapping exists.]
02-22 01:14:09.924 I/am_wtf ( 1503): [0,1503,system_server,-1,DisplayDeviceConfig,requesting nits when no mapping exists.]
02-22 01:14:09.940 E/DisplayDeviceConfig( 1503): requesting nits when no mapping exists.
02-22 01:14:09.940 E/DisplayDeviceConfig( 1503): requesting nits when no mapping exists.
02-22 01:14:09.940 I/am_wtf ( 1503): [0,1503,system_server,-1,DisplayDeviceConfig,requesting nits when no mapping exists.]
02-22 01:14:09.940 I/am_wtf ( 1503): [0,1503,system_server,-1,DisplayDeviceConfig,requesting nits when no mapping exists.]
02-22 01:14:09.957 E/DisplayDeviceConfig( 1503): requesting nits when no mapping exists.
02-22 01:14:09.957 E/DisplayDeviceConfig( 1503): requesting nits when no mapping exists.
02-22 01:14:09.957 I/am_wtf ( 1503): [0,1503,system_server,-1,DisplayDeviceConfig,requesting nits when no mapping exists.]
02-22 01:14:09.957 I/am_wtf ( 1503): [0,1503,system_server,-1,DisplayDeviceConfig,requesting nits when no mapping exists.]
02-22 01:14:09.973 E/DisplayDeviceConfig( 1503): requesting nits when no mapping exists.
02-22 01:14:09.973 E/DisplayDeviceConfig( 1503): requesting nits when no mapping exists.
02-22 01:14:09.974 I/am_wtf ( 1503): [0,1503,system_server,-1,DisplayDeviceConfig,requesting nits when no mapping exists.]
02-22 01:14:09.974 I/am_wtf ( 1503): [0,1503,system_server,-1,DisplayDeviceConfig,requesting nits when no mapping exists.]
02-22 01:14:09.990 E/DisplayDeviceConfig( 1503): requesting nits when no mapping exists.
02-22 01:14:09.990 E/DisplayDeviceConfig( 1503): requesting nits when no mapping exists.
02-22 01:14:09.990 I/am_wtf ( 1503): [0,1503,system_server,-1,DisplayDeviceConfig,requesting nits when no mapping exists.]
02-22 01:14:09.990 I/am_wtf ( 1503): [0,1503,system_server,-1,DisplayDeviceConfig,requesting nits when no mapping exists.]
02-22 01:14:10.007 E/DisplayDeviceConfig( 1503): requesting nits when no mapping exists.
02-22 01:14:10.007 E/DisplayDeviceConfig( 1503): requesting nits when no mapping exists.
02-22 01:14:10.007 I/am_wtf ( 1503): [0,1503,system_server,-1,DisplayDeviceConfig,requesting nits when no mapping exists.]
02-22 01:14:10.008 I/am_wtf ( 1503): [0,1503,system_server,-1,DisplayDeviceConfig,requesting nits when no mapping exists.]
02-22 01:14:10.024 E/DisplayDeviceConfig( 1503): requesting nits when no mapping exists.
02-22 01:14:10.024 E/DisplayDeviceConfig( 1503): requesting nits when no mapping exists.
02-22 01:14:10.024 I/am_wtf ( 1503): [0,1503,system_server,-1,DisplayDeviceConfig,requesting nits when no mapping exists.]
02-22 01:14:10.024 I/am_wtf ( 1503): [0,1503,system_server,-1,DisplayDeviceConfig,requesting nits when no mapping exists.]
02-22 01:14:10.040 E/DisplayDeviceConfig( 1503): requesting nits when no mapping exists.
02-22 01:14:10.040 E/DisplayDeviceConfig( 1503): requesting nits when no mapping exists.
02-22 01:14:10.040 I/am_wtf ( 1503): [0,1503,system_server,-1,DisplayDeviceConfig,requesting nits when no mapping exists.]
02-22 01:14:10.041 I/am_wtf ( 1503): [0,1503,system_server,-1,DisplayDeviceConfig,requesting nits when no mapping exists.]
02-22 01:14:10.058 E/DisplayDeviceConfig( 1503): requesting nits when no mapping exists.
02-22 01:14:10.058 E/DisplayDeviceConfig( 1503): requesting nits when no mapping exists.
02-22 01:14:10.058 I/am_wtf ( 1503): [0,1503,system_server,-1,DisplayDeviceConfig,requesting nits when no mapping exists.]
02-22 01:14:10.058 I/am_wtf ( 1503): [0,1503,system_server,-1,DisplayDeviceConfig,requesting nits when no mapping exists.]
02-22 01:14:10.074 E/DisplayDeviceConfig( 1503): requesting nits when no mapping exists.
02-22 01:14:10.074 E/DisplayDeviceConfig( 1503): requesting nits when no mapping exists.
02-22 01:14:10.074 I/am_wtf ( 1503): [0,1503,system_server,-1,DisplayDeviceConfig,requesting nits when no mapping exists.]
02-22 01:14:10.074 I/am_wtf ( 1503): [0,1503,system_server,-1,DisplayDeviceConfig,requesting nits when no mapping exists.]
02-22 01:14:10.090 E/DisplayDeviceConfig( 1503): requesting nits when no mapping exists.
02-22 01:14:10.090 E/DisplayDeviceConfig( 1503): requesting nits when no mapping exists.
02-22 01:14:10.091 I/am_wtf ( 1503): [0,1503,system_server,-1,DisplayDeviceConfig,requesting nits when no mapping exists.]
02-22 01:14:10.091 I/am_wtf ( 1503): [0,1503,system_server,-1,DisplayDeviceConfig,requesting nits when no mapping exists.]
02-22 01:14:10.108 E/DisplayDeviceConfig( 1503): requesting nits when no mapping exists.
02-22 01:14:10.108 E/DisplayDeviceConfig( 1503): requesting nits when no mapping exists.
02-22 01:14:10.108 I/am_wtf ( 1503): [0,1503,system_server,-1,DisplayDeviceConfig,requesting nits when no mapping exists.]
02-22 01:14:10.108 I/am_wtf ( 1503): [0,1503,system_server,-1,DisplayDeviceConfig,requesting nits when no mapping exists.]
02-22 01:14:10.124 E/DisplayDeviceConfig( 1503): requesting nits when no mapping exists.
02-22 01:14:10.124 E/DisplayDeviceConfig( 1503): requesting nits when no mapping exists.
02-22 01:14:10.124 I/am_wtf ( 1503): [0,1503,system_server,-1,DisplayDeviceConfig,requesting nits when no mapping exists.]
02-22 01:14:10.125 I/am_wtf ( 1503): [0,1503,system_server,-1,DisplayDeviceConfig,requesting nits when no mapping exists.]
02-22 01:14:10.140 E/DisplayDeviceConfig( 1503): requesting nits when no mapping exists.
02-22 01:14:10.141 E/DisplayDeviceConfig( 1503): requesting nits when no mapping exists.
02-22 01:14:10.141 I/am_wtf ( 1503): [0,1503,system_server,-1,DisplayDeviceConfig,requesting nits when no mapping exists.]
02-22 01:14:10.141 I/am_wtf ( 1503): [0,1503,system_server,-1,DisplayDeviceConfig,requesting nits when no mapping exists.]
02-22 01:14:10.158 E/DisplayDeviceConfig( 1503): requesting nits when no mapping exists.
02-22 01:14:10.158 E/DisplayDeviceConfig( 1503): requesting nits when no mapping exists.
02-22 01:14:10.158 I/am_wtf ( 1503): [0,1503,system_server,-1,DisplayDeviceConfig,requesting nits when no mapping exists.]
02-22 01:14:10.158 I/am_wtf ( 1503): [0,1503,system_server,-1,DisplayDeviceConfig,requesting nits when no mapping exists.]
02-22 01:14:10.174 E/DisplayDeviceConfig( 1503): requesting nits when no mapping exists.
02-22 01:14:10.174 E/DisplayDeviceConfig( 1503): requesting nits when no mapping exists.
02-22 01:14:10.174 I/am_wtf ( 1503): [0,1503,system_server,-1,DisplayDeviceConfig,requesting nits when no mapping exists.]
02-22 01:14:10.174 I/am_wtf ( 1503): [0,1503,system_server,-1,DisplayDeviceConfig,requesting nits when no mapping exists.]
02-22 01:14:10.191 E/DisplayDeviceConfig( 1503): requesting nits when no mapping exists.
02-22 01:14:10.191 E/DisplayDeviceConfig( 1503): requesting nits when no mapping exists.
02-22 01:14:10.191 I/am_wtf ( 1503): [0,1503,system_server,-1,DisplayDeviceConfig,requesting nits when no mapping exists.]
02-22 01:14:10.191 I/am_wtf ( 1503): [0,1503,system_server,-1,DisplayDeviceConfig,requesting nits when no mapping exists.]
02-22 01:14:10.208 E/DisplayDeviceConfig( 1503): requesting nits when no mapping exists.
02-22 01:14:10.208 E/DisplayDeviceConfig( 1503): requesting nits when no mapping exists.
02-22 01:14:10.208 I/am_wtf ( 1503): [0,1503,system_server,-1,DisplayDeviceConfig,requesting nits when no mapping exists.]
02-22 01:14:10.208 I/am_wtf ( 1503): [0,1503,system_server,-1,DisplayDeviceConfig,requesting nits when no mapping exists.]
02-22 01:14:10.225 E/DisplayDeviceConfig( 1503): requesting nits when no mapping exists.
02-22 01:14:10.225 E/DisplayDeviceConfig( 1503): requesting nits when no mapping exists.
02-22 01:14:10.225 I/am_wtf ( 1503): [0,1503,system_server,-1,DisplayDeviceConfig,requesting nits when no mapping exists.]
02-22 01:14:10.225 I/am_wtf ( 1503): [0,1503,system_server,-1,DisplayDeviceConfig,requesting nits when no mapping exists.]
02-22 01:14:10.241 E/DisplayDeviceConfig( 1503): requesting nits when no mapping exists.
02-22 01:14:10.241 I/am_wtf ( 1503): [0,1503,system_server,-1,DisplayDeviceConfig,requesting nits when no mapping exists.]
02-22 01:14:10.241 E/DisplayDeviceConfig( 1503): requesting nits when no mapping exists.
02-22 01:14:10.241 I/am_wtf ( 1503): [0,1503,system_server,-1,DisplayDeviceConfig,requesting nits when no mapping exists.]
02-22 01:14:10.258 E/DisplayDeviceConfig( 1503): requesting nits when no mapping exists.
02-22 01:14:10.258 I/am_wtf ( 1503): [0,1503,system_server,-1,DisplayDeviceConfig,requesting nits when no mapping exists.]
02-22 01:14:10.258 E/DisplayDeviceConfig( 1503): requesting nits when no mapping exists.
02-22 01:14:10.258 I/am_wtf ( 1503): [0,1503,system_server,-1,DisplayDeviceConfig,requesting nits when no mapping exists.]
02-22 01:14:10.274 E/DisplayDeviceConfig( 1503): requesting nits when no mapping exists.
02-22 01:14:10.274 E/DisplayDeviceConfig( 1503): requesting nits when no mapping exists.
02-22 01:14:10.274 I/am_wtf ( 1503): [0,1503,system_server,-1,DisplayDeviceConfig,requesting nits when no mapping exists.]
02-22 01:14:10.274 I/am_wtf ( 1503): [0,1503,system_server,-1,DisplayDeviceConfig,requesting nits when no mapping exists.]
02-22 01:14:10.291 E/DisplayDeviceConfig( 1503): requesting nits when no mapping exists.
02-22 01:14:10.291 I/am_wtf ( 1503): [0,1503,system_server,-1,DisplayDeviceConfig,requesting nits when no mapping exists.]
02-22 01:14:10.291 E/DisplayDeviceConfig( 1503): requesting nits when no mapping exists.
02-22 01:14:10.291 I/am_wtf ( 1503): [0,1503,system_server,-1,DisplayDeviceConfig,requesting nits when no mapping exists.]
02-22 01:14:10.307 E/DisplayDeviceConfig( 1503): requesting nits when no mapping exists.
02-22 01:14:10.308 E/DisplayDeviceConfig( 1503): requesting nits when no mapping exists.
02-22 01:14:10.308 I/am_wtf ( 1503): [0,1503,system_server,-1,DisplayDeviceConfig,requesting nits when no mapping exists.]
02-22 01:14:10.308 I/am_wtf ( 1503): [0,1503,system_server,-1,DisplayDeviceConfig,requesting nits when no mapping exists.]
01-01 12:01:58.933 E/DTC_ETH,link_delay_work_func( 0): 3003, SQI=0, link=0
01-01 12:02:00.925 E/msm_pcm_playback_close( 0): CMD_EOS failed, cmd_pending 0x8
01-01 12:02:00.932 I/afe_close( 0): port_id = 0x9000
01-01 12:02:00.955 I/afe_find_cal_topo_id_by_port( 0): port id: 0x9000, dev_acdb_id: 0
01-01 12:02:00.955 I/afe_find_cal_topo_id_by_port( 0): top_id:112fc acdb_id:15 afe_port:0x9000
01-01 12:02:00.955 I/afe_get_cal_topology_id( 0): port_id = 0x9000 acdb_id = 15 topology_id = 0x112fc cal_type_index=8 ret=0
01-01 12:02:00.955 I/afe_send_port_topology_id( 0): AFE set topology id 0x112fc enable for port 0x9000 ret 0
01-01 12:02:00.955 I/send_afe_cal_type( 0): cal_index is 0
01-01 12:02:00.955 I/send_afe_cal_type( 0): dev_acdb_id[55] is 0
01-01 12:02:00.955 I/send_afe_cal_type( 0): Sending cal_index cal 0
01-01 12:02:00.955 E/send_afe_cal_type( 0): No cal sent for cal_index 0, port_id = 0x9000! ret -22
01-01 12:02:00.955 I/afe_send_hw_delay( 0): port_id 0x9000 rate 48000 delay_usec 474 status 0
01-01 12:02:04.053 E/DTC_ETH,link_delay_work_func( 0): 3003, SQI=0, link=0
02-22 01:14:17.577 I/am_uid_idle( 1503): 10018
02-22 01:14:17.789 I/am_pss ( 1503): [2834,10093,com.android.providers.media.module,17527808,14303232,0,119238656,0,0,13]
02-22 01:14:17.798 I/am_pss ( 1503): [2831,10071,com.qualcomm.location,9634816,7282688,0,102113280,0,0,8]
01-01 12:02:09.173 E/DTC_ETH,link_delay_work_func( 0): 3003, SQI=0, link=0
01-01 12:02:11.421 E/msm_pcm_playback_close( 0): CMD_EOS failed, cmd_pending 0x8
01-01 12:02:11.428 I/afe_close( 0): port_id = 0x9000
01-01 12:02:11.452 I/afe_find_cal_topo_id_by_port( 0): port id: 0x9000, dev_acdb_id: 0
01-01 12:02:11.452 I/afe_find_cal_topo_id_by_port( 0): top_id:112fc acdb_id:15 afe_port:0x9000
01-01 12:02:11.452 I/afe_get_cal_topology_id( 0): port_id = 0x9000 acdb_id = 15 topology_id = 0x112fc cal_type_index=8 ret=0
01-01 12:02:11.452 I/afe_send_port_topology_id( 0): AFE set topology id 0x112fc enable for port 0x9000 ret 0
01-01 12:02:11.452 I/send_afe_cal_type( 0): cal_index is 0
01-01 12:02:11.452 I/send_afe_cal_type( 0): dev_acdb_id[55] is 0
01-01 12:02:11.452 I/send_afe_cal_type( 0): Sending cal_index cal 0
01-01 12:02:11.452 E/send_afe_cal_type( 0): No cal sent for cal_index 0, port_id = 0x9000! ret -22
01-01 12:02:11.452 I/afe_send_hw_delay( 0): port_id 0x9000 rate 48000 delay_usec 474 status 0
01-01 12:02:14.293 E/DTC_ETH,link_delay_work_func( 0): 3003, SQI=0, link=0
02-22 01:14:29.656 I/am_uid_idle( 1503): 10030
01-01 12:02:19.413 E/DTC_ETH,link_delay_work_func( 0): 3003, SQI=0, link=0
02-22 01:14:32.557 I/am_uid_idle( 1503): 10062
02-22 01:14:32.635 I/am_uid_idle( 1503): 10068
02-22 01:14:32.892 I/am_uid_idle( 1503): 10034
02-22 01:14:33.002 I/am_uid_idle( 1503): 10087
02-22 01:14:33.097 I/am_uid_idle( 1503): 10059
02-22 01:14:33.176 I/am_uid_idle( 1503): 10022
02-22 01:14:33.402 I/am_uid_idle( 1503): 10026
02-22 01:14:33.506 I/am_uid_idle( 1503): 10017
02-22 01:14:33.554 I/am_uid_idle( 1503): 2000
01-01 12:02:21.917 E/msm_pcm_playback_close( 0): CMD_EOS failed, cmd_pending 0x8
01-01 12:02:21.924 I/afe_close( 0): port_id = 0x9000
01-01 12:02:21.947 I/afe_find_cal_topo_id_by_port( 0): port id: 0x9000, dev_acdb_id: 0
01-01 12:02:21.947 I/afe_find_cal_topo_id_by_port( 0): top_id:112fc acdb_id:15 afe_port:0x9000
01-01 12:02:21.947 I/afe_get_cal_topology_id( 0): port_id = 0x9000 acdb_id = 15 topology_id = 0x112fc cal_type_index=8 ret=0
01-01 12:02:21.947 I/afe_send_port_topology_id( 0): AFE set topology id 0x112fc enable for port 0x9000 ret 0
01-01 12:02:21.947 I/send_afe_cal_type( 0): cal_index is 0
01-01 12:02:21.947 I/send_afe_cal_type( 0): dev_acdb_id[55] is 0
01-01 12:02:21.947 I/send_afe_cal_type( 0): Sending cal_index cal 0
01-01 12:02:21.947 E/send_afe_cal_type( 0): No cal sent for cal_index 0, port_id = 0x9000! ret -22
01-01 12:02:21.947 I/afe_send_hw_delay( 0): port_id 0x9000 rate 48000 delay_usec 474 status 0
02-22 01:14:34.093 I/am_uid_idle( 1503): 10086
02-22 01:14:34.099 I/am_uid_idle( 1503): 10058
02-22 01:14:34.200 I/am_uid_idle( 1503): 10088
01-01 12:02:24.533 E/DTC_ETH,link_delay_work_func( 0): 3003, SQI=0, link=0
01-01 12:02:27.673 I/ ( 0): boot log copy done
01-01 12:02:29.653 E/DTC_ETH,link_delay_work_func( 0): 3003, SQI=0, link=0
01-01 12:02:32.413 E/msm_pcm_playback_close( 0): CMD_EOS failed, cmd_pending 0x8
01-01 12:02:32.420 I/afe_close( 0): port_id = 0x9000
01-01 12:02:32.444 I/afe_find_cal_topo_id_by_port( 0): port id: 0x9000, dev_acdb_id: 0
01-01 12:02:32.444 I/afe_find_cal_topo_id_by_port( 0): top_id:112fc acdb_id:15 afe_port:0x9000
01-01 12:02:32.444 I/afe_get_cal_topology_id( 0): port_id = 0x9000 acdb_id = 15 topology_id = 0x112fc cal_type_index=8 ret=0
01-01 12:02:32.444 I/afe_send_port_topology_id( 0): AFE set topology id 0x112fc enable for port 0x9000 ret 0
01-01 12:02:32.444 I/send_afe_cal_type( 0): cal_index is 0
01-01 12:02:32.444 I/send_afe_cal_type( 0): dev_acdb_id[55] is 0
01-01 12:02:32.444 I/send_afe_cal_type( 0): Sending cal_index cal 0
01-01 12:02:32.444 E/send_afe_cal_type( 0): No cal sent for cal_index 0, port_id = 0x9000! ret -22
01-01 12:02:32.444 I/afe_send_hw_delay( 0): port_id 0x9000 rate 48000 delay_usec 474 status 0
01-01 12:02:34.773 E/DTC_ETH,link_delay_work_func( 0): 3003, SQI=0, link=0
01-01 12:02:39.894 E/DTC_ETH,link_delay_work_func( 0): 3003, SQI=0, link=0
01-01 12:02:42.909 E/msm_pcm_playback_close( 0): CMD_EOS failed, cmd_pending 0x8
01-01 12:02:42.916 I/afe_close( 0): port_id = 0x9000
01-01 12:02:42.939 I/afe_find_cal_topo_id_by_port( 0): port id: 0x9000, dev_acdb_id: 0
01-01 12:02:42.939 I/afe_find_cal_topo_id_by_port( 0): top_id:112fc acdb_id:15 afe_port:0x9000
01-01 12:02:42.939 I/afe_get_cal_topology_id( 0): port_id = 0x9000 acdb_id = 15 topology_id = 0x112fc cal_type_index=8 ret=0
01-01 12:02:42.939 I/afe_send_port_topology_id( 0): AFE set topology id 0x112fc enable for port 0x9000 ret 0
01-01 12:02:42.939 I/send_afe_cal_type( 0): cal_index is 0
01-01 12:02:42.939 I/send_afe_cal_type( 0): dev_acdb_id[55] is 0
01-01 12:02:42.939 I/send_afe_cal_type( 0): Sending cal_index cal 0
01-01 12:02:42.939 E/send_afe_cal_type( 0): No cal sent for cal_index 0, port_id = 0x9000! ret -22
01-01 12:02:42.939 I/afe_send_hw_delay( 0): port_id 0x9000 rate 48000 delay_usec 474 status 0
01-01 12:02:45.013 E/DTC_ETH,link_delay_work_func( 0): 3003, SQI=0, link=0
01-01 12:02:45.695 I/[schedu][0x8b39add9][01:14:57.630240] wlan( 0): [3455:I:OSIF] scan start scan id 40963
01-01 12:02:46.875 I/[schedu][0x8c937a7b][01:14:58.810569] wlan( 0): [3455:I:OSIF] vdev 0, scan id 40963 type COMPLETED(1) reason COMPLETED(1) scan found 87 bss
02-22 01:14:58.841 I/liblog ( 1386): 98
02-22 01:14:58.842 I/liblog ( 1386): 20
02-22 01:14:58.931 I/notification_enqueue( 1503): [1000,1503,android,17303299,com.android.wifi,0,Notification(channel=NETWORK_AVAILABLE shortcut=null contentView=null vibrate=null sound=null tick defaults=0x0 flags=0x100 color=0x00000000 actions=2 vis=PRIVATE),0]
02-22 01:14:59.134 I/sysui_multi_action( 1503): [757,1501,758,1,793,203,794,0,795,203,796,17303299,797,com.android.wifi,806,android,857,NETWORK_AVAILABLE,858,2,947,0,1500,0,1688,1]
02-22 01:14:59.134 I/sysui_multi_action( 1503): [757,804,799,note_interruptive,801,0,802,1]
02-22 01:14:59.134 I/GameModeConfig( 1503): isGameModeOn = false
02-22 01:14:59.137 W/NotificationHistory( 1503): Attempted to add notif for locked/gone/disabled user 0
01-01 12:02:50.133 E/DTC_ETH,link_delay_work_func( 0): 3003, SQI=0, link=0
01-01 12:02:53.405 E/msm_pcm_playback_close( 0): CMD_EOS failed, cmd_pending 0x8
01-01 12:02:53.412 I/afe_close( 0): port_id = 0x9000
01-01 12:02:53.435 I/afe_find_cal_topo_id_by_port( 0): port id: 0x9000, dev_acdb_id: 0
01-01 12:02:53.435 I/afe_find_cal_topo_id_by_port( 0): top_id:112fc acdb_id:15 afe_port:0x9000
01-01 12:02:53.435 I/afe_get_cal_topology_id( 0): port_id = 0x9000 acdb_id = 15 topology_id = 0x112fc cal_type_index=8 ret=0
01-01 12:02:53.435 I/afe_send_port_topology_id( 0): AFE set topology id 0x112fc enable for port 0x9000 ret 0
01-01 12:02:53.435 I/send_afe_cal_type( 0): cal_index is 0
01-01 12:02:53.435 I/send_afe_cal_type( 0): dev_acdb_id[55] is 0
01-01 12:02:53.435 I/send_afe_cal_type( 0): Sending cal_index cal 0
01-01 12:02:53.435 E/send_afe_cal_type( 0): No cal sent for cal_index 0, port_id = 0x9000! ret -22
01-01 12:02:53.436 I/afe_send_hw_delay( 0): port_id 0x9000 rate 48000 delay_usec 474 status 0
01-01 12:02:55.253 E/DTC_ETH,link_delay_work_func( 0): 3003, SQI=0, link=0
01-01 12:03:00.373 E/DTC_ETH,link_delay_work_func( 0): 3003, SQI=0, link=0
02-22 01:15:15.482 I/am_uid_idle( 1503): 10061
01-01 12:03:03.901 E/msm_pcm_playback_close( 0): CMD_EOS failed, cmd_pending 0x8
01-01 12:03:03.908 I/afe_close( 0): port_id = 0x9000
01-01 12:03:03.931 I/afe_find_cal_topo_id_by_port( 0): port id: 0x9000, dev_acdb_id: 0
01-01 12:03:03.931 I/afe_find_cal_topo_id_by_port( 0): top_id:112fc acdb_id:15 afe_port:0x9000
01-01 12:03:03.931 I/afe_get_cal_topology_id( 0): port_id = 0x9000 acdb_id = 15 topology_id = 0x112fc cal_type_index=8 ret=0
01-01 12:03:03.932 I/afe_send_port_topology_id( 0): AFE set topology id 0x112fc enable for port 0x9000 ret 0
01-01 12:03:03.932 I/send_afe_cal_type( 0): cal_index is 0
01-01 12:03:03.932 I/send_afe_cal_type( 0): dev_acdb_id[55] is 0
01-01 12:03:03.932 I/send_afe_cal_type( 0): Sending cal_index cal 0
01-01 12:03:03.932 E/send_afe_cal_type( 0): No cal sent for cal_index 0, port_id = 0x9000! ret -22
01-01 12:03:03.932 I/afe_send_hw_delay( 0): port_id 0x9000 rate 48000 delay_usec 474 status 0
01-01 12:03:05.493 E/DTC_ETH,link_delay_work_func( 0): 3003, SQI=0, link=0
02-22 01:15:17.774 I/am_uid_idle( 1503): 10092
01-01 12:03:10.613 E/DTC_ETH,link_delay_work_func( 0): 3003, SQI=0, link=0
01-01 12:03:14.397 E/msm_pcm_playback_close( 0): CMD_EOS failed, cmd_pending 0x8
01-01 12:03:14.404 I/afe_close( 0): port_id = 0x9000
01-01 12:03:14.427 I/afe_find_cal_topo_id_by_port( 0): port id: 0x9000, dev_acdb_id: 0
01-01 12:03:14.427 I/afe_find_cal_topo_id_by_port( 0): top_id:112fc acdb_id:15 afe_port:0x9000
01-01 12:03:14.427 I/afe_get_cal_topology_id( 0): port_id = 0x9000 acdb_id = 15 topology_id = 0x112fc cal_type_index=8 ret=0
01-01 12:03:14.427 I/afe_send_port_topology_id( 0): AFE set topology id 0x112fc enable for port 0x9000 ret 0
01-01 12:03:14.427 I/send_afe_cal_type( 0): cal_index is 0
01-01 12:03:14.427 I/send_afe_cal_type( 0): dev_acdb_id[55] is 0
01-01 12:03:14.427 I/send_afe_cal_type( 0): Sending cal_index cal 0
01-01 12:03:14.427 E/send_afe_cal_type( 0): No cal sent for cal_index 0, port_id = 0x9000! ret -22
01-01 12:03:14.428 I/afe_send_hw_delay( 0): port_id 0x9000 rate 48000 delay_usec 474 status 0
01-01 12:03:15.733 E/DTC_ETH,link_delay_work_func( 0): 3003, SQI=0, link=0
01-01 12:03:20.853 E/DTC_ETH,link_delay_work_func( 0): 3003, SQI=0, link=0
01-01 12:03:24.893 E/msm_pcm_playback_close( 0): CMD_EOS failed, cmd_pending 0x8
01-01 12:03:24.900 I/afe_close( 0): port_id = 0x9000
01-01 12:03:24.923 I/afe_find_cal_topo_id_by_port( 0): port id: 0x9000, dev_acdb_id: 0
01-01 12:03:24.923 I/afe_find_cal_topo_id_by_port( 0): top_id:112fc acdb_id:15 afe_port:0x9000
01-01 12:03:24.923 I/afe_get_cal_topology_id( 0): port_id = 0x9000 acdb_id = 15 topology_id = 0x112fc cal_type_index=8 ret=0
01-01 12:03:24.923 I/afe_send_port_topology_id( 0): AFE set topology id 0x112fc enable for port 0x9000 ret 0
01-01 12:03:24.923 I/send_afe_cal_type( 0): cal_index is 0
01-01 12:03:24.923 I/send_afe_cal_type( 0): dev_acdb_id[55] is 0
01-01 12:03:24.923 I/send_afe_cal_type( 0): Sending cal_index cal 0
01-01 12:03:24.923 E/send_afe_cal_type( 0): No cal sent for cal_index 0, port_id = 0x9000! ret -22
01-01 12:03:24.924 I/afe_send_hw_delay( 0): port_id 0x9000 rate 48000 delay_usec 474 status 0
01-01 12:03:25.973 E/DTC_ETH,link_delay_work_func( 0): 3003, SQI=0, link=0
01-01 12:03:31.093 E/DTC_ETH,link_delay_work_func( 0): 3003, SQI=0, link=0
01-01 12:03:35.389 E/msm_pcm_playback_close( 0): CMD_EOS failed, cmd_pending 0x8
01-01 12:03:35.396 I/afe_close( 0): port_id = 0x9000
01-01 12:03:35.418 I/afe_find_cal_topo_id_by_port( 0): port id: 0x9000, dev_acdb_id: 0
01-01 12:03:35.418 I/afe_find_cal_topo_id_by_port( 0): top_id:112fc acdb_id:15 afe_port:0x9000
01-01 12:03:35.418 I/afe_get_cal_topology_id( 0): port_id = 0x9000 acdb_id = 15 topology_id = 0x112fc cal_type_index=8 ret=0
01-01 12:03:35.418 I/afe_send_port_topology_id( 0): AFE set topology id 0x112fc enable for port 0x9000 ret 0
01-01 12:03:35.418 I/send_afe_cal_type( 0): cal_index is 0
01-01 12:03:35.418 I/send_afe_cal_type( 0): dev_acdb_id[55] is 0
01-01 12:03:35.418 I/send_afe_cal_type( 0): Sending cal_index cal 0
01-01 12:03:35.418 E/send_afe_cal_type( 0): No cal sent for cal_index 0, port_id = 0x9000! ret -22
01-01 12:03:35.419 I/afe_send_hw_delay( 0): port_id 0x9000 rate 48000 delay_usec 474 status 0
01-01 12:03:36.213 E/DTC_ETH,link_delay_work_func( 0): 3003, SQI=0, link=0
01-01 12:03:41.333 E/DTC_ETH,link_delay_work_func( 0): 3003, SQI=0, link=0
01-01 12:03:45.889 E/msm_pcm_playback_close( 0): CMD_EOS failed, cmd_pending 0x8
01-01 12:03:45.896 I/afe_close( 0): port_id = 0x9000
01-01 12:03:45.919 I/afe_find_cal_topo_id_by_port( 0): port id: 0x9000, dev_acdb_id: 0
01-01 12:03:45.919 I/afe_find_cal_topo_id_by_port( 0): top_id:112fc acdb_id:15 afe_port:0x9000
01-01 12:03:45.919 I/afe_get_cal_topology_id( 0): port_id = 0x9000 acdb_id = 15 topology_id = 0x112fc cal_type_index=8 ret=0
01-01 12:03:45.920 I/afe_send_port_topology_id( 0): AFE set topology id 0x112fc enable for port 0x9000 ret 0
01-01 12:03:45.920 I/send_afe_cal_type( 0): cal_index is 0
01-01 12:03:45.920 I/send_afe_cal_type( 0): dev_acdb_id[55] is 0
01-01 12:03:45.920 I/send_afe_cal_type( 0): Sending cal_index cal 0
01-01 12:03:45.920 E/send_afe_cal_type( 0): No cal sent for cal_index 0, port_id = 0x9000! ret -22
01-01 12:03:45.920 I/afe_send_hw_delay( 0): port_id 0x9000 rate 48000 delay_usec 474 status 0
01-01 12:03:46.453 E/DTC_ETH,link_delay_work_func( 0): 3003, SQI=0, link=0
01-01 12:03:51.573 E/DTC_ETH,link_delay_work_func( 0): 3003, SQI=0, link=0
01-01 12:03:56.381 E/msm_pcm_playback_close( 0): CMD_EOS failed, cmd_pending 0x8
01-01 12:03:56.388 I/afe_close( 0): port_id = 0x9000
01-01 12:03:56.411 I/afe_find_cal_topo_id_by_port( 0): port id: 0x9000, dev_acdb_id: 0
01-01 12:03:56.411 I/afe_find_cal_topo_id_by_port( 0): top_id:112fc acdb_id:15 afe_port:0x9000
01-01 12:03:56.411 I/afe_get_cal_topology_id( 0): port_id = 0x9000 acdb_id = 15 topology_id = 0x112fc cal_type_index=8 ret=0
01-01 12:03:56.412 I/afe_send_port_topology_id( 0): AFE set topology id 0x112fc enable for port 0x9000 ret 0
01-01 12:03:56.412 I/send_afe_cal_type( 0): cal_index is 0
01-01 12:03:56.412 I/send_afe_cal_type( 0): dev_acdb_id[55] is 0
01-01 12:03:56.412 I/send_afe_cal_type( 0): Sending cal_index cal 0
01-01 12:03:56.412 E/send_afe_cal_type( 0): No cal sent for cal_index 0, port_id = 0x9000! ret -22
01-01 12:03:56.412 I/afe_send_hw_delay( 0): port_id 0x9000 rate 48000 delay_usec 474 status 0
01-01 12:03:56.693 E/DTC_ETH,link_delay_work_func( 0): 3003, SQI=0, link=0
01-01 12:04:01.813 E/DTC_ETH,link_delay_work_func( 0): 3003, SQI=0, link=0
01-01 12:04:06.877 E/msm_pcm_playback_close( 0): CMD_EOS failed, cmd_pending 0x8
01-01 12:04:06.884 I/afe_close( 0): port_id = 0x9000
01-01 12:04:06.907 I/afe_find_cal_topo_id_by_port( 0): port id: 0x9000, dev_acdb_id: 0
01-01 12:04:06.907 I/afe_find_cal_topo_id_by_port( 0): top_id:112fc acdb_id:15 afe_port:0x9000
01-01 12:04:06.907 I/afe_get_cal_topology_id( 0): port_id = 0x9000 acdb_id = 15 topology_id = 0x112fc cal_type_index=8 ret=0
01-01 12:04:06.907 I/afe_send_port_topology_id( 0): AFE set topology id 0x112fc enable for port 0x9000 ret 0
01-01 12:04:06.907 I/send_afe_cal_type( 0): cal_index is 0
01-01 12:04:06.907 I/send_afe_cal_type( 0): dev_acdb_id[55] is 0
01-01 12:04:06.907 I/send_afe_cal_type( 0): Sending cal_index cal 0
01-01 12:04:06.907 E/send_afe_cal_type( 0): No cal sent for cal_index 0, port_id = 0x9000! ret -22
01-01 12:04:06.907 I/afe_send_hw_delay( 0): port_id 0x9000 rate 48000 delay_usec 474 status 0
01-01 12:04:06.933 E/DTC_ETH,link_delay_work_func( 0): 3003, SQI=0, link=0
01-01 12:04:12.053 E/DTC_ETH,link_delay_work_func( 0): 3003, SQI=0, link=0
01-01 12:04:17.173 E/DTC_ETH,link_delay_work_func( 0): 3003, SQI=0, link=0
01-01 12:04:17.373 E/msm_pcm_playback_close( 0): CMD_EOS failed, cmd_pending 0x8
01-01 12:04:17.380 I/afe_close( 0): port_id = 0x9000
01-01 12:04:17.402 I/afe_find_cal_topo_id_by_port( 0): port id: 0x9000, dev_acdb_id: 0
01-01 12:04:17.402 I/afe_find_cal_topo_id_by_port( 0): top_id:112fc acdb_id:15 afe_port:0x9000
01-01 12:04:17.402 I/afe_get_cal_topology_id( 0): port_id = 0x9000 acdb_id = 15 topology_id = 0x112fc cal_type_index=8 ret=0
01-01 12:04:17.402 I/afe_send_port_topology_id( 0): AFE set topology id 0x112fc enable for port 0x9000 ret 0
01-01 12:04:17.402 I/send_afe_cal_type( 0): cal_index is 0
01-01 12:04:17.402 I/send_afe_cal_type( 0): dev_acdb_id[55] is 0
01-01 12:04:17.402 I/send_afe_cal_type( 0): Sending cal_index cal 0
01-01 12:04:17.402 E/send_afe_cal_type( 0): No cal sent for cal_index 0, port_id = 0x9000! ret -22
01-01 12:04:17.402 I/afe_send_hw_delay( 0): port_id 0x9000 rate 48000 delay_usec 474 status 0
01-01 12:04:22.293 E/DTC_ETH,link_delay_work_func( 0): 3003, SQI=0, link=0
01-01 12:04:27.413 E/DTC_ETH,link_delay_work_func( 0): 3003, SQI=0, link=0
01-01 12:04:27.869 E/msm_pcm_playback_close( 0): CMD_EOS failed, cmd_pending 0x8
01-01 12:04:27.876 I/afe_close( 0): port_id = 0x9000
01-01 12:04:27.898 I/afe_find_cal_topo_id_by_port( 0): port id: 0x9000, dev_acdb_id: 0
01-01 12:04:27.898 I/afe_find_cal_topo_id_by_port( 0): top_id:112fc acdb_id:15 afe_port:0x9000
01-01 12:04:27.898 I/afe_get_cal_topology_id( 0): port_id = 0x9000 acdb_id = 15 topology_id = 0x112fc cal_type_index=8 ret=0
01-01 12:04:27.899 I/afe_send_port_topology_id( 0): AFE set topology id 0x112fc enable for port 0x9000 ret 0
01-01 12:04:27.899 I/send_afe_cal_type( 0): cal_index is 0
01-01 12:04:27.899 I/send_afe_cal_type( 0): dev_acdb_id[55] is 0
01-01 12:04:27.899 I/send_afe_cal_type( 0): Sending cal_index cal 0
01-01 12:04:27.899 E/send_afe_cal_type( 0): No cal sent for cal_index 0, port_id = 0x9000! ret -22
01-01 12:04:27.899 I/afe_send_hw_delay( 0): port_id 0x9000 rate 48000 delay_usec 474 status 0
01-01 12:04:32.533 E/DTC_ETH,link_delay_work_func( 0): 3003, SQI=0, link=0
01-01 12:04:37.653 E/DTC_ETH,link_delay_work_func( 0): 3003, SQI=0, link=0
01-01 12:04:38.365 E/msm_pcm_playback_close( 0): CMD_EOS failed, cmd_pending 0x8
01-01 12:04:38.372 I/afe_close( 0): port_id = 0x9000
01-01 12:04:38.393 I/afe_find_cal_topo_id_by_port( 0): port id: 0x9000, dev_acdb_id: 0
01-01 12:04:38.393 I/afe_find_cal_topo_id_by_port( 0): top_id:112fc acdb_id:15 afe_port:0x9000
01-01 12:04:38.393 I/afe_get_cal_topology_id( 0): port_id = 0x9000 acdb_id = 15 topology_id = 0x112fc cal_type_index=8 ret=0
01-01 12:04:38.394 I/afe_send_port_topology_id( 0): AFE set topology id 0x112fc enable for port 0x9000 ret 0
01-01 12:04:38.394 I/send_afe_cal_type( 0): cal_index is 0
01-01 12:04:38.394 I/send_afe_cal_type( 0): dev_acdb_id[55] is 0
01-01 12:04:38.394 I/send_afe_cal_type( 0): Sending cal_index cal 0
01-01 12:04:38.394 E/send_afe_cal_type( 0): No cal sent for cal_index 0, port_id = 0x9000! ret -22
01-01 12:04:38.394 I/afe_send_hw_delay( 0): port_id 0x9000 rate 48000 delay_usec 474 status 0
01-01 12:04:42.773 E/DTC_ETH,link_delay_work_func( 0): 3003, SQI=0, link=0
01-01 12:04:47.893 E/DTC_ETH,link_delay_work_func( 0): 3003, SQI=0, link=0
01-01 12:04:48.861 E/msm_pcm_playback_close( 0): CMD_EOS failed, cmd_pending 0x8
01-01 12:04:48.868 I/afe_close( 0): port_id = 0x9000
01-01 12:04:48.892 I/afe_find_cal_topo_id_by_port( 0): port id: 0x9000, dev_acdb_id: 0
01-01 12:04:48.892 I/afe_find_cal_topo_id_by_port( 0): top_id:112fc acdb_id:15 afe_port:0x9000
01-01 12:04:48.892 I/afe_get_cal_topology_id( 0): port_id = 0x9000 acdb_id = 15 topology_id = 0x112fc cal_type_index=8 ret=0
01-01 12:04:48.892 I/afe_send_port_topology_id( 0): AFE set topology id 0x112fc enable for port 0x9000 ret 0
01-01 12:04:48.892 I/send_afe_cal_type( 0): cal_index is 0
01-01 12:04:48.892 I/send_afe_cal_type( 0): dev_acdb_id[55] is 0
01-01 12:04:48.892 I/send_afe_cal_type( 0): Sending cal_index cal 0
01-01 12:04:48.892 E/send_afe_cal_type( 0): No cal sent for cal_index 0, port_id = 0x9000! ret -22
01-01 12:04:48.892 I/afe_send_hw_delay( 0): port_id 0x9000 rate 48000 delay_usec 474 status 0
01-01 12:04:53.013 E/DTC_ETH,link_delay_work_func( 0): 3003, SQI=0, link=0
02-22 01:17:09.315 I/input_interaction( 1503): Interaction with: 6f8612f com.thundercomm.screensaver/android.service.dreams.DreamActivity (server), edge-swipe (server), swipe-up (server), PointerEventDispatcher0 (server),
02-22 01:17:09.319 I/wm_finish_activity( 1503): [0,90611704,42,com.thundercomm.screensaver/android.service.dreams.DreamActivity,finish-activity]
02-22 01:17:09.320 I/wm_task_moved( 1503): [1,1,5]
02-22 01:17:09.321 I/wm_task_moved( 1503): [41,1,2147483647]
02-22 01:17:09.321 I/wm_task_to_front( 1503): [0,41]
02-22 01:17:09.321 I/wm_focused_root_task( 1503): [0,0,1,42,finish-top adjustFocusToNextFocusableTask]
02-22 01:17:09.321 I/wm_set_resumed_activity( 1503): [0,com.android.launcher3/.uioverrides.QuickstepLauncher,finish-top adjustFocusToNextFocusableTask]
02-22 01:17:09.322 I/wm_pause_activity( 1503): [0,90611704,com.thundercomm.screensaver/android.service.dreams.DreamActivity,userLeaving=false,finish]
02-22 01:17:09.328 I/DreamManagerService( 1503): Gently waking up from dream.
02-22 01:17:09.329 I/DreamManagerService( 1503): Performing gentle wake from dream.
02-22 01:17:09.329 I/wm_on_top_resumed_lost_called( 3965): [90611704,android.service.dreams.DreamActivity,topStateChangedWhenResumed]
02-22 01:17:09.330 I/wm_on_paused_called( 3965): [90611704,android.service.dreams.DreamActivity,performPause]
02-22 01:17:09.331 I/wm_add_to_stopping( 1503): [0,90611704,com.thundercomm.screensaver/android.service.dreams.DreamActivity,completeFinishing]
02-22 01:17:09.331 I/ActivityTaskManager( 1503): FOREGROUND_APPLICATION_CHANGED to com.android.launcher3.uioverrides.QuickstepLauncher
02-22 01:17:09.333 I/wm_set_resumed_activity( 1503): [0,com.android.launcher3/.uioverrides.QuickstepLauncher,resumeTopActivityInnerLocked]
02-22 01:17:09.335 I/wm_resume_activity( 1503): [0,229498384,41,com.android.launcher3/.uioverrides.QuickstepLauncher]
02-22 01:17:09.339 I/sysui_multi_action( 1503): [757,803,799,window_time_0,802,180]
02-22 01:17:09.341 I/input_focus( 1503): [Focus leaving 6f8612f com.thundercomm.screensaver/android.service.dreams.DreamActivity (server),reason=NO_WINDOW]
02-22 01:17:09.341 I/view_enqueue_input_event( 3965): [Motion - Cancel,com.thundercomm.screensaver/android.service.dreams.DreamActivity]
02-22 01:17:09.344 I/sysui_multi_action( 1503): [757,803,799,window_time_0,802,0]
02-22 01:17:09.347 I/input_interaction( 1503): Interaction with: edge-swipe (server), swipe-up (server), PointerEventDispatcher0 (server),
02-22 01:17:09.349 I/wm_on_restart_called( 2514): [229498384,com.android.launcher3.uioverrides.QuickstepLauncher,performRestartActivity]
02-22 01:17:09.350 I/wm_on_start_called( 2514): [229498384,com.android.launcher3.uioverrides.QuickstepLauncher,handleStartActivity]
02-22 01:17:09.350 I/wm_on_resume_called( 2514): [229498384,com.android.launcher3.uioverrides.QuickstepLauncher,RESUME_ACTIVITY]
02-22 01:17:09.350 I/wm_on_top_resumed_gained_called( 2514): [229498384,com.android.launcher3.uioverrides.QuickstepLauncher,topWhenResuming]
02-22 01:17:09.358 I/am_uid_active( 1503): 10061
02-22 01:17:09.360 I/input_focus( 1503): [Focus request e3555c3 com.android.launcher3/com.android.launcher3.uioverrides.QuickstepLauncher,reason=UpdateInputWindows]
02-22 01:17:09.361 I/am_pss ( 1503): [3902,10054,com.qualcomm.qti.qms.service.trustzoneaccess,5532672,3842048,0,91607040,0,19,6]
02-22 01:17:09.368 I/am_pss ( 1503): [3656,10026,com.android.providers.calendar,7002112,5152768,0,97443840,0,19,6]
02-22 01:17:09.373 I/input_focus( 1503): [Focus entering e3555c3 com.android.launcher3/com.android.launcher3.uioverrides.QuickstepLauncher (server),reason=setFocusedWindow]
02-22 01:17:09.374 I/am_pss ( 1503): [3045,10017,android.process.media,11245568,9371648,0,101519360,0,19,5]
02-22 01:17:09.376 I/PowerManagerService( 1503): Powering on display group fromDreaming (groupId=0, uid=1000, reason=WAKE_REASON_UNKNOWN, details=android.server.power:DREAM_FINISHED)...
02-22 01:17:09.376 I/PowerManagerService( 1503): Waking up from Dreaming (uid=1000, reason=WAKE_REASON_UNKNOWN, details=android.server.power:DREAM_FINISHED)...
02-22 01:17:09.381 I/am_pss ( 1503): [3769,10033,com.android.externalstorage,5378048,3796992,0,91635712,0,19,5]
02-22 01:17:09.387 I/am_pss ( 1503): [2551,10086,com.qualcomm.qti.qccauthmgr,6094848,4288512,0,95670272,0,19,6]
02-22 01:17:09.393 I/am_pss ( 1503): [3190,10018,android.process.acore,13117440,9568256,0,116682752,0,19,6]
02-22 01:17:09.400 I/am_pss ( 1503): [2824,10081,com.qualcomm.qti.workloadclassifier,8097792,6553600,0,93122560,0,0,6]
02-22 01:17:09.406 I/am_pss ( 1503): [2798,10085,com.qualcomm.qti.qccnetstat,5828608,4259840,0,91308032,0,0,5]
02-22 01:17:09.412 I/am_pss ( 1503): [2786,10072,com.qualcomm.qti.services.systemhelper:systemhelper_service,6051840,4395008,0,93392896,0,0,6]
02-22 01:17:09.418 I/am_pss ( 1503): [2765,10053,.pasr,5105664,3608576,0,89169920,0,0,5]
02-22 01:17:09.425 I/am_pss ( 1503): [2717,10057,ts.car.uart,5864448,4362240,0,90292224,0,0,5]
02-22 01:17:09.431 I/am_pss ( 1503): [2731,1000,com.hryt.hiphishowfsecontrol,13959168,12009472,0,105402368,0,0,6]
02-22 01:17:09.438 I/am_pss ( 1503): [2708,10082,com.hht.lebocast,35319808,16146432,0,111226880,0,0,6]
02-22 01:17:09.445 I/am_pss ( 1503): [3166,10065,com.qualcomm.qti.devicestatisticsservice,5041152,3547136,0,89001984,0,0,6]
02-22 01:17:09.607 I/wm_destroy_activity( 1503): [0,90611704,42,com.thundercomm.screensaver/android.service.dreams.DreamActivity,finish-imm:idle]
02-22 01:17:09.628 I/wm_on_stop_called( 3965): [90611704,android.service.dreams.DreamActivity,LIFECYCLER_STOP_ACTIVITY]
02-22 01:17:09.630 I/wm_on_destroy_called( 3965): [90611704,android.service.dreams.DreamActivity,performDestroy]
02-22 01:17:09.633 I/DreamManagerService( 1503): Leaving dreamland.
02-22 01:17:09.634 I/DreamManagerService( 1503): Performing gentle wake from dream.
