02-22 01:34:16.719 E/KernelCpuSpeedReader( 1503): Failed to read cpu-freq: /sys/devices/system/cpu/cpu4/cpufreq/stats/time_in_state: open failed: ENOENT (No such file or directory)
02-22 01:34:16.719 E/KernelCpuSpeedReader( 1503): Failed to read cpu-freq: /sys/devices/system/cpu/cpu0/cpufreq/stats/time_in_state: open failed: ENOENT (No such file or directory)
02-22 01:34:16.742 I/sysui_multi_action( 1503): [319,39,321,37,322,114,325,1278,757,761,758,8,759,1,806,com.android.settings,871,com.android.settings.Settings,904,com.android.launcher3,905,0,1320,17,1321,1]
02-22 01:34:16.743 I/wm_activity_launch_time( 1503): [0,250080366,com.android.settings/.Settings,114]
01-01 12:22:04.829 I/[schedu][0x5b9bfe176][01:34:16.764795] wlan( 0): [3455:I:OSIF] scan start scan id 40971
02-22 01:34:16.773 W/FreeFormWindowHelper( 1503): Current Display FreeFormTask is null
02-22 01:34:16.883 I/sysui_multi_action( 4132): [757,746,758,2,1089,187]
02-22 01:34:16.894 E/UserRestrictionsUtils( 1503): Unknown restriction queried by uid 1000 (com.android.inputdevices et al): null
02-22 01:34:16.901 E/ActivityThread( 4132): Failed to find provider info for com.google.android.gms.nearby.fastpair
02-22 01:34:16.901 E/ActivityThread( 4132): Failed to find provider info for com.google.android.gms.nearby.fastpair
02-22 01:34:16.905 I/sysui_multi_action( 4132): [757,747,758,1,833,0,1089,16]
02-22 01:34:16.906 I/sysui_multi_action( 4132): [757,1729,758,4,854,isParalleledControllers:false,1089,17]
02-22 01:34:17.176 I/wm_stop_activity( 1503): [0,229498384,com.android.launcher3/.uioverrides.QuickstepLauncher]
02-22 01:34:17.176 I/GameModeConfig( 1503): isGameModeOn = false
02-22 01:34:17.176 I/GameModeConfig( 1503): isGameModeOn = false
02-22 01:34:17.176 I/GameModeConfig( 1503): isGameModeOn = false
02-22 01:34:17.176 I/GameModeConfig( 1503): isGameModeOn = false
02-22 01:34:17.176 I/notification_enqueue( 1503): [10078,1966,com.android.systemui,2048,NULL,0,Notification(channel=updateNotification shortcut=null contentView=null vibrate=null sound=null defaults=0x0 flags=0x0 color=0x00000000 vis=PRIVATE),1]
02-22 01:34:17.177 I/sysui_multi_action( 1966): [757,111,758,2]
02-22 01:34:17.177 I/sysui_multi_action( 1966): [757,111,758,2]
02-22 01:34:17.181 I/input_focus( 1503): [Focus request ab95283 com.android.settings/com.android.settings.Settings,reason=UpdateInputWindows]
02-22 01:34:17.185 I/sysui_multi_action( 1503): [757,128,758,2,793,1268204,794,34732,795,1268204,796,26,798,0,806,android,857,DEVELOPER_IMPORTANT,858,4,947,0,1395,2,1500,1267799,1688,1]
02-22 01:34:17.186 I/notification_visibility( 1503): [-1|android|26|null|1000,0,1268204,1268204,0,0]
02-22 01:34:17.186 I/sysui_multi_action( 1503): [757,128,758,2,793,1268808,794,34733,795,1268808,796,32,798,1,806,android,857,USB,858,1,947,0,1395,2,1500,1268733,1688,1]
02-22 01:34:17.186 I/notification_visibility( 1503): [-1|android|32|null|1000,0,1268808,1268808,0,1]
02-22 01:34:17.186 I/sysui_multi_action( 1503): [757,127,758,2]
02-22 01:34:17.186 I/notification_panel_hidden( 1503):
02-22 01:34:17.194 I/input_focus( 1503): [Focus leaving 91ac81d NotificationShade (server),reason=NOT_FOCUSABLE]
02-22 01:34:17.194 I/input_focus( 1503): [Focus entering ab95283 com.android.settings/com.android.settings.Settings (server),reason=setFocusedWindow]
02-22 01:34:17.197 I/wm_on_stop_called( 2514): [229498384,com.android.launcher3.uioverrides.QuickstepLauncher,STOP_ACTIVITY_ITEM]
02-22 01:34:17.244 I/wm_destroy_activity( 1503): [0,140718968,48,com.android.settings/.Settings$ConnectedDeviceDashboardActivity,finish-imm:idle]
02-22 01:34:17.245 I/wm_on_destroy_called( 4132): [140718968,com.android.settings.Settings$ConnectedDeviceDashboardActivity,performDestroy]
02-22 01:34:17.245 I/wm_task_removed( 1503): [48,removeChild:removeChild last r=ActivityRecord{8633378 u0 com.android.settings/.Settings$ConnectedDeviceDashboardActivity t-1 f}} in t=Task{a3f9a8d #48 type=standard A=1000:com.android.settings U=0 visible=false mode=fullscreen translucent=true sz=0}]
02-22 01:34:17.245 I/wm_task_removed( 1503): [48,removeChild]
02-22 01:34:17.246 W/ActivityTaskManager( 1503): Can't find TaskDisplayArea to determine support for multi window. Task id=48 attached=false
02-22 01:34:17.246 W/ActivityTaskManager( 1503): Can't find TaskDisplayArea to determine support for multi window. Task id=48 attached=false
02-22 01:34:17.378 I/GameModeConfig( 1503): isGameModeOn = false
01-01 12:22:06.005 I/[schedu][0x5bb1843d2][01:34:17.940293] wlan( 0): [3455:I:OSIF] vdev 0, scan id 40971 type COMPLETED(1) reason COMPLETED(1) scan found 72 bss
02-22 01:34:17.943 I/liblog ( 1386): 81
01-01 12:22:07.253 E/DTC_ETH,link_delay_work_func( 0): 3003, SQI=0, link=0
02-22 01:34:20.660 E/TaskPersister( 1503): File error accessing recents directory (directory doesn't exist?).
02-22 01:34:21.144 I/input_interaction( 1503): Interaction with: ab95283 com.android.settings/com.android.settings.Settings (server), edge-swipe (server), swipe-up (server), PointerEventDispatcher0 (server),
02-22 01:34:21.223 I/view_enqueue_input_event( 4132): [Motion - Cancel,com.android.settings/com.android.settings.Settings]
02-22 01:34:21.236 I/input_interaction( 1503): Interaction with: edge-swipe (server), swipe-up (server), PointerEventDispatcher0 (server),
02-22 01:34:21.360 I/service_manager_stats( 1503): [100,58,24509]
02-22 01:34:21.558 I/sysui_multi_action( 1503): [757,803,799,key_back_press,802,1]
02-22 01:34:21.559 I/input_interaction( 1503): Interaction with: ab95283 com.android.settings/com.android.settings.Settings (server), PointerEventDispatcher0 (server),
02-22 01:34:21.561 I/ActivityTaskManager( 1503): moveTaskToBack: Task{b957588 #45 type=standard A=1000:com.android.settings.root U=0 visible=true mode=fullscreen translucent=false sz=1}
02-22 01:34:21.562 I/wm_task_moved( 1503): [45,0,0]
02-22 01:34:21.565 I/wm_focused_root_task( 1503): [0,0,1,45,moveTaskToBackLocked]
02-22 01:34:21.566 I/wm_add_to_stopping( 1503): [0,250080366,com.android.settings/.Settings,makeInvisible]
02-22 01:34:21.567 I/wm_pause_activity( 1503): [0,250080366,com.android.settings/.Settings,userLeaving=false,pauseBackTasks]
02-22 01:34:21.568 I/ActivityTaskManager( 1503): FOREGROUND_APPLICATION_CHANGED to com.android.launcher3.uioverrides.QuickstepLauncher
02-22 01:34:21.569 I/wm_set_resumed_activity( 1503): [0,com.android.launcher3/.uioverrides.QuickstepLauncher,resumeTopActivityInnerLocked]
02-22 01:34:21.572 I/wm_resume_activity( 1503): [0,229498384,41,com.android.launcher3/.uioverrides.QuickstepLauncher]
02-22 01:34:21.573 I/wm_on_top_resumed_lost_called( 4132): [250080366,com.android.settings.Settings,topStateChangedWhenResumed]
02-22 01:34:21.578 I/wm_on_restart_called( 2514): [229498384,com.android.launcher3.uioverrides.QuickstepLauncher,performRestartActivity]
02-22 01:34:21.578 I/wm_on_start_called( 2514): [229498384,com.android.launcher3.uioverrides.QuickstepLauncher,handleStartActivity]
02-22 01:34:21.579 I/wm_on_resume_called( 2514): [229498384,com.android.launcher3.uioverrides.QuickstepLauncher,RESUME_ACTIVITY]
02-22 01:34:21.579 I/sysui_multi_action( 4132): [757,35,758,2,1089,4897]
02-22 01:34:21.579 I/wm_on_top_resumed_gained_called( 2514): [229498384,com.android.launcher3.uioverrides.QuickstepLauncher,topStateChangedWhenResumed]
02-22 01:34:21.580 I/sysui_multi_action( 4132): [757,747,758,2,1089,4675]
02-22 01:34:21.580 I/wm_on_paused_called( 4132): [250080366,com.android.settings.Settings,performPause]
02-22 01:34:21.584 I/sysui_multi_action( 1503): [757,803,799,window_time_0,802,5]
02-22 01:34:21.588 I/input_focus( 1503): [Focus leaving ab95283 com.android.settings/com.android.settings.Settings (server),reason=NO_WINDOW]
02-22 01:34:21.592 I/input_focus( 1503): [Focus request e3555c3 com.android.launcher3/com.android.launcher3.uioverrides.QuickstepLauncher,reason=UpdateInputWindows]
02-22 01:34:21.621 I/input_focus( 1503): [Focus entering e3555c3 com.android.launcher3/com.android.launcher3.uioverrides.QuickstepLauncher (server),reason=Window became focusable. Previous reason: NOT_VISIBLE]
02-22 01:34:21.668 W/FreeFormWindowHelper( 1503): Current Display FreeFormTask is null
02-22 01:34:21.979 I/wm_stop_activity( 1503): [0,250080366,com.android.settings/.Settings]
02-22 01:34:22.010 I/wm_on_stop_called( 4132): [250080366,com.android.settings.Settings,STOP_ACTIVITY_ITEM]
02-22 01:34:22.353 I/input_interaction( 1503): Interaction with: a916dde StatusBar (server), edge-swipe (server), swipe-up (server), PointerEventDispatcher0 (server),
02-22 01:34:22.357 I/sysui_multi_action( 1966): [757,803,799,panel_open,802,1]
02-22 01:34:22.359 I/sysui_multi_action( 1966): [757,1328,758,4,1326,43,1327,5,1329,0]
02-22 01:34:22.392 I/sysui_multi_action( 1503): [757,127,758,1]
02-22 01:34:22.392 I/sysui_multi_action( 1503): [757,804,799,note_load,801,2,802,1]
02-22 01:34:22.392 I/notification_panel_revealed( 1503): 2
02-22 01:34:22.403 I/input_focus( 1503): [Focus request 91ac81d NotificationShade,reason=UpdateInputWindows]
02-22 01:34:22.411 I/sysui_multi_action( 1503): [757,128,758,1,793,1273430,794,0,795,1273430,796,26,798,0,806,android,857,DEVELOPER_IMPORTANT,858,4,947,0,1395,2,1500,1273025,1688,1]
02-22 01:34:22.411 I/sysui_multi_action( 1503): [757,804,799,note_freshness,801,1273430,802,1]
02-22 01:34:22.411 I/notification_visibility( 1503): [-1|android|26|null|1000,1,1273430,1273430,0,0]
02-22 01:34:22.412 I/sysui_multi_action( 1503): [757,128,758,1,793,1274034,794,0,795,1274034,796,32,798,1,806,android,857,USB,858,1,947,0,1395,2,1500,1273959,1688,1]
02-22 01:34:22.412 I/sysui_multi_action( 1503): [757,804,799,note_freshness,801,1274034,802,1]
02-22 01:34:22.413 I/notification_visibility( 1503): [-1|android|32|null|1000,1,1274034,1274034,0,1]
02-22 01:34:22.423 I/input_focus( 1503): [Focus leaving e3555c3 com.android.launcher3/com.android.launcher3.uioverrides.QuickstepLauncher (server),reason=setFocusedWindow]
02-22 01:34:22.424 I/input_focus( 1503): [Focus entering 91ac81d NotificationShade (server),reason=setFocusedWindow]
02-22 01:34:22.456 I/sysui_multi_action( 1966): [757,111,758,1]
02-22 01:34:22.456 I/sysui_multi_action( 1966): [757,126,758,1,759,126,927,0,928,1,1593,0]
02-22 01:34:22.457 I/sysui_multi_action( 1966): [757,113,758,1,759,113,927,1,928,1,1593,0]
02-22 01:34:22.457 I/sysui_multi_action( 1966): [757,0,758,1,759,0,927,2,928,0,1593,0]
02-22 01:34:22.457 I/sysui_multi_action( 1966): [757,0,758,1,759,0,927,3,928,0,1593,0]
02-22 01:34:22.458 I/sysui_multi_action( 1966): [757,491,758,1,759,491,927,4,928,0,1311,-1,1593,0]
02-22 01:34:22.458 I/sysui_multi_action( 1966): [757,0,758,1,759,0,927,5,928,0,1593,0]
02-22 01:34:22.458 I/sysui_multi_action( 1966): [757,111,758,1]
02-22 01:34:22.458 I/sysui_multi_action( 1966): [757,126,758,1,759,126,927,0,928,1,1593,1]
02-22 01:34:22.458 I/sysui_multi_action( 1966): [757,113,758,1,759,113,927,1,928,1,1593,1]
02-22 01:34:22.458 I/sysui_multi_action( 1966): [757,0,758,1,759,0,927,2,928,0,1593,1]
02-22 01:34:22.458 I/sysui_multi_action( 1966): [757,0,758,1,759,0,927,3,928,0,1593,1]
01-01 12:22:12.373 E/DTC_ETH,link_delay_work_func( 0): 3003, SQI=0, link=0
02-22 01:34:27.429 I/GameModeConfig( 1503): isGameModeOn = false
01-01 12:22:17.493 E/DTC_ETH,link_delay_work_func( 0): 3003, SQI=0, link=0
01-01 12:22:22.613 E/DTC_ETH,link_delay_work_func( 0): 3003, SQI=0, link=0
01-01 12:22:27.733 E/DTC_ETH,link_delay_work_func( 0): 3003, SQI=0, link=0
01-01 12:22:32.854 E/DTC_ETH,link_delay_work_func( 0): 3003, SQI=0, link=0
01-01 12:22:37.973 E/DTC_ETH,link_delay_work_func( 0): 3003, SQI=0, link=0
01-01 12:22:43.093 E/DTC_ETH,link_delay_work_func( 0): 3003, SQI=0, link=0
02-22 01:34:57.085 I/input_interaction( 1503): Interaction with: 91ac81d NotificationShade (server), edge-swipe (server), swipe-up (server), PointerEventDispatcher0 (server),
02-22 01:34:57.490 I/sysui_multi_action( 1966): [757,366,758,4,759,113,927,1,928,1,1592,0,1593,1]
02-22 01:34:57.504 I/ActivityTaskManager( 1503): START u0 {act=android.settings.BLUETOOTH_SETTINGS flg=0x14000000 cmp=com.android.settings/.Settings$ConnectedDeviceDashboardActivity} from uid 10078
02-22 01:34:57.509 I/wm_task_created( 1503): [49,-1]
02-22 01:34:57.509 W/ActivityTaskManager( 1503): Can't find TaskDisplayArea to determine support for multi window. Task id=49 attached=false
02-22 01:34:57.510 I/wm_task_moved( 1503): [49,1,9]
02-22 01:34:57.510 I/wm_task_to_front( 1503): [0,49]
02-22 01:34:57.510 I/wm_create_task( 1503): [0,49]
02-22 01:34:57.510 I/wm_create_activity( 1503): [0,59400115,49,com.android.settings/.Settings$ConnectedDeviceDashboardActivity,android.settings.BLUETOOTH_SETTINGS,NULL,NULL,335544320]
02-22 01:34:57.510 I/wm_task_moved( 1503): [49,1,9]
02-22 01:34:57.510 I/wm_on_top_resumed_lost_called( 2514): [229498384,com.android.launcher3.uioverrides.QuickstepLauncher,topStateChangedWhenResumed]
02-22 01:34:57.511 I/wm_pause_activity( 1503): [0,229498384,com.android.launcher3/.uioverrides.QuickstepLauncher,userLeaving=true,pauseBackTasks]
02-22 01:34:57.513 I/wm_on_paused_called( 2514): [229498384,com.android.launcher3.uioverrides.QuickstepLauncher,performPause]
02-22 01:34:57.514 I/ActivityTaskManager( 1503): FOREGROUND_APPLICATION_CHANGED to com.android.settings.Settings$ConnectedDeviceDashboardActivity
02-22 01:34:57.515 I/ActivityTaskManager( 1503): The Process com.android.settings Already Exists in BG. So sending its PID: 4132
02-22 01:34:57.515 W/ActivityTaskManager( 1503): Tried to set launchTime (0) < mLastActivityLaunchTime (1278447)
02-22 01:34:57.515 I/wm_add_to_stopping( 1503): [0,229498384,com.android.launcher3/.uioverrides.QuickstepLauncher,makeInvisible]
02-22 01:34:57.516 I/wm_restart_activity( 1503): [0,59400115,49,com.android.settings/.Settings$ConnectedDeviceDashboardActivity]
02-22 01:34:57.516 I/wm_set_resumed_activity( 1503): [0,com.android.settings/.Settings$ConnectedDeviceDashboardActivity,minimalResumeActivityLocked]
02-22 01:34:57.519 I/sysui_multi_action( 1503): [757,803,799,window_time_0,802,36]
02-22 01:34:57.532 I/thunderperf( 1503): PlatormCompat.setOverrides: Uid1=1000 Pid1=4132 Uid2=1000 Pid2=4132
02-22 01:34:57.532 I/thunderperf( 1503): PlatormCompat.setOverrides: needCheck:false
02-22 01:34:57.532 I/thunderperf( 1503): CompatConfig.addOverrideUnsafe: bef-state=0
02-22 01:34:57.532 I/thunderperf( 1503): CompatConfig.addOverrideUnsafe: aft-state=0
02-22 01:34:57.533 I/thunderperf( 1503): CompatConfig.addOverrideUnsafe: bef-state=0
02-22 01:34:57.533 I/thunderperf( 1503): CompatConfig.addOverrideUnsafe: aft-state=0
02-22 01:34:57.533 I/thunderperf( 1503): CompatConfig.addOverrideUnsafe: bef-state=0
02-22 01:34:57.533 I/thunderperf( 1503): CompatConfig.addOverrideUnsafe: aft-state=0
02-22 01:34:57.533 I/thunderperf( 1503): CompatConfig.addOverrideUnsafe: bef-state=0
02-22 01:34:57.533 I/thunderperf( 1503): CompatConfig.addOverrideUnsafe: aft-state=0
02-22 01:34:57.534 I/thunderperf( 1503): CompatConfig.addOverrideUnsafe: bef-state=0
02-22 01:34:57.534 I/thunderperf( 1503): CompatConfig.addOverrideUnsafe: aft-state=0
02-22 01:34:57.534 I/thunderperf( 1503): CompatConfig.addOverrideUnsafe: bef-state=0
02-22 01:34:57.534 I/thunderperf( 1503): CompatConfig.addOverrideUnsafe: aft-state=0
02-22 01:34:57.534 I/thunderperf( 1503): CompatConfig.addOverrideUnsafe: bef-state=0
02-22 01:34:57.534 I/thunderperf( 1503): CompatConfig.addOverrideUnsafe: aft-state=0
02-22 01:34:57.534 I/thunderperf( 1503): CompatConfig.addOverrideUnsafe: bef-state=0
02-22 01:34:57.534 I/thunderperf( 1503): CompatConfig.addOverrideUnsafe: aft-state=0
02-22 01:34:57.535 I/thunderperf( 1503): CompatConfig.addOverrideUnsafe: bef-state=0
02-22 01:34:57.535 I/thunderperf( 1503): CompatConfig.addOverrideUnsafe: aft-state=0
02-22 01:34:57.535 I/thunderperf( 1503): CompatConfig.addOverrideUnsafe: bef-state=0
02-22 01:34:57.535 I/thunderperf( 1503): CompatConfig.addOverrideUnsafe: aft-state=0
02-22 01:34:57.535 I/thunderperf( 1503): CompatConfig.addOverrideUnsafe: bef-state=0
02-22 01:34:57.535 I/thunderperf( 1503): CompatConfig.addOverrideUnsafe: aft-state=0
02-22 01:34:57.535 I/thunderperf( 1503): CompatConfig.addOverrideUnsafe: bef-state=0
02-22 01:34:57.535 I/thunderperf( 1503): CompatConfig.addOverrideUnsafe: aft-state=0
02-22 01:34:57.536 I/thunderperf( 1503): CompatConfig.addOverrideUnsafe: bef-state=0
02-22 01:34:57.536 I/thunderperf( 1503): CompatConfig.addOverrideUnsafe: aft-state=0
02-22 01:34:57.536 I/thunderperf( 1503): CompatConfig.addOverrideUnsafe: bef-state=0
02-22 01:34:57.536 I/thunderperf( 1503): CompatConfig.addOverrideUnsafe: aft-state=0
02-22 01:34:57.538 I/ActivityTaskManager( 1503): START u0 {act=android.settings.BLUETOOTH_SETTINGS flg=0x14000000 cmp=com.android.settings/.homepage.SettingsHomepageActivity (has extras)} from uid 1000
02-22 01:34:57.538 I/wm_task_moved( 1503): [45,1,9]
02-22 01:34:57.538 I/wm_task_to_front( 1503): [0,45]
02-22 01:34:57.539 I/wm_focused_root_task( 1503): [0,0,45,49,bringingFoundTaskToFront]
02-22 01:34:57.539 I/wm_set_resumed_activity( 1503): [0,com.android.settings/.Settings,bringingFoundTaskToFront]
02-22 01:34:57.539 I/wm_new_intent( 1503): [0,250080366,45,com.android.settings/.Settings,android.intent.action.MAIN,NULL,NULL,270532608]
02-22 01:34:57.539 I/wm_pause_activity( 1503): [0,59400115,com.android.settings/.Settings$ConnectedDeviceDashboardActivity,userLeaving=true,pauseBackTasks]
02-22 01:34:57.541 I/wm_finish_activity( 1503): [0,59400115,49,com.android.settings/.Settings$ConnectedDeviceDashboardActivity,app-request]
02-22 01:34:57.541 I/wm_on_create_called( 4132): [59400115,com.android.settings.Settings$ConnectedDeviceDashboardActivity,performCreate]
02-22 01:34:57.542 I/wm_add_to_stopping( 1503): [0,59400115,com.android.settings/.Settings$ConnectedDeviceDashboardActivity,completeFinishing]
02-22 01:34:57.543 I/ActivityTaskManager( 1503): FOREGROUND_APPLICATION_CHANGED to com.android.settings.homepage.SettingsHomepageActivity
02-22 01:34:57.543 I/wm_set_resumed_activity( 1503): [0,com.android.settings/.Settings,resumeTopActivityInnerLocked]
02-22 01:34:57.545 I/wm_resume_activity( 1503): [0,250080366,45,com.android.settings/.Settings]
02-22 01:34:57.547 I/wm_on_restart_called( 4132): [250080366,com.android.settings.Settings,performRestartActivity]
02-22 01:34:57.547 I/sysui_multi_action( 1503): [757,803,799,window_time_0,802,0]
02-22 01:34:57.549 E/ActivityThread( 4132): Failed to find provider info for com.google.android.gms.nearby.fastpair
02-22 01:34:57.552 I/wm_on_start_called( 4132): [250080366,com.android.settings.Settings,handleStartActivity]
02-22 01:34:57.552 I/snet_event_log( 4132): [120484087,-1,]
02-22 01:34:57.553 I/wm_on_resume_called( 4132): [250080366,com.android.settings.Settings,RESUME_ACTIVITY]
02-22 01:34:57.553 E/ActivityThread( 4132): Failed to find provider info for com.google.android.gms.nearby.fastpair
02-22 01:34:57.553 I/sysui_multi_action( 4132): [757,35,758,1,833,0,1089,0]
02-22 01:34:57.554 I/sysui_multi_action( 4132): [757,747,758,1,833,0,1089,0]
02-22 01:34:57.564 I/wm_on_top_resumed_gained_called( 4132): [250080366,com.android.settings.Settings,topWhenResuming]
02-22 01:34:57.594 I/sysui_multi_action( 1503): [319,31,321,29,322,89,325,1319,757,761,758,8,759,1,806,com.android.settings,871,com.android.settings.Settings,904,com.android.launcher3,905,0,1320,17,1321,1]
02-22 01:34:57.595 I/wm_activity_launch_time( 1503): [0,250080366,com.android.settings/.Settings,89]
02-22 01:34:57.647 W/FreeFormWindowHelper( 1503): Current Display FreeFormTask is null
02-22 01:34:57.754 I/sysui_multi_action( 4132): [757,747,758,2,1089,200]
02-22 01:34:57.763 E/UserRestrictionsUtils( 1503): Unknown restriction queried by uid 1000 (com.android.inputdevices et al): null
02-22 01:34:57.769 E/ActivityThread( 4132): Failed to find provider info for com.google.android.gms.nearby.fastpair
02-22 01:34:57.769 E/ActivityThread( 4132): Failed to find provider info for com.google.android.gms.nearby.fastpair
02-22 01:34:57.771 I/sysui_multi_action( 4132): [757,747,758,1,833,0,1089,14]
02-22 01:34:57.772 I/sysui_multi_action( 4132): [757,1729,758,4,854,isParalleledControllers:false,1089,15]
02-22 01:34:58.041 I/wm_stop_activity( 1503): [0,229498384,com.android.launcher3/.uioverrides.QuickstepLauncher]
02-22 01:34:58.041 I/GameModeConfig( 1503): isGameModeOn = false
02-22 01:34:58.041 I/GameModeConfig( 1503): isGameModeOn = false
02-22 01:34:58.041 I/GameModeConfig( 1503): isGameModeOn = false
02-22 01:34:58.041 I/GameModeConfig( 1503): isGameModeOn = false
02-22 01:34:58.041 I/sysui_multi_action( 1966): [757,111,758,2]
02-22 01:34:58.042 I/notification_enqueue( 1503): [10078,1966,com.android.systemui,2048,NULL,0,Notification(channel=updateNotification shortcut=null contentView=null vibrate=null sound=null defaults=0x0 flags=0x0 color=0x00000000 vis=PRIVATE),1]
02-22 01:34:58.042 I/sysui_multi_action( 1966): [757,111,758,2]
02-22 01:34:58.046 I/input_focus( 1503): [Focus request ab95283 com.android.settings/com.android.settings.Settings,reason=UpdateInputWindows]
02-22 01:34:58.051 I/sysui_multi_action( 1503): [757,128,758,2,793,1309070,794,35640,795,1309070,796,26,798,0,806,android,857,DEVELOPER_IMPORTANT,858,4,947,0,1395,2,1500,1308665,1688,1]
02-22 01:34:58.051 I/notification_visibility( 1503): [-1|android|26|null|1000,0,1309070,1309070,0,0]
02-22 01:34:58.051 I/sysui_multi_action( 1503): [757,128,758,2,793,1309673,794,35639,795,1309673,796,32,798,1,806,android,857,USB,858,1,947,0,1395,2,1500,1309598,1688,1]
02-22 01:34:58.051 I/notification_visibility( 1503): [-1|android|32|null|1000,0,1309673,1309673,0,1]
02-22 01:34:58.051 I/sysui_multi_action( 1503): [757,127,758,2]
02-22 01:34:58.051 I/notification_panel_hidden( 1503):
02-22 01:34:58.058 I/input_focus( 1503): [Focus leaving 91ac81d NotificationShade (server),reason=NOT_FOCUSABLE]
02-22 01:34:58.058 I/input_focus( 1503): [Focus entering ab95283 com.android.settings/com.android.settings.Settings (server),reason=setFocusedWindow]
02-22 01:34:58.062 I/wm_on_stop_called( 2514): [229498384,com.android.launcher3.uioverrides.QuickstepLauncher,STOP_ACTIVITY_ITEM]
02-22 01:34:58.091 I/wm_destroy_activity( 1503): [0,59400115,49,com.android.settings/.Settings$ConnectedDeviceDashboardActivity,finish-imm:idle]
02-22 01:34:58.091 I/wm_on_destroy_called( 4132): [59400115,com.android.settings.Settings$ConnectedDeviceDashboardActivity,performDestroy]
02-22 01:34:58.094 I/wm_task_removed( 1503): [49,removeChild:removeChild last r=ActivityRecord{38a5fb3 u0 com.android.settings/.Settings$ConnectedDeviceDashboardActivity t-1 f}} in t=Task{e774a7a #49 type=standard A=1000:com.android.settings U=0 visible=false mode=fullscreen translucent=true sz=0}]
02-22 01:34:58.094 I/wm_task_removed( 1503): [49,removeChild]
02-22 01:34:58.095 W/ActivityTaskManager( 1503): Can't find TaskDisplayArea to determine support for multi window. Task id=49 attached=false
02-22 01:34:58.095 W/ActivityTaskManager( 1503): Can't find TaskDisplayArea to determine support for multi window. Task id=49 attached=false
02-22 01:34:58.242 I/GameModeConfig( 1503): isGameModeOn = false
02-22 01:34:58.909 I/input_interaction( 1503): Interaction with: ab95283 com.android.settings/com.android.settings.Settings (server), edge-swipe (server), swipe-up (server), PointerEventDispatcher0 (server),
02-22 01:34:59.046 I/sysui_multi_action( 4132): [757,830,758,4,833,0,854,add_bt_devices,1089,0]
02-22 01:34:59.047 I/sysui_multi_action( 4132): [757,747,758,2,1089,1276]
02-22 01:34:59.060 D/CompatibilityChangeReporter( 1503): Compat change id reported: 171306433; UID 1000; state: ENABLED
02-22 01:34:59.062 I/sysui_multi_action( 4132): [757,1018,758,1,833,0,1089,13]
02-22 01:34:59.062 I/sysui_multi_action( 4132): [757,1729,758,4,854,isParalleledControllers:false,1089,14]
01-01 12:22:48.218 E/DTC_ETH,link_delay_work_func( 0): 3003, SQI=0, link=0
02-22 01:35:02.037 E/TaskPersister( 1503): File error accessing recents directory (directory doesn't exist?).
02-22 01:35:05.110 I/sysui_multi_action( 4132): [757,866,758,4]
01-01 12:22:53.333 E/DTC_ETH,link_delay_work_func( 0): 3003, SQI=0, link=0
02-22 01:35:05.850 D/CompanionDeviceManagerService( 1503): onDeviceConnected(address = 54:55:D5:0B:35:17)
02-22 01:35:05.850 I/CompanionDeviceManagerService( 1503): onDeviceNearby(justAppeared, address = 54:55:D5:0B:35:17)
02-22 01:35:06.322 I/thunderperf( 1503): PlatormCompat.setOverrides: Uid1=1000 Pid1=4132 Uid2=1000 Pid2=4132
02-22 01:35:06.322 I/thunderperf( 1503): PlatormCompat.setOverrides: needCheck:false
02-22 01:35:06.322 I/thunderperf( 1503): CompatConfig.addOverrideUnsafe: bef-state=0
02-22 01:35:06.322 I/thunderperf( 1503): CompatConfig.addOverrideUnsafe: aft-state=0
02-22 01:35:06.323 I/thunderperf( 1503): CompatConfig.addOverrideUnsafe: bef-state=0
02-22 01:35:06.323 I/thunderperf( 1503): CompatConfig.addOverrideUnsafe: aft-state=0
02-22 01:35:06.324 I/thunderperf( 1503): CompatConfig.addOverrideUnsafe: bef-state=0
02-22 01:35:06.324 I/thunderperf( 1503): CompatConfig.addOverrideUnsafe: aft-state=0
02-22 01:35:06.325 I/thunderperf( 1503): CompatConfig.addOverrideUnsafe: bef-state=0
02-22 01:35:06.325 I/thunderperf( 1503): CompatConfig.addOverrideUnsafe: aft-state=0
02-22 01:35:06.325 I/thunderperf( 1503): CompatConfig.addOverrideUnsafe: bef-state=0
02-22 01:35:06.325 I/thunderperf( 1503): CompatConfig.addOverrideUnsafe: aft-state=0
02-22 01:35:06.326 I/thunderperf( 1503): CompatConfig.addOverrideUnsafe: bef-state=0
02-22 01:35:06.326 I/thunderperf( 1503): CompatConfig.addOverrideUnsafe: aft-state=0
02-22 01:35:06.327 I/thunderperf( 1503): CompatConfig.addOverrideUnsafe: bef-state=0
02-22 01:35:06.327 I/thunderperf( 1503): CompatConfig.addOverrideUnsafe: aft-state=0
02-22 01:35:06.327 I/thunderperf( 1503): CompatConfig.addOverrideUnsafe: bef-state=0
02-22 01:35:06.327 I/thunderperf( 1503): CompatConfig.addOverrideUnsafe: aft-state=0
02-22 01:35:06.328 I/thunderperf( 1503): CompatConfig.addOverrideUnsafe: bef-state=0
02-22 01:35:06.328 I/thunderperf( 1503): CompatConfig.addOverrideUnsafe: aft-state=0
02-22 01:35:06.329 I/thunderperf( 1503): CompatConfig.addOverrideUnsafe: bef-state=0
02-22 01:35:06.329 I/thunderperf( 1503): CompatConfig.addOverrideUnsafe: aft-state=0
02-22 01:35:06.330 I/thunderperf( 1503): CompatConfig.addOverrideUnsafe: bef-state=0
02-22 01:35:06.330 I/thunderperf( 1503): CompatConfig.addOverrideUnsafe: aft-state=0
02-22 01:35:06.330 I/thunderperf( 1503): CompatConfig.addOverrideUnsafe: bef-state=0
02-22 01:35:06.330 I/thunderperf( 1503): CompatConfig.addOverrideUnsafe: aft-state=0
02-22 01:35:06.331 I/thunderperf( 1503): CompatConfig.addOverrideUnsafe: bef-state=0
02-22 01:35:06.331 I/thunderperf( 1503): CompatConfig.addOverrideUnsafe: aft-state=0
02-22 01:35:06.332 I/thunderperf( 1503): CompatConfig.addOverrideUnsafe: bef-state=0
02-22 01:35:06.332 I/thunderperf( 1503): CompatConfig.addOverrideUnsafe: aft-state=0
02-22 01:35:06.338 I/ActivityTaskManager( 1503): START u0 {act=android.bluetooth.device.action.PAIRING_REQUEST flg=0x10000000 cmp=com.android.settings/.bluetooth.BluetoothPairingDialog (has extras)} from uid 1000
02-22 01:35:06.344 I/wm_task_created( 1503): [50,-1]
02-22 01:35:06.344 W/ActivityTaskManager( 1503): Can't find TaskDisplayArea to determine support for multi window. Task id=50 attached=false
02-22 01:35:06.345 I/wm_task_moved( 1503): [50,1,9]
02-22 01:35:06.346 I/wm_task_to_front( 1503): [0,50]
02-22 01:35:06.346 I/wm_create_task( 1503): [0,50]
02-22 01:35:06.346 I/wm_create_activity( 1503): [0,258326865,50,com.android.settings/.bluetooth.BluetoothPairingDialog,android.bluetooth.device.action.PAIRING_REQUEST,NULL,NULL,276824064]
02-22 01:35:06.346 I/wm_task_moved( 1503): [50,1,9]
02-22 01:35:06.347 I/wm_pause_activity( 1503): [0,250080366,com.android.settings/.Settings,userLeaving=true,pauseBackTasks]
02-22 01:35:06.348 I/wm_on_top_resumed_lost_called( 4132): [250080366,com.android.settings.Settings,topStateChangedWhenResumed]
02-22 01:35:06.349 I/sysui_multi_action( 4132): [757,35,758,2,1089,8796]
02-22 01:35:06.350 I/sysui_multi_action( 4132): [757,1018,758,2,1089,7288]
02-22 01:35:06.350 I/wm_on_paused_called( 4132): [250080366,com.android.settings.Settings,performPause]
02-22 01:35:06.351 I/ActivityTaskManager( 1503): FOREGROUND_APPLICATION_CHANGED to com.android.settings.bluetooth.BluetoothPairingDialog
02-22 01:35:06.351 I/ActivityTaskManager( 1503): The Process com.android.settings Already Exists in BG. So sending its PID: 4132
02-22 01:35:06.351 W/ActivityTaskManager( 1503): Tried to set launchTime (0) < mLastActivityLaunchTime (1319319)
02-22 01:35:06.352 I/wm_restart_activity( 1503): [0,258326865,50,com.android.settings/.bluetooth.BluetoothPairingDialog]
02-22 01:35:06.352 I/wm_set_resumed_activity( 1503): [0,com.android.settings/.bluetooth.BluetoothPairingDialog,minimalResumeActivityLocked]
02-22 01:35:06.354 I/sysui_multi_action( 1503): [757,803,799,window_time_0,802,9]
02-22 01:35:06.358 I/wm_on_create_called( 4132): [258326865,com.android.settings.bluetooth.BluetoothPairingDialog,performCreate]
02-22 01:35:06.376 I/wm_on_start_called( 4132): [258326865,com.android.settings.bluetooth.BluetoothPairingDialog,handleStartActivity]
02-22 01:35:06.376 I/wm_on_resume_called( 4132): [258326865,com.android.settings.bluetooth.BluetoothPairingDialog,RESUME_ACTIVITY]
02-22 01:35:06.376 I/sysui_multi_action( 4132): [757,613,758,1,833,0,1089,17]
02-22 01:35:06.378 I/wm_on_top_resumed_gained_called( 4132): [258326865,com.android.settings.bluetooth.BluetoothPairingDialog,topStateChangedWhenResumed]
02-22 01:35:06.386 I/input_focus( 1503): [Focus request 5f33d8e com.android.settings/com.android.settings.bluetooth.BluetoothPairingDialog,reason=UpdateInputWindows]
02-22 01:35:06.403 I/wm_activity_launch_time( 1503): [0,258326865,com.android.settings/.bluetooth.BluetoothPairingDialog,64]
02-22 01:35:06.411 I/input_focus( 1503): [Focus leaving ab95283 com.android.settings/com.android.settings.Settings (server),reason=setFocusedWindow]
02-22 01:35:06.411 I/input_focus( 1503): [Focus entering 5f33d8e com.android.settings/com.android.settings.bluetooth.BluetoothPairingDialog (server),reason=setFocusedWindow]
02-22 01:35:06.453 W/FreeFormWindowHelper( 1503): Current Display FreeFormTask is null
02-22 01:35:07.630 I/input_interaction( 1503): Interaction with: 5f33d8e com.android.settings/com.android.settings.bluetooth.BluetoothPairingDialog (server), edge-swipe (server), swipe-up (server), PointerEventDispatcher0 (server),
02-22 01:35:07.781 I/wm_finish_activity( 1503): [0,258326865,50,com.android.settings/.bluetooth.BluetoothPairingDialog,app-request]
02-22 01:35:07.781 I/wm_task_moved( 1503): [45,1,9]
02-22 01:35:07.781 I/wm_task_to_front( 1503): [0,45]
02-22 01:35:07.783 I/wm_focused_root_task( 1503): [0,0,45,50,finish-top adjustFocusToNextFocusableTask]
02-22 01:35:07.786 I/wm_pause_activity( 1503): [0,258326865,com.android.settings/.bluetooth.BluetoothPairingDialog,userLeaving=false,finish]
02-22 01:35:07.788 I/wm_on_top_resumed_lost_called( 4132): [258326865,com.android.settings.bluetooth.BluetoothPairingDialog,topStateChangedWhenResumed]
02-22 01:35:07.788 I/input_focus( 1503): [Focus request ab95283 com.android.settings/com.android.settings.Settings,reason=UpdateInputWindows]
02-22 01:35:07.789 I/sysui_multi_action( 4132): [757,613,758,2,1089,1413]
02-22 01:35:07.789 I/wm_on_paused_called( 4132): [258326865,com.android.settings.bluetooth.BluetoothPairingDialog,performPause]
02-22 01:35:07.790 I/ActivityTaskManager( 1503): FOREGROUND_APPLICATION_CHANGED to com.android.settings.homepage.SettingsHomepageActivity
02-22 01:35:07.791 I/wm_set_resumed_activity( 1503): [0,com.android.settings/.Settings,resumeTopActivityInnerLocked]
02-22 01:35:07.791 I/wm_resume_activity( 1503): [0,250080366,45,com.android.settings/.Settings]
02-22 01:35:07.796 I/wm_on_resume_called( 4132): [250080366,com.android.settings.Settings,RESUME_ACTIVITY]
02-22 01:35:07.797 I/sysui_multi_action( 4132): [757,35,758,1,833,0,1089,0]
02-22 01:35:07.797 I/sysui_multi_action( 4132): [757,1018,758,1,833,0,1089,0]
02-22 01:35:07.798 I/sysui_multi_action( 1503): [757,803,799,window_time_0,802,1]
02-22 01:35:07.798 I/input_focus( 1503): [Focus leaving 5f33d8e com.android.settings/com.android.settings.bluetooth.BluetoothPairingDialog (server),reason=NO_WINDOW]
02-22 01:35:07.798 I/input_focus( 1503): [Focus entering ab95283 com.android.settings/com.android.settings.Settings (server),reason=setFocusedWindow]
02-22 01:35:07.799 I/wm_on_top_resumed_gained_called( 4132): [250080366,com.android.settings.Settings,topWhenResuming]
02-22 01:35:07.809 I/am_pss ( 1503): [4132,1000,com.android.settings,198656000,179601408,0,350838784,0,2,11]
02-22 01:35:07.848 I/wm_destroy_activity( 1503): [0,258326865,50,com.android.settings/.bluetooth.BluetoothPairingDialog,finish-idle]
02-22 01:35:07.849 I/wm_on_stop_called( 4132): [258326865,com.android.settings.bluetooth.BluetoothPairingDialog,LIFECYCLER_STOP_ACTIVITY]
02-22 01:35:07.852 I/wm_on_destroy_called( 4132): [258326865,com.android.settings.bluetooth.BluetoothPairingDialog,performDestroy]
02-22 01:35:07.893 W/FreeFormWindowHelper( 1503): Current Display FreeFormTask is null
02-22 01:35:08.047 I/wm_task_removed( 1503): [50,removeChild:removeChild last r=ActivityRecord{f65c151 u0 com.android.settings/.bluetooth.BluetoothPairingDialog t-1 f}} in t=Task{bfc1fa7 #50 type=standard A=1000:.bluetooth.BluetoothPairingDialog U=0 visible=false mode=fullscreen translucent=true sz=0}]
02-22 01:35:08.047 I/wm_task_removed( 1503): [50,removeChild]
02-22 01:35:08.048 W/ActivityTaskManager( 1503): Can't find TaskDisplayArea to determine support for multi window. Task id=50 attached=false
02-22 01:35:08.048 W/ActivityTaskManager( 1503): Can't find TaskDisplayArea to determine support for multi window. Task id=50 attached=false
02-22 01:35:08.207 I/Telecom ( 1503): BluetoothStateReceiver: Device 54:55:D5:0B:35:17 changed state to 1: BSR.oR@ABk
02-22 01:35:08.271 I/GameModeConfig( 1503): isGameModeOn = false
02-22 01:35:08.309 I/sysui_multi_action( 4132): [757,1018,758,2,1089,511]
02-22 01:35:08.315 E/ActivityThread( 4132): Failed to find provider info for com.google.android.gms.nearby.fastpair
02-22 01:35:08.315 E/ActivityThread( 4132): Failed to find provider info for com.google.android.gms.nearby.fastpair
02-22 01:35:08.398 I/sysui_multi_action( 4132): [757,747,758,1,833,0,1089,0]
02-22 01:35:08.567 W/Looper ( 1503): Slow dispatch took 128ms main h=android.app.ActivityThread$H c=android.app.LoadedApk$ReceiverDispatcher$Args$$ExternalSyntheticLambda0@82d4b67 m=0
02-22 01:35:08.567 I/Telecom ( 1503): BluetoothStateReceiver: Device 54:55:D5:0B:35:17 is now the preferred BT device for HFP: BSR.oR@ABo
02-22 01:35:08.568 I/Telecom ( 1503): BluetoothStateReceiver: Device 54:55:D5:0B:35:17 changed state to 2: BSR.oR@ABs
02-22 01:35:08.568 I/Telecom ( 1503): CallAudioRouteStateMachine: Message received: BT_ACTIVE_DEVICE_PRESENT=8, arg1=0: BSR.oR->CARSM.pM_BT_ACTIVE_DEVICE_PRESENT@ABo
02-22 01:35:08.568 I/Telecom ( 1503): QuiescentEarpieceRoute: Processing message BT_ACTIVE_DEVICE_PRESENT: BSR.oR->CARSM.pM_BT_ACTIVE_DEVICE_PRESENT@ABo
02-22 01:35:08.568 I/Telecom ( 1503): Logging.Events: Non-call EVENT: AUDIO_ROUTE, Bluetooth active device present: BSR.oR->CARSM.pM_BT_ACTIVE_DEVICE_PRESENT@ABo
02-22 01:35:08.568 I/Telecom ( 1503): CallAudioRouteStateMachine: Message received: SWITCH_BLUETOOTH=1002, arg1=0: BSR.oR->CARSM.pM_BT_ACTIVE_DEVICE_PRESENT->CARSM.pM_SWITCH_BLUETOOTH@ABo
02-22 01:35:08.568 I/Telecom ( 1503): QuiescentEarpieceRoute: Processing message SWITCH_BLUETOOTH: BSR.oR->CARSM.pM_BT_ACTIVE_DEVICE_PRESENT->CARSM.pM_SWITCH_BLUETOOTH@ABo
02-22 01:35:08.568 W/Telecom ( 1503): QuiescentEarpieceRoute: Ignoring switch to bluetooth command. Not available.: BSR.oR->CARSM.pM_BT_ACTIVE_DEVICE_PRESENT->CARSM.pM_SWITCH_BLUETOOTH@ABo
02-22 01:35:08.568 I/Telecom ( 1503): CallAudioRouteStateMachine: Message received: BLUETOOTH_DEVICE_LIST_CHANGED=7, arg1=0: BSR.oR->CARSM.pM_BLUETOOTH_DEVICE_LIST_CHANGED@ABs
02-22 01:35:08.568 I/Telecom ( 1503): QuiescentEarpieceRoute: Processing message BLUETOOTH_DEVICE_LIST_CHANGED: BSR.oR->CARSM.pM_BLUETOOTH_DEVICE_LIST_CHANGED@ABs
02-22 01:35:08.568 I/Telecom ( 1503): Logging.Events: Non-call EVENT: AUDIO_ROUTE, Bluetooth device list changed: BSR.oR->CARSM.pM_BLUETOOTH_DEVICE_LIST_CHANGED@ABs
02-22 01:35:08.568 I/Telecom ( 1503): BluetoothRouteManager: Message received: NEW_DEVICE_CONNECTED.: BSR.oR->BRM.pM_1@ABs
02-22 01:35:08.574 I/Telecom ( 1503): WiredHeadsetManager: ACTION_HEADSET_PLUG event, plugged in: false, : WHC.oADA@ABw
01-01 12:22:56.921 I/afe_close( 0): port_id = 0x9000
01-01 12:22:57.450 I/btfm_slim_hw_init( 0): PGD Enum Addr: 00:01:20:02:17: 02
01-01 12:22:57.450 I/btfm_slim_hw_init( 0): IFD Enum Addr: 00:00:20:02:17: 02
01-01 12:22:57.450 I/btfm_slim_hw_init( 0): chipset soc version:400a0200
01-01 12:22:57.450 I/btfm_slim_hw_init( 0): chipset is hastings 2.0, overwriting EA
01-01 12:22:57.450 I/btfm_slim_hw_init( 0): PGD Enum Addr: 00:01:20:02:17: 02
01-01 12:22:57.450 I/btfm_slim_hw_init( 0): IFD Enum Addr: 00:00:20:02:17: 02
01-01 12:22:57.456 I/slimbus ( 0): 1 laddr:0xcf, EAPC:0x1:0x20
01-01 12:22:57.457 I/slimbus ( 0): 1 laddr:0xce, EAPC:0x0:0x20
01-01 12:22:57.457 I/btfm_slim_alloc_port( 0): chipset soc version:400a0200
01-01 12:22:57.466 I/btfm_slim_enable_ch( 0): chipset soc version:400a0200
01-01 12:22:57.466 I/btfm_slim_enable_ch( 0): channel define - prot:2, dataf:0, auxf:0
01-01 12:22:57.466 I/btfm_slim_enable_ch( 0): channel define - rates:44100, baser:2, ratem:4
01-01 12:22:57.466 I/btfm_slim_enable_ch( 0): slim_connect_sink(port: 16, ch: 157)
01-01 12:22:57.466 I/btfm_slim_enable_ch( 0): port: 16, ch: 157, grp: 0, ch->grph: 0x0, ch_hdl: 0x1d
01-01 12:22:57.467 I/__afe_port_start( 0): port id: 0x400e
01-01 12:22:57.467 I/afe_find_cal_topo_id_by_port( 0): port id: 0x400e, dev_acdb_id: 20
01-01 12:22:57.467 I/afe_find_cal_topo_id_by_port( 0): top_id:112fc acdb_id:20 afe_port_id:0x400e
01-01 12:22:57.467 I/afe_get_cal_topology_id( 0): port_id = 0x400e acdb_id = 20 topology_id = 0x112fc cal_type_index=8 ret=0
01-01 12:22:57.467 I/afe_send_port_topology_id( 0): AFE set topology id 0x112fc enable for port 0x400e ret 0
01-01 12:22:57.467 I/send_afe_cal_type( 0): cal_index is 0
01-01 12:22:57.467 I/send_afe_cal_type( 0): dev_acdb_id[119] is 20
01-01 12:22:57.467 I/afe_find_cal( 0): cal_index 0 port_id 0x400e port_index 119
01-01 12:22:57.467 I/afe_find_cal( 0): acdb_id 20 dev_acdb_id 20 sample_rate 48000 afe_sample_rates 44100
01-01 12:22:57.467 I/afe_find_cal( 0): no matching cal_block found
01-01 12:22:57.467 E/ ( 0): send_afe_cal_type cal_block not found!!
01-01 12:22:57.468 I/afe_send_hw_delay( 0): port_id 0x400e rate 44100 delay_usec 0 status 0
02-22 01:35:09.466 I/Telecom ( 1503): WiredHeadsetManager: ACTION_HEADSET_PLUG event, plugged in: false, : WHC.oADA@AB0
02-22 01:35:09.471 I/stream_devices_changed( 1503): [3,2,128]
02-22 01:35:09.509 I/stream_devices_changed( 1503): [6,1,128]
01-01 12:22:58.454 E/DTC_ETH,link_delay_work_func( 0): 3003, SQI=0, link=0
02-22 01:35:10.801 E/TaskPersister( 1503): File error accessing recents directory (directory doesn't exist?).
02-22 01:35:11.270 W/NotificationService( 1503): Toast already killed. pkg=com.android.settings token=android.os.BinderProxy@c39f6dc
02-22 01:35:12.056 I/input_interaction( 1503): Interaction with: ab95283 com.android.settings/com.android.settings.Settings (server), edge-swipe (server), swipe-up (server), PointerEventDispatcher0 (server),
02-22 01:35:12.072 W/FreeFormWindowHelper( 1503): Current Display FreeFormTask is null
02-22 01:35:12.075 I/wm_task_moved( 1503): [1,0,0]
02-22 01:35:12.075 I/wm_task_moved( 1503): [1,0,7]
02-22 01:35:12.093 I/wm_on_restart_called( 2514): [229498384,com.android.launcher3.uioverrides.QuickstepLauncher,performRestartActivity]
02-22 01:35:12.094 W/FreeFormWindowHelper( 1503): Current Display FreeFormTask is null
02-22 01:35:12.095 W/FreeFormWindowHelper( 1503): Current Display FreeFormTask is null
02-22 01:35:12.117 I/wm_on_start_called( 2514): [229498384,com.android.launcher3.uioverrides.QuickstepLauncher,handleStartActivity]
02-22 01:35:12.118 I/view_enqueue_input_event( 4132): [Motion - Cancel,com.android.settings/com.android.settings.Settings]
02-22 01:35:12.119 I/input_focus( 1503): [Focus request recents_animation_input_consumer,reason=UpdateInputWindows]
02-22 01:35:12.120 W/ActivityTaskManager( 1503): getTaskSnapshot: taskId=1045 not found
02-22 01:35:12.122 I/input_interaction( 1503): Interaction with: edge-swipe (server), swipe-up (server), PointerEventDispatcher0 (server),
02-22 01:35:12.122 W/ActivityTaskManager( 1503): getTaskSnapshot: taskId=2045 not found
02-22 01:35:12.125 W/FreeFormWindowHelper( 1503): Current Display FreeFormTask is null
02-22 01:35:12.125 W/FreeFormWindowHelper( 1503): Current Display FreeFormTask is null
02-22 01:35:12.125 I/input_focus( 1503): [Focus leaving ab95283 com.android.settings/com.android.settings.Settings (server),reason=NOT_FOCUSABLE]
02-22 01:35:12.125 W/ActivityTaskManager( 1503): getTaskSnapshot: taskId=3045 not found
02-22 01:35:12.125 I/input_focus( 1503): [Focus entering recents_animation_input_consumer (server),reason=setFocusedWindow]
02-22 01:35:12.126 I/sysui_latency( 2514): [1,70]
02-22 01:35:12.126 W/ActivityTaskManager( 1503): getTaskSnapshot: taskId=1045 not found
02-22 01:35:12.126 W/ActivityTaskManager( 1503): getTaskSnapshot: taskId=2045 not found
02-22 01:35:12.127 W/ActivityTaskManager( 1503): getTaskSnapshot: taskId=3045 not found
02-22 01:35:12.134 W/FreeFormWindowHelper( 1503): Current Display FreeFormTask is null
02-22 01:35:12.136 W/FreeFormWindowHelper( 1503): Current Display FreeFormTask is null
02-22 01:35:12.136 W/FreeFormWindowHelper( 1503): Current Display FreeFormTask is null
02-22 01:35:12.137 W/ActivityTaskManager( 1503): getTaskSnapshot: taskId=1045 not found
02-22 01:35:12.137 W/ActivityTaskManager( 1503): getTaskSnapshot: taskId=2045 not found
02-22 01:35:12.137 W/ActivityTaskManager( 1503): getTaskSnapshot: taskId=3045 not found
02-22 01:35:12.142 W/FreeFormWindowHelper( 1503): Current Display FreeFormTask is null
02-22 01:35:12.142 W/FreeFormWindowHelper( 1503): Current Display FreeFormTask is null
02-22 01:35:12.142 I/sysui_multi_action( 1503): [319,10,322,60,325,1333,757,761,758,9,759,5,806,com.android.launcher3,871,com.android.launcher3.uioverrides.QuickstepLauncher,905,0,1320,4,1321,1]
02-22 01:35:12.237 W/FreeFormWindowHelper( 1503): exitRecentTasks type=0
02-22 01:35:12.243 W/FreeFormWindowHelper( 1503): Current Display FreeFormTask is null
02-22 01:35:12.243 W/FreeFormWindowHelper( 1503): Current Display FreeFormTask is null
02-22 01:35:12.319 I/commit_sys_config_file( 1503): [settings-1-0,4]
02-22 01:35:12.436 I/sysui_latency( 1503): [8,75]
02-22 01:35:12.880 W/FreeFormWindowHelper( 1503): Current Display FreeFormTask is null
02-22 01:35:12.880 W/FreeFormWindowHelper( 1503): Current Display FreeFormTask is null
02-22 01:35:12.883 I/wm_task_moved( 1503): [1,1,8]
02-22 01:35:12.884 I/wm_task_moved( 1503): [41,1,2147483647]
02-22 01:35:12.884 I/wm_task_to_front( 1503): [0,41]
02-22 01:35:12.884 I/wm_on_top_resumed_lost_called( 4132): [250080366,com.android.settings.Settings,topStateChangedWhenResumed]
02-22 01:35:12.884 I/wm_focused_root_task( 1503): [0,0,1,45,RecentsAnimation.onAnimationFinished()]
02-22 01:35:12.885 I/wm_set_resumed_activity( 1503): [0,com.android.launcher3/.uioverrides.QuickstepLauncher,RecentsAnimation.onAnimationFinished()]
02-22 01:35:12.887 I/wm_pause_activity( 1503): [0,250080366,com.android.settings/.Settings,userLeaving=true,pauseBackTasks]
02-22 01:35:12.888 I/wm_add_to_stopping( 1503): [0,250080366,com.android.settings/.Settings,makeInvisible]
02-22 01:35:12.889 I/ActivityTaskManager( 1503): FOREGROUND_APPLICATION_CHANGED to com.android.launcher3.uioverrides.QuickstepLauncher
02-22 01:35:12.889 I/wm_set_resumed_activity( 1503): [0,com.android.launcher3/.uioverrides.QuickstepLauncher,resumeTopActivityInnerLocked]
02-22 01:35:12.893 I/wm_resume_activity( 1503): [0,229498384,41,com.android.launcher3/.uioverrides.QuickstepLauncher]
02-22 01:35:12.893 I/wm_on_resume_called( 2514): [229498384,com.android.launcher3.uioverrides.QuickstepLauncher,RESUME_ACTIVITY]
02-22 01:35:12.896 I/input_focus( 1503): [Focus request e3555c3 com.android.launcher3/com.android.launcher3.uioverrides.QuickstepLauncher,reason=UpdateInputWindows]
02-22 01:35:12.900 I/sysui_multi_action( 4132): [757,35,758,2,1089,5103]
02-22 01:35:12.901 I/sysui_multi_action( 4132): [757,747,758,2,1089,4503]
02-22 01:35:12.901 I/wm_on_top_resumed_gained_called( 2514): [229498384,com.android.launcher3.uioverrides.QuickstepLauncher,topStateChangedWhenResumed]
02-22 01:35:12.901 I/wm_on_paused_called( 4132): [250080366,com.android.settings.Settings,performPause]
02-22 01:35:12.910 I/wm_stop_activity( 1503): [0,250080366,com.android.settings/.Settings]
02-22 01:35:12.911 I/sysui_multi_action( 1503): [757,803,799,window_time_0,802,5]
02-22 01:35:12.911 I/input_focus( 1503): [Focus leaving recents_animation_input_consumer (server),reason=NOT_VISIBLE]
02-22 01:35:12.912 I/input_focus( 1503): [Focus entering e3555c3 com.android.launcher3/com.android.launcher3.uioverrides.QuickstepLauncher (server),reason=setFocusedWindow]
02-22 01:35:12.921 I/sysui_multi_action( 1503): [757,803,799,window_time_0,802,0]
02-22 01:35:12.926 I/wm_on_stop_called( 4132): [250080366,com.android.settings.Settings,STOP_ACTIVITY_ITEM]
02-22 01:35:12.999 W/FreeFormWindowHelper( 1503): Current Display FreeFormTask is null
02-22 01:35:13.018 I/input_interaction( 1503): Interaction with: a916dde StatusBar (server), edge-swipe (server), swipe-up (server), PointerEventDispatcher0 (server),
02-22 01:35:13.021 I/sysui_multi_action( 1966): [757,803,799,panel_open,802,1]
02-22 01:35:13.022 I/sysui_multi_action( 1966): [757,1328,758,4,1326,51,1327,1,1329,0]
02-22 01:35:13.080 I/sysui_multi_action( 1503): [757,127,758,1]
02-22 01:35:13.080 I/sysui_multi_action( 1503): [757,804,799,note_load,801,2,802,1]
02-22 01:35:13.080 I/notification_panel_revealed( 1503): 2
02-22 01:35:13.090 I/input_focus( 1503): [Focus request 91ac81d NotificationShade,reason=UpdateInputWindows]
02-22 01:35:13.100 I/sysui_multi_action( 1503): [757,128,758,1,793,1324119,794,0,795,1324119,796,26,798,0,806,android,857,DEVELOPER_IMPORTANT,858,4,947,0,1395,2,1500,1323714,1688,1]
02-22 01:35:13.100 I/sysui_multi_action( 1503): [757,804,799,note_freshness,801,1324119,802,1]
02-22 01:35:13.101 I/notification_visibility( 1503): [-1|android|26|null|1000,1,1324119,1324119,0,0]
02-22 01:35:13.101 I/sysui_multi_action( 1503): [757,128,758,1,793,1324723,794,0,795,1324723,796,32,798,1,806,android,857,USB,858,1,947,0,1395,2,1500,1324648,1688,1]
02-22 01:35:13.101 I/sysui_multi_action( 1503): [757,804,799,note_freshness,801,1324723,802,1]
02-22 01:35:13.102 I/notification_visibility( 1503): [-1|android|32|null|1000,1,1324723,1324723,0,1]
02-22 01:35:13.112 I/input_focus( 1503): [Focus leaving e3555c3 com.android.launcher3/com.android.launcher3.uioverrides.QuickstepLauncher (server),reason=setFocusedWindow]
02-22 01:35:13.112 I/input_focus( 1503): [Focus entering 91ac81d NotificationShade (server),reason=setFocusedWindow]
02-22 01:35:13.178 I/sysui_multi_action( 1966): [757,111,758,1]
02-22 01:35:13.179 I/sysui_multi_action( 1966): [757,126,758,1,759,126,927,0,928,1,1593,1]
02-22 01:35:13.179 I/sysui_multi_action( 1966): [757,113,758,1,759,113,927,1,928,1,1593,1]
02-22 01:35:13.179 I/sysui_multi_action( 1966): [757,0,758,1,759,0,927,2,928,0,1593,1]
02-22 01:35:13.179 I/sysui_multi_action( 1966): [757,0,758,1,759,0,927,3,928,0,1593,1]
02-22 01:35:13.180 I/sysui_multi_action( 1966): [757,491,758,1,759,491,927,4,928,0,1311,-1,1593,0]
02-22 01:35:13.180 I/sysui_multi_action( 1966): [757,0,758,1,759,0,927,5,928,0,1593,0]
02-22 01:35:13.180 I/sysui_multi_action( 1966): [757,111,758,1]
02-22 01:35:13.180 I/sysui_multi_action( 1966): [757,126,758,1,759,126,927,0,928,1,1593,1]
02-22 01:35:13.180 I/sysui_multi_action( 1966): [757,113,758,1,759,113,927,1,928,1,1593,1]
02-22 01:35:13.180 I/sysui_multi_action( 1966): [757,0,758,1,759,0,927,2,928,0,1593,1]
02-22 01:35:13.181 I/sysui_multi_action( 1966): [757,0,758,1,759,0,927,3,928,0,1593,1]
01-01 12:23:03.573 E/DTC_ETH,link_delay_work_func( 0): 3003, SQI=0, link=0
02-22 01:35:15.852 D/CompanionDeviceManagerService( 1503): TriggerDeviceDisappearedRunnable.run(address = 54:55:D5:0B:35:17)
01-01 12:23:08.693 E/DTC_ETH,link_delay_work_func( 0): 3003, SQI=0, link=0
02-22 01:35:22.001 W/WindowManager( 1503): removeWindowToken: Attempted to remove non-existing token: android.os.Binder@b0ba375
01-01 12:23:13.813 E/DTC_ETH,link_delay_work_func( 0): 3003, SQI=0, link=0
02-22 01:35:28.710 I/am_pss ( 1503): [4140,10087,com.android.music,60196864,51015680,0,189284352,0,4,17]
01-01 12:23:18.933 E/DTC_ETH,link_delay_work_func( 0): 3003, SQI=0, link=0
02-22 01:35:32.351 I/input_interaction( 1503): Interaction with: 91ac81d NotificationShade (server), edge-swipe (server), swipe-up (server), PointerEventDispatcher0 (server),
02-22 01:35:32.755 I/sysui_multi_action( 1966): [757,366,758,4,759,113,927,1,928,1,1592,0,1593,1]
02-22 01:35:32.768 I/ActivityTaskManager( 1503): START u0 {act=android.settings.BLUETOOTH_SETTINGS flg=0x14000000 cmp=com.android.settings/.Settings$ConnectedDeviceDashboardActivity} from uid 10078
02-22 01:35:32.775 I/wm_task_created( 1503): [51,-1]
02-22 01:35:32.775 W/ActivityTaskManager( 1503): Can't find TaskDisplayArea to determine support for multi window. Task id=51 attached=false
02-22 01:35:32.777 I/wm_task_moved( 1503): [51,1,9]
02-22 01:35:32.777 I/wm_task_to_front( 1503): [0,51]
02-22 01:35:32.777 I/wm_create_task( 1503): [0,51]
