02-22 01:28:48.075 D/CompatibilityChangeReporter( 1503): Compat change id reported: 135634846; UID 1000; state: DISABLED
02-22 01:28:48.075 D/CompatibilityChangeReporter( 1503): Compat change id reported: 177438394; UID 1000; state: DISABLED
02-22 01:28:48.075 D/CompatibilityChangeReporter( 1503): Compat change id reported: 135772972; UID 1000; state: DISABLED
02-22 01:28:48.075 D/CompatibilityChangeReporter( 1503): Compat change id reported: 135754954; UID 1000; state: ENABLED
02-22 01:28:48.077 I/view_enqueue_input_event( 3965): [Motion - Cancel,com.thundercomm.screensaver/android.service.dreams.DreamActivity]
02-22 01:28:48.078 I/am_uid_running( 1503): 10068
02-22 01:28:48.081 I/input_focus( 1503): [Focus leaving ba9900a com.thundercomm.screensaver/android.service.dreams.DreamActivity (server),reason=NO_WINDOW]
02-22 01:28:48.081 D/CompatibilityChangeReporter( 1503): Compat change id reported: 135634846; UID 10068; state: DISABLED
02-22 01:28:48.082 D/CompatibilityChangeReporter( 1503): Compat change id reported: 177438394; UID 10068; state: DISABLED
02-22 01:28:48.082 D/CompatibilityChangeReporter( 1503): Compat change id reported: 135772972; UID 10068; state: DISABLED
02-22 01:28:48.082 I/am_pss ( 1503): [3213,1000,com.qti.diagservices,6428672,3772416,0,94449664,0,10,6]
02-22 01:28:48.082 D/CompatibilityChangeReporter( 1503): Compat change id reported: 135754954; UID 10068; state: DISABLED
02-22 01:28:48.082 I/wm_on_restart_called( 2514): [229498384,com.android.launcher3.uioverrides.QuickstepLauncher,performRestartActivity]
02-22 01:28:48.082 I/am_uid_running( 1503): 10087
02-22 01:28:48.083 D/CompatibilityChangeReporter( 1503): Compat change id reported: 135634846; UID 10087; state: DISABLED
02-22 01:28:48.083 I/wm_on_start_called( 2514): [229498384,com.android.launcher3.uioverrides.QuickstepLauncher,handleStartActivity]
02-22 01:28:48.083 D/CompatibilityChangeReporter( 1503): Compat change id reported: 177438394; UID 10087; state: DISABLED
02-22 01:28:48.083 D/CompatibilityChangeReporter( 1503): Compat change id reported: 135772972; UID 10087; state: DISABLED
02-22 01:28:48.084 D/CompatibilityChangeReporter( 1503): Compat change id reported: 135754954; UID 10087; state: ENABLED
02-22 01:28:48.084 I/wm_on_resume_called( 2514): [229498384,com.android.launcher3.uioverrides.QuickstepLauncher,RESUME_ACTIVITY]
02-22 01:28:48.084 I/wm_on_top_resumed_gained_called( 2514): [229498384,com.android.launcher3.uioverrides.QuickstepLauncher,topWhenResuming]
02-22 01:28:48.089 I/am_uid_active( 1503): 10061
02-22 01:28:48.090 I/input_focus( 1503): [Focus request e3555c3 com.android.launcher3/com.android.launcher3.uioverrides.QuickstepLauncher,reason=UpdateInputWindows]
02-22 01:28:48.092 I/am_pss ( 1503): [2824,10081,com.qualcomm.qti.workloadclassifier,8761344,6553600,0,93122560,0,0,6]
02-22 01:28:48.097 I/am_proc_start( 1503): [0,4132,1000,com.android.settings,NULL,]
02-22 01:28:48.097 I/ActivityManager( 1503): Start proc 4132:com.android.settings/1000 for null
02-22 01:28:48.099 I/am_pss ( 1503): [2798,10085,com.qualcomm.qti.qccnetstat,6520832,4259840,0,91308032,0,0,6]
02-22 01:28:48.103 D/CompatibilityChangeReporter( 1503): Compat change id reported: 143937733; UID 10068; state: DISABLED
02-22 01:28:48.105 I/am_pss ( 1503): [2786,10072,com.qualcomm.qti.services.systemhelper:systemhelper_service,6727680,4395008,0,93392896,0,0,6]
02-22 01:28:48.108 I/am_proc_start( 1503): [0,4136,10068,com.android.deskclock,NULL,]
02-22 01:28:48.109 I/ActivityManager( 1503): Start proc 4136:com.android.deskclock/u0a68 for null
02-22 01:28:48.109 D/CompatibilityChangeReporter( 1503): Compat change id reported: 143937733; UID 10087; state: ENABLED
02-22 01:28:48.110 I/PowerManagerService( 1503): Powering on display group fromDreaming (groupId=0, uid=1000, reason=WAKE_REASON_UNKNOWN, details=android.server.power:DREAM_FINISHED)...
02-22 01:28:48.110 I/PowerManagerService( 1503): Waking up from Dreaming (uid=1000, reason=WAKE_REASON_UNKNOWN, details=android.server.power:DREAM_FINISHED)...
02-22 01:28:48.111 I/am_pss ( 1503): [2765,10053,.pasr,5732352,3608576,0,89169920,0,0,5]
02-22 01:28:48.117 I/am_pss ( 1503): [2717,10057,ts.car.uart,6455296,4362240,0,90292224,0,0,5]
02-22 01:28:48.119 I/input_focus( 1503): [Focus entering e3555c3 com.android.launcher3/com.android.launcher3.uioverrides.QuickstepLauncher (server),reason=Window became focusable. Previous reason: NOT_VISIBLE]
01-01 12:16:36.185 I/binder ( 0): 4132:4132 ioctl 40046210 7fff12dd34 returned -22
02-22 01:28:48.121 I/am_proc_start( 1503): [0,4140,10087,com.android.music,NULL,]
02-22 01:28:48.121 I/ActivityManager( 1503): Start proc 4140:com.android.music/u0a87 for null
02-22 01:28:48.123 I/am_pss ( 1503): [2731,1000,com.hryt.hiphishowfsecontrol,14626816,12009472,0,105402368,0,0,5]
02-22 01:28:48.124 I/am_proc_bound( 1503): [0,4132,com.android.settings]
01-01 12:16:36.190 I/binder ( 0): 4136:4136 ioctl 40046210 7fff12dd34 returned -22
01-01 12:16:36.193 I/binder ( 0): 4140:4140 ioctl 40046210 7fff12dd34 returned -22
02-22 01:28:48.129 I/am_pss ( 1503): [2708,10082,com.hht.lebocast,43117568,19587072,0,113856512,0,0,5]
02-22 01:28:48.130 I/am_proc_bound( 1503): [0,4136,com.android.deskclock]
02-22 01:28:48.132 I/am_proc_bound( 1503): [0,4140,com.android.music]
02-22 01:28:48.133 D/CompatibilityChangeReporter( 1503): Compat change id reported: 168419799; UID 10087; state: DISABLED
02-22 01:28:48.135 I/am_pss ( 1503): [3166,10065,com.qualcomm.qti.devicestatisticsservice,5599232,3547136,0,89001984,0,0,4]
02-22 01:28:48.196 I/am_wtf ( 1503): [0,4132,com.android.settings,952647173,RoleParser,com.android.permissioncontroller.role.model.AssistantRoleBehavior]
02-22 01:28:48.197 I/DropBoxManagerService( 1503): add tag=system_app_wtf isTagEnabled=true flags=0x2
02-22 01:28:48.198 I/am_wtf ( 1503): [0,4132,com.android.settings,952647173,RoleParser,com.android.permissioncontroller.role.model.BrowserRoleBehavior]
02-22 01:28:48.199 I/service_manager_stats( 1503): [100,22,512963]
02-22 01:28:48.199 I/DropBoxManagerService( 1503): add tag=system_app_wtf isTagEnabled=true flags=0x2
02-22 01:28:48.200 I/am_wtf ( 1503): [0,4132,com.android.settings,952647173,RoleParser,com.android.permissioncontroller.role.model.DialerRoleBehavior]
02-22 01:28:48.204 I/am_wtf ( 1503): [0,4132,com.android.settings,952647173,RoleParser,com.android.permissioncontroller.role.model.SmsRoleBehavior]
02-22 01:28:48.202 I/DropBoxManagerService( 1503): add tag=system_app_wtf isTagEnabled=true flags=0x2
02-22 01:28:48.208 I/DropBoxManagerService( 1503): add tag=system_app_wtf isTagEnabled=true flags=0x2
02-22 01:28:48.209 I/am_wtf ( 1503): [0,4132,com.android.settings,952647173,RoleParser,com.android.permissioncontroller.role.model.EmergencyRoleBehavior]
02-22 01:28:48.211 I/am_wtf ( 1503): [0,4132,com.android.settings,952647173,RoleParser,com.android.permissioncontroller.role.model.HomeRoleBehavior]
02-22 01:28:48.211 I/DropBoxManagerService( 1503): add tag=system_app_wtf isTagEnabled=true flags=0x2
02-22 01:28:48.215 I/am_wtf ( 1503): [0,4132,com.android.settings,952647173,RoleParser,com.android.permissioncontroller.role.model.SystemAutomotiveClusterRoleBehavior]
02-22 01:28:48.216 I/am_wtf ( 1503): [0,4132,com.android.settings,952647173,RoleParser,com.android.permissioncontroller.role.model.CompanionDeviceWatchRoleBehavior]
02-22 01:28:48.218 I/am_wtf ( 1503): [0,4132,com.android.settings,952647173,RoleParser,com.android.permissioncontroller.role.model.SystemShellRoleBehavior]
02-22 01:28:48.221 I/am_wtf ( 1503): [0,4132,com.android.settings,952647173,RoleParser,com.android.permissioncontroller.role.model.TelevisionRoleBehavior]
02-22 01:28:48.226 I/am_wtf ( 1503): [0,4132,com.android.settings,952647173,RoleParser,com.android.permissioncontroller.role.model.TelevisionRoleBehavior]
02-22 01:28:48.339 I/wm_destroy_activity( 1503): [0,247353854,44,com.thundercomm.screensaver/android.service.dreams.DreamActivity,finish-imm:idle]
02-22 01:28:48.361 I/wm_on_stop_called( 3965): [247353854,android.service.dreams.DreamActivity,LIFECYCLER_STOP_ACTIVITY]
02-22 01:28:48.362 I/wm_on_destroy_called( 3965): [247353854,android.service.dreams.DreamActivity,performDestroy]
02-22 01:28:48.364 I/DreamManagerService( 1503): Leaving dreamland.
02-22 01:28:48.366 I/DreamManagerService( 1503): Performing gentle wake from dream.
02-22 01:28:48.366 I/DreamController( 1503): Stopping dream: name=ComponentInfo{com.thundercomm.screensaver/com.thundercomm.saverclock.service.ClockScreensaver}, isTest=false, canDoze=false, userId=0, reason='finished self'(from 'finished self')
02-22 01:28:48.366 I/sysui_multi_action( 1503): [757,222,758,2]
02-22 01:28:48.366 I/sysui_multi_action( 1503): [757,804,799,dreaming_minutes,801,8,802,1]
02-22 01:28:48.375 I/wm_task_removed( 1503): [44,removeChild:removeChild last r=ActivityRecord{ebe51fe u0 com.thundercomm.screensaver/android.service.dreams.DreamActivity t-1 f}} in t=Task{4638e6b #44 type=dream A=10047:android:com.thundercomm.screensaver/dream U=0 visible=false mode=fullscreen translucent=true sz=0}]
02-22 01:28:48.375 I/wm_task_removed( 1503): [44,removeChild]
02-22 01:28:48.376 W/ActivityTaskManager( 1503): Can't find TaskDisplayArea to determine support for multi window. Task id=44 attached=false
02-22 01:28:50.129 I/input_interaction( 1503): Interaction with: a916dde StatusBar (server), edge-swipe (server), swipe-up (server), PointerEventDispatcher0 (server),
02-22 01:28:50.134 I/sysui_multi_action( 1966): [757,803,799,panel_open,802,1]
02-22 01:28:50.135 I/sysui_multi_action( 1966): [757,1328,758,4,1326,44,1327,2,1329,0]
02-22 01:28:50.196 I/sysui_multi_action( 1503): [757,127,758,1]
02-22 01:28:50.196 I/sysui_multi_action( 1503): [757,804,799,note_load,801,2,802,1]
02-22 01:28:50.196 I/notification_panel_revealed( 1503): 2
02-22 01:28:50.209 I/input_focus( 1503): [Focus request 91ac81d NotificationShade,reason=UpdateInputWindows]
02-22 01:28:50.214 I/sysui_multi_action( 1503): [757,128,758,1,793,941233,794,0,795,941233,796,26,798,0,806,android,857,DEVELOPER_IMPORTANT,858,4,947,0,1395,2,1500,940828,1688,1]
02-22 01:28:50.214 I/sysui_multi_action( 1503): [757,804,799,note_freshness,801,941233,802,1]
02-22 01:28:50.214 I/notification_visibility( 1503): [-1|android|26|null|1000,1,941233,941233,0,0]
02-22 01:28:50.215 I/sysui_multi_action( 1503): [757,128,758,1,793,941836,794,0,795,941836,796,32,798,1,806,android,857,USB,858,1,947,0,1395,2,1500,941761,1688,1]
02-22 01:28:50.215 I/sysui_multi_action( 1503): [757,804,799,note_freshness,801,941836,802,1]
02-22 01:28:50.215 I/notification_visibility( 1503): [-1|android|32|null|1000,1,941836,941836,0,1]
02-22 01:28:50.225 I/input_focus( 1503): [Focus leaving e3555c3 com.android.launcher3/com.android.launcher3.uioverrides.QuickstepLauncher (server),reason=setFocusedWindow]
02-22 01:28:50.225 I/input_focus( 1503): [Focus entering 91ac81d NotificationShade (server),reason=setFocusedWindow]
02-22 01:28:50.274 I/sysui_multi_action( 1966): [757,111,758,1]
02-22 01:28:50.275 I/sysui_multi_action( 1966): [757,126,758,1,759,126,927,0,928,1,1593,0]
02-22 01:28:50.275 I/sysui_multi_action( 1966): [757,113,758,1,759,113,927,1,928,1,1593,0]
02-22 01:28:50.275 I/sysui_multi_action( 1966): [757,0,758,1,759,0,927,2,928,0,1593,0]
02-22 01:28:50.275 I/sysui_multi_action( 1966): [757,0,758,1,759,0,927,3,928,0,1593,0]
02-22 01:28:50.276 I/sysui_multi_action( 1966): [757,491,758,1,759,491,927,4,928,0,1311,-1,1593,0]
02-22 01:28:50.276 I/sysui_multi_action( 1966): [757,0,758,1,759,0,927,5,928,0,1593,0]
02-22 01:28:50.276 I/sysui_multi_action( 1966): [757,111,758,1]
02-22 01:28:50.276 I/sysui_multi_action( 1966): [757,126,758,1,759,126,927,0,928,1,1593,0]
02-22 01:28:50.276 I/sysui_multi_action( 1966): [757,113,758,1,759,113,927,1,928,1,1593,0]
02-22 01:28:50.276 I/sysui_multi_action( 1966): [757,0,758,1,759,0,927,2,928,0,1593,0]
02-22 01:28:50.276 I/sysui_multi_action( 1966): [757,0,758,1,759,0,927,3,928,0,1593,0]
02-22 01:28:51.335 I/input_interaction( 1503): Interaction with: 91ac81d NotificationShade (server), edge-swipe (server), swipe-up (server), PointerEventDispatcher0 (server),
01-01 12:16:39.573 E/DTC_ETH,link_delay_work_func( 0): 3003, SQI=0, link=0
02-22 01:28:51.748 I/GameModeConfig( 1503): isGameModeOn = false
02-22 01:28:51.748 I/GameModeConfig( 1503): isGameModeOn = false
02-22 01:28:51.749 I/GameModeConfig( 1503): isGameModeOn = false
02-22 01:28:51.751 I/notification_enqueue( 1503): [10078,1966,com.android.systemui,2048,NULL,0,Notification(channel=updateNotification shortcut=null contentView=null vibrate=null sound=null defaults=0x0 flags=0x0 color=0x00000000 vis=PRIVATE),0]
02-22 01:28:51.751 I/sysui_multi_action( 1966): [757,111,758,2]
02-22 01:28:51.752 I/sysui_multi_action( 1966): [757,111,758,2]
02-22 01:28:51.953 I/sysui_multi_action( 1503): [757,1501,758,1,793,204,794,0,795,204,796,2048,806,com.android.systemui,857,updateNotification,858,3,947,0,1500,0,1688,1]
02-22 01:28:51.954 I/sysui_multi_action( 1503): [757,804,799,note_interruptive,801,0,802,1]
02-22 01:28:51.954 I/GameModeConfig( 1503): isGameModeOn = false
02-22 01:28:51.958 W/NotificationHistory( 1503): Attempted to add notif for locked/gone/disabled user 0
02-22 01:28:51.965 I/input_focus( 1503): [Focus request e3555c3 com.android.launcher3/com.android.launcher3.uioverrides.QuickstepLauncher,reason=UpdateInputWindows]
02-22 01:28:51.969 I/sysui_multi_action( 1503): [757,128,758,2,793,942988,794,1755,795,942988,796,26,798,0,806,android,857,DEVELOPER_IMPORTANT,858,4,947,0,1395,2,1500,942583,1688,1]
02-22 01:28:51.970 I/notification_visibility( 1503): [-1|android|26|null|1000,0,942988,942988,0,0]
02-22 01:28:51.971 I/sysui_multi_action( 1503): [757,128,758,2,793,943592,794,1756,795,943592,796,32,798,1,806,android,857,USB,858,1,947,0,1395,2,1500,943517,1688,1]
02-22 01:28:51.971 I/notification_visibility( 1503): [-1|android|32|null|1000,0,943592,943592,0,1]
02-22 01:28:51.972 I/sysui_multi_action( 1503): [757,127,758,2]
02-22 01:28:51.973 I/notification_panel_hidden( 1503):
02-22 01:28:51.997 I/input_focus( 1503): [Focus leaving 91ac81d NotificationShade (server),reason=NO_WINDOW]
02-22 01:28:51.997 I/input_focus( 1503): [Focus entering e3555c3 com.android.launcher3/com.android.launcher3.uioverrides.QuickstepLauncher (server),reason=setFocusedWindow]
02-22 01:28:52.597 I/input_interaction( 1503): Interaction with: e3555c3 com.android.launcher3/com.android.launcher3.uioverrides.QuickstepLauncher (server), 1fcc036 com.android.systemui.ImageWallpaper (server), edge-swipe (server), swipe-up (server), PointerEventDispatcher0 (server),
02-22 01:28:52.721 I/thunderperf( 1503): PlatormCompat.setOverrides: Uid1=10080 Pid1=2514 Uid2=10080 Pid2=2514
02-22 01:28:52.721 I/thunderperf( 1503): PlatormCompat.setOverrides: needCheck:false
02-22 01:28:52.722 I/thunderperf( 1503): CompatConfig.addOverrideUnsafe: bef-state=1
02-22 01:28:52.723 E/thunderperf( 1503): CompatConfig.addOverrideUnsafe: exception:java.lang.SecurityException: Cannot override a change on a non-debuggable app and user build.
02-22 01:28:52.723 I/thunderperf( 1503): CompatConfig.addOverrideUnsafe: aft-state=1
02-22 01:28:52.723 I/thunderperf( 1503): CompatConfig.addOverrideUnsafe: bef-state=1
02-22 01:28:52.724 E/thunderperf( 1503): CompatConfig.addOverrideUnsafe: exception:java.lang.SecurityException: Cannot override a change on a non-debuggable app and user build.
02-22 01:28:52.724 I/thunderperf( 1503): CompatConfig.addOverrideUnsafe: aft-state=1
02-22 01:28:52.724 I/thunderperf( 1503): CompatConfig.addOverrideUnsafe: bef-state=1
02-22 01:28:52.725 E/thunderperf( 1503): CompatConfig.addOverrideUnsafe: exception:java.lang.SecurityException: Cannot override a change on a non-debuggable app and user build.
02-22 01:28:52.725 I/thunderperf( 1503): CompatConfig.addOverrideUnsafe: aft-state=1
02-22 01:28:52.725 I/thunderperf( 1503): CompatConfig.addOverrideUnsafe: bef-state=1
02-22 01:28:52.725 E/thunderperf( 1503): CompatConfig.addOverrideUnsafe: exception:java.lang.SecurityException: Cannot override a change on a non-debuggable app and user build.
02-22 01:28:52.725 I/thunderperf( 1503): CompatConfig.addOverrideUnsafe: aft-state=1
02-22 01:28:52.726 I/thunderperf( 1503): CompatConfig.addOverrideUnsafe: bef-state=1
02-22 01:28:52.726 E/thunderperf( 1503): CompatConfig.addOverrideUnsafe: exception:java.lang.SecurityException: Cannot override a change on a non-debuggable app and user build.
02-22 01:28:52.726 I/thunderperf( 1503): CompatConfig.addOverrideUnsafe: aft-state=1
02-22 01:28:52.726 I/thunderperf( 1503): CompatConfig.addOverrideUnsafe: bef-state=1
02-22 01:28:52.727 E/thunderperf( 1503): CompatConfig.addOverrideUnsafe: exception:java.lang.SecurityException: Cannot override a change on a non-debuggable app and user build.
02-22 01:28:52.727 I/thunderperf( 1503): CompatConfig.addOverrideUnsafe: aft-state=1
02-22 01:28:52.727 I/thunderperf( 1503): CompatConfig.addOverrideUnsafe: bef-state=1
02-22 01:28:52.727 E/thunderperf( 1503): CompatConfig.addOverrideUnsafe: exception:java.lang.SecurityException: Cannot override a change on a non-debuggable app and user build.
02-22 01:28:52.727 I/thunderperf( 1503): CompatConfig.addOverrideUnsafe: aft-state=1
02-22 01:28:52.728 I/thunderperf( 1503): CompatConfig.addOverrideUnsafe: bef-state=1
02-22 01:28:52.728 E/thunderperf( 1503): CompatConfig.addOverrideUnsafe: exception:java.lang.SecurityException: Cannot override a change on a non-debuggable app and user build.
02-22 01:28:52.728 I/thunderperf( 1503): CompatConfig.addOverrideUnsafe: aft-state=1
02-22 01:28:52.729 I/thunderperf( 1503): CompatConfig.addOverrideUnsafe: bef-state=1
02-22 01:28:52.729 E/thunderperf( 1503): CompatConfig.addOverrideUnsafe: exception:java.lang.SecurityException: Cannot override a change on a non-debuggable app and user build.
02-22 01:28:52.729 I/thunderperf( 1503): CompatConfig.addOverrideUnsafe: aft-state=1
02-22 01:28:52.730 I/thunderperf( 1503): CompatConfig.addOverrideUnsafe: bef-state=1
02-22 01:28:52.730 E/thunderperf( 1503): CompatConfig.addOverrideUnsafe: exception:java.lang.SecurityException: Cannot override a change on a non-debuggable app and user build.
02-22 01:28:52.730 I/thunderperf( 1503): CompatConfig.addOverrideUnsafe: aft-state=1
02-22 01:28:52.730 I/thunderperf( 1503): CompatConfig.addOverrideUnsafe: bef-state=1
02-22 01:28:52.731 E/thunderperf( 1503): CompatConfig.addOverrideUnsafe: exception:java.lang.SecurityException: Cannot override a change on a non-debuggable app and user build.
02-22 01:28:52.731 I/thunderperf( 1503): CompatConfig.addOverrideUnsafe: aft-state=1
02-22 01:28:52.731 I/thunderperf( 1503): CompatConfig.addOverrideUnsafe: bef-state=1
02-22 01:28:52.731 E/thunderperf( 1503): CompatConfig.addOverrideUnsafe: exception:java.lang.SecurityException: Cannot override a change on a non-debuggable app and user build.
02-22 01:28:52.731 I/thunderperf( 1503): CompatConfig.addOverrideUnsafe: aft-state=1
02-22 01:28:52.732 I/thunderperf( 1503): CompatConfig.addOverrideUnsafe: bef-state=1
02-22 01:28:52.732 E/thunderperf( 1503): CompatConfig.addOverrideUnsafe: exception:java.lang.SecurityException: Cannot override a change on a non-debuggable app and user build.
02-22 01:28:52.732 I/thunderperf( 1503): CompatConfig.addOverrideUnsafe: aft-state=1
02-22 01:28:52.732 I/thunderperf( 1503): CompatConfig.addOverrideUnsafe: bef-state=1
02-22 01:28:52.733 E/thunderperf( 1503): CompatConfig.addOverrideUnsafe: exception:java.lang.SecurityException: Cannot override a change on a non-debuggable app and user build.
02-22 01:28:52.733 I/thunderperf( 1503): CompatConfig.addOverrideUnsafe: aft-state=1
02-22 01:28:52.737 I/ActivityTaskManager( 1503): START u0 {act=android.intent.action.MAIN cat=[android.intent.category.LAUNCHER] flg=0x10200000 cmp=com.android.settings/.Settings bnds=[2128,710][2314,910]} from uid 10080
02-22 01:28:52.742 I/wm_task_created( 1503): [45,-1]
02-22 01:28:52.742 W/ActivityTaskManager( 1503): Can't find TaskDisplayArea to determine support for multi window. Task id=45 attached=false
02-22 01:28:52.744 D/CompatibilityChangeReporter( 1503): Compat change id reported: 174042980; UID 1000; state: DISABLED
02-22 01:28:52.744 I/wm_task_moved( 1503): [45,1,6]
02-22 01:28:52.744 I/wm_task_to_front( 1503): [0,45]
02-22 01:28:52.744 I/wm_create_task( 1503): [0,45]
02-22 01:28:52.744 I/wm_create_activity( 1503): [0,250080366,45,com.android.settings/.Settings,android.intent.action.MAIN,NULL,NULL,270532608]
02-22 01:28:52.744 I/wm_task_moved( 1503): [45,1,6]
02-22 01:28:52.745 D/CompatibilityChangeReporter( 1503): Compat change id reported: 168419799; UID 1000; state: DISABLED
02-22 01:28:52.746 I/wm_pause_activity( 1503): [0,229498384,com.android.launcher3/.uioverrides.QuickstepLauncher,userLeaving=true,pauseBackTasks]
02-22 01:28:52.749 W/StartingSurfaceDrawer( 1966): Window background is transparent, fill background with black color
02-22 01:28:52.755 I/wm_on_top_resumed_lost_called( 2514): [229498384,com.android.launcher3.uioverrides.QuickstepLauncher,topStateChangedWhenResumed]
02-22 01:28:52.755 I/wm_on_paused_called( 2514): [229498384,com.android.launcher3.uioverrides.QuickstepLauncher,performPause]
02-22 01:28:52.755 I/ActivityTaskManager( 1503): FOREGROUND_APPLICATION_CHANGED to com.android.settings.homepage.SettingsHomepageActivity
02-22 01:28:52.756 I/ActivityTaskManager( 1503): The Process com.android.settings Already Exists in BG. So sending its PID: 4132
02-22 01:28:52.756 I/wm_add_to_stopping( 1503): [0,229498384,com.android.launcher3/.uioverrides.QuickstepLauncher,makeInvisible]
02-22 01:28:52.757 D/CompatibilityChangeReporter( 1503): Compat change id reported: 181136395; UID 1000; state: DISABLED
02-22 01:28:52.757 D/CompatibilityChangeReporter( 1503): Compat change id reported: 174042936; UID 1000; state: DISABLED
02-22 01:28:52.757 I/wm_restart_activity( 1503): [0,250080366,45,com.android.settings/.Settings]
02-22 01:28:52.758 I/wm_set_resumed_activity( 1503): [0,com.android.settings/.Settings,minimalResumeActivityLocked]
02-22 01:28:52.761 I/sysui_multi_action( 1503): [757,803,799,window_time_0,802,5]
02-22 01:28:52.780 I/input_focus( 1503): [Focus leaving e3555c3 com.android.launcher3/com.android.launcher3.uioverrides.QuickstepLauncher (server),reason=NO_WINDOW]
02-22 01:28:52.878 I/am_uid_running( 1503): 10086
02-22 01:28:52.878 D/CompatibilityChangeReporter( 1503): Compat change id reported: 135634846; UID 10086; state: DISABLED
02-22 01:28:52.878 D/CompatibilityChangeReporter( 1503): Compat change id reported: 177438394; UID 10086; state: DISABLED
02-22 01:28:52.878 D/CompatibilityChangeReporter( 1503): Compat change id reported: 135772972; UID 10086; state: DISABLED
02-22 01:28:52.878 D/CompatibilityChangeReporter( 1503): Compat change id reported: 135754954; UID 10086; state: ENABLED
02-22 01:28:52.878 D/CompatibilityChangeReporter( 1503): Compat change id reported: 143937733; UID 10086; state: ENABLED
02-22 01:28:52.882 I/wm_on_create_called( 4132): [250080366,com.android.settings.Settings,performCreate]
02-22 01:28:52.883 I/am_proc_start( 1503): [0,4215,10086,com.qualcomm.qti.qccauthmgr,content provider,{com.qualcomm.qti.qccauthmgr/com.qualcomm.qti.qccauthmgr.providers.SMQContentProvider}]
02-22 01:28:52.883 I/ActivityManager( 1503): Start proc 4215:com.qualcomm.qti.qccauthmgr/u0a86 for content provider {com.qualcomm.qti.qccauthmgr/com.qualcomm.qti.qccauthmgr.providers.SMQContentProvider}
01-01 12:16:40.955 I/binder ( 0): 4215:4215 ioctl 40046210 7fff12dd34 returned -22
02-22 01:28:52.892 I/am_proc_bound( 1503): [0,4215,com.qualcomm.qti.qccauthmgr]
02-22 01:28:52.893 E/UserRestrictionsUtils( 1503): Unknown restriction queried by uid 1000 (com.android.inputdevices et al): null
02-22 01:28:52.893 I/am_uid_active( 1503): 10086
02-22 01:28:52.894 E/UserRestrictionsUtils( 1503): Unknown restriction queried by uid 1000 (com.android.inputdevices et al): null
02-22 01:28:52.894 E/UserRestrictionsUtils( 1503): Unknown restriction queried by uid 1000 (com.android.inputdevices et al): null
02-22 01:28:52.894 E/UserRestrictionsUtils( 1503): Unknown restriction queried by uid 1000 (com.android.inputdevices et al): null
02-22 01:28:52.894 E/UserRestrictionsUtils( 1503): Unknown restriction queried by uid 1000 (com.android.inputdevices et al): null
02-22 01:28:52.895 E/UserRestrictionsUtils( 1503): Unknown restriction queried by uid 1000 (com.android.inputdevices et al): null
02-22 01:28:52.895 E/UserRestrictionsUtils( 1503): Unknown restriction queried by uid 1000 (com.android.inputdevices et al): null
02-22 01:28:52.895 E/UserRestrictionsUtils( 1503): Unknown restriction queried by uid 1000 (com.android.inputdevices et al): null
02-22 01:28:52.895 E/UserRestrictionsUtils( 1503): Unknown restriction queried by uid 1000 (com.android.inputdevices et al): null
02-22 01:28:52.895 E/UserRestrictionsUtils( 1503): Unknown restriction queried by uid 1000 (com.android.inputdevices et al): null
02-22 01:28:52.896 E/UserRestrictionsUtils( 1503): Unknown restriction queried by uid 1000 (com.android.inputdevices et al): null
02-22 01:28:52.896 E/UserRestrictionsUtils( 1503): Unknown restriction queried by uid 1000 (com.android.inputdevices et al): null
02-22 01:28:52.896 E/UserRestrictionsUtils( 1503): Unknown restriction queried by uid 1000 (com.android.inputdevices et al): null
02-22 01:28:52.896 E/UserRestrictionsUtils( 1503): Unknown restriction queried by uid 1000 (com.android.inputdevices et al): null
02-22 01:28:52.897 E/UserRestrictionsUtils( 1503): Unknown restriction queried by uid 1000 (com.android.inputdevices et al): null
02-22 01:28:52.897 E/UserRestrictionsUtils( 1503): Unknown restriction queried by uid 1000 (com.android.inputdevices et al): null
02-22 01:28:52.898 E/UserRestrictionsUtils( 1503): Unknown restriction queried by uid 1000 (com.android.inputdevices et al): null
02-22 01:28:52.898 E/UserRestrictionsUtils( 1503): Unknown restriction queried by uid 1000 (com.android.inputdevices et al): null
02-22 01:28:52.921 I/wm_on_start_called( 4132): [250080366,com.android.settings.Settings,handleStartActivity]
02-22 01:28:52.922 I/snet_event_log( 4132): [120484087,-1,]
02-22 01:28:52.923 I/wm_on_resume_called( 4132): [250080366,com.android.settings.Settings,RESUME_ACTIVITY]
02-22 01:28:52.924 I/sysui_multi_action( 4132): [757,35,758,1,833,0,1089,39]
02-22 01:28:52.930 I/sysui_multi_action( 4132): [757,1729,758,4,854,isParalleledControllers:false,1089,46]
02-22 01:28:52.934 W/BatteryExternalStatsWorker( 1503): error reading modem stats:ERROR_PHONE_NOT_AVAILABLE
02-22 01:28:52.935 I/wm_on_top_resumed_gained_called( 4132): [250080366,com.android.settings.Settings,topStateChangedWhenResumed]
02-22 01:28:52.944 E/KernelCpuSpeedReader( 1503): Failed to read cpu-freq: /sys/devices/system/cpu/cpu4/cpufreq/stats/time_in_state: open failed: ENOENT (No such file or directory)
02-22 01:28:52.944 E/KernelCpuSpeedReader( 1503): Failed to read cpu-freq: /sys/devices/system/cpu/cpu0/cpufreq/stats/time_in_state: open failed: ENOENT (No such file or directory)
02-22 01:28:52.943 I/auditd ( 566): type=1400 audit(0.0:283): avc: denied { read } for comm="Binder:566_2" name="wakeup58" dev="sysfs" ino=71806 scontext=u:r:system_suspend:s0 tcontext=u:object_r:sysfs:s0 tclass=dir permissive=0
02-22 01:28:52.943 I/auditd ( 566): type=1400 audit(0.0:284): avc: denied { read } for comm="Binder:566_2" name="wakeup4" dev="sysfs" ino=47054 scontext=u:r:system_suspend:s0 tcontext=u:object_r:sysfs:s0 tclass=dir permissive=0
02-22 01:28:52.943 I/auditd ( 566): type=1400 audit(0.0:285): avc: denied { read } for comm="Binder:566_2" name="wakeup76" dev="sysfs" ino=76771 scontext=u:r:system_suspend:s0 tcontext=u:object_r:sysfs:s0 tclass=dir permissive=0
02-22 01:28:52.943 I/auditd ( 566): type=1400 audit(0.0:286): avc: denied { read } for comm="Binder:566_2" name="wakeup28" dev="sysfs" ino=53259 scontext=u:r:system_suspend:s0 tcontext=u:object_r:sysfs:s0 tclass=dir permissive=0
02-22 01:28:52.943 I/auditd ( 566): type=1400 audit(0.0:287): avc: denied { read } for comm="Binder:566_2" name="wakeup56" dev="sysfs" ino=71734 scontext=u:r:system_suspend:s0 tcontext=u:object_r:sysfs:s0 tclass=dir permissive=0
02-22 01:28:52.943 I/auditd ( 566): type=1400 audit(0.0:288): avc: denied { read } for comm="Binder:566_2" name="wakeup2" dev="sysfs" ino=46578 scontext=u:r:system_suspend:s0 tcontext=u:object_r:sysfs:s0 tclass=dir permissive=0
02-22 01:28:52.943 I/auditd ( 566): type=1400 audit(0.0:289): avc: denied { read } for comm="Binder:566_2" name="wakeup36" dev="sysfs" ino=62492 scontext=u:r:system_suspend:s0 tcontext=u:object_r:sysfs:s0 tclass=dir permissive=0
02-22 01:28:52.943 I/auditd ( 566): type=1400 audit(0.0:290): avc: denied { read } for comm="Binder:566_2" name="wakeup64" dev="sysfs" ino=72034 scontext=u:r:system_suspend:s0 tcontext=u:object_r:sysfs:s0 tclass=dir permissive=0
02-22 01:28:52.943 I/auditd ( 566): type=1400 audit(0.0:291): avc: denied { read } for comm="Binder:566_2" name="wakeup54" dev="sysfs" ino=71662 scontext=u:r:system_suspend:s0 tcontext=u:object_r:sysfs:s0 tclass=dir permissive=0
01-01 12:16:41.012 W/audit ( 0): audit_lost=24 audit_rate_limit=5 audit_backlog_limit=64
01-01 12:16:41.012 E/audit ( 0): rate limit exceeded
02-22 01:28:52.954 D/KernelCpuUidUserSysTimeReader( 1503): Removing uids 1037-1037
02-22 01:28:52.954 D/KernelCpuUidUserSysTimeReader( 1503): Removing uids 1037-1037
02-22 01:28:52.965 W/BatteryExternalStatsWorker( 1503): error reading modem stats:ERROR_PHONE_NOT_AVAILABLE
02-22 01:28:52.966 E/KernelCpuSpeedReader( 1503): Failed to read cpu-freq: /sys/devices/system/cpu/cpu4/cpufreq/stats/time_in_state: open failed: ENOENT (No such file or directory)
02-22 01:28:52.967 E/KernelCpuSpeedReader( 1503): Failed to read cpu-freq: /sys/devices/system/cpu/cpu0/cpufreq/stats/time_in_state: open failed: ENOENT (No such file or directory)
02-22 01:28:52.982 I/input_focus( 1503): [Focus request ab95283 com.android.settings/com.android.settings.Settings,reason=UpdateInputWindows]
01-01 12:16:41.058 I/binder ( 0): 4132:4208 ioctl 40046210 7abbb931f4 returned -22
02-22 01:28:53.022 I/sysui_multi_action( 1503): [324,1,757,1090,758,12,806,com.android.settings,871,com.android.settings.Settings,1091,284]
02-22 01:28:53.027 I/sysui_multi_action( 1503): [319,32,321,30,322,284,325,954,757,761,758,8,759,1,806,com.android.settings,871,com.android.settings.Settings,904,com.android.launcher3,905,0,1320,17,1321,1]
02-22 01:28:53.028 I/wm_activity_launch_time( 1503): [0,250080366,com.android.settings/.Settings,284]
02-22 01:28:53.036 W/CarrierConfigManager( 4132): Error getting config for subId -1 ICarrierConfigLoader is null
02-22 01:28:53.039 E/UserRestrictionsUtils( 1503): Unknown restriction queried by uid 1000 (com.android.inputdevices et al): null
02-22 01:28:53.047 I/input_focus( 1503): [Focus entering ab95283 com.android.settings/com.android.settings.Settings (server),reason=Window became focusable. Previous reason: NOT_VISIBLE]
02-22 01:28:53.060 I/sysui_multi_action( 4132): [757,746,758,1,833,0,1089,35]
02-22 01:28:53.061 D/TelephonyRegistry( 1503): listen oscl: mHasNotifySubscriptionInfoChangedOccurred==false no callback
02-22 01:28:53.067 D/TelephonyRegistry( 1503): listen oscl: mHasNotifySubscriptionInfoChangedOccurred==false no callback
02-22 01:28:53.072 I/sysui_multi_action( 4132): [757,1729,758,4,854,isParalleledControllers:false,1089,46]
01-01 12:16:41.182 I/[schedu][0x4475d6048][01:28:53.117632] wlan( 0): [3455:I:OSIF] scan start scan id 40967
02-22 01:28:53.299 I/wm_stop_activity( 1503): [0,229498384,com.android.launcher3/.uioverrides.QuickstepLauncher]
02-22 01:28:53.316 I/wm_on_stop_called( 2514): [229498384,com.android.launcher3.uioverrides.QuickstepLauncher,STOP_ACTIVITY_ITEM]
02-22 01:28:54.212 I/input_interaction( 1503): Interaction with: ab95283 com.android.settings/com.android.settings.Settings (server), edge-swipe (server), swipe-up (server), PointerEventDispatcher0 (server),
02-22 01:28:54.217 W/FreeFormWindowHelper( 1503): Current Display FreeFormTask is null
02-22 01:28:54.218 W/FreeFormWindowHelper( 1503): Current Display FreeFormTask is null
02-22 01:28:54.218 W/FreeFormWindowHelper( 1503): Current Display FreeFormTask is null
02-22 01:28:54.219 W/FreeFormWindowHelper( 1503): Current Display FreeFormTask is null
02-22 01:28:54.220 I/wm_task_moved( 1503): [1,0,0]
02-22 01:28:54.220 I/wm_task_moved( 1503): [1,0,5]
02-22 01:28:54.232 I/wm_on_restart_called( 2514): [229498384,com.android.launcher3.uioverrides.QuickstepLauncher,performRestartActivity]
02-22 01:28:54.233 W/FreeFormWindowHelper( 1503): Current Display FreeFormTask is null
02-22 01:28:54.233 W/FreeFormWindowHelper( 1503): Current Display FreeFormTask is null
02-22 01:28:54.234 W/FreeFormWindowHelper( 1503): Current Display FreeFormTask is null
02-22 01:28:54.254 I/wm_on_start_called( 2514): [229498384,com.android.launcher3.uioverrides.QuickstepLauncher,handleStartActivity]
02-22 01:28:54.254 W/ActivityTaskManager( 1503): getTaskSnapshot: taskId=1045 not found
02-22 01:28:54.254 I/view_enqueue_input_event( 4132): [Motion - Cancel,com.android.settings/com.android.settings.Settings]
02-22 01:28:54.255 W/ActivityTaskManager( 1503): getTaskSnapshot: taskId=1045 not found
02-22 01:28:54.256 I/input_focus( 1503): [Focus request recents_animation_input_consumer,reason=UpdateInputWindows]
02-22 01:28:54.257 W/ActivityTaskManager( 1503): getTaskSnapshot: taskId=2045 not found
02-22 01:28:54.258 W/ActivityTaskManager( 1503): getTaskSnapshot: taskId=3045 not found
02-22 01:28:54.260 W/FreeFormWindowHelper( 1503): Current Display FreeFormTask is null
02-22 01:28:54.260 W/FreeFormWindowHelper( 1503): Current Display FreeFormTask is null
02-22 01:28:54.260 W/ActivityTaskManager( 1503): getTaskSnapshot: taskId=1045 not found
02-22 01:28:54.260 W/ActivityTaskManager( 1503): getTaskSnapshot: taskId=2045 not found
02-22 01:28:54.261 W/ActivityTaskManager( 1503): getTaskSnapshot: taskId=3045 not found
02-22 01:28:54.261 W/ActivityTaskManager( 1503): getTaskSnapshot: taskId=4045 not found
02-22 01:28:54.261 W/FreeFormWindowHelper( 1503): Current Display FreeFormTask is null
02-22 01:28:54.261 W/FreeFormWindowHelper( 1503): Current Display FreeFormTask is null
02-22 01:28:54.262 I/sysui_latency( 2514): [1,49]
02-22 01:28:54.264 W/FreeFormWindowHelper( 1503): Current Display FreeFormTask is null
02-22 01:28:54.265 I/input_interaction( 1503): Interaction with: edge-swipe (server), swipe-up (server), PointerEventDispatcher0 (server),
02-22 01:28:54.267 W/FreeFormWindowHelper( 1503): Current Display FreeFormTask is null
02-22 01:28:54.267 I/input_focus( 1503): [Focus leaving ab95283 com.android.settings/com.android.settings.Settings (server),reason=NOT_FOCUSABLE]
02-22 01:28:54.267 W/FreeFormWindowHelper( 1503): Current Display FreeFormTask is null
02-22 01:28:54.267 I/input_focus( 1503): [Focus entering recents_animation_input_consumer (server),reason=setFocusedWindow]
02-22 01:28:54.269 I/sysui_multi_action( 1503): [319,3,322,46,325,956,757,761,758,9,759,5,806,com.android.launcher3,871,com.android.launcher3.uioverrides.QuickstepLauncher,905,0,1320,4,1321,1]
01-01 12:16:42.345 I/[schedu][0x448b1f8b4][01:28:54.280198] wlan( 0): [3455:I:OSIF] vdev 0, scan id 40967 type COMPLETED(1) reason COMPLETED(1) scan found 77 bss
02-22 01:28:54.281 I/liblog ( 1386): 107
02-22 01:28:54.281 I/liblog ( 1386): 3
02-22 01:28:54.281 I/liblog ( 1386): 1
02-22 01:28:54.281 I/liblog ( 1386): 2
02-22 01:28:54.282 I/liblog ( 1386): 1
02-22 01:28:54.282 I/liblog ( 1386): 1
02-22 01:28:54.282 I/liblog ( 1386): 1
02-22 01:28:54.282 I/liblog ( 1386): 1
02-22 01:28:54.282 I/liblog ( 1386): 1
02-22 01:28:54.282 I/liblog ( 1386): 5
02-22 01:28:54.282 I/liblog ( 1386): 2
02-22 01:28:54.282 I/liblog ( 1386): 1
02-22 01:28:54.282 I/liblog ( 1386): 1
02-22 01:28:54.282 I/liblog ( 1386): 1
02-22 01:28:54.282 I/liblog ( 1386): 1
02-22 01:28:54.282 I/liblog ( 1386): 23
02-22 01:28:54.282 I/liblog ( 1386): 1
02-22 01:28:54.300 W/FreeFormWindowHelper( 1503): Current Display FreeFormTask is null
02-22 01:28:54.300 W/FreeFormWindowHelper( 1503): Current Display FreeFormTask is null
02-22 01:28:54.316 W/ActivityTaskManager( 1503): getTaskSnapshot: taskId=1045 not found
02-22 01:28:54.316 W/ActivityTaskManager( 1503): getTaskSnapshot: taskId=2045 not found
02-22 01:28:54.316 W/ActivityTaskManager( 1503): getTaskSnapshot: taskId=3045 not found
02-22 01:28:54.316 W/ActivityTaskManager( 1503): getTaskSnapshot: taskId=4045 not found
02-22 01:28:54.320 W/FreeFormWindowHelper( 1503): Current Display FreeFormTask is null
02-22 01:28:54.320 W/FreeFormWindowHelper( 1503): Current Display FreeFormTask is null
02-22 01:28:54.333 W/FreeFormWindowHelper( 1503): Current Display FreeFormTask is null
02-22 01:28:54.334 W/FreeFormWindowHelper( 1503): Current Display FreeFormTask is null
02-22 01:28:54.408 W/FreeFormWindowHelper( 1503): exitRecentTasks type=0
02-22 01:28:54.417 W/FreeFormWindowHelper( 1503): Current Display FreeFormTask is null
02-22 01:28:54.417 W/FreeFormWindowHelper( 1503): Current Display FreeFormTask is null
02-22 01:28:54.453 I/commit_sys_config_file( 1503): [settings-1-0,2]
01-01 12:16:42.589 E/msm_pcm_playback_close( 0): CMD_EOS failed, cmd_pending 0x8
01-01 12:16:42.594 I/afe_close( 0): port_id = 0x9000
01-01 12:16:42.612 I/afe_find_cal_topo_id_by_port( 0): port id: 0x9000, dev_acdb_id: 0
01-01 12:16:42.612 I/afe_find_cal_topo_id_by_port( 0): top_id:112fc acdb_id:15 afe_port:0x9000
01-01 12:16:42.612 I/afe_get_cal_topology_id( 0): port_id = 0x9000 acdb_id = 15 topology_id = 0x112fc cal_type_index=8 ret=0
01-01 12:16:42.612 I/afe_send_port_topology_id( 0): AFE set topology id 0x112fc enable for port 0x9000 ret 0
01-01 12:16:42.612 I/send_afe_cal_type( 0): cal_index is 0
01-01 12:16:42.612 I/send_afe_cal_type( 0): dev_acdb_id[55] is 0
01-01 12:16:42.612 I/send_afe_cal_type( 0): Sending cal_index cal 0
01-01 12:16:42.612 E/send_afe_cal_type( 0): No cal sent for cal_index 0, port_id = 0x9000! ret -22
01-01 12:16:42.613 I/afe_send_hw_delay( 0): port_id 0x9000 rate 48000 delay_usec 474 status 0
02-22 01:28:54.567 I/sysui_latency( 1503): [8,52]
02-22 01:28:55.056 W/FreeFormWindowHelper( 1503): Current Display FreeFormTask is null
02-22 01:28:55.056 W/FreeFormWindowHelper( 1503): Current Display FreeFormTask is null
02-22 01:28:55.065 I/wm_task_moved( 1503): [1,1,6]
02-22 01:28:55.066 I/wm_task_moved( 1503): [41,1,2147483647]
02-22 01:28:55.066 I/wm_task_to_front( 1503): [0,41]
02-22 01:28:55.066 I/wm_focused_root_task( 1503): [0,0,1,45,RecentsAnimation.onAnimationFinished()]
02-22 01:28:55.066 I/wm_on_top_resumed_lost_called( 4132): [250080366,com.android.settings.Settings,topStateChangedWhenResumed]
02-22 01:28:55.066 I/wm_set_resumed_activity( 1503): [0,com.android.launcher3/.uioverrides.QuickstepLauncher,RecentsAnimation.onAnimationFinished()]
02-22 01:28:55.068 I/wm_pause_activity( 1503): [0,250080366,com.android.settings/.Settings,userLeaving=true,pauseBackTasks]
02-22 01:28:55.069 I/wm_add_to_stopping( 1503): [0,250080366,com.android.settings/.Settings,makeInvisible]
02-22 01:28:55.069 I/ActivityTaskManager( 1503): FOREGROUND_APPLICATION_CHANGED to com.android.launcher3.uioverrides.QuickstepLauncher
02-22 01:28:55.070 I/wm_set_resumed_activity( 1503): [0,com.android.launcher3/.uioverrides.QuickstepLauncher,resumeTopActivityInnerLocked]
02-22 01:28:55.072 I/wm_resume_activity( 1503): [0,229498384,41,com.android.launcher3/.uioverrides.QuickstepLauncher]
02-22 01:28:55.073 I/wm_on_resume_called( 2514): [229498384,com.android.launcher3.uioverrides.QuickstepLauncher,RESUME_ACTIVITY]
02-22 01:28:55.078 I/input_focus( 1503): [Focus request e3555c3 com.android.launcher3/com.android.launcher3.uioverrides.QuickstepLauncher,reason=UpdateInputWindows]
02-22 01:28:55.079 I/wm_on_top_resumed_gained_called( 2514): [229498384,com.android.launcher3.uioverrides.QuickstepLauncher,topStateChangedWhenResumed]
02-22 01:28:55.082 I/sysui_multi_action( 4132): [757,35,758,2,1089,2158]
02-22 01:28:55.085 I/wm_stop_activity( 1503): [0,250080366,com.android.settings/.Settings]
02-22 01:28:55.086 I/input_focus( 1503): [Focus leaving recents_animation_input_consumer (server),reason=NOT_VISIBLE]
02-22 01:28:55.087 I/sysui_multi_action( 4132): [757,746,758,2,1089,2026]
02-22 01:28:55.087 I/input_focus( 1503): [Focus entering e3555c3 com.android.launcher3/com.android.launcher3.uioverrides.QuickstepLauncher (server),reason=setFocusedWindow]
02-22 01:28:55.093 I/wm_on_paused_called( 4132): [250080366,com.android.settings.Settings,performPause]
02-22 01:28:55.094 I/sysui_multi_action( 1503): [757,803,799,window_time_0,802,2]
02-22 01:28:55.100 I/sysui_multi_action( 1503): [757,803,799,window_time_0,802,0]
02-22 01:28:55.107 I/wm_on_stop_called( 4132): [250080366,com.android.settings.Settings,STOP_ACTIVITY_ITEM]
02-22 01:28:55.180 W/FreeFormWindowHelper( 1503): Current Display FreeFormTask is null
02-22 01:28:55.756 E/TaskPersister( 1503): File error accessing recents directory (directory doesn't exist?).
01-01 12:16:44.693 E/DTC_ETH,link_delay_work_func( 0): 3003, SQI=0, link=0
01-01 12:16:49.813 E/DTC_ETH,link_delay_work_func( 0): 3003, SQI=0, link=0
02-22 01:29:02.000 I/GameModeConfig( 1503): isGameModeOn = false
01-01 12:16:53.085 E/msm_pcm_playback_close( 0): CMD_EOS failed, cmd_pending 0x8
01-01 12:16:53.092 I/afe_close( 0): port_id = 0x9000
01-01 12:16:53.114 I/afe_find_cal_topo_id_by_port( 0): port id: 0x9000, dev_acdb_id: 0
01-01 12:16:53.114 I/afe_find_cal_topo_id_by_port( 0): top_id:112fc acdb_id:15 afe_port:0x9000
01-01 12:16:53.114 I/afe_get_cal_topology_id( 0): port_id = 0x9000 acdb_id = 15 topology_id = 0x112fc cal_type_index=8 ret=0
01-01 12:16:53.115 I/afe_send_port_topology_id( 0): AFE set topology id 0x112fc enable for port 0x9000 ret 0
01-01 12:16:53.115 I/send_afe_cal_type( 0): cal_index is 0
01-01 12:16:53.115 I/send_afe_cal_type( 0): dev_acdb_id[55] is 0
01-01 12:16:53.115 I/send_afe_cal_type( 0): Sending cal_index cal 0
01-01 12:16:53.115 E/send_afe_cal_type( 0): No cal sent for cal_index 0, port_id = 0x9000! ret -22
01-01 12:16:53.115 I/afe_send_hw_delay( 0): port_id 0x9000 rate 48000 delay_usec 474 status 0
01-01 12:16:54.933 E/DTC_ETH,link_delay_work_func( 0): 3003, SQI=0, link=0
01-01 12:17:00.053 E/DTC_ETH,link_delay_work_func( 0): 3003, SQI=0, link=0
02-22 01:29:15.444 I/input_interaction( 1503): Interaction with: e3555c3 com.android.launcher3/com.android.launcher3.uioverrides.QuickstepLauncher (server), 1fcc036 com.android.systemui.ImageWallpaper (server), edge-swipe (server), swipe-up (server), PointerEventDispatcher0 (server),
01-01 12:17:03.581 E/msm_pcm_playback_close( 0): CMD_EOS failed, cmd_pending 0x8
01-01 12:17:03.588 I/afe_close( 0): port_id = 0x9000
01-01 12:17:03.609 I/afe_find_cal_topo_id_by_port( 0): port id: 0x9000, dev_acdb_id: 0
01-01 12:17:03.609 I/afe_find_cal_topo_id_by_port( 0): top_id:112fc acdb_id:15 afe_port:0x9000
01-01 12:17:03.609 I/afe_get_cal_topology_id( 0): port_id = 0x9000 acdb_id = 15 topology_id = 0x112fc cal_type_index=8 ret=0
01-01 12:17:03.609 I/afe_send_port_topology_id( 0): AFE set topology id 0x112fc enable for port 0x9000 ret 0
01-01 12:17:03.609 I/send_afe_cal_type( 0): cal_index is 0
01-01 12:17:03.609 I/send_afe_cal_type( 0): dev_acdb_id[55] is 0
01-01 12:17:03.609 I/send_afe_cal_type( 0): Sending cal_index cal 0
01-01 12:17:03.609 E/send_afe_cal_type( 0): No cal sent for cal_index 0, port_id = 0x9000! ret -22
01-01 12:17:03.609 I/afe_send_hw_delay( 0): port_id 0x9000 rate 48000 delay_usec 474 status 0
01-01 12:17:05.173 E/DTC_ETH,link_delay_work_func( 0): 3003, SQI=0, link=0
02-22 01:29:17.434 I/thunderperf( 1503): PlatormCompat.setOverrides: Uid1=10080 Pid1=2514 Uid2=10080 Pid2=2514
02-22 01:29:17.434 I/thunderperf( 1503): PlatormCompat.setOverrides: needCheck:false
02-22 01:29:17.434 I/thunderperf( 1503): CompatConfig.addOverrideUnsafe: bef-state=1
02-22 01:29:17.435 E/thunderperf( 1503): CompatConfig.addOverrideUnsafe: exception:java.lang.SecurityException: Cannot override a change on a non-debuggable app and user build.
02-22 01:29:17.435 I/thunderperf( 1503): CompatConfig.addOverrideUnsafe: aft-state=1
02-22 01:29:17.436 I/thunderperf( 1503): CompatConfig.addOverrideUnsafe: bef-state=1
02-22 01:29:17.436 E/thunderperf( 1503): CompatConfig.addOverrideUnsafe: exception:java.lang.SecurityException: Cannot override a change on a non-debuggable app and user build.
02-22 01:29:17.436 I/thunderperf( 1503): CompatConfig.addOverrideUnsafe: aft-state=1
02-22 01:29:17.437 I/thunderperf( 1503): CompatConfig.addOverrideUnsafe: bef-state=1
02-22 01:29:17.437 E/thunderperf( 1503): CompatConfig.addOverrideUnsafe: exception:java.lang.SecurityException: Cannot override a change on a non-debuggable app and user build.
02-22 01:29:17.437 I/thunderperf( 1503): CompatConfig.addOverrideUnsafe: aft-state=1
02-22 01:29:17.438 I/thunderperf( 1503): CompatConfig.addOverrideUnsafe: bef-state=1
02-22 01:29:17.438 E/thunderperf( 1503): CompatConfig.addOverrideUnsafe: exception:java.lang.SecurityException: Cannot override a change on a non-debuggable app and user build.
02-22 01:29:17.438 I/thunderperf( 1503): CompatConfig.addOverrideUnsafe: aft-state=1
02-22 01:29:17.438 I/thunderperf( 1503): CompatConfig.addOverrideUnsafe: bef-state=1
02-22 01:29:17.439 E/thunderperf( 1503): CompatConfig.addOverrideUnsafe: exception:java.lang.SecurityException: Cannot override a change on a non-debuggable app and user build.
02-22 01:29:17.439 I/thunderperf( 1503): CompatConfig.addOverrideUnsafe: aft-state=1
02-22 01:29:17.439 I/thunderperf( 1503): CompatConfig.addOverrideUnsafe: bef-state=1
02-22 01:29:17.439 E/thunderperf( 1503): CompatConfig.addOverrideUnsafe: exception:java.lang.SecurityException: Cannot override a change on a non-debuggable app and user build.
02-22 01:29:17.439 I/thunderperf( 1503): CompatConfig.addOverrideUnsafe: aft-state=1
02-22 01:29:17.440 I/thunderperf( 1503): CompatConfig.addOverrideUnsafe: bef-state=1
02-22 01:29:17.440 E/thunderperf( 1503): CompatConfig.addOverrideUnsafe: exception:java.lang.SecurityException: Cannot override a change on a non-debuggable app and user build.
02-22 01:29:17.440 I/thunderperf( 1503): CompatConfig.addOverrideUnsafe: aft-state=1
02-22 01:29:17.441 I/thunderperf( 1503): CompatConfig.addOverrideUnsafe: bef-state=1
02-22 01:29:17.441 E/thunderperf( 1503): CompatConfig.addOverrideUnsafe: exception:java.lang.SecurityException: Cannot override a change on a non-debuggable app and user build.
02-22 01:29:17.441 I/thunderperf( 1503): CompatConfig.addOverrideUnsafe: aft-state=1
02-22 01:29:17.441 I/thunderperf( 1503): CompatConfig.addOverrideUnsafe: bef-state=1
02-22 01:29:17.442 E/thunderperf( 1503): CompatConfig.addOverrideUnsafe: exception:java.lang.SecurityException: Cannot override a change on a non-debuggable app and user build.
02-22 01:29:17.442 I/thunderperf( 1503): CompatConfig.addOverrideUnsafe: aft-state=1
02-22 01:29:17.442 I/thunderperf( 1503): CompatConfig.addOverrideUnsafe: bef-state=1
02-22 01:29:17.442 E/thunderperf( 1503): CompatConfig.addOverrideUnsafe: exception:java.lang.SecurityException: Cannot override a change on a non-debuggable app and user build.
02-22 01:29:17.442 I/thunderperf( 1503): CompatConfig.addOverrideUnsafe: aft-state=1
02-22 01:29:17.443 I/thunderperf( 1503): CompatConfig.addOverrideUnsafe: bef-state=1
02-22 01:29:17.443 E/thunderperf( 1503): CompatConfig.addOverrideUnsafe: exception:java.lang.SecurityException: Cannot override a change on a non-debuggable app and user build.
02-22 01:29:17.443 I/thunderperf( 1503): CompatConfig.addOverrideUnsafe: aft-state=1
02-22 01:29:17.444 I/thunderperf( 1503): CompatConfig.addOverrideUnsafe: bef-state=1
02-22 01:29:17.444 E/thunderperf( 1503): CompatConfig.addOverrideUnsafe: exception:java.lang.SecurityException: Cannot override a change on a non-debuggable app and user build.
02-22 01:29:17.444 I/thunderperf( 1503): CompatConfig.addOverrideUnsafe: aft-state=1
02-22 01:29:17.445 I/thunderperf( 1503): CompatConfig.addOverrideUnsafe: bef-state=1
02-22 01:29:17.445 E/thunderperf( 1503): CompatConfig.addOverrideUnsafe: exception:java.lang.SecurityException: Cannot override a change on a non-debuggable app and user build.
02-22 01:29:17.445 I/thunderperf( 1503): CompatConfig.addOverrideUnsafe: aft-state=1
02-22 01:29:17.446 I/thunderperf( 1503): CompatConfig.addOverrideUnsafe: bef-state=1
02-22 01:29:17.446 E/thunderperf( 1503): CompatConfig.addOverrideUnsafe: exception:java.lang.SecurityException: Cannot override a change on a non-debuggable app and user build.
02-22 01:29:17.446 I/thunderperf( 1503): CompatConfig.addOverrideUnsafe: aft-state=1
02-22 01:29:17.451 I/ActivityTaskManager( 1503): START u0 {act=android.intent.action.MAIN cat=[android.intent.category.LAUNCHER] flg=0x10200000 cmp=com.android.settings/.Settings bnds=[2128,710][2314,910]} from uid 10080
02-22 01:29:17.454 I/wm_task_moved( 1503): [45,1,6]
02-22 01:29:17.454 I/wm_task_to_front( 1503): [0,45]
02-22 01:29:17.455 I/wm_focused_root_task( 1503): [0,0,45,1,bringingFoundTaskToFront]
02-22 01:29:17.455 I/wm_set_resumed_activity( 1503): [0,com.android.settings/.Settings,bringingFoundTaskToFront]
02-22 01:29:17.456 I/wm_new_intent( 1503): [0,250080366,45,com.android.settings/.Settings,android.intent.action.MAIN,NULL,NULL,270532608]
02-22 01:29:17.458 I/wm_pause_activity( 1503): [0,229498384,com.android.launcher3/.uioverrides.QuickstepLauncher,userLeaving=true,pauseBackTasks]
02-22 01:29:17.464 I/wm_on_top_resumed_lost_called( 2514): [229498384,com.android.launcher3.uioverrides.QuickstepLauncher,topStateChangedWhenResumed]
02-22 01:29:17.469 I/wm_on_paused_called( 2514): [229498384,com.android.launcher3.uioverrides.QuickstepLauncher,performPause]
02-22 01:29:17.471 I/ActivityTaskManager( 1503): FOREGROUND_APPLICATION_CHANGED to com.android.settings.homepage.SettingsHomepageActivity
