02-22 01:17:09.634 I/DreamController( 1503): Stopping dream: name=ComponentInfo{com.thundercomm.screensaver/com.thundercomm.saverclock.service.ClockScreensaver}, isTest=false, canDoze=false, userId=0, reason='finished self'(from 'finished self')
02-22 01:17:09.634 I/sysui_multi_action( 1503): [757,222,758,2]
02-22 01:17:09.634 I/sysui_multi_action( 1503): [757,804,799,dreaming_minutes,801,3,802,1]
02-22 01:17:09.647 I/wm_task_removed( 1503): [42,removeChild:removeChild last r=ActivityRecord{5669ff8 u0 com.thundercomm.screensaver/android.service.dreams.DreamActivity t-1 f}} in t=Task{3a3b33b #42 type=dream A=10047:android:com.thundercomm.screensaver/dream U=0 visible=false mode=fullscreen translucent=true sz=0}]
02-22 01:17:09.647 I/wm_task_removed( 1503): [42,removeChild]
02-22 01:17:09.649 W/ActivityTaskManager( 1503): Can't find TaskDisplayArea to determine support for multi window. Task id=42 attached=false
01-01 12:04:58.133 E/DTC_ETH,link_delay_work_func( 0): 3003, SQI=0, link=0
01-01 12:04:59.357 E/msm_pcm_playback_close( 0): CMD_EOS failed, cmd_pending 0x8
01-01 12:04:59.364 I/afe_close( 0): port_id = 0x9000
01-01 12:04:59.387 I/afe_find_cal_topo_id_by_port( 0): port id: 0x9000, dev_acdb_id: 0
01-01 12:04:59.387 I/afe_find_cal_topo_id_by_port( 0): top_id:112fc acdb_id:15 afe_port:0x9000
01-01 12:04:59.387 I/afe_get_cal_topology_id( 0): port_id = 0x9000 acdb_id = 15 topology_id = 0x112fc cal_type_index=8 ret=0
01-01 12:04:59.387 I/afe_send_port_topology_id( 0): AFE set topology id 0x112fc enable for port 0x9000 ret 0
01-01 12:04:59.387 I/send_afe_cal_type( 0): cal_index is 0
01-01 12:04:59.387 I/send_afe_cal_type( 0): dev_acdb_id[55] is 0
01-01 12:04:59.387 I/send_afe_cal_type( 0): Sending cal_index cal 0
01-01 12:04:59.387 E/send_afe_cal_type( 0): No cal sent for cal_index 0, port_id = 0x9000! ret -22
01-01 12:04:59.387 I/afe_send_hw_delay( 0): port_id 0x9000 rate 48000 delay_usec 474 status 0
01-01 12:05:03.253 E/DTC_ETH,link_delay_work_func( 0): 3003, SQI=0, link=0
01-01 12:05:05.700 I/[schedu][0x12b72c3f3][01:17:17.635228] wlan( 0): [3455:I:OSIF] scan start scan id 40964
01-01 12:05:06.874 I/[schedu][0x12ccadd59][01:17:18.809754] wlan( 0): [3455:I:OSIF] vdev 0, scan id 40964 type COMPLETED(1) reason COMPLETED(1) scan found 80 bss
02-22 01:17:18.918 I/sysui_multi_action( 1503): [757,128,758,5,759,8,793,139988,794,0,795,139988,796,17303299,797,com.android.wifi,806,android,857,NETWORK_AVAILABLE,858,2,947,0,1500,139785,1688,1]
02-22 01:17:18.918 I/notification_canceled( 1503): [0|android|17303299|com.android.wifi|1000,8,139988,139988,0,-1,-1,NULL]
02-22 01:17:18.924 D/CompatibilityChangeReporter( 1503): Compat change id reported: 175319604; UID 10078; state: ENABLED
02-22 01:17:18.925 D/CompatibilityChangeReporter( 1503): Compat change id reported: 175319604; UID 1000; state: ENABLED
02-22 01:17:18.926 D/CompatibilityChangeReporter( 1503): Compat change id reported: 175319604; UID 1000; state: DISABLED
02-22 01:17:18.927 D/CompatibilityChangeReporter( 1503): Compat change id reported: 175319604; UID 10094; state: DISABLED
01-01 12:05:08.373 E/DTC_ETH,link_delay_work_func( 0): 3003, SQI=0, link=0
01-01 12:05:09.853 E/msm_pcm_playback_close( 0): CMD_EOS failed, cmd_pending 0x8
01-01 12:05:09.860 I/afe_close( 0): port_id = 0x9000
01-01 12:05:09.883 I/afe_find_cal_topo_id_by_port( 0): port id: 0x9000, dev_acdb_id: 0
01-01 12:05:09.883 I/afe_find_cal_topo_id_by_port( 0): top_id:112fc acdb_id:15 afe_port:0x9000
01-01 12:05:09.883 I/afe_get_cal_topology_id( 0): port_id = 0x9000 acdb_id = 15 topology_id = 0x112fc cal_type_index=8 ret=0
01-01 12:05:09.883 I/afe_send_port_topology_id( 0): AFE set topology id 0x112fc enable for port 0x9000 ret 0
01-01 12:05:09.883 I/send_afe_cal_type( 0): cal_index is 0
01-01 12:05:09.883 I/send_afe_cal_type( 0): dev_acdb_id[55] is 0
01-01 12:05:09.883 I/send_afe_cal_type( 0): Sending cal_index cal 0
01-01 12:05:09.883 E/send_afe_cal_type( 0): No cal sent for cal_index 0, port_id = 0x9000! ret -22
01-01 12:05:09.883 I/afe_send_hw_delay( 0): port_id 0x9000 rate 48000 delay_usec 474 status 0
01-01 12:05:13.493 E/DTC_ETH,link_delay_work_func( 0): 3003, SQI=0, link=0
01-01 12:05:18.613 E/DTC_ETH,link_delay_work_func( 0): 3003, SQI=0, link=0
01-01 12:05:20.349 E/msm_pcm_playback_close( 0): CMD_EOS failed, cmd_pending 0x8
01-01 12:05:20.356 I/afe_close( 0): port_id = 0x9000
01-01 12:05:20.377 I/afe_find_cal_topo_id_by_port( 0): port id: 0x9000, dev_acdb_id: 0
01-01 12:05:20.377 I/afe_find_cal_topo_id_by_port( 0): top_id:112fc acdb_id:15 afe_port:0x9000
01-01 12:05:20.377 I/afe_get_cal_topology_id( 0): port_id = 0x9000 acdb_id = 15 topology_id = 0x112fc cal_type_index=8 ret=0
01-01 12:05:20.378 I/afe_send_port_topology_id( 0): AFE set topology id 0x112fc enable for port 0x9000 ret 0
01-01 12:05:20.378 I/send_afe_cal_type( 0): cal_index is 0
01-01 12:05:20.378 I/send_afe_cal_type( 0): dev_acdb_id[55] is 0
01-01 12:05:20.378 I/send_afe_cal_type( 0): Sending cal_index cal 0
01-01 12:05:20.378 E/send_afe_cal_type( 0): No cal sent for cal_index 0, port_id = 0x9000! ret -22
01-01 12:05:20.378 I/afe_send_hw_delay( 0): port_id 0x9000 rate 48000 delay_usec 474 status 0
01-01 12:05:23.733 E/DTC_ETH,link_delay_work_func( 0): 3003, SQI=0, link=0
01-01 12:05:28.853 E/DTC_ETH,link_delay_work_func( 0): 3003, SQI=0, link=0
01-01 12:05:30.845 E/msm_pcm_playback_close( 0): CMD_EOS failed, cmd_pending 0x8
01-01 12:05:30.852 I/afe_close( 0): port_id = 0x9000
01-01 12:05:30.873 I/afe_find_cal_topo_id_by_port( 0): port id: 0x9000, dev_acdb_id: 0
01-01 12:05:30.873 I/afe_find_cal_topo_id_by_port( 0): top_id:112fc acdb_id:15 afe_port:0x9000
01-01 12:05:30.873 I/afe_get_cal_topology_id( 0): port_id = 0x9000 acdb_id = 15 topology_id = 0x112fc cal_type_index=8 ret=0
01-01 12:05:30.874 I/afe_send_port_topology_id( 0): AFE set topology id 0x112fc enable for port 0x9000 ret 0
01-01 12:05:30.874 I/send_afe_cal_type( 0): cal_index is 0
01-01 12:05:30.874 I/send_afe_cal_type( 0): dev_acdb_id[55] is 0
01-01 12:05:30.874 I/send_afe_cal_type( 0): Sending cal_index cal 0
01-01 12:05:30.874 E/send_afe_cal_type( 0): No cal sent for cal_index 0, port_id = 0x9000! ret -22
01-01 12:05:30.874 I/afe_send_hw_delay( 0): port_id 0x9000 rate 48000 delay_usec 474 status 0
01-01 12:05:33.973 E/DTC_ETH,link_delay_work_func( 0): 3003, SQI=0, link=0
01-01 12:05:39.093 E/DTC_ETH,link_delay_work_func( 0): 3003, SQI=0, link=0
01-01 12:05:41.341 E/msm_pcm_playback_close( 0): CMD_EOS failed, cmd_pending 0x8
01-01 12:05:41.348 I/afe_close( 0): port_id = 0x9000
01-01 12:05:41.369 I/afe_find_cal_topo_id_by_port( 0): port id: 0x9000, dev_acdb_id: 0
01-01 12:05:41.369 I/afe_find_cal_topo_id_by_port( 0): top_id:112fc acdb_id:15 afe_port:0x9000
01-01 12:05:41.369 I/afe_get_cal_topology_id( 0): port_id = 0x9000 acdb_id = 15 topology_id = 0x112fc cal_type_index=8 ret=0
01-01 12:05:41.369 I/afe_send_port_topology_id( 0): AFE set topology id 0x112fc enable for port 0x9000 ret 0
01-01 12:05:41.369 I/send_afe_cal_type( 0): cal_index is 0
01-01 12:05:41.369 I/send_afe_cal_type( 0): dev_acdb_id[55] is 0
01-01 12:05:41.369 I/send_afe_cal_type( 0): Sending cal_index cal 0
01-01 12:05:41.369 E/send_afe_cal_type( 0): No cal sent for cal_index 0, port_id = 0x9000! ret -22
01-01 12:05:41.370 I/afe_send_hw_delay( 0): port_id 0x9000 rate 48000 delay_usec 474 status 0
01-01 12:05:44.213 E/DTC_ETH,link_delay_work_func( 0): 3003, SQI=0, link=0
01-01 12:05:49.333 E/DTC_ETH,link_delay_work_func( 0): 3003, SQI=0, link=0
02-22 01:18:02.425 V/DisplayPowerController[0]( 1503): Brightness [0.05] reason changing to: 'manual [ dim ]', previous reason: 'manual'.
02-22 01:18:02.425 I/sysui_multi_action( 1503): [757,1696,758,6,759,2]
02-22 01:18:02.426 W/PowerManagerService( 1503): Screen on took 53050 ms
02-22 01:18:02.428 E/DisplayDeviceConfig( 1503): requesting nits when no mapping exists.
02-22 01:18:02.429 E/DisplayDeviceConfig( 1503): requesting nits when no mapping exists.
02-22 01:18:02.429 I/am_wtf ( 1503): [0,1503,system_server,-1,DisplayDeviceConfig,requesting nits when no mapping exists.]
02-22 01:18:02.430 I/DropBoxManagerService( 1503): add tag=system_server_wtf isTagEnabled=true flags=0x2
02-22 01:18:02.433 I/am_wtf ( 1503): [0,1503,system_server,-1,DisplayDeviceConfig,requesting nits when no mapping exists.]
02-22 01:18:02.434 I/DropBoxManagerService( 1503): add tag=system_server_wtf isTagEnabled=true flags=0x2
02-22 01:18:02.444 E/DisplayDeviceConfig( 1503): requesting nits when no mapping exists.
02-22 01:18:02.445 I/am_wtf ( 1503): [0,1503,system_server,-1,DisplayDeviceConfig,requesting nits when no mapping exists.]
02-22 01:18:02.445 E/DisplayDeviceConfig( 1503): requesting nits when no mapping exists.
02-22 01:18:02.446 I/DropBoxManagerService( 1503): add tag=system_server_wtf isTagEnabled=true flags=0x2
02-22 01:18:02.446 I/am_wtf ( 1503): [0,1503,system_server,-1,DisplayDeviceConfig,requesting nits when no mapping exists.]
02-22 01:18:02.447 I/DropBoxManagerService( 1503): add tag=system_server_wtf isTagEnabled=true flags=0x2
02-22 01:18:02.461 E/DisplayDeviceConfig( 1503): requesting nits when no mapping exists.
02-22 01:18:02.461 I/am_wtf ( 1503): [0,1503,system_server,-1,DisplayDeviceConfig,requesting nits when no mapping exists.]
02-22 01:18:02.461 E/DisplayDeviceConfig( 1503): requesting nits when no mapping exists.
02-22 01:18:02.462 I/DropBoxManagerService( 1503): add tag=system_server_wtf isTagEnabled=true flags=0x2
02-22 01:18:02.464 I/am_wtf ( 1503): [0,1503,system_server,-1,DisplayDeviceConfig,requesting nits when no mapping exists.]
02-22 01:18:02.466 E/DisplayDeviceConfig( 1503): requesting nits when no mapping exists.
02-22 01:18:02.467 E/DisplayDeviceConfig( 1503): requesting nits when no mapping exists.
02-22 01:18:02.467 I/am_wtf ( 1503): [0,1503,system_server,-1,DisplayDeviceConfig,requesting nits when no mapping exists.]
02-22 01:18:02.469 I/am_wtf ( 1503): [0,1503,system_server,-1,DisplayDeviceConfig,requesting nits when no mapping exists.]
02-22 01:18:02.469 I/service_manager_stats( 1503): [100,29,232846]
02-22 01:18:02.482 E/DisplayDeviceConfig( 1503): requesting nits when no mapping exists.
02-22 01:18:02.483 E/DisplayDeviceConfig( 1503): requesting nits when no mapping exists.
02-22 01:18:02.483 I/am_wtf ( 1503): [0,1503,system_server,-1,DisplayDeviceConfig,requesting nits when no mapping exists.]
02-22 01:18:02.483 I/am_wtf ( 1503): [0,1503,system_server,-1,DisplayDeviceConfig,requesting nits when no mapping exists.]
02-22 01:18:02.499 E/DisplayDeviceConfig( 1503): requesting nits when no mapping exists.
02-22 01:18:02.500 E/DisplayDeviceConfig( 1503): requesting nits when no mapping exists.
02-22 01:18:02.500 I/am_wtf ( 1503): [0,1503,system_server,-1,DisplayDeviceConfig,requesting nits when no mapping exists.]
02-22 01:18:02.500 I/am_wtf ( 1503): [0,1503,system_server,-1,DisplayDeviceConfig,requesting nits when no mapping exists.]
02-22 01:18:02.516 E/DisplayDeviceConfig( 1503): requesting nits when no mapping exists.
02-22 01:18:02.517 E/DisplayDeviceConfig( 1503): requesting nits when no mapping exists.
02-22 01:18:02.517 I/am_wtf ( 1503): [0,1503,system_server,-1,DisplayDeviceConfig,requesting nits when no mapping exists.]
02-22 01:18:02.517 I/am_wtf ( 1503): [0,1503,system_server,-1,DisplayDeviceConfig,requesting nits when no mapping exists.]
02-22 01:18:02.533 E/DisplayDeviceConfig( 1503): requesting nits when no mapping exists.
02-22 01:18:02.534 E/DisplayDeviceConfig( 1503): requesting nits when no mapping exists.
02-22 01:18:02.534 I/am_wtf ( 1503): [0,1503,system_server,-1,DisplayDeviceConfig,requesting nits when no mapping exists.]
02-22 01:18:02.535 I/am_wtf ( 1503): [0,1503,system_server,-1,DisplayDeviceConfig,requesting nits when no mapping exists.]
02-22 01:18:02.550 E/DisplayDeviceConfig( 1503): requesting nits when no mapping exists.
02-22 01:18:02.550 E/DisplayDeviceConfig( 1503): requesting nits when no mapping exists.
02-22 01:18:02.550 I/am_wtf ( 1503): [0,1503,system_server,-1,DisplayDeviceConfig,requesting nits when no mapping exists.]
02-22 01:18:02.551 I/am_wtf ( 1503): [0,1503,system_server,-1,DisplayDeviceConfig,requesting nits when no mapping exists.]
02-22 01:18:02.567 E/DisplayDeviceConfig( 1503): requesting nits when no mapping exists.
02-22 01:18:02.567 E/DisplayDeviceConfig( 1503): requesting nits when no mapping exists.
02-22 01:18:02.567 I/am_wtf ( 1503): [0,1503,system_server,-1,DisplayDeviceConfig,requesting nits when no mapping exists.]
02-22 01:18:02.568 I/am_wtf ( 1503): [0,1503,system_server,-1,DisplayDeviceConfig,requesting nits when no mapping exists.]
02-22 01:18:02.583 E/DisplayDeviceConfig( 1503): requesting nits when no mapping exists.
02-22 01:18:02.584 E/DisplayDeviceConfig( 1503): requesting nits when no mapping exists.
02-22 01:18:02.584 I/am_wtf ( 1503): [0,1503,system_server,-1,DisplayDeviceConfig,requesting nits when no mapping exists.]
02-22 01:18:02.585 I/am_wtf ( 1503): [0,1503,system_server,-1,DisplayDeviceConfig,requesting nits when no mapping exists.]
02-22 01:18:02.600 E/DisplayDeviceConfig( 1503): requesting nits when no mapping exists.
02-22 01:18:02.600 E/DisplayDeviceConfig( 1503): requesting nits when no mapping exists.
02-22 01:18:02.600 I/am_wtf ( 1503): [0,1503,system_server,-1,DisplayDeviceConfig,requesting nits when no mapping exists.]
02-22 01:18:02.601 I/am_wtf ( 1503): [0,1503,system_server,-1,DisplayDeviceConfig,requesting nits when no mapping exists.]
02-22 01:18:02.616 E/DisplayDeviceConfig( 1503): requesting nits when no mapping exists.
02-22 01:18:02.617 I/am_wtf ( 1503): [0,1503,system_server,-1,DisplayDeviceConfig,requesting nits when no mapping exists.]
02-22 01:18:02.617 E/DisplayDeviceConfig( 1503): requesting nits when no mapping exists.
02-22 01:18:02.618 I/am_wtf ( 1503): [0,1503,system_server,-1,DisplayDeviceConfig,requesting nits when no mapping exists.]
02-22 01:18:02.633 E/DisplayDeviceConfig( 1503): requesting nits when no mapping exists.
02-22 01:18:02.634 E/DisplayDeviceConfig( 1503): requesting nits when no mapping exists.
02-22 01:18:02.634 I/am_wtf ( 1503): [0,1503,system_server,-1,DisplayDeviceConfig,requesting nits when no mapping exists.]
02-22 01:18:02.637 I/am_wtf ( 1503): [0,1503,system_server,-1,DisplayDeviceConfig,requesting nits when no mapping exists.]
02-22 01:18:02.650 E/DisplayDeviceConfig( 1503): requesting nits when no mapping exists.
02-22 01:18:02.650 E/DisplayDeviceConfig( 1503): requesting nits when no mapping exists.
02-22 01:18:02.650 I/am_wtf ( 1503): [0,1503,system_server,-1,DisplayDeviceConfig,requesting nits when no mapping exists.]
02-22 01:18:02.651 I/am_wtf ( 1503): [0,1503,system_server,-1,DisplayDeviceConfig,requesting nits when no mapping exists.]
02-22 01:18:02.666 E/DisplayDeviceConfig( 1503): requesting nits when no mapping exists.
02-22 01:18:02.667 I/am_wtf ( 1503): [0,1503,system_server,-1,DisplayDeviceConfig,requesting nits when no mapping exists.]
02-22 01:18:02.667 E/DisplayDeviceConfig( 1503): requesting nits when no mapping exists.
02-22 01:18:02.668 I/am_wtf ( 1503): [0,1503,system_server,-1,DisplayDeviceConfig,requesting nits when no mapping exists.]
02-22 01:18:02.683 E/DisplayDeviceConfig( 1503): requesting nits when no mapping exists.
02-22 01:18:02.684 I/am_wtf ( 1503): [0,1503,system_server,-1,DisplayDeviceConfig,requesting nits when no mapping exists.]
02-22 01:18:02.684 E/DisplayDeviceConfig( 1503): requesting nits when no mapping exists.
02-22 01:18:02.685 I/am_wtf ( 1503): [0,1503,system_server,-1,DisplayDeviceConfig,requesting nits when no mapping exists.]
02-22 01:18:02.700 E/DisplayDeviceConfig( 1503): requesting nits when no mapping exists.
02-22 01:18:02.701 E/DisplayDeviceConfig( 1503): requesting nits when no mapping exists.
02-22 01:18:02.701 I/am_wtf ( 1503): [0,1503,system_server,-1,DisplayDeviceConfig,requesting nits when no mapping exists.]
02-22 01:18:02.702 I/am_wtf ( 1503): [0,1503,system_server,-1,DisplayDeviceConfig,requesting nits when no mapping exists.]
02-22 01:18:02.717 E/DisplayDeviceConfig( 1503): requesting nits when no mapping exists.
02-22 01:18:02.717 E/DisplayDeviceConfig( 1503): requesting nits when no mapping exists.
02-22 01:18:02.717 I/am_wtf ( 1503): [0,1503,system_server,-1,DisplayDeviceConfig,requesting nits when no mapping exists.]
02-22 01:18:02.718 I/am_wtf ( 1503): [0,1503,system_server,-1,DisplayDeviceConfig,requesting nits when no mapping exists.]
02-22 01:18:02.733 E/DisplayDeviceConfig( 1503): requesting nits when no mapping exists.
02-22 01:18:02.734 E/DisplayDeviceConfig( 1503): requesting nits when no mapping exists.
02-22 01:18:02.734 I/am_wtf ( 1503): [0,1503,system_server,-1,DisplayDeviceConfig,requesting nits when no mapping exists.]
02-22 01:18:02.735 I/am_wtf ( 1503): [0,1503,system_server,-1,DisplayDeviceConfig,requesting nits when no mapping exists.]
02-22 01:18:02.750 E/DisplayDeviceConfig( 1503): requesting nits when no mapping exists.
02-22 01:18:02.751 E/DisplayDeviceConfig( 1503): requesting nits when no mapping exists.
02-22 01:18:02.751 I/am_wtf ( 1503): [0,1503,system_server,-1,DisplayDeviceConfig,requesting nits when no mapping exists.]
02-22 01:18:02.752 I/am_wtf ( 1503): [0,1503,system_server,-1,DisplayDeviceConfig,requesting nits when no mapping exists.]
02-22 01:18:02.767 E/DisplayDeviceConfig( 1503): requesting nits when no mapping exists.
02-22 01:18:02.767 E/DisplayDeviceConfig( 1503): requesting nits when no mapping exists.
02-22 01:18:02.767 I/am_wtf ( 1503): [0,1503,system_server,-1,DisplayDeviceConfig,requesting nits when no mapping exists.]
02-22 01:18:02.768 I/am_wtf ( 1503): [0,1503,system_server,-1,DisplayDeviceConfig,requesting nits when no mapping exists.]
02-22 01:18:02.783 E/DisplayDeviceConfig( 1503): requesting nits when no mapping exists.
02-22 01:18:02.784 I/am_wtf ( 1503): [0,1503,system_server,-1,DisplayDeviceConfig,requesting nits when no mapping exists.]
02-22 01:18:02.784 E/DisplayDeviceConfig( 1503): requesting nits when no mapping exists.
02-22 01:18:02.785 I/am_wtf ( 1503): [0,1503,system_server,-1,DisplayDeviceConfig,requesting nits when no mapping exists.]
02-22 01:18:02.800 E/DisplayDeviceConfig( 1503): requesting nits when no mapping exists.
02-22 01:18:02.801 E/DisplayDeviceConfig( 1503): requesting nits when no mapping exists.
02-22 01:18:02.801 I/am_wtf ( 1503): [0,1503,system_server,-1,DisplayDeviceConfig,requesting nits when no mapping exists.]
02-22 01:18:02.802 I/am_wtf ( 1503): [0,1503,system_server,-1,DisplayDeviceConfig,requesting nits when no mapping exists.]
02-22 01:18:02.817 E/DisplayDeviceConfig( 1503): requesting nits when no mapping exists.
02-22 01:18:02.817 E/DisplayDeviceConfig( 1503): requesting nits when no mapping exists.
02-22 01:18:02.817 I/am_wtf ( 1503): [0,1503,system_server,-1,DisplayDeviceConfig,requesting nits when no mapping exists.]
02-22 01:18:02.818 I/am_wtf ( 1503): [0,1503,system_server,-1,DisplayDeviceConfig,requesting nits when no mapping exists.]
02-22 01:18:02.834 E/DisplayDeviceConfig( 1503): requesting nits when no mapping exists.
02-22 01:18:02.834 E/DisplayDeviceConfig( 1503): requesting nits when no mapping exists.
02-22 01:18:02.834 I/am_wtf ( 1503): [0,1503,system_server,-1,DisplayDeviceConfig,requesting nits when no mapping exists.]
02-22 01:18:02.835 I/am_wtf ( 1503): [0,1503,system_server,-1,DisplayDeviceConfig,requesting nits when no mapping exists.]
02-22 01:18:02.850 E/DisplayDeviceConfig( 1503): requesting nits when no mapping exists.
02-22 01:18:02.851 E/DisplayDeviceConfig( 1503): requesting nits when no mapping exists.
02-22 01:18:02.851 I/am_wtf ( 1503): [0,1503,system_server,-1,DisplayDeviceConfig,requesting nits when no mapping exists.]
02-22 01:18:02.852 I/am_wtf ( 1503): [0,1503,system_server,-1,DisplayDeviceConfig,requesting nits when no mapping exists.]
02-22 01:18:02.867 E/DisplayDeviceConfig( 1503): requesting nits when no mapping exists.
02-22 01:18:02.867 E/DisplayDeviceConfig( 1503): requesting nits when no mapping exists.
02-22 01:18:02.867 I/am_wtf ( 1503): [0,1503,system_server,-1,DisplayDeviceConfig,requesting nits when no mapping exists.]
02-22 01:18:02.869 I/am_wtf ( 1503): [0,1503,system_server,-1,DisplayDeviceConfig,requesting nits when no mapping exists.]
02-22 01:18:02.884 E/DisplayDeviceConfig( 1503): requesting nits when no mapping exists.
02-22 01:18:02.884 I/am_wtf ( 1503): [0,1503,system_server,-1,DisplayDeviceConfig,requesting nits when no mapping exists.]
02-22 01:18:02.884 E/DisplayDeviceConfig( 1503): requesting nits when no mapping exists.
02-22 01:18:02.885 I/am_wtf ( 1503): [0,1503,system_server,-1,DisplayDeviceConfig,requesting nits when no mapping exists.]
02-22 01:18:02.900 E/DisplayDeviceConfig( 1503): requesting nits when no mapping exists.
02-22 01:18:02.901 E/DisplayDeviceConfig( 1503): requesting nits when no mapping exists.
02-22 01:18:02.901 I/am_wtf ( 1503): [0,1503,system_server,-1,DisplayDeviceConfig,requesting nits when no mapping exists.]
02-22 01:18:02.902 I/am_wtf ( 1503): [0,1503,system_server,-1,DisplayDeviceConfig,requesting nits when no mapping exists.]
02-22 01:18:02.917 E/DisplayDeviceConfig( 1503): requesting nits when no mapping exists.
02-22 01:18:02.918 E/DisplayDeviceConfig( 1503): requesting nits when no mapping exists.
02-22 01:18:02.918 I/am_wtf ( 1503): [0,1503,system_server,-1,DisplayDeviceConfig,requesting nits when no mapping exists.]
02-22 01:18:02.919 I/am_wtf ( 1503): [0,1503,system_server,-1,DisplayDeviceConfig,requesting nits when no mapping exists.]
02-22 01:18:02.934 E/DisplayDeviceConfig( 1503): requesting nits when no mapping exists.
02-22 01:18:02.935 I/am_wtf ( 1503): [0,1503,system_server,-1,DisplayDeviceConfig,requesting nits when no mapping exists.]
02-22 01:18:02.935 E/DisplayDeviceConfig( 1503): requesting nits when no mapping exists.
02-22 01:18:02.935 I/am_wtf ( 1503): [0,1503,system_server,-1,DisplayDeviceConfig,requesting nits when no mapping exists.]
02-22 01:18:02.950 E/DisplayDeviceConfig( 1503): requesting nits when no mapping exists.
02-22 01:18:02.951 E/DisplayDeviceConfig( 1503): requesting nits when no mapping exists.
02-22 01:18:02.951 I/am_wtf ( 1503): [0,1503,system_server,-1,DisplayDeviceConfig,requesting nits when no mapping exists.]
02-22 01:18:02.952 I/am_wtf ( 1503): [0,1503,system_server,-1,DisplayDeviceConfig,requesting nits when no mapping exists.]
02-22 01:18:02.967 E/DisplayDeviceConfig( 1503): requesting nits when no mapping exists.
02-22 01:18:02.968 I/am_wtf ( 1503): [0,1503,system_server,-1,DisplayDeviceConfig,requesting nits when no mapping exists.]
02-22 01:18:02.968 E/DisplayDeviceConfig( 1503): requesting nits when no mapping exists.
02-22 01:18:02.969 I/am_wtf ( 1503): [0,1503,system_server,-1,DisplayDeviceConfig,requesting nits when no mapping exists.]
02-22 01:18:02.984 E/DisplayDeviceConfig( 1503): requesting nits when no mapping exists.
02-22 01:18:02.984 E/DisplayDeviceConfig( 1503): requesting nits when no mapping exists.
02-22 01:18:02.984 I/am_wtf ( 1503): [0,1503,system_server,-1,DisplayDeviceConfig,requesting nits when no mapping exists.]
02-22 01:18:02.985 I/am_wtf ( 1503): [0,1503,system_server,-1,DisplayDeviceConfig,requesting nits when no mapping exists.]
02-22 01:18:03.001 E/DisplayDeviceConfig( 1503): requesting nits when no mapping exists.
02-22 01:18:03.001 E/DisplayDeviceConfig( 1503): requesting nits when no mapping exists.
02-22 01:18:03.001 I/am_wtf ( 1503): [0,1503,system_server,-1,DisplayDeviceConfig,requesting nits when no mapping exists.]
02-22 01:18:03.002 I/am_wtf ( 1503): [0,1503,system_server,-1,DisplayDeviceConfig,requesting nits when no mapping exists.]
02-22 01:18:03.017 E/DisplayDeviceConfig( 1503): requesting nits when no mapping exists.
02-22 01:18:03.018 E/DisplayDeviceConfig( 1503): requesting nits when no mapping exists.
02-22 01:18:03.018 I/am_wtf ( 1503): [0,1503,system_server,-1,DisplayDeviceConfig,requesting nits when no mapping exists.]
02-22 01:18:03.019 I/am_wtf ( 1503): [0,1503,system_server,-1,DisplayDeviceConfig,requesting nits when no mapping exists.]
02-22 01:18:03.034 E/DisplayDeviceConfig( 1503): requesting nits when no mapping exists.
02-22 01:18:03.035 I/am_wtf ( 1503): [0,1503,system_server,-1,DisplayDeviceConfig,requesting nits when no mapping exists.]
02-22 01:18:03.035 E/DisplayDeviceConfig( 1503): requesting nits when no mapping exists.
02-22 01:18:03.035 I/am_wtf ( 1503): [0,1503,system_server,-1,DisplayDeviceConfig,requesting nits when no mapping exists.]
02-22 01:18:03.051 E/DisplayDeviceConfig( 1503): requesting nits when no mapping exists.
02-22 01:18:03.051 I/am_wtf ( 1503): [0,1503,system_server,-1,DisplayDeviceConfig,requesting nits when no mapping exists.]
02-22 01:18:03.051 E/DisplayDeviceConfig( 1503): requesting nits when no mapping exists.
02-22 01:18:03.052 I/am_wtf ( 1503): [0,1503,system_server,-1,DisplayDeviceConfig,requesting nits when no mapping exists.]
02-22 01:18:03.068 E/DisplayDeviceConfig( 1503): requesting nits when no mapping exists.
02-22 01:18:03.068 E/DisplayDeviceConfig( 1503): requesting nits when no mapping exists.
02-22 01:18:03.068 I/am_wtf ( 1503): [0,1503,system_server,-1,DisplayDeviceConfig,requesting nits when no mapping exists.]
02-22 01:18:03.069 I/am_wtf ( 1503): [0,1503,system_server,-1,DisplayDeviceConfig,requesting nits when no mapping exists.]
02-22 01:18:03.084 E/DisplayDeviceConfig( 1503): requesting nits when no mapping exists.
02-22 01:18:03.085 E/DisplayDeviceConfig( 1503): requesting nits when no mapping exists.
02-22 01:18:03.085 I/am_wtf ( 1503): [0,1503,system_server,-1,DisplayDeviceConfig,requesting nits when no mapping exists.]
02-22 01:18:03.086 I/am_wtf ( 1503): [0,1503,system_server,-1,DisplayDeviceConfig,requesting nits when no mapping exists.]
02-22 01:18:03.101 E/DisplayDeviceConfig( 1503): requesting nits when no mapping exists.
02-22 01:18:03.102 I/am_wtf ( 1503): [0,1503,system_server,-1,DisplayDeviceConfig,requesting nits when no mapping exists.]
02-22 01:18:03.102 E/DisplayDeviceConfig( 1503): requesting nits when no mapping exists.
02-22 01:18:03.103 I/am_wtf ( 1503): [0,1503,system_server,-1,DisplayDeviceConfig,requesting nits when no mapping exists.]
02-22 01:18:03.117 E/DisplayDeviceConfig( 1503): requesting nits when no mapping exists.
02-22 01:18:03.118 E/DisplayDeviceConfig( 1503): requesting nits when no mapping exists.
02-22 01:18:03.118 I/am_wtf ( 1503): [0,1503,system_server,-1,DisplayDeviceConfig,requesting nits when no mapping exists.]
02-22 01:18:03.119 I/am_wtf ( 1503): [0,1503,system_server,-1,DisplayDeviceConfig,requesting nits when no mapping exists.]
02-22 01:18:03.136 E/DisplayDeviceConfig( 1503): requesting nits when no mapping exists.
02-22 01:18:03.137 E/DisplayDeviceConfig( 1503): requesting nits when no mapping exists.
02-22 01:18:03.137 I/am_wtf ( 1503): [0,1503,system_server,-1,DisplayDeviceConfig,requesting nits when no mapping exists.]
02-22 01:18:03.138 I/am_wtf ( 1503): [0,1503,system_server,-1,DisplayDeviceConfig,requesting nits when no mapping exists.]
02-22 01:18:03.151 E/DisplayDeviceConfig( 1503): requesting nits when no mapping exists.
02-22 01:18:03.151 I/am_wtf ( 1503): [0,1503,system_server,-1,DisplayDeviceConfig,requesting nits when no mapping exists.]
02-22 01:18:03.151 E/DisplayDeviceConfig( 1503): requesting nits when no mapping exists.
02-22 01:18:03.152 I/am_wtf ( 1503): [0,1503,system_server,-1,DisplayDeviceConfig,requesting nits when no mapping exists.]
02-22 01:18:03.167 E/DisplayDeviceConfig( 1503): requesting nits when no mapping exists.
02-22 01:18:03.168 E/DisplayDeviceConfig( 1503): requesting nits when no mapping exists.
02-22 01:18:03.168 I/am_wtf ( 1503): [0,1503,system_server,-1,DisplayDeviceConfig,requesting nits when no mapping exists.]
02-22 01:18:03.169 I/am_wtf ( 1503): [0,1503,system_server,-1,DisplayDeviceConfig,requesting nits when no mapping exists.]
02-22 01:18:03.184 E/DisplayDeviceConfig( 1503): requesting nits when no mapping exists.
02-22 01:18:03.185 I/am_wtf ( 1503): [0,1503,system_server,-1,DisplayDeviceConfig,requesting nits when no mapping exists.]
02-22 01:18:03.185 E/DisplayDeviceConfig( 1503): requesting nits when no mapping exists.
02-22 01:18:03.186 I/am_wtf ( 1503): [0,1503,system_server,-1,DisplayDeviceConfig,requesting nits when no mapping exists.]
02-22 01:18:03.201 E/DisplayDeviceConfig( 1503): requesting nits when no mapping exists.
02-22 01:18:03.201 I/am_wtf ( 1503): [0,1503,system_server,-1,DisplayDeviceConfig,requesting nits when no mapping exists.]
02-22 01:18:03.201 E/DisplayDeviceConfig( 1503): requesting nits when no mapping exists.
02-22 01:18:03.202 I/am_wtf ( 1503): [0,1503,system_server,-1,DisplayDeviceConfig,requesting nits when no mapping exists.]
02-22 01:18:03.218 E/DisplayDeviceConfig( 1503): requesting nits when no mapping exists.
02-22 01:18:03.218 I/am_wtf ( 1503): [0,1503,system_server,-1,DisplayDeviceConfig,requesting nits when no mapping exists.]
02-22 01:18:03.218 E/DisplayDeviceConfig( 1503): requesting nits when no mapping exists.
02-22 01:18:03.219 I/am_wtf ( 1503): [0,1503,system_server,-1,DisplayDeviceConfig,requesting nits when no mapping exists.]
02-22 01:18:03.234 E/DisplayDeviceConfig( 1503): requesting nits when no mapping exists.
02-22 01:18:03.235 I/am_wtf ( 1503): [0,1503,system_server,-1,DisplayDeviceConfig,requesting nits when no mapping exists.]
02-22 01:18:03.235 E/DisplayDeviceConfig( 1503): requesting nits when no mapping exists.
02-22 01:18:03.235 I/am_wtf ( 1503): [0,1503,system_server,-1,DisplayDeviceConfig,requesting nits when no mapping exists.]
01-01 12:05:51.837 E/msm_pcm_playback_close( 0): CMD_EOS failed, cmd_pending 0x8
01-01 12:05:51.844 I/afe_close( 0): port_id = 0x9000
01-01 12:05:51.867 I/afe_find_cal_topo_id_by_port( 0): port id: 0x9000, dev_acdb_id: 0
01-01 12:05:51.867 I/afe_find_cal_topo_id_by_port( 0): top_id:112fc acdb_id:15 afe_port:0x9000
01-01 12:05:51.867 I/afe_get_cal_topology_id( 0): port_id = 0x9000 acdb_id = 15 topology_id = 0x112fc cal_type_index=8 ret=0
01-01 12:05:51.868 I/afe_send_port_topology_id( 0): AFE set topology id 0x112fc enable for port 0x9000 ret 0
01-01 12:05:51.868 I/send_afe_cal_type( 0): cal_index is 0
01-01 12:05:51.868 I/send_afe_cal_type( 0): dev_acdb_id[55] is 0
01-01 12:05:51.868 I/send_afe_cal_type( 0): Sending cal_index cal 0
01-01 12:05:51.868 E/send_afe_cal_type( 0): No cal sent for cal_index 0, port_id = 0x9000! ret -22
01-01 12:05:51.868 I/afe_send_hw_delay( 0): port_id 0x9000 rate 48000 delay_usec 474 status 0
01-01 12:05:54.453 E/DTC_ETH,link_delay_work_func( 0): 3003, SQI=0, link=0
02-22 01:18:09.609 I/PowerManagerService( 1503): Napping display group (groupId=0, uid=1000)...
02-22 01:18:09.610 I/PowerManagerService( 1503): Nap time (uid 1000)...
02-22 01:18:09.613 I/DreamManagerService( 1503): Entering dreamland.
02-22 01:18:09.615 I/PowerManagerService( 1503): Dreaming...
02-22 01:18:09.622 I/DreamController( 1503): Starting dream: name=ComponentInfo{com.thundercomm.screensaver/com.thundercomm.saverclock.service.ClockScreensaver}, isTest=false, canDoze=false, userId=0
02-22 01:18:09.622 I/sysui_multi_action( 1503): [757,222,758,1]
02-22 01:18:09.632 I/ActivityTaskManager( 1503): START u0 {flg=0x10000000 pkg=com.thundercomm.screensaver cmp=com.thundercomm.screensaver/android.service.dreams.DreamActivity (has extras)} from uid 10047
02-22 01:18:09.634 I/wm_task_created( 1503): [43,-1]
02-22 01:18:09.634 W/ActivityTaskManager( 1503): Can't find TaskDisplayArea to determine support for multi window. Task id=43 attached=false
02-22 01:18:09.639 I/wm_task_moved( 1503): [43,1,6]
02-22 01:18:09.639 I/wm_task_to_front( 1503): [0,43]
02-22 01:18:09.639 I/wm_create_task( 1503): [0,43]
02-22 01:18:09.639 I/wm_create_activity( 1503): [0,57874660,43,com.thundercomm.screensaver/android.service.dreams.DreamActivity,NULL,NULL,NULL,276824064]
02-22 01:18:09.639 I/wm_task_moved( 1503): [43,1,6]
02-22 01:18:09.639 I/wm_on_top_resumed_lost_called( 2514): [229498384,com.android.launcher3.uioverrides.QuickstepLauncher,topStateChangedWhenResumed]
02-22 01:18:09.640 I/wm_pause_activity( 1503): [0,229498384,com.android.launcher3/.uioverrides.QuickstepLauncher,userLeaving=true,pauseBackTasks]
02-22 01:18:09.641 I/wm_on_paused_called( 2514): [229498384,com.android.launcher3.uioverrides.QuickstepLauncher,performPause]
02-22 01:18:09.642 I/ActivityTaskManager( 1503): FOREGROUND_APPLICATION_CHANGED to android.service.dreams.DreamActivity
02-22 01:18:09.642 I/ActivityTaskManager( 1503): The Process com.thundercomm.screensaver Already Exists in BG. So sending its PID: 3965
02-22 01:18:09.642 W/ActivityTaskManager( 1503): Tried to set launchTime (0) < mLastActivityLaunchTime (71232)
02-22 01:18:09.643 I/wm_add_to_stopping( 1503): [0,229498384,com.android.launcher3/.uioverrides.QuickstepLauncher,makeInvisible]
02-22 01:18:09.643 I/wm_restart_activity( 1503): [0,57874660,43,com.thundercomm.screensaver/android.service.dreams.DreamActivity]
02-22 01:18:09.644 I/wm_set_resumed_activity( 1503): [0,com.thundercomm.screensaver/android.service.dreams.DreamActivity,minimalResumeActivityLocked]
02-22 01:18:09.646 I/sysui_multi_action( 1503): [757,803,799,window_time_0,802,60]
02-22 01:18:09.648 I/wm_on_create_called( 3965): [57874660,android.service.dreams.DreamActivity,performCreate]
02-22 01:18:09.648 I/wm_on_start_called( 3965): [57874660,android.service.dreams.DreamActivity,handleStartActivity]
02-22 01:18:09.648 I/wm_on_resume_called( 3965): [57874660,android.service.dreams.DreamActivity,RESUME_ACTIVITY]
02-22 01:18:09.650 I/wm_on_top_resumed_gained_called( 3965): [57874660,android.service.dreams.DreamActivity,topStateChangedWhenResumed]
02-22 01:18:09.667 I/input_focus( 1503): [Focus leaving e3555c3 com.android.launcher3/com.android.launcher3.uioverrides.QuickstepLauncher (server),reason=NO_WINDOW]
02-22 01:18:09.674 I/input_focus( 1503): [Focus request 7badf50 com.thundercomm.screensaver/android.service.dreams.DreamActivity,reason=UpdateInputWindows]
02-22 01:18:09.681 I/sysui_multi_action( 1503): [319,47,322,47,325,311,757,761,758,8,759,2,806,com.thundercomm.screensaver,871,android.service.dreams.DreamActivity,904,com.thundercomm.screensaver,905,0,1320,4,1321,2]
02-22 01:18:09.681 I/wm_activity_launch_time( 1503): [0,57874660,com.thundercomm.screensaver/android.service.dreams.DreamActivity,47]
02-22 01:18:09.681 V/DisplayPowerController[0]( 1503): Brightness [0.8484849] reason changing to: 'manual', previous reason: 'manual [ dim ]'.
02-22 01:18:09.681 I/sysui_multi_action( 1503): [757,1696,758,6,759,3]
02-22 01:18:09.699 E/DisplayDeviceConfig( 1503): requesting nits when no mapping exists.
02-22 01:18:09.699 E/DisplayDeviceConfig( 1503): requesting nits when no mapping exists.
02-22 01:18:09.699 I/am_wtf ( 1503): [0,1503,system_server,-1,DisplayDeviceConfig,requesting nits when no mapping exists.]
02-22 01:18:09.700 I/input_focus( 1503): [Focus entering 7badf50 com.thundercomm.screensaver/android.service.dreams.DreamActivity (server),reason=Window became focusable. Previous reason: NOT_VISIBLE]
02-22 01:18:09.700 I/am_wtf ( 1503): [0,1503,system_server,-1,DisplayDeviceConfig,requesting nits when no mapping exists.]
02-22 01:18:09.716 E/DisplayDeviceConfig( 1503): requesting nits when no mapping exists.
02-22 01:18:09.716 E/DisplayDeviceConfig( 1503): requesting nits when no mapping exists.
02-22 01:18:09.716 I/am_wtf ( 1503): [0,1503,system_server,-1,DisplayDeviceConfig,requesting nits when no mapping exists.]
02-22 01:18:09.717 I/am_wtf ( 1503): [0,1503,system_server,-1,DisplayDeviceConfig,requesting nits when no mapping exists.]
02-22 01:18:09.733 E/DisplayDeviceConfig( 1503): requesting nits when no mapping exists.
02-22 01:18:09.733 E/DisplayDeviceConfig( 1503): requesting nits when no mapping exists.
02-22 01:18:09.733 I/am_wtf ( 1503): [0,1503,system_server,-1,DisplayDeviceConfig,requesting nits when no mapping exists.]
02-22 01:18:09.734 I/am_wtf ( 1503): [0,1503,system_server,-1,DisplayDeviceConfig,requesting nits when no mapping exists.]
02-22 01:18:09.749 E/DisplayDeviceConfig( 1503): requesting nits when no mapping exists.
02-22 01:18:09.750 E/DisplayDeviceConfig( 1503): requesting nits when no mapping exists.
02-22 01:18:09.750 I/am_wtf ( 1503): [0,1503,system_server,-1,DisplayDeviceConfig,requesting nits when no mapping exists.]
02-22 01:18:09.750 I/am_wtf ( 1503): [0,1503,system_server,-1,DisplayDeviceConfig,requesting nits when no mapping exists.]
02-22 01:18:09.750 I/service_manager_stats( 1503): [100,46,7281]
02-22 01:18:09.767 E/DisplayDeviceConfig( 1503): requesting nits when no mapping exists.
02-22 01:18:09.767 E/DisplayDeviceConfig( 1503): requesting nits when no mapping exists.
02-22 01:18:09.767 I/am_wtf ( 1503): [0,1503,system_server,-1,DisplayDeviceConfig,requesting nits when no mapping exists.]
02-22 01:18:09.767 I/am_wtf ( 1503): [0,1503,system_server,-1,DisplayDeviceConfig,requesting nits when no mapping exists.]
02-22 01:18:09.783 E/DisplayDeviceConfig( 1503): requesting nits when no mapping exists.
02-22 01:18:09.783 E/DisplayDeviceConfig( 1503): requesting nits when no mapping exists.
02-22 01:18:09.783 I/am_wtf ( 1503): [0,1503,system_server,-1,DisplayDeviceConfig,requesting nits when no mapping exists.]
02-22 01:18:09.784 I/am_wtf ( 1503): [0,1503,system_server,-1,DisplayDeviceConfig,requesting nits when no mapping exists.]
02-22 01:18:09.800 E/DisplayDeviceConfig( 1503): requesting nits when no mapping exists.
02-22 01:18:09.801 E/DisplayDeviceConfig( 1503): requesting nits when no mapping exists.
02-22 01:18:09.801 I/am_wtf ( 1503): [0,1503,system_server,-1,DisplayDeviceConfig,requesting nits when no mapping exists.]
02-22 01:18:09.801 I/am_wtf ( 1503): [0,1503,system_server,-1,DisplayDeviceConfig,requesting nits when no mapping exists.]
02-22 01:18:09.817 E/DisplayDeviceConfig( 1503): requesting nits when no mapping exists.
02-22 01:18:09.817 E/DisplayDeviceConfig( 1503): requesting nits when no mapping exists.
02-22 01:18:09.817 I/am_wtf ( 1503): [0,1503,system_server,-1,DisplayDeviceConfig,requesting nits when no mapping exists.]
02-22 01:18:09.817 I/am_wtf ( 1503): [0,1503,system_server,-1,DisplayDeviceConfig,requesting nits when no mapping exists.]
02-22 01:18:09.833 E/DisplayDeviceConfig( 1503): requesting nits when no mapping exists.
02-22 01:18:09.833 E/DisplayDeviceConfig( 1503): requesting nits when no mapping exists.
02-22 01:18:09.833 I/am_wtf ( 1503): [0,1503,system_server,-1,DisplayDeviceConfig,requesting nits when no mapping exists.]
02-22 01:18:09.834 I/am_wtf ( 1503): [0,1503,system_server,-1,DisplayDeviceConfig,requesting nits when no mapping exists.]
02-22 01:18:09.850 E/DisplayDeviceConfig( 1503): requesting nits when no mapping exists.
02-22 01:18:09.850 E/DisplayDeviceConfig( 1503): requesting nits when no mapping exists.
02-22 01:18:09.850 I/am_wtf ( 1503): [0,1503,system_server,-1,DisplayDeviceConfig,requesting nits when no mapping exists.]
02-22 01:18:09.851 I/am_wtf ( 1503): [0,1503,system_server,-1,DisplayDeviceConfig,requesting nits when no mapping exists.]
02-22 01:18:09.866 E/DisplayDeviceConfig( 1503): requesting nits when no mapping exists.
02-22 01:18:09.867 E/DisplayDeviceConfig( 1503): requesting nits when no mapping exists.
02-22 01:18:09.867 I/am_wtf ( 1503): [0,1503,system_server,-1,DisplayDeviceConfig,requesting nits when no mapping exists.]
02-22 01:18:09.867 I/am_wtf ( 1503): [0,1503,system_server,-1,DisplayDeviceConfig,requesting nits when no mapping exists.]
02-22 01:18:09.884 E/DisplayDeviceConfig( 1503): requesting nits when no mapping exists.
02-22 01:18:09.884 E/DisplayDeviceConfig( 1503): requesting nits when no mapping exists.
02-22 01:18:09.884 I/am_wtf ( 1503): [0,1503,system_server,-1,DisplayDeviceConfig,requesting nits when no mapping exists.]
02-22 01:18:09.884 I/am_wtf ( 1503): [0,1503,system_server,-1,DisplayDeviceConfig,requesting nits when no mapping exists.]
02-22 01:18:09.900 E/DisplayDeviceConfig( 1503): requesting nits when no mapping exists.
02-22 01:18:09.900 I/am_wtf ( 1503): [0,1503,system_server,-1,DisplayDeviceConfig,requesting nits when no mapping exists.]
02-22 01:18:09.900 E/DisplayDeviceConfig( 1503): requesting nits when no mapping exists.
02-22 01:18:09.901 I/am_wtf ( 1503): [0,1503,system_server,-1,DisplayDeviceConfig,requesting nits when no mapping exists.]
02-22 01:18:09.917 E/DisplayDeviceConfig( 1503): requesting nits when no mapping exists.
02-22 01:18:09.918 I/am_wtf ( 1503): [0,1503,system_server,-1,DisplayDeviceConfig,requesting nits when no mapping exists.]
02-22 01:18:09.918 E/DisplayDeviceConfig( 1503): requesting nits when no mapping exists.
02-22 01:18:09.918 I/am_wtf ( 1503): [0,1503,system_server,-1,DisplayDeviceConfig,requesting nits when no mapping exists.]
02-22 01:18:09.934 E/DisplayDeviceConfig( 1503): requesting nits when no mapping exists.
02-22 01:18:09.934 E/DisplayDeviceConfig( 1503): requesting nits when no mapping exists.
02-22 01:18:09.934 I/am_wtf ( 1503): [0,1503,system_server,-1,DisplayDeviceConfig,requesting nits when no mapping exists.]
02-22 01:18:09.934 I/am_wtf ( 1503): [0,1503,system_server,-1,DisplayDeviceConfig,requesting nits when no mapping exists.]
02-22 01:18:09.951 E/DisplayDeviceConfig( 1503): requesting nits when no mapping exists.
02-22 01:18:09.951 E/DisplayDeviceConfig( 1503): requesting nits when no mapping exists.
02-22 01:18:09.951 I/am_wtf ( 1503): [0,1503,system_server,-1,DisplayDeviceConfig,requesting nits when no mapping exists.]
02-22 01:18:09.951 I/am_wtf ( 1503): [0,1503,system_server,-1,DisplayDeviceConfig,requesting nits when no mapping exists.]
02-22 01:18:09.968 E/DisplayDeviceConfig( 1503): requesting nits when no mapping exists.
02-22 01:18:09.968 E/DisplayDeviceConfig( 1503): requesting nits when no mapping exists.
02-22 01:18:09.968 I/am_wtf ( 1503): [0,1503,system_server,-1,DisplayDeviceConfig,requesting nits when no mapping exists.]
02-22 01:18:09.968 I/am_wtf ( 1503): [0,1503,system_server,-1,DisplayDeviceConfig,requesting nits when no mapping exists.]
02-22 01:18:09.969 I/wm_stop_activity( 1503): [0,229498384,com.android.launcher3/.uioverrides.QuickstepLauncher]
02-22 01:18:09.983 E/DisplayDeviceConfig( 1503): requesting nits when no mapping exists.
02-22 01:18:09.984 E/DisplayDeviceConfig( 1503): requesting nits when no mapping exists.
02-22 01:18:09.984 I/am_wtf ( 1503): [0,1503,system_server,-1,DisplayDeviceConfig,requesting nits when no mapping exists.]
02-22 01:18:09.984 I/am_wtf ( 1503): [0,1503,system_server,-1,DisplayDeviceConfig,requesting nits when no mapping exists.]
02-22 01:18:09.987 I/wm_on_stop_called( 2514): [229498384,com.android.launcher3.uioverrides.QuickstepLauncher,STOP_ACTIVITY_ITEM]
02-22 01:18:10.000 E/DisplayDeviceConfig( 1503): requesting nits when no mapping exists.
02-22 01:18:10.000 E/DisplayDeviceConfig( 1503): requesting nits when no mapping exists.
02-22 01:18:10.000 I/am_wtf ( 1503): [0,1503,system_server,-1,DisplayDeviceConfig,requesting nits when no mapping exists.]
02-22 01:18:10.001 I/am_wtf ( 1503): [0,1503,system_server,-1,DisplayDeviceConfig,requesting nits when no mapping exists.]
02-22 01:18:10.017 E/DisplayDeviceConfig( 1503): requesting nits when no mapping exists.
02-22 01:18:10.017 E/DisplayDeviceConfig( 1503): requesting nits when no mapping exists.
02-22 01:18:10.017 I/am_wtf ( 1503): [0,1503,system_server,-1,DisplayDeviceConfig,requesting nits when no mapping exists.]
02-22 01:18:10.017 I/am_wtf ( 1503): [0,1503,system_server,-1,DisplayDeviceConfig,requesting nits when no mapping exists.]
02-22 01:18:10.034 E/DisplayDeviceConfig( 1503): requesting nits when no mapping exists.
02-22 01:18:10.034 E/DisplayDeviceConfig( 1503): requesting nits when no mapping exists.
02-22 01:18:10.034 I/am_wtf ( 1503): [0,1503,system_server,-1,DisplayDeviceConfig,requesting nits when no mapping exists.]
02-22 01:18:10.034 I/am_wtf ( 1503): [0,1503,system_server,-1,DisplayDeviceConfig,requesting nits when no mapping exists.]
02-22 01:18:10.051 E/DisplayDeviceConfig( 1503): requesting nits when no mapping exists.
02-22 01:18:10.051 E/DisplayDeviceConfig( 1503): requesting nits when no mapping exists.
02-22 01:18:10.051 I/am_wtf ( 1503): [0,1503,system_server,-1,DisplayDeviceConfig,requesting nits when no mapping exists.]
02-22 01:18:10.051 I/am_wtf ( 1503): [0,1503,system_server,-1,DisplayDeviceConfig,requesting nits when no mapping exists.]
02-22 01:18:10.067 E/DisplayDeviceConfig( 1503): requesting nits when no mapping exists.
02-22 01:18:10.067 E/DisplayDeviceConfig( 1503): requesting nits when no mapping exists.
02-22 01:18:10.067 I/am_wtf ( 1503): [0,1503,system_server,-1,DisplayDeviceConfig,requesting nits when no mapping exists.]
02-22 01:18:10.068 I/am_wtf ( 1503): [0,1503,system_server,-1,DisplayDeviceConfig,requesting nits when no mapping exists.]
02-22 01:18:10.084 E/DisplayDeviceConfig( 1503): requesting nits when no mapping exists.
02-22 01:18:10.084 E/DisplayDeviceConfig( 1503): requesting nits when no mapping exists.
02-22 01:18:10.084 I/am_wtf ( 1503): [0,1503,system_server,-1,DisplayDeviceConfig,requesting nits when no mapping exists.]
02-22 01:18:10.084 I/am_wtf ( 1503): [0,1503,system_server,-1,DisplayDeviceConfig,requesting nits when no mapping exists.]
02-22 01:18:10.101 E/DisplayDeviceConfig( 1503): requesting nits when no mapping exists.
02-22 01:18:10.101 E/DisplayDeviceConfig( 1503): requesting nits when no mapping exists.
02-22 01:18:10.101 I/am_wtf ( 1503): [0,1503,system_server,-1,DisplayDeviceConfig,requesting nits when no mapping exists.]
02-22 01:18:10.101 I/am_wtf ( 1503): [0,1503,system_server,-1,DisplayDeviceConfig,requesting nits when no mapping exists.]
02-22 01:18:10.117 E/DisplayDeviceConfig( 1503): requesting nits when no mapping exists.
02-22 01:18:10.117 E/DisplayDeviceConfig( 1503): requesting nits when no mapping exists.
02-22 01:18:10.117 I/am_wtf ( 1503): [0,1503,system_server,-1,DisplayDeviceConfig,requesting nits when no mapping exists.]
02-22 01:18:10.118 I/am_wtf ( 1503): [0,1503,system_server,-1,DisplayDeviceConfig,requesting nits when no mapping exists.]
02-22 01:18:10.134 E/DisplayDeviceConfig( 1503): requesting nits when no mapping exists.
02-22 01:18:10.134 E/DisplayDeviceConfig( 1503): requesting nits when no mapping exists.
02-22 01:18:10.134 I/am_wtf ( 1503): [0,1503,system_server,-1,DisplayDeviceConfig,requesting nits when no mapping exists.]
02-22 01:18:10.134 I/am_wtf ( 1503): [0,1503,system_server,-1,DisplayDeviceConfig,requesting nits when no mapping exists.]
02-22 01:18:10.151 E/DisplayDeviceConfig( 1503): requesting nits when no mapping exists.
02-22 01:18:10.151 E/DisplayDeviceConfig( 1503): requesting nits when no mapping exists.
02-22 01:18:10.151 I/am_wtf ( 1503): [0,1503,system_server,-1,DisplayDeviceConfig,requesting nits when no mapping exists.]
02-22 01:18:10.152 I/am_wtf ( 1503): [0,1503,system_server,-1,DisplayDeviceConfig,requesting nits when no mapping exists.]
02-22 01:18:10.167 E/DisplayDeviceConfig( 1503): requesting nits when no mapping exists.
02-22 01:18:10.168 E/DisplayDeviceConfig( 1503): requesting nits when no mapping exists.
02-22 01:18:10.168 I/am_wtf ( 1503): [0,1503,system_server,-1,DisplayDeviceConfig,requesting nits when no mapping exists.]
02-22 01:18:10.169 I/am_wtf ( 1503): [0,1503,system_server,-1,DisplayDeviceConfig,requesting nits when no mapping exists.]
02-22 01:18:10.185 E/DisplayDeviceConfig( 1503): requesting nits when no mapping exists.
02-22 01:18:10.185 E/DisplayDeviceConfig( 1503): requesting nits when no mapping exists.
02-22 01:18:10.185 I/am_wtf ( 1503): [0,1503,system_server,-1,DisplayDeviceConfig,requesting nits when no mapping exists.]
02-22 01:18:10.185 I/am_wtf ( 1503): [0,1503,system_server,-1,DisplayDeviceConfig,requesting nits when no mapping exists.]
02-22 01:18:10.201 E/DisplayDeviceConfig( 1503): requesting nits when no mapping exists.
02-22 01:18:10.201 E/DisplayDeviceConfig( 1503): requesting nits when no mapping exists.
02-22 01:18:10.201 I/am_wtf ( 1503): [0,1503,system_server,-1,DisplayDeviceConfig,requesting nits when no mapping exists.]
02-22 01:18:10.201 I/am_wtf ( 1503): [0,1503,system_server,-1,DisplayDeviceConfig,requesting nits when no mapping exists.]
02-22 01:18:10.218 E/DisplayDeviceConfig( 1503): requesting nits when no mapping exists.
02-22 01:18:10.218 E/DisplayDeviceConfig( 1503): requesting nits when no mapping exists.
02-22 01:18:10.218 I/am_wtf ( 1503): [0,1503,system_server,-1,DisplayDeviceConfig,requesting nits when no mapping exists.]
02-22 01:18:10.218 I/am_wtf ( 1503): [0,1503,system_server,-1,DisplayDeviceConfig,requesting nits when no mapping exists.]
02-22 01:18:10.234 E/DisplayDeviceConfig( 1503): requesting nits when no mapping exists.
02-22 01:18:10.234 E/DisplayDeviceConfig( 1503): requesting nits when no mapping exists.
02-22 01:18:10.234 I/am_wtf ( 1503): [0,1503,system_server,-1,DisplayDeviceConfig,requesting nits when no mapping exists.]
02-22 01:18:10.235 I/am_wtf ( 1503): [0,1503,system_server,-1,DisplayDeviceConfig,requesting nits when no mapping exists.]
02-22 01:18:10.251 E/DisplayDeviceConfig( 1503): requesting nits when no mapping exists.
02-22 01:18:10.251 I/am_wtf ( 1503): [0,1503,system_server,-1,DisplayDeviceConfig,requesting nits when no mapping exists.]
02-22 01:18:10.251 E/DisplayDeviceConfig( 1503): requesting nits when no mapping exists.
02-22 01:18:10.251 I/am_wtf ( 1503): [0,1503,system_server,-1,DisplayDeviceConfig,requesting nits when no mapping exists.]
02-22 01:18:10.268 E/DisplayDeviceConfig( 1503): requesting nits when no mapping exists.
02-22 01:18:10.268 E/DisplayDeviceConfig( 1503): requesting nits when no mapping exists.
02-22 01:18:10.268 I/am_wtf ( 1503): [0,1503,system_server,-1,DisplayDeviceConfig,requesting nits when no mapping exists.]
02-22 01:18:10.268 I/am_wtf ( 1503): [0,1503,system_server,-1,DisplayDeviceConfig,requesting nits when no mapping exists.]
02-22 01:18:10.285 E/DisplayDeviceConfig( 1503): requesting nits when no mapping exists.
