01-01 12:00:54.282 W/android.permission.PermissionManager( 1503): Missing ActivityManager; assuming 1000 holds android.permission.SET_PREFERRED_APPLICATIONS
01-01 12:00:54.282 W/android.permission.PermissionManager( 1503): Missing ActivityManager; assuming 1000 holds android.permission.SET_PREFERRED_APPLICATIONS
01-01 12:00:54.282 W/android.permission.PermissionManager( 1503): Missing ActivityManager; assuming 1000 holds android.permission.SET_PREFERRED_APPLICATIONS
01-01 12:00:54.282 W/android.permission.PermissionManager( 1503): Missing ActivityManager; assuming 1000 holds android.permission.SET_PREFERRED_APPLICATIONS
01-01 12:00:54.283 W/android.permission.PermissionManager( 1503): Missing ActivityManager; assuming 1000 holds android.permission.SET_PREFERRED_APPLICATIONS
01-01 12:00:54.283 W/android.permission.PermissionManager( 1503): Missing ActivityManager; assuming 1000 holds android.permission.SET_PREFERRED_APPLICATIONS
01-01 12:00:54.283 W/android.permission.PermissionManager( 1503): Missing ActivityManager; assuming 1000 holds android.permission.SET_PREFERRED_APPLICATIONS
01-01 12:00:54.283 W/android.permission.PermissionManager( 1503): Missing ActivityManager; assuming 1000 holds android.permission.SET_PREFERRED_APPLICATIONS
01-01 12:00:54.283 W/android.permission.PermissionManager( 1503): Missing ActivityManager; assuming 1000 holds android.permission.SET_PREFERRED_APPLICATIONS
01-01 12:00:54.283 W/android.permission.PermissionManager( 1503): Missing ActivityManager; assuming 1000 holds android.permission.SET_PREFERRED_APPLICATIONS
01-01 12:00:54.283 W/android.permission.PermissionManager( 1503): Missing ActivityManager; assuming 1000 holds android.permission.SET_PREFERRED_APPLICATIONS
01-01 12:00:54.283 W/android.permission.PermissionManager( 1503): Missing ActivityManager; assuming 1000 holds android.permission.SET_PREFERRED_APPLICATIONS
01-01 12:00:54.283 W/android.permission.PermissionManager( 1503): Missing ActivityManager; assuming 1000 holds android.permission.SET_PREFERRED_APPLICATIONS
01-01 12:00:54.283 W/android.permission.PermissionManager( 1503): Missing ActivityManager; assuming 1000 holds android.permission.SET_PREFERRED_APPLICATIONS
01-01 12:00:54.283 W/android.permission.PermissionManager( 1503): Missing ActivityManager; assuming 1000 holds android.permission.SET_PREFERRED_APPLICATIONS
01-01 12:00:54.283 W/android.permission.PermissionManager( 1503): Missing ActivityManager; assuming 1000 holds android.permission.SET_PREFERRED_APPLICATIONS
01-01 12:00:54.283 W/android.permission.PermissionManager( 1503): Missing ActivityManager; assuming 1000 holds android.permission.SET_PREFERRED_APPLICATIONS
01-01 12:00:54.284 W/android.permission.PermissionManager( 1503): Missing ActivityManager; assuming 1000 holds android.permission.SET_PREFERRED_APPLICATIONS
01-01 12:00:54.284 W/android.permission.PermissionManager( 1503): Missing ActivityManager; assuming 1000 holds android.permission.SET_PREFERRED_APPLICATIONS
01-01 12:00:54.284 W/android.permission.PermissionManager( 1503): Missing ActivityManager; assuming 1000 holds android.permission.SET_PREFERRED_APPLICATIONS
01-01 12:00:54.284 W/android.permission.PermissionManager( 1503): Missing ActivityManager; assuming 1000 holds android.permission.SET_PREFERRED_APPLICATIONS
01-01 12:00:54.284 W/android.permission.PermissionManager( 1503): Missing ActivityManager; assuming 1000 holds android.permission.SET_PREFERRED_APPLICATIONS
01-01 12:00:54.284 W/android.permission.PermissionManager( 1503): Missing ActivityManager; assuming 1000 holds android.permission.SET_PREFERRED_APPLICATIONS
01-01 12:00:54.284 W/android.permission.PermissionManager( 1503): Missing ActivityManager; assuming 1000 holds android.permission.SET_PREFERRED_APPLICATIONS
01-01 12:00:54.284 W/android.permission.PermissionManager( 1503): Missing ActivityManager; assuming 1000 holds android.permission.SET_PREFERRED_APPLICATIONS
01-01 12:00:54.284 W/android.permission.PermissionManager( 1503): Missing ActivityManager; assuming 1000 holds android.permission.SET_PREFERRED_APPLICATIONS
01-01 12:00:54.284 W/android.permission.PermissionManager( 1503): Missing ActivityManager; assuming 1000 holds android.permission.SET_PREFERRED_APPLICATIONS
01-01 12:00:54.284 W/android.permission.PermissionManager( 1503): Missing ActivityManager; assuming 1000 holds android.permission.SET_PREFERRED_APPLICATIONS
01-01 12:00:54.284 W/android.permission.PermissionManager( 1503): Missing ActivityManager; assuming 1000 holds android.permission.SET_PREFERRED_APPLICATIONS
01-01 12:00:54.284 W/android.permission.PermissionManager( 1503): Missing ActivityManager; assuming 1000 holds android.permission.SET_PREFERRED_APPLICATIONS
01-01 12:00:54.284 W/android.permission.PermissionManager( 1503): Missing ActivityManager; assuming 1000 holds android.permission.SET_PREFERRED_APPLICATIONS
01-01 12:00:54.285 W/android.permission.PermissionManager( 1503): Missing ActivityManager; assuming 1000 holds android.permission.SET_PREFERRED_APPLICATIONS
01-01 12:00:54.285 W/android.permission.PermissionManager( 1503): Missing ActivityManager; assuming 1000 holds android.permission.SET_PREFERRED_APPLICATIONS
01-01 12:00:54.285 W/android.permission.PermissionManager( 1503): Missing ActivityManager; assuming 1000 holds android.permission.SET_PREFERRED_APPLICATIONS
01-01 12:00:54.285 W/android.permission.PermissionManager( 1503): Missing ActivityManager; assuming 1000 holds android.permission.SET_PREFERRED_APPLICATIONS
01-01 12:00:54.285 W/android.permission.PermissionManager( 1503): Missing ActivityManager; assuming 1000 holds android.permission.SET_PREFERRED_APPLICATIONS
01-01 12:00:54.285 W/android.permission.PermissionManager( 1503): Missing ActivityManager; assuming 1000 holds android.permission.SET_PREFERRED_APPLICATIONS
01-01 12:00:54.285 W/android.permission.PermissionManager( 1503): Missing ActivityManager; assuming 1000 holds android.permission.SET_PREFERRED_APPLICATIONS
01-01 12:00:54.285 W/android.permission.PermissionManager( 1503): Missing ActivityManager; assuming 1000 holds android.permission.SET_PREFERRED_APPLICATIONS
01-01 12:00:54.293 W/PackageSettings( 1503): Missing permission state for package: android.frameworkres.overlay
01-01 12:00:54.293 W/PackageSettings( 1503): Missing permission state for package: com.android.cts.priv.ctsshim
01-01 12:00:54.293 W/PackageSettings( 1503): Missing permission state for package: com.thundercomm.gamemode.provider
01-01 12:00:54.293 W/PackageSettings( 1503): Missing permission state for package: com.android.internal.systemui.navbar.gestural_wide_back
01-01 12:00:54.293 W/PackageSettings( 1503): Missing permission state for package: com.qualcomm.qti.gpudrivers.kona.api30
01-01 12:00:54.293 W/PackageSettings( 1503): Missing permission state for package: com.android.htmlviewer
01-01 12:00:54.293 W/PackageSettings( 1503): Missing permission state for package: com.android.internal.systemui.onehanded.gestural
01-01 12:00:54.293 W/PackageSettings( 1503): Missing permission state for package: android.qvaoverlay.common
01-01 12:00:54.293 W/PackageSettings( 1503): Missing permission state for package: android.overlay.common
01-01 12:00:54.293 W/PackageSettings( 1503): Missing permission state for package: com.android.connectivity.resources
01-01 12:00:54.293 W/PackageSettings( 1503): Missing permission state for package: com.android.modulemetadata
01-01 12:00:54.293 W/PackageSettings( 1503): Missing permission state for package: android.overlay.target
01-01 12:00:54.293 W/PackageSettings( 1503): Missing permission state for package: com.android.internal.systemui.navbar.gestural_extra_wide_back
01-01 12:00:54.293 W/PackageSettings( 1503): Missing permission state for package: com.android.wifi.resources.overlay.common
01-01 12:00:54.293 W/PackageSettings( 1503): Missing permission state for package: com.android.dreams.basic
01-01 12:00:54.293 W/PackageSettings( 1503): Missing permission state for package: com.android.settings.overlay.common
01-01 12:00:54.293 W/PackageSettings( 1503): Missing permission state for package: android.ext.shared
01-01 12:00:54.293 W/PackageSettings( 1503): Missing permission state for package: com.android.wifi.resources.overlay.target
01-01 12:00:54.293 W/PackageSettings( 1503): Missing permission state for package: com.android.wifi.resources
01-01 12:00:54.293 W/PackageSettings( 1503): Missing permission state for package: com.android.systemui.overlay.common
01-01 12:00:54.293 W/PackageSettings( 1503): Missing permission state for package: com.android.cameraextensions
01-01 12:00:54.293 W/PackageSettings( 1503): Missing permission state for package: com.android.theme.font.notoserifsource
01-01 12:00:54.293 W/PackageSettings( 1503): Missing permission state for package: com.android.internal.display.cutout.emulation.waterfall
01-01 12:00:54.293 W/PackageSettings( 1503): Missing permission state for package: com.android.providers.settings.overlay
01-01 12:00:54.293 W/PackageSettings( 1503): Missing permission state for package: com.android.bookmarkprovider
01-01 12:00:54.293 W/PackageSettings( 1503): Missing permission state for package: com.android.cts.ctsshim
01-01 12:00:54.293 W/PackageSettings( 1503): Missing permission state for package: com.qualcomm.qti.xrcb
01-01 12:00:54.293 W/PackageSettings( 1503): Missing permission state for package: com.android.internal.systemui.navbar.gestural
01-01 12:00:54.293 W/PackageSettings( 1503): Missing permission state for package: com.android.internal.systemui.navbar.gestural_narrow_back
01-01 12:00:54.293 W/PackageSettings( 1503): Missing permission state for package: com.android.cellbroadcastreceiver.overlay.common
01-01 12:00:54.293 W/PackageSettings( 1503): Missing permission state for shared user: android.uid.log
01-01 12:00:54.293 W/PackageSettings( 1503): Missing permission state for shared user: android.uid.uwb
01-01 12:00:54.307 I/boot_progress_pms_system_scan_start( 1503): 8046
01-01 12:00:54.308 D/PackageManager( 1503): Keeping known cache 3b23b8a23c55d14680f70f25e36c69e3508d8d32
01-01 12:00:54.309 W/android.permission.PermissionManager( 1503): Missing ActivityManager; assuming 1000 holds android.permission.WATCH_APPOPS
01-01 12:00:54.309 W/android.permission.PermissionManager( 1503): Missing ActivityManager; assuming 1000 holds android.permission.WATCH_APPOPS
01-01 12:00:54.314 D/CompatibilityChangeReporter( 1503): Compat change id reported: 143539591; UID -1; state: ENABLED
01-01 12:00:54.327 D/CompatibilityChangeReporter( 1503): Compat change id reported: 143539591; UID -1; state: DISABLED
01-01 12:00:54.328 D/CompatibilityChangeReporter( 1503): Compat change id reported: 168782947; UID -1; state: ENABLED
01-01 12:00:54.329 W/PackageManager( 1503): Failed to parse /system/framework/oat: Missing base APK in /system/framework/oat
01-01 12:00:54.329 W/PackageManager( 1503): Failed to parse /system/framework/arm: Missing base APK in /system/framework/arm
01-01 12:00:54.329 W/PackageManager( 1503): Failed to parse /system/framework/arm64: Missing base APK in /system/framework/arm64
01-01 12:00:54.377 D/CompatibilityChangeReporter( 1503): Compat change id reported: 150232615; UID -1; state: DISABLED
01-01 12:00:54.378 D/CompatibilityChangeReporter( 1503): Compat change id reported: 168782947; UID -1; state: DISABLED
01-01 12:00:54.384 W/PackageParsing( 1503): No actions in intent-filter at /system/priv-app/baidu_ime-mainLine-release/baidu_ime-mainLine-release.apk Binary XML file line #1529
01-01 12:00:54.401 W/PackageParsing( 1503): No actions in intent-filter at /system/priv-app/BuiltInPrintService/BuiltInPrintService.apk Binary XML file line #53
01-01 12:00:54.419 W/PackageParsing( 1503): Ignoring duplicate uses-permissions/uses-permissions-sdk-m: android.permission.ACCESS_WIFI_STATE in package: com.microsoft.emmx at: Binary XML file line #105
01-01 12:00:54.442 W/PackageParsing( 1503): No actions in intent-filter at /system/app/Bluetooth/Bluetooth.apk Binary XML file line #186
01-01 12:00:54.442 W/PackageParsing( 1503): No actions in intent-filter at /system/app/Bluetooth/Bluetooth.apk Binary XML file line #210
01-01 12:00:54.442 W/PackageParsing( 1503): No actions in intent-filter at /system/app/Bluetooth/Bluetooth.apk Binary XML file line #284
01-01 12:00:54.463 I/auditd ( 993): type=1400 audit(0.0:216): avc: denied { read write } for comm="sensors.qti" name="diag" dev="tmpfs" ino=1148 scontext=u:r:vendor_sensors_qti:s0 tcontext=u:object_r:vendor_diag_device:s0 tclass=chr_file permissive=0
01-01 12:00:54.475 W/PackageManager( 1503): Failed to parse /vendor/app/CneApp: Missing base APK in /vendor/app/CneApp/lib/arm64
01-01 12:00:54.560 W/PackageParsing( 1503): Ignoring duplicate uses-permissions/uses-permissions-sdk-m: android.permission.CONFIGURE_WIFI_DISPLAY in package: com.android.systemui at: Binary XML file line #160
01-01 12:00:54.663 I/auditd ( 993): type=1400 audit(0.0:217): avc: denied { read write } for comm="sensors.qti" name="diag" dev="tmpfs" ino=1148 scontext=u:r:vendor_sensors_qti:s0 tcontext=u:object_r:vendor_diag_device:s0 tclass=chr_file permissive=0
01-01 12:00:54.698 I/PackageManager( 1503): /system_ext/priv-app/Settings changed; collecting certs
01-01 12:00:54.728 W/PackageParsing( 1503): No actions in intent-filter at /system_ext/app/SnapdragonMusic/SnapdragonMusic.apk Binary XML file line #83
01-01 12:00:54.729 W/PackageParsing( 1503): No actions in intent-filter at /system_ext/app/SnapdragonMusic/SnapdragonMusic.apk Binary XML file line #206
01-01 12:00:54.736 W/PackageParsing( 1503): Ignoring duplicate uses-permissions/uses-permissions-sdk-m: android.permission.INTERACT_ACROSS_USERS in package: com.thundercomm.microsettings at: Binary XML file line #13
01-01 12:00:54.736 W/PackageParsing( 1503): Ignoring duplicate uses-permissions/uses-permissions-sdk-m: android.permission.SET_TIME_ZONE in package: com.thundercomm.microsettings at: Binary XML file line #31
01-01 12:00:54.736 W/PackageParsing( 1503): Ignoring duplicate uses-permissions/uses-permissions-sdk-m: android.permission.WRITE_EXTERNAL_STORAGE in package: com.thundercomm.microsettings at: Binary XML file line #37
01-01 12:00:54.739 E/ ( 0): msm_qti_pp_get_rms_value_control, back not active to query rms be_idx:3
01-01 12:00:54.748 I/core_get_license_status( 0): cmdrsp_license_result.result = 0x15 for module 0x131ff
01-01 12:00:54.749 E/msm_ext_disp_update_audio_ops( 0): Display not found (EXT_DISPLAY_TYPE_DP) ctld (0) stream (0)
01-01 12:00:54.749 E/msm_ext_disp_update_audio_ops( 0): Display not found (EXT_DISPLAY_TYPE_HDMI) ctld (0) stream (0)
01-01 12:00:54.749 E/msm_ext_disp_update_audio_ops( 0): Display not found (EXT_DISPLAY_TYPE_DP) ctld (0) stream (0)
01-01 12:00:54.749 E/msm_ext_disp_update_audio_ops( 0): Display not found (EXT_DISPLAY_TYPE_DP) ctld (0) stream (0)
01-01 12:00:54.749 E/msm_ext_disp_update_audio_ops( 0): Display not found (EXT_DISPLAY_TYPE_DP) ctld (0) stream (0)
01-01 12:00:54.749 E/msm-ext-disp-audio-codec-rx soc( 0): qcom,msm-ext-disp:qcom,msm-ext-disp-audio-codec-rx: msm_ext_disp_audio_type_get: get_audio_edid_blk() or get_intf_id is NULL
01-01 12:00:54.749 E/msm_ext_disp_update_audio_ops( 0): Display not found (EXT_DISPLAY_TYPE_DP) ctld (0) stream (0)
01-01 12:00:54.749 E/msm-ext-disp-audio-codec-rx soc( 0): qcom,msm-ext-disp:qcom,msm-ext-disp-audio-codec-rx: msm_ext_disp_audio_type_get: get_audio_edid_blk() or get_intf_id is NULL
01-01 12:00:54.750 E/msm_ext_disp_update_audio_ops( 0): Display not found (EXT_DISPLAY_TYPE_DP) ctld (0) stream (0)
01-01 12:00:54.750 E/msm-ext-disp-audio-codec-rx soc( 0): qcom,msm-ext-disp:qcom,msm-ext-disp-audio-codec-rx: msm_ext_disp_audio_type_get: get_audio_edid_blk() or get_intf_id is NULL
01-01 12:00:54.751 E/msm-ext-disp-audio-codec-rx soc( 0): qcom,msm-ext-disp:qcom,msm-ext-disp-audio-codec-rx: msm_ext_disp_audio_device_get: invalid dai id: 4
01-01 12:00:54.775 W/PackageManager( 1503): Skipping provider name com.android.permissioncontroller (in package com.android.permissioncontroller): name already used by com.android.settings
01-01 12:00:54.775 W/PackageManager( 1503): Skipping provider name com.android.permissioncontroller.role (in package com.android.permissioncontroller): name already used by com.android.settings
01-01 12:00:54.791 I/PackageManager( 1503): Finished scanning system apps. Time: 484 ms, packageCount: 137 , timePerPackage: 3 , cached: 0
01-01 12:00:54.791 I/boot_progress_pms_data_scan_start( 1503): 8530
01-01 12:00:54.792 I/PackageManager( 1503): Finished scanning non-system apps. Time: 0 ms, packageCount: 0 , timePerPackage: 0 , cached: 0
01-01 12:00:54.791 E/ ( 0): msm_pcm_volume_ctl_get substream not found
01-01 12:00:54.793 E/PackageManager( 1503): updateAllSharedLibrariesLPw failed: Package com.qualcomm.embms requires unavailable shared library com.qualcomm.qcrilhook; failing!
01-01 12:00:54.793 E/PackageManager( 1503): updateAllSharedLibrariesLPw failed: Package com.android.systemui requires unavailable shared library com.qti.extphone.extphonelib; failing!
01-01 12:00:54.793 E/PackageManager( 1503): updateAllSharedLibrariesLPw failed: Package com.android.settings requires unavailable shared library com.qti.extphone.extphonelib; failing!
01-01 12:00:54.793 E/PackageManager( 1503): updateAllSharedLibrariesLPw failed: Package com.qualcomm.qti.devicestatisticsservice requires unavailable shared library qti-telephony-hidl-wrapper-prd; failing!
01-01 12:00:54.793 E/PackageManager( 1503): updateAllSharedLibrariesLPw failed: Package com.qti.snapdragon.qdcm_ff requires unavailable shared library vendor.display.color.V1_0.IDisplayColor; failing!
01-01 12:00:54.794 E/PackageManager( 1503): updateAllSharedLibrariesLPw failed: Package com.qti.pasrservice requires unavailable shared library vendor.qti.power.pasrmanager.V1_0.IPasrManager; failing!
01-01 12:00:54.794 E/PackageManager( 1503): updateAllSharedLibrariesLPw failed: Package com.qualcomm.wfd.service requires unavailable shared library .WfdService; failing!
01-01 12:00:54.796 I/boot_progress_pms_scan_end( 1503): 8535
01-01 12:00:54.796 I/PackageManager( 1503): Time to scan packages: 0.489 seconds
01-01 12:00:54.797 I/PackageManager( 1503): Permission ownership changed. Updating all permissions.
01-01 12:00:54.806 V/PackageManager( 1503): reconcileAppsData for null u0 0x1 migrateAppData=true
01-01 12:00:54.848 V/PackageManager( 1503): reconcileAppsData finished 27 packages
01-01 12:00:54.849 I/PackageManagerTiming( 1503): write settings
01-01 12:00:54.849 I/SystemServerTimingAsync( 1503): InitThreadPoolExec:prepareAppData
01-01 12:00:54.863 I/auditd ( 993): type=1400 audit(0.0:218): avc: denied { read write } for comm="sensors.qti" name="diag" dev="tmpfs" ino=1148 scontext=u:r:vendor_sensors_qti:s0 tcontext=u:object_r:vendor_diag_device:s0 tclass=chr_file permissive=0
01-01 12:00:54.894 I/commit_sys_config_file( 1503): [package-user-0,2]
01-01 12:00:54.894 I/commit_sys_config_file( 1503): [package,46]
01-01 12:00:54.894 I/boot_progress_pms_ready( 1503): 8633
01-01 12:00:54.895 W/PackageManager( 1503): Intent filter verifier not found
01-01 12:00:54.895 W/PackageManager( 1503): Domain verification agent not found
01-01 12:00:54.904 I/PackageManagerTiming( 1503): GC
01-01 12:00:54.905 I/PackageManager( 1503): Fix for b/169414761 is applied
01-01 12:00:54.905 V/UserManagerService( 1503): Checking that all system packages are whitelisted.
01-01 12:00:54.909 W/UserManagerService( 1503): checkWhitelistedSystemPackages(mode=ENFORCE|IMPLICIT_WHITELIST|IMPLICIT_WHITELIST_SYSTEM) has 68 warnings:
01-01 12:00:54.910 W/UserManagerService( 1503): com.android.internal.display.cutout.emulation.corner is allowlisted but not present.
01-01 12:00:54.910 W/UserManagerService( 1503): com.android.internal.display.cutout.emulation.double is allowlisted but not present.
01-01 12:00:54.910 W/UserManagerService( 1503): com.android.theme.color.amethyst is allowlisted but not present.
01-01 12:00:54.910 W/UserManagerService( 1503): com.android.theme.icon.pebble is allowlisted but not present.
01-01 12:00:54.910 W/UserManagerService( 1503): com.android.theme.color.sand is allowlisted but not present.
01-01 12:00:54.910 W/UserManagerService( 1503): com.android.theme.icon.vessel is allowlisted but not present.
01-01 12:00:54.910 W/UserManagerService( 1503): com.android.theme.color.cinnamon is allowlisted but not present.
01-01 12:00:54.910 W/UserManagerService( 1503): com.android.theme.icon_pack.victor.settings is allowlisted but not present.
01-01 12:00:54.910 W/UserManagerService( 1503): com.android.theme.icon_pack.rounded.systemui is allowlisted but not present.
01-01 12:00:54.910 W/UserManagerService( 1503): com.android.theme.icon.taperedrect is allowlisted but not present.
01-01 12:00:54.910 W/UserManagerService( 1503): com.android.theme.icon_pack.rounded.android is allowlisted but not present.
01-01 12:00:54.910 W/UserManagerService( 1503): com.qualcomm.qti.euiccresource is allowlisted but not present.
01-01 12:00:54.910 W/UserManagerService( 1503): com.qualcomm.qti.telephonyservice is allowlisted but not present.
01-01 12:00:54.910 W/UserManagerService( 1503): com.android.theme.icon_pack.victor.systemui is allowlisted but not present.
01-01 12:00:54.910 W/UserManagerService( 1503): com.android.theme.icon_pack.circular.themepicker is allowlisted but not present.
01-01 12:00:54.910 W/UserManagerService( 1503): com.android.theme.color.tangerine is allowlisted but not present.
01-01 12:00:54.910 W/UserManagerService( 1503): com.android.theme.color.aquamarine is allowlisted but not present.
01-01 12:00:54.910 W/UserManagerService( 1503): com.android.internal.display.cutout.emulation.hole is allowlisted but not present.
01-01 12:00:54.910 W/UserManagerService( 1503): com.android.internal.display.cutout.emulation.tall is allowlisted but not present.
01-01 12:00:54.910 W/UserManagerService( 1503): com.android.theme.color.black is allowlisted but not present.
01-01 12:00:54.910 W/UserManagerService( 1503): com.android.theme.color.green is allowlisted but not present.
01-01 12:00:54.910 W/UserManagerService( 1503): com.android.theme.color.ocean is allowlisted but not present.
01-01 12:00:54.910 W/UserManagerService( 1503): com.android.theme.color.space is allowlisted but not present.
01-01 12:00:54.910 W/UserManagerService( 1503): com.android.internal.systemui.navbar.threebutton is allowlisted but not present.
01-01 12:00:54.910 W/UserManagerService( 1503): com.qti.qualcomm.datastatusnotification is allowlisted but not present.
01-01 12:00:54.910 W/UserManagerService( 1503): com.qualcomm.qti.callfeaturessetting is allowlisted but not present.
01-01 12:00:54.910 W/UserManagerService( 1503): com.android.theme.icon_pack.rounded.launcher is allowlisted but not present.
01-01 12:00:54.910 W/UserManagerService( 1503): com.qti.qualcomm.deviceinfo is allowlisted but not present.
01-01 12:00:54.910 W/UserManagerService( 1503): com.android.theme.icon_pack.kai.settings is allowlisted but not present.
01-01 12:00:54.910 W/UserManagerService( 1503): com.android.internal.systemui.navbar.twobutton is allowlisted but not present.
01-01 12:00:54.910 W/UserManagerService( 1503): org.codeaurora.ims is allowlisted but not present.
01-01 12:00:54.910 W/UserManagerService( 1503): com.android.theme.icon_pack.sam.settings is allowlisted but not present.
01-01 12:00:54.910 W/UserManagerService( 1503): com.android.theme.icon_pack.kai.themepicker is allowlisted but not present.
01-01 12:00:54.910 W/UserManagerService( 1503): com.qualcomm.qcrilmsgtunnel is allowlisted but not present.
01-01 12:00:54.910 W/UserManagerService( 1503): com.android.theme.icon_pack.victor.launcher is allowlisted but not present.
01-01 12:00:54.910 W/UserManagerService( 1503): com.android.theme.icon_pack.filled.settings is allowlisted but not present.
01-01 12:00:54.910 W/UserManagerService( 1503): com.android.theme.icon_pack.kai.systemui is allowlisted but not present.
01-01 12:00:54.910 W/UserManagerService( 1503): com.android.theme.icon_pack.circular.settings is allowlisted but not present.
01-01 12:00:54.910 W/UserManagerService( 1503): com.qti.xdivert is allowlisted but not present.
01-01 12:00:54.910 W/UserManagerService( 1503): com.android.theme.icon_pack.sam.systemui is allowlisted but not present.
01-01 12:00:54.910 W/UserManagerService( 1503): com.android.theme.icon.teardrop is allowlisted but not present.
01-01 12:00:54.910 W/UserManagerService( 1503): com.android.theme.icon_pack.rounded.themepicker is allowlisted but not present.
01-01 12:00:54.910 W/UserManagerService( 1503): com.android.theme.icon_pack.filled.systemui is allowlisted but not present.
01-01 12:00:54.910 W/UserManagerService( 1503): com.qualcomm.qti.imsiprivacy.tests is allowlisted but not present.
01-01 12:00:54.910 W/UserManagerService( 1503): com.android.theme.icon_pack.sam.android is allowlisted but not present.
01-01 12:00:54.910 W/UserManagerService( 1503): com.android.theme.icon_pack.filled.android is allowlisted but not present.
01-01 12:00:54.910 W/UserManagerService( 1503): com.android.theme.icon_pack.circular.systemui is allowlisted but not present.
01-01 12:00:54.910 W/UserManagerService( 1503): com.android.theme.icon_pack.kai.android is allowlisted but not present.
01-01 12:00:54.910 W/UserManagerService( 1503): com.android.theme.icon_pack.kai.launcher is allowlisted but not present.
01-01 12:00:54.910 W/UserManagerService( 1503): com.qualcomm.qti.sam.service is allowlisted but not present.
01-01 12:00:54.910 W/UserManagerService( 1503): com.android.theme.icon_pack.sam.launcher is allowlisted but not present.
01-01 12:00:54.910 W/UserManagerService( 1503): com.android.theme.icon.squircle is allowlisted but not present.
01-01 12:00:54.910 W/UserManagerService( 1503): com.android.theme.icon_pack.victor.android is allowlisted but not present.
01-01 12:00:54.910 W/UserManagerService( 1503): com.android.theme.color.palette is allowlisted but not present.
01-01 12:00:54.910 W/UserManagerService( 1503): com.android.theme.icon_pack.filled.launcher is allowlisted but not present.
01-01 12:00:54.910 W/UserManagerService( 1503): com.android.theme.color.carbon is allowlisted but not present.
01-01 12:00:54.910 W/UserManagerService( 1503): com.android.theme.icon_pack.circular.launcher is allowlisted but not present.
01-01 12:00:54.910 W/UserManagerService( 1503): com.android.theme.icon_pack.filled.themepicker is allowlisted but not present.
01-01 12:00:54.910 W/UserManagerService( 1503): com.android.theme.icon_pack.victor.themepicker is allowlisted but not present.
01-01 12:00:54.910 W/UserManagerService( 1503): com.android.theme.color.orchid is allowlisted but not present.
01-01 12:00:54.910 W/UserManagerService( 1503): com.android.theme.color.purple is allowlisted but not present.
01-01 12:00:54.910 W/UserManagerService( 1503): com.qualcomm.qti.confdialer is allowlisted but not present.
01-01 12:00:54.910 W/UserManagerService( 1503): com.android.theme.icon_pack.sam.themepicker is allowlisted but not present.
01-01 12:00:54.910 W/UserManagerService( 1503): com.qualcomm.atfwd is allowlisted but not present.
01-01 12:00:54.910 W/UserManagerService( 1503): com.android.theme.icon.roundedrect is allowlisted but not present.
01-01 12:00:54.910 W/UserManagerService( 1503): com.android.theme.icon_pack.rounded.settings is allowlisted but not present.
01-01 12:00:54.910 W/UserManagerService( 1503): org.codeaurora.qti.nrNetworkSettingApp is allowlisted but not present.
01-01 12:00:54.910 W/UserManagerService( 1503): com.android.theme.icon_pack.circular.android is allowlisted but not present.
01-01 12:00:54.911 I/Watchdog( 1503): Resuming HandlerChecker: main thread for reason: packagemanagermain. Pause count: 0
01-01 12:00:54.911 I/SystemServerDexLoadReporter( 1503): Configuring system server dex reporter
01-01 12:00:54.915 I/SystemServerTiming( 1503): StartOtaDexOptService
01-01 12:00:54.915 I/Watchdog( 1503): Pausing HandlerChecker: main thread for reason: moveab. Pause count: 1
01-01 12:00:54.916 D/OTADexopt( 1503): No upgrade, skipping A/B artifacts check.
01-01 12:00:54.916 I/Watchdog( 1503): Resuming HandlerChecker: main thread for reason: moveab. Pause count: 0
01-01 12:00:54.916 I/SystemServerTiming( 1503): StartUserManagerService
01-01 12:00:54.916 I/SystemServiceManager( 1503): Starting com.android.server.pm.UserManagerService$LifeCycle
01-01 12:00:54.916 I/SystemServerTiming( 1503): InitAttributerCache
01-01 12:00:54.916 I/SystemServerTiming( 1503): SetSystemProcess
01-01 12:00:54.919 I/am_uid_running( 1503): 1000
01-01 12:00:54.920 I/ActivityManager( 1503): Connection with lmkd established
01-01 12:00:54.920 I/am_uid_active( 1503): 1000
01-01 12:00:54.920 V/HistoricalRegistry( 1503): Interaction before persistence initialized
01-01 12:00:54.921 I/SystemServerTiming( 1503): InitWatchdog
01-01 12:00:54.922 I/SystemServerTiming( 1503): StartOverlayManagerService
01-01 12:00:54.936 I/storaged( 1194): storaged: Start
01-01 12:00:54.958 I/commit_sys_config_file( 1503): [overlays,2]
01-01 12:00:54.969 W/ActivityTaskManager( 1503): Skip updateConfiguration because mWindowManager isn't set
01-01 12:00:54.971 I/SystemServerTiming( 1503): StartSensorPrivacyService
01-01 12:00:54.974 I/SystemServerTiming( 1503): StartThunderBoostPerfService
01-01 12:00:54.974 I/SystemServerTiming( 1503): StartSensorService
01-01 12:00:54.974 I/SystemServiceManager( 1503): Starting com.android.server.sensors.SensorService
01-01 12:00:54.975 I/SystemServerTiming( 1503): startCoreServices
01-01 12:00:54.975 I/SystemServerTiming( 1503): StartSystemConfigService
01-01 12:00:54.975 I/SystemServiceManager( 1503): Starting com.android.server.SystemConfigService
01-01 12:00:54.975 I/SystemServerTimingAsync( 1503): InitThreadPoolExec:StartNativeSensorService
01-01 12:00:54.975 I/SystemServerTimingAsync( 1503): StartNativeSensorService
01-01 12:00:54.975 I/SystemServerTiming( 1503): StartBatteryService
01-01 12:00:54.975 I/SystemServiceManager( 1503): Starting com.android.server.BatteryService
01-01 12:00:54.977 I/battery_status( 1503): [1,1,0,0,]
01-01 12:00:54.978 W/healthd ( 0): battery none chg=
01-01 12:00:54.980 I/HealthServiceWrapper( 1503): health: HealthServiceWrapper listening to instance default
01-01 12:00:54.980 I/BatteryService( 1503): health: Waited 0ms and received the update.
01-01 12:00:54.980 I/SystemServerTiming( 1503): StartUsageService
01-01 12:00:54.980 I/SystemServiceManager( 1503): Starting com.android.server.usage.UsageStatsService
01-01 12:00:54.984 I/SystemServerTiming( 1503): StartWebViewUpdateService
01-01 12:00:54.984 I/SystemServiceManager( 1503): Starting com.android.server.webkit.WebViewUpdateService
01-01 12:00:54.983 I/auditd ( 1181): type=1400 audit(0.0:219): avc: denied { read } for comm="Binder:1181_2" name="persist" dev="tmpfs" ino=11444 scontext=u:r:installd:s0 tcontext=u:object_r:tmpfs:s0 tclass=lnk_file permissive=0
01-01 12:00:54.983 I/auditd ( 1181): type=1400 audit(0.0:220): avc: denied { read } for comm="Binder:1181_2" name="persist" dev="tmpfs" ino=11444 scontext=u:r:installd:s0 tcontext=u:object_r:tmpfs:s0 tclass=lnk_file permissive=0
01-01 12:00:54.985 I/SystemServerTiming( 1503): StartCachedDeviceStateService
01-01 12:00:54.985 I/SystemServiceManager( 1503): Starting com.android.server.CachedDeviceStateService
01-01 12:00:54.985 I/SystemServerTiming( 1503): StartBinderCallsStatsService
01-01 12:00:54.985 I/SystemServiceManager( 1503): Starting com.android.server.BinderCallsStatsService$LifeCycle
01-01 12:00:54.986 I/SystemServerTiming( 1503): StartLooperStatsService
01-01 12:00:54.986 I/SystemServiceManager( 1503): Starting com.android.server.LooperStatsService$Lifecycle
01-01 12:00:54.986 I/SystemServerTiming( 1503): StartRollbackManagerService
01-01 12:00:54.986 I/SystemServiceManager( 1503): Starting com.android.server.rollback.RollbackManagerService
01-01 12:00:54.987 I/PackageWatchdog( 1503): Syncing state, reason: added new observer
01-01 12:00:54.987 I/PackageWatchdog( 1503): Not pruning observers, elapsed time: 0ms
01-01 12:00:54.987 I/PackageWatchdog( 1503): Cancelling state sync, nothing to sync
01-01 12:00:54.988 I/PackageWatchdog( 1503): Saving observer state to file
01-01 12:00:54.988 I/SystemServerTiming( 1503): StartNativeTombstoneManagerService
01-01 12:00:54.988 I/SystemServiceManager( 1503): Starting com.android.server.os.NativeTombstoneManagerService
01-01 12:00:54.989 I/SystemServerTiming( 1503): StartBugreportManagerService
01-01 12:00:54.989 I/SystemServiceManager( 1503): Starting com.android.server.os.BugreportManagerService
01-01 12:00:54.989 I/SystemServerTiming( 1503): GpuService
01-01 12:00:54.989 I/SystemServiceManager( 1503): Starting com.android.server.gpu.GpuService
01-01 12:00:54.989 I/SystemServerTiming( 1503): startOtherServices
01-01 12:00:54.989 I/SystemServerTiming( 1503): StartKeyAttestationApplicationIdProviderService
01-01 12:00:54.989 I/SystemServerTimingAsync( 1503): InitThreadPoolExec:SecondaryZygotePreload
01-01 12:00:54.989 I/SystemServer( 1503): SecondaryZygotePreload
01-01 12:00:54.989 I/SystemServerTimingAsync( 1503): SecondaryZygotePreload
01-01 12:00:54.989 I/SystemServerTiming( 1503): StartKeyChainSystemService
01-01 12:00:54.990 I/SystemServiceManager( 1503): Starting com.android.server.security.KeyChainSystemService
01-01 12:00:54.990 I/SystemServerTiming( 1503): StartSchedulingPolicyService
01-01 12:00:54.990 I/SystemServerTiming( 1503): StartTelecomLoaderService
01-01 12:00:54.990 I/SystemServiceManager( 1503): Starting com.android.server.telecom.TelecomLoaderService
01-01 12:00:54.990 I/SystemServerTiming( 1503): StartTelephonyRegistry
01-01 12:00:54.991 I/SystemServerTimingAsync( 1503): InitThreadPoolExec:SchedulingPolicyService.
01-01 12:00:54.991 I/SystemServerTiming( 1503): StartEntropyMixer
01-01 12:00:54.991 I/EntropyMixer( 1503): Writing entropy...
01-01 12:00:54.992 I/SystemServerTiming( 1503): StartAccountManagerService
01-01 12:00:54.992 I/SystemServiceManager( 1503): Starting com.android.server.accounts.AccountManagerService$Lifecycle
01-01 12:00:54.990 E/ ( 0): msm_qti_pp_get_rms_value_control, back not active to query rms be_idx:3
01-01 12:00:54.999 I/core_get_license_status( 0): cmdrsp_license_result.result = 0x15 for module 0x131ff
01-01 12:00:54.999 E/msm_ext_disp_update_audio_ops( 0): Display not found (EXT_DISPLAY_TYPE_DP) ctld (0) stream (0)
01-01 12:00:54.999 E/msm_ext_disp_update_audio_ops( 0): Display not found (EXT_DISPLAY_TYPE_HDMI) ctld (0) stream (0)
01-01 12:00:54.999 E/msm_ext_disp_update_audio_ops( 0): Display not found (EXT_DISPLAY_TYPE_DP) ctld (0) stream (0)
01-01 12:00:54.999 E/msm_ext_disp_update_audio_ops( 0): Display not found (EXT_DISPLAY_TYPE_DP) ctld (0) stream (0)
01-01 12:00:54.999 E/msm_ext_disp_update_audio_ops( 0): Display not found (EXT_DISPLAY_TYPE_DP) ctld (0) stream (0)
01-01 12:00:54.999 E/msm-ext-disp-audio-codec-rx soc( 0): qcom,msm-ext-disp:qcom,msm-ext-disp-audio-codec-rx: msm_ext_disp_audio_type_get: get_audio_edid_blk() or get_intf_id is NULL
01-01 12:00:55.000 E/msm_ext_disp_update_audio_ops( 0): Display not found (EXT_DISPLAY_TYPE_DP) ctld (0) stream (0)
01-01 12:00:55.000 E/msm-ext-disp-audio-codec-rx soc( 0): qcom,msm-ext-disp:qcom,msm-ext-disp-audio-codec-rx: msm_ext_disp_audio_type_get: get_audio_edid_blk() or get_intf_id is NULL
01-01 12:00:55.000 E/msm_ext_disp_update_audio_ops( 0): Display not found (EXT_DISPLAY_TYPE_DP) ctld (0) stream (0)
01-01 12:00:55.000 E/msm-ext-disp-audio-codec-rx soc( 0): qcom,msm-ext-disp:qcom,msm-ext-disp-audio-codec-rx: msm_ext_disp_audio_type_get: get_audio_edid_blk() or get_intf_id is NULL
01-01 12:00:55.001 E/msm-ext-disp-audio-codec-rx soc( 0): qcom,msm-ext-disp:qcom,msm-ext-disp-audio-codec-rx: msm_ext_disp_audio_device_get: invalid dai id: 4
01-01 12:00:55.001 I/SystemServerTiming( 1503): StartContentService
01-01 12:00:55.001 I/SystemServiceManager( 1503): Starting com.android.server.content.ContentService$Lifecycle
01-01 12:00:55.002 I/SystemServerTiming( 1503): InstallSystemProviders
01-01 12:00:55.039 I/auditd ( 796): type=1400 audit(0.0:221): avc: denied { read write } for comm="HwBinder:796_2" name="diag" dev="tmpfs" ino=1148 scontext=u:r:hal_audio_default:s0 tcontext=u:object_r:vendor_diag_device:s0 tclass=chr_file permissive=0
01-01 12:00:55.041 E/ ( 0): msm_pcm_volume_ctl_get substream not found
01-01 12:00:55.049 D/ActivityManager( 1503): Freezer enabled
01-01 12:00:55.050 D/ActivityManager( 1503): freezer override set to false
01-01 12:00:55.051 I/SystemServerTiming( 1503): StartDropBoxManager
01-01 12:00:55.051 I/SystemServiceManager( 1503): Starting com.android.server.DropBoxManagerService
01-01 12:00:55.051 I/SystemServerTiming( 1503): StartRoleManagerService
01-01 12:00:55.051 I/SystemServiceManager( 1503): Starting com.android.role.RoleService
01-01 12:00:55.053 I/SystemServerTiming( 1503): StartVibratorManagerService
01-01 12:00:55.053 I/SystemServiceManager( 1503): Starting com.android.server.vibrator.VibratorManagerService$Lifecycle
01-01 12:00:55.057 I/SystemServerTiming( 1503): StartDynamicSystemService
01-01 12:00:55.058 I/SystemServerTiming( 1503): StartConsumerIrService
01-01 12:00:55.058 I/SystemServerTiming( 1503): StartAlarmManagerService
01-01 12:00:55.058 I/SystemServiceManager( 1503): Starting com.android.server.alarm.AlarmManagerService
01-01 12:00:55.064 I/AlarmManager( 1503): Current time only 14455064, advancing to build time 1676999587000
02-22 01:13:07.000 I/auditd ( 993): type=1400 audit(0.0:222): avc: denied { read write } for comm="sensors.qti" name="diag" dev="tmpfs" ino=1148 scontext=u:r:vendor_sensors_qti:s0 tcontext=u:object_r:vendor_diag_device:s0 tclass=chr_file permissive=0
02-22 01:13:07.001 I/SystemServerTiming( 1503): StartInputManagerService
02-22 01:13:07.001 I/InputManager( 1503): Initializing input manager, mUseDevInputEventForAudioJack=true
02-22 01:13:07.007 I/SystemServerTiming( 1503): DeviceStateManagerService
02-22 01:13:07.008 I/SystemServiceManager( 1503): Starting com.android.server.devicestate.DeviceStateManagerService
02-22 01:13:07.009 I/SystemServerTiming( 1503): StartCameraServiceProxy
02-22 01:13:07.009 I/SystemServiceManager( 1503): Starting com.android.server.camera.CameraServiceProxy
02-22 01:13:07.013 I/SystemServerTiming( 1503): StartWindowManagerService
02-22 01:13:07.013 I/SystemServiceManager( 1503): Starting phase 200
02-22 01:13:07.013 I/SystemServerTiming( 1503): OnBootPhase_200
02-22 01:13:07.013 I/SystemServerTiming( 1503): OnBootPhase_200_com.android.server.security.FileIntegrityService
02-22 01:13:07.013 I/SystemServerTiming( 1503): OnBootPhase_200_com.android.server.pm.Installer
02-22 01:13:07.013 I/SystemServerTiming( 1503): OnBootPhase_200_com.android.server.os.DeviceIdentifiersPolicyService
02-22 01:13:07.013 I/SystemServerTiming( 1503): OnBootPhase_200_com.android.server.uri.UriGrantsManagerService$Lifecycle
02-22 01:13:07.013 I/SystemServerTiming( 1503): OnBootPhase_200_com.android.server.powerstats.PowerStatsService
02-22 01:13:07.013 I/SystemServerTiming( 1503): OnBootPhase_200_com.android.server.wm.ActivityTaskManagerService$Lifecycle
02-22 01:13:07.013 I/SystemServerTiming( 1503): OnBootPhase_200_com.android.server.am.ActivityManagerService$Lifecycle
02-22 01:13:07.013 I/SystemServerTiming( 1503): OnBootPhase_200_com.android.server.pm.DataLoaderManagerService
02-22 01:13:07.014 I/SystemServerTiming( 1503): OnBootPhase_200_com.android.server.power.PowerManagerService
02-22 01:13:07.014 I/SystemServerTiming( 1503): OnBootPhase_200_com.android.server.power.ThermalManagerService
02-22 01:13:07.014 I/SystemServerTiming( 1503): OnBootPhase_200_com.android.server.power.hint.HintManagerService
02-22 01:13:07.014 I/SystemServerTiming( 1503): OnBootPhase_200_com.android.server.recoverysystem.RecoverySystemService$Lifecycle
02-22 01:13:07.014 I/SystemServerTiming( 1503): OnBootPhase_200_com.android.server.lights.LightsService
02-22 01:13:07.014 I/SystemServerTiming( 1503): OnBootPhase_200_com.android.server.display.DisplayManagerService
02-22 01:13:07.014 I/SystemServerTiming( 1503): OnBootPhase_200_com.android.server.pm.verify.domain.DomainVerificationService
02-22 01:13:07.014 I/SystemServerTiming( 1503): OnBootPhase_200_com.android.server.pm.PackageInstallerService$Lifecycle
02-22 01:13:07.014 I/SystemServerTiming( 1503): OnBootPhase_200_com.android.server.pm.UserManagerService$LifeCycle
02-22 01:13:07.014 I/SystemServerTiming( 1503): OnBootPhase_200_com.android.server.om.OverlayManagerService
02-22 01:13:07.014 I/SystemServerTiming( 1503): OnBootPhase_200_com.android.server.SensorPrivacyService
02-22 01:13:07.014 I/SystemServerTiming( 1503): OnBootPhase_200_com.android.server.thunderperf.ThunderBoostPerfService
02-22 01:13:07.014 I/SystemServerTiming( 1503): OnBootPhase_200_com.android.server.sensors.SensorService
02-22 01:13:07.014 I/SystemServerTiming( 1503): OnBootPhase_200_com.android.server.SystemConfigService
02-22 01:13:07.014 I/SystemServerTiming( 1503): OnBootPhase_200_com.android.server.BatteryService
02-22 01:13:07.014 I/SystemServerTiming( 1503): OnBootPhase_200_com.android.server.usage.UsageStatsService
02-22 01:13:07.014 I/SystemServerTiming( 1503): OnBootPhase_200_com.android.server.webkit.WebViewUpdateService
02-22 01:13:07.014 I/SystemServerTiming( 1503): OnBootPhase_200_com.android.server.CachedDeviceStateService
02-22 01:13:07.014 I/SystemServerTiming( 1503): OnBootPhase_200_com.android.server.BinderCallsStatsService$LifeCycle
02-22 01:13:07.014 I/SystemServerTiming( 1503): OnBootPhase_200_com.android.server.LooperStatsService$Lifecycle
02-22 01:13:07.014 I/SystemServerTiming( 1503): OnBootPhase_200_com.android.server.rollback.RollbackManagerService
02-22 01:13:07.014 I/SystemServerTiming( 1503): OnBootPhase_200_com.android.server.os.NativeTombstoneManagerService
02-22 01:13:07.014 I/SystemServerTiming( 1503): OnBootPhase_200_com.android.server.os.BugreportManagerService
02-22 01:13:07.014 I/SystemServerTiming( 1503): OnBootPhase_200_com.android.server.gpu.GpuService
02-22 01:13:07.014 I/SystemServerTiming( 1503): OnBootPhase_200_com.android.server.security.KeyChainSystemService
02-22 01:13:07.014 I/SystemServerTiming( 1503): OnBootPhase_200_com.android.server.telecom.TelecomLoaderService
02-22 01:13:07.014 I/SystemServerTiming( 1503): OnBootPhase_200_com.android.server.accounts.AccountManagerService$Lifecycle
02-22 01:13:07.014 I/SystemServerTiming( 1503): OnBootPhase_200_com.android.server.content.ContentService$Lifecycle
02-22 01:13:07.014 I/SystemServerTiming( 1503): OnBootPhase_200_com.android.server.DropBoxManagerService
02-22 01:13:07.014 I/SystemServerTiming( 1503): OnBootPhase_200_com.android.role.RoleService
02-22 01:13:07.014 I/SystemServerTiming( 1503): OnBootPhase_200_com.android.server.vibrator.VibratorManagerService$Lifecycle
02-22 01:13:07.014 I/SystemServerTiming( 1503): OnBootPhase_200_com.android.server.alarm.AlarmManagerService
02-22 01:13:07.014 I/SystemServerTiming( 1503): OnBootPhase_200_com.android.server.devicestate.DeviceStateManagerService
02-22 01:13:07.014 I/SystemServerTiming( 1503): OnBootPhase_200_com.android.server.camera.CameraServiceProxy
02-22 01:13:07.015 I/WindowManager( 1503): No existing display settings, starting empty
02-22 01:13:07.016 I/WindowManager( 1503): No existing display settings, starting empty
02-22 01:13:07.023 I/SystemServerTiming( 1503): SetWindowManagerService
02-22 01:13:07.038 I/ActivityTaskManager( 1503): Loaded persisted task ids for user 0
02-22 01:13:07.038 I/wm_task_created( 1503): [1,-1]
02-22 01:13:07.039 I/SystemServerTiming( 1503): WindowManagerServiceOnInitReady
02-22 01:13:07.042 I/sysui_multi_action( 1503): [757,1594,758,4,759,0,806,NULL]
02-22 01:13:07.044 I/SystemServerTiming( 1503): StartInputManager
02-22 01:13:07.044 I/InputManager( 1503): Starting input manager
02-22 01:13:07.044 I/SystemServerTimingAsync( 1503): InitThreadPoolExec:StartHidlServices
02-22 01:13:07.044 I/SystemServerTimingAsync( 1503): StartHidlServices
02-22 01:13:07.046 I/PackageManager( 1503): Deferred reconcileAppsData finished 110 packages
02-22 01:13:07.047 I/SystemServerTiming( 1503): DisplayManagerWindowManagerAndInputReady
02-22 01:13:07.047 I/LogicalDisplayMapper( 1503): Requesting Transition to state: 0
02-22 01:13:07.047 I/LogicalDisplayMapper( 1503): Applying layout: [{addr: {port=129, model=0x40446d3026322d}, dispId: 0(ON)}], Previous layout: [{addr: {port=129, model=0x40446d3026322d}, dispId: 0(ON)}]
02-22 01:13:07.048 I/SystemServerTiming( 1503): StartBluetoothService
02-22 01:13:07.048 I/SystemServiceManager( 1503): Starting com.android.server.BluetoothService
02-22 01:13:07.049 D/BluetoothManagerService( 1503): Loading stored name and address
02-22 01:13:07.050 D/BluetoothManagerService( 1503): Stored bluetooth Name=楂樺悎濞变箰鍓睆,Address=22:22:56:B0:34:4F
02-22 01:13:07.050 D/BluetoothManagerService( 1503): Bluetooth persisted state: 1
02-22 01:13:07.050 D/BluetoothManagerService( 1503): Startup: Bluetooth persisted state is ON.
02-22 01:13:07.050 D/BluetoothManagerService( 1503): Detected SystemUiUid: 10078
02-22 01:13:07.050 I/SystemServerTiming( 1503): IpConnectivityMetrics
02-22 01:13:07.050 I/SystemServiceManager( 1503): Starting com.android.server.connectivity.IpConnectivityMetrics
02-22 01:13:07.050 I/SystemServerTiming( 1503): NetworkWatchlistService
02-22 01:13:07.050 I/SystemServiceManager( 1503): Starting com.android.server.net.watchlist.NetworkWatchlistService$Lifecycle
02-22 01:13:07.053 I/WatchlistSettings( 1503): Reload watchlist settings done
02-22 01:13:07.053 I/SystemServerTiming( 1503): PinnerService
02-22 01:13:07.053 I/SystemServiceManager( 1503): Starting com.android.server.PinnerService
02-22 01:13:07.053 V/HistoricalRegistry( 1503): Interaction before persistence initialized
02-22 01:13:07.054 I/SystemServerTiming( 1503): IorapForwardingService
02-22 01:13:07.054 I/SystemServiceManager( 1503): Starting com.google.android.startop.iorap.IorapForwardingService
02-22 01:13:07.054 D/PinnerService( 1503): pinRangeStream: null
02-22 01:13:07.055 D/PinnerService( 1503): pinRangeStream: null
02-22 01:13:07.055 D/PinnerService( 1503): pinRangeStream: null
02-22 01:13:07.055 D/PinnerService( 1503): pinRangeStream: null
02-22 01:13:07.056 I/WatchlistLoggingHandler( 1503): No need to aggregate record yet.
02-22 01:13:07.056 I/WatchlistLoggingHandler( 1503): Milliseconds spent on tryAggregateRecords(): 0
02-22 01:13:07.056 I/SystemServiceManager( 1503): Starting com.android.server.ActivityTriggerService
02-22 01:13:07.056 I/ActivityTriggerService( 1503): Starting ActivityTriggerService
02-22 01:13:07.056 I/SystemServerTiming( 1503): SignedConfigService
02-22 01:13:07.056 I/SystemServerTiming( 1503): AppIntegrityService
02-22 01:13:07.056 I/SystemServiceManager( 1503): Starting com.android.server.integrity.AppIntegrityManagerService
02-22 01:13:07.055 I/auditd ( 1503): type=1400 audit(0.0:223): avc: denied { read } for comm="InputReader" name="virtualkeys.cyttsp7_mt" dev="sysfs" ino=63200 scontext=u:r:system_server:s0 tcontext=u:object_r:sysfs:s0 tclass=file permissive=0
02-22 01:13:07.057 E/IntegrityFileManager( 1503): Error creating staging and rules directory
02-22 01:13:07.070 I/WindowManager( 1503): SAFE MODE not enabled
02-22 01:13:07.070 I/SystemServerTiming( 1503): StartInputMethodManagerLifecycle
02-22 01:13:07.070 I/SystemServiceManager( 1503): Starting com.android.server.inputmethod.InputMethodManagerService$Lifecycle
02-22 01:13:07.072 I/SystemServerTiming( 1503): StartAccessibilityManagerService
02-22 01:13:07.072 I/SystemServiceManager( 1503): Starting com.android.server.accessibility.AccessibilityManagerService$Lifecycle
02-22 01:13:07.073 I/SystemServerTiming( 1503): MakeDisplayReady
02-22 01:13:07.074 I/configuration_changed( 1503): 536894968
02-22 01:13:07.074 I/ActivityTaskManager( 1503): Config changes=20005df8 {1.0 ?mcc?mnc [zh_CN] ldltr sw680dp w1586dp h588dp 240dpi lrg long land ?uimode ?night -touch -keyb/v/h -nav/h winConfig={ mBounds=Rect(0, 0 - 2380, 1020) mAppBounds=Rect(0, 0 - 2380, 954) mMaxBounds=Rect(0, 0 - 2380, 1020) mWindowingMode=fullscreen mDisplayWindowingMode=fullscreen mActivityType=undefined mAlwaysOnTop=undefined mRotation=ROTATION_0} s.2 ?fontWeightAdjustment}
02-22 01:13:07.075 I/WindowManager( 1503): Override config changes=60007dfc {1.0 ?mcc?mnc [zh_CN] ldltr sw680dp w1586dp h588dp 240dpi lrg long land ?uimode ?night -touch -keyb/v/h -nav/h winConfig={ mBounds=Rect(0, 0 - 2380, 1020) mAppBounds=Rect(0, 0 - 2380, 954) mMaxBounds=Rect(0, 0 - 2380, 1020) mWindowingMode=fullscreen mDisplayWindowingMode=fullscreen mActivityType=undefined mAlwaysOnTop=undefined mRotation=ROTATION_0} s.2 ?fontWeightAdjustment} for displayId=0
02-22 01:13:07.075 I/sysui_multi_action( 1503): [757,1659,758,4,759,2,1660,0]
01-01 12:00:55.142 I/init ( 0): processing action (sys.sysctl.extra_free_kbytes=*) from (/system/etc/init/hw/init.rc:1172)
02-22 01:13:07.078 I/configuration_changed( 1503): 8
02-22 01:13:07.078 I/ActivityTaskManager( 1503): Config changes=8 {1.0 ?mcc?mnc [zh_CN] ldltr sw680dp w1586dp h588dp 240dpi lrg long land ?uimode ?night finger -keyb/v/h -nav/h winConfig={ mBounds=Rect(0, 0 - 2380, 1020) mAppBounds=Rect(0, 0 - 2380, 954) mMaxBounds=Rect(0, 0 - 2380, 1020) mWindowingMode=fullscreen mDisplayWindowingMode=fullscreen mActivityType=undefined mAlwaysOnTop=undefined mRotation=ROTATION_0} s.4 ?fontWeightAdjustment}
02-22 01:13:07.079 I/WindowManager( 1503): Override config changes=8 {1.0 ?mcc?mnc [zh_CN] ldltr sw680dp w1586dp h588dp 240dpi lrg long land ?uimode ?night finger -keyb/v/h -nav/h winConfig={ mBounds=Rect(0, 0 - 2380, 1020) mAppBounds=Rect(0, 0 - 2380, 954) mMaxBounds=Rect(0, 0 - 2380, 1020) mWindowingMode=fullscreen mDisplayWindowingMode=fullscreen mActivityType=undefined mAlwaysOnTop=undefined mRotation=ROTATION_0} s.4 ?fontWeightAdjustment} for displayId=0
02-22 01:13:07.080 I/SystemServerTiming( 1503): StartStorageManagerService
