02-22 02:04:39.911 I/hpplay-java( 2708): [main]:ServerTaskManager:get local ip:null
02-22 02:04:40.493 I/mpu_uart( 644): [MSG-P:RECV]:No message received in 1000 ms
02-22 02:04:40.677 E/tlogd ( 1270): [TzLogger](isPathReadable) file /sys/kernel/debug/tzdbg/qsee_log isn't exist or no permission, err: No such file or directory
02-22 02:04:40.677 E/tlogd ( 1270): [TzLogger](saveTzlogAsync) /sys/kernel/debug/tzdbg/qsee_log can not read.
02-22 02:04:40.677 E/tlogd ( 1270): [TzLogger](isPathReadable) file /sys/kernel/debug/tzdbg/log isn't exist or no permission, err: No such file or directory
02-22 02:04:40.678 E/tlogd ( 1270): [TzLogger](saveTzlogAsync) /sys/kernel/debug/tzdbg/log can not read.
02-22 02:04:40.684 I/mpu_uart( 644): [MSG-P:R]:recv sync frame timeout
02-22 02:04:40.912 W/hpplay-java( 2708): [main]:IPManager:getActiveNets invalid networkInfo:null
02-22 02:04:40.913 I/hpplay-java( 2708): [main]:IPManager:getActiveNets eth0:false wifi:false mobile:false ap:false
02-22 02:04:40.913 I/hpplay-java( 2708): [main]:ServerTaskManager:get local ip:null
02-22 02:04:41.493 I/mpu_uart( 644): [MSG-P:RECV]:No message received in 1000 ms
01-01 12:52:29.973 E/DTC_ETH,link_delay_work_func( 0): 3003, SQI=0, link=0
02-22 02:04:41.914 W/hpplay-java( 2708): [main]:IPManager:getActiveNets invalid networkInfo:null
02-22 02:04:41.914 I/hpplay-java( 2708): [main]:IPManager:getActiveNets eth0:false wifi:false mobile:false ap:false
02-22 02:04:41.914 I/hpplay-java( 2708): [main]:ServerTaskManager:get local ip:null
02-22 02:04:42.494 I/mpu_uart( 644): [MSG-P:RECV]:No message received in 1000 ms
02-22 02:04:42.916 W/hpplay-java( 2708): [main]:IPManager:getActiveNets invalid networkInfo:null
02-22 02:04:42.916 I/hpplay-java( 2708): [main]:IPManager:getActiveNets eth0:false wifi:false mobile:false ap:false
02-22 02:04:42.916 I/hpplay-java( 2708): [main]:ServerTaskManager:get local ip:null
02-22 02:04:43.494 I/mpu_uart( 644): [MSG-P:RECV]:No message received in 1000 ms
02-22 02:04:43.687 I/mpu_uart( 644): [MSG-P:R]:recv sync frame timeout
02-22 02:04:43.918 W/hpplay-java( 2708): [main]:IPManager:getActiveNets invalid networkInfo:null
02-22 02:04:43.918 I/hpplay-java( 2708): [main]:IPManager:getActiveNets eth0:false wifi:false mobile:false ap:false
02-22 02:04:43.918 I/hpplay-java( 2708): [main]:ServerTaskManager:get local ip:null
02-22 02:04:44.494 I/mpu_uart( 644): [MSG-P:RECV]:No message received in 1000 ms
02-22 02:04:44.641 D/RemoteControlService( 2307): startVlanDispatchThread
02-22 02:04:44.920 W/hpplay-java( 2708): [main]:IPManager:getActiveNets invalid networkInfo:null
02-22 02:04:44.920 I/hpplay-java( 2708): [main]:IPManager:getActiveNets eth0:false wifi:false mobile:false ap:false
02-22 02:04:44.920 I/hpplay-java( 2708): [main]:ServerTaskManager:get local ip:null
02-22 02:04:45.494 I/mpu_uart( 644): [MSG-P:RECV]:No message received in 1000 ms
02-22 02:04:45.678 E/tlogd ( 1270): [TzLogger](isPathReadable) file /sys/kernel/debug/tzdbg/qsee_log isn't exist or no permission, err: No such file or directory
02-22 02:04:45.678 E/tlogd ( 1270): [TzLogger](saveTzlogAsync) /sys/kernel/debug/tzdbg/qsee_log can not read.
02-22 02:04:45.678 E/tlogd ( 1270): [TzLogger](isPathReadable) file /sys/kernel/debug/tzdbg/log isn't exist or no permission, err: No such file or directory
02-22 02:04:45.678 E/tlogd ( 1270): [TzLogger](saveTzlogAsync) /sys/kernel/debug/tzdbg/log can not read.
02-22 02:04:45.922 W/hpplay-java( 2708): [main]:IPManager:getActiveNets invalid networkInfo:null
02-22 02:04:45.922 I/hpplay-java( 2708): [main]:IPManager:getActiveNets eth0:false wifi:false mobile:false ap:false
02-22 02:04:45.922 I/hpplay-java( 2708): [main]:ServerTaskManager:get local ip:null
02-22 02:04:46.494 I/mpu_uart( 644): [MSG-P:RECV]:No message received in 1000 ms
02-22 02:04:46.691 I/mpu_uart( 644): [MSG-P:R]:recv sync frame timeout
02-22 02:04:46.923 W/hpplay-java( 2708): [main]:IPManager:getActiveNets invalid networkInfo:null
02-22 02:04:46.923 I/hpplay-java( 2708): [main]:IPManager:getActiveNets eth0:false wifi:false mobile:false ap:false
02-22 02:04:46.923 I/hpplay-java( 2708): [main]:ServerTaskManager:get local ip:null
01-01 12:52:35.093 E/DTC_ETH,link_delay_work_func( 0): 3003, SQI=0, link=0
02-22 02:04:47.495 I/mpu_uart( 644): [MSG-P:RECV]:No message received in 1000 ms
02-22 02:04:47.925 W/hpplay-java( 2708): [main]:IPManager:getActiveNets invalid networkInfo:null
02-22 02:04:47.925 I/hpplay-java( 2708): [main]:IPManager:getActiveNets eth0:false wifi:false mobile:false ap:false
02-22 02:04:47.925 I/hpplay-java( 2708): [main]:ServerTaskManager:get local ip:null
02-22 02:04:48.495 I/mpu_uart( 644): [MSG-P:RECV]:No message received in 1000 ms
02-22 02:04:48.927 W/hpplay-java( 2708): [main]:IPManager:getActiveNets invalid networkInfo:null
02-22 02:04:48.927 I/hpplay-java( 2708): [main]:IPManager:getActiveNets eth0:false wifi:false mobile:false ap:false
02-22 02:04:48.927 I/hpplay-java( 2708): [main]:ServerTaskManager:get local ip:null
02-22 02:04:49.495 I/mpu_uart( 644): [MSG-P:RECV]:No message received in 1000 ms
02-22 02:04:49.654 D/RemoteControlService( 2307): startVlanDispatchThread
02-22 02:04:49.694 I/mpu_uart( 644): [MSG-P:R]:recv sync frame timeout
02-22 02:04:49.928 W/hpplay-java( 2708): [main]:IPManager:getActiveNets invalid networkInfo:null
02-22 02:04:49.928 I/hpplay-java( 2708): [main]:IPManager:getActiveNets eth0:false wifi:false mobile:false ap:false
02-22 02:04:49.928 I/hpplay-java( 2708): [main]:ServerTaskManager:get local ip:null
02-22 02:04:50.495 I/mpu_uart( 644): [MSG-P:RECV]:No message received in 1000 ms
02-22 02:04:50.679 E/tlogd ( 1270): [TzLogger](isPathReadable) file /sys/kernel/debug/tzdbg/qsee_log isn't exist or no permission, err: No such file or directory
02-22 02:04:50.679 E/tlogd ( 1270): [TzLogger](saveTzlogAsync) /sys/kernel/debug/tzdbg/qsee_log can not read.
02-22 02:04:50.679 E/tlogd ( 1270): [TzLogger](isPathReadable) file /sys/kernel/debug/tzdbg/log isn't exist or no permission, err: No such file or directory
02-22 02:04:50.679 E/tlogd ( 1270): [TzLogger](saveTzlogAsync) /sys/kernel/debug/tzdbg/log can not read.
02-22 02:04:50.930 W/hpplay-java( 2708): [main]:IPManager:getActiveNets invalid networkInfo:null
02-22 02:04:50.930 I/hpplay-java( 2708): [main]:IPManager:getActiveNets eth0:false wifi:false mobile:false ap:false
02-22 02:04:50.930 I/hpplay-java( 2708): [main]:ServerTaskManager:get local ip:null
02-22 02:04:51.495 I/mpu_uart( 644): [MSG-P:RECV]:No message received in 1000 ms
02-22 02:04:51.931 W/hpplay-java( 2708): [main]:IPManager:getActiveNets invalid networkInfo:null
02-22 02:04:51.931 I/hpplay-java( 2708): [main]:IPManager:getActiveNets eth0:false wifi:false mobile:false ap:false
02-22 02:04:51.932 I/hpplay-java( 2708): [main]:ServerTaskManager:get local ip:null
01-01 12:52:40.213 E/DTC_ETH,link_delay_work_func( 0): 3003, SQI=0, link=0
02-22 02:04:52.496 I/mpu_uart( 644): [MSG-P:RECV]:No message received in 1000 ms
02-22 02:04:52.697 I/mpu_uart( 644): [MSG-P:R]:recv sync frame timeout
02-22 02:04:52.933 W/hpplay-java( 2708): [main]:IPManager:getActiveNets invalid networkInfo:null
02-22 02:04:52.933 I/hpplay-java( 2708): [main]:IPManager:getActiveNets eth0:false wifi:false mobile:false ap:false
02-22 02:04:52.933 I/hpplay-java( 2708): [main]:ServerTaskManager:get local ip:null
02-22 02:04:53.496 I/mpu_uart( 644): [MSG-P:RECV]:No message received in 1000 ms
02-22 02:04:53.935 W/hpplay-java( 2708): [main]:IPManager:getActiveNets invalid networkInfo:null
02-22 02:04:53.935 I/hpplay-java( 2708): [main]:IPManager:getActiveNets eth0:false wifi:false mobile:false ap:false
02-22 02:04:53.935 I/hpplay-java( 2708): [main]:ServerTaskManager:get local ip:null
02-22 02:04:54.496 I/mpu_uart( 644): [MSG-P:RECV]:No message received in 1000 ms
02-22 02:04:54.666 D/RemoteControlService( 2307): startVlanDispatchThread
02-22 02:04:54.937 W/hpplay-java( 2708): [main]:IPManager:getActiveNets invalid networkInfo:null
02-22 02:04:54.937 I/hpplay-java( 2708): [main]:IPManager:getActiveNets eth0:false wifi:false mobile:false ap:false
02-22 02:04:54.937 I/hpplay-java( 2708): [main]:ServerTaskManager:get local ip:null
02-22 02:04:55.496 I/mpu_uart( 644): [MSG-P:RECV]:No message received in 1000 ms
02-22 02:04:55.679 E/tlogd ( 1270): [TzLogger](isPathReadable) file /sys/kernel/debug/tzdbg/qsee_log isn't exist or no permission, err: No such file or directory
02-22 02:04:55.679 E/tlogd ( 1270): [TzLogger](saveTzlogAsync) /sys/kernel/debug/tzdbg/qsee_log can not read.
02-22 02:04:55.679 E/tlogd ( 1270): [TzLogger](isPathReadable) file /sys/kernel/debug/tzdbg/log isn't exist or no permission, err: No such file or directory
02-22 02:04:55.680 E/tlogd ( 1270): [TzLogger](saveTzlogAsync) /sys/kernel/debug/tzdbg/log can not read.
02-22 02:04:55.701 I/mpu_uart( 644): [MSG-P:R]:recv sync frame timeout
02-22 02:04:55.939 W/hpplay-java( 2708): [main]:IPManager:getActiveNets invalid networkInfo:null
02-22 02:04:55.939 I/hpplay-java( 2708): [main]:IPManager:getActiveNets eth0:false wifi:false mobile:false ap:false
02-22 02:04:55.939 I/hpplay-java( 2708): [main]:ServerTaskManager:get local ip:null
02-22 02:04:56.497 I/mpu_uart( 644): [MSG-P:RECV]:No message received in 1000 ms
02-22 02:04:56.941 W/hpplay-java( 2708): [main]:IPManager:getActiveNets invalid networkInfo:null
02-22 02:04:56.941 I/hpplay-java( 2708): [main]:IPManager:getActiveNets eth0:false wifi:false mobile:false ap:false
02-22 02:04:56.941 I/hpplay-java( 2708): [main]:ServerTaskManager:get local ip:null
02-22 02:04:57.016 I/ScreenSaver_12( 3965): [PeriodicCallbackModel] Executing periodic callback for MINUTE because the period ended
01-01 12:52:45.333 E/DTC_ETH,link_delay_work_func( 0): 3003, SQI=0, link=0
02-22 02:04:57.497 I/mpu_uart( 644): [MSG-P:RECV]:No message received in 1000 ms
02-22 02:04:57.943 W/hpplay-java( 2708): [main]:IPManager:getActiveNets invalid networkInfo:null
02-22 02:04:57.943 I/hpplay-java( 2708): [main]:IPManager:getActiveNets eth0:false wifi:false mobile:false ap:false
02-22 02:04:57.943 I/hpplay-java( 2708): [main]:ServerTaskManager:get local ip:null
02-22 02:04:58.497 I/mpu_uart( 644): [MSG-P:RECV]:No message received in 1000 ms
02-22 02:04:58.710 I/mpu_uart( 644): [MSG-P:R]:recv sync frame timeout
02-22 02:04:58.945 W/hpplay-java( 2708): [main]:IPManager:getActiveNets invalid networkInfo:null
02-22 02:04:58.945 I/hpplay-java( 2708): [main]:IPManager:getActiveNets eth0:false wifi:false mobile:false ap:false
02-22 02:04:58.945 I/hpplay-java( 2708): [main]:ServerTaskManager:get local ip:null
02-22 02:04:59.497 I/mpu_uart( 644): [MSG-P:RECV]:No message received in 1000 ms
02-22 02:04:59.679 D/RemoteControlService( 2307): startVlanDispatchThread
02-22 02:04:59.948 W/hpplay-java( 2708): [main]:IPManager:getActiveNets invalid networkInfo:null
02-22 02:04:59.948 I/hpplay-java( 2708): [main]:IPManager:getActiveNets eth0:false wifi:false mobile:false ap:false
02-22 02:04:59.948 I/hpplay-java( 2708): [main]:ServerTaskManager:get local ip:null
02-22 02:05:00.003 D/KeyguardUpdateMonitor( 1966): received broadcast android.intent.action.TIME_TICK
02-22 02:05:00.007 D/KeyguardUpdateMonitor( 1966): handleTimeUpdate
02-22 02:05:00.026 D/KeyguardUpdateMonitor( 1966): received broadcast android.intent.action.TIME_TICK
02-22 02:05:00.030 D/KeyguardUpdateMonitor( 1966): handleTimeUpdate
02-22 02:05:00.497 I/mpu_uart( 644): [MSG-P:RECV]:No message received in 1000 ms
02-22 02:05:00.680 E/tlogd ( 1270): [TzLogger](isPathReadable) file /sys/kernel/debug/tzdbg/qsee_log isn't exist or no permission, err: No such file or directory
02-22 02:05:00.680 E/tlogd ( 1270): [TzLogger](saveTzlogAsync) /sys/kernel/debug/tzdbg/qsee_log can not read.
02-22 02:05:00.680 E/tlogd ( 1270): [TzLogger](isPathReadable) file /sys/kernel/debug/tzdbg/log isn't exist or no permission, err: No such file or directory
02-22 02:05:00.680 E/tlogd ( 1270): [TzLogger](saveTzlogAsync) /sys/kernel/debug/tzdbg/log can not read.
02-22 02:05:00.950 W/hpplay-java( 2708): [main]:IPManager:getActiveNets invalid networkInfo:null
02-22 02:05:00.950 I/hpplay-java( 2708): [main]:IPManager:getActiveNets eth0:false wifi:false mobile:false ap:false
02-22 02:05:00.950 I/hpplay-java( 2708): [main]:ServerTaskManager:get local ip:null
02-22 02:05:01.498 I/mpu_uart( 644): [MSG-P:RECV]:No message received in 1000 ms
02-22 02:05:01.717 I/mpu_uart( 644): [MSG-P:R]:recv sync frame timeout
02-22 02:05:01.952 W/hpplay-java( 2708): [main]:IPManager:getActiveNets invalid networkInfo:null
02-22 02:05:01.952 I/hpplay-java( 2708): [main]:IPManager:getActiveNets eth0:false wifi:false mobile:false ap:false
02-22 02:05:01.952 I/hpplay-java( 2708): [main]:ServerTaskManager:get local ip:null
01-01 12:52:50.453 E/DTC_ETH,link_delay_work_func( 0): 3003, SQI=0, link=0
02-22 02:05:02.498 I/mpu_uart( 644): [MSG-P:RECV]:No message received in 1000 ms
02-22 02:05:02.954 W/hpplay-java( 2708): [main]:IPManager:getActiveNets invalid networkInfo:null
02-22 02:05:02.954 I/hpplay-java( 2708): [main]:IPManager:getActiveNets eth0:false wifi:false mobile:false ap:false
02-22 02:05:02.954 I/hpplay-java( 2708): [main]:ServerTaskManager:get local ip:null
02-22 02:05:03.498 I/mpu_uart( 644): [MSG-P:RECV]:No message received in 1000 ms
02-22 02:05:03.957 W/hpplay-java( 2708): [main]:IPManager:getActiveNets invalid networkInfo:null
02-22 02:05:03.957 I/hpplay-java( 2708): [main]:IPManager:getActiveNets eth0:false wifi:false mobile:false ap:false
02-22 02:05:03.957 I/hpplay-java( 2708): [main]:ServerTaskManager:get local ip:null
02-22 02:05:04.498 I/mpu_uart( 644): [MSG-P:RECV]:No message received in 1000 ms
02-22 02:05:04.692 D/RemoteControlService( 2307): startVlanDispatchThread
02-22 02:05:04.720 I/mpu_uart( 644): [MSG-P:R]:recv sync frame timeout
02-22 02:05:04.959 W/hpplay-java( 2708): [main]:IPManager:getActiveNets invalid networkInfo:null
02-22 02:05:04.959 I/hpplay-java( 2708): [main]:IPManager:getActiveNets eth0:false wifi:false mobile:false ap:false
02-22 02:05:04.959 I/hpplay-java( 2708): [main]:ServerTaskManager:get local ip:null
02-22 02:05:05.498 I/mpu_uart( 644): [MSG-P:RECV]:No message received in 1000 ms
02-22 02:05:05.680 E/tlogd ( 1270): [TzLogger](isPathReadable) file /sys/kernel/debug/tzdbg/qsee_log isn't exist or no permission, err: No such file or directory
02-22 02:05:05.681 E/tlogd ( 1270): [TzLogger](saveTzlogAsync) /sys/kernel/debug/tzdbg/qsee_log can not read.
02-22 02:05:05.681 E/tlogd ( 1270): [TzLogger](isPathReadable) file /sys/kernel/debug/tzdbg/log isn't exist or no permission, err: No such file or directory
02-22 02:05:05.681 E/tlogd ( 1270): [TzLogger](saveTzlogAsync) /sys/kernel/debug/tzdbg/log can not read.
02-22 02:05:05.961 W/hpplay-java( 2708): [main]:IPManager:getActiveNets invalid networkInfo:null
02-22 02:05:05.961 I/hpplay-java( 2708): [main]:IPManager:getActiveNets eth0:false wifi:false mobile:false ap:false
02-22 02:05:05.961 I/hpplay-java( 2708): [main]:ServerTaskManager:get local ip:null
02-22 02:05:06.499 I/mpu_uart( 644): [MSG-P:RECV]:No message received in 1000 ms
02-22 02:05:06.963 W/hpplay-java( 2708): [main]:IPManager:getActiveNets invalid networkInfo:null
02-22 02:05:06.963 I/hpplay-java( 2708): [main]:IPManager:getActiveNets eth0:false wifi:false mobile:false ap:false
02-22 02:05:06.963 I/hpplay-java( 2708): [main]:ServerTaskManager:get local ip:null
02-22 02:05:06.990 I/selfinstaller( 1191): create socket failed: Network is unreachable 101
02-22 02:05:07.499 I/mpu_uart( 644): [MSG-P:RECV]:No message received in 1000 ms
01-01 12:52:55.573 E/DTC_ETH,link_delay_work_func( 0): 3003, SQI=0, link=0
02-22 02:05:07.724 I/mpu_uart( 644): [MSG-P:R]:recv sync frame timeout
02-22 02:05:07.965 W/hpplay-java( 2708): [main]:IPManager:getActiveNets invalid networkInfo:null
02-22 02:05:07.965 I/hpplay-java( 2708): [main]:IPManager:getActiveNets eth0:false wifi:false mobile:false ap:false
02-22 02:05:07.965 I/hpplay-java( 2708): [main]:ServerTaskManager:get local ip:null
02-22 02:05:08.499 I/mpu_uart( 644): [MSG-P:RECV]:No message received in 1000 ms
02-22 02:05:08.967 W/hpplay-java( 2708): [main]:IPManager:getActiveNets invalid networkInfo:null
02-22 02:05:08.967 I/hpplay-java( 2708): [main]:IPManager:getActiveNets eth0:false wifi:false mobile:false ap:false
02-22 02:05:08.968 I/hpplay-java( 2708): [main]:ServerTaskManager:get local ip:null
02-22 02:05:09.499 I/mpu_uart( 644): [MSG-P:RECV]:No message received in 1000 ms
02-22 02:05:09.705 D/RemoteControlService( 2307): startVlanDispatchThread
02-22 02:05:09.970 W/hpplay-java( 2708): [main]:IPManager:getActiveNets invalid networkInfo:null
02-22 02:05:09.970 I/hpplay-java( 2708): [main]:IPManager:getActiveNets eth0:false wifi:false mobile:false ap:false
02-22 02:05:09.970 I/hpplay-java( 2708): [main]:ServerTaskManager:get local ip:null
02-22 02:05:10.499 I/mpu_uart( 644): [MSG-P:RECV]:No message received in 1000 ms
02-22 02:05:10.681 E/tlogd ( 1270): [TzLogger](isPathReadable) file /sys/kernel/debug/tzdbg/qsee_log isn't exist or no permission, err: No such file or directory
02-22 02:05:10.681 E/tlogd ( 1270): [TzLogger](saveTzlogAsync) /sys/kernel/debug/tzdbg/qsee_log can not read.
02-22 02:05:10.681 E/tlogd ( 1270): [TzLogger](isPathReadable) file /sys/kernel/debug/tzdbg/log isn't exist or no permission, err: No such file or directory
02-22 02:05:10.681 E/tlogd ( 1270): [TzLogger](saveTzlogAsync) /sys/kernel/debug/tzdbg/log can not read.
02-22 02:05:10.727 I/mpu_uart( 644): [MSG-P:R]:recv sync frame timeout
02-22 02:05:10.972 W/hpplay-java( 2708): [main]:IPManager:getActiveNets invalid networkInfo:null
02-22 02:05:10.972 I/hpplay-java( 2708): [main]:IPManager:getActiveNets eth0:false wifi:false mobile:false ap:false
02-22 02:05:10.972 I/hpplay-java( 2708): [main]:ServerTaskManager:get local ip:null
02-22 02:05:11.500 I/mpu_uart( 644): [MSG-P:RECV]:No message received in 1000 ms
02-22 02:05:11.974 W/hpplay-java( 2708): [main]:IPManager:getActiveNets invalid networkInfo:null
02-22 02:05:11.974 I/hpplay-java( 2708): [main]:IPManager:getActiveNets eth0:false wifi:false mobile:false ap:false
02-22 02:05:11.974 I/hpplay-java( 2708): [main]:ServerTaskManager:get local ip:null
02-22 02:05:12.500 I/mpu_uart( 644): [MSG-P:RECV]:No message received in 1000 ms
01-01 12:53:00.693 E/DTC_ETH,link_delay_work_func( 0): 3003, SQI=0, link=0
02-22 02:05:12.976 W/hpplay-java( 2708): [main]:IPManager:getActiveNets invalid networkInfo:null
02-22 02:05:12.976 I/hpplay-java( 2708): [main]:IPManager:getActiveNets eth0:false wifi:false mobile:false ap:false
02-22 02:05:12.976 I/hpplay-java( 2708): [main]:ServerTaskManager:get local ip:null
02-22 02:05:13.500 I/mpu_uart( 644): [MSG-P:RECV]:No message received in 1000 ms
02-22 02:05:13.730 I/mpu_uart( 644): [MSG-P:R]:recv sync frame timeout
02-22 02:05:13.977 W/hpplay-java( 2708): [main]:IPManager:getActiveNets invalid networkInfo:null
02-22 02:05:13.977 I/hpplay-java( 2708): [main]:IPManager:getActiveNets eth0:false wifi:false mobile:false ap:false
02-22 02:05:13.977 I/hpplay-java( 2708): [main]:ServerTaskManager:get local ip:null
02-22 02:05:14.500 I/mpu_uart( 644): [MSG-P:RECV]:No message received in 1000 ms
02-22 02:05:14.713 D/RemoteControlService( 2307): startVlanDispatchThread
02-22 02:05:14.978 W/hpplay-java( 2708): [main]:IPManager:getActiveNets invalid networkInfo:null
02-22 02:05:14.978 I/hpplay-java( 2708): [main]:IPManager:getActiveNets eth0:false wifi:false mobile:false ap:false
02-22 02:05:14.978 I/hpplay-java( 2708): [main]:ServerTaskManager:get local ip:null
02-22 02:05:15.501 I/mpu_uart( 644): [MSG-P:RECV]:No message received in 1000 ms
02-22 02:05:15.682 E/tlogd ( 1270): [TzLogger](isPathReadable) file /sys/kernel/debug/tzdbg/qsee_log isn't exist or no permission, err: No such file or directory
02-22 02:05:15.682 E/tlogd ( 1270): [TzLogger](saveTzlogAsync) /sys/kernel/debug/tzdbg/qsee_log can not read.
02-22 02:05:15.682 E/tlogd ( 1270): [TzLogger](isPathReadable) file /sys/kernel/debug/tzdbg/log isn't exist or no permission, err: No such file or directory
02-22 02:05:15.682 E/tlogd ( 1270): [TzLogger](saveTzlogAsync) /sys/kernel/debug/tzdbg/log can not read.
02-22 02:05:15.725 I/hpplay-java( 2708): [main]:IMTask:getIMRoot
02-22 02:05:15.731 W/hpplay-java( 2708): [AsyncTask #156]:HttpRequest:
02-22 02:05:15.733 W/hpplay-java( 2708): [AsyncTask #156]:HttpRequest:
02-22 02:05:15.734 W/hpplay-java( 2708): [AsyncTask #156]:HttpRequest:
02-22 02:05:15.735 E/hpplay-java( 2708): [main]:IMTask:getIMRoot failed
02-22 02:05:15.980 W/hpplay-java( 2708): [main]:IPManager:getActiveNets invalid networkInfo:null
02-22 02:05:15.980 I/hpplay-java( 2708): [main]:IPManager:getActiveNets eth0:false wifi:false mobile:false ap:false
02-22 02:05:15.980 I/hpplay-java( 2708): [main]:ServerTaskManager:get local ip:null
02-22 02:05:16.501 I/mpu_uart( 644): [MSG-P:RECV]:No message received in 1000 ms
02-22 02:05:16.734 I/mpu_uart( 644): [MSG-P:R]:recv sync frame timeout
02-22 02:05:16.981 W/hpplay-java( 2708): [main]:IPManager:getActiveNets invalid networkInfo:null
02-22 02:05:16.981 I/hpplay-java( 2708): [main]:IPManager:getActiveNets eth0:false wifi:false mobile:false ap:false
02-22 02:05:16.981 I/hpplay-java( 2708): [main]:ServerTaskManager:get local ip:null
02-22 02:05:17.501 I/mpu_uart( 644): [MSG-P:RECV]:No message received in 1000 ms
01-01 12:53:05.813 E/DTC_ETH,link_delay_work_func( 0): 3003, SQI=0, link=0
02-22 02:05:17.983 W/hpplay-java( 2708): [main]:IPManager:getActiveNets invalid networkInfo:null
02-22 02:05:17.983 I/hpplay-java( 2708): [main]:IPManager:getActiveNets eth0:false wifi:false mobile:false ap:false
02-22 02:05:17.983 I/hpplay-java( 2708): [main]:ServerTaskManager:get local ip:null
02-22 02:05:18.501 I/mpu_uart( 644): [MSG-P:RECV]:No message received in 1000 ms
02-22 02:05:18.985 W/hpplay-java( 2708): [main]:IPManager:getActiveNets invalid networkInfo:null
02-22 02:05:18.985 I/hpplay-java( 2708): [main]:IPManager:getActiveNets eth0:false wifi:false mobile:false ap:false
02-22 02:05:18.985 I/hpplay-java( 2708): [main]:ServerTaskManager:get local ip:null
02-22 02:05:19.501 I/mpu_uart( 644): [MSG-P:RECV]:No message received in 1000 ms
02-22 02:05:19.721 D/RemoteControlService( 2307): startVlanDispatchThread
02-22 02:05:19.737 I/mpu_uart( 644): [MSG-P:R]:recv sync frame timeout
02-22 02:05:19.987 W/hpplay-java( 2708): [main]:IPManager:getActiveNets invalid networkInfo:null
02-22 02:05:19.987 I/hpplay-java( 2708): [main]:IPManager:getActiveNets eth0:false wifi:false mobile:false ap:false
02-22 02:05:19.987 I/hpplay-java( 2708): [main]:ServerTaskManager:get local ip:null
02-22 02:05:20.502 I/mpu_uart( 644): [MSG-P:RECV]:No message received in 1000 ms
02-22 02:05:20.682 E/tlogd ( 1270): [TzLogger](isPathReadable) file /sys/kernel/debug/tzdbg/qsee_log isn't exist or no permission, err: No such file or directory
02-22 02:05:20.682 E/tlogd ( 1270): [TzLogger](saveTzlogAsync) /sys/kernel/debug/tzdbg/qsee_log can not read.
02-22 02:05:20.682 E/tlogd ( 1270): [TzLogger](isPathReadable) file /sys/kernel/debug/tzdbg/log isn't exist or no permission, err: No such file or directory
02-22 02:05:20.682 E/tlogd ( 1270): [TzLogger](saveTzlogAsync) /sys/kernel/debug/tzdbg/log can not read.
02-22 02:05:20.989 W/hpplay-java( 2708): [main]:IPManager:getActiveNets invalid networkInfo:null
02-22 02:05:20.989 I/hpplay-java( 2708): [main]:IPManager:getActiveNets eth0:false wifi:false mobile:false ap:false
02-22 02:05:20.989 I/hpplay-java( 2708): [main]:ServerTaskManager:get local ip:null
02-22 02:05:21.502 I/mpu_uart( 644): [MSG-P:RECV]:No message received in 1000 ms
02-22 02:05:21.991 W/hpplay-java( 2708): [main]:IPManager:getActiveNets invalid networkInfo:null
02-22 02:05:21.991 I/hpplay-java( 2708): [main]:IPManager:getActiveNets eth0:false wifi:false mobile:false ap:false
02-22 02:05:21.992 I/hpplay-java( 2708): [main]:ServerTaskManager:get local ip:null
02-22 02:05:22.502 I/mpu_uart( 644): [MSG-P:RECV]:No message received in 1000 ms
02-22 02:05:22.741 I/mpu_uart( 644): [MSG-P:R]:recv sync frame timeout
01-01 12:53:10.933 E/DTC_ETH,link_delay_work_func( 0): 3003, SQI=0, link=0
02-22 02:05:22.993 W/hpplay-java( 2708): [main]:IPManager:getActiveNets invalid networkInfo:null
02-22 02:05:22.994 I/hpplay-java( 2708): [main]:IPManager:getActiveNets eth0:false wifi:false mobile:false ap:false
02-22 02:05:22.994 I/hpplay-java( 2708): [main]:ServerTaskManager:get local ip:null
02-22 02:05:23.502 I/mpu_uart( 644): [MSG-P:RECV]:No message received in 1000 ms
02-22 02:05:23.995 W/hpplay-java( 2708): [main]:IPManager:getActiveNets invalid networkInfo:null
02-22 02:05:23.996 I/hpplay-java( 2708): [main]:IPManager:getActiveNets eth0:false wifi:false mobile:false ap:false
02-22 02:05:23.996 I/hpplay-java( 2708): [main]:ServerTaskManager:get local ip:null
02-22 02:05:24.503 I/mpu_uart( 644): [MSG-P:RECV]:No message received in 1000 ms
02-22 02:05:24.730 D/RemoteControlService( 2307): startVlanDispatchThread
02-22 02:05:24.998 W/hpplay-java( 2708): [main]:IPManager:getActiveNets invalid networkInfo:null
02-22 02:05:24.998 I/hpplay-java( 2708): [main]:IPManager:getActiveNets eth0:false wifi:false mobile:false ap:false
02-22 02:05:24.998 I/hpplay-java( 2708): [main]:ServerTaskManager:get local ip:null
02-22 02:05:25.503 I/mpu_uart( 644): [MSG-P:RECV]:No message received in 1000 ms
02-22 02:05:25.683 E/tlogd ( 1270): [TzLogger](isPathReadable) file /sys/kernel/debug/tzdbg/qsee_log isn't exist or no permission, err: No such file or directory
02-22 02:05:25.683 E/tlogd ( 1270): [TzLogger](saveTzlogAsync) /sys/kernel/debug/tzdbg/qsee_log can not read.
02-22 02:05:25.683 E/tlogd ( 1270): [TzLogger](isPathReadable) file /sys/kernel/debug/tzdbg/log isn't exist or no permission, err: No such file or directory
02-22 02:05:25.683 E/tlogd ( 1270): [TzLogger](saveTzlogAsync) /sys/kernel/debug/tzdbg/log can not read.
02-22 02:05:25.744 I/mpu_uart( 644): [MSG-P:R]:recv sync frame timeout
02-22 02:05:26.000 W/hpplay-java( 2708): [main]:IPManager:getActiveNets invalid networkInfo:null
02-22 02:05:26.000 I/hpplay-java( 2708): [main]:IPManager:getActiveNets eth0:false wifi:false mobile:false ap:false
02-22 02:05:26.000 I/hpplay-java( 2708): [main]:ServerTaskManager:get local ip:null
02-22 02:05:26.503 I/mpu_uart( 644): [MSG-P:RECV]:No message received in 1000 ms
02-22 02:05:27.002 W/hpplay-java( 2708): [main]:IPManager:getActiveNets invalid networkInfo:null
02-22 02:05:27.002 I/hpplay-java( 2708): [main]:IPManager:getActiveNets eth0:false wifi:false mobile:false ap:false
02-22 02:05:27.002 I/hpplay-java( 2708): [main]:ServerTaskManager:get local ip:null
02-22 02:05:27.503 I/mpu_uart( 644): [MSG-P:RECV]:No message received in 1000 ms
01-01 12:53:16.053 E/DTC_ETH,link_delay_work_func( 0): 3003, SQI=0, link=0
02-22 02:05:28.003 W/hpplay-java( 2708): [main]:IPManager:getActiveNets invalid networkInfo:null
02-22 02:05:28.004 I/hpplay-java( 2708): [main]:IPManager:getActiveNets eth0:false wifi:false mobile:false ap:false
02-22 02:05:28.004 I/hpplay-java( 2708): [main]:ServerTaskManager:get local ip:null
02-22 02:05:28.503 I/mpu_uart( 644): [MSG-P:RECV]:No message received in 1000 ms
02-22 02:05:28.747 I/mpu_uart( 644): [MSG-P:R]:recv sync frame timeout
02-22 02:05:29.006 W/hpplay-java( 2708): [main]:IPManager:getActiveNets invalid networkInfo:null
02-22 02:05:29.006 I/hpplay-java( 2708): [main]:IPManager:getActiveNets eth0:false wifi:false mobile:false ap:false
02-22 02:05:29.006 I/hpplay-java( 2708): [main]:ServerTaskManager:get local ip:null
02-22 02:05:29.504 I/mpu_uart( 644): [MSG-P:RECV]:No message received in 1000 ms
02-22 02:05:29.738 D/RemoteControlService( 2307): startVlanDispatchThread
02-22 02:05:30.007 W/hpplay-java( 2708): [main]:IPManager:getActiveNets invalid networkInfo:null
02-22 02:05:30.007 I/hpplay-java( 2708): [main]:IPManager:getActiveNets eth0:false wifi:false mobile:false ap:false
02-22 02:05:30.008 I/hpplay-java( 2708): [main]:ServerTaskManager:get local ip:null
02-22 02:05:30.504 I/mpu_uart( 644): [MSG-P:RECV]:No message received in 1000 ms
02-22 02:05:30.683 E/tlogd ( 1270): [TzLogger](isPathReadable) file /sys/kernel/debug/tzdbg/qsee_log isn't exist or no permission, err: No such file or directory
02-22 02:05:30.683 E/tlogd ( 1270): [TzLogger](saveTzlogAsync) /sys/kernel/debug/tzdbg/qsee_log can not read.
02-22 02:05:30.683 E/tlogd ( 1270): [TzLogger](isPathReadable) file /sys/kernel/debug/tzdbg/log isn't exist or no permission, err: No such file or directory
02-22 02:05:30.683 E/tlogd ( 1270): [TzLogger](saveTzlogAsync) /sys/kernel/debug/tzdbg/log can not read.
02-22 02:05:31.009 W/hpplay-java( 2708): [main]:IPManager:getActiveNets invalid networkInfo:null
02-22 02:05:31.009 I/hpplay-java( 2708): [main]:IPManager:getActiveNets eth0:false wifi:false mobile:false ap:false
02-22 02:05:31.009 I/hpplay-java( 2708): [main]:ServerTaskManager:get local ip:null
02-22 02:05:31.504 I/mpu_uart( 644): [MSG-P:RECV]:No message received in 1000 ms
02-22 02:05:31.751 I/mpu_uart( 644): [MSG-P:R]:recv sync frame timeout
02-22 02:05:32.011 W/hpplay-java( 2708): [main]:IPManager:getActiveNets invalid networkInfo:null
02-22 02:05:32.011 I/hpplay-java( 2708): [main]:IPManager:getActiveNets eth0:false wifi:false mobile:false ap:false
02-22 02:05:32.011 I/hpplay-java( 2708): [main]:ServerTaskManager:get local ip:null
02-22 02:05:32.504 I/mpu_uart( 644): [MSG-P:RECV]:No message received in 1000 ms
02-22 02:05:33.013 W/hpplay-java( 2708): [main]:IPManager:getActiveNets invalid networkInfo:null
02-22 02:05:33.013 I/hpplay-java( 2708): [main]:IPManager:getActiveNets eth0:false wifi:false mobile:false ap:false
02-22 02:05:33.014 I/hpplay-java( 2708): [main]:ServerTaskManager:get local ip:null
01-01 12:53:21.173 E/DTC_ETH,link_delay_work_func( 0): 3003, SQI=0, link=0
02-22 02:05:33.504 I/mpu_uart( 644): [MSG-P:RECV]:No message received in 1000 ms
02-22 02:05:34.016 W/hpplay-java( 2708): [main]:IPManager:getActiveNets invalid networkInfo:null
02-22 02:05:34.016 I/hpplay-java( 2708): [main]:IPManager:getActiveNets eth0:false wifi:false mobile:false ap:false
02-22 02:05:34.016 I/hpplay-java( 2708): [main]:ServerTaskManager:get local ip:null
02-22 02:05:34.505 I/mpu_uart( 644): [MSG-P:RECV]:No message received in 1000 ms
02-22 02:05:34.746 D/RemoteControlService( 2307): startVlanDispatchThread
02-22 02:05:34.754 I/mpu_uart( 644): [MSG-P:R]:recv sync frame timeout
02-22 02:05:35.018 W/hpplay-java( 2708): [main]:IPManager:getActiveNets invalid networkInfo:null
02-22 02:05:35.018 I/hpplay-java( 2708): [main]:IPManager:getActiveNets eth0:false wifi:false mobile:false ap:false
02-22 02:05:35.018 I/hpplay-java( 2708): [main]:ServerTaskManager:get local ip:null
02-22 02:05:35.505 I/mpu_uart( 644): [MSG-P:RECV]:No message received in 1000 ms
02-22 02:05:35.684 E/tlogd ( 1270): [TzLogger](isPathReadable) file /sys/kernel/debug/tzdbg/qsee_log isn't exist or no permission, err: No such file or directory
02-22 02:05:35.684 E/tlogd ( 1270): [TzLogger](saveTzlogAsync) /sys/kernel/debug/tzdbg/qsee_log can not read.
02-22 02:05:35.684 E/tlogd ( 1270): [TzLogger](isPathReadable) file /sys/kernel/debug/tzdbg/log isn't exist or no permission, err: No such file or directory
02-22 02:05:35.684 E/tlogd ( 1270): [TzLogger](saveTzlogAsync) /sys/kernel/debug/tzdbg/log can not read.
02-22 02:05:36.020 W/hpplay-java( 2708): [main]:IPManager:getActiveNets invalid networkInfo:null
02-22 02:05:36.020 I/hpplay-java( 2708): [main]:IPManager:getActiveNets eth0:false wifi:false mobile:false ap:false
02-22 02:05:36.020 I/hpplay-java( 2708): [main]:ServerTaskManager:get local ip:null
02-22 02:05:36.505 I/mpu_uart( 644): [MSG-P:RECV]:No message received in 1000 ms
02-22 02:05:37.004 I/selfinstaller( 1191): create socket failed: Network is unreachable 101
02-22 02:05:37.022 W/hpplay-java( 2708): [main]:IPManager:getActiveNets invalid networkInfo:null
02-22 02:05:37.022 I/hpplay-java( 2708): [main]:IPManager:getActiveNets eth0:false wifi:false mobile:false ap:false
02-22 02:05:37.022 I/hpplay-java( 2708): [main]:ServerTaskManager:get local ip:null
02-22 02:05:37.505 I/mpu_uart( 644): [MSG-P:RECV]:No message received in 1000 ms
02-22 02:05:37.758 I/mpu_uart( 644): [MSG-P:R]:recv sync frame timeout
02-22 02:05:38.024 W/hpplay-java( 2708): [main]:IPManager:getActiveNets invalid networkInfo:null
02-22 02:05:38.024 I/hpplay-java( 2708): [main]:IPManager:getActiveNets eth0:false wifi:false mobile:false ap:false
02-22 02:05:38.024 I/hpplay-java( 2708): [main]:ServerTaskManager:get local ip:null
01-01 12:53:26.293 E/DTC_ETH,link_delay_work_func( 0): 3003, SQI=0, link=0
02-22 02:05:38.505 I/mpu_uart( 644): [MSG-P:RECV]:No message received in 1000 ms
02-22 02:05:39.026 W/hpplay-java( 2708): [main]:IPManager:getActiveNets invalid networkInfo:null
02-22 02:05:39.026 I/hpplay-java( 2708): [main]:IPManager:getActiveNets eth0:false wifi:false mobile:false ap:false
02-22 02:05:39.026 I/hpplay-java( 2708): [main]:ServerTaskManager:get local ip:null
02-22 02:05:39.506 I/mpu_uart( 644): [MSG-P:RECV]:No message received in 1000 ms
02-22 02:05:39.755 D/RemoteControlService( 2307): startVlanDispatchThread
02-22 02:05:40.027 W/hpplay-java( 2708): [main]:IPManager:getActiveNets invalid networkInfo:null
02-22 02:05:40.027 I/hpplay-java( 2708): [main]:IPManager:getActiveNets eth0:false wifi:false mobile:false ap:false
02-22 02:05:40.027 I/hpplay-java( 2708): [main]:ServerTaskManager:get local ip:null
02-22 02:05:40.506 I/mpu_uart( 644): [MSG-P:RECV]:No message received in 1000 ms
02-22 02:05:40.684 E/tlogd ( 1270): [TzLogger](isPathReadable) file /sys/kernel/debug/tzdbg/qsee_log isn't exist or no permission, err: No such file or directory
02-22 02:05:40.685 E/tlogd ( 1270): [TzLogger](saveTzlogAsync) /sys/kernel/debug/tzdbg/qsee_log can not read.
02-22 02:05:40.685 E/tlogd ( 1270): [TzLogger](isPathReadable) file /sys/kernel/debug/tzdbg/log isn't exist or no permission, err: No such file or directory
02-22 02:05:40.685 E/tlogd ( 1270): [TzLogger](saveTzlogAsync) /sys/kernel/debug/tzdbg/log can not read.
02-22 02:05:40.761 I/mpu_uart( 644): [MSG-P:R]:recv sync frame timeout
02-22 02:05:41.029 W/hpplay-java( 2708): [main]:IPManager:getActiveNets invalid networkInfo:null
02-22 02:05:41.029 I/hpplay-java( 2708): [main]:IPManager:getActiveNets eth0:false wifi:false mobile:false ap:false
02-22 02:05:41.029 I/hpplay-java( 2708): [main]:ServerTaskManager:get local ip:null
02-22 02:05:41.506 I/mpu_uart( 644): [MSG-P:RECV]:No message received in 1000 ms
02-22 02:05:42.031 W/hpplay-java( 2708): [main]:IPManager:getActiveNets invalid networkInfo:null
02-22 02:05:42.031 I/hpplay-java( 2708): [main]:IPManager:getActiveNets eth0:false wifi:false mobile:false ap:false
02-22 02:05:42.031 I/hpplay-java( 2708): [main]:ServerTaskManager:get local ip:null
02-22 02:05:42.506 I/mpu_uart( 644): [MSG-P:RECV]:No message received in 1000 ms
02-22 02:05:43.033 W/hpplay-java( 2708): [main]:IPManager:getActiveNets invalid networkInfo:null
02-22 02:05:43.033 I/hpplay-java( 2708): [main]:IPManager:getActiveNets eth0:false wifi:false mobile:false ap:false
02-22 02:05:43.033 I/hpplay-java( 2708): [main]:ServerTaskManager:get local ip:null
01-01 12:53:31.413 E/DTC_ETH,link_delay_work_func( 0): 3003, SQI=0, link=0
02-22 02:05:43.506 I/mpu_uart( 644): [MSG-P:RECV]:No message received in 1000 ms
02-22 02:05:43.764 I/mpu_uart( 644): [MSG-P:R]:recv sync frame timeout
02-22 02:05:44.035 W/hpplay-java( 2708): [main]:IPManager:getActiveNets invalid networkInfo:null
02-22 02:05:44.035 I/hpplay-java( 2708): [main]:IPManager:getActiveNets eth0:false wifi:false mobile:false ap:false
02-22 02:05:44.035 I/hpplay-java( 2708): [main]:ServerTaskManager:get local ip:null
02-22 02:05:44.507 I/mpu_uart( 644): [MSG-P:RECV]:No message received in 1000 ms
02-22 02:05:44.763 D/RemoteControlService( 2307): startVlanDispatchThread
02-22 02:05:45.037 W/hpplay-java( 2708): [main]:IPManager:getActiveNets invalid networkInfo:null
02-22 02:05:45.037 I/hpplay-java( 2708): [main]:IPManager:getActiveNets eth0:false wifi:false mobile:false ap:false
02-22 02:05:45.038 I/hpplay-java( 2708): [main]:ServerTaskManager:get local ip:null
02-22 02:05:45.507 I/mpu_uart( 644): [MSG-P:RECV]:No message received in 1000 ms
02-22 02:05:45.685 E/tlogd ( 1270): [TzLogger](isPathReadable) file /sys/kernel/debug/tzdbg/qsee_log isn't exist or no permission, err: No such file or directory
02-22 02:05:45.685 E/tlogd ( 1270): [TzLogger](saveTzlogAsync) /sys/kernel/debug/tzdbg/qsee_log can not read.
02-22 02:05:45.685 E/tlogd ( 1270): [TzLogger](isPathReadable) file /sys/kernel/debug/tzdbg/log isn't exist or no permission, err: No such file or directory
02-22 02:05:45.685 E/tlogd ( 1270): [TzLogger](saveTzlogAsync) /sys/kernel/debug/tzdbg/log can not read.
02-22 02:05:46.039 W/hpplay-java( 2708): [main]:IPManager:getActiveNets invalid networkInfo:null
02-22 02:05:46.039 I/hpplay-java( 2708): [main]:IPManager:getActiveNets eth0:false wifi:false mobile:false ap:false
02-22 02:05:46.040 I/hpplay-java( 2708): [main]:ServerTaskManager:get local ip:null
02-22 02:05:46.507 I/mpu_uart( 644): [MSG-P:RECV]:No message received in 1000 ms
02-22 02:05:46.768 I/mpu_uart( 644): [MSG-P:R]:recv sync frame timeout
02-22 02:05:47.041 W/hpplay-java( 2708): [main]:IPManager:getActiveNets invalid networkInfo:null
02-22 02:05:47.042 I/hpplay-java( 2708): [main]:IPManager:getActiveNets eth0:false wifi:false mobile:false ap:false
02-22 02:05:47.042 I/hpplay-java( 2708): [main]:ServerTaskManager:get local ip:null
02-22 02:05:47.507 I/mpu_uart( 644): [MSG-P:RECV]:No message received in 1000 ms
02-22 02:05:48.043 W/hpplay-java( 2708): [main]:IPManager:getActiveNets invalid networkInfo:null
02-22 02:05:48.043 I/hpplay-java( 2708): [main]:IPManager:getActiveNets eth0:false wifi:false mobile:false ap:false
02-22 02:05:48.043 I/hpplay-java( 2708): [main]:ServerTaskManager:get local ip:null
01-01 12:53:36.533 E/DTC_ETH,link_delay_work_func( 0): 3003, SQI=0, link=0
02-22 02:05:48.507 I/mpu_uart( 644): [MSG-P:RECV]:No message received in 1000 ms
02-22 02:05:49.045 W/hpplay-java( 2708): [main]:IPManager:getActiveNets invalid networkInfo:null
02-22 02:05:49.046 I/hpplay-java( 2708): [main]:IPManager:getActiveNets eth0:false wifi:false mobile:false ap:false
02-22 02:05:49.046 I/hpplay-java( 2708): [main]:ServerTaskManager:get local ip:null
02-22 02:05:49.508 I/mpu_uart( 644): [MSG-P:RECV]:No message received in 1000 ms
02-22 02:05:49.771 I/mpu_uart( 644): [MSG-P:R]:recv sync frame timeout
02-22 02:05:49.772 D/RemoteControlService( 2307): startVlanDispatchThread
02-22 02:05:50.048 W/hpplay-java( 2708): [main]:IPManager:getActiveNets invalid networkInfo:null
02-22 02:05:50.048 I/hpplay-java( 2708): [main]:IPManager:getActiveNets eth0:false wifi:false mobile:false ap:false
02-22 02:05:50.048 I/hpplay-java( 2708): [main]:ServerTaskManager:get local ip:null
02-22 02:05:50.508 I/mpu_uart( 644): [MSG-P:RECV]:No message received in 1000 ms
02-22 02:05:50.686 E/tlogd ( 1270): [TzLogger](isPathReadable) file /sys/kernel/debug/tzdbg/qsee_log isn't exist or no permission, err: No such file or directory
02-22 02:05:50.686 E/tlogd ( 1270): [TzLogger](saveTzlogAsync) /sys/kernel/debug/tzdbg/qsee_log can not read.
02-22 02:05:50.686 E/tlogd ( 1270): [TzLogger](isPathReadable) file /sys/kernel/debug/tzdbg/log isn't exist or no permission, err: No such file or directory
02-22 02:05:50.686 E/tlogd ( 1270): [TzLogger](saveTzlogAsync) /sys/kernel/debug/tzdbg/log can not read.
02-22 02:05:51.050 W/hpplay-java( 2708): [main]:IPManager:getActiveNets invalid networkInfo:null
02-22 02:05:51.050 I/hpplay-java( 2708): [main]:IPManager:getActiveNets eth0:false wifi:false mobile:false ap:false
02-22 02:05:51.050 I/hpplay-java( 2708): [main]:ServerTaskManager:get local ip:null
02-22 02:05:51.508 I/mpu_uart( 644): [MSG-P:RECV]:No message received in 1000 ms
02-22 02:05:52.052 W/hpplay-java( 2708): [main]:IPManager:getActiveNets invalid networkInfo:null
02-22 02:05:52.052 I/hpplay-java( 2708): [main]:IPManager:getActiveNets eth0:false wifi:false mobile:false ap:false
02-22 02:05:52.052 I/hpplay-java( 2708): [main]:ServerTaskManager:get local ip:null
02-22 02:05:52.508 I/mpu_uart( 644): [MSG-P:RECV]:No message received in 1000 ms
02-22 02:05:52.775 I/mpu_uart( 644): [MSG-P:R]:recv sync frame timeout
02-22 02:05:53.054 W/hpplay-java( 2708): [main]:IPManager:getActiveNets invalid networkInfo:null
02-22 02:05:53.054 I/hpplay-java( 2708): [main]:IPManager:getActiveNets eth0:false wifi:false mobile:false ap:false
02-22 02:05:53.054 I/hpplay-java( 2708): [main]:ServerTaskManager:get local ip:null
02-22 02:05:53.508 I/mpu_uart( 644): [MSG-P:RECV]:No message received in 1000 ms
01-01 12:53:41.653 E/DTC_ETH,link_delay_work_func( 0): 3003, SQI=0, link=0
02-22 02:05:54.056 W/hpplay-java( 2708): [main]:IPManager:getActiveNets invalid networkInfo:null
02-22 02:05:54.056 I/hpplay-java( 2708): [main]:IPManager:getActiveNets eth0:false wifi:false mobile:false ap:false
02-22 02:05:54.056 I/hpplay-java( 2708): [main]:ServerTaskManager:get local ip:null
02-22 02:05:54.509 I/mpu_uart( 644): [MSG-P:RECV]:No message received in 1000 ms
02-22 02:05:54.780 D/RemoteControlService( 2307): startVlanDispatchThread
02-22 02:05:55.058 W/hpplay-java( 2708): [main]:IPManager:getActiveNets invalid networkInfo:null
02-22 02:05:55.058 I/hpplay-java( 2708): [main]:IPManager:getActiveNets eth0:false wifi:false mobile:false ap:false
02-22 02:05:55.058 I/hpplay-java( 2708): [main]:ServerTaskManager:get local ip:null
02-22 02:05:55.509 I/mpu_uart( 644): [MSG-P:RECV]:No message received in 1000 ms
02-22 02:05:55.686 E/tlogd ( 1270): [TzLogger](isPathReadable) file /sys/kernel/debug/tzdbg/qsee_log isn't exist or no permission, err: No such file or directory
02-22 02:05:55.686 E/tlogd ( 1270): [TzLogger](saveTzlogAsync) /sys/kernel/debug/tzdbg/qsee_log can not read.
02-22 02:05:55.686 E/tlogd ( 1270): [TzLogger](isPathReadable) file /sys/kernel/debug/tzdbg/log isn't exist or no permission, err: No such file or directory
02-22 02:05:55.686 E/tlogd ( 1270): [TzLogger](saveTzlogAsync) /sys/kernel/debug/tzdbg/log can not read.
02-22 02:05:55.778 I/mpu_uart( 644): [MSG-P:R]:recv sync frame timeout
02-22 02:05:56.060 W/hpplay-java( 2708): [main]:IPManager:getActiveNets invalid networkInfo:null
02-22 02:05:56.060 I/hpplay-java( 2708): [main]:IPManager:getActiveNets eth0:false wifi:false mobile:false ap:false
02-22 02:05:56.060 I/hpplay-java( 2708): [main]:ServerTaskManager:get local ip:null
02-22 02:05:56.509 I/mpu_uart( 644): [MSG-P:RECV]:No message received in 1000 ms
02-22 02:05:57.054 I/ScreenSaver_12( 3965): [PeriodicCallbackModel] Executing periodic callback for MINUTE because the period ended
02-22 02:05:57.062 W/hpplay-java( 2708): [main]:IPManager:getActiveNets invalid networkInfo:null
02-22 02:05:57.062 I/hpplay-java( 2708): [main]:IPManager:getActiveNets eth0:false wifi:false mobile:false ap:false
02-22 02:05:57.062 I/hpplay-java( 2708): [main]:ServerTaskManager:get local ip:null
02-22 02:05:57.509 I/mpu_uart( 644): [MSG-P:RECV]:No message received in 1000 ms
02-22 02:05:58.064 W/hpplay-java( 2708): [main]:IPManager:getActiveNets invalid networkInfo:null
02-22 02:05:58.064 I/hpplay-java( 2708): [main]:IPManager:getActiveNets eth0:false wifi:false mobile:false ap:false
02-22 02:05:58.064 I/hpplay-java( 2708): [main]:ServerTaskManager:get local ip:null
02-22 02:05:58.510 I/mpu_uart( 644): [MSG-P:RECV]:No message received in 1000 ms
01-01 12:53:46.773 E/DTC_ETH,link_delay_work_func( 0): 3003, SQI=0, link=0
02-22 02:05:58.781 I/mpu_uart( 644): [MSG-P:R]:recv sync frame timeout
02-22 02:05:59.067 W/hpplay-java( 2708): [main]:IPManager:getActiveNets invalid networkInfo:null
02-22 02:05:59.067 I/hpplay-java( 2708): [main]:IPManager:getActiveNets eth0:false wifi:false mobile:false ap:false
02-22 02:05:59.067 I/hpplay-java( 2708): [main]:ServerTaskManager:get local ip:null
02-22 02:05:59.510 I/mpu_uart( 644): [MSG-P:RECV]:No message received in 1000 ms
02-22 02:05:59.788 D/RemoteControlService( 2307): startVlanDispatchThread
02-22 02:06:00.007 D/KeyguardUpdateMonitor( 1966): received broadcast android.intent.action.TIME_TICK
02-22 02:06:00.011 D/KeyguardUpdateMonitor( 1966): handleTimeUpdate
02-22 02:06:00.069 W/hpplay-java( 2708): [main]:IPManager:getActiveNets invalid networkInfo:null
02-22 02:06:00.070 I/hpplay-java( 2708): [main]:IPManager:getActiveNets eth0:false wifi:false mobile:false ap:false
02-22 02:06:00.070 I/hpplay-java( 2708): [main]:ServerTaskManager:get local ip:null
02-22 02:06:00.510 I/mpu_uart( 644): [MSG-P:RECV]:No message received in 1000 ms
02-22 02:06:00.686 E/tlogd ( 1270): [TzLogger](isPathReadable) file /sys/kernel/debug/tzdbg/qsee_log isn't exist or no permission, err: No such file or directory
02-22 02:06:00.686 E/tlogd ( 1270): [TzLogger](saveTzlogAsync) /sys/kernel/debug/tzdbg/qsee_log can not read.
02-22 02:06:00.687 E/tlogd ( 1270): [TzLogger](isPathReadable) file /sys/kernel/debug/tzdbg/log isn't exist or no permission, err: No such file or directory
02-22 02:06:00.687 E/tlogd ( 1270): [TzLogger](saveTzlogAsync) /sys/kernel/debug/tzdbg/log can not read.
02-22 02:06:01.072 W/hpplay-java( 2708): [main]:IPManager:getActiveNets invalid networkInfo:null
02-22 02:06:01.072 I/hpplay-java( 2708): [main]:IPManager:getActiveNets eth0:false wifi:false mobile:false ap:false
02-22 02:06:01.072 I/hpplay-java( 2708): [main]:ServerTaskManager:get local ip:null
02-22 02:06:01.510 I/mpu_uart( 644): [MSG-P:RECV]:No message received in 1000 ms
02-22 02:06:01.784 I/mpu_uart( 644): [MSG-P:R]:recv sync frame timeout
02-22 02:06:02.074 W/hpplay-java( 2708): [main]:IPManager:getActiveNets invalid networkInfo:null
02-22 02:06:02.075 I/hpplay-java( 2708): [main]:IPManager:getActiveNets eth0:false wifi:false mobile:false ap:false
02-22 02:06:02.075 I/hpplay-java( 2708): [main]:ServerTaskManager:get local ip:null
02-22 02:06:02.510 I/mpu_uart( 644): [MSG-P:RECV]:No message received in 1000 ms
02-22 02:06:03.077 W/hpplay-java( 2708): [main]:IPManager:getActiveNets invalid networkInfo:null
02-22 02:06:03.077 I/hpplay-java( 2708): [main]:IPManager:getActiveNets eth0:false wifi:false mobile:false ap:false
02-22 02:06:03.077 I/hpplay-java( 2708): [main]:ServerTaskManager:get local ip:null
02-22 02:06:03.511 I/mpu_uart( 644): [MSG-P:RECV]:No message received in 1000 ms
01-01 12:53:51.893 E/DTC_ETH,link_delay_work_func( 0): 3003, SQI=0, link=0
02-22 02:06:04.079 W/hpplay-java( 2708): [main]:IPManager:getActiveNets invalid networkInfo:null
02-22 02:06:04.080 I/hpplay-java( 2708): [main]:IPManager:getActiveNets eth0:false wifi:false mobile:false ap:false
02-22 02:06:04.080 I/hpplay-java( 2708): [main]:ServerTaskManager:get local ip:null
02-22 02:06:04.511 I/mpu_uart( 644): [MSG-P:RECV]:No message received in 1000 ms
02-22 02:06:04.787 I/mpu_uart( 644): [MSG-P:R]:recv sync frame timeout
02-22 02:06:04.801 D/RemoteControlService( 2307): startVlanDispatchThread
02-22 02:06:05.082 W/hpplay-java( 2708): [main]:IPManager:getActiveNets invalid networkInfo:null
02-22 02:06:05.082 I/hpplay-java( 2708): [main]:IPManager:getActiveNets eth0:false wifi:false mobile:false ap:false
02-22 02:06:05.082 I/hpplay-java( 2708): [main]:ServerTaskManager:get local ip:null
02-22 02:06:05.511 I/mpu_uart( 644): [MSG-P:RECV]:No message received in 1000 ms
02-22 02:06:05.687 E/tlogd ( 1270): [TzLogger](isPathReadable) file /sys/kernel/debug/tzdbg/qsee_log isn't exist or no permission, err: No such file or directory
02-22 02:06:05.687 E/tlogd ( 1270): [TzLogger](saveTzlogAsync) /sys/kernel/debug/tzdbg/qsee_log can not read.
02-22 02:06:05.687 E/tlogd ( 1270): [TzLogger](isPathReadable) file /sys/kernel/debug/tzdbg/log isn't exist or no permission, err: No such file or directory
02-22 02:06:05.687 E/tlogd ( 1270): [TzLogger](saveTzlogAsync) /sys/kernel/debug/tzdbg/log can not read.
02-22 02:06:06.084 W/hpplay-java( 2708): [main]:IPManager:getActiveNets invalid networkInfo:null
02-22 02:06:06.084 I/hpplay-java( 2708): [main]:IPManager:getActiveNets eth0:false wifi:false mobile:false ap:false
02-22 02:06:06.084 I/hpplay-java( 2708): [main]:ServerTaskManager:get local ip:null
02-22 02:06:06.511 I/mpu_uart( 644): [MSG-P:RECV]:No message received in 1000 ms
02-22 02:06:07.018 I/selfinstaller( 1191): create socket failed: Network is unreachable 101
02-22 02:06:07.086 W/hpplay-java( 2708): [main]:IPManager:getActiveNets invalid networkInfo:null
02-22 02:06:07.086 I/hpplay-java( 2708): [main]:IPManager:getActiveNets eth0:false wifi:false mobile:false ap:false
02-22 02:06:07.086 I/hpplay-java( 2708): [main]:ServerTaskManager:get local ip:null
02-22 02:06:07.511 I/mpu_uart( 644): [MSG-P:RECV]:No message received in 1000 ms
02-22 02:06:07.791 I/mpu_uart( 644): [MSG-P:R]:recv sync frame timeout
02-22 02:06:08.088 W/hpplay-java( 2708): [main]:IPManager:getActiveNets invalid networkInfo:null
02-22 02:06:08.088 I/hpplay-java( 2708): [main]:IPManager:getActiveNets eth0:false wifi:false mobile:false ap:false
02-22 02:06:08.088 I/hpplay-java( 2708): [main]:ServerTaskManager:get local ip:null
02-22 02:06:08.512 I/mpu_uart( 644): [MSG-P:RECV]:No message received in 1000 ms
01-01 12:53:57.013 E/DTC_ETH,link_delay_work_func( 0): 3003, SQI=0, link=0
02-22 02:06:09.090 W/hpplay-java( 2708): [main]:IPManager:getActiveNets invalid networkInfo:null
02-22 02:06:09.090 I/hpplay-java( 2708): [main]:IPManager:getActiveNets eth0:false wifi:false mobile:false ap:false
02-22 02:06:09.090 I/hpplay-java( 2708): [main]:ServerTaskManager:get local ip:null
02-22 02:06:09.512 I/mpu_uart( 644): [MSG-P:RECV]:No message received in 1000 ms
02-22 02:06:09.811 D/RemoteControlService( 2307): startVlanDispatchThread
02-22 02:06:10.092 W/hpplay-java( 2708): [main]:IPManager:getActiveNets invalid networkInfo:null
02-22 02:06:10.092 I/hpplay-java( 2708): [main]:IPManager:getActiveNets eth0:false wifi:false mobile:false ap:false
02-22 02:06:10.092 I/hpplay-java( 2708): [main]:ServerTaskManager:get local ip:null
