02-22 01:29:41.747 I/sysui_multi_action( 1966): [757,0,758,1,759,0,927,2,928,0,1593,0]
02-22 01:29:41.748 I/sysui_multi_action( 1966): [757,0,758,1,759,0,927,3,928,0,1593,0]
02-22 01:29:41.750 I/am_pss ( 1503): [4136,10068,com.android.deskclock,8713216,5996544,0,95842304,0,19,6]
02-22 01:29:41.801 W/FreeFormWindowHelper( 1503): Current Display FreeFormTask is null
01-01 12:17:30.773 E/DTC_ETH,link_delay_work_func( 0): 3003, SQI=0, link=0
02-22 01:29:43.859 I/input_interaction( 1503): Interaction with: 91ac81d NotificationShade (server), edge-swipe (server), swipe-up (server), PointerEventDispatcher0 (server),
02-22 01:29:44.322 I/GameModeConfig( 1503): isGameModeOn = false
02-22 01:29:44.322 I/GameModeConfig( 1503): isGameModeOn = false
02-22 01:29:44.322 I/GameModeConfig( 1503): isGameModeOn = false
02-22 01:29:44.323 I/GameModeConfig( 1503): isGameModeOn = false
02-22 01:29:44.324 I/notification_enqueue( 1503): [10078,1966,com.android.systemui,2048,NULL,0,Notification(channel=updateNotification shortcut=null contentView=null vibrate=null sound=null defaults=0x0 flags=0x0 color=0x00000000 vis=PRIVATE),1]
02-22 01:29:44.324 I/sysui_multi_action( 1966): [757,111,758,2]
02-22 01:29:44.325 I/sysui_multi_action( 1966): [757,111,758,2]
02-22 01:29:44.466 I/input_focus( 1503): [Focus request e3555c3 com.android.launcher3/com.android.launcher3.uioverrides.QuickstepLauncher,reason=UpdateInputWindows]
02-22 01:29:44.468 I/sysui_multi_action( 1503): [757,128,758,2,793,995487,794,2758,795,995487,796,26,798,0,806,android,857,DEVELOPER_IMPORTANT,858,4,947,0,1395,2,1500,995082,1688,1]
02-22 01:29:44.468 I/notification_visibility( 1503): [-1|android|26|null|1000,0,995487,995487,0,0]
02-22 01:29:44.469 I/sysui_multi_action( 1503): [757,128,758,2,793,996091,794,2759,795,996091,796,32,798,1,806,android,857,USB,858,1,947,0,1395,2,1500,996016,1688,1]
02-22 01:29:44.469 I/notification_visibility( 1503): [-1|android|32|null|1000,0,996091,996091,0,1]
02-22 01:29:44.469 I/sysui_multi_action( 1503): [757,127,758,2]
02-22 01:29:44.469 I/notification_panel_hidden( 1503):
02-22 01:29:44.489 I/input_focus( 1503): [Focus leaving 91ac81d NotificationShade (server),reason=NO_WINDOW]
02-22 01:29:44.489 I/input_focus( 1503): [Focus entering e3555c3 com.android.launcher3/com.android.launcher3.uioverrides.QuickstepLauncher (server),reason=setFocusedWindow]
02-22 01:29:44.526 I/GameModeConfig( 1503): isGameModeOn = false
02-22 01:29:44.600 I/input_interaction( 1503): Interaction with: a916dde StatusBar (server), edge-swipe (server), swipe-up (server), PointerEventDispatcher0 (server),
02-22 01:29:44.604 I/sysui_multi_action( 1966): [757,803,799,panel_open,802,1]
02-22 01:29:44.605 I/sysui_multi_action( 1966): [757,1328,758,4,1326,34,1327,2,1329,0]
02-22 01:29:44.645 I/sysui_multi_action( 1503): [757,127,758,1]
02-22 01:29:44.645 I/sysui_multi_action( 1503): [757,804,799,note_load,801,2,802,1]
02-22 01:29:44.645 I/notification_panel_revealed( 1503): 2
02-22 01:29:44.657 I/input_focus( 1503): [Focus request 91ac81d NotificationShade,reason=UpdateInputWindows]
02-22 01:29:44.674 I/input_focus( 1503): [Focus leaving e3555c3 com.android.launcher3/com.android.launcher3.uioverrides.QuickstepLauncher (server),reason=setFocusedWindow]
02-22 01:29:44.674 I/input_focus( 1503): [Focus entering 91ac81d NotificationShade (server),reason=setFocusedWindow]
02-22 01:29:44.721 I/sysui_multi_action( 1966): [757,111,758,1]
02-22 01:29:44.721 I/sysui_multi_action( 1966): [757,126,758,1,759,126,927,0,928,1,1593,0]
02-22 01:29:44.721 I/sysui_multi_action( 1966): [757,113,758,1,759,113,927,1,928,1,1593,0]
02-22 01:29:44.721 I/sysui_multi_action( 1966): [757,0,758,1,759,0,927,2,928,0,1593,0]
02-22 01:29:44.721 I/sysui_multi_action( 1966): [757,0,758,1,759,0,927,3,928,0,1593,0]
02-22 01:29:44.722 I/sysui_multi_action( 1966): [757,491,758,1,759,491,927,4,928,0,1311,-1,1593,0]
02-22 01:29:44.722 I/sysui_multi_action( 1966): [757,0,758,1,759,0,927,5,928,0,1593,0]
02-22 01:29:44.722 I/sysui_multi_action( 1966): [757,111,758,1]
02-22 01:29:44.722 I/sysui_multi_action( 1966): [757,126,758,1,759,126,927,0,928,1,1593,0]
02-22 01:29:44.722 I/sysui_multi_action( 1966): [757,113,758,1,759,113,927,1,928,1,1593,0]
02-22 01:29:44.722 I/sysui_multi_action( 1966): [757,0,758,1,759,0,927,2,928,0,1593,0]
02-22 01:29:44.723 I/sysui_multi_action( 1966): [757,0,758,1,759,0,927,3,928,0,1593,0]
02-22 01:29:44.907 I/sysui_multi_action( 1503): [757,128,758,1,793,995926,794,0,795,995926,796,26,798,0,806,android,857,DEVELOPER_IMPORTANT,858,4,947,0,1395,2,1500,995521,1688,1]
02-22 01:29:44.907 I/sysui_multi_action( 1503): [757,804,799,note_freshness,801,995926,802,1]
02-22 01:29:44.908 I/notification_visibility( 1503): [-1|android|26|null|1000,1,995926,995926,0,0]
02-22 01:29:44.908 I/sysui_multi_action( 1503): [757,128,758,1,793,996530,794,0,795,996530,796,32,798,1,806,android,857,USB,858,1,947,0,1395,2,1500,996455,1688,1]
02-22 01:29:44.909 I/sysui_multi_action( 1503): [757,804,799,note_freshness,801,996530,802,1]
02-22 01:29:44.909 I/notification_visibility( 1503): [-1|android|32|null|1000,1,996530,996530,0,1]
02-22 01:29:46.585 I/input_interaction( 1503): Interaction with: 91ac81d NotificationShade (server), edge-swipe (server), swipe-up (server), PointerEventDispatcher0 (server),
02-22 01:29:46.994 I/GameModeConfig( 1503): isGameModeOn = false
02-22 01:29:46.995 I/GameModeConfig( 1503): isGameModeOn = false
02-22 01:29:46.995 I/GameModeConfig( 1503): isGameModeOn = false
02-22 01:29:46.995 I/GameModeConfig( 1503): isGameModeOn = false
02-22 01:29:46.997 I/notification_enqueue( 1503): [10078,1966,com.android.systemui,2048,NULL,0,Notification(channel=updateNotification shortcut=null contentView=null vibrate=null sound=null defaults=0x0 flags=0x0 color=0x00000000 vis=PRIVATE),1]
02-22 01:29:46.997 I/sysui_multi_action( 1966): [757,111,758,2]
02-22 01:29:46.997 I/sysui_multi_action( 1966): [757,111,758,2]
01-01 12:17:35.069 E/msm_pcm_playback_close( 0): CMD_EOS failed, cmd_pending 0x8
02-22 01:29:47.141 I/input_focus( 1503): [Focus request e3555c3 com.android.launcher3/com.android.launcher3.uioverrides.QuickstepLauncher,reason=UpdateInputWindows]
02-22 01:29:47.147 I/sysui_multi_action( 1503): [757,128,758,2,793,998163,794,2237,795,998163,796,26,798,0,806,android,857,DEVELOPER_IMPORTANT,858,4,947,0,1395,2,1500,997758,1688,1]
02-22 01:29:47.148 I/notification_visibility( 1503): [-1|android|26|null|1000,0,998163,998163,0,0]
02-22 01:29:47.148 I/sysui_multi_action( 1503): [757,128,758,2,793,998770,794,2240,795,998770,796,32,798,1,806,android,857,USB,858,1,947,0,1395,2,1500,998695,1688,1]
02-22 01:29:47.149 I/notification_visibility( 1503): [-1|android|32|null|1000,0,998770,998770,0,1]
02-22 01:29:47.149 I/sysui_multi_action( 1503): [757,127,758,2]
02-22 01:29:47.149 I/notification_panel_hidden( 1503):
02-22 01:29:47.162 I/input_focus( 1503): [Focus leaving 91ac81d NotificationShade (server),reason=NO_WINDOW]
02-22 01:29:47.162 I/input_focus( 1503): [Focus entering e3555c3 com.android.launcher3/com.android.launcher3.uioverrides.QuickstepLauncher (server),reason=setFocusedWindow]
02-22 01:29:47.199 I/GameModeConfig( 1503): isGameModeOn = false
02-22 01:29:47.504 I/input_interaction( 1503): Interaction with: a916dde StatusBar (server), edge-swipe (server), swipe-up (server), PointerEventDispatcher0 (server),
02-22 01:29:47.507 I/sysui_multi_action( 1966): [757,803,799,panel_open,802,1]
02-22 01:29:47.509 I/sysui_multi_action( 1966): [757,1328,758,4,1326,42,1327,5,1329,0]
02-22 01:29:47.549 I/sysui_multi_action( 1503): [757,127,758,1]
02-22 01:29:47.550 I/sysui_multi_action( 1503): [757,804,799,note_load,801,2,802,1]
02-22 01:29:47.550 I/notification_panel_revealed( 1503): 2
02-22 01:29:47.563 I/input_focus( 1503): [Focus request 91ac81d NotificationShade,reason=UpdateInputWindows]
02-22 01:29:47.580 I/input_focus( 1503): [Focus leaving e3555c3 com.android.launcher3/com.android.launcher3.uioverrides.QuickstepLauncher (server),reason=setFocusedWindow]
02-22 01:29:47.580 I/input_focus( 1503): [Focus entering 91ac81d NotificationShade (server),reason=setFocusedWindow]
02-22 01:29:47.594 I/sysui_multi_action( 1966): [757,111,758,1]
02-22 01:29:47.595 I/sysui_multi_action( 1966): [757,126,758,1,759,126,927,0,928,1,1593,0]
02-22 01:29:47.595 I/sysui_multi_action( 1966): [757,113,758,1,759,113,927,1,928,1,1593,0]
02-22 01:29:47.595 I/sysui_multi_action( 1966): [757,0,758,1,759,0,927,2,928,0,1593,0]
02-22 01:29:47.595 I/sysui_multi_action( 1966): [757,0,758,1,759,0,927,3,928,0,1593,0]
02-22 01:29:47.595 I/sysui_multi_action( 1966): [757,491,758,1,759,491,927,4,928,0,1311,-1,1593,0]
02-22 01:29:47.595 I/sysui_multi_action( 1966): [757,0,758,1,759,0,927,5,928,0,1593,0]
02-22 01:29:47.596 I/sysui_multi_action( 1966): [757,111,758,1]
02-22 01:29:47.596 I/sysui_multi_action( 1966): [757,126,758,1,759,126,927,0,928,1,1593,0]
02-22 01:29:47.596 I/sysui_multi_action( 1966): [757,113,758,1,759,113,927,1,928,1,1593,0]
02-22 01:29:47.596 I/sysui_multi_action( 1966): [757,0,758,1,759,0,927,2,928,0,1593,0]
02-22 01:29:47.596 I/sysui_multi_action( 1966): [757,0,758,1,759,0,927,3,928,0,1593,0]
02-22 01:29:47.641 I/sysui_multi_action( 1503): [757,128,758,1,793,998660,794,0,795,998660,796,26,798,0,806,android,857,DEVELOPER_IMPORTANT,858,4,947,0,1395,2,1500,998255,1688,1]
02-22 01:29:47.642 I/sysui_multi_action( 1503): [757,804,799,note_freshness,801,998660,802,1]
02-22 01:29:47.642 I/notification_visibility( 1503): [-1|android|26|null|1000,1,998660,998660,0,0]
02-22 01:29:47.643 I/sysui_multi_action( 1503): [757,128,758,1,793,999265,794,0,795,999265,796,32,798,1,806,android,857,USB,858,1,947,0,1395,2,1500,999190,1688,1]
02-22 01:29:47.643 I/sysui_multi_action( 1503): [757,804,799,note_freshness,801,999265,802,1]
02-22 01:29:47.643 I/notification_visibility( 1503): [-1|android|32|null|1000,1,999265,999265,0,1]
02-22 01:29:47.780 I/am_pss ( 1503): [4132,1000,com.android.settings,155250688,133263360,0,303566848,0,16,14]
01-01 12:17:35.893 E/DTC_ETH,link_delay_work_func( 0): 3003, SQI=0, link=0
02-22 01:29:48.371 I/am_uid_idle( 1503): 10047
01-01 12:17:41.013 E/DTC_ETH,link_delay_work_func( 0): 3003, SQI=0, link=0
02-22 01:29:54.556 I/GameModeConfig( 1503): isGameModeOn = false
02-22 01:29:55.103 I/am_uid_idle( 1503): 10086
02-22 01:29:57.006 I/GameModeConfig( 1503): isGameModeOn = false
02-22 01:29:57.199 I/GameModeConfig( 1503): isGameModeOn = false
01-01 12:17:45.309 E/msm_pcm_playback_close( 0): CMD_EOS failed, cmd_pending 0x8
01-01 12:17:46.133 E/DTC_ETH,link_delay_work_func( 0): 3003, SQI=0, link=0
01-01 12:17:51.254 E/DTC_ETH,link_delay_work_func( 0): 3003, SQI=0, link=0
01-01 12:17:55.549 E/msm_pcm_playback_close( 0): CMD_EOS failed, cmd_pending 0x8
02-22 01:30:08.045 I/input_interaction( 1503): Interaction with: 91ac81d NotificationShade (server), edge-swipe (server), swipe-up (server), PointerEventDispatcher0 (server),
01-01 12:17:56.373 E/DTC_ETH,link_delay_work_func( 0): 3003, SQI=0, link=0
02-22 01:30:09.242 I/GameModeConfig( 1503): isGameModeOn = false
02-22 01:30:09.242 I/GameModeConfig( 1503): isGameModeOn = false
02-22 01:30:09.242 I/GameModeConfig( 1503): isGameModeOn = false
02-22 01:30:09.242 I/GameModeConfig( 1503): isGameModeOn = false
02-22 01:30:09.248 I/am_pss ( 1503): [4140,10087,com.android.music,36359168,27623424,0,164028416,0,10,10]
02-22 01:30:09.261 I/am_pss ( 1503): [4132,1000,com.android.settings,155250688,133263360,0,303566848,0,16,12]
02-22 01:30:09.267 I/am_pss ( 1503): [4383,10024,com.android.musicfx,5818368,3870720,0,89673728,0,19,5]
02-22 01:30:09.294 I/notification_enqueue( 1503): [10087,4140,com.android.music,1,NULL,0,Notification(channel=Channel-music shortcut=null contentView=null vibrate=null sound=null defaults=0x0 flags=0x0 color=0x00000000 category=transport actions=4 vis=PRIVATE),1]
02-22 01:30:09.301 I/snet_event_log( 1503): [172655291,-1,]
02-22 01:30:09.497 I/GameModeConfig( 1503): isGameModeOn = false
02-22 01:30:11.381 I/GameModeConfig( 1503): isGameModeOn = false
02-22 01:30:11.381 I/GameModeConfig( 1503): isGameModeOn = false
02-22 01:30:11.381 I/GameModeConfig( 1503): isGameModeOn = false
02-22 01:30:11.381 I/GameModeConfig( 1503): isGameModeOn = false
02-22 01:30:11.430 I/notification_enqueue( 1503): [10087,4140,com.android.music,1,NULL,0,Notification(channel=Channel-music shortcut=null contentView=null vibrate=null sound=null defaults=0x0 flags=0x2 color=0x00000000 category=transport actions=4 vis=PRIVATE),1]
02-22 01:30:11.633 I/GameModeConfig( 1503): isGameModeOn = false
02-22 01:30:12.551 I/GameModeConfig( 1503): isGameModeOn = false
02-22 01:30:12.551 I/GameModeConfig( 1503): isGameModeOn = false
02-22 01:30:12.551 I/GameModeConfig( 1503): isGameModeOn = false
02-22 01:30:12.551 I/GameModeConfig( 1503): isGameModeOn = false
02-22 01:30:12.602 I/notification_enqueue( 1503): [10087,4140,com.android.music,1,NULL,0,Notification(channel=Channel-music shortcut=null contentView=null vibrate=null sound=null defaults=0x0 flags=0x0 color=0x00000000 category=transport actions=4 vis=PRIVATE),1]
02-22 01:30:12.608 I/snet_event_log( 1503): [172655291,-1,]
02-22 01:30:12.805 I/GameModeConfig( 1503): isGameModeOn = false
01-01 12:18:01.493 E/DTC_ETH,link_delay_work_func( 0): 3003, SQI=0, link=0
02-22 01:30:15.257 I/GameModeConfig( 1503): isGameModeOn = false
02-22 01:30:15.257 I/GameModeConfig( 1503): isGameModeOn = false
02-22 01:30:15.257 I/GameModeConfig( 1503): isGameModeOn = false
02-22 01:30:15.257 I/GameModeConfig( 1503): isGameModeOn = false
02-22 01:30:15.313 I/notification_enqueue( 1503): [10087,4140,com.android.music,1,NULL,0,Notification(channel=Channel-music shortcut=null contentView=null vibrate=null sound=null defaults=0x0 flags=0x2 color=0x00000000 category=transport actions=4 vis=PRIVATE),1]
02-22 01:30:15.516 I/GameModeConfig( 1503): isGameModeOn = false
02-22 01:30:16.530 I/GameModeConfig( 1503): isGameModeOn = false
02-22 01:30:16.530 I/GameModeConfig( 1503): isGameModeOn = false
02-22 01:30:16.530 I/GameModeConfig( 1503): isGameModeOn = false
02-22 01:30:16.530 I/GameModeConfig( 1503): isGameModeOn = false
02-22 01:30:16.583 I/notification_enqueue( 1503): [10087,4140,com.android.music,1,NULL,0,Notification(channel=Channel-music shortcut=null contentView=null vibrate=null sound=null defaults=0x0 flags=0x0 color=0x00000000 category=transport actions=4 vis=PRIVATE),1]
02-22 01:30:16.586 I/snet_event_log( 1503): [172655291,-1,]
02-22 01:30:16.785 I/GameModeConfig( 1503): isGameModeOn = false
02-22 01:30:17.621 I/GameModeConfig( 1503): isGameModeOn = false
02-22 01:30:17.621 I/GameModeConfig( 1503): isGameModeOn = false
02-22 01:30:17.621 I/GameModeConfig( 1503): isGameModeOn = false
02-22 01:30:17.621 I/GameModeConfig( 1503): isGameModeOn = false
02-22 01:30:17.674 I/notification_enqueue( 1503): [10087,4140,com.android.music,1,NULL,0,Notification(channel=Channel-music shortcut=null contentView=null vibrate=null sound=null defaults=0x0 flags=0x2 color=0x00000000 category=transport actions=4 vis=PRIVATE),1]
02-22 01:30:17.877 I/GameModeConfig( 1503): isGameModeOn = false
01-01 12:18:06.613 E/DTC_ETH,link_delay_work_func( 0): 3003, SQI=0, link=0
02-22 01:30:19.117 I/GameModeConfig( 1503): isGameModeOn = false
02-22 01:30:19.117 I/GameModeConfig( 1503): isGameModeOn = false
02-22 01:30:19.117 I/GameModeConfig( 1503): isGameModeOn = false
02-22 01:30:19.117 I/GameModeConfig( 1503): isGameModeOn = false
02-22 01:30:19.167 I/notification_enqueue( 1503): [10087,4140,com.android.music,1,NULL,0,Notification(channel=Channel-music shortcut=null contentView=null vibrate=null sound=null defaults=0x0 flags=0x2 color=0x00000000 category=transport actions=4 vis=PRIVATE),1]
02-22 01:30:19.370 I/GameModeConfig( 1503): isGameModeOn = false
02-22 01:30:21.815 I/GameModeConfig( 1503): isGameModeOn = false
02-22 01:30:21.815 I/GameModeConfig( 1503): isGameModeOn = false
02-22 01:30:21.815 I/GameModeConfig( 1503): isGameModeOn = false
02-22 01:30:21.815 I/GameModeConfig( 1503): isGameModeOn = false
02-22 01:30:21.863 I/notification_enqueue( 1503): [10087,4140,com.android.music,1,NULL,0,Notification(channel=Channel-music shortcut=null contentView=null vibrate=null sound=null defaults=0x0 flags=0x2 color=0x00000000 category=transport actions=4 vis=PRIVATE),1]
02-22 01:30:22.066 I/GameModeConfig( 1503): isGameModeOn = false
01-01 12:18:11.733 E/DTC_ETH,link_delay_work_func( 0): 3003, SQI=0, link=0
02-22 01:30:25.153 I/GameModeConfig( 1503): isGameModeOn = false
02-22 01:30:25.154 I/GameModeConfig( 1503): isGameModeOn = false
02-22 01:30:25.155 I/GameModeConfig( 1503): isGameModeOn = false
02-22 01:30:25.155 I/GameModeConfig( 1503): isGameModeOn = false
02-22 01:30:25.203 I/notification_enqueue( 1503): [10087,4140,com.android.music,1,NULL,0,Notification(channel=Channel-music shortcut=null contentView=null vibrate=null sound=null defaults=0x0 flags=0x2 color=0x00000000 category=transport actions=4 vis=PRIVATE),1]
02-22 01:30:25.405 I/GameModeConfig( 1503): isGameModeOn = false
01-01 12:18:16.853 E/DTC_ETH,link_delay_work_func( 0): 3003, SQI=0, link=0
02-22 01:30:32.390 I/GameModeConfig( 1503): isGameModeOn = false
02-22 01:30:32.390 I/GameModeConfig( 1503): isGameModeOn = false
02-22 01:30:32.391 I/GameModeConfig( 1503): isGameModeOn = false
02-22 01:30:32.391 I/GameModeConfig( 1503): isGameModeOn = false
02-22 01:30:32.441 I/notification_enqueue( 1503): [10087,4140,com.android.music,1,NULL,0,Notification(channel=Channel-music shortcut=null contentView=null vibrate=null sound=null defaults=0x0 flags=0x2 color=0x00000000 category=transport actions=4 vis=PRIVATE),1]
02-22 01:30:32.643 I/GameModeConfig( 1503): isGameModeOn = false
02-22 01:30:33.569 I/GameModeConfig( 1503): isGameModeOn = false
02-22 01:30:33.569 I/GameModeConfig( 1503): isGameModeOn = false
02-22 01:30:33.570 I/GameModeConfig( 1503): isGameModeOn = false
02-22 01:30:33.570 I/GameModeConfig( 1503): isGameModeOn = false
02-22 01:30:33.572 I/sysui_multi_action( 1966): [757,111,758,2]
02-22 01:30:33.572 I/sysui_multi_action( 1966): [757,111,758,2]
02-22 01:30:33.573 I/notification_enqueue( 1503): [10078,1966,com.android.systemui,2048,NULL,0,Notification(channel=updateNotification shortcut=null contentView=null vibrate=null sound=null defaults=0x0 flags=0x0 color=0x00000000 vis=PRIVATE),1]
02-22 01:30:33.751 I/input_focus( 1503): [Focus request e3555c3 com.android.launcher3/com.android.launcher3.uioverrides.QuickstepLauncher,reason=UpdateInputWindows]
02-22 01:30:33.755 I/sysui_multi_action( 1503): [757,128,758,2,793,1044774,794,46114,795,1044774,796,26,798,0,806,android,857,DEVELOPER_IMPORTANT,858,4,947,0,1395,2,1500,1044369,1688,1]
02-22 01:30:33.755 I/notification_visibility( 1503): [-1|android|26|null|1000,0,1044774,1044774,0,0]
02-22 01:30:33.756 I/sysui_multi_action( 1503): [757,128,758,2,793,1045377,794,46112,795,1045377,796,32,798,1,806,android,857,USB,858,1,947,0,1395,2,1500,1045302,1688,1]
02-22 01:30:33.756 I/notification_visibility( 1503): [-1|android|32|null|1000,0,1045377,1045377,0,1]
02-22 01:30:33.756 I/sysui_multi_action( 1503): [757,127,758,2]
02-22 01:30:33.756 I/notification_panel_hidden( 1503):
02-22 01:30:33.773 I/input_focus( 1503): [Focus leaving 91ac81d NotificationShade (server),reason=NO_WINDOW]
02-22 01:30:33.774 I/input_focus( 1503): [Focus entering e3555c3 com.android.launcher3/com.android.launcher3.uioverrides.QuickstepLauncher (server),reason=setFocusedWindow]
02-22 01:30:33.776 I/GameModeConfig( 1503): isGameModeOn = false
01-01 12:18:21.973 E/DTC_ETH,link_delay_work_func( 0): 3003, SQI=0, link=0
02-22 01:30:34.507 I/input_interaction( 1503): Interaction with: e3555c3 com.android.launcher3/com.android.launcher3.uioverrides.QuickstepLauncher (server), 1fcc036 com.android.systemui.ImageWallpaper (server), edge-swipe (server), swipe-up (server), PointerEventDispatcher0 (server),
02-22 01:30:34.594 I/thunderperf( 1503): PlatormCompat.setOverrides: Uid1=10080 Pid1=2514 Uid2=10080 Pid2=2514
02-22 01:30:34.594 I/thunderperf( 1503): PlatormCompat.setOverrides: needCheck:false
02-22 01:30:34.594 I/thunderperf( 1503): CompatConfig.addOverrideUnsafe: bef-state=1
02-22 01:30:34.595 E/thunderperf( 1503): CompatConfig.addOverrideUnsafe: exception:java.lang.SecurityException: Cannot override a change on a non-debuggable app and user build.
02-22 01:30:34.595 I/thunderperf( 1503): CompatConfig.addOverrideUnsafe: aft-state=1
02-22 01:30:34.596 I/thunderperf( 1503): CompatConfig.addOverrideUnsafe: bef-state=1
02-22 01:30:34.596 E/thunderperf( 1503): CompatConfig.addOverrideUnsafe: exception:java.lang.SecurityException: Cannot override a change on a non-debuggable app and user build.
02-22 01:30:34.596 I/thunderperf( 1503): CompatConfig.addOverrideUnsafe: aft-state=1
02-22 01:30:34.596 I/thunderperf( 1503): CompatConfig.addOverrideUnsafe: bef-state=1
02-22 01:30:34.597 E/thunderperf( 1503): CompatConfig.addOverrideUnsafe: exception:java.lang.SecurityException: Cannot override a change on a non-debuggable app and user build.
02-22 01:30:34.597 I/thunderperf( 1503): CompatConfig.addOverrideUnsafe: aft-state=1
02-22 01:30:34.597 I/thunderperf( 1503): CompatConfig.addOverrideUnsafe: bef-state=1
02-22 01:30:34.597 E/thunderperf( 1503): CompatConfig.addOverrideUnsafe: exception:java.lang.SecurityException: Cannot override a change on a non-debuggable app and user build.
02-22 01:30:34.597 I/thunderperf( 1503): CompatConfig.addOverrideUnsafe: aft-state=1
02-22 01:30:34.598 I/thunderperf( 1503): CompatConfig.addOverrideUnsafe: bef-state=1
02-22 01:30:34.598 E/thunderperf( 1503): CompatConfig.addOverrideUnsafe: exception:java.lang.SecurityException: Cannot override a change on a non-debuggable app and user build.
02-22 01:30:34.598 I/thunderperf( 1503): CompatConfig.addOverrideUnsafe: aft-state=1
02-22 01:30:34.599 I/thunderperf( 1503): CompatConfig.addOverrideUnsafe: bef-state=1
02-22 01:30:34.599 E/thunderperf( 1503): CompatConfig.addOverrideUnsafe: exception:java.lang.SecurityException: Cannot override a change on a non-debuggable app and user build.
02-22 01:30:34.599 I/thunderperf( 1503): CompatConfig.addOverrideUnsafe: aft-state=1
02-22 01:30:34.599 I/thunderperf( 1503): CompatConfig.addOverrideUnsafe: bef-state=1
02-22 01:30:34.600 E/thunderperf( 1503): CompatConfig.addOverrideUnsafe: exception:java.lang.SecurityException: Cannot override a change on a non-debuggable app and user build.
02-22 01:30:34.600 I/thunderperf( 1503): CompatConfig.addOverrideUnsafe: aft-state=1
02-22 01:30:34.600 I/thunderperf( 1503): CompatConfig.addOverrideUnsafe: bef-state=1
02-22 01:30:34.600 E/thunderperf( 1503): CompatConfig.addOverrideUnsafe: exception:java.lang.SecurityException: Cannot override a change on a non-debuggable app and user build.
02-22 01:30:34.600 I/thunderperf( 1503): CompatConfig.addOverrideUnsafe: aft-state=1
02-22 01:30:34.601 I/thunderperf( 1503): CompatConfig.addOverrideUnsafe: bef-state=1
02-22 01:30:34.601 E/thunderperf( 1503): CompatConfig.addOverrideUnsafe: exception:java.lang.SecurityException: Cannot override a change on a non-debuggable app and user build.
02-22 01:30:34.601 I/thunderperf( 1503): CompatConfig.addOverrideUnsafe: aft-state=1
02-22 01:30:34.601 I/thunderperf( 1503): CompatConfig.addOverrideUnsafe: bef-state=1
02-22 01:30:34.602 E/thunderperf( 1503): CompatConfig.addOverrideUnsafe: exception:java.lang.SecurityException: Cannot override a change on a non-debuggable app and user build.
02-22 01:30:34.602 I/thunderperf( 1503): CompatConfig.addOverrideUnsafe: aft-state=1
02-22 01:30:34.602 I/thunderperf( 1503): CompatConfig.addOverrideUnsafe: bef-state=1
02-22 01:30:34.602 E/thunderperf( 1503): CompatConfig.addOverrideUnsafe: exception:java.lang.SecurityException: Cannot override a change on a non-debuggable app and user build.
02-22 01:30:34.602 I/thunderperf( 1503): CompatConfig.addOverrideUnsafe: aft-state=1
02-22 01:30:34.603 I/thunderperf( 1503): CompatConfig.addOverrideUnsafe: bef-state=1
02-22 01:30:34.603 E/thunderperf( 1503): CompatConfig.addOverrideUnsafe: exception:java.lang.SecurityException: Cannot override a change on a non-debuggable app and user build.
02-22 01:30:34.603 I/thunderperf( 1503): CompatConfig.addOverrideUnsafe: aft-state=1
02-22 01:30:34.603 I/thunderperf( 1503): CompatConfig.addOverrideUnsafe: bef-state=1
02-22 01:30:34.604 E/thunderperf( 1503): CompatConfig.addOverrideUnsafe: exception:java.lang.SecurityException: Cannot override a change on a non-debuggable app and user build.
02-22 01:30:34.604 I/thunderperf( 1503): CompatConfig.addOverrideUnsafe: aft-state=1
02-22 01:30:34.604 I/thunderperf( 1503): CompatConfig.addOverrideUnsafe: bef-state=1
02-22 01:30:34.604 E/thunderperf( 1503): CompatConfig.addOverrideUnsafe: exception:java.lang.SecurityException: Cannot override a change on a non-debuggable app and user build.
02-22 01:30:34.604 I/thunderperf( 1503): CompatConfig.addOverrideUnsafe: aft-state=1
02-22 01:30:34.608 I/ActivityTaskManager( 1503): START u0 {act=android.intent.action.MAIN cat=[android.intent.category.LAUNCHER] flg=0x10200000 cmp=com.android.music/.VideoBrowserActivity bnds=[2128,510][2314,710]} from uid 10080
02-22 01:30:34.613 I/wm_task_created( 1503): [47,-1]
02-22 01:30:34.613 W/ActivityTaskManager( 1503): Can't find TaskDisplayArea to determine support for multi window. Task id=47 attached=false
02-22 01:30:34.616 I/wm_task_moved( 1503): [47,1,8]
02-22 01:30:34.616 I/wm_task_to_front( 1503): [0,47]
02-22 01:30:34.616 I/wm_create_task( 1503): [0,47]
02-22 01:30:34.616 I/wm_create_activity( 1503): [0,120691896,47,com.android.music/.VideoBrowserActivity,android.intent.action.MAIN,NULL,NULL,270532608]
02-22 01:30:34.616 I/wm_task_moved( 1503): [47,1,8]
02-22 01:30:34.617 I/wm_pause_activity( 1503): [0,229498384,com.android.launcher3/.uioverrides.QuickstepLauncher,userLeaving=true,pauseBackTasks]
02-22 01:30:34.620 I/wm_on_top_resumed_lost_called( 2514): [229498384,com.android.launcher3.uioverrides.QuickstepLauncher,topStateChangedWhenResumed]
02-22 01:30:34.620 I/wm_on_paused_called( 2514): [229498384,com.android.launcher3.uioverrides.QuickstepLauncher,performPause]
02-22 01:30:34.620 I/ActivityTaskManager( 1503): FOREGROUND_APPLICATION_CHANGED to com.android.music.VideoBrowserActivity
02-22 01:30:34.622 I/ActivityTaskManager( 1503): The Process com.android.music Already Exists in BG. So sending its PID: 4140
02-22 01:30:34.622 W/ActivityTaskManager( 1503): Tried to set launchTime (0) < mLastActivityLaunchTime (996509)
02-22 01:30:34.622 I/wm_add_to_stopping( 1503): [0,229498384,com.android.launcher3/.uioverrides.QuickstepLauncher,makeInvisible]
02-22 01:30:34.622 I/wm_restart_activity( 1503): [0,120691896,47,com.android.music/.VideoBrowserActivity]
02-22 01:30:34.623 I/wm_set_resumed_activity( 1503): [0,com.android.music/.VideoBrowserActivity,minimalResumeActivityLocked]
02-22 01:30:34.629 I/sysui_multi_action( 1503): [757,803,799,window_time_0,802,53]
02-22 01:30:34.641 I/wm_on_create_called( 4140): [120691896,com.android.music.VideoBrowserActivity,performCreate]
02-22 01:30:34.641 I/wm_on_start_called( 4140): [120691896,com.android.music.VideoBrowserActivity,handleStartActivity]
02-22 01:30:34.642 I/wm_on_resume_called( 4140): [120691896,com.android.music.VideoBrowserActivity,RESUME_ACTIVITY]
02-22 01:30:34.642 I/input_focus( 1503): [Focus leaving e3555c3 com.android.launcher3/com.android.launcher3.uioverrides.QuickstepLauncher (server),reason=NO_WINDOW]
02-22 01:30:34.644 I/wm_on_top_resumed_gained_called( 4140): [120691896,com.android.music.VideoBrowserActivity,topStateChangedWhenResumed]
02-22 01:30:34.647 I/input_focus( 1503): [Focus request 95b490b com.android.music/com.android.music.VideoBrowserActivity,reason=UpdateInputWindows]
02-22 01:30:34.655 I/sysui_multi_action( 1503): [319,25,321,24,322,45,325,1056,757,761,758,8,759,1,806,com.android.music,871,com.android.music.VideoBrowserActivity,904,com.android.launcher3,905,0,1320,4,1321,1]
02-22 01:30:34.655 I/wm_activity_launch_time( 1503): [0,120691896,com.android.music/.VideoBrowserActivity,45]
02-22 01:30:34.659 I/input_focus( 1503): [Focus entering 95b490b com.android.music/com.android.music.VideoBrowserActivity (server),reason=setFocusedWindow]
02-22 01:30:34.725 W/FreeFormWindowHelper( 1503): Current Display FreeFormTask is null
02-22 01:30:35.159 I/wm_stop_activity( 1503): [0,229498384,com.android.launcher3/.uioverrides.QuickstepLauncher]
02-22 01:30:35.179 I/wm_on_stop_called( 2514): [229498384,com.android.launcher3.uioverrides.QuickstepLauncher,STOP_ACTIVITY_ITEM]
02-22 01:30:35.724 I/input_interaction( 1503): Interaction with: 95b490b com.android.music/com.android.music.VideoBrowserActivity (server), edge-swipe (server), swipe-up (server), PointerEventDispatcher0 (server),
02-22 01:30:35.728 W/FreeFormWindowHelper( 1503): Current Display FreeFormTask is null
02-22 01:30:35.728 W/FreeFormWindowHelper( 1503): Current Display FreeFormTask is null
02-22 01:30:35.729 W/FreeFormWindowHelper( 1503): Current Display FreeFormTask is null
02-22 01:30:35.729 I/wm_task_moved( 1503): [1,0,0]
02-22 01:30:35.730 I/wm_task_moved( 1503): [1,0,7]
02-22 01:30:35.743 I/wm_on_restart_called( 2514): [229498384,com.android.launcher3.uioverrides.QuickstepLauncher,performRestartActivity]
02-22 01:30:35.744 W/FreeFormWindowHelper( 1503): Current Display FreeFormTask is null
02-22 01:30:35.744 W/FreeFormWindowHelper( 1503): Current Display FreeFormTask is null
02-22 01:30:35.755 I/wm_on_start_called( 2514): [229498384,com.android.launcher3.uioverrides.QuickstepLauncher,handleStartActivity]
02-22 01:30:35.755 W/ActivityTaskManager( 1503): getTaskSnapshot: taskId=1047 not found
02-22 01:30:35.756 W/ActivityTaskManager( 1503): getTaskSnapshot: taskId=2047 not found
02-22 01:30:35.757 W/ActivityTaskManager( 1503): getTaskSnapshot: taskId=3047 not found
02-22 01:30:35.762 W/FreeFormWindowHelper( 1503): Current Display FreeFormTask is null
02-22 01:30:35.763 W/FreeFormWindowHelper( 1503): Current Display FreeFormTask is null
02-22 01:30:35.763 W/ActivityTaskManager( 1503): getTaskSnapshot: taskId=1047 not found
02-22 01:30:35.763 W/ActivityTaskManager( 1503): getTaskSnapshot: taskId=2047 not found
02-22 01:30:35.763 W/ActivityTaskManager( 1503): getTaskSnapshot: taskId=3047 not found
02-22 01:30:35.765 I/view_enqueue_input_event( 4140): [Motion - Cancel,com.android.music/com.android.music.VideoBrowserActivity]
02-22 01:30:35.765 W/ActivityTaskManager( 1503): getTaskSnapshot: taskId=1047 not found
02-22 01:30:35.766 W/ActivityTaskManager( 1503): getTaskSnapshot: taskId=2047 not found
02-22 01:30:35.766 W/ActivityTaskManager( 1503): getTaskSnapshot: taskId=3047 not found
02-22 01:30:35.766 I/sysui_latency( 2514): [1,38]
02-22 01:30:35.767 I/input_focus( 1503): [Focus request recents_animation_input_consumer,reason=UpdateInputWindows]
02-22 01:30:35.767 W/ActivityTaskManager( 1503): getTaskSnapshot: taskId=1047 not found
02-22 01:30:35.767 W/ActivityTaskManager( 1503): getTaskSnapshot: taskId=2047 not found
02-22 01:30:35.767 W/FreeFormWindowHelper( 1503): Current Display FreeFormTask is null
02-22 01:30:35.769 W/ActivityTaskManager( 1503): getTaskSnapshot: taskId=3047 not found
02-22 01:30:35.769 I/sysui_multi_action( 1503): [319,3,322,38,325,1057,757,761,758,9,759,5,806,com.android.launcher3,871,com.android.launcher3.uioverrides.QuickstepLauncher,905,0,1320,4,1321,1]
02-22 01:30:35.770 W/ActivityTaskManager( 1503): getTaskSnapshot: taskId=1047 not found
02-22 01:30:35.770 W/ActivityTaskManager( 1503): getTaskSnapshot: taskId=2047 not found
02-22 01:30:35.770 W/ActivityTaskManager( 1503): getTaskSnapshot: taskId=3047 not found
02-22 01:30:35.776 W/FreeFormWindowHelper( 1503): Current Display FreeFormTask is null
02-22 01:30:35.776 W/FreeFormWindowHelper( 1503): Current Display FreeFormTask is null
02-22 01:30:35.777 I/input_focus( 1503): [Focus leaving 95b490b com.android.music/com.android.music.VideoBrowserActivity (server),reason=NOT_FOCUSABLE]
02-22 01:30:35.777 I/input_focus( 1503): [Focus entering recents_animation_input_consumer (server),reason=setFocusedWindow]
02-22 01:30:35.777 I/input_interaction( 1503): Interaction with: edge-swipe (server), swipe-up (server), PointerEventDispatcher0 (server),
02-22 01:30:35.794 W/FreeFormWindowHelper( 1503): Current Display FreeFormTask is null
02-22 01:30:35.794 W/FreeFormWindowHelper( 1503): Current Display FreeFormTask is null
02-22 01:30:35.905 W/FreeFormWindowHelper( 1503): exitRecentTasks type=0
02-22 01:30:35.910 W/FreeFormWindowHelper( 1503): Current Display FreeFormTask is null
02-22 01:30:35.910 W/FreeFormWindowHelper( 1503): Current Display FreeFormTask is null
02-22 01:30:35.955 I/commit_sys_config_file( 1503): [settings-1-0,2]
02-22 01:30:36.069 I/sysui_latency( 1503): [8,42]
02-22 01:30:36.545 W/FreeFormWindowHelper( 1503): Current Display FreeFormTask is null
02-22 01:30:36.545 W/FreeFormWindowHelper( 1503): Current Display FreeFormTask is null
02-22 01:30:36.546 I/wm_task_moved( 1503): [1,1,8]
02-22 01:30:36.547 I/wm_task_moved( 1503): [41,1,2147483647]
02-22 01:30:36.547 I/wm_task_to_front( 1503): [0,41]
02-22 01:30:36.547 I/wm_focused_root_task( 1503): [0,0,1,47,RecentsAnimation.onAnimationFinished()]
02-22 01:30:36.547 I/wm_on_top_resumed_lost_called( 4140): [120691896,com.android.music.VideoBrowserActivity,topStateChangedWhenResumed]
02-22 01:30:36.548 I/wm_set_resumed_activity( 1503): [0,com.android.launcher3/.uioverrides.QuickstepLauncher,RecentsAnimation.onAnimationFinished()]
02-22 01:30:36.548 I/wm_pause_activity( 1503): [0,120691896,com.android.music/.VideoBrowserActivity,userLeaving=true,pauseBackTasks]
02-22 01:30:36.548 I/wm_add_to_stopping( 1503): [0,120691896,com.android.music/.VideoBrowserActivity,makeInvisible]
02-22 01:30:36.549 I/ActivityTaskManager( 1503): FOREGROUND_APPLICATION_CHANGED to com.android.launcher3.uioverrides.QuickstepLauncher
02-22 01:30:36.549 I/wm_set_resumed_activity( 1503): [0,com.android.launcher3/.uioverrides.QuickstepLauncher,resumeTopActivityInnerLocked]
02-22 01:30:36.550 I/wm_resume_activity( 1503): [0,229498384,41,com.android.launcher3/.uioverrides.QuickstepLauncher]
02-22 01:30:36.550 I/wm_on_resume_called( 2514): [229498384,com.android.launcher3.uioverrides.QuickstepLauncher,RESUME_ACTIVITY]
02-22 01:30:36.554 I/input_focus( 1503): [Focus request e3555c3 com.android.launcher3/com.android.launcher3.uioverrides.QuickstepLauncher,reason=UpdateInputWindows]
02-22 01:30:36.555 I/wm_on_paused_called( 4140): [120691896,com.android.music.VideoBrowserActivity,performPause]
02-22 01:30:36.555 I/wm_stop_activity( 1503): [0,120691896,com.android.music/.VideoBrowserActivity]
02-22 01:30:36.555 I/wm_on_top_resumed_gained_called( 2514): [229498384,com.android.launcher3.uioverrides.QuickstepLauncher,topStateChangedWhenResumed]
02-22 01:30:36.555 I/sysui_multi_action( 1503): [757,803,799,window_time_0,802,2]
02-22 01:30:36.557 I/sysui_multi_action( 1503): [757,803,799,window_time_0,802,0]
02-22 01:30:36.563 I/input_focus( 1503): [Focus leaving recents_animation_input_consumer (server),reason=NOT_VISIBLE]
02-22 01:30:36.567 I/wm_on_stop_called( 4140): [120691896,com.android.music.VideoBrowserActivity,STOP_ACTIVITY_ITEM]
02-22 01:30:36.579 I/input_focus( 1503): [Focus entering e3555c3 com.android.launcher3/com.android.launcher3.uioverrides.QuickstepLauncher (server),reason=setFocusedWindow]
02-22 01:30:36.656 W/FreeFormWindowHelper( 1503): Current Display FreeFormTask is null
02-22 01:30:36.657 I/input_interaction( 1503): Interaction with: e3555c3 com.android.launcher3/com.android.launcher3.uioverrides.QuickstepLauncher (server), 1fcc036 com.android.systemui.ImageWallpaper (server), edge-swipe (server), swipe-up (server), PointerEventDispatcher0 (server),
02-22 01:30:36.771 I/thunderperf( 1503): PlatormCompat.setOverrides: Uid1=10080 Pid1=2514 Uid2=10080 Pid2=2514
02-22 01:30:36.771 I/thunderperf( 1503): PlatormCompat.setOverrides: needCheck:false
02-22 01:30:36.771 I/thunderperf( 1503): CompatConfig.addOverrideUnsafe: bef-state=1
02-22 01:30:36.772 E/thunderperf( 1503): CompatConfig.addOverrideUnsafe: exception:java.lang.SecurityException: Cannot override a change on a non-debuggable app and user build.
02-22 01:30:36.772 I/thunderperf( 1503): CompatConfig.addOverrideUnsafe: aft-state=1
02-22 01:30:36.774 I/thunderperf( 1503): CompatConfig.addOverrideUnsafe: bef-state=1
02-22 01:30:36.774 E/thunderperf( 1503): CompatConfig.addOverrideUnsafe: exception:java.lang.SecurityException: Cannot override a change on a non-debuggable app and user build.
02-22 01:30:36.774 I/thunderperf( 1503): CompatConfig.addOverrideUnsafe: aft-state=1
02-22 01:30:36.775 I/thunderperf( 1503): CompatConfig.addOverrideUnsafe: bef-state=1
02-22 01:30:36.775 E/thunderperf( 1503): CompatConfig.addOverrideUnsafe: exception:java.lang.SecurityException: Cannot override a change on a non-debuggable app and user build.
02-22 01:30:36.775 I/thunderperf( 1503): CompatConfig.addOverrideUnsafe: aft-state=1
02-22 01:30:36.775 I/thunderperf( 1503): CompatConfig.addOverrideUnsafe: bef-state=1
02-22 01:30:36.776 E/thunderperf( 1503): CompatConfig.addOverrideUnsafe: exception:java.lang.SecurityException: Cannot override a change on a non-debuggable app and user build.
02-22 01:30:36.776 I/thunderperf( 1503): CompatConfig.addOverrideUnsafe: aft-state=1
02-22 01:30:36.776 I/thunderperf( 1503): CompatConfig.addOverrideUnsafe: bef-state=1
02-22 01:30:36.777 E/thunderperf( 1503): CompatConfig.addOverrideUnsafe: exception:java.lang.SecurityException: Cannot override a change on a non-debuggable app and user build.
02-22 01:30:36.777 I/thunderperf( 1503): CompatConfig.addOverrideUnsafe: aft-state=1
02-22 01:30:36.777 I/thunderperf( 1503): CompatConfig.addOverrideUnsafe: bef-state=1
02-22 01:30:36.777 E/thunderperf( 1503): CompatConfig.addOverrideUnsafe: exception:java.lang.SecurityException: Cannot override a change on a non-debuggable app and user build.
02-22 01:30:36.777 I/thunderperf( 1503): CompatConfig.addOverrideUnsafe: aft-state=1
02-22 01:30:36.778 I/thunderperf( 1503): CompatConfig.addOverrideUnsafe: bef-state=1
02-22 01:30:36.778 E/thunderperf( 1503): CompatConfig.addOverrideUnsafe: exception:java.lang.SecurityException: Cannot override a change on a non-debuggable app and user build.
02-22 01:30:36.778 I/thunderperf( 1503): CompatConfig.addOverrideUnsafe: aft-state=1
02-22 01:30:36.779 I/thunderperf( 1503): CompatConfig.addOverrideUnsafe: bef-state=1
02-22 01:30:36.779 E/thunderperf( 1503): CompatConfig.addOverrideUnsafe: exception:java.lang.SecurityException: Cannot override a change on a non-debuggable app and user build.
02-22 01:30:36.779 I/thunderperf( 1503): CompatConfig.addOverrideUnsafe: aft-state=1
02-22 01:30:36.780 I/thunderperf( 1503): CompatConfig.addOverrideUnsafe: bef-state=1
02-22 01:30:36.780 E/thunderperf( 1503): CompatConfig.addOverrideUnsafe: exception:java.lang.SecurityException: Cannot override a change on a non-debuggable app and user build.
02-22 01:30:36.780 I/thunderperf( 1503): CompatConfig.addOverrideUnsafe: aft-state=1
02-22 01:30:36.781 I/thunderperf( 1503): CompatConfig.addOverrideUnsafe: bef-state=1
02-22 01:30:36.781 E/thunderperf( 1503): CompatConfig.addOverrideUnsafe: exception:java.lang.SecurityException: Cannot override a change on a non-debuggable app and user build.
02-22 01:30:36.781 I/thunderperf( 1503): CompatConfig.addOverrideUnsafe: aft-state=1
02-22 01:30:36.781 I/thunderperf( 1503): CompatConfig.addOverrideUnsafe: bef-state=1
02-22 01:30:36.782 E/thunderperf( 1503): CompatConfig.addOverrideUnsafe: exception:java.lang.SecurityException: Cannot override a change on a non-debuggable app and user build.
02-22 01:30:36.782 I/thunderperf( 1503): CompatConfig.addOverrideUnsafe: aft-state=1
02-22 01:30:36.782 I/thunderperf( 1503): CompatConfig.addOverrideUnsafe: bef-state=1
02-22 01:30:36.782 E/thunderperf( 1503): CompatConfig.addOverrideUnsafe: exception:java.lang.SecurityException: Cannot override a change on a non-debuggable app and user build.
02-22 01:30:36.782 I/thunderperf( 1503): CompatConfig.addOverrideUnsafe: aft-state=1
02-22 01:30:36.783 I/thunderperf( 1503): CompatConfig.addOverrideUnsafe: bef-state=1
02-22 01:30:36.783 E/thunderperf( 1503): CompatConfig.addOverrideUnsafe: exception:java.lang.SecurityException: Cannot override a change on a non-debuggable app and user build.
02-22 01:30:36.783 I/thunderperf( 1503): CompatConfig.addOverrideUnsafe: aft-state=1
02-22 01:30:36.783 I/thunderperf( 1503): CompatConfig.addOverrideUnsafe: bef-state=1
02-22 01:30:36.783 E/thunderperf( 1503): CompatConfig.addOverrideUnsafe: exception:java.lang.SecurityException: Cannot override a change on a non-debuggable app and user build.
02-22 01:30:36.783 I/thunderperf( 1503): CompatConfig.addOverrideUnsafe: aft-state=1
02-22 01:30:36.789 I/ActivityTaskManager( 1503): START u0 {act=android.intent.action.MAIN cat=[android.intent.category.LAUNCHER] flg=0x10200000 cmp=com.android.music/.MusicBrowserActivity bnds=[2128,310][2314,510]} from uid 10080
02-22 01:30:36.790 I/wm_task_moved( 1503): [46,1,8]
02-22 01:30:36.790 I/wm_task_to_front( 1503): [0,46]
02-22 01:30:36.791 I/wm_focused_root_task( 1503): [0,0,46,1,bringingFoundTaskToFront]
02-22 01:30:36.791 I/wm_set_resumed_activity( 1503): [0,com.android.music/.MusicBrowserActivity,bringingFoundTaskToFront]
02-22 01:30:36.792 I/wm_new_intent( 1503): [0,92612313,46,com.android.music/.MusicBrowserActivity,android.intent.action.MAIN,NULL,NULL,270532608]
02-22 01:30:36.794 I/wm_pause_activity( 1503): [0,229498384,com.android.launcher3/.uioverrides.QuickstepLauncher,userLeaving=true,pauseBackTasks]
02-22 01:30:36.799 I/wm_on_top_resumed_lost_called( 2514): [229498384,com.android.launcher3.uioverrides.QuickstepLauncher,topStateChangedWhenResumed]
02-22 01:30:36.801 I/wm_on_paused_called( 2514): [229498384,com.android.launcher3.uioverrides.QuickstepLauncher,performPause]
02-22 01:30:36.805 I/ActivityTaskManager( 1503): FOREGROUND_APPLICATION_CHANGED to com.android.music.MusicBrowserActivity
02-22 01:30:36.806 I/wm_set_resumed_activity( 1503): [0,com.android.music/.MusicBrowserActivity,resumeTopActivityInnerLocked]
02-22 01:30:36.806 I/wm_add_to_stopping( 1503): [0,229498384,com.android.launcher3/.uioverrides.QuickstepLauncher,makeInvisible]
02-22 01:30:36.809 I/wm_resume_activity( 1503): [0,92612313,46,com.android.music/.MusicBrowserActivity]
02-22 01:30:36.821 I/sysui_multi_action( 1503): [757,803,799,window_time_0,802,0]
02-22 01:30:36.822 I/wm_on_restart_called( 4140): [92612313,com.android.music.MusicBrowserActivity,performRestartActivity]
02-22 01:30:36.825 I/wm_on_start_called( 4140): [92612313,com.android.music.MusicBrowserActivity,handleStartActivity]
02-22 01:30:36.830 I/input_focus( 1503): [Focus leaving e3555c3 com.android.launcher3/com.android.launcher3.uioverrides.QuickstepLauncher (server),reason=NO_WINDOW]
02-22 01:30:36.837 I/wm_on_resume_called( 4140): [92612313,com.android.music.MusicBrowserActivity,RESUME_ACTIVITY]
02-22 01:30:36.837 I/wm_on_top_resumed_gained_called( 4140): [92612313,com.android.music.MusicBrowserActivity,topWhenResuming]
02-22 01:30:36.844 I/input_focus( 1503): [Focus request 1a9d499 com.android.music/com.android.music.MusicBrowserActivity,reason=UpdateInputWindows]
02-22 01:30:36.855 I/sysui_multi_action( 1503): [319,26,321,24,322,63,325,1058,757,761,758,9,759,4,806,com.android.music,871,com.android.music.MusicBrowserActivity,904,com.android.launcher3,905,0,1320,4,1321,1]
02-22 01:30:36.860 I/GameModeConfig( 1503): isGameModeOn = false
02-22 01:30:36.860 I/GameModeConfig( 1503): isGameModeOn = false
02-22 01:30:36.860 I/GameModeConfig( 1503): isGameModeOn = false
02-22 01:30:36.860 I/GameModeConfig( 1503): isGameModeOn = false
02-22 01:30:36.864 I/input_focus( 1503): [Focus entering 1a9d499 com.android.music/com.android.music.MusicBrowserActivity (server),reason=setFocusedWindow]
02-22 01:30:36.873 I/notification_enqueue( 1503): [10087,4140,com.android.music,1,NULL,0,Notification(channel=Channel-music shortcut=null contentView=null vibrate=null sound=null defaults=0x0 flags=0x2 color=0x00000000 category=transport actions=4 vis=PRIVATE),1]
02-22 01:30:36.875 I/notification_enqueue( 1503): [10087,4140,com.android.music,1,NULL,0,Notification(channel=Channel-music shortcut=null contentView=null vibrate=null sound=null defaults=0x0 flags=0x42 color=0x00000000 category=transport actions=4 vis=PRIVATE),1]
02-22 01:30:36.885 I/GameModeConfig( 1503): isGameModeOn = false
02-22 01:30:36.885 I/GameModeConfig( 1503): isGameModeOn = false
02-22 01:30:36.885 I/GameModeConfig( 1503): isGameModeOn = false
02-22 01:30:36.885 I/GameModeConfig( 1503): isGameModeOn = false
02-22 01:30:36.895 I/notification_enqueue( 1503): [10087,4140,com.android.music,1,NULL,0,Notification(channel=Channel-music shortcut=null contentView=null vibrate=null sound=null defaults=0x0 flags=0x42 color=0x00000000 category=transport actions=4 vis=PRIVATE),1]
02-22 01:30:36.898 I/notification_enqueue( 1503): [10087,4140,com.android.music,1,NULL,0,Notification(channel=Channel-music shortcut=null contentView=null vibrate=null sound=null defaults=0x0 flags=0x42 color=0x00000000 category=transport actions=4 vis=PRIVATE),1]
02-22 01:30:36.912 W/FreeFormWindowHelper( 1503): Current Display FreeFormTask is null
02-22 01:30:37.074 I/GameModeConfig( 1503): isGameModeOn = false
02-22 01:30:37.075 I/GameModeConfig( 1503): isGameModeOn = false
02-22 01:30:37.096 I/GameModeConfig( 1503): isGameModeOn = false
02-22 01:30:37.101 I/GameModeConfig( 1503): isGameModeOn = false
02-22 01:30:37.353 I/wm_stop_activity( 1503): [0,229498384,com.android.launcher3/.uioverrides.QuickstepLauncher]
02-22 01:30:37.375 I/wm_on_stop_called( 2514): [229498384,com.android.launcher3.uioverrides.QuickstepLauncher,STOP_ACTIVITY_ITEM]
02-22 01:30:38.087 I/input_interaction( 1503): Interaction with: 1a9d499 com.android.music/com.android.music.MusicBrowserActivity (server), edge-swipe (server), swipe-up (server), PointerEventDispatcher0 (server),
02-22 01:30:38.133 E/TaskPersister( 1503): File error accessing recents directory (directory doesn't exist?).
01-01 12:18:27.093 E/DTC_ETH,link_delay_work_func( 0): 3003, SQI=0, link=0
02-22 01:30:43.810 I/GameModeConfig( 1503): isGameModeOn = false
01-01 12:18:32.219 E/DTC_ETH,link_delay_work_func( 0): 3003, SQI=0, link=0
02-22 01:30:46.872 I/GameModeConfig( 1503): isGameModeOn = false
02-22 01:30:46.886 I/GameModeConfig( 1503): isGameModeOn = false
02-22 01:30:47.471 I/am_pss ( 1503): [4140,10087,com.android.music,82820096,73965568,0,211017728,0,2,15]
02-22 01:30:47.498 I/GameModeConfig( 1503): isGameModeOn = false
02-22 01:30:47.498 I/GameModeConfig( 1503): isGameModeOn = false
02-22 01:30:47.499 I/GameModeConfig( 1503): isGameModeOn = false
02-22 01:30:47.499 I/GameModeConfig( 1503): isGameModeOn = false
02-22 01:30:47.539 I/notification_enqueue( 1503): [10087,4140,com.android.music,1,NULL,0,Notification(channel=Channel-music shortcut=null contentView=null vibrate=null sound=null defaults=0x0 flags=0x42 color=0x00000000 category=transport actions=4 vis=PRIVATE),1]
02-22 01:30:47.541 I/notification_enqueue( 1503): [10087,4140,com.android.music,1,NULL,0,Notification(channel=Channel-music shortcut=null contentView=null vibrate=null sound=null defaults=0x0 flags=0x42 color=0x00000000 category=transport actions=4 vis=PRIVATE),1]
02-22 01:30:47.740 I/GameModeConfig( 1503): isGameModeOn = false
02-22 01:30:47.742 I/GameModeConfig( 1503): isGameModeOn = false
02-22 01:30:48.630 I/service_manager_stats( 1503): [100,58,70114]
01-01 12:18:37.333 E/DTC_ETH,link_delay_work_func( 0): 3003, SQI=0, link=0
02-22 01:30:49.768 I/GameModeConfig( 1503): isGameModeOn = false
02-22 01:30:49.768 I/GameModeConfig( 1503): isGameModeOn = false
02-22 01:30:49.768 I/GameModeConfig( 1503): isGameModeOn = false
02-22 01:30:49.769 I/GameModeConfig( 1503): isGameModeOn = false
02-22 01:30:49.800 I/notification_enqueue( 1503): [10087,4140,com.android.music,1,NULL,0,Notification(channel=Channel-music shortcut=null contentView=null vibrate=null sound=null defaults=0x0 flags=0x42 color=0x00000000 category=transport actions=4 vis=PRIVATE),1]
02-22 01:30:49.803 I/notification_enqueue( 1503): [10087,4140,com.android.music,1,NULL,0,Notification(channel=Channel-music shortcut=null contentView=null vibrate=null sound=null defaults=0x0 flags=0x42 color=0x00000000 category=transport actions=4 vis=PRIVATE),1]
02-22 01:30:49.828 W/ActivityManager( 1503): Receiver with filter android.content.IntentFilter@1af7993 already registered for pid 4140, callerPackage is com.android.music
02-22 01:30:50.002 I/GameModeConfig( 1503): isGameModeOn = false
02-22 01:30:50.003 I/GameModeConfig( 1503): isGameModeOn = false
02-22 01:30:50.058 I/snet_event_log( 2834): [190188264,-1,]
02-22 01:30:51.390 I/notification_enqueue( 1503): [10087,4140,com.android.music,1,NULL,0,Notification(channel=Channel-music shortcut=null contentView=null vibrate=null sound=null defaults=0x0 flags=0x62 color=0x00000000 category=transport actions=4 vis=PRIVATE),1]
02-22 01:30:51.426 D/CompatibilityChangeReporter( 1503): Compat change id reported: 168419799; UID 10024; state: DISABLED
02-22 01:30:51.475 I/GameModeConfig( 1503): isGameModeOn = false
02-22 01:30:51.475 I/GameModeConfig( 1503): isGameModeOn = false
02-22 01:30:51.475 I/GameModeConfig( 1503): isGameModeOn = false
02-22 01:30:51.475 I/GameModeConfig( 1503): isGameModeOn = false
02-22 01:30:51.495 I/notification_enqueue( 1503): [10087,4140,com.android.music,1,NULL,0,Notification(channel=Channel-music shortcut=null contentView=null vibrate=null sound=null defaults=0x0 flags=0x2 color=0x00000000 category=transport actions=4 vis=PRIVATE),1]
01-01 12:18:39.564 I/afe_close( 0): port_id = 0x9000
02-22 01:30:51.591 I/GameModeConfig( 1503): isGameModeOn = false
01-01 12:18:39.672 I/afe_find_cal_topo_id_by_port( 0): port id: 0x9000, dev_acdb_id: 0
01-01 12:18:39.672 I/afe_find_cal_topo_id_by_port( 0): top_id:112fc acdb_id:15 afe_port:0x9000
