02-22 01:56:05.323 I/ActivityManager( 1503): Start proc 5263:com.qti.diagservices/1000 for service {com.qti.diagservices/com.qti.diagservices.QTIDiagServices}
01-01 12:43:53.431 I/binder ( 0): 5263:5263 ioctl 40046210 7fff12dd34 returned -22
02-22 01:56:05.374 I/am_proc_bound( 1503): [0,5263,com.qti.diagservices]
02-22 01:56:05.411 I/auditd ( 5263): type=1400 audit(0.0:536): avc: denied { read write } for comm="ti.diagservices" name="diag" dev="tmpfs" ino=1148 scontext=u:r:system_app:s0 tcontext=u:object_r:vendor_diag_device:s0 tclass=chr_file permissive=0
01-01 12:43:57.973 E/DTC_ETH,link_delay_work_func( 0): 3003, SQI=0, link=0
01-01 12:44:03.093 E/DTC_ETH,link_delay_work_func( 0): 3003, SQI=0, link=0
01-01 12:44:08.213 E/DTC_ETH,link_delay_work_func( 0): 3003, SQI=0, link=0
01-01 12:44:13.333 E/DTC_ETH,link_delay_work_func( 0): 3003, SQI=0, link=0
01-01 12:44:18.453 E/DTC_ETH,link_delay_work_func( 0): 3003, SQI=0, link=0
01-01 12:44:23.573 E/DTC_ETH,link_delay_work_func( 0): 3003, SQI=0, link=0
01-01 12:44:28.693 E/DTC_ETH,link_delay_work_func( 0): 3003, SQI=0, link=0
01-01 12:44:33.813 E/DTC_ETH,link_delay_work_func( 0): 3003, SQI=0, link=0
01-01 12:44:38.933 E/DTC_ETH,link_delay_work_func( 0): 3003, SQI=0, link=0
01-01 12:44:44.053 E/DTC_ETH,link_delay_work_func( 0): 3003, SQI=0, link=0
01-01 12:44:49.173 E/DTC_ETH,link_delay_work_func( 0): 3003, SQI=0, link=0
01-01 12:44:54.293 E/DTC_ETH,link_delay_work_func( 0): 3003, SQI=0, link=0
01-01 12:44:59.413 E/DTC_ETH,link_delay_work_func( 0): 3003, SQI=0, link=0
01-01 12:45:04.533 E/DTC_ETH,link_delay_work_func( 0): 3003, SQI=0, link=0
01-01 12:45:09.653 E/DTC_ETH,link_delay_work_func( 0): 3003, SQI=0, link=0
01-01 12:45:14.773 E/DTC_ETH,link_delay_work_func( 0): 3003, SQI=0, link=0
01-01 12:45:19.893 E/DTC_ETH,link_delay_work_func( 0): 3003, SQI=0, link=0
02-22 01:57:34.006 D/ActivityManager( 1503): freezing 5182 com.android.musicfx
01-01 12:45:22.071 I/binder ( 0): 1503:1671 ioctl 400c620e 7a824f45d8 returned -22
02-22 01:57:34.007 E/ActivityManager( 1503): Unable to freeze binder for 5182 com.android.musicfx
02-22 01:57:34.009 D/ActivityManager( 1503): froze 5182 com.android.musicfx
02-22 01:57:34.009 I/am_freeze( 1503): [5182,com.android.musicfx]
02-22 01:57:34.009 E/ActivityManager( 1503): Unable to freeze binder for 5182 com.android.musicfx
01-01 12:45:22.074 I/binder ( 0): 1503:1671 ioctl c00c620f 7a824f45b8 returned -22
02-22 01:57:34.011 D/ActivityManager( 1503): freezing 5158 com.android.music
01-01 12:45:22.076 I/binder ( 0): 1503:1671 ioctl 400c620e 7a824f45d8 returned -22
02-22 01:57:34.011 E/ActivityManager( 1503): Unable to freeze binder for 5158 com.android.music
02-22 01:57:34.013 D/ActivityManager( 1503): froze 5158 com.android.music
02-22 01:57:34.013 I/am_freeze( 1503): [5158,com.android.music]
02-22 01:57:34.013 E/ActivityManager( 1503): Unable to freeze binder for 5158 com.android.music
02-22 01:57:34.014 I/ActivityManager( 1503): Killing 5182:com.android.musicfx/u0a24 (adj 905): Unable to freeze binder interface
02-22 01:57:34.014 I/am_kill ( 1503): [0,5182,com.android.musicfx,905,Unable to freeze binder interface]
01-01 12:45:22.078 I/binder ( 0): 1503:1671 ioctl c00c620f 7a824f45b8 returned -22
02-22 01:57:34.018 I/ActivityManager( 1503): Killing 5158:com.android.music/u0a87 (adj 915): Unable to freeze binder interface
02-22 01:57:34.018 I/am_kill ( 1503): [0,5158,com.android.music,915,Unable to freeze binder interface]
02-22 01:57:34.049 I/am_proc_died( 1503): [0,5182,com.android.musicfx,905,19]
02-22 01:57:34.050 I/am_uid_stopped( 1503): 10024
02-22 01:57:34.053 I/am_proc_died( 1503): [0,5158,com.android.music,915,19]
02-22 01:57:34.054 I/am_uid_stopped( 1503): 10087
02-22 01:57:34.059 I/am_pss ( 1503): [5263,1000,com.qti.diagservices,6409216,3796992,0,93536256,0,10,5]
01-01 12:45:25.013 E/DTC_ETH,link_delay_work_func( 0): 3003, SQI=0, link=0
01-01 12:45:30.133 E/DTC_ETH,link_delay_work_func( 0): 3003, SQI=0, link=0
01-01 12:45:35.253 E/DTC_ETH,link_delay_work_func( 0): 3003, SQI=0, link=0
01-01 12:45:40.373 E/DTC_ETH,link_delay_work_func( 0): 3003, SQI=0, link=0
01-01 12:45:45.493 E/DTC_ETH,link_delay_work_func( 0): 3003, SQI=0, link=0
01-01 12:45:50.613 E/DTC_ETH,link_delay_work_func( 0): 3003, SQI=0, link=0
01-01 12:45:55.733 E/DTC_ETH,link_delay_work_func( 0): 3003, SQI=0, link=0
01-01 12:46:00.853 E/DTC_ETH,link_delay_work_func( 0): 3003, SQI=0, link=0
01-01 12:46:05.973 E/DTC_ETH,link_delay_work_func( 0): 3003, SQI=0, link=0
01-01 12:46:11.093 E/DTC_ETH,link_delay_work_func( 0): 3003, SQI=0, link=0
01-01 12:46:11.099 D/cnss ( 0): Host time = 2727061610 us, device time = 2711502070 us, offset = 15559540 us
01-01 12:46:11.099 D/cnss ( 0): Updated time sync regs [0x984] = 0xed6b74, [0x988] = 0x0
01-01 12:46:16.213 E/DTC_ETH,link_delay_work_func( 0): 3003, SQI=0, link=0
01-01 12:46:21.333 E/DTC_ETH,link_delay_work_func( 0): 3003, SQI=0, link=0
01-01 12:46:26.453 E/DTC_ETH,link_delay_work_func( 0): 3003, SQI=0, link=0
01-01 12:46:31.573 E/DTC_ETH,link_delay_work_func( 0): 3003, SQI=0, link=0
01-01 12:46:36.693 E/DTC_ETH,link_delay_work_func( 0): 3003, SQI=0, link=0
01-01 12:46:41.813 E/DTC_ETH,link_delay_work_func( 0): 3003, SQI=0, link=0
01-01 12:46:46.933 E/DTC_ETH,link_delay_work_func( 0): 3003, SQI=0, link=0
01-01 12:46:52.053 E/DTC_ETH,link_delay_work_func( 0): 3003, SQI=0, link=0
01-01 12:46:57.173 E/DTC_ETH,link_delay_work_func( 0): 3003, SQI=0, link=0
01-01 12:47:02.293 E/DTC_ETH,link_delay_work_func( 0): 3003, SQI=0, link=0
01-01 12:47:05.738 I/[schedu][0xc6f6749b1][01:59:17.673704] wlan( 0): [3455:I:OSIF] scan start scan id 40977
01-01 12:47:06.917 I/[schedu][0xc70c09d9a][01:59:18.852423] wlan( 0): [3455:I:OSIF] vdev 0, scan id 40977 type COMPLETED(1) reason COMPLETED(1) scan found 97 bss
02-22 01:59:18.938 I/notification_enqueue( 1503): [1000,1503,android,17303299,com.android.wifi,0,Notification(channel=NETWORK_AVAILABLE shortcut=null contentView=null vibrate=null sound=null tick defaults=0x0 flags=0x100 color=0x00000000 actions=2 vis=PRIVATE),0]
02-22 01:59:19.140 I/sysui_multi_action( 1503): [757,1501,758,1,793,202,794,0,795,202,796,17303299,797,com.android.wifi,806,android,857,NETWORK_AVAILABLE,858,2,947,0,1500,0,1688,1]
02-22 01:59:19.140 I/sysui_multi_action( 1503): [757,804,799,note_interruptive,801,0,802,1]
02-22 01:59:19.140 I/GameModeConfig( 1503): isGameModeOn = false
02-22 01:59:19.143 W/NotificationHistory( 1503): Attempted to add notif for locked/gone/disabled user 0
01-01 12:47:07.413 E/DTC_ETH,link_delay_work_func( 0): 3003, SQI=0, link=0
01-01 12:47:12.533 E/DTC_ETH,link_delay_work_func( 0): 3003, SQI=0, link=0 --------- beginning of main
02-22 01:59:27.289 I/hpplay-java( 2708): [main]:IPManager:getActiveNets eth0:false wifi:false mobile:false ap:false
02-22 01:59:27.289 I/hpplay-java( 2708): [main]:ServerTaskManager:get local ip:null
02-22 01:59:27.390 I/mpu_uart( 644): [MSG-P:RECV]:No message received in 1000 ms
02-22 01:59:28.291 W/hpplay-java( 2708): [main]:IPManager:getActiveNets invalid networkInfo:null
02-22 01:59:28.291 I/hpplay-java( 2708): [main]:IPManager:getActiveNets eth0:false wifi:false mobile:false ap:false
02-22 01:59:28.291 I/hpplay-java( 2708): [main]:ServerTaskManager:get local ip:null
02-22 01:59:28.352 I/mpu_uart( 644): [MSG-P:R]:recv sync frame timeout
02-22 01:59:28.390 I/mpu_uart( 644): [MSG-P:RECV]:No message received in 1000 ms
02-22 01:59:29.055 D/RemoteControlService( 2307): startVlanDispatchThread
02-22 01:59:29.293 W/hpplay-java( 2708): [main]:IPManager:getActiveNets invalid networkInfo:null
02-22 01:59:29.293 I/hpplay-java( 2708): [main]:IPManager:getActiveNets eth0:false wifi:false mobile:false ap:false
02-22 01:59:29.293 I/hpplay-java( 2708): [main]:ServerTaskManager:get local ip:null
02-22 01:59:29.390 I/mpu_uart( 644): [MSG-P:RECV]:No message received in 1000 ms
01-01 12:47:17.653 E/DTC_ETH,link_delay_work_func( 0): 3003, SQI=0, link=0
02-22 01:59:30.295 W/hpplay-java( 2708): [main]:IPManager:getActiveNets invalid networkInfo:null
02-22 01:59:30.295 I/hpplay-java( 2708): [main]:IPManager:getActiveNets eth0:false wifi:false mobile:false ap:false
02-22 01:59:30.295 I/hpplay-java( 2708): [main]:ServerTaskManager:get local ip:null
02-22 01:59:30.391 I/mpu_uart( 644): [MSG-P:RECV]:No message received in 1000 ms
02-22 01:59:30.637 E/tlogd ( 1270): [TzLogger](isPathReadable) file /sys/kernel/debug/tzdbg/qsee_log isn't exist or no permission, err: No such file or directory
02-22 01:59:30.637 E/tlogd ( 1270): [TzLogger](saveTzlogAsync) /sys/kernel/debug/tzdbg/qsee_log can not read.
02-22 01:59:30.637 E/tlogd ( 1270): [TzLogger](isPathReadable) file /sys/kernel/debug/tzdbg/log isn't exist or no permission, err: No such file or directory
02-22 01:59:30.637 E/tlogd ( 1270): [TzLogger](saveTzlogAsync) /sys/kernel/debug/tzdbg/log can not read.
02-22 01:59:31.297 W/hpplay-java( 2708): [main]:IPManager:getActiveNets invalid networkInfo:null
02-22 01:59:31.297 I/hpplay-java( 2708): [main]:IPManager:getActiveNets eth0:false wifi:false mobile:false ap:false
02-22 01:59:31.297 I/hpplay-java( 2708): [main]:ServerTaskManager:get local ip:null
02-22 01:59:31.356 I/mpu_uart( 644): [MSG-P:R]:recv sync frame timeout
02-22 01:59:31.391 I/mpu_uart( 644): [MSG-P:RECV]:No message received in 1000 ms
02-22 01:59:32.299 W/hpplay-java( 2708): [main]:IPManager:getActiveNets invalid networkInfo:null
02-22 01:59:32.299 I/hpplay-java( 2708): [main]:IPManager:getActiveNets eth0:false wifi:false mobile:false ap:false
02-22 01:59:32.299 I/hpplay-java( 2708): [main]:ServerTaskManager:get local ip:null
02-22 01:59:32.391 I/mpu_uart( 644): [MSG-P:RECV]:No message received in 1000 ms
02-22 01:59:33.301 W/hpplay-java( 2708): [main]:IPManager:getActiveNets invalid networkInfo:null
02-22 01:59:33.301 I/hpplay-java( 2708): [main]:IPManager:getActiveNets eth0:false wifi:false mobile:false ap:false
02-22 01:59:33.301 I/hpplay-java( 2708): [main]:ServerTaskManager:get local ip:null
02-22 01:59:33.391 I/mpu_uart( 644): [MSG-P:RECV]:No message received in 1000 ms
02-22 01:59:34.064 D/RemoteControlService( 2307): startVlanDispatchThread
02-22 01:59:34.303 W/hpplay-java( 2708): [main]:IPManager:getActiveNets invalid networkInfo:null
02-22 01:59:34.303 I/hpplay-java( 2708): [main]:IPManager:getActiveNets eth0:false wifi:false mobile:false ap:false
02-22 01:59:34.303 I/hpplay-java( 2708): [main]:ServerTaskManager:get local ip:null
02-22 01:59:34.359 I/mpu_uart( 644): [MSG-P:R]:recv sync frame timeout
02-22 01:59:34.392 I/mpu_uart( 644): [MSG-P:RECV]:No message received in 1000 ms
01-01 12:47:22.773 E/DTC_ETH,link_delay_work_func( 0): 3003, SQI=0, link=0
02-22 01:59:35.305 W/hpplay-java( 2708): [main]:IPManager:getActiveNets invalid networkInfo:null
02-22 01:59:35.305 I/hpplay-java( 2708): [main]:IPManager:getActiveNets eth0:false wifi:false mobile:false ap:false
02-22 01:59:35.305 I/hpplay-java( 2708): [main]:ServerTaskManager:get local ip:null
02-22 01:59:35.392 I/mpu_uart( 644): [MSG-P:RECV]:No message received in 1000 ms
02-22 01:59:35.638 E/tlogd ( 1270): [TzLogger](isPathReadable) file /sys/kernel/debug/tzdbg/qsee_log isn't exist or no permission, err: No such file or directory
02-22 01:59:35.638 E/tlogd ( 1270): [TzLogger](saveTzlogAsync) /sys/kernel/debug/tzdbg/qsee_log can not read.
02-22 01:59:35.638 E/tlogd ( 1270): [TzLogger](isPathReadable) file /sys/kernel/debug/tzdbg/log isn't exist or no permission, err: No such file or directory
02-22 01:59:35.638 E/tlogd ( 1270): [TzLogger](saveTzlogAsync) /sys/kernel/debug/tzdbg/log can not read.
02-22 01:59:36.307 W/hpplay-java( 2708): [main]:IPManager:getActiveNets invalid networkInfo:null
02-22 01:59:36.308 I/hpplay-java( 2708): [main]:IPManager:getActiveNets eth0:false wifi:false mobile:false ap:false
02-22 01:59:36.308 I/hpplay-java( 2708): [main]:ServerTaskManager:get local ip:null
02-22 01:59:36.392 I/mpu_uart( 644): [MSG-P:RECV]:No message received in 1000 ms
02-22 01:59:36.814 I/selfinstaller( 1191): create socket failed: Network is unreachable 101
02-22 01:59:37.310 W/hpplay-java( 2708): [main]:IPManager:getActiveNets invalid networkInfo:null
02-22 01:59:37.310 I/hpplay-java( 2708): [main]:IPManager:getActiveNets eth0:false wifi:false mobile:false ap:false
02-22 01:59:37.310 I/hpplay-java( 2708): [main]:ServerTaskManager:get local ip:null
02-22 01:59:37.362 I/mpu_uart( 644): [MSG-P:R]:recv sync frame timeout
02-22 01:59:37.392 I/mpu_uart( 644): [MSG-P:RECV]:No message received in 1000 ms
02-22 01:59:38.312 W/hpplay-java( 2708): [main]:IPManager:getActiveNets invalid networkInfo:null
02-22 01:59:38.312 I/hpplay-java( 2708): [main]:IPManager:getActiveNets eth0:false wifi:false mobile:false ap:false
02-22 01:59:38.312 I/hpplay-java( 2708): [main]:ServerTaskManager:get local ip:null
02-22 01:59:38.392 I/mpu_uart( 644): [MSG-P:RECV]:No message received in 1000 ms
02-22 01:59:39.072 D/RemoteControlService( 2307): startVlanDispatchThread
02-22 01:59:39.314 W/hpplay-java( 2708): [main]:IPManager:getActiveNets invalid networkInfo:null
02-22 01:59:39.314 I/hpplay-java( 2708): [main]:IPManager:getActiveNets eth0:false wifi:false mobile:false ap:false
02-22 01:59:39.314 I/hpplay-java( 2708): [main]:ServerTaskManager:get local ip:null
02-22 01:59:39.393 I/mpu_uart( 644): [MSG-P:RECV]:No message received in 1000 ms
01-01 12:47:27.893 E/DTC_ETH,link_delay_work_func( 0): 3003, SQI=0, link=0
02-22 01:59:40.315 W/hpplay-java( 2708): [main]:IPManager:getActiveNets invalid networkInfo:null
02-22 01:59:40.316 I/hpplay-java( 2708): [main]:IPManager:getActiveNets eth0:false wifi:false mobile:false ap:false
02-22 01:59:40.316 I/hpplay-java( 2708): [main]:ServerTaskManager:get local ip:null
02-22 01:59:40.365 I/mpu_uart( 644): [MSG-P:R]:recv sync frame timeout
02-22 01:59:40.393 I/mpu_uart( 644): [MSG-P:RECV]:No message received in 1000 ms
02-22 01:59:40.638 E/tlogd ( 1270): [TzLogger](isPathReadable) file /sys/kernel/debug/tzdbg/qsee_log isn't exist or no permission, err: No such file or directory
02-22 01:59:40.638 E/tlogd ( 1270): [TzLogger](saveTzlogAsync) /sys/kernel/debug/tzdbg/qsee_log can not read.
02-22 01:59:40.639 E/tlogd ( 1270): [TzLogger](isPathReadable) file /sys/kernel/debug/tzdbg/log isn't exist or no permission, err: No such file or directory
02-22 01:59:40.639 E/tlogd ( 1270): [TzLogger](saveTzlogAsync) /sys/kernel/debug/tzdbg/log can not read.
02-22 01:59:41.318 W/hpplay-java( 2708): [main]:IPManager:getActiveNets invalid networkInfo:null
02-22 01:59:41.318 I/hpplay-java( 2708): [main]:IPManager:getActiveNets eth0:false wifi:false mobile:false ap:false
02-22 01:59:41.318 I/hpplay-java( 2708): [main]:ServerTaskManager:get local ip:null
02-22 01:59:41.393 I/mpu_uart( 644): [MSG-P:RECV]:No message received in 1000 ms
02-22 01:59:42.320 W/hpplay-java( 2708): [main]:IPManager:getActiveNets invalid networkInfo:null
02-22 01:59:42.320 I/hpplay-java( 2708): [main]:IPManager:getActiveNets eth0:false wifi:false mobile:false ap:false
02-22 01:59:42.320 I/hpplay-java( 2708): [main]:ServerTaskManager:get local ip:null
02-22 01:59:42.393 I/mpu_uart( 644): [MSG-P:RECV]:No message received in 1000 ms
02-22 01:59:43.322 W/hpplay-java( 2708): [main]:IPManager:getActiveNets invalid networkInfo:null
02-22 01:59:43.322 I/hpplay-java( 2708): [main]:IPManager:getActiveNets eth0:false wifi:false mobile:false ap:false
02-22 01:59:43.322 I/hpplay-java( 2708): [main]:ServerTaskManager:get local ip:null
02-22 01:59:43.369 I/mpu_uart( 644): [MSG-P:R]:recv sync frame timeout
02-22 01:59:43.393 I/mpu_uart( 644): [MSG-P:RECV]:No message received in 1000 ms
02-22 01:59:44.080 D/RemoteControlService( 2307): startVlanDispatchThread
02-22 01:59:44.324 W/hpplay-java( 2708): [main]:IPManager:getActiveNets invalid networkInfo:null
02-22 01:59:44.324 I/hpplay-java( 2708): [main]:IPManager:getActiveNets eth0:false wifi:false mobile:false ap:false
02-22 01:59:44.324 I/hpplay-java( 2708): [main]:ServerTaskManager:get local ip:null
02-22 01:59:44.394 I/mpu_uart( 644): [MSG-P:RECV]:No message received in 1000 ms
01-01 12:47:33.013 E/DTC_ETH,link_delay_work_func( 0): 3003, SQI=0, link=0
02-22 01:59:45.326 W/hpplay-java( 2708): [main]:IPManager:getActiveNets invalid networkInfo:null
02-22 01:59:45.326 I/hpplay-java( 2708): [main]:IPManager:getActiveNets eth0:false wifi:false mobile:false ap:false
02-22 01:59:45.326 I/hpplay-java( 2708): [main]:ServerTaskManager:get local ip:null
02-22 01:59:45.394 I/mpu_uart( 644): [MSG-P:RECV]:No message received in 1000 ms
02-22 01:59:45.639 E/tlogd ( 1270): [TzLogger](isPathReadable) file /sys/kernel/debug/tzdbg/qsee_log isn't exist or no permission, err: No such file or directory
02-22 01:59:45.639 E/tlogd ( 1270): [TzLogger](saveTzlogAsync) /sys/kernel/debug/tzdbg/qsee_log can not read.
02-22 01:59:45.639 E/tlogd ( 1270): [TzLogger](isPathReadable) file /sys/kernel/debug/tzdbg/log isn't exist or no permission, err: No such file or directory
02-22 01:59:45.639 E/tlogd ( 1270): [TzLogger](saveTzlogAsync) /sys/kernel/debug/tzdbg/log can not read.
02-22 01:59:46.328 W/hpplay-java( 2708): [main]:IPManager:getActiveNets invalid networkInfo:null
02-22 01:59:46.328 I/hpplay-java( 2708): [main]:IPManager:getActiveNets eth0:false wifi:false mobile:false ap:false
02-22 01:59:46.328 I/hpplay-java( 2708): [main]:ServerTaskManager:get local ip:null
02-22 01:59:46.372 I/mpu_uart( 644): [MSG-P:R]:recv sync frame timeout
02-22 01:59:46.394 I/mpu_uart( 644): [MSG-P:RECV]:No message received in 1000 ms
02-22 01:59:47.330 W/hpplay-java( 2708): [main]:IPManager:getActiveNets invalid networkInfo:null
02-22 01:59:47.330 I/hpplay-java( 2708): [main]:IPManager:getActiveNets eth0:false wifi:false mobile:false ap:false
02-22 01:59:47.330 I/hpplay-java( 2708): [main]:ServerTaskManager:get local ip:null
02-22 01:59:47.394 I/mpu_uart( 644): [MSG-P:RECV]:No message received in 1000 ms
02-22 01:59:48.332 W/hpplay-java( 2708): [main]:IPManager:getActiveNets invalid networkInfo:null
02-22 01:59:48.332 I/hpplay-java( 2708): [main]:IPManager:getActiveNets eth0:false wifi:false mobile:false ap:false
02-22 01:59:48.333 I/hpplay-java( 2708): [main]:ServerTaskManager:get local ip:null
02-22 01:59:48.395 I/mpu_uart( 644): [MSG-P:RECV]:No message received in 1000 ms
02-22 01:59:49.089 D/RemoteControlService( 2307): startVlanDispatchThread
02-22 01:59:49.334 W/hpplay-java( 2708): [main]:IPManager:getActiveNets invalid networkInfo:null
02-22 01:59:49.334 I/hpplay-java( 2708): [main]:IPManager:getActiveNets eth0:false wifi:false mobile:false ap:false
02-22 01:59:49.335 I/hpplay-java( 2708): [main]:ServerTaskManager:get local ip:null
02-22 01:59:49.375 I/mpu_uart( 644): [MSG-P:R]:recv sync frame timeout
02-22 01:59:49.395 I/mpu_uart( 644): [MSG-P:RECV]:No message received in 1000 ms
01-01 12:47:38.133 E/DTC_ETH,link_delay_work_func( 0): 3003, SQI=0, link=0
02-22 01:59:50.337 W/hpplay-java( 2708): [main]:IPManager:getActiveNets invalid networkInfo:null
02-22 01:59:50.337 I/hpplay-java( 2708): [main]:IPManager:getActiveNets eth0:false wifi:false mobile:false ap:false
02-22 01:59:50.337 I/hpplay-java( 2708): [main]:ServerTaskManager:get local ip:null
02-22 01:59:50.395 I/mpu_uart( 644): [MSG-P:RECV]:No message received in 1000 ms
02-22 01:59:50.640 E/tlogd ( 1270): [TzLogger](isPathReadable) file /sys/kernel/debug/tzdbg/qsee_log isn't exist or no permission, err: No such file or directory
02-22 01:59:50.640 E/tlogd ( 1270): [TzLogger](saveTzlogAsync) /sys/kernel/debug/tzdbg/qsee_log can not read.
02-22 01:59:50.640 E/tlogd ( 1270): [TzLogger](isPathReadable) file /sys/kernel/debug/tzdbg/log isn't exist or no permission, err: No such file or directory
02-22 01:59:50.640 E/tlogd ( 1270): [TzLogger](saveTzlogAsync) /sys/kernel/debug/tzdbg/log can not read.
02-22 01:59:51.339 W/hpplay-java( 2708): [main]:IPManager:getActiveNets invalid networkInfo:null
02-22 01:59:51.339 I/hpplay-java( 2708): [main]:IPManager:getActiveNets eth0:false wifi:false mobile:false ap:false
02-22 01:59:51.339 I/hpplay-java( 2708): [main]:ServerTaskManager:get local ip:null
02-22 01:59:51.395 I/mpu_uart( 644): [MSG-P:RECV]:No message received in 1000 ms
02-22 01:59:52.341 W/hpplay-java( 2708): [main]:IPManager:getActiveNets invalid networkInfo:null
02-22 01:59:52.341 I/hpplay-java( 2708): [main]:IPManager:getActiveNets eth0:false wifi:false mobile:false ap:false
02-22 01:59:52.341 I/hpplay-java( 2708): [main]:ServerTaskManager:get local ip:null
02-22 01:59:52.376 I/mpu_uart( 644): [MSG-P:R]:recv sync frame timeout
02-22 01:59:52.395 I/mpu_uart( 644): [MSG-P:RECV]:No message received in 1000 ms
02-22 01:59:53.343 W/hpplay-java( 2708): [main]:IPManager:getActiveNets invalid networkInfo:null
02-22 01:59:53.343 I/hpplay-java( 2708): [main]:IPManager:getActiveNets eth0:false wifi:false mobile:false ap:false
02-22 01:59:53.343 I/hpplay-java( 2708): [main]:ServerTaskManager:get local ip:null
02-22 01:59:53.396 I/mpu_uart( 644): [MSG-P:RECV]:No message received in 1000 ms
02-22 01:59:54.097 D/RemoteControlService( 2307): startVlanDispatchThread
02-22 01:59:54.345 W/hpplay-java( 2708): [main]:IPManager:getActiveNets invalid networkInfo:null
02-22 01:59:54.345 I/hpplay-java( 2708): [main]:IPManager:getActiveNets eth0:false wifi:false mobile:false ap:false
02-22 01:59:54.345 I/hpplay-java( 2708): [main]:ServerTaskManager:get local ip:null
02-22 01:59:54.396 I/mpu_uart( 644): [MSG-P:RECV]:No message received in 1000 ms
01-01 12:47:43.253 E/DTC_ETH,link_delay_work_func( 0): 3003, SQI=0, link=0
02-22 01:59:55.347 W/hpplay-java( 2708): [main]:IPManager:getActiveNets invalid networkInfo:null
02-22 01:59:55.347 I/hpplay-java( 2708): [main]:IPManager:getActiveNets eth0:false wifi:false mobile:false ap:false
02-22 01:59:55.347 I/hpplay-java( 2708): [main]:ServerTaskManager:get local ip:null
02-22 01:59:55.379 I/mpu_uart( 644): [MSG-P:R]:recv sync frame timeout
02-22 01:59:55.396 I/mpu_uart( 644): [MSG-P:RECV]:No message received in 1000 ms
02-22 01:59:55.640 E/tlogd ( 1270): [TzLogger](isPathReadable) file /sys/kernel/debug/tzdbg/qsee_log isn't exist or no permission, err: No such file or directory
02-22 01:59:55.640 E/tlogd ( 1270): [TzLogger](saveTzlogAsync) /sys/kernel/debug/tzdbg/qsee_log can not read.
02-22 01:59:55.640 E/tlogd ( 1270): [TzLogger](isPathReadable) file /sys/kernel/debug/tzdbg/log isn't exist or no permission, err: No such file or directory
02-22 01:59:55.640 E/tlogd ( 1270): [TzLogger](saveTzlogAsync) /sys/kernel/debug/tzdbg/log can not read.
02-22 01:59:56.349 W/hpplay-java( 2708): [main]:IPManager:getActiveNets invalid networkInfo:null
02-22 01:59:56.349 I/hpplay-java( 2708): [main]:IPManager:getActiveNets eth0:false wifi:false mobile:false ap:false
02-22 01:59:56.349 I/hpplay-java( 2708): [main]:ServerTaskManager:get local ip:null
02-22 01:59:56.396 I/mpu_uart( 644): [MSG-P:RECV]:No message received in 1000 ms
02-22 01:59:57.055 I/ScreenSaver_12( 3965): [PeriodicCallbackModel] Executing periodic callback for MINUTE because the period ended
02-22 01:59:57.351 W/hpplay-java( 2708): [main]:IPManager:getActiveNets invalid networkInfo:null
02-22 01:59:57.351 I/hpplay-java( 2708): [main]:IPManager:getActiveNets eth0:false wifi:false mobile:false ap:false
02-22 01:59:57.351 I/hpplay-java( 2708): [main]:ServerTaskManager:get local ip:null
02-22 01:59:57.397 I/mpu_uart( 644): [MSG-P:RECV]:No message received in 1000 ms
02-22 01:59:58.353 W/hpplay-java( 2708): [main]:IPManager:getActiveNets invalid networkInfo:null
02-22 01:59:58.353 I/hpplay-java( 2708): [main]:IPManager:getActiveNets eth0:false wifi:false mobile:false ap:false
02-22 01:59:58.353 I/hpplay-java( 2708): [main]:ServerTaskManager:get local ip:null
02-22 01:59:58.388 I/mpu_uart( 644): [MSG-P:R]:recv sync frame timeout
02-22 01:59:58.397 I/mpu_uart( 644): [MSG-P:RECV]:No message received in 1000 ms
02-22 01:59:59.105 D/RemoteControlService( 2307): startVlanDispatchThread
02-22 01:59:59.356 W/hpplay-java( 2708): [main]:IPManager:getActiveNets invalid networkInfo:null
02-22 01:59:59.356 I/hpplay-java( 2708): [main]:IPManager:getActiveNets eth0:false wifi:false mobile:false ap:false
02-22 01:59:59.356 I/hpplay-java( 2708): [main]:ServerTaskManager:get local ip:null
02-22 01:59:59.397 I/mpu_uart( 644): [MSG-P:RECV]:No message received in 1000 ms
02-22 02:00:00.003 D/KeyguardUpdateMonitor( 1966): received broadcast android.intent.action.TIME_TICK
02-22 02:00:00.003 D/KeyguardUpdateMonitor( 1966): handleTimeUpdate
01-01 12:47:48.373 E/DTC_ETH,link_delay_work_func( 0): 3003, SQI=0, link=0
02-22 02:00:00.360 W/hpplay-java( 2708): [main]:IPManager:getActiveNets invalid networkInfo:null
02-22 02:00:00.360 I/hpplay-java( 2708): [main]:IPManager:getActiveNets eth0:false wifi:false mobile:false ap:false
02-22 02:00:00.361 I/hpplay-java( 2708): [main]:ServerTaskManager:get local ip:null
02-22 02:00:00.397 I/mpu_uart( 644): [MSG-P:RECV]:No message received in 1000 ms
02-22 02:00:00.641 E/tlogd ( 1270): [TzLogger](isPathReadable) file /sys/kernel/debug/tzdbg/qsee_log isn't exist or no permission, err: No such file or directory
02-22 02:00:00.641 E/tlogd ( 1270): [TzLogger](saveTzlogAsync) /sys/kernel/debug/tzdbg/qsee_log can not read.
02-22 02:00:00.641 E/tlogd ( 1270): [TzLogger](isPathReadable) file /sys/kernel/debug/tzdbg/log isn't exist or no permission, err: No such file or directory
02-22 02:00:00.641 E/tlogd ( 1270): [TzLogger](saveTzlogAsync) /sys/kernel/debug/tzdbg/log can not read.
02-22 02:00:01.363 W/hpplay-java( 2708): [main]:IPManager:getActiveNets invalid networkInfo:null
02-22 02:00:01.363 I/hpplay-java( 2708): [main]:IPManager:getActiveNets eth0:false wifi:false mobile:false ap:false
02-22 02:00:01.363 I/hpplay-java( 2708): [main]:ServerTaskManager:get local ip:null
02-22 02:00:01.394 I/mpu_uart( 644): [MSG-P:R]:recv sync frame timeout
02-22 02:00:01.398 I/mpu_uart( 644): [MSG-P:RECV]:No message received in 1000 ms
02-22 02:00:02.365 W/hpplay-java( 2708): [main]:IPManager:getActiveNets invalid networkInfo:null
02-22 02:00:02.365 I/hpplay-java( 2708): [main]:IPManager:getActiveNets eth0:false wifi:false mobile:false ap:false
02-22 02:00:02.365 I/hpplay-java( 2708): [main]:ServerTaskManager:get local ip:null
02-22 02:00:02.398 I/mpu_uart( 644): [MSG-P:RECV]:No message received in 1000 ms
02-22 02:00:03.367 W/hpplay-java( 2708): [main]:IPManager:getActiveNets invalid networkInfo:null
02-22 02:00:03.367 I/hpplay-java( 2708): [main]:IPManager:getActiveNets eth0:false wifi:false mobile:false ap:false
02-22 02:00:03.367 I/hpplay-java( 2708): [main]:ServerTaskManager:get local ip:null
02-22 02:00:03.398 I/mpu_uart( 644): [MSG-P:RECV]:No message received in 1000 ms
02-22 02:00:04.118 D/RemoteControlService( 2307): startVlanDispatchThread
02-22 02:00:04.369 W/hpplay-java( 2708): [main]:IPManager:getActiveNets invalid networkInfo:null
02-22 02:00:04.370 I/hpplay-java( 2708): [main]:IPManager:getActiveNets eth0:false wifi:false mobile:false ap:false
02-22 02:00:04.370 I/hpplay-java( 2708): [main]:ServerTaskManager:get local ip:null
02-22 02:00:04.398 I/mpu_uart( 644): [MSG-P:R]:recv sync frame timeout
02-22 02:00:04.398 I/mpu_uart( 644): [MSG-P:RECV]:No message received in 1000 ms
02-22 02:00:05.372 W/hpplay-java( 2708): [main]:IPManager:getActiveNets invalid networkInfo:null
02-22 02:00:05.372 I/hpplay-java( 2708): [main]:IPManager:getActiveNets eth0:false wifi:false mobile:false ap:false
02-22 02:00:05.372 I/hpplay-java( 2708): [main]:ServerTaskManager:get local ip:null
02-22 02:00:05.398 I/mpu_uart( 644): [MSG-P:RECV]:No message received in 1000 ms
01-01 12:47:53.493 E/DTC_ETH,link_delay_work_func( 0): 3003, SQI=0, link=0
02-22 02:00:05.642 E/tlogd ( 1270): [TzLogger](isPathReadable) file /sys/kernel/debug/tzdbg/qsee_log isn't exist or no permission, err: No such file or directory
02-22 02:00:05.642 E/tlogd ( 1270): [TzLogger](saveTzlogAsync) /sys/kernel/debug/tzdbg/qsee_log can not read.
02-22 02:00:05.642 E/tlogd ( 1270): [TzLogger](isPathReadable) file /sys/kernel/debug/tzdbg/log isn't exist or no permission, err: No such file or directory
02-22 02:00:05.642 E/tlogd ( 1270): [TzLogger](saveTzlogAsync) /sys/kernel/debug/tzdbg/log can not read.
02-22 02:00:06.374 W/hpplay-java( 2708): [main]:IPManager:getActiveNets invalid networkInfo:null
02-22 02:00:06.374 I/hpplay-java( 2708): [main]:IPManager:getActiveNets eth0:false wifi:false mobile:false ap:false
02-22 02:00:06.374 I/hpplay-java( 2708): [main]:ServerTaskManager:get local ip:null
02-22 02:00:06.399 I/mpu_uart( 644): [MSG-P:RECV]:No message received in 1000 ms
02-22 02:00:06.829 I/selfinstaller( 1191): create socket failed: Network is unreachable 101
02-22 02:00:07.376 W/hpplay-java( 2708): [main]:IPManager:getActiveNets invalid networkInfo:null
02-22 02:00:07.376 I/hpplay-java( 2708): [main]:IPManager:getActiveNets eth0:false wifi:false mobile:false ap:false
02-22 02:00:07.376 I/hpplay-java( 2708): [main]:ServerTaskManager:get local ip:null
02-22 02:00:07.399 I/mpu_uart( 644): [MSG-P:RECV]:No message received in 1000 ms
02-22 02:00:07.401 I/mpu_uart( 644): [MSG-P:R]:recv sync frame timeout
02-22 02:00:08.378 W/hpplay-java( 2708): [main]:IPManager:getActiveNets invalid networkInfo:null
02-22 02:00:08.378 I/hpplay-java( 2708): [main]:IPManager:getActiveNets eth0:false wifi:false mobile:false ap:false
02-22 02:00:08.378 I/hpplay-java( 2708): [main]:ServerTaskManager:get local ip:null
02-22 02:00:08.399 I/mpu_uart( 644): [MSG-P:RECV]:No message received in 1000 ms
02-22 02:00:09.127 D/RemoteControlService( 2307): startVlanDispatchThread
02-22 02:00:09.380 W/hpplay-java( 2708): [main]:IPManager:getActiveNets invalid networkInfo:null
02-22 02:00:09.380 I/hpplay-java( 2708): [main]:IPManager:getActiveNets eth0:false wifi:false mobile:false ap:false
02-22 02:00:09.380 I/hpplay-java( 2708): [main]:ServerTaskManager:get local ip:null
02-22 02:00:09.399 I/mpu_uart( 644): [MSG-P:RECV]:No message received in 1000 ms
02-22 02:00:10.382 W/hpplay-java( 2708): [main]:IPManager:getActiveNets invalid networkInfo:null
02-22 02:00:10.382 I/hpplay-java( 2708): [main]:IPManager:getActiveNets eth0:false wifi:false mobile:false ap:false
02-22 02:00:10.382 I/hpplay-java( 2708): [main]:ServerTaskManager:get local ip:null
02-22 02:00:10.400 I/mpu_uart( 644): [MSG-P:RECV]:No message received in 1000 ms
02-22 02:00:10.405 I/mpu_uart( 644): [MSG-P:R]:recv sync frame timeout
01-01 12:47:58.613 E/DTC_ETH,link_delay_work_func( 0): 3003, SQI=0, link=0
02-22 02:00:10.642 E/tlogd ( 1270): [TzLogger](isPathReadable) file /sys/kernel/debug/tzdbg/qsee_log isn't exist or no permission, err: No such file or directory
02-22 02:00:10.642 E/tlogd ( 1270): [TzLogger](saveTzlogAsync) /sys/kernel/debug/tzdbg/qsee_log can not read.
02-22 02:00:10.642 E/tlogd ( 1270): [TzLogger](isPathReadable) file /sys/kernel/debug/tzdbg/log isn't exist or no permission, err: No such file or directory
02-22 02:00:10.642 E/tlogd ( 1270): [TzLogger](saveTzlogAsync) /sys/kernel/debug/tzdbg/log can not read.
02-22 02:00:11.384 W/hpplay-java( 2708): [main]:IPManager:getActiveNets invalid networkInfo:null
02-22 02:00:11.384 I/hpplay-java( 2708): [main]:IPManager:getActiveNets eth0:false wifi:false mobile:false ap:false
02-22 02:00:11.384 I/hpplay-java( 2708): [main]:ServerTaskManager:get local ip:null
02-22 02:00:11.400 I/mpu_uart( 644): [MSG-P:RECV]:No message received in 1000 ms
02-22 02:00:12.386 W/hpplay-java( 2708): [main]:IPManager:getActiveNets invalid networkInfo:null
02-22 02:00:12.386 I/hpplay-java( 2708): [main]:IPManager:getActiveNets eth0:false wifi:false mobile:false ap:false
02-22 02:00:12.386 I/hpplay-java( 2708): [main]:ServerTaskManager:get local ip:null
02-22 02:00:12.400 I/mpu_uart( 644): [MSG-P:RECV]:No message received in 1000 ms
02-22 02:00:13.388 W/hpplay-java( 2708): [main]:IPManager:getActiveNets invalid networkInfo:null
02-22 02:00:13.388 I/hpplay-java( 2708): [main]:IPManager:getActiveNets eth0:false wifi:false mobile:false ap:false
02-22 02:00:13.388 I/hpplay-java( 2708): [main]:ServerTaskManager:get local ip:null
02-22 02:00:13.400 I/mpu_uart( 644): [MSG-P:RECV]:No message received in 1000 ms
02-22 02:00:13.408 I/mpu_uart( 644): [MSG-P:R]:recv sync frame timeout
02-22 02:00:14.136 D/RemoteControlService( 2307): startVlanDispatchThread
02-22 02:00:14.390 W/hpplay-java( 2708): [main]:IPManager:getActiveNets invalid networkInfo:null
02-22 02:00:14.390 I/hpplay-java( 2708): [main]:IPManager:getActiveNets eth0:false wifi:false mobile:false ap:false
02-22 02:00:14.390 I/hpplay-java( 2708): [main]:ServerTaskManager:get local ip:null
02-22 02:00:14.400 I/mpu_uart( 644): [MSG-P:RECV]:No message received in 1000 ms
02-22 02:00:15.391 W/hpplay-java( 2708): [main]:IPManager:getActiveNets invalid networkInfo:null
02-22 02:00:15.391 I/hpplay-java( 2708): [main]:IPManager:getActiveNets eth0:false wifi:false mobile:false ap:false
02-22 02:00:15.391 I/hpplay-java( 2708): [main]:ServerTaskManager:get local ip:null
02-22 02:00:15.401 I/mpu_uart( 644): [MSG-P:RECV]:No message received in 1000 ms
02-22 02:00:15.643 E/tlogd ( 1270): [TzLogger](isPathReadable) file /sys/kernel/debug/tzdbg/qsee_log isn't exist or no permission, err: No such file or directory
02-22 02:00:15.643 E/tlogd ( 1270): [TzLogger](saveTzlogAsync) /sys/kernel/debug/tzdbg/qsee_log can not read.
02-22 02:00:15.643 E/tlogd ( 1270): [TzLogger](isPathReadable) file /sys/kernel/debug/tzdbg/log isn't exist or no permission, err: No such file or directory
02-22 02:00:15.643 E/tlogd ( 1270): [TzLogger](saveTzlogAsync) /sys/kernel/debug/tzdbg/log can not read.
02-22 02:00:15.670 I/hpplay-java( 2708): [main]:IMTask:getIMRoot
01-01 12:48:03.733 E/DTC_ETH,link_delay_work_func( 0): 3003, SQI=0, link=0
02-22 02:00:15.677 W/hpplay-java( 2708): [AsyncTask #146]:HttpRequest:
02-22 02:00:15.679 W/hpplay-java( 2708): [AsyncTask #146]:HttpRequest:
02-22 02:00:15.680 W/hpplay-java( 2708): [AsyncTask #146]:HttpRequest:
02-22 02:00:15.680 E/hpplay-java( 2708): [main]:IMTask:getIMRoot failed
02-22 02:00:16.393 W/hpplay-java( 2708): [main]:IPManager:getActiveNets invalid networkInfo:null
02-22 02:00:16.393 I/hpplay-java( 2708): [main]:IPManager:getActiveNets eth0:false wifi:false mobile:false ap:false
02-22 02:00:16.393 I/hpplay-java( 2708): [main]:ServerTaskManager:get local ip:null
02-22 02:00:16.401 I/mpu_uart( 644): [MSG-P:RECV]:No message received in 1000 ms
02-22 02:00:16.411 I/mpu_uart( 644): [MSG-P:R]:recv sync frame timeout
02-22 02:00:17.395 W/hpplay-java( 2708): [main]:IPManager:getActiveNets invalid networkInfo:null
02-22 02:00:17.395 I/hpplay-java( 2708): [main]:IPManager:getActiveNets eth0:false wifi:false mobile:false ap:false
02-22 02:00:17.395 I/hpplay-java( 2708): [main]:ServerTaskManager:get local ip:null
02-22 02:00:17.401 I/mpu_uart( 644): [MSG-P:RECV]:No message received in 1000 ms
02-22 02:00:18.397 W/hpplay-java( 2708): [main]:IPManager:getActiveNets invalid networkInfo:null
02-22 02:00:18.397 I/hpplay-java( 2708): [main]:IPManager:getActiveNets eth0:false wifi:false mobile:false ap:false
02-22 02:00:18.397 I/hpplay-java( 2708): [main]:ServerTaskManager:get local ip:null
02-22 02:00:18.401 I/mpu_uart( 644): [MSG-P:RECV]:No message received in 1000 ms
02-22 02:00:19.145 D/RemoteControlService( 2307): startVlanDispatchThread
02-22 02:00:19.399 W/hpplay-java( 2708): [main]:IPManager:getActiveNets invalid networkInfo:null
02-22 02:00:19.399 I/hpplay-java( 2708): [main]:IPManager:getActiveNets eth0:false wifi:false mobile:false ap:false
02-22 02:00:19.399 I/hpplay-java( 2708): [main]:ServerTaskManager:get local ip:null
02-22 02:00:19.401 I/mpu_uart( 644): [MSG-P:RECV]:No message received in 1000 ms
02-22 02:00:19.415 I/mpu_uart( 644): [MSG-P:R]:recv sync frame timeout
02-22 02:00:20.401 W/hpplay-java( 2708): [main]:IPManager:getActiveNets invalid networkInfo:null
02-22 02:00:20.401 I/hpplay-java( 2708): [main]:IPManager:getActiveNets eth0:false wifi:false mobile:false ap:false
02-22 02:00:20.401 I/hpplay-java( 2708): [main]:ServerTaskManager:get local ip:null
02-22 02:00:20.402 I/mpu_uart( 644): [MSG-P:RECV]:No message received in 1000 ms
02-22 02:00:20.644 E/tlogd ( 1270): [TzLogger](isPathReadable) file /sys/kernel/debug/tzdbg/qsee_log isn't exist or no permission, err: No such file or directory
02-22 02:00:20.644 E/tlogd ( 1270): [TzLogger](saveTzlogAsync) /sys/kernel/debug/tzdbg/qsee_log can not read.
02-22 02:00:20.644 E/tlogd ( 1270): [TzLogger](isPathReadable) file /sys/kernel/debug/tzdbg/log isn't exist or no permission, err: No such file or directory
02-22 02:00:20.644 E/tlogd ( 1270): [TzLogger](saveTzlogAsync) /sys/kernel/debug/tzdbg/log can not read.
01-01 12:48:08.853 E/DTC_ETH,link_delay_work_func( 0): 3003, SQI=0, link=0
02-22 02:00:21.402 I/mpu_uart( 644): [MSG-P:RECV]:No message received in 1000 ms
02-22 02:00:21.403 W/hpplay-java( 2708): [main]:IPManager:getActiveNets invalid networkInfo:null
02-22 02:00:21.403 I/hpplay-java( 2708): [main]:IPManager:getActiveNets eth0:false wifi:false mobile:false ap:false
02-22 02:00:21.403 I/hpplay-java( 2708): [main]:ServerTaskManager:get local ip:null
02-22 02:00:22.402 I/mpu_uart( 644): [MSG-P:RECV]:No message received in 1000 ms
02-22 02:00:22.405 W/hpplay-java( 2708): [main]:IPManager:getActiveNets invalid networkInfo:null
02-22 02:00:22.405 I/hpplay-java( 2708): [main]:IPManager:getActiveNets eth0:false wifi:false mobile:false ap:false
02-22 02:00:22.405 I/hpplay-java( 2708): [main]:ServerTaskManager:get local ip:null
02-22 02:00:22.418 I/mpu_uart( 644): [MSG-P:R]:recv sync frame timeout
02-22 02:00:23.402 I/mpu_uart( 644): [MSG-P:RECV]:No message received in 1000 ms
02-22 02:00:23.407 W/hpplay-java( 2708): [main]:IPManager:getActiveNets invalid networkInfo:null
02-22 02:00:23.407 I/hpplay-java( 2708): [main]:IPManager:getActiveNets eth0:false wifi:false mobile:false ap:false
02-22 02:00:23.407 I/hpplay-java( 2708): [main]:ServerTaskManager:get local ip:null
02-22 02:00:24.153 D/RemoteControlService( 2307): startVlanDispatchThread
02-22 02:00:24.402 I/mpu_uart( 644): [MSG-P:RECV]:No message received in 1000 ms
02-22 02:00:24.409 W/hpplay-java( 2708): [main]:IPManager:getActiveNets invalid networkInfo:null
02-22 02:00:24.409 I/hpplay-java( 2708): [main]:IPManager:getActiveNets eth0:false wifi:false mobile:false ap:false
02-22 02:00:24.409 I/hpplay-java( 2708): [main]:ServerTaskManager:get local ip:null
02-22 02:00:25.403 I/mpu_uart( 644): [MSG-P:RECV]:No message received in 1000 ms
02-22 02:00:25.411 W/hpplay-java( 2708): [main]:IPManager:getActiveNets invalid networkInfo:null
02-22 02:00:25.411 I/hpplay-java( 2708): [main]:IPManager:getActiveNets eth0:false wifi:false mobile:false ap:false
02-22 02:00:25.411 I/hpplay-java( 2708): [main]:ServerTaskManager:get local ip:null
02-22 02:00:25.422 I/mpu_uart( 644): [MSG-P:R]:recv sync frame timeout
02-22 02:00:25.644 E/tlogd ( 1270): [TzLogger](isPathReadable) file /sys/kernel/debug/tzdbg/qsee_log isn't exist or no permission, err: No such file or directory
02-22 02:00:25.644 E/tlogd ( 1270): [TzLogger](saveTzlogAsync) /sys/kernel/debug/tzdbg/qsee_log can not read.
02-22 02:00:25.645 E/tlogd ( 1270): [TzLogger](isPathReadable) file /sys/kernel/debug/tzdbg/log isn't exist or no permission, err: No such file or directory
02-22 02:00:25.645 E/tlogd ( 1270): [TzLogger](saveTzlogAsync) /sys/kernel/debug/tzdbg/log can not read.
01-01 12:48:13.973 E/DTC_ETH,link_delay_work_func( 0): 3003, SQI=0, link=0
02-22 02:00:26.403 I/mpu_uart( 644): [MSG-P:RECV]:No message received in 1000 ms
02-22 02:00:26.413 W/hpplay-java( 2708): [main]:IPManager:getActiveNets invalid networkInfo:null
02-22 02:00:26.413 I/hpplay-java( 2708): [main]:IPManager:getActiveNets eth0:false wifi:false mobile:false ap:false
02-22 02:00:26.413 I/hpplay-java( 2708): [main]:ServerTaskManager:get local ip:null
02-22 02:00:27.403 I/mpu_uart( 644): [MSG-P:RECV]:No message received in 1000 ms
02-22 02:00:27.415 W/hpplay-java( 2708): [main]:IPManager:getActiveNets invalid networkInfo:null
02-22 02:00:27.415 I/hpplay-java( 2708): [main]:IPManager:getActiveNets eth0:false wifi:false mobile:false ap:false
02-22 02:00:27.415 I/hpplay-java( 2708): [main]:ServerTaskManager:get local ip:null
02-22 02:00:28.403 I/mpu_uart( 644): [MSG-P:RECV]:No message received in 1000 ms
02-22 02:00:28.417 W/hpplay-java( 2708): [main]:IPManager:getActiveNets invalid networkInfo:null
02-22 02:00:28.417 I/hpplay-java( 2708): [main]:IPManager:getActiveNets eth0:false wifi:false mobile:false ap:false
02-22 02:00:28.417 I/hpplay-java( 2708): [main]:ServerTaskManager:get local ip:null
02-22 02:00:28.425 I/mpu_uart( 644): [MSG-P:R]:recv sync frame timeout
02-22 02:00:29.162 D/RemoteControlService( 2307): startVlanDispatchThread
02-22 02:00:29.403 I/mpu_uart( 644): [MSG-P:RECV]:No message received in 1000 ms
02-22 02:00:29.419 W/hpplay-java( 2708): [main]:IPManager:getActiveNets invalid networkInfo:null
02-22 02:00:29.419 I/hpplay-java( 2708): [main]:IPManager:getActiveNets eth0:false wifi:false mobile:false ap:false
02-22 02:00:29.419 I/hpplay-java( 2708): [main]:ServerTaskManager:get local ip:null
02-22 02:00:30.403 I/mpu_uart( 644): [MSG-P:RECV]:No message received in 1000 ms
02-22 02:00:30.421 W/hpplay-java( 2708): [main]:IPManager:getActiveNets invalid networkInfo:null
02-22 02:00:30.422 I/hpplay-java( 2708): [main]:IPManager:getActiveNets eth0:false wifi:false mobile:false ap:false
02-22 02:00:30.422 I/hpplay-java( 2708): [main]:ServerTaskManager:get local ip:null
02-22 02:00:30.645 E/tlogd ( 1270): [TzLogger](isPathReadable) file /sys/kernel/debug/tzdbg/qsee_log isn't exist or no permission, err: No such file or directory
02-22 02:00:30.645 E/tlogd ( 1270): [TzLogger](saveTzlogAsync) /sys/kernel/debug/tzdbg/qsee_log can not read.
02-22 02:00:30.645 E/tlogd ( 1270): [TzLogger](isPathReadable) file /sys/kernel/debug/tzdbg/log isn't exist or no permission, err: No such file or directory
02-22 02:00:30.645 E/tlogd ( 1270): [TzLogger](saveTzlogAsync) /sys/kernel/debug/tzdbg/log can not read.
01-01 12:48:19.093 E/DTC_ETH,link_delay_work_func( 0): 3003, SQI=0, link=0
02-22 02:00:31.404 I/mpu_uart( 644): [MSG-P:RECV]:No message received in 1000 ms
02-22 02:00:31.424 W/hpplay-java( 2708): [main]:IPManager:getActiveNets invalid networkInfo:null
02-22 02:00:31.424 I/hpplay-java( 2708): [main]:IPManager:getActiveNets eth0:false wifi:false mobile:false ap:false
02-22 02:00:31.424 I/hpplay-java( 2708): [main]:ServerTaskManager:get local ip:null
02-22 02:00:31.428 I/mpu_uart( 644): [MSG-P:R]:recv sync frame timeout
02-22 02:00:32.404 I/mpu_uart( 644): [MSG-P:RECV]:No message received in 1000 ms
02-22 02:00:32.426 W/hpplay-java( 2708): [main]:IPManager:getActiveNets invalid networkInfo:null
02-22 02:00:32.426 I/hpplay-java( 2708): [main]:IPManager:getActiveNets eth0:false wifi:false mobile:false ap:false
02-22 02:00:32.426 I/hpplay-java( 2708): [main]:ServerTaskManager:get local ip:null
02-22 02:00:33.404 I/mpu_uart( 644): [MSG-P:RECV]:No message received in 1000 ms
02-22 02:00:33.428 W/hpplay-java( 2708): [main]:IPManager:getActiveNets invalid networkInfo:null
02-22 02:00:33.428 I/hpplay-java( 2708): [main]:IPManager:getActiveNets eth0:false wifi:false mobile:false ap:false
02-22 02:00:33.428 I/hpplay-java( 2708): [main]:ServerTaskManager:get local ip:null
02-22 02:00:34.170 D/RemoteControlService( 2307): startVlanDispatchThread
02-22 02:00:34.404 I/mpu_uart( 644): [MSG-P:RECV]:No message received in 1000 ms
02-22 02:00:34.430 W/hpplay-java( 2708): [main]:IPManager:getActiveNets invalid networkInfo:null
02-22 02:00:34.430 I/hpplay-java( 2708): [main]:IPManager:getActiveNets eth0:false wifi:false mobile:false ap:false
02-22 02:00:34.430 I/hpplay-java( 2708): [main]:ServerTaskManager:get local ip:null
02-22 02:00:34.432 I/mpu_uart( 644): [MSG-P:R]:recv sync frame timeout
02-22 02:00:35.405 I/mpu_uart( 644): [MSG-P:RECV]:No message received in 1000 ms
02-22 02:00:35.432 W/hpplay-java( 2708): [main]:IPManager:getActiveNets invalid networkInfo:null
02-22 02:00:35.432 I/hpplay-java( 2708): [main]:IPManager:getActiveNets eth0:false wifi:false mobile:false ap:false
02-22 02:00:35.432 I/hpplay-java( 2708): [main]:ServerTaskManager:get local ip:null
02-22 02:00:35.646 E/tlogd ( 1270): [TzLogger](isPathReadable) file /sys/kernel/debug/tzdbg/qsee_log isn't exist or no permission, err: No such file or directory
02-22 02:00:35.646 E/tlogd ( 1270): [TzLogger](saveTzlogAsync) /sys/kernel/debug/tzdbg/qsee_log can not read.
02-22 02:00:35.646 E/tlogd ( 1270): [TzLogger](isPathReadable) file /sys/kernel/debug/tzdbg/log isn't exist or no permission, err: No such file or directory
02-22 02:00:35.646 E/tlogd ( 1270): [TzLogger](saveTzlogAsync) /sys/kernel/debug/tzdbg/log can not read.
01-01 12:48:24.213 E/DTC_ETH,link_delay_work_func( 0): 3003, SQI=0, link=0
02-22 02:00:36.405 I/mpu_uart( 644): [MSG-P:RECV]:No message received in 1000 ms
02-22 02:00:36.434 W/hpplay-java( 2708): [main]:IPManager:getActiveNets invalid networkInfo:null
02-22 02:00:36.434 I/hpplay-java( 2708): [main]:IPManager:getActiveNets eth0:false wifi:false mobile:false ap:false
02-22 02:00:36.434 I/hpplay-java( 2708): [main]:ServerTaskManager:get local ip:null
02-22 02:00:36.842 I/selfinstaller( 1191): create socket failed: Network is unreachable 101
02-22 02:00:37.405 I/mpu_uart( 644): [MSG-P:RECV]:No message received in 1000 ms
02-22 02:00:37.435 I/mpu_uart( 644): [MSG-P:R]:recv sync frame timeout
02-22 02:00:37.436 W/hpplay-java( 2708): [main]:IPManager:getActiveNets invalid networkInfo:null
02-22 02:00:37.436 I/hpplay-java( 2708): [main]:IPManager:getActiveNets eth0:false wifi:false mobile:false ap:false
02-22 02:00:37.436 I/hpplay-java( 2708): [main]:ServerTaskManager:get local ip:null
02-22 02:00:38.405 I/mpu_uart( 644): [MSG-P:RECV]:No message received in 1000 ms
02-22 02:00:38.438 W/hpplay-java( 2708): [main]:IPManager:getActiveNets invalid networkInfo:null
02-22 02:00:38.438 I/hpplay-java( 2708): [main]:IPManager:getActiveNets eth0:false wifi:false mobile:false ap:false
02-22 02:00:38.438 I/hpplay-java( 2708): [main]:ServerTaskManager:get local ip:null
02-22 02:00:39.179 D/RemoteControlService( 2307): startVlanDispatchThread
02-22 02:00:39.405 I/mpu_uart( 644): [MSG-P:RECV]:No message received in 1000 ms
02-22 02:00:39.440 W/hpplay-java( 2708): [main]:IPManager:getActiveNets invalid networkInfo:null
02-22 02:00:39.441 I/hpplay-java( 2708): [main]:IPManager:getActiveNets eth0:false wifi:false mobile:false ap:false
02-22 02:00:39.441 I/hpplay-java( 2708): [main]:ServerTaskManager:get local ip:null
02-22 02:00:40.406 I/mpu_uart( 644): [MSG-P:RECV]:No message received in 1000 ms
02-22 02:00:40.438 I/mpu_uart( 644): [MSG-P:R]:recv sync frame timeout
02-22 02:00:40.442 W/hpplay-java( 2708): [main]:IPManager:getActiveNets invalid networkInfo:null
02-22 02:00:40.442 I/hpplay-java( 2708): [main]:IPManager:getActiveNets eth0:false wifi:false mobile:false ap:false
02-22 02:00:40.442 I/hpplay-java( 2708): [main]:ServerTaskManager:get local ip:null
02-22 02:00:40.646 E/tlogd ( 1270): [TzLogger](isPathReadable) file /sys/kernel/debug/tzdbg/qsee_log isn't exist or no permission, err: No such file or directory
02-22 02:00:40.646 E/tlogd ( 1270): [TzLogger](saveTzlogAsync) /sys/kernel/debug/tzdbg/qsee_log can not read.
02-22 02:00:40.646 E/tlogd ( 1270): [TzLogger](isPathReadable) file /sys/kernel/debug/tzdbg/log isn't exist or no permission, err: No such file or directory
02-22 02:00:40.646 E/tlogd ( 1270): [TzLogger](saveTzlogAsync) /sys/kernel/debug/tzdbg/log can not read.
01-01 12:48:29.333 E/DTC_ETH,link_delay_work_func( 0): 3003, SQI=0, link=0
02-22 02:00:41.406 I/mpu_uart( 644): [MSG-P:RECV]:No message received in 1000 ms
02-22 02:00:41.444 W/hpplay-java( 2708): [main]:IPManager:getActiveNets invalid networkInfo:null
02-22 02:00:41.445 I/hpplay-java( 2708): [main]:IPManager:getActiveNets eth0:false wifi:false mobile:false ap:false
02-22 02:00:41.445 I/hpplay-java( 2708): [main]:ServerTaskManager:get local ip:null
02-22 02:00:42.406 I/mpu_uart( 644): [MSG-P:RECV]:No message received in 1000 ms
02-22 02:00:42.447 W/hpplay-java( 2708): [main]:IPManager:getActiveNets invalid networkInfo:null
02-22 02:00:42.447 I/hpplay-java( 2708): [main]:IPManager:getActiveNets eth0:false wifi:false mobile:false ap:false
02-22 02:00:42.447 I/hpplay-java( 2708): [main]:ServerTaskManager:get local ip:null
02-22 02:00:43.406 I/mpu_uart( 644): [MSG-P:RECV]:No message received in 1000 ms
02-22 02:00:43.442 I/mpu_uart( 644): [MSG-P:R]:recv sync frame timeout
02-22 02:00:43.449 W/hpplay-java( 2708): [main]:IPManager:getActiveNets invalid networkInfo:null
02-22 02:00:43.449 I/hpplay-java( 2708): [main]:IPManager:getActiveNets eth0:false wifi:false mobile:false ap:false
02-22 02:00:43.449 I/hpplay-java( 2708): [main]:ServerTaskManager:get local ip:null
02-22 02:00:44.187 D/RemoteControlService( 2307): startVlanDispatchThread
02-22 02:00:44.406 I/mpu_uart( 644): [MSG-P:RECV]:No message received in 1000 ms
02-22 02:00:44.451 W/hpplay-java( 2708): [main]:IPManager:getActiveNets invalid networkInfo:null
02-22 02:00:44.451 I/hpplay-java( 2708): [main]:IPManager:getActiveNets eth0:false wifi:false mobile:false ap:false
02-22 02:00:44.451 I/hpplay-java( 2708): [main]:ServerTaskManager:get local ip:null
02-22 02:00:45.407 I/mpu_uart( 644): [MSG-P:RECV]:No message received in 1000 ms
02-22 02:00:45.453 W/hpplay-java( 2708): [main]:IPManager:getActiveNets invalid networkInfo:null
02-22 02:00:45.453 I/hpplay-java( 2708): [main]:IPManager:getActiveNets eth0:false wifi:false mobile:false ap:false
02-22 02:00:45.453 I/hpplay-java( 2708): [main]:ServerTaskManager:get local ip:null
02-22 02:00:45.647 E/tlogd ( 1270): [TzLogger](isPathReadable) file /sys/kernel/debug/tzdbg/qsee_log isn't exist or no permission, err: No such file or directory
02-22 02:00:45.647 E/tlogd ( 1270): [TzLogger](saveTzlogAsync) /sys/kernel/debug/tzdbg/qsee_log can not read.
02-22 02:00:45.647 E/tlogd ( 1270): [TzLogger](isPathReadable) file /sys/kernel/debug/tzdbg/log isn't exist or no permission, err: No such file or directory
