02-22 01:18:10.285 E/DisplayDeviceConfig( 1503): requesting nits when no mapping exists.
02-22 01:18:10.285 I/am_wtf ( 1503): [0,1503,system_server,-1,DisplayDeviceConfig,requesting nits when no mapping exists.]
02-22 01:18:10.285 I/am_wtf ( 1503): [0,1503,system_server,-1,DisplayDeviceConfig,requesting nits when no mapping exists.]
02-22 01:18:10.301 E/DisplayDeviceConfig( 1503): requesting nits when no mapping exists.
02-22 01:18:10.301 E/DisplayDeviceConfig( 1503): requesting nits when no mapping exists.
02-22 01:18:10.301 I/am_wtf ( 1503): [0,1503,system_server,-1,DisplayDeviceConfig,requesting nits when no mapping exists.]
02-22 01:18:10.301 I/am_wtf ( 1503): [0,1503,system_server,-1,DisplayDeviceConfig,requesting nits when no mapping exists.]
02-22 01:18:10.318 E/DisplayDeviceConfig( 1503): requesting nits when no mapping exists.
02-22 01:18:10.318 E/DisplayDeviceConfig( 1503): requesting nits when no mapping exists.
02-22 01:18:10.318 I/am_wtf ( 1503): [0,1503,system_server,-1,DisplayDeviceConfig,requesting nits when no mapping exists.]
02-22 01:18:10.319 I/am_wtf ( 1503): [0,1503,system_server,-1,DisplayDeviceConfig,requesting nits when no mapping exists.]
02-22 01:18:10.335 E/DisplayDeviceConfig( 1503): requesting nits when no mapping exists.
02-22 01:18:10.335 E/DisplayDeviceConfig( 1503): requesting nits when no mapping exists.
02-22 01:18:10.335 I/am_wtf ( 1503): [0,1503,system_server,-1,DisplayDeviceConfig,requesting nits when no mapping exists.]
02-22 01:18:10.336 I/am_wtf ( 1503): [0,1503,system_server,-1,DisplayDeviceConfig,requesting nits when no mapping exists.]
02-22 01:18:10.351 E/DisplayDeviceConfig( 1503): requesting nits when no mapping exists.
02-22 01:18:10.351 E/DisplayDeviceConfig( 1503): requesting nits when no mapping exists.
02-22 01:18:10.352 I/am_wtf ( 1503): [0,1503,system_server,-1,DisplayDeviceConfig,requesting nits when no mapping exists.]
02-22 01:18:10.352 I/am_wtf ( 1503): [0,1503,system_server,-1,DisplayDeviceConfig,requesting nits when no mapping exists.]
02-22 01:18:10.368 E/DisplayDeviceConfig( 1503): requesting nits when no mapping exists.
02-22 01:18:10.369 E/DisplayDeviceConfig( 1503): requesting nits when no mapping exists.
02-22 01:18:10.369 I/am_wtf ( 1503): [0,1503,system_server,-1,DisplayDeviceConfig,requesting nits when no mapping exists.]
02-22 01:18:10.369 I/am_wtf ( 1503): [0,1503,system_server,-1,DisplayDeviceConfig,requesting nits when no mapping exists.]
02-22 01:18:10.385 E/DisplayDeviceConfig( 1503): requesting nits when no mapping exists.
02-22 01:18:10.385 E/DisplayDeviceConfig( 1503): requesting nits when no mapping exists.
02-22 01:18:10.385 I/am_wtf ( 1503): [0,1503,system_server,-1,DisplayDeviceConfig,requesting nits when no mapping exists.]
02-22 01:18:10.386 I/am_wtf ( 1503): [0,1503,system_server,-1,DisplayDeviceConfig,requesting nits when no mapping exists.]
02-22 01:18:10.402 E/DisplayDeviceConfig( 1503): requesting nits when no mapping exists.
02-22 01:18:10.402 E/DisplayDeviceConfig( 1503): requesting nits when no mapping exists.
02-22 01:18:10.402 I/am_wtf ( 1503): [0,1503,system_server,-1,DisplayDeviceConfig,requesting nits when no mapping exists.]
02-22 01:18:10.402 I/am_wtf ( 1503): [0,1503,system_server,-1,DisplayDeviceConfig,requesting nits when no mapping exists.]
02-22 01:18:10.418 E/DisplayDeviceConfig( 1503): requesting nits when no mapping exists.
02-22 01:18:10.418 I/am_wtf ( 1503): [0,1503,system_server,-1,DisplayDeviceConfig,requesting nits when no mapping exists.]
02-22 01:18:10.418 E/DisplayDeviceConfig( 1503): requesting nits when no mapping exists.
02-22 01:18:10.418 I/am_wtf ( 1503): [0,1503,system_server,-1,DisplayDeviceConfig,requesting nits when no mapping exists.]
02-22 01:18:10.435 E/DisplayDeviceConfig( 1503): requesting nits when no mapping exists.
02-22 01:18:10.435 E/DisplayDeviceConfig( 1503): requesting nits when no mapping exists.
02-22 01:18:10.435 I/am_wtf ( 1503): [0,1503,system_server,-1,DisplayDeviceConfig,requesting nits when no mapping exists.]
02-22 01:18:10.435 I/am_wtf ( 1503): [0,1503,system_server,-1,DisplayDeviceConfig,requesting nits when no mapping exists.]
02-22 01:18:10.451 E/DisplayDeviceConfig( 1503): requesting nits when no mapping exists.
02-22 01:18:10.452 I/am_wtf ( 1503): [0,1503,system_server,-1,DisplayDeviceConfig,requesting nits when no mapping exists.]
02-22 01:18:10.452 E/DisplayDeviceConfig( 1503): requesting nits when no mapping exists.
02-22 01:18:10.452 I/am_wtf ( 1503): [0,1503,system_server,-1,DisplayDeviceConfig,requesting nits when no mapping exists.]
02-22 01:18:10.468 E/DisplayDeviceConfig( 1503): requesting nits when no mapping exists.
02-22 01:18:10.468 I/am_wtf ( 1503): [0,1503,system_server,-1,DisplayDeviceConfig,requesting nits when no mapping exists.]
02-22 01:18:10.468 E/DisplayDeviceConfig( 1503): requesting nits when no mapping exists.
02-22 01:18:10.469 I/am_wtf ( 1503): [0,1503,system_server,-1,DisplayDeviceConfig,requesting nits when no mapping exists.]
02-22 01:18:10.485 E/DisplayDeviceConfig( 1503): requesting nits when no mapping exists.
02-22 01:18:10.485 E/DisplayDeviceConfig( 1503): requesting nits when no mapping exists.
02-22 01:18:10.485 I/am_wtf ( 1503): [0,1503,system_server,-1,DisplayDeviceConfig,requesting nits when no mapping exists.]
02-22 01:18:10.485 I/am_wtf ( 1503): [0,1503,system_server,-1,DisplayDeviceConfig,requesting nits when no mapping exists.]
01-01 12:05:59.573 E/DTC_ETH,link_delay_work_func( 0): 3003, SQI=0, link=0
01-01 12:06:02.333 E/msm_pcm_playback_close( 0): CMD_EOS failed, cmd_pending 0x8
01-01 12:06:02.340 I/afe_close( 0): port_id = 0x9000
01-01 12:06:02.364 I/afe_find_cal_topo_id_by_port( 0): port id: 0x9000, dev_acdb_id: 0
01-01 12:06:02.364 I/afe_find_cal_topo_id_by_port( 0): top_id:112fc acdb_id:15 afe_port:0x9000
01-01 12:06:02.364 I/afe_get_cal_topology_id( 0): port_id = 0x9000 acdb_id = 15 topology_id = 0x112fc cal_type_index=8 ret=0
01-01 12:06:02.365 I/afe_send_port_topology_id( 0): AFE set topology id 0x112fc enable for port 0x9000 ret 0
01-01 12:06:02.365 I/send_afe_cal_type( 0): cal_index is 0
01-01 12:06:02.365 I/send_afe_cal_type( 0): dev_acdb_id[55] is 0
01-01 12:06:02.365 I/send_afe_cal_type( 0): Sending cal_index cal 0
01-01 12:06:02.365 E/send_afe_cal_type( 0): No cal sent for cal_index 0, port_id = 0x9000! ret -22
01-01 12:06:02.365 I/afe_send_hw_delay( 0): port_id 0x9000 rate 48000 delay_usec 474 status 0
01-01 12:06:02.646 E/spss_utils [spss_wait_for_event]( 0): wait for event [1] timeout [300] sec expired
02-22 01:18:14.581 E/spcomlib( 565): [spcom_wait_for_event] event [1] [nvm_ready] EVENT_STATUS_TIMEOUT
02-22 01:18:14.581 E/spdaemon( 565): spcom_wait_for_nvm_ready() failed. ret [-110] [Connection timed out].
02-22 01:18:14.581 E/spdaemon( 565): Initial SP initialization failed. ret [-110].
02-22 01:18:14.581 D/spdaemon( 565): going to sleep for a day.
01-01 12:06:04.693 E/DTC_ETH,link_delay_work_func( 0): 3003, SQI=0, link=0
01-01 12:06:09.813 E/DTC_ETH,link_delay_work_func( 0): 3003, SQI=0, link=0
01-01 12:06:12.829 E/msm_pcm_playback_close( 0): CMD_EOS failed, cmd_pending 0x8
01-01 12:06:12.836 I/afe_close( 0): port_id = 0x9000
01-01 12:06:12.859 I/afe_find_cal_topo_id_by_port( 0): port id: 0x9000, dev_acdb_id: 0
01-01 12:06:12.859 I/afe_find_cal_topo_id_by_port( 0): top_id:112fc acdb_id:15 afe_port:0x9000
01-01 12:06:12.859 I/afe_get_cal_topology_id( 0): port_id = 0x9000 acdb_id = 15 topology_id = 0x112fc cal_type_index=8 ret=0
01-01 12:06:12.860 I/afe_send_port_topology_id( 0): AFE set topology id 0x112fc enable for port 0x9000 ret 0
01-01 12:06:12.860 I/send_afe_cal_type( 0): cal_index is 0
01-01 12:06:12.860 I/send_afe_cal_type( 0): dev_acdb_id[55] is 0
01-01 12:06:12.860 I/send_afe_cal_type( 0): Sending cal_index cal 0
01-01 12:06:12.860 E/send_afe_cal_type( 0): No cal sent for cal_index 0, port_id = 0x9000! ret -22
01-01 12:06:12.860 I/afe_send_hw_delay( 0): port_id 0x9000 rate 48000 delay_usec 474 status 0
01-01 12:06:14.933 E/DTC_ETH,link_delay_work_func( 0): 3003, SQI=0, link=0
01-01 12:06:20.053 E/DTC_ETH,link_delay_work_func( 0): 3003, SQI=0, link=0
01-01 12:06:23.325 E/msm_pcm_playback_close( 0): CMD_EOS failed, cmd_pending 0x8
01-01 12:06:23.332 I/afe_close( 0): port_id = 0x9000
01-01 12:06:23.354 I/afe_find_cal_topo_id_by_port( 0): port id: 0x9000, dev_acdb_id: 0
01-01 12:06:23.354 I/afe_find_cal_topo_id_by_port( 0): top_id:112fc acdb_id:15 afe_port:0x9000
01-01 12:06:23.354 I/afe_get_cal_topology_id( 0): port_id = 0x9000 acdb_id = 15 topology_id = 0x112fc cal_type_index=8 ret=0
01-01 12:06:23.355 I/afe_send_port_topology_id( 0): AFE set topology id 0x112fc enable for port 0x9000 ret 0
01-01 12:06:23.355 I/send_afe_cal_type( 0): cal_index is 0
01-01 12:06:23.355 I/send_afe_cal_type( 0): dev_acdb_id[55] is 0
01-01 12:06:23.355 I/send_afe_cal_type( 0): Sending cal_index cal 0
01-01 12:06:23.355 E/send_afe_cal_type( 0): No cal sent for cal_index 0, port_id = 0x9000! ret -22
01-01 12:06:23.355 I/afe_send_hw_delay( 0): port_id 0x9000 rate 48000 delay_usec 474 status 0
01-01 12:06:25.173 E/DTC_ETH,link_delay_work_func( 0): 3003, SQI=0, link=0
01-01 12:06:30.293 E/DTC_ETH,link_delay_work_func( 0): 3003, SQI=0, link=0
01-01 12:06:33.821 E/msm_pcm_playback_close( 0): CMD_EOS failed, cmd_pending 0x8
01-01 12:06:33.828 I/afe_close( 0): port_id = 0x9000
01-01 12:06:33.850 I/afe_find_cal_topo_id_by_port( 0): port id: 0x9000, dev_acdb_id: 0
01-01 12:06:33.850 I/afe_find_cal_topo_id_by_port( 0): top_id:112fc acdb_id:15 afe_port:0x9000
01-01 12:06:33.850 I/afe_get_cal_topology_id( 0): port_id = 0x9000 acdb_id = 15 topology_id = 0x112fc cal_type_index=8 ret=0
01-01 12:06:33.850 I/afe_send_port_topology_id( 0): AFE set topology id 0x112fc enable for port 0x9000 ret 0
01-01 12:06:33.850 I/send_afe_cal_type( 0): cal_index is 0
01-01 12:06:33.850 I/send_afe_cal_type( 0): dev_acdb_id[55] is 0
01-01 12:06:33.850 I/send_afe_cal_type( 0): Sending cal_index cal 0
01-01 12:06:33.850 E/send_afe_cal_type( 0): No cal sent for cal_index 0, port_id = 0x9000! ret -22
01-01 12:06:33.851 I/afe_send_hw_delay( 0): port_id 0x9000 rate 48000 delay_usec 474 status 0
01-01 12:06:35.413 E/DTC_ETH,link_delay_work_func( 0): 3003, SQI=0, link=0
01-01 12:06:40.533 E/DTC_ETH,link_delay_work_func( 0): 3003, SQI=0, link=0
01-01 12:06:44.317 E/msm_pcm_playback_close( 0): CMD_EOS failed, cmd_pending 0x8
01-01 12:06:44.324 I/afe_close( 0): port_id = 0x9000
01-01 12:06:44.346 I/afe_find_cal_topo_id_by_port( 0): port id: 0x9000, dev_acdb_id: 0
01-01 12:06:44.346 I/afe_find_cal_topo_id_by_port( 0): top_id:112fc acdb_id:15 afe_port:0x9000
01-01 12:06:44.346 I/afe_get_cal_topology_id( 0): port_id = 0x9000 acdb_id = 15 topology_id = 0x112fc cal_type_index=8 ret=0
01-01 12:06:44.346 I/afe_send_port_topology_id( 0): AFE set topology id 0x112fc enable for port 0x9000 ret 0
01-01 12:06:44.346 I/send_afe_cal_type( 0): cal_index is 0
01-01 12:06:44.346 I/send_afe_cal_type( 0): dev_acdb_id[55] is 0
01-01 12:06:44.346 I/send_afe_cal_type( 0): Sending cal_index cal 0
01-01 12:06:44.346 E/send_afe_cal_type( 0): No cal sent for cal_index 0, port_id = 0x9000! ret -22
01-01 12:06:44.346 I/afe_send_hw_delay( 0): port_id 0x9000 rate 48000 delay_usec 474 status 0
01-01 12:06:45.653 E/DTC_ETH,link_delay_work_func( 0): 3003, SQI=0, link=0
01-01 12:06:50.773 E/DTC_ETH,link_delay_work_func( 0): 3003, SQI=0, link=0
01-01 12:06:54.813 E/msm_pcm_playback_close( 0): CMD_EOS failed, cmd_pending 0x8
01-01 12:06:54.820 I/afe_close( 0): port_id = 0x9000
01-01 12:06:54.843 I/afe_find_cal_topo_id_by_port( 0): port id: 0x9000, dev_acdb_id: 0
01-01 12:06:54.843 I/afe_find_cal_topo_id_by_port( 0): top_id:112fc acdb_id:15 afe_port:0x9000
01-01 12:06:54.843 I/afe_get_cal_topology_id( 0): port_id = 0x9000 acdb_id = 15 topology_id = 0x112fc cal_type_index=8 ret=0
01-01 12:06:54.844 I/afe_send_port_topology_id( 0): AFE set topology id 0x112fc enable for port 0x9000 ret 0
01-01 12:06:54.844 I/send_afe_cal_type( 0): cal_index is 0
01-01 12:06:54.844 I/send_afe_cal_type( 0): dev_acdb_id[55] is 0
01-01 12:06:54.844 I/send_afe_cal_type( 0): Sending cal_index cal 0
01-01 12:06:54.844 E/send_afe_cal_type( 0): No cal sent for cal_index 0, port_id = 0x9000! ret -22
01-01 12:06:54.844 I/afe_send_hw_delay( 0): port_id 0x9000 rate 48000 delay_usec 474 status 0
01-01 12:06:55.893 E/DTC_ETH,link_delay_work_func( 0): 3003, SQI=0, link=0
01-01 12:07:01.013 E/DTC_ETH,link_delay_work_func( 0): 3003, SQI=0, link=0
02-22 01:19:14.786 I/input_interaction( 1503): Interaction with: 7badf50 com.thundercomm.screensaver/android.service.dreams.DreamActivity (server), edge-swipe (server), swipe-up (server), PointerEventDispatcher0 (server),
02-22 01:19:14.791 I/wm_finish_activity( 1503): [0,57874660,43,com.thundercomm.screensaver/android.service.dreams.DreamActivity,finish-activity]
02-22 01:19:14.791 I/wm_task_moved( 1503): [1,1,5]
02-22 01:19:14.792 I/wm_task_moved( 1503): [41,1,2147483647]
02-22 01:19:14.792 I/wm_task_to_front( 1503): [0,41]
02-22 01:19:14.792 I/wm_focused_root_task( 1503): [0,0,1,43,finish-top adjustFocusToNextFocusableTask]
02-22 01:19:14.793 I/wm_set_resumed_activity( 1503): [0,com.android.launcher3/.uioverrides.QuickstepLauncher,finish-top adjustFocusToNextFocusableTask]
02-22 01:19:14.793 I/wm_pause_activity( 1503): [0,57874660,com.thundercomm.screensaver/android.service.dreams.DreamActivity,userLeaving=false,finish]
02-22 01:19:14.800 I/sysui_multi_action( 1503): [757,803,799,window_time_0,802,65]
02-22 01:19:14.802 I/DreamManagerService( 1503): Gently waking up from dream.
02-22 01:19:14.803 I/DreamManagerService( 1503): Performing gentle wake from dream.
02-22 01:19:14.803 I/wm_on_top_resumed_lost_called( 3965): [57874660,android.service.dreams.DreamActivity,topStateChangedWhenResumed]
02-22 01:19:14.804 I/wm_on_paused_called( 3965): [57874660,android.service.dreams.DreamActivity,performPause]
02-22 01:19:14.804 I/wm_add_to_stopping( 1503): [0,57874660,com.thundercomm.screensaver/android.service.dreams.DreamActivity,completeFinishing]
02-22 01:19:14.805 I/ActivityTaskManager( 1503): FOREGROUND_APPLICATION_CHANGED to com.android.launcher3.uioverrides.QuickstepLauncher
02-22 01:19:14.806 I/wm_set_resumed_activity( 1503): [0,com.android.launcher3/.uioverrides.QuickstepLauncher,resumeTopActivityInnerLocked]
02-22 01:19:14.808 I/wm_resume_activity( 1503): [0,229498384,41,com.android.launcher3/.uioverrides.QuickstepLauncher]
02-22 01:19:14.813 I/input_focus( 1503): [Focus leaving 7badf50 com.thundercomm.screensaver/android.service.dreams.DreamActivity (server),reason=NO_WINDOW]
02-22 01:19:14.813 I/input_interaction( 1503): Interaction with: edge-swipe (server), swipe-up (server), PointerEventDispatcher0 (server),
02-22 01:19:14.814 I/view_enqueue_input_event( 3965): [Motion - Cancel,com.thundercomm.screensaver/android.service.dreams.DreamActivity]
02-22 01:19:14.816 I/sysui_multi_action( 1503): [757,803,799,window_time_0,802,0]
02-22 01:19:14.826 I/wm_on_restart_called( 2514): [229498384,com.android.launcher3.uioverrides.QuickstepLauncher,performRestartActivity]
02-22 01:19:14.827 I/wm_on_start_called( 2514): [229498384,com.android.launcher3.uioverrides.QuickstepLauncher,handleStartActivity]
02-22 01:19:14.827 I/wm_on_resume_called( 2514): [229498384,com.android.launcher3.uioverrides.QuickstepLauncher,RESUME_ACTIVITY]
02-22 01:19:14.827 I/wm_on_top_resumed_gained_called( 2514): [229498384,com.android.launcher3.uioverrides.QuickstepLauncher,topWhenResuming]
02-22 01:19:14.829 I/am_pss ( 1503): [3213,1000,com.qti.diagservices,5698560,3772416,0,94449664,0,10,6]
02-22 01:19:14.845 I/input_focus( 1503): [Focus request e3555c3 com.android.launcher3/com.android.launcher3.uioverrides.QuickstepLauncher,reason=UpdateInputWindows]
02-22 01:19:14.857 I/input_focus( 1503): [Focus entering e3555c3 com.android.launcher3/com.android.launcher3.uioverrides.QuickstepLauncher (server),reason=setFocusedWindow]
02-22 01:19:14.863 I/PowerManagerService( 1503): Powering on display group fromDreaming (groupId=0, uid=1000, reason=WAKE_REASON_UNKNOWN, details=android.server.power:DREAM_FINISHED)...
02-22 01:19:14.863 I/PowerManagerService( 1503): Waking up from Dreaming (uid=1000, reason=WAKE_REASON_UNKNOWN, details=android.server.power:DREAM_FINISHED)...
02-22 01:19:15.095 I/wm_destroy_activity( 1503): [0,57874660,43,com.thundercomm.screensaver/android.service.dreams.DreamActivity,finish-imm:idle]
02-22 01:19:15.114 I/wm_on_stop_called( 3965): [57874660,android.service.dreams.DreamActivity,LIFECYCLER_STOP_ACTIVITY]
02-22 01:19:15.115 I/wm_on_destroy_called( 3965): [57874660,android.service.dreams.DreamActivity,performDestroy]
02-22 01:19:15.117 I/DreamManagerService( 1503): Leaving dreamland.
02-22 01:19:15.119 I/DreamManagerService( 1503): Performing gentle wake from dream.
02-22 01:19:15.119 I/DreamController( 1503): Stopping dream: name=ComponentInfo{com.thundercomm.screensaver/com.thundercomm.saverclock.service.ClockScreensaver}, isTest=false, canDoze=false, userId=0, reason='finished self'(from 'finished self')
02-22 01:19:15.119 I/sysui_multi_action( 1503): [757,222,758,2]
02-22 01:19:15.119 I/sysui_multi_action( 1503): [757,804,799,dreaming_minutes,801,1,802,1]
02-22 01:19:15.126 I/wm_task_removed( 1503): [43,removeChild:removeChild last r=ActivityRecord{37318e4 u0 com.thundercomm.screensaver/android.service.dreams.DreamActivity t-1 f}} in t=Task{c7b72b9 #43 type=dream A=10047:android:com.thundercomm.screensaver/dream U=0 visible=false mode=fullscreen translucent=true sz=0}]
02-22 01:19:15.126 I/wm_task_removed( 1503): [43,removeChild]
02-22 01:19:15.128 W/ActivityTaskManager( 1503): Can't find TaskDisplayArea to determine support for multi window. Task id=43 attached=false
01-01 12:07:05.309 E/msm_pcm_playback_close( 0): CMD_EOS failed, cmd_pending 0x8
01-01 12:07:05.316 I/afe_close( 0): port_id = 0x9000
01-01 12:07:05.338 I/afe_find_cal_topo_id_by_port( 0): port id: 0x9000, dev_acdb_id: 0
01-01 12:07:05.338 I/afe_find_cal_topo_id_by_port( 0): top_id:112fc acdb_id:15 afe_port:0x9000
01-01 12:07:05.338 I/afe_get_cal_topology_id( 0): port_id = 0x9000 acdb_id = 15 topology_id = 0x112fc cal_type_index=8 ret=0
01-01 12:07:05.338 I/afe_send_port_topology_id( 0): AFE set topology id 0x112fc enable for port 0x9000 ret 0
01-01 12:07:05.338 I/send_afe_cal_type( 0): cal_index is 0
01-01 12:07:05.338 I/send_afe_cal_type( 0): dev_acdb_id[55] is 0
01-01 12:07:05.338 I/send_afe_cal_type( 0): Sending cal_index cal 0
01-01 12:07:05.338 E/send_afe_cal_type( 0): No cal sent for cal_index 0, port_id = 0x9000! ret -22
01-01 12:07:05.338 I/afe_send_hw_delay( 0): port_id 0x9000 rate 48000 delay_usec 474 status 0
01-01 12:07:06.133 E/DTC_ETH,link_delay_work_func( 0): 3003, SQI=0, link=0
01-01 12:07:11.253 E/DTC_ETH,link_delay_work_func( 0): 3003, SQI=0, link=0
01-01 12:07:15.805 E/msm_pcm_playback_close( 0): CMD_EOS failed, cmd_pending 0x8
01-01 12:07:15.812 I/afe_close( 0): port_id = 0x9000
01-01 12:07:15.834 I/afe_find_cal_topo_id_by_port( 0): port id: 0x9000, dev_acdb_id: 0
01-01 12:07:15.834 I/afe_find_cal_topo_id_by_port( 0): top_id:112fc acdb_id:15 afe_port:0x9000
01-01 12:07:15.834 I/afe_get_cal_topology_id( 0): port_id = 0x9000 acdb_id = 15 topology_id = 0x112fc cal_type_index=8 ret=0
01-01 12:07:15.835 I/afe_send_port_topology_id( 0): AFE set topology id 0x112fc enable for port 0x9000 ret 0
01-01 12:07:15.835 I/send_afe_cal_type( 0): cal_index is 0
01-01 12:07:15.835 I/send_afe_cal_type( 0): dev_acdb_id[55] is 0
01-01 12:07:15.835 I/send_afe_cal_type( 0): Sending cal_index cal 0
01-01 12:07:15.835 E/send_afe_cal_type( 0): No cal sent for cal_index 0, port_id = 0x9000! ret -22
01-01 12:07:15.835 I/afe_send_hw_delay( 0): port_id 0x9000 rate 48000 delay_usec 474 status 0
01-01 12:07:16.373 E/DTC_ETH,link_delay_work_func( 0): 3003, SQI=0, link=0
01-01 12:07:21.493 E/DTC_ETH,link_delay_work_func( 0): 3003, SQI=0, link=0
01-01 12:07:26.301 E/msm_pcm_playback_close( 0): CMD_EOS failed, cmd_pending 0x8
01-01 12:07:26.307 I/afe_close( 0): port_id = 0x9000
01-01 12:07:26.329 I/afe_find_cal_topo_id_by_port( 0): port id: 0x9000, dev_acdb_id: 0
01-01 12:07:26.329 I/afe_find_cal_topo_id_by_port( 0): top_id:112fc acdb_id:15 afe_port:0x9000
01-01 12:07:26.329 I/afe_get_cal_topology_id( 0): port_id = 0x9000 acdb_id = 15 topology_id = 0x112fc cal_type_index=8 ret=0
01-01 12:07:26.329 I/afe_send_port_topology_id( 0): AFE set topology id 0x112fc enable for port 0x9000 ret 0
01-01 12:07:26.329 I/send_afe_cal_type( 0): cal_index is 0
01-01 12:07:26.329 I/send_afe_cal_type( 0): dev_acdb_id[55] is 0
01-01 12:07:26.329 I/send_afe_cal_type( 0): Sending cal_index cal 0
01-01 12:07:26.329 E/send_afe_cal_type( 0): No cal sent for cal_index 0, port_id = 0x9000! ret -22
01-01 12:07:26.330 I/afe_send_hw_delay( 0): port_id 0x9000 rate 48000 delay_usec 474 status 0
01-01 12:07:26.613 E/DTC_ETH,link_delay_work_func( 0): 3003, SQI=0, link=0
01-01 12:07:31.733 E/DTC_ETH,link_delay_work_func( 0): 3003, SQI=0, link=0
01-01 12:07:36.797 E/msm_pcm_playback_close( 0): CMD_EOS failed, cmd_pending 0x8
01-01 12:07:36.804 I/afe_close( 0): port_id = 0x9000
01-01 12:07:36.825 I/afe_find_cal_topo_id_by_port( 0): port id: 0x9000, dev_acdb_id: 0
01-01 12:07:36.825 I/afe_find_cal_topo_id_by_port( 0): top_id:112fc acdb_id:15 afe_port:0x9000
01-01 12:07:36.825 I/afe_get_cal_topology_id( 0): port_id = 0x9000 acdb_id = 15 topology_id = 0x112fc cal_type_index=8 ret=0
01-01 12:07:36.826 I/afe_send_port_topology_id( 0): AFE set topology id 0x112fc enable for port 0x9000 ret 0
01-01 12:07:36.826 I/send_afe_cal_type( 0): cal_index is 0
01-01 12:07:36.826 I/send_afe_cal_type( 0): dev_acdb_id[55] is 0
01-01 12:07:36.826 I/send_afe_cal_type( 0): Sending cal_index cal 0
01-01 12:07:36.826 E/send_afe_cal_type( 0): No cal sent for cal_index 0, port_id = 0x9000! ret -22
01-01 12:07:36.826 I/afe_send_hw_delay( 0): port_id 0x9000 rate 48000 delay_usec 474 status 0
01-01 12:07:36.853 E/DTC_ETH,link_delay_work_func( 0): 3003, SQI=0, link=0
01-01 12:07:41.973 E/DTC_ETH,link_delay_work_func( 0): 3003, SQI=0, link=0
01-01 12:07:47.093 E/DTC_ETH,link_delay_work_func( 0): 3003, SQI=0, link=0
01-01 12:07:47.293 E/msm_pcm_playback_close( 0): CMD_EOS failed, cmd_pending 0x8
01-01 12:07:47.299 I/afe_close( 0): port_id = 0x9000
01-01 12:07:47.320 I/afe_find_cal_topo_id_by_port( 0): port id: 0x9000, dev_acdb_id: 0
01-01 12:07:47.320 I/afe_find_cal_topo_id_by_port( 0): top_id:112fc acdb_id:15 afe_port:0x9000
01-01 12:07:47.320 I/afe_get_cal_topology_id( 0): port_id = 0x9000 acdb_id = 15 topology_id = 0x112fc cal_type_index=8 ret=0
01-01 12:07:47.321 I/afe_send_port_topology_id( 0): AFE set topology id 0x112fc enable for port 0x9000 ret 0
01-01 12:07:47.321 I/send_afe_cal_type( 0): cal_index is 0
01-01 12:07:47.321 I/send_afe_cal_type( 0): dev_acdb_id[55] is 0
01-01 12:07:47.321 I/send_afe_cal_type( 0): Sending cal_index cal 0
01-01 12:07:47.321 E/send_afe_cal_type( 0): No cal sent for cal_index 0, port_id = 0x9000! ret -22
01-01 12:07:47.321 I/afe_send_hw_delay( 0): port_id 0x9000 rate 48000 delay_usec 474 status 0
01-01 12:07:52.213 E/DTC_ETH,link_delay_work_func( 0): 3003, SQI=0, link=0
02-22 01:20:07.944 V/DisplayPowerController[0]( 1503): Brightness [0.05] reason changing to: 'manual [ dim ]', previous reason: 'manual'.
02-22 01:20:07.944 I/sysui_multi_action( 1503): [757,1696,758,6,759,2]
02-22 01:20:07.944 W/PowerManagerService( 1503): Screen on took 53081 ms
02-22 01:20:07.951 E/DisplayDeviceConfig( 1503): requesting nits when no mapping exists.
02-22 01:20:07.952 I/am_wtf ( 1503): [0,1503,system_server,-1,DisplayDeviceConfig,requesting nits when no mapping exists.]
02-22 01:20:07.953 E/DisplayDeviceConfig( 1503): requesting nits when no mapping exists.
02-22 01:20:07.954 I/DropBoxManagerService( 1503): add tag=system_server_wtf isTagEnabled=true flags=0x2
02-22 01:20:07.956 I/am_wtf ( 1503): [0,1503,system_server,-1,DisplayDeviceConfig,requesting nits when no mapping exists.]
02-22 01:20:07.957 I/DropBoxManagerService( 1503): add tag=system_server_wtf isTagEnabled=true flags=0x2
02-22 01:20:07.968 E/DisplayDeviceConfig( 1503): requesting nits when no mapping exists.
02-22 01:20:07.968 I/am_wtf ( 1503): [0,1503,system_server,-1,DisplayDeviceConfig,requesting nits when no mapping exists.]
02-22 01:20:07.968 E/DisplayDeviceConfig( 1503): requesting nits when no mapping exists.
02-22 01:20:07.969 I/DropBoxManagerService( 1503): add tag=system_server_wtf isTagEnabled=true flags=0x2
02-22 01:20:07.970 I/am_wtf ( 1503): [0,1503,system_server,-1,DisplayDeviceConfig,requesting nits when no mapping exists.]
02-22 01:20:07.971 I/DropBoxManagerService( 1503): add tag=system_server_wtf isTagEnabled=true flags=0x2
02-22 01:20:07.985 E/DisplayDeviceConfig( 1503): requesting nits when no mapping exists.
02-22 01:20:07.985 I/am_wtf ( 1503): [0,1503,system_server,-1,DisplayDeviceConfig,requesting nits when no mapping exists.]
02-22 01:20:07.985 E/DisplayDeviceConfig( 1503): requesting nits when no mapping exists.
02-22 01:20:07.986 I/DropBoxManagerService( 1503): add tag=system_server_wtf isTagEnabled=true flags=0x2
02-22 01:20:07.987 I/am_wtf ( 1503): [0,1503,system_server,-1,DisplayDeviceConfig,requesting nits when no mapping exists.]
02-22 01:20:08.001 E/DisplayDeviceConfig( 1503): requesting nits when no mapping exists.
02-22 01:20:08.002 E/DisplayDeviceConfig( 1503): requesting nits when no mapping exists.
02-22 01:20:08.002 I/am_wtf ( 1503): [0,1503,system_server,-1,DisplayDeviceConfig,requesting nits when no mapping exists.]
02-22 01:20:08.003 I/am_wtf ( 1503): [0,1503,system_server,-1,DisplayDeviceConfig,requesting nits when no mapping exists.]
02-22 01:20:08.004 I/service_manager_stats( 1503): [100,21,118253]
02-22 01:20:08.018 E/DisplayDeviceConfig( 1503): requesting nits when no mapping exists.
02-22 01:20:08.018 I/am_wtf ( 1503): [0,1503,system_server,-1,DisplayDeviceConfig,requesting nits when no mapping exists.]
02-22 01:20:08.018 E/DisplayDeviceConfig( 1503): requesting nits when no mapping exists.
02-22 01:20:08.019 I/am_wtf ( 1503): [0,1503,system_server,-1,DisplayDeviceConfig,requesting nits when no mapping exists.]
02-22 01:20:08.034 E/DisplayDeviceConfig( 1503): requesting nits when no mapping exists.
02-22 01:20:08.035 I/am_wtf ( 1503): [0,1503,system_server,-1,DisplayDeviceConfig,requesting nits when no mapping exists.]
02-22 01:20:08.035 E/DisplayDeviceConfig( 1503): requesting nits when no mapping exists.
02-22 01:20:08.036 I/am_wtf ( 1503): [0,1503,system_server,-1,DisplayDeviceConfig,requesting nits when no mapping exists.]
02-22 01:20:08.051 E/DisplayDeviceConfig( 1503): requesting nits when no mapping exists.
02-22 01:20:08.052 I/am_wtf ( 1503): [0,1503,system_server,-1,DisplayDeviceConfig,requesting nits when no mapping exists.]
02-22 01:20:08.052 E/DisplayDeviceConfig( 1503): requesting nits when no mapping exists.
02-22 01:20:08.053 I/am_wtf ( 1503): [0,1503,system_server,-1,DisplayDeviceConfig,requesting nits when no mapping exists.]
02-22 01:20:08.068 E/DisplayDeviceConfig( 1503): requesting nits when no mapping exists.
02-22 01:20:08.069 I/am_wtf ( 1503): [0,1503,system_server,-1,DisplayDeviceConfig,requesting nits when no mapping exists.]
02-22 01:20:08.069 E/DisplayDeviceConfig( 1503): requesting nits when no mapping exists.
02-22 01:20:08.070 I/am_wtf ( 1503): [0,1503,system_server,-1,DisplayDeviceConfig,requesting nits when no mapping exists.]
02-22 01:20:08.085 E/DisplayDeviceConfig( 1503): requesting nits when no mapping exists.
02-22 01:20:08.085 I/am_wtf ( 1503): [0,1503,system_server,-1,DisplayDeviceConfig,requesting nits when no mapping exists.]
02-22 01:20:08.085 E/DisplayDeviceConfig( 1503): requesting nits when no mapping exists.
02-22 01:20:08.086 I/am_wtf ( 1503): [0,1503,system_server,-1,DisplayDeviceConfig,requesting nits when no mapping exists.]
02-22 01:20:08.102 E/DisplayDeviceConfig( 1503): requesting nits when no mapping exists.
02-22 01:20:08.102 I/am_wtf ( 1503): [0,1503,system_server,-1,DisplayDeviceConfig,requesting nits when no mapping exists.]
02-22 01:20:08.102 E/DisplayDeviceConfig( 1503): requesting nits when no mapping exists.
02-22 01:20:08.103 I/am_wtf ( 1503): [0,1503,system_server,-1,DisplayDeviceConfig,requesting nits when no mapping exists.]
02-22 01:20:08.118 E/DisplayDeviceConfig( 1503): requesting nits when no mapping exists.
02-22 01:20:08.119 I/am_wtf ( 1503): [0,1503,system_server,-1,DisplayDeviceConfig,requesting nits when no mapping exists.]
02-22 01:20:08.119 E/DisplayDeviceConfig( 1503): requesting nits when no mapping exists.
02-22 01:20:08.119 I/am_wtf ( 1503): [0,1503,system_server,-1,DisplayDeviceConfig,requesting nits when no mapping exists.]
02-22 01:20:08.135 E/DisplayDeviceConfig( 1503): requesting nits when no mapping exists.
02-22 01:20:08.135 I/am_wtf ( 1503): [0,1503,system_server,-1,DisplayDeviceConfig,requesting nits when no mapping exists.]
02-22 01:20:08.135 E/DisplayDeviceConfig( 1503): requesting nits when no mapping exists.
02-22 01:20:08.136 I/am_wtf ( 1503): [0,1503,system_server,-1,DisplayDeviceConfig,requesting nits when no mapping exists.]
02-22 01:20:08.152 E/DisplayDeviceConfig( 1503): requesting nits when no mapping exists.
02-22 01:20:08.152 I/am_wtf ( 1503): [0,1503,system_server,-1,DisplayDeviceConfig,requesting nits when no mapping exists.]
02-22 01:20:08.152 E/DisplayDeviceConfig( 1503): requesting nits when no mapping exists.
02-22 01:20:08.154 I/am_wtf ( 1503): [0,1503,system_server,-1,DisplayDeviceConfig,requesting nits when no mapping exists.]
02-22 01:20:08.168 E/DisplayDeviceConfig( 1503): requesting nits when no mapping exists.
02-22 01:20:08.169 I/am_wtf ( 1503): [0,1503,system_server,-1,DisplayDeviceConfig,requesting nits when no mapping exists.]
02-22 01:20:08.169 E/DisplayDeviceConfig( 1503): requesting nits when no mapping exists.
02-22 01:20:08.170 I/am_wtf ( 1503): [0,1503,system_server,-1,DisplayDeviceConfig,requesting nits when no mapping exists.]
02-22 01:20:08.185 E/DisplayDeviceConfig( 1503): requesting nits when no mapping exists.
02-22 01:20:08.186 I/am_wtf ( 1503): [0,1503,system_server,-1,DisplayDeviceConfig,requesting nits when no mapping exists.]
02-22 01:20:08.186 E/DisplayDeviceConfig( 1503): requesting nits when no mapping exists.
02-22 01:20:08.186 I/am_wtf ( 1503): [0,1503,system_server,-1,DisplayDeviceConfig,requesting nits when no mapping exists.]
02-22 01:20:08.202 E/DisplayDeviceConfig( 1503): requesting nits when no mapping exists.
02-22 01:20:08.202 I/am_wtf ( 1503): [0,1503,system_server,-1,DisplayDeviceConfig,requesting nits when no mapping exists.]
02-22 01:20:08.202 E/DisplayDeviceConfig( 1503): requesting nits when no mapping exists.
02-22 01:20:08.203 I/am_wtf ( 1503): [0,1503,system_server,-1,DisplayDeviceConfig,requesting nits when no mapping exists.]
02-22 01:20:08.218 E/DisplayDeviceConfig( 1503): requesting nits when no mapping exists.
02-22 01:20:08.219 I/am_wtf ( 1503): [0,1503,system_server,-1,DisplayDeviceConfig,requesting nits when no mapping exists.]
02-22 01:20:08.219 E/DisplayDeviceConfig( 1503): requesting nits when no mapping exists.
02-22 01:20:08.220 I/am_wtf ( 1503): [0,1503,system_server,-1,DisplayDeviceConfig,requesting nits when no mapping exists.]
02-22 01:20:08.235 E/DisplayDeviceConfig( 1503): requesting nits when no mapping exists.
02-22 01:20:08.236 E/DisplayDeviceConfig( 1503): requesting nits when no mapping exists.
02-22 01:20:08.236 I/am_wtf ( 1503): [0,1503,system_server,-1,DisplayDeviceConfig,requesting nits when no mapping exists.]
02-22 01:20:08.239 I/am_wtf ( 1503): [0,1503,system_server,-1,DisplayDeviceConfig,requesting nits when no mapping exists.]
02-22 01:20:08.252 E/DisplayDeviceConfig( 1503): requesting nits when no mapping exists.
02-22 01:20:08.252 E/DisplayDeviceConfig( 1503): requesting nits when no mapping exists.
02-22 01:20:08.253 I/am_wtf ( 1503): [0,1503,system_server,-1,DisplayDeviceConfig,requesting nits when no mapping exists.]
02-22 01:20:08.253 I/am_wtf ( 1503): [0,1503,system_server,-1,DisplayDeviceConfig,requesting nits when no mapping exists.]
02-22 01:20:08.268 E/DisplayDeviceConfig( 1503): requesting nits when no mapping exists.
02-22 01:20:08.269 I/am_wtf ( 1503): [0,1503,system_server,-1,DisplayDeviceConfig,requesting nits when no mapping exists.]
02-22 01:20:08.269 E/DisplayDeviceConfig( 1503): requesting nits when no mapping exists.
02-22 01:20:08.269 I/am_wtf ( 1503): [0,1503,system_server,-1,DisplayDeviceConfig,requesting nits when no mapping exists.]
02-22 01:20:08.285 E/DisplayDeviceConfig( 1503): requesting nits when no mapping exists.
02-22 01:20:08.286 I/am_wtf ( 1503): [0,1503,system_server,-1,DisplayDeviceConfig,requesting nits when no mapping exists.]
02-22 01:20:08.286 E/DisplayDeviceConfig( 1503): requesting nits when no mapping exists.
02-22 01:20:08.287 I/am_wtf ( 1503): [0,1503,system_server,-1,DisplayDeviceConfig,requesting nits when no mapping exists.]
02-22 01:20:08.303 E/DisplayDeviceConfig( 1503): requesting nits when no mapping exists.
02-22 01:20:08.304 E/DisplayDeviceConfig( 1503): requesting nits when no mapping exists.
02-22 01:20:08.304 I/am_wtf ( 1503): [0,1503,system_server,-1,DisplayDeviceConfig,requesting nits when no mapping exists.]
02-22 01:20:08.305 I/am_wtf ( 1503): [0,1503,system_server,-1,DisplayDeviceConfig,requesting nits when no mapping exists.]
02-22 01:20:08.319 E/DisplayDeviceConfig( 1503): requesting nits when no mapping exists.
02-22 01:20:08.320 E/DisplayDeviceConfig( 1503): requesting nits when no mapping exists.
02-22 01:20:08.321 I/am_wtf ( 1503): [0,1503,system_server,-1,DisplayDeviceConfig,requesting nits when no mapping exists.]
02-22 01:20:08.322 I/am_wtf ( 1503): [0,1503,system_server,-1,DisplayDeviceConfig,requesting nits when no mapping exists.]
02-22 01:20:08.335 E/DisplayDeviceConfig( 1503): requesting nits when no mapping exists.
02-22 01:20:08.336 E/DisplayDeviceConfig( 1503): requesting nits when no mapping exists.
02-22 01:20:08.336 I/am_wtf ( 1503): [0,1503,system_server,-1,DisplayDeviceConfig,requesting nits when no mapping exists.]
02-22 01:20:08.337 I/am_wtf ( 1503): [0,1503,system_server,-1,DisplayDeviceConfig,requesting nits when no mapping exists.]
02-22 01:20:08.352 E/DisplayDeviceConfig( 1503): requesting nits when no mapping exists.
02-22 01:20:08.353 E/DisplayDeviceConfig( 1503): requesting nits when no mapping exists.
02-22 01:20:08.353 I/am_wtf ( 1503): [0,1503,system_server,-1,DisplayDeviceConfig,requesting nits when no mapping exists.]
02-22 01:20:08.354 I/am_wtf ( 1503): [0,1503,system_server,-1,DisplayDeviceConfig,requesting nits when no mapping exists.]
02-22 01:20:08.369 E/DisplayDeviceConfig( 1503): requesting nits when no mapping exists.
02-22 01:20:08.369 I/am_wtf ( 1503): [0,1503,system_server,-1,DisplayDeviceConfig,requesting nits when no mapping exists.]
02-22 01:20:08.369 E/DisplayDeviceConfig( 1503): requesting nits when no mapping exists.
02-22 01:20:08.370 I/am_wtf ( 1503): [0,1503,system_server,-1,DisplayDeviceConfig,requesting nits when no mapping exists.]
02-22 01:20:08.385 E/DisplayDeviceConfig( 1503): requesting nits when no mapping exists.
02-22 01:20:08.386 I/am_wtf ( 1503): [0,1503,system_server,-1,DisplayDeviceConfig,requesting nits when no mapping exists.]
02-22 01:20:08.386 E/DisplayDeviceConfig( 1503): requesting nits when no mapping exists.
02-22 01:20:08.387 I/am_wtf ( 1503): [0,1503,system_server,-1,DisplayDeviceConfig,requesting nits when no mapping exists.]
02-22 01:20:08.402 E/DisplayDeviceConfig( 1503): requesting nits when no mapping exists.
02-22 01:20:08.403 E/DisplayDeviceConfig( 1503): requesting nits when no mapping exists.
02-22 01:20:08.403 I/am_wtf ( 1503): [0,1503,system_server,-1,DisplayDeviceConfig,requesting nits when no mapping exists.]
02-22 01:20:08.404 I/am_wtf ( 1503): [0,1503,system_server,-1,DisplayDeviceConfig,requesting nits when no mapping exists.]
02-22 01:20:08.419 E/DisplayDeviceConfig( 1503): requesting nits when no mapping exists.
02-22 01:20:08.419 I/am_wtf ( 1503): [0,1503,system_server,-1,DisplayDeviceConfig,requesting nits when no mapping exists.]
02-22 01:20:08.419 E/DisplayDeviceConfig( 1503): requesting nits when no mapping exists.
02-22 01:20:08.420 I/am_wtf ( 1503): [0,1503,system_server,-1,DisplayDeviceConfig,requesting nits when no mapping exists.]
02-22 01:20:08.436 E/DisplayDeviceConfig( 1503): requesting nits when no mapping exists.
02-22 01:20:08.436 I/am_wtf ( 1503): [0,1503,system_server,-1,DisplayDeviceConfig,requesting nits when no mapping exists.]
02-22 01:20:08.436 E/DisplayDeviceConfig( 1503): requesting nits when no mapping exists.
02-22 01:20:08.437 I/am_wtf ( 1503): [0,1503,system_server,-1,DisplayDeviceConfig,requesting nits when no mapping exists.]
02-22 01:20:08.452 E/DisplayDeviceConfig( 1503): requesting nits when no mapping exists.
02-22 01:20:08.453 I/am_wtf ( 1503): [0,1503,system_server,-1,DisplayDeviceConfig,requesting nits when no mapping exists.]
02-22 01:20:08.453 E/DisplayDeviceConfig( 1503): requesting nits when no mapping exists.
02-22 01:20:08.453 I/am_wtf ( 1503): [0,1503,system_server,-1,DisplayDeviceConfig,requesting nits when no mapping exists.]
02-22 01:20:08.469 E/DisplayDeviceConfig( 1503): requesting nits when no mapping exists.
02-22 01:20:08.469 I/am_wtf ( 1503): [0,1503,system_server,-1,DisplayDeviceConfig,requesting nits when no mapping exists.]
02-22 01:20:08.469 E/DisplayDeviceConfig( 1503): requesting nits when no mapping exists.
02-22 01:20:08.470 I/am_wtf ( 1503): [0,1503,system_server,-1,DisplayDeviceConfig,requesting nits when no mapping exists.]
02-22 01:20:08.487 E/DisplayDeviceConfig( 1503): requesting nits when no mapping exists.
02-22 01:20:08.487 I/am_wtf ( 1503): [0,1503,system_server,-1,DisplayDeviceConfig,requesting nits when no mapping exists.]
02-22 01:20:08.487 E/DisplayDeviceConfig( 1503): requesting nits when no mapping exists.
02-22 01:20:08.489 I/am_wtf ( 1503): [0,1503,system_server,-1,DisplayDeviceConfig,requesting nits when no mapping exists.]
02-22 01:20:08.502 E/DisplayDeviceConfig( 1503): requesting nits when no mapping exists.
02-22 01:20:08.503 E/DisplayDeviceConfig( 1503): requesting nits when no mapping exists.
02-22 01:20:08.503 I/am_wtf ( 1503): [0,1503,system_server,-1,DisplayDeviceConfig,requesting nits when no mapping exists.]
02-22 01:20:08.504 I/am_wtf ( 1503): [0,1503,system_server,-1,DisplayDeviceConfig,requesting nits when no mapping exists.]
02-22 01:20:08.519 E/DisplayDeviceConfig( 1503): requesting nits when no mapping exists.
02-22 01:20:08.520 I/am_wtf ( 1503): [0,1503,system_server,-1,DisplayDeviceConfig,requesting nits when no mapping exists.]
02-22 01:20:08.520 E/DisplayDeviceConfig( 1503): requesting nits when no mapping exists.
02-22 01:20:08.521 I/am_wtf ( 1503): [0,1503,system_server,-1,DisplayDeviceConfig,requesting nits when no mapping exists.]
02-22 01:20:08.536 E/DisplayDeviceConfig( 1503): requesting nits when no mapping exists.
02-22 01:20:08.536 E/DisplayDeviceConfig( 1503): requesting nits when no mapping exists.
02-22 01:20:08.537 I/am_wtf ( 1503): [0,1503,system_server,-1,DisplayDeviceConfig,requesting nits when no mapping exists.]
02-22 01:20:08.538 I/am_wtf ( 1503): [0,1503,system_server,-1,DisplayDeviceConfig,requesting nits when no mapping exists.]
02-22 01:20:08.553 E/DisplayDeviceConfig( 1503): requesting nits when no mapping exists.
02-22 01:20:08.553 E/DisplayDeviceConfig( 1503): requesting nits when no mapping exists.
02-22 01:20:08.554 I/am_wtf ( 1503): [0,1503,system_server,-1,DisplayDeviceConfig,requesting nits when no mapping exists.]
02-22 01:20:08.555 I/am_wtf ( 1503): [0,1503,system_server,-1,DisplayDeviceConfig,requesting nits when no mapping exists.]
02-22 01:20:08.569 E/DisplayDeviceConfig( 1503): requesting nits when no mapping exists.
02-22 01:20:08.570 E/DisplayDeviceConfig( 1503): requesting nits when no mapping exists.
02-22 01:20:08.570 I/am_wtf ( 1503): [0,1503,system_server,-1,DisplayDeviceConfig,requesting nits when no mapping exists.]
02-22 01:20:08.571 I/am_wtf ( 1503): [0,1503,system_server,-1,DisplayDeviceConfig,requesting nits when no mapping exists.]
02-22 01:20:08.586 E/DisplayDeviceConfig( 1503): requesting nits when no mapping exists.
02-22 01:20:08.586 E/DisplayDeviceConfig( 1503): requesting nits when no mapping exists.
02-22 01:20:08.587 I/am_wtf ( 1503): [0,1503,system_server,-1,DisplayDeviceConfig,requesting nits when no mapping exists.]
02-22 01:20:08.587 I/am_wtf ( 1503): [0,1503,system_server,-1,DisplayDeviceConfig,requesting nits when no mapping exists.]
02-22 01:20:08.603 E/DisplayDeviceConfig( 1503): requesting nits when no mapping exists.
02-22 01:20:08.603 E/DisplayDeviceConfig( 1503): requesting nits when no mapping exists.
02-22 01:20:08.603 I/am_wtf ( 1503): [0,1503,system_server,-1,DisplayDeviceConfig,requesting nits when no mapping exists.]
02-22 01:20:08.604 I/am_wtf ( 1503): [0,1503,system_server,-1,DisplayDeviceConfig,requesting nits when no mapping exists.]
02-22 01:20:08.619 E/DisplayDeviceConfig( 1503): requesting nits when no mapping exists.
02-22 01:20:08.620 E/DisplayDeviceConfig( 1503): requesting nits when no mapping exists.
02-22 01:20:08.620 I/am_wtf ( 1503): [0,1503,system_server,-1,DisplayDeviceConfig,requesting nits when no mapping exists.]
02-22 01:20:08.621 I/am_wtf ( 1503): [0,1503,system_server,-1,DisplayDeviceConfig,requesting nits when no mapping exists.]
02-22 01:20:08.636 E/DisplayDeviceConfig( 1503): requesting nits when no mapping exists.
02-22 01:20:08.636 E/DisplayDeviceConfig( 1503): requesting nits when no mapping exists.
02-22 01:20:08.637 I/am_wtf ( 1503): [0,1503,system_server,-1,DisplayDeviceConfig,requesting nits when no mapping exists.]
02-22 01:20:08.637 I/am_wtf ( 1503): [0,1503,system_server,-1,DisplayDeviceConfig,requesting nits when no mapping exists.]
02-22 01:20:08.653 E/DisplayDeviceConfig( 1503): requesting nits when no mapping exists.
02-22 01:20:08.654 E/DisplayDeviceConfig( 1503): requesting nits when no mapping exists.
02-22 01:20:08.654 I/am_wtf ( 1503): [0,1503,system_server,-1,DisplayDeviceConfig,requesting nits when no mapping exists.]
02-22 01:20:08.654 I/am_wtf ( 1503): [0,1503,system_server,-1,DisplayDeviceConfig,requesting nits when no mapping exists.]
02-22 01:20:08.669 E/DisplayDeviceConfig( 1503): requesting nits when no mapping exists.
02-22 01:20:08.670 E/DisplayDeviceConfig( 1503): requesting nits when no mapping exists.
02-22 01:20:08.670 I/am_wtf ( 1503): [0,1503,system_server,-1,DisplayDeviceConfig,requesting nits when no mapping exists.]
02-22 01:20:08.671 I/am_wtf ( 1503): [0,1503,system_server,-1,DisplayDeviceConfig,requesting nits when no mapping exists.]
02-22 01:20:08.686 E/DisplayDeviceConfig( 1503): requesting nits when no mapping exists.
02-22 01:20:08.686 E/DisplayDeviceConfig( 1503): requesting nits when no mapping exists.
02-22 01:20:08.686 I/am_wtf ( 1503): [0,1503,system_server,-1,DisplayDeviceConfig,requesting nits when no mapping exists.]
02-22 01:20:08.687 I/am_wtf ( 1503): [0,1503,system_server,-1,DisplayDeviceConfig,requesting nits when no mapping exists.]
02-22 01:20:08.703 E/DisplayDeviceConfig( 1503): requesting nits when no mapping exists.
02-22 01:20:08.704 E/DisplayDeviceConfig( 1503): requesting nits when no mapping exists.
02-22 01:20:08.704 I/am_wtf ( 1503): [0,1503,system_server,-1,DisplayDeviceConfig,requesting nits when no mapping exists.]
02-22 01:20:08.704 I/am_wtf ( 1503): [0,1503,system_server,-1,DisplayDeviceConfig,requesting nits when no mapping exists.]
02-22 01:20:08.720 E/DisplayDeviceConfig( 1503): requesting nits when no mapping exists.
02-22 01:20:08.720 E/DisplayDeviceConfig( 1503): requesting nits when no mapping exists.
02-22 01:20:08.721 I/am_wtf ( 1503): [0,1503,system_server,-1,DisplayDeviceConfig,requesting nits when no mapping exists.]
02-22 01:20:08.722 I/am_wtf ( 1503): [0,1503,system_server,-1,DisplayDeviceConfig,requesting nits when no mapping exists.]
02-22 01:20:08.737 E/DisplayDeviceConfig( 1503): requesting nits when no mapping exists.
02-22 01:20:08.737 E/DisplayDeviceConfig( 1503): requesting nits when no mapping exists.
02-22 01:20:08.737 I/am_wtf ( 1503): [0,1503,system_server,-1,DisplayDeviceConfig,requesting nits when no mapping exists.]
02-22 01:20:08.738 I/am_wtf ( 1503): [0,1503,system_server,-1,DisplayDeviceConfig,requesting nits when no mapping exists.]
02-22 01:20:08.753 E/DisplayDeviceConfig( 1503): requesting nits when no mapping exists.
02-22 01:20:08.754 E/DisplayDeviceConfig( 1503): requesting nits when no mapping exists.
02-22 01:20:08.754 I/am_wtf ( 1503): [0,1503,system_server,-1,DisplayDeviceConfig,requesting nits when no mapping exists.]
02-22 01:20:08.755 I/am_wtf ( 1503): [0,1503,system_server,-1,DisplayDeviceConfig,requesting nits when no mapping exists.]
01-01 12:07:57.333 E/DTC_ETH,link_delay_work_func( 0): 3003, SQI=0, link=0
01-01 12:07:57.789 E/msm_pcm_playback_close( 0): CMD_EOS failed, cmd_pending 0x8
01-01 12:07:57.796 I/afe_close( 0): port_id = 0x9000
01-01 12:07:57.818 I/afe_find_cal_topo_id_by_port( 0): port id: 0x9000, dev_acdb_id: 0
01-01 12:07:57.818 I/afe_find_cal_topo_id_by_port( 0): top_id:112fc acdb_id:15 afe_port:0x9000
01-01 12:07:57.818 I/afe_get_cal_topology_id( 0): port_id = 0x9000 acdb_id = 15 topology_id = 0x112fc cal_type_index=8 ret=0
01-01 12:07:57.819 I/afe_send_port_topology_id( 0): AFE set topology id 0x112fc enable for port 0x9000 ret 0
01-01 12:07:57.819 I/send_afe_cal_type( 0): cal_index is 0
01-01 12:07:57.819 I/send_afe_cal_type( 0): dev_acdb_id[55] is 0
01-01 12:07:57.819 I/send_afe_cal_type( 0): Sending cal_index cal 0
01-01 12:07:57.819 E/send_afe_cal_type( 0): No cal sent for cal_index 0, port_id = 0x9000! ret -22
01-01 12:07:57.819 I/afe_send_hw_delay( 0): port_id 0x9000 rate 48000 delay_usec 474 status 0
01-01 12:08:02.453 E/DTC_ETH,link_delay_work_func( 0): 3003, SQI=0, link=0
02-22 01:20:15.095 I/PowerManagerService( 1503): Napping display group (groupId=0, uid=1000)...
02-22 01:20:15.095 I/PowerManagerService( 1503): Nap time (uid 1000)...
02-22 01:20:15.096 I/DreamManagerService( 1503): Entering dreamland.
02-22 01:20:15.099 I/PowerManagerService( 1503): Dreaming...
02-22 01:20:15.103 I/DreamController( 1503): Starting dream: name=ComponentInfo{com.thundercomm.screensaver/com.thundercomm.saverclock.service.ClockScreensaver}, isTest=false, canDoze=false, userId=0
02-22 01:20:15.103 I/sysui_multi_action( 1503): [757,222,758,1]
02-22 01:20:15.117 I/ActivityTaskManager( 1503): START u0 {flg=0x10000000 pkg=com.thundercomm.screensaver cmp=com.thundercomm.screensaver/android.service.dreams.DreamActivity (has extras)} from uid 10047
02-22 01:20:15.119 I/wm_task_created( 1503): [44,-1]
02-22 01:20:15.119 W/ActivityTaskManager( 1503): Can't find TaskDisplayArea to determine support for multi window. Task id=44 attached=false
02-22 01:20:15.123 I/wm_task_moved( 1503): [44,1,6]
02-22 01:20:15.124 I/wm_task_to_front( 1503): [0,44]
02-22 01:20:15.124 I/wm_create_task( 1503): [0,44]
02-22 01:20:15.124 I/wm_create_activity( 1503): [0,247353854,44,com.thundercomm.screensaver/android.service.dreams.DreamActivity,NULL,NULL,NULL,276824064]
02-22 01:20:15.124 I/wm_task_moved( 1503): [44,1,6]
02-22 01:20:15.124 I/wm_on_top_resumed_lost_called( 2514): [229498384,com.android.launcher3.uioverrides.QuickstepLauncher,topStateChangedWhenResumed]
02-22 01:20:15.124 I/wm_pause_activity( 1503): [0,229498384,com.android.launcher3/.uioverrides.QuickstepLauncher,userLeaving=true,pauseBackTasks]
02-22 01:20:15.126 I/wm_on_paused_called( 2514): [229498384,com.android.launcher3.uioverrides.QuickstepLauncher,performPause]
02-22 01:20:15.127 I/ActivityTaskManager( 1503): FOREGROUND_APPLICATION_CHANGED to android.service.dreams.DreamActivity
02-22 01:20:15.127 I/ActivityTaskManager( 1503): The Process com.thundercomm.screensaver Already Exists in BG. So sending its PID: 3965
02-22 01:20:15.127 W/ActivityTaskManager( 1503): Tried to set launchTime (0) < mLastActivityLaunchTime (311447)
02-22 01:20:15.127 I/wm_add_to_stopping( 1503): [0,229498384,com.android.launcher3/.uioverrides.QuickstepLauncher,makeInvisible]
02-22 01:20:15.128 I/wm_restart_activity( 1503): [0,247353854,44,com.thundercomm.screensaver/android.service.dreams.DreamActivity]
02-22 01:20:15.128 I/wm_set_resumed_activity( 1503): [0,com.thundercomm.screensaver/android.service.dreams.DreamActivity,minimalResumeActivityLocked]
02-22 01:20:15.131 I/wm_on_create_called( 3965): [247353854,android.service.dreams.DreamActivity,performCreate]
02-22 01:20:15.131 I/sysui_multi_action( 1503): [757,803,799,window_time_0,802,60]
02-22 01:20:15.131 I/wm_on_start_called( 3965): [247353854,android.service.dreams.DreamActivity,handleStartActivity]
02-22 01:20:15.132 I/wm_on_resume_called( 3965): [247353854,android.service.dreams.DreamActivity,RESUME_ACTIVITY]
02-22 01:20:15.132 W/WindowManager( 1503): Failed looking up window session=Session{5c97610 3965:u0a10047} callers=com.android.server.wm.WindowManagerService.windowForClientLocked:5628 com.android.server.wm.Session.insetsModified:629 android.view.IWindowSession$Stub.onTransact:1151
02-22 01:20:15.133 I/wm_on_top_resumed_gained_called( 3965): [247353854,android.service.dreams.DreamActivity,topStateChangedWhenResumed]
02-22 01:20:15.144 I/input_focus( 1503): [Focus request ba9900a com.thundercomm.screensaver/android.service.dreams.DreamActivity,reason=UpdateInputWindows]
02-22 01:20:15.150 I/sysui_multi_action( 1503): [319,32,322,31,325,436,757,761,758,8,759,2,806,com.thundercomm.screensaver,871,android.service.dreams.DreamActivity,904,com.thundercomm.screensaver,905,0,1320,4,1321,2]
02-22 01:20:15.150 I/wm_activity_launch_time( 1503): [0,247353854,com.thundercomm.screensaver/android.service.dreams.DreamActivity,31]
02-22 01:20:15.151 V/DisplayPowerController[0]( 1503): Brightness [0.8484849] reason changing to: 'manual', previous reason: 'manual [ dim ]'.
02-22 01:20:15.151 I/sysui_multi_action( 1503): [757,1696,758,6,759,3]
