03-03 02:53:12.709 1501 1501 I SystemServerTiming: OnBootPhase_520_com.android.server.BatteryService
03-03 02:53:12.709 1501 1501 I SystemServerTiming: OnBootPhase_520_com.android.server.usage.UsageStatsService
03-03 02:53:12.709 1501 1501 I SystemServerTiming: OnBootPhase_520_com.android.server.webkit.WebViewUpdateService
03-03 02:53:12.709 1501 1501 I SystemServerTiming: OnBootPhase_520_com.android.server.CachedDeviceStateService
03-03 02:53:12.709 1501 1501 I SystemServerTiming: OnBootPhase_520_com.android.server.BinderCallsStatsService$LifeCycle
03-03 02:53:12.709 1501 1501 I SystemServerTiming: OnBootPhase_520_com.android.server.LooperStatsService$Lifecycle
03-03 02:53:12.709 1501 1501 I SystemServerTiming: OnBootPhase_520_com.android.server.rollback.RollbackManagerService
03-03 02:53:12.709 1501 1501 I SystemServerTiming: OnBootPhase_520_com.android.server.os.NativeTombstoneManagerService
03-03 02:53:12.709 1501 1501 I SystemServerTiming: OnBootPhase_520_com.android.server.os.BugreportManagerService
03-03 02:53:12.709 1501 1501 I SystemServerTiming: OnBootPhase_520_com.android.server.gpu.GpuService
03-03 02:53:12.709 1501 1501 I SystemServerTiming: OnBootPhase_520_com.android.server.security.KeyChainSystemService
03-03 02:53:12.709 1501 1501 I SystemServerTiming: OnBootPhase_520_com.android.server.telecom.TelecomLoaderService
03-03 02:53:12.709 1501 1501 I SystemServerTiming: OnBootPhase_520_com.android.server.accounts.AccountManagerService$Lifecycle
03-03 02:53:12.709 1501 1501 I SystemServerTiming: OnBootPhase_520_com.android.server.content.ContentService$Lifecycle
03-03 02:53:12.709 1501 1501 I SystemServerTiming: OnBootPhase_520_com.android.server.DropBoxManagerService
03-03 02:53:12.709 1501 1501 I SystemServerTiming: OnBootPhase_520_com.android.role.RoleService
03-03 02:53:12.709 1501 1501 I SystemServerTiming: OnBootPhase_520_com.android.server.vibrator.VibratorManagerService$Lifecycle
03-03 02:53:12.709 1501 1501 I SystemServerTiming: OnBootPhase_520_com.android.server.alarm.AlarmManagerService
03-03 02:53:12.709 1501 1501 I SystemServerTiming: OnBootPhase_520_com.android.server.devicestate.DeviceStateManagerService
03-03 02:53:12.709 1501 1501 I SystemServerTiming: OnBootPhase_520_com.android.server.camera.CameraServiceProxy
03-03 02:53:12.709 1501 1501 I SystemServerTiming: OnBootPhase_520_com.android.server.BluetoothService
03-03 02:53:12.709 1501 1501 I SystemServerTiming: OnBootPhase_520_com.android.server.connectivity.IpConnectivityMetrics
03-03 02:53:12.709 1501 1501 I SystemServerTiming: OnBootPhase_520_com.android.server.net.watchlist.NetworkWatchlistService$Lifecycle
03-03 02:53:12.709 1501 1501 I SystemServerTiming: OnBootPhase_520_com.android.server.PinnerService
03-03 02:53:12.709 1501 1501 I SystemServerTiming: OnBootPhase_520_com.google.android.startop.iorap.IorapForwardingService
03-03 02:53:12.709 1501 1501 I SystemServerTiming: OnBootPhase_520_com.android.server.ActivityTriggerService
03-03 02:53:12.709 1501 1501 I SystemServerTiming: OnBootPhase_520_com.android.server.integrity.AppIntegrityManagerService
03-03 02:53:12.709 1501 1501 I SystemServerTiming: OnBootPhase_520_com.android.server.inputmethod.InputMethodManagerService$Lifecycle
03-03 02:53:12.709 1501 1501 I SystemServerTiming: OnBootPhase_520_com.android.server.accessibility.AccessibilityManagerService$Lifecycle
03-03 02:53:12.709 1501 1501 I SystemServerTiming: OnBootPhase_520_com.android.server.StorageManagerService$Lifecycle
03-03 02:53:12.709 1501 1501 I SystemServerTiming: OnBootPhase_520_com.android.server.usage.StorageStatsService$Lifecycle
03-03 02:53:12.709 1501 1501 I SystemServerTiming: OnBootPhase_520_com.android.server.UiModeManagerService
03-03 02:53:12.709 1501 1501 I SystemServerTiming: OnBootPhase_520_com.android.server.locksettings.LockSettingsService$Lifecycle
03-03 02:53:12.709 1501 1501 I SystemServerTiming: OnBootPhase_520_com.android.server.PersistentDataBlockService
03-03 02:53:12.709 1501 1501 I SystemServerTiming: OnBootPhase_520_com.android.server.testharness.TestHarnessModeService
03-03 02:53:12.709 1501 1501 I SystemServerTiming: OnBootPhase_520_com.android.server.oemlock.OemLockService
03-03 02:53:12.709 1501 1501 I SystemServerTiming: OnBootPhase_520_com.android.server.DeviceIdleController
03-03 02:53:12.709 1501 1501 I SystemServerTiming: OnBootPhase_520_com.android.server.devicepolicy.DevicePolicyManagerService$Lifecycle
03-03 02:53:12.709 1501 1501 I SystemServerTiming: OnBootPhase_520_com.android.server.texttospeech.TextToSpeechManagerService
03-03 02:53:12.709 1501 1501 I SystemServerTiming: OnBootPhase_520_com.android.server.speech.SpeechRecognitionManagerService
03-03 02:53:12.709 1501 1501 I SystemServerTiming: OnBootPhase_520_com.android.server.searchui.SearchUiManagerService
03-03 02:53:12.709 1501 1501 I SystemServerTiming: OnBootPhase_520_com.android.server.smartspace.SmartspaceManagerService
03-03 02:53:12.709 1501 1501 I SystemServerTiming: OnBootPhase_520_com.android.server.graphics.fonts.FontManagerService$Lifecycle
03-03 02:53:12.709 1501 1501 I SystemServerTiming: OnBootPhase_520_com.android.server.textservices.TextServicesManagerService$Lifecycle
03-03 02:53:12.709 1501 1501 I SystemServerTiming: OnBootPhase_520_com.android.server.textclassifier.TextClassificationManagerService$Lifecycle
03-03 02:53:12.709 1501 1501 I SystemServerTiming: OnBootPhase_520_com.android.server.NetworkScoreService$Lifecycle
03-03 02:53:12.709 1501 1501 I SystemServerTiming: OnBootPhase_520_com.android.server.wifi.WifiService
03-03 02:53:12.709 1501 1501 I SystemServerTiming: OnBootPhase_520_com.android.server.wifi.scanner.WifiScanningService
03-03 02:53:12.709 1501 1501 I SystemServerTiming: OnBootPhase_520_com.android.server.wifi.rtt.RttService
03-03 02:53:12.709 1501 1501 I SystemServerTiming: OnBootPhase_520_com.android.server.wifi.aware.WifiAwareService
03-03 02:53:12.709 1501 1501 I SystemServerTiming: OnBootPhase_520_com.android.server.wifi.p2p.WifiP2pService
03-03 02:53:12.709 1501 1501 I SystemServerTiming: OnBootPhase_520_com.android.server.ethernet.EthernetService
03-03 02:53:12.709 1501 1501 I SystemServerTiming: OnBootPhase_520_com.android.server.ConnectivityServiceInitializer
03-03 02:53:12.709 1501 1501 I SystemServerTiming: OnBootPhase_520_com.android.server.notification.NotificationManagerService
03-03 02:53:12.709 1501 1501 I SystemServerTiming: OnBootPhase_520_com.android.server.storage.DeviceStorageMonitorService
03-03 02:53:12.709 1501 1501 I SystemServerTiming: OnBootPhase_520_com.android.server.location.LocationManagerService$Lifecycle
03-03 02:53:12.709 1501 1501 I SystemServerTiming: OnBootPhase_520_com.android.server.timedetector.TimeDetectorService$Lifecycle
03-03 02:53:12.709 1501 1501 I SystemServerTiming: OnBootPhase_520_com.android.server.timezonedetector.TimeZoneDetectorService$Lifecycle
03-03 02:53:12.709 1501 1501 I SystemServerTiming: OnBootPhase_520_com.android.server.timezonedetector.location.LocationTimeZoneManagerService$Lifecycle
03-03 02:53:12.709 1501 1501 I SystemServerTiming: OnBootPhase_520_com.android.server.search.SearchManagerService$Lifecycle
03-03 02:53:12.709 1501 1501 I SystemServerTiming: OnBootPhase_520_com.android.server.wallpaper.WallpaperManagerService$Lifecycle
03-03 02:53:12.709 1501 1501 I SystemServerTiming: OnBootPhase_520_com.android.server.audio.AudioService$Lifecycle
03-03 02:53:12.709 1501 1501 I SystemServerTiming: OnBootPhase_520_com.android.server.soundtrigger_middleware.SoundTriggerMiddlewareService$Lifecycle
03-03 02:53:12.709 1501 1501 I SystemServerTiming: OnBootPhase_520_com.android.server.DockObserver
03-03 02:53:12.709 1501 1501 I SystemServerTiming: OnBootPhase_520_com.android.server.midi.MidiService$Lifecycle
03-03 02:53:12.709 1501 1501 I SystemServerTiming: OnBootPhase_520_com.android.server.adb.AdbService$Lifecycle
03-03 02:53:12.710 1501 1501 I SystemServerTiming: OnBootPhase_520_com.android.server.usb.UsbService$Lifecycle
03-03 02:53:12.710 1501 1501 I SystemServerTiming: OnBootPhase_520_com.android.server.twilight.TwilightService
03-03 02:53:12.710 1501 1501 I SystemServerTiming: OnBootPhase_520_com.android.server.display.color.ColorDisplayService
03-03 02:53:12.710 1501 1501 I SystemServerTiming: OnBootPhase_520_com.android.server.job.JobSchedulerService
03-03 02:53:12.710 1501 1501 I SystemServerTiming: OnBootPhase_520_com.android.server.soundtrigger.SoundTriggerService
03-03 02:53:12.710 1501 1501 D SoundTriggerService: onBootPhase: 520 : false
03-03 02:53:12.710 1501 1501 I SystemServerTiming: OnBootPhase_520_com.android.server.trust.TrustManagerService
03-03 02:53:12.710 1501 1501 I SystemServerTiming: OnBootPhase_520_com.android.server.backup.BackupManagerService$Lifecycle
03-03 02:53:12.710 1501 1501 I SystemServerTiming: OnBootPhase_520_com.android.server.appwidget.AppWidgetService
03-03 02:53:12.710 1501 1501 I SystemServerTiming: OnBootPhase_520_com.android.server.voiceinteraction.VoiceInteractionManagerService
03-03 02:53:12.710 1501 1501 I SystemServerTiming: OnBootPhase_520_com.android.server.apphibernation.AppHibernationService
03-03 02:53:12.710 1501 1501 I SystemServerTiming: OnBootPhase_520_com.android.server.SensorNotificationService
03-03 02:53:12.710 1501 1501 I SystemServerTiming: OnBootPhase_520_com.android.server.emergency.EmergencyAffordanceService
03-03 02:53:12.710 1501 1501 I SystemServerTiming: OnBootPhase_520_com.android.server.blob.BlobStoreManagerService
03-03 02:53:12.710 1501 1501 I SystemServerTiming: OnBootPhase_520_com.android.server.dreams.DreamManagerService
03-03 02:53:12.710 1501 1501 I SystemServerTiming: OnBootPhase_520_com.android.server.companion.CompanionDeviceManagerService
03-03 02:53:12.710 1501 1501 I SystemServerTiming: OnBootPhase_520_com.android.server.restrictions.RestrictionsManagerService
03-03 02:53:12.710 1501 1501 I SystemServerTiming: OnBootPhase_520_com.android.server.media.MediaSessionService
03-03 02:53:12.710 1501 1501 I SystemServerTiming: OnBootPhase_520_com.android.server.media.MediaResourceMonitorService
03-03 02:53:12.710 1501 1501 I SystemServerTiming: OnBootPhase_520_com.android.server.biometrics.sensors.fingerprint.FingerprintService
03-03 02:53:12.710 1501 1501 I SystemServerTiming: OnBootPhase_520_com.android.server.biometrics.BiometricService
03-03 02:53:12.710 1501 1501 I SystemServerTiming: OnBootPhase_520_com.android.server.biometrics.AuthService
03-03 02:53:12.710 1501 1501 I SystemServerTiming: OnBootPhase_520_com.android.server.pm.ShortcutService$Lifecycle
03-03 02:53:12.710 1501 1501 I SystemServerTiming: OnBootPhase_520_com.android.server.pm.LauncherAppsService
03-03 02:53:12.710 1501 1501 I SystemServerTiming: OnBootPhase_520_com.android.server.pm.CrossProfileAppsService
03-03 02:53:12.710 1501 1501 I SystemServerTiming: OnBootPhase_520_com.android.server.people.PeopleService
03-03 02:53:12.710 1501 1501 I SystemServerTiming: OnBootPhase_520_com.android.server.media.metrics.MediaMetricsManagerService
03-03 02:53:12.710 1501 1501 I SystemServerTiming: OnBootPhase_520_com.android.server.media.projection.MediaProjectionManagerService
03-03 02:53:12.710 1501 1501 I SystemServerTiming: OnBootPhase_520_com.android.server.slice.SliceManagerService$Lifecycle
03-03 02:53:12.710 1501 1501 I SystemServerTiming: OnBootPhase_520_com.android.server.stats.StatsCompanion$Lifecycle
03-03 02:53:12.710 1501 1501 I SystemServerTiming: OnBootPhase_520_com.android.server.scheduling.RebootReadinessManagerService$Lifecycle
03-03 02:53:12.710 1501 1501 I SystemServerTiming: OnBootPhase_520_com.android.server.stats.pull.StatsPullAtomService
03-03 02:53:12.710 1501 1501 I SystemServerTiming: OnBootPhase_520_com.android.server.incident.IncidentCompanionService
03-03 02:53:12.710 1501 1501 I SystemServerTiming: OnBootPhase_520_com.android.server.MmsServiceBroker
03-03 02:53:12.710 1501 1501 I SystemServerTiming: OnBootPhase_520_com.android.server.autofill.AutofillManagerService
03-03 02:53:12.710 1501 1501 I SystemServerTiming: OnBootPhase_520_com.android.server.clipboard.ClipboardService
03-03 02:53:12.710 1501 1501 I SystemServerTiming: OnBootPhase_520_com.android.server.appbinding.AppBindingService$Lifecycle
03-03 02:53:12.710 1501 1501 I SystemServerTiming: OnBootPhase_520_com.android.server.tracing.TracingServiceProxy
03-03 02:53:12.710 1501 1501 I SystemServerTiming: OnBootPhase_520_com.android.server.policy.PermissionPolicyService
03-03 02:53:12.710 1501 1501 I SystemServerTiming: OnBootPhase_520_com.android.server.pm.StagingManager$Lifecycle
03-03 02:53:12.710 1501 1501 I SystemServerTiming: OnBootPhase_520_com.android.server.app.GameManagerService$Lifecycle
03-03 02:53:12.710 1501 1501 I SystemServerTiming: AppSearchManagerService
03-03 02:53:12.713 1501 1501 I SystemServiceManager: Starting com.android.server.appsearch.AppSearchManagerService
03-03 02:53:12.715 1501 1501 I SystemServerTiming: StartMediaCommunicationService
03-03 02:53:12.715 1501 1501 I SystemServiceManager: Starting com.android.server.media.MediaCommunicationService
03-03 02:53:12.716 1501 1501 I SystemServerTiming: PhaseActivityManagerReady
03-03 02:53:12.716 1501 1501 I SystemServerTiming: controllersReady
03-03 02:53:12.719 1501 1693 I SystemServerTimingAsync: InitThreadPoolExec:Update app-ops uidState in case package com.tencent.tmgp.zmsy.zmxywz changed
03-03 02:53:12.719 1501 1715 I SystemServerTimingAsync: InitThreadPoolExec:Update app-ops uidState in case package com.zhaopin.social changed
03-03 02:53:12.719 1501 1802 I SystemServerTimingAsync: InitThreadPoolExec:Update app-ops uidState in case package com.tencent.tmgp.sgame changed
03-03 02:53:12.719 1501 1781 I SystemServerTimingAsync: InitThreadPoolExec:Update app-ops uidState in case package com.smile.gifmaker changed
03-03 02:53:12.719 1501 1808 I SystemServerTimingAsync: InitThreadPoolExec:Update app-ops uidState in case package com.tencent.KiHan changed
03-03 02:53:12.720 1501 1589 I SystemServerTimingAsync: InitThreadPoolExec:Update app-ops uidState in case package com.tencent.tmgp.pubgmhd changed
03-03 02:53:12.720 1501 1706 I SystemServerTimingAsync: InitThreadPoolExec:Update app-ops uidState in case package com.cubic.autohome changed
03-03 02:53:12.720 1501 1693 I SystemServerTimingAsync: InitThreadPoolExec:Update app-ops uidState in case package com.tencent.tmgp.ssjj.zmws changed
03-03 02:53:12.720 1501 1693 I SystemServerTimingAsync: InitThreadPoolExec:Update app-ops uidState in case package com.kuaishou.nebula changed
03-03 02:53:12.720 1501 1693 I SystemServerTimingAsync: InitThreadPoolExec:Update app-ops uidState in case package com.ochs.pipette changed
03-03 02:53:12.720 1501 1781 I SystemServerTimingAsync: InitThreadPoolExec:Update app-ops uidState in case package com.tencent.mtt changed
03-03 02:53:12.720 1501 1693 I SystemServerTimingAsync: InitThreadPoolExec:Update app-ops uidState in case package com.tencent.qqlive changed
03-03 02:53:12.720 1501 1693 I SystemServerTimingAsync: InitThreadPoolExec:Update app-ops uidState in case package com.tencent.android.qqdownloader changed
03-03 02:53:12.720 1501 1808 I SystemServerTimingAsync: InitThreadPoolExec:Update app-ops uidState in case package com.tencent.qqmusicpad changed
03-03 02:53:12.720 1501 1693 I SystemServerTimingAsync: InitThreadPoolExec:Update app-ops uidState in case package com.android.providers.media.module changed
03-03 02:53:12.720 1501 1781 I SystemServerTimingAsync: InitThreadPoolExec:Update app-ops uidState in case package com.android.music changed
03-03 02:53:12.720 1501 1693 I SystemServerTimingAsync: InitThreadPoolExec:Update app-ops uidState in case package com.qualcomm.qtil.aptxui changed
03-03 02:53:12.720 1501 1781 I SystemServerTimingAsync: InitThreadPoolExec:Update app-ops uidState in case package com.hht.lebocast changed
03-03 02:53:12.720 1501 1693 I SystemServerTimingAsync: InitThreadPoolExec:Update app-ops uidState in case package com.android.systemui changed
03-03 02:53:12.720 1501 1781 I SystemServerTimingAsync: InitThreadPoolExec:Update app-ops uidState in case package com.android.launcher3 changed
03-03 02:53:12.720 1501 1808 I SystemServerTimingAsync: InitThreadPoolExec:Update app-ops uidState in case package com.qualcomm.qti.workloadclassifier changed
03-03 02:53:12.720 1501 1693 I SystemServerTimingAsync: InitThreadPoolExec:Update app-ops uidState in case package com.qti.ltebc changed
03-03 02:53:12.720 1501 1589 I SystemServerTimingAsync: InitThreadPoolExec:Update app-ops uidState in case package com.android.inputmethod.latin changed
03-03 02:53:12.720 1501 1693 I SystemServerTimingAsync: InitThreadPoolExec:Update app-ops uidState in case package com.android.webview changed
03-03 02:53:12.720 1501 1589 I SystemServerTimingAsync: InitThreadPoolExec:Update app-ops uidState in case package com.android.gallery3d changed
03-03 02:53:12.720 1501 1808 I SystemServerTimingAsync: InitThreadPoolExec:Update app-ops uidState in case package com.baidu.input changed
03-03 02:53:12.720 1501 1589 I SystemServerTimingAsync: InitThreadPoolExec:Update app-ops uidState in case package com.android.providers.userdictionary changed
03-03 02:53:12.720 1501 1706 I SystemServerTimingAsync: InitThreadPoolExec:Update app-ops uidState in case package com.android.providers.contacts changed
03-03 02:53:12.720 1501 1589 I SystemServerTimingAsync: InitThreadPoolExec:Update app-ops uidState in case package com.android.providers.calendar changed
03-03 02:53:12.720 1501 1706 I SystemServerTimingAsync: InitThreadPoolExec:Update app-ops uidState in case package com.sohu.inputmethod.sogou.car changed
03-03 02:53:12.720 1501 1589 I SystemServerTimingAsync: InitThreadPoolExec:Update app-ops uidState in case package com.android.providers.downloads changed
03-03 02:53:12.720 1501 1706 I SystemServerTimingAsync: InitThreadPoolExec:Update app-ops uidState in case package com.android.mtp changed
03-03 02:53:12.721 1501 1808 I SystemServerTimingAsync: InitThreadPoolExec:Update app-ops uidState in case package com.android.providers.media changed
03-03 02:53:12.721 1501 1706 I SystemServerTimingAsync: InitThreadPoolExec:Update app-ops uidState in case package com.android.shell changed
03-03 02:53:12.721 1501 1693 I SystemServerTimingAsync: InitThreadPoolExec:Update app-ops uidState in case package com.android.bluetooth changed
03-03 02:53:12.721 1501 1706 I SystemServerTimingAsync: InitThreadPoolExec:Update app-ops uidState in case package com.thundercomm.gamemode changed
03-03 02:53:12.721 1501 1693 I SystemServerTimingAsync: InitThreadPoolExec:Update app-ops uidState in case package com.thundercomm.tcsetupwizard changed
03-03 02:53:12.721 1501 1693 I SystemServerTimingAsync: InitThreadPoolExec:Update app-ops uidState in case package com.android.settings changed
03-03 02:53:12.722 1501 1808 I SystemServerTimingAsync: InitThreadPoolExec:Update app-ops uidState in case package android changed
03-03 02:53:12.722 1501 1706 I SystemServerTimingAsync: InitThreadPoolExec:Update app-ops uidState in case package com.hryt.hiphishowfsecontrol changed
03-03 02:53:12.722 1501 1802 I SystemServerTimingAsync: InitThreadPoolExec:Update app-ops uidState in case package com.android.packageinstaller changed
03-03 02:53:12.722 1501 1715 I SystemServerTimingAsync: InitThreadPoolExec:Update app-ops uidState in case package com.android.server.telecom changed
03-03 02:53:12.722 1501 1589 I SystemServerTimingAsync: InitThreadPoolExec:Update app-ops uidState in case package com.android.externalstorage changed
03-03 02:53:12.723 1501 1781 I SystemServerTimingAsync: InitThreadPoolExec:Update app-ops uidState in case package com.qualcomm.location changed
03-03 02:53:12.723 1501 1501 I SystemServerTiming: killProcesses
03-03 02:53:12.723 1501 1501 I ActivityManager: System now ready
03-03 02:53:12.724 1501 1501 I SystemServerTiming: updateTopComponentForFactoryTest
03-03 02:53:12.724 1501 1501 I SystemServerTiming: registerActivityLaunchObserver
03-03 02:53:12.724 1501 1501 I SystemServerTiming: watchDeviceProvisioning
03-03 02:53:12.727 1501 1501 I SystemServerTiming: retrieveSettings
03-03 02:53:12.730 1501 1501 I ActivityTaskManager: Config changes=10000000 {1.0 ?mcc?mnc [zh_CN] ldltr sw680dp w1586dp h588dp 240dpi lrg long land finger -keyb/v/h -nav/h winConfig={ mBounds=Rect(0, 0 - 2380, 1020) mAppBounds=Rect(0, 0 - 2380, 954) mMaxBounds=Rect(0, 0 - 2380, 1020) mWindowingMode=fullscreen mDisplayWindowingMode=fullscreen mActivityType=undefined mAlwaysOnTop=undefined mRotation=ROTATION_0} s.8 fontWeightAdjustment=0}
03-03 02:53:12.730 1501 1501 I WindowManager: Override config changes=10000000 {1.0 ?mcc?mnc [zh_CN] ldltr sw680dp w1586dp h588dp 240dpi lrg long land finger -keyb/v/h -nav/h winConfig={ mBounds=Rect(0, 0 - 2380, 1020) mAppBounds=Rect(0, 0 - 2380, 954) mMaxBounds=Rect(0, 0 - 2380, 1020) mWindowingMode=fullscreen mDisplayWindowingMode=fullscreen mActivityType=undefined mAlwaysOnTop=undefined mRotation=ROTATION_0} s.8 fontWeightAdjustment=0} for displayId=0
03-03 02:53:12.732 1501 1501 I SystemServerTiming: Ugm.onSystemReady
03-03 02:53:12.737 1501 1501 I SystemServerTiming: updateForceBackgroundCheck
03-03 02:53:12.737 1501 1501 I SystemServer: Making services ready
03-03 02:53:12.737 1501 1501 I SystemServerTiming: StartActivityManagerReadyPhase
03-03 02:53:12.737 1501 1501 I SystemServiceManager: Starting phase 550
03-03 02:53:12.737 1501 1501 I SystemServerTiming: OnBootPhase_550
03-03 02:53:12.737 1501 1501 I SystemServerTiming: OnBootPhase_550_com.android.server.security.FileIntegrityService
03-03 02:53:12.737 1501 1501 I SystemServerTiming: OnBootPhase_550_com.android.server.pm.Installer
03-03 02:53:12.737 1501 1501 I SystemServerTiming: OnBootPhase_550_com.android.server.os.DeviceIdentifiersPolicyService
03-03 02:53:12.737 1501 1501 I SystemServerTiming: OnBootPhase_550_com.android.server.uri.UriGrantsManagerService$Lifecycle
03-03 02:53:12.737 1501 1501 I SystemServerTiming: OnBootPhase_550_com.android.server.powerstats.PowerStatsService
03-03 02:53:12.737 1501 1501 I SystemServerTiming: OnBootPhase_550_com.android.server.wm.ActivityTaskManagerService$Lifecycle
03-03 02:53:12.737 1501 1501 I SystemServerTiming: OnBootPhase_550_com.android.server.am.ActivityManagerService$Lifecycle
03-03 02:53:12.737 1501 1501 I SystemServerTiming: OnBootPhase_550_com.android.server.pm.DataLoaderManagerService
03-03 02:53:12.737 1501 1501 I SystemServerTiming: OnBootPhase_550_com.android.server.power.PowerManagerService
03-03 02:53:12.737 1501 1501 I SystemServerTiming: OnBootPhase_550_com.android.server.power.ThermalManagerService
03-03 02:53:12.739 1501 1501 I ThermalHalWrapper: Thermal HAL 2.0 service connected.
03-03 02:53:12.739 1501 1501 E ThermalHalWrapper: Couldn't get temperatures because of HAL error: ThermalHAL not initialized properly.
03-03 02:53:12.739 1501 1501 W ThermalManagerService: Thermal HAL reported invalid data, abort connection
03-03 02:53:12.739 1501 1501 E ThermalHalWrapper: Couldn't get temperature thresholds because of HAL error: ThermalHAL not initialized properly.
03-03 02:53:12.739 1501 1501 I SystemServerTiming: OnBootPhase_550_com.android.server.power.hint.HintManagerService
03-03 02:53:12.739 1501 1501 I SystemServerTiming: OnBootPhase_550_com.android.server.recoverysystem.RecoverySystemService$Lifecycle
03-03 02:53:12.739 1501 1501 I SystemServerTiming: OnBootPhase_550_com.android.server.lights.LightsService
03-03 02:53:12.739 1501 1501 I SystemServerTiming: OnBootPhase_550_com.android.server.display.DisplayManagerService
03-03 02:53:12.739 1501 1501 I SystemServerTiming: OnBootPhase_550_com.android.server.pm.verify.domain.DomainVerificationService
03-03 02:53:12.739 1501 1501 I SystemServerTiming: OnBootPhase_550_com.android.server.pm.PackageInstallerService$Lifecycle
03-03 02:53:12.739 1501 1501 I SystemServerTiming: OnBootPhase_550_com.android.server.pm.UserManagerService$LifeCycle
03-03 02:53:12.739 1501 1501 I SystemServerTiming: OnBootPhase_550_com.android.server.om.OverlayManagerService
03-03 02:53:12.739 1501 1501 I SystemServerTiming: OnBootPhase_550_com.android.server.SensorPrivacyService
03-03 02:53:12.739 1501 1501 I SystemServerTiming: OnBootPhase_550_com.android.server.thunderperf.ThunderBoostPerfService
03-03 02:53:12.739 1501 1501 I SystemServerTiming: OnBootPhase_550_com.android.server.sensors.SensorService
03-03 02:53:12.739 1501 1501 I SystemServerTiming: OnBootPhase_550_com.android.server.SystemConfigService
03-03 02:53:12.739 1501 1501 I SystemServerTiming: OnBootPhase_550_com.android.server.BatteryService
03-03 02:53:12.739 1501 1501 I SystemServerTiming: OnBootPhase_550_com.android.server.usage.UsageStatsService
03-03 02:53:12.739 1501 1501 I SystemServerTiming: OnBootPhase_550_com.android.server.webkit.WebViewUpdateService
03-03 02:53:12.740 1501 1501 I SystemServerTiming: OnBootPhase_550_com.android.server.CachedDeviceStateService
03-03 02:53:12.740 1501 1501 I SystemServerTiming: OnBootPhase_550_com.android.server.BinderCallsStatsService$LifeCycle
03-03 02:53:12.740 1501 1501 I SystemServerTiming: OnBootPhase_550_com.android.server.LooperStatsService$Lifecycle
03-03 02:53:12.740 1501 1501 I SystemServerTiming: OnBootPhase_550_com.android.server.rollback.RollbackManagerService
03-03 02:53:12.740 1501 1501 I SystemServerTiming: OnBootPhase_550_com.android.server.os.NativeTombstoneManagerService
03-03 02:53:12.740 1501 1501 I SystemServerTiming: OnBootPhase_550_com.android.server.os.BugreportManagerService
03-03 02:53:12.740 1501 1501 I SystemServerTiming: OnBootPhase_550_com.android.server.gpu.GpuService
03-03 02:53:12.740 1501 1501 I SystemServerTiming: OnBootPhase_550_com.android.server.security.KeyChainSystemService
03-03 02:53:12.740 1501 1501 I SystemServerTiming: OnBootPhase_550_com.android.server.telecom.TelecomLoaderService
03-03 02:53:12.745 1501 1501 W ActivityManager: Too early to start/bind service in system_server: Phase=550 ComponentInfo{com.android.server.telecom/com.android.server.telecom.components.TelecomService}
03-03 02:53:12.746 1501 1501 D CompatibilityChangeReporter: Compat change id reported: 168419799; UID 1000; state: DISABLED
03-03 02:53:12.746 1501 1501 W ActivityManager: Too early to start/bind service in system_server: Phase=550 ComponentInfo{com.android.server.telecom/com.android.server.telecom.components.TelecomService}
03-03 02:53:12.747 1501 1501 I SystemServerTiming: OnBootPhase_550_com.android.server.accounts.AccountManagerService$Lifecycle
03-03 02:53:12.747 1501 1501 I SystemServerTiming: OnBootPhase_550_com.android.server.content.ContentService$Lifecycle
03-03 02:53:12.757 1501 1713 E NativeTombstoneManager: Tombstone's UID (1041) not an app, ignoring
03-03 02:53:12.757 1501 1713 I DropBoxManagerService: add tag=SYSTEM_TOMBSTONE_PROTO isTagEnabled=true flags=0x4
03-03 02:53:12.764 1501 1713 E NativeTombstoneManager: Tombstone's UID (1041) not an app, ignoring
03-03 02:53:12.764 1501 1713 I DropBoxManagerService: add tag=SYSTEM_TOMBSTONE_PROTO isTagEnabled=true flags=0x4
03-03 02:53:12.771 1501 1713 I DropBoxManagerService: add tag=SYSTEM_TOMBSTONE_PROTO isTagEnabled=true flags=0x0
03-03 02:53:12.785 1501 1501 I SystemServerTiming: OnBootPhase_550_com.android.server.DropBoxManagerService
03-03 02:53:12.785 1501 1501 I SystemServerTiming: OnBootPhase_550_com.android.role.RoleService
03-03 02:53:12.785 1501 1501 I SystemServerTiming: OnBootPhase_550_com.android.server.vibrator.VibratorManagerService$Lifecycle
03-03 02:53:12.785 1501 1501 I SystemServerTiming: OnBootPhase_550_com.android.server.alarm.AlarmManagerService
03-03 02:53:12.785 1501 1501 I SystemServerTiming: OnBootPhase_550_com.android.server.devicestate.DeviceStateManagerService
03-03 02:53:12.785 1501 1501 I SystemServerTiming: OnBootPhase_550_com.android.server.camera.CameraServiceProxy
03-03 02:53:12.785 1501 1501 I SystemServerTiming: OnBootPhase_550_com.android.server.BluetoothService
03-03 02:53:12.785 1501 1501 D BluetoothManagerService: Bluetooth boot completed
03-03 02:53:12.785 1501 1501 D BluetoothManagerService: Auto-enabling Bluetooth.
03-03 02:53:12.785 1501 1583 D BluetoothManagerService: MESSAGE_ENABLE(0): mBluetooth = null
03-03 02:53:12.785 1501 1583 D BluetoothManagerService: MESSAGE_ENABLE: handleEnable
03-03 02:53:12.785 1501 1583 D BluetoothManagerService: binding Bluetooth service
03-03 02:53:12.786 1501 1583 D CompatibilityChangeReporter: Compat change id reported: 135634846; UID 1002; state: DISABLED
03-03 02:53:12.786 1501 1583 D CompatibilityChangeReporter: Compat change id reported: 177438394; UID 1002; state: DISABLED
03-03 02:53:12.786 1501 1583 D CompatibilityChangeReporter: Compat change id reported: 135772972; UID 1002; state: DISABLED
03-03 02:53:12.786 1501 1583 D CompatibilityChangeReporter: Compat change id reported: 135754954; UID 1002; state: ENABLED
03-03 02:53:12.787 1501 1583 D BluetoothManagerService: Binding BT service. Current user: 0
03-03 02:53:12.788 1501 1501 I SystemServerTiming: OnBootPhase_550_com.android.server.connectivity.IpConnectivityMetrics
03-03 02:53:12.788 1501 1501 I SystemServerTiming: OnBootPhase_550_com.android.server.net.watchlist.NetworkWatchlistService$Lifecycle
03-03 02:53:12.788 1501 1501 I SystemServerTiming: OnBootPhase_550_com.android.server.PinnerService
03-03 02:53:12.788 1501 1501 I SystemServerTiming: OnBootPhase_550_com.google.android.startop.iorap.IorapForwardingService
03-03 02:53:12.788 1501 1501 I SystemServerTiming: OnBootPhase_550_com.android.server.ActivityTriggerService
03-03 02:53:12.788 1501 1501 I SystemServerTiming: OnBootPhase_550_com.android.server.integrity.AppIntegrityManagerService
03-03 02:53:12.788 1501 1501 I SystemServerTiming: OnBootPhase_550_com.android.server.inputmethod.InputMethodManagerService$Lifecycle
03-03 02:53:12.792 1501 1601 I ActivityManager: Start proc 1984:com.android.bluetooth/1002 for service {com.android.bluetooth/com.android.bluetooth.btservice.AdapterService}
03-03 02:53:12.806 1501 1501 W InputMethodManagerService: Default IME is uninstalled. Choose new default IME.
03-03 02:53:12.807 1501 1914 D CompatibilityChangeReporter: Compat change id reported: 168419799; UID 1002; state: DISABLED
03-03 02:53:12.823 1501 1501 I SystemServerTiming: OnBootPhase_550_com.android.server.accessibility.AccessibilityManagerService$Lifecycle
03-03 02:53:12.824 1501 1501 I SystemServerTiming: OnBootPhase_550_com.android.server.StorageManagerService$Lifecycle
03-03 02:53:12.824 1501 1501 I SystemServerTiming: OnBootPhase_550_com.android.server.usage.StorageStatsService$Lifecycle
03-03 02:53:12.824 1501 1501 I SystemServerTiming: OnBootPhase_550_com.android.server.UiModeManagerService
03-03 02:53:12.824 1501 1501 I SystemServerTiming: OnBootPhase_550_com.android.server.locksettings.LockSettingsService$Lifecycle
03-03 02:53:12.824 1501 1501 I RebootEscrowManager: No reboot escrow data found for users, skipping loading escrow data
03-03 02:53:12.824 1501 1501 I SystemServerTiming: OnBootPhase_550_com.android.server.PersistentDataBlockService
03-03 02:53:12.824 1501 1501 I SystemServerTiming: OnBootPhase_550_com.android.server.testharness.TestHarnessModeService
03-03 02:53:12.824 1501 1501 I SystemServerTiming: OnBootPhase_550_com.android.server.oemlock.OemLockService
03-03 02:53:12.824 1501 1501 I SystemServerTiming: OnBootPhase_550_com.android.server.DeviceIdleController
03-03 02:53:12.824 1501 1501 I SystemServerTiming: OnBootPhase_550_com.android.server.devicepolicy.DevicePolicyManagerService$Lifecycle
03-03 02:53:12.824 1501 1501 I SystemServerTiming: OnBootPhase_550_com.android.server.texttospeech.TextToSpeechManagerService
03-03 02:53:12.824 1501 1501 I SystemServerTiming: OnBootPhase_550_com.android.server.speech.SpeechRecognitionManagerService
03-03 02:53:12.824 1501 1501 I SystemServerTiming: OnBootPhase_550_com.android.server.searchui.SearchUiManagerService
03-03 02:53:12.824 1501 1501 I SystemServerTiming: OnBootPhase_550_com.android.server.smartspace.SmartspaceManagerService
03-03 02:53:12.825 1501 1501 I SystemServerTiming: OnBootPhase_550_com.android.server.graphics.fonts.FontManagerService$Lifecycle
03-03 02:53:12.825 1501 1501 I SystemServerTiming: OnBootPhase_550_com.android.server.textservices.TextServicesManagerService$Lifecycle
03-03 02:53:12.825 1501 1501 I SystemServerTiming: OnBootPhase_550_com.android.server.textclassifier.TextClassificationManagerService$Lifecycle
03-03 02:53:12.825 1501 1501 I SystemServerTiming: OnBootPhase_550_com.android.server.NetworkScoreService$Lifecycle
03-03 02:53:12.825 1501 1501 I SystemServerTiming: OnBootPhase_550_com.android.server.wifi.WifiService
03-03 02:53:12.825 1501 1501 I SystemServerTiming: OnBootPhase_550_com.android.server.wifi.scanner.WifiScanningService
03-03 02:53:12.825 1501 1501 I SystemServerTiming: OnBootPhase_550_com.android.server.wifi.rtt.RttService
03-03 02:53:12.825 1501 1501 I SystemServerTiming: OnBootPhase_550_com.android.server.wifi.aware.WifiAwareService
03-03 02:53:12.825 1501 1501 I SystemServerTiming: OnBootPhase_550_com.android.server.wifi.p2p.WifiP2pService
03-03 02:53:12.825 1501 1501 I SystemServerTiming: OnBootPhase_550_com.android.server.ethernet.EthernetService
03-03 02:53:12.825 1501 1501 I SystemServerTiming: OnBootPhase_550_com.android.server.ConnectivityServiceInitializer
03-03 02:53:12.825 1501 1501 I SystemServerTiming: OnBootPhase_550_com.android.server.notification.NotificationManagerService
03-03 02:53:12.825 1501 1501 I SystemServerTiming: OnBootPhase_550_com.android.server.storage.DeviceStorageMonitorService
03-03 02:53:12.825 1501 1501 I SystemServerTiming: OnBootPhase_550_com.android.server.location.LocationManagerService$Lifecycle
03-03 02:53:12.825 1501 1501 I SystemServerTiming: OnBootPhase_550_com.android.server.timedetector.TimeDetectorService$Lifecycle
03-03 02:53:12.825 1501 1501 I SystemServerTiming: OnBootPhase_550_com.android.server.timezonedetector.TimeZoneDetectorService$Lifecycle
03-03 02:53:12.825 1501 1501 I SystemServerTiming: OnBootPhase_550_com.android.server.timezonedetector.location.LocationTimeZoneManagerService$Lifecycle
03-03 02:53:12.825 1501 1501 I SystemServerTiming: OnBootPhase_550_com.android.server.search.SearchManagerService$Lifecycle
03-03 02:53:12.825 1501 1501 I SystemServerTiming: OnBootPhase_550_com.android.server.wallpaper.WallpaperManagerService$Lifecycle
03-03 02:53:12.826 1501 1501 I WallpaperManagerService: No static wallpaper imagery; defaults will be shown
03-03 02:53:12.826 1501 1501 V WallpaperManagerService: bindWallpaperComponentLocked: componentName=ComponentInfo{com.android.systemui/com.android.systemui.ImageWallpaper}
03-03 02:53:12.827 1501 1501 D CompatibilityChangeReporter: Compat change id reported: 135634846; UID 10078; state: DISABLED
03-03 02:53:12.827 1501 1501 D CompatibilityChangeReporter: Compat change id reported: 177438394; UID 10078; state: DISABLED
03-03 02:53:12.827 1501 1501 D CompatibilityChangeReporter: Compat change id reported: 135772972; UID 10078; state: DISABLED
03-03 02:53:12.827 1501 1501 D CompatibilityChangeReporter: Compat change id reported: 135754954; UID 10078; state: ENABLED
03-03 02:53:12.828 1501 1601 D CompatibilityChangeReporter: Compat change id reported: 143937733; UID 10078; state: ENABLED
03-03 02:53:12.829 1501 1501 W WallpaperManagerService: Invalid wallpaper data
03-03 02:53:12.829 1501 1501 E WallpaperManagerService: Unable to apply new wallpaper
03-03 02:53:12.830 1501 1501 I SystemServerTiming: OnBootPhase_550_com.android.server.audio.AudioService$Lifecycle
03-03 02:53:12.830 1501 1501 I SystemServerTiming: OnBootPhase_550_com.android.server.soundtrigger_middleware.SoundTriggerMiddlewareService$Lifecycle
03-03 02:53:12.830 1501 1501 I SystemServerTiming: OnBootPhase_550_com.android.server.DockObserver
03-03 02:53:12.830 1501 1501 I SystemServerTiming: OnBootPhase_550_com.android.server.midi.MidiService$Lifecycle
03-03 02:53:12.830 1501 1501 I SystemServerTiming: OnBootPhase_550_com.android.server.adb.AdbService$Lifecycle
03-03 02:53:12.830 1501 1501 I SystemServerTiming: OnBootPhase_550_com.android.server.usb.UsbService$Lifecycle
03-03 02:53:12.830 1501 1693 I SystemServerTimingAsync: InitThreadPoolExec:UsbService$Lifecycle#onBootPhase
03-03 02:53:12.830 1501 1501 I SystemServerTiming: OnBootPhase_550_com.android.server.twilight.TwilightService
03-03 02:53:12.830 1501 1501 I SystemServerTiming: OnBootPhase_550_com.android.server.display.color.ColorDisplayService
03-03 02:53:12.830 1501 1501 I SystemServerTiming: OnBootPhase_550_com.android.server.job.JobSchedulerService
03-03 02:53:12.830 1501 1501 I SystemServerTiming: OnBootPhase_550_com.android.server.soundtrigger.SoundTriggerService
03-03 02:53:12.830 1501 1501 D SoundTriggerService: onBootPhase: 550 : false
03-03 02:53:12.830 1501 1501 I SystemServerTiming: OnBootPhase_550_com.android.server.trust.TrustManagerService
03-03 02:53:12.830 1501 1501 I SystemServerTiming: OnBootPhase_550_com.android.server.backup.BackupManagerService$Lifecycle
03-03 02:53:12.830 1501 1501 I SystemServerTiming: OnBootPhase_550_com.android.server.appwidget.AppWidgetService
03-03 02:53:12.830 1501 1501 I SystemServerTiming: OnBootPhase_550_com.android.server.voiceinteraction.VoiceInteractionManagerService
03-03 02:53:12.830 1501 1501 I SystemServerTiming: OnBootPhase_550_com.android.server.apphibernation.AppHibernationService
03-03 02:53:12.830 1501 1501 I SystemServerTiming: OnBootPhase_550_com.android.server.SensorNotificationService
03-03 02:53:12.830 1501 1501 I SystemServerTiming: OnBootPhase_550_com.android.server.emergency.EmergencyAffordanceService
03-03 02:53:12.830 1501 1501 I SystemServerTiming: OnBootPhase_550_com.android.server.blob.BlobStoreManagerService
03-03 02:53:12.831 1501 1501 I SystemServerTiming: OnBootPhase_550_com.android.server.dreams.DreamManagerService
03-03 02:53:12.831 1501 1927 I UsbPortManager: ClientCallback V1_2:
03-03 02:53:12.831 1501 1601 I ActivityManager: Start proc 2002:com.android.systemui/u0a78 for service {com.android.systemui/com.android.systemui.ImageWallpaper}
03-03 02:53:12.832 1501 1501 I SystemServerTiming: OnBootPhase_550_com.android.server.companion.CompanionDeviceManagerService
03-03 02:53:12.832 1501 1501 I SystemServerTiming: OnBootPhase_550_com.android.server.restrictions.RestrictionsManagerService
03-03 02:53:12.832 1501 1501 I SystemServerTiming: OnBootPhase_550_com.android.server.media.MediaSessionService
03-03 02:53:12.832 1501 1501 I SystemServerTiming: OnBootPhase_550_com.android.server.media.MediaResourceMonitorService
03-03 02:53:12.832 1501 1501 I SystemServerTiming: OnBootPhase_550_com.android.server.biometrics.sensors.fingerprint.FingerprintService
03-03 02:53:12.832 1501 1501 I SystemServerTiming: OnBootPhase_550_com.android.server.biometrics.BiometricService
03-03 02:53:12.832 1501 1501 I SystemServerTiming: OnBootPhase_550_com.android.server.biometrics.AuthService
03-03 02:53:12.832 1501 1501 I SystemServerTiming: OnBootPhase_550_com.android.server.pm.ShortcutService$Lifecycle
03-03 02:53:12.832 1501 1501 I SystemServerTiming: OnBootPhase_550_com.android.server.pm.LauncherAppsService
03-03 02:53:12.832 1501 1501 I SystemServerTiming: OnBootPhase_550_com.android.server.pm.CrossProfileAppsService
03-03 02:53:12.832 1501 1501 I SystemServerTiming: OnBootPhase_550_com.android.server.people.PeopleService
03-03 02:53:12.832 1501 1501 I SystemServerTiming: OnBootPhase_550_com.android.server.media.metrics.MediaMetricsManagerService
03-03 02:53:12.832 1501 1501 I SystemServerTiming: OnBootPhase_550_com.android.server.media.projection.MediaProjectionManagerService
03-03 02:53:12.832 1501 1501 I SystemServerTiming: OnBootPhase_550_com.android.server.slice.SliceManagerService$Lifecycle
03-03 02:53:12.832 1501 1501 I SystemServerTiming: OnBootPhase_550_com.android.server.stats.StatsCompanion$Lifecycle
03-03 02:53:12.832 1501 1501 I SystemServerTiming: OnBootPhase_550_com.android.server.scheduling.RebootReadinessManagerService$Lifecycle
03-03 02:53:12.832 1501 1501 I SystemServerTiming: OnBootPhase_550_com.android.server.stats.pull.StatsPullAtomService
03-03 02:53:12.832 1501 1501 I SystemServerTiming: OnBootPhase_550_com.android.server.incident.IncidentCompanionService
03-03 02:53:12.832 1501 1501 I SystemServerTiming: OnBootPhase_550_com.android.server.MmsServiceBroker
03-03 02:53:12.832 1501 1501 I SystemServerTiming: OnBootPhase_550_com.android.server.autofill.AutofillManagerService
03-03 02:53:12.832 1501 1501 I SystemServerTiming: OnBootPhase_550_com.android.server.clipboard.ClipboardService
03-03 02:53:12.832 1501 1501 I SystemServerTiming: OnBootPhase_550_com.android.server.appbinding.AppBindingService$Lifecycle
03-03 02:53:12.832 1501 1580 I UsbPortManager: USB port added: port=UsbPort{id=, supportedModes=nonesupportedContaminantProtectionModes=0supportsEnableContaminantPresenceProtection=falsesupportsEnableContaminantPresenceDetection=false, status=UsbPortStatus{connected=false, currentMode=none, currentPowerRole=no-power, currentDataRole=no-data, supportedRoleCombinations=[no-power:no-data], contaminantDetectionStatus=0, contaminantProtectionStatus=0}, canChangeMode=false, canChangePowerRole=false, canChangeDataRole=false, connectedAtMillis=0, lastConnectDurationMillis=0
03-03 02:53:12.833 1501 1501 I AppBindingService: Updating constants with: null
03-03 02:53:12.833 1501 1501 I SystemServerTiming: OnBootPhase_550_com.android.server.tracing.TracingServiceProxy
03-03 02:53:12.833 1501 1501 I SystemServerTiming: OnBootPhase_550_com.android.server.policy.PermissionPolicyService
03-03 02:53:12.837 1155 1155 W iorapd : Readahead disabled by system property
03-03 02:53:12.839 1155 1155 W iorapd : Reconnect to package manager service: 1 times
03-03 02:53:12.849 2003 2003 D iorap.prefetcherd: Installing minijail
03-03 02:53:12.849 2003 2003 W iorap.prefetcherd: No seccomp filter defined for this architecture.
03-03 02:53:12.859 1501 1914 D CompatibilityChangeReporter: Compat change id reported: 168419799; UID 10078; state: DISABLED
03-03 02:53:12.864 1501 1501 I PackageManager: Permission ownership changed. Updating all permissions.
03-03 02:53:12.879 1501 1501 I SystemServerTiming: OnBootPhase_550_com.android.server.pm.StagingManager$Lifecycle
03-03 02:53:12.879 1501 1501 I SystemServerTiming: OnBootPhase_550_com.android.server.app.GameManagerService$Lifecycle
03-03 02:53:12.879 1501 1501 I SystemServerTiming: OnBootPhase_550_com.android.server.appsearch.AppSearchManagerService
03-03 02:53:12.879 1501 1501 I SystemServerTiming: OnBootPhase_550_com.android.server.media.MediaCommunicationService
03-03 02:53:12.879 1501 1501 I SystemServerTiming: StartObservingNativeCrashes
03-03 02:53:12.879 1501 1501 I SystemServerTiming: RegisterAppOpsPolicy
03-03 02:53:12.880 1501 1911 W BluetoothManagerService: bindBluetoothProfileService:Trying to bind to profile: 1, while Bluetooth is disabled
03-03 02:53:12.880 1501 1501 I SystemServerTiming: MakeNetworkManagementServiceReady
03-03 02:53:12.882 1501 1808 I SystemServerTimingAsync: InitThreadPoolExec:WebViewFactoryPreparation
03-03 02:53:12.882 1501 1808 I SystemServer: WebViewFactoryPreparation
03-03 02:53:12.882 1501 1808 I SystemServerTimingAsync: WebViewFactoryPreparation
03-03 02:53:12.882 1501 1808 D CompatibilityChangeReporter: Compat change id reported: 135634846; UID 1000; state: DISABLED
03-03 02:53:12.882 1501 1808 D CompatibilityChangeReporter: Compat change id reported: 177438394; UID 1000; state: DISABLED
03-03 02:53:12.882 1501 1808 D CompatibilityChangeReporter: Compat change id reported: 135772972; UID 1000; state: DISABLED
03-03 02:53:12.882 1501 1808 D CompatibilityChangeReporter: Compat change id reported: 178038272; UID 1000; state: DISABLED
03-03 02:53:12.883 1501 1501 I SystemServerTiming: MakeIpSecServiceReady
03-03 02:53:12.887 1501 1501 D IpSecService: IpSecService is ready
03-03 02:53:12.887 1501 1501 I SystemServerTiming: MakeNetworkStatsServiceReady
03-03 02:53:12.890 1501 1857 W NetworkPolicy: setRestrictBackgroundUL: already false
03-03 02:53:12.904 1501 1853 D TelephonyRegistry: listen oscl: mHasNotifySubscriptionInfoChangedOccurred==false no callback
03-03 02:53:12.905 1501 1501 I SystemServerTiming: MakeConnectivityServiceReady
03-03 02:53:12.912 1501 1501 I SystemServerTiming: MakeVpnManagerServiceReady
03-03 02:53:12.913 1501 1857 D TelephonyRegistry: listen oscl: mHasNotifySubscriptionInfoChangedOccurred==false no callback
03-03 02:53:12.915 1501 1501 I SystemServerTiming: MakeVcnManagementServiceReady
03-03 02:53:12.917 1501 1501 D TelephonyRegistry: listen oscl: mHasNotifySubscriptionInfoChangedOccurred==false no callback
03-03 02:53:12.917 1501 1501 I SystemServerTiming: MakeNetworkPolicyServiceReady
03-03 02:53:12.918 1501 1501 I SystemServerTiming: PhaseThirdPartyAppsCanStart
03-03 02:53:12.918 1501 1501 I SystemServiceManager: Starting phase 600
03-03 02:53:12.918 1501 1501 I SystemServerTiming: OnBootPhase_600
03-03 02:53:12.918 1501 1501 I SystemServerTiming: OnBootPhase_600_com.android.server.security.FileIntegrityService
03-03 02:53:12.918 1501 1501 I SystemServerTiming: OnBootPhase_600_com.android.server.pm.Installer
03-03 02:53:12.918 1501 1501 I SystemServerTiming: OnBootPhase_600_com.android.server.os.DeviceIdentifiersPolicyService
03-03 02:53:12.918 1501 1501 I SystemServerTiming: OnBootPhase_600_com.android.server.uri.UriGrantsManagerService$Lifecycle
03-03 02:53:12.918 1501 1501 I SystemServerTiming: OnBootPhase_600_com.android.server.powerstats.PowerStatsService
03-03 02:53:12.918 1501 1501 I SystemServerTiming: OnBootPhase_600_com.android.server.wm.ActivityTaskManagerService$Lifecycle
03-03 02:53:12.918 1501 1501 I SystemServerTiming: OnBootPhase_600_com.android.server.am.ActivityManagerService$Lifecycle
03-03 02:53:12.919 1501 1501 I ExplicitHealthCheckController: Explicit health checks enabled.
03-03 02:53:12.919 1501 1501 I PackageWatchdog: Syncing state, reason: health check state enabled
03-03 02:53:12.919 1501 1501 I PackageWatchdog: Discarding observer rollback-observer. All packages expired
03-03 02:53:12.919 1501 1501 I SystemServerTiming: OnBootPhase_600_com.android.server.pm.DataLoaderManagerService
03-03 02:53:12.919 1501 1501 I SystemServerTiming: OnBootPhase_600_com.android.server.power.PowerManagerService
03-03 02:53:12.919 1501 1598 I PackageWatchdog: Saving observer state to file
03-03 02:53:12.919 1501 1501 I SystemServerTiming: OnBootPhase_600_com.android.server.power.ThermalManagerService
03-03 02:53:12.919 1501 1501 I SystemServerTiming: OnBootPhase_600_com.android.server.power.hint.HintManagerService
03-03 02:53:12.919 1501 1501 I SystemServerTiming: OnBootPhase_600_com.android.server.recoverysystem.RecoverySystemService$Lifecycle
03-03 02:53:12.919 1501 1501 I SystemServerTiming: OnBootPhase_600_com.android.server.lights.LightsService
03-03 02:53:12.919 1501 1501 I SystemServerTiming: OnBootPhase_600_com.android.server.display.DisplayManagerService
03-03 02:53:12.919 1501 1501 I SystemServerTiming: OnBootPhase_600_com.android.server.pm.verify.domain.DomainVerificationService
03-03 02:53:12.919 1501 1501 I SystemServerTiming: OnBootPhase_600_com.android.server.pm.PackageInstallerService$Lifecycle
03-03 02:53:12.919 1501 1501 I SystemServerTiming: OnBootPhase_600_com.android.server.pm.UserManagerService$LifeCycle
03-03 02:53:12.919 1501 1501 I SystemServerTiming: OnBootPhase_600_com.android.server.om.OverlayManagerService
03-03 02:53:12.919 1501 1501 I SystemServerTiming: OnBootPhase_600_com.android.server.SensorPrivacyService
03-03 02:53:12.919 1501 1501 I SystemServerTiming: OnBootPhase_600_com.android.server.thunderperf.ThunderBoostPerfService
03-03 02:53:12.919 1501 1501 I SystemServerTiming: OnBootPhase_600_com.android.server.sensors.SensorService
03-03 02:53:12.919 1501 1501 I SystemServerTiming: OnBootPhase_600_com.android.server.SystemConfigService
03-03 02:53:12.919 1501 1501 I SystemServerTiming: OnBootPhase_600_com.android.server.BatteryService
03-03 02:53:12.919 1501 1501 I SystemServerTiming: OnBootPhase_600_com.android.server.usage.UsageStatsService
03-03 02:53:12.919 1501 1501 I SystemServerTiming: OnBootPhase_600_com.android.server.webkit.WebViewUpdateService
03-03 02:53:12.919 1501 1501 I SystemServerTiming: OnBootPhase_600_com.android.server.CachedDeviceStateService
03-03 02:53:12.919 1501 1501 I SystemServerTiming: OnBootPhase_600_com.android.server.BinderCallsStatsService$LifeCycle
03-03 02:53:12.919 1501 1501 I SystemServerTiming: OnBootPhase_600_com.android.server.LooperStatsService$Lifecycle
03-03 02:53:12.919 1501 1501 I SystemServerTiming: OnBootPhase_600_com.android.server.rollback.RollbackManagerService
03-03 02:53:12.919 1501 1501 I SystemServerTiming: OnBootPhase_600_com.android.server.os.NativeTombstoneManagerService
03-03 02:53:12.919 1501 1501 I SystemServerTiming: OnBootPhase_600_com.android.server.os.BugreportManagerService
03-03 02:53:12.919 1501 1501 I SystemServerTiming: OnBootPhase_600_com.android.server.gpu.GpuService
03-03 02:53:12.919 1501 1501 I SystemServerTiming: OnBootPhase_600_com.android.server.security.KeyChainSystemService
03-03 02:53:12.919 1501 1501 I SystemServerTiming: OnBootPhase_600_com.android.server.telecom.TelecomLoaderService
03-03 02:53:12.919 1501 1501 I SystemServerTiming: OnBootPhase_600_com.android.server.accounts.AccountManagerService$Lifecycle
03-03 02:53:12.919 1501 1501 I SystemServerTiming: OnBootPhase_600_com.android.server.content.ContentService$Lifecycle
03-03 02:53:12.919 1501 1501 I SystemServerTiming: OnBootPhase_600_com.android.server.DropBoxManagerService
03-03 02:53:12.919 1501 1501 I SystemServerTiming: OnBootPhase_600_com.android.role.RoleService
03-03 02:53:12.919 1501 1501 I SystemServerTiming: OnBootPhase_600_com.android.server.vibrator.VibratorManagerService$Lifecycle
03-03 02:53:12.919 1501 1501 I SystemServerTiming: OnBootPhase_600_com.android.server.alarm.AlarmManagerService
