01-02 05:45:15.450 0 0 E DTC_ETH,link_delay_work_func: 3003, SQI=0, link=0
01-02 05:45:20.570 0 0 E DTC_ETH,link_delay_work_func: 3003, SQI=0, link=0
01-02 05:45:25.690 0 0 E DTC_ETH,link_delay_work_func: 3003, SQI=0, link=0
01-02 05:45:26.392 0 0 I [dp_rx_][0x15e25716ea4][00:38:27.016304] wlan: [3350:I:QDF] DHCP-D RX: SA:0e:79:35:c2:75:95 DA:ff:ff:ff:ff:ff:ff
01-02 05:45:27.416 0 0 I [dp_rx_][0x15e269d9630][00:38:28.040831] wlan: [3350:I:QDF] DHCP-D RX: SA:0e:79:35:c2:75:95 DA:ff:ff:ff:ff:ff:ff
01-02 05:45:27.417 0 0 I [dp_rx_][0x15e269daa74][00:38:28.041101] wlan: [3350:I:QDF] DHCP-R RX: SA:0e:79:35:c2:75:95 DA:ff:ff:ff:ff:ff:ff
01-02 05:45:30.810 0 0 E DTC_ETH,link_delay_work_func: 3003, SQI=0, link=0
01-02 05:45:35.930 0 0 E DTC_ETH,link_delay_work_func: 3003, SQI=0, link=0
01-02 05:45:41.050 0 0 E DTC_ETH,link_delay_work_func: 3003, SQI=0, link=0
01-02 05:45:46.171 0 0 E DTC_ETH,link_delay_work_func: 3003, SQI=0, link=0
01-02 05:45:51.290 0 0 E DTC_ETH,link_delay_work_func: 3003, SQI=0, link=0
01-02 05:45:56.410 0 0 E DTC_ETH,link_delay_work_func: 3003, SQI=0, link=0
01-02 05:46:01.530 0 0 E DTC_ETH,link_delay_work_func: 3003, SQI=0, link=0
01-02 05:46:06.650 0 0 E DTC_ETH,link_delay_work_func: 3003, SQI=0, link=0
01-02 05:46:11.770 0 0 E DTC_ETH,link_delay_work_func: 3003, SQI=0, link=0
01-02 05:46:16.890 0 0 E DTC_ETH,link_delay_work_func: 3003, SQI=0, link=0
01-02 05:46:22.010 0 0 E DTC_ETH,link_delay_work_func: 3003, SQI=0, link=0
01-02 05:46:27.130 0 0 E DTC_ETH,link_delay_work_func: 3003, SQI=0, link=0
01-02 05:46:30.205 0 0 I binder : 1501:1733 ioctl 400c620e 73196005d8 returned -22
01-02 05:46:30.206 0 0 I binder : 1501:1733 ioctl c00c620f 73196005b8 returned -22
03-04 00:39:30.828 1501 1733 D ActivityManager: freezing 17747 com.android.permissioncontroller
03-04 00:39:30.829 1501 1733 E ActivityManager: Unable to freeze binder for 17747 com.android.permissioncontroller
03-04 00:39:30.830 1501 1733 D ActivityManager: froze 17747 com.android.permissioncontroller
03-04 00:39:30.830 1501 1733 E ActivityManager: Unable to freeze binder for 17747 com.android.permissioncontroller
01-02 05:46:30.208 0 0 I binder : 1501:1733 ioctl 400c620e 73196005d8 returned -22
01-02 05:46:30.209 0 0 I binder : 1501:1733 ioctl c00c620f 73196005b8 returned -22
03-04 00:39:30.832 1501 1733 D ActivityManager: freezing 17748 com.android.settings
03-04 00:39:30.832 1501 1733 E ActivityManager: Unable to freeze binder for 17748 com.android.settings
03-04 00:39:30.833 1501 1733 D ActivityManager: froze 17748 com.android.settings
03-04 00:39:30.833 1501 1733 E ActivityManager: Unable to freeze binder for 17748 com.android.settings
03-04 00:39:30.835 1501 1733 I ActivityManager: Killing 17747:com.android.permissioncontroller/u0a90 (adj 925): Unable to freeze binder interface
03-04 00:39:30.837 1501 1733 I ActivityManager: Killing 17748:com.android.settings/1000 (adj 915): Unable to freeze binder interface
01-02 05:46:32.250 0 0 E DTC_ETH,link_delay_work_func: 3003, SQI=0, link=0
01-02 05:46:37.370 0 0 E DTC_ETH,link_delay_work_func: 3003, SQI=0, link=0
01-02 05:46:42.490 0 0 E DTC_ETH,link_delay_work_func: 3003, SQI=0, link=0
01-02 05:46:47.610 0 0 E DTC_ETH,link_delay_work_func: 3003, SQI=0, link=0
01-02 05:46:52.730 0 0 E DTC_ETH,link_delay_work_func: 3003, SQI=0, link=0
01-02 05:46:57.850 0 0 E DTC_ETH,link_delay_work_func: 3003, SQI=0, link=0
01-02 05:47:01.184 0 0 D cnss : Host time = 78421184810 us, device time = 78392289000 us, offset = 28895810 us
01-02 05:47:01.184 0 0 D cnss : Updated time sync regs [0x984] = 0x1b8ea42, [0x988] = 0x0
01-02 05:47:02.970 0 0 E DTC_ETH,link_delay_work_func: 3003, SQI=0, link=0
01-02 05:47:08.090 0 0 E DTC_ETH,link_delay_work_func: 3003, SQI=0, link=0
01-02 05:47:13.210 0 0 E DTC_ETH,link_delay_work_func: 3003, SQI=0, link=0
01-02 05:47:18.330 0 0 E DTC_ETH,link_delay_work_func: 3003, SQI=0, link=0
01-02 05:47:23.450 0 0 E DTC_ETH,link_delay_work_func: 3003, SQI=0, link=0
01-02 05:47:28.570 0 0 E DTC_ETH,link_delay_work_func: 3003, SQI=0, link=0
01-02 05:47:33.690 0 0 E DTC_ETH,link_delay_work_func: 3003, SQI=0, link=0
01-02 05:47:38.811 0 0 E DTC_ETH,link_delay_work_func: 3003, SQI=0, link=0
01-02 05:47:43.931 0 0 E DTC_ETH,link_delay_work_func: 3003, SQI=0, link=0
01-02 05:47:49.050 0 0 E DTC_ETH,link_delay_work_func: 3003, SQI=0, link=0
01-02 05:47:54.170 0 0 E DTC_ETH,link_delay_work_func: 3003, SQI=0, link=0
01-02 05:47:59.290 0 0 E DTC_ETH,link_delay_work_func: 3003, SQI=0, link=0
01-02 05:48:04.410 0 0 E DTC_ETH,link_delay_work_func: 3003, SQI=0, link=0
01-02 05:48:09.530 0 0 E DTC_ETH,link_delay_work_func: 3003, SQI=0, link=0
01-02 05:48:14.650 0 0 E DTC_ETH,link_delay_work_func: 3003, SQI=0, link=0
01-02 05:48:19.770 0 0 E DTC_ETH,link_delay_work_func: 3003, SQI=0, link=0
01-02 05:48:24.890 0 0 E DTC_ETH,link_delay_work_func: 3003, SQI=0, link=0
01-02 05:48:30.010 0 0 E DTC_ETH,link_delay_work_func: 3003, SQI=0, link=0
01-02 05:48:35.130 0 0 E DTC_ETH,link_delay_work_func: 3003, SQI=0, link=0
01-02 05:48:40.250 0 0 E DTC_ETH,link_delay_work_func: 3003, SQI=0, link=0
01-02 05:48:45.370 0 0 E DTC_ETH,link_delay_work_func: 3003, SQI=0, link=0
01-02 05:48:50.490 0 0 E DTC_ETH,link_delay_work_func: 3003, SQI=0, link=0
01-02 05:48:55.610 0 0 E DTC_ETH,link_delay_work_func: 3003, SQI=0, link=0
01-02 05:49:00.730 0 0 E DTC_ETH,link_delay_work_func: 3003, SQI=0, link=0
01-02 05:49:05.850 0 0 E DTC_ETH,link_delay_work_func: 3003, SQI=0, link=0
01-02 05:49:10.970 0 0 E DTC_ETH,link_delay_work_func: 3003, SQI=0, link=0
01-02 05:49:16.090 0 0 E DTC_ETH,link_delay_work_func: 3003, SQI=0, link=0
01-02 05:49:21.210 0 0 E DTC_ETH,link_delay_work_func: 3003, SQI=0, link=0
01-02 05:49:26.330 0 0 E DTC_ETH,link_delay_work_func: 3003, SQI=0, link=0
01-02 05:49:31.450 0 0 E DTC_ETH,link_delay_work_func: 3003, SQI=0, link=0
01-02 05:49:36.570 0 0 E DTC_ETH,link_delay_work_func: 3003, SQI=0, link=0
01-02 05:49:41.690 0 0 E DTC_ETH,link_delay_work_func: 3003, SQI=0, link=0
01-02 05:49:46.810 0 0 E DTC_ETH,link_delay_work_func: 3003, SQI=0, link=0
01-02 05:49:51.930 0 0 E DTC_ETH,link_delay_work_func: 3003, SQI=0, link=0
01-02 05:49:57.050 0 0 E DTC_ETH,link_delay_work_func: 3003, SQI=0, link=0
01-02 05:50:02.170 0 0 E DTC_ETH,link_delay_work_func: 3003, SQI=0, link=0
01-02 05:50:07.290 0 0 E DTC_ETH,link_delay_work_func: 3003, SQI=0, link=0
01-02 05:50:12.410 0 0 E DTC_ETH,link_delay_work_func: 3003, SQI=0, link=0
01-02 05:50:17.530 0 0 E DTC_ETH,link_delay_work_func: 3003, SQI=0, link=0
01-02 05:50:22.650 0 0 E DTC_ETH,link_delay_work_func: 3003, SQI=0, link=0
01-02 05:50:27.770 0 0 E DTC_ETH,link_delay_work_func: 3003, SQI=0, link=0
01-02 05:50:32.890 0 0 E DTC_ETH,link_delay_work_func: 3003, SQI=0, link=0
01-02 05:50:38.010 0 0 E DTC_ETH,link_delay_work_func: 3003, SQI=0, link=0
01-02 05:50:43.130 0 0 E DTC_ETH,link_delay_work_func: 3003, SQI=0, link=0
01-02 05:50:44.356 0 0 I [dp_rx_][0x15f9152e8ca][00:43:44.980173] wlan: [3350:I:QDF] DHCP-D RX: SA:0e:79:35:c2:75:95 DA:ff:ff:ff:ff:ff:ff
01-02 05:50:46.405 0 0 I [dp_rx_][0x15f93ab525d][00:43:47.029580] wlan: [3350:I:QDF] DHCP-R RX: SA:0e:79:35:c2:75:95 DA:ff:ff:ff:ff:ff:ff
01-02 05:50:48.250 0 0 E DTC_ETH,link_delay_work_func: 3003, SQI=0, link=0
01-02 05:50:53.370 0 0 E DTC_ETH,link_delay_work_func: 3003, SQI=0, link=0
01-02 05:50:53.470 0 0 I [dp_rx_][0x15f9bc119cf][00:43:54.094426] wlan: [3350:I:QDF] DHCP-R RX: SA:0e:79:35:c2:75:95 DA:ff:ff:ff:ff:ff:ff
01-02 05:50:58.494 0 0 E DTC_ETH,link_delay_work_func: 3003, SQI=0, link=0
01-02 05:51:03.610 0 0 E DTC_ETH,link_delay_work_func: 3003, SQI=0, link=0
01-02 05:51:08.730 0 0 E DTC_ETH,link_delay_work_func: 3003, SQI=0, link=0
01-02 05:51:13.850 0 0 E DTC_ETH,link_delay_work_func: 3003, SQI=0, link=0
01-02 05:51:18.970 0 0 E DTC_ETH,link_delay_work_func: 3003, SQI=0, link=0
01-02 05:51:24.090 0 0 E DTC_ETH,link_delay_work_func: 3003, SQI=0, link=0
01-02 05:51:29.210 0 0 E DTC_ETH,link_delay_work_func: 3003, SQI=0, link=0
01-02 05:51:34.330 0 0 E DTC_ETH,link_delay_work_func: 3003, SQI=0, link=0
03-04 00:44:36.591 1501 1600 W ActivityManager: Stopping service due to app idle: u0a115 -21h51m13s756ms com.smile.gifmaker/com.kwai.chat.kwailink.service.NewKwaiLinkService
01-02 05:51:39.450 0 0 E DTC_ETH,link_delay_work_func: 3003, SQI=0, link=0
01-02 05:51:44.570 0 0 E DTC_ETH,link_delay_work_func: 3003, SQI=0, link=0
01-02 05:51:49.690 0 0 E DTC_ETH,link_delay_work_func: 3003, SQI=0, link=0
01-02 05:51:54.811 0 0 E DTC_ETH,link_delay_work_func: 3003, SQI=0, link=0
01-02 05:51:59.936 0 0 E DTC_ETH,link_delay_work_func: 3003, SQI=0, link=0
01-02 05:52:05.050 0 0 E DTC_ETH,link_delay_work_func: 3003, SQI=0, link=0
01-02 05:52:10.170 0 0 E DTC_ETH,link_delay_work_func: 3003, SQI=0, link=0
01-02 05:52:15.290 0 0 E DTC_ETH,link_delay_work_func: 3003, SQI=0, link=0
01-02 05:52:20.410 0 0 E DTC_ETH,link_delay_work_func: 3003, SQI=0, link=0
01-02 05:52:25.530 0 0 E DTC_ETH,link_delay_work_func: 3003, SQI=0, link=0
01-02 05:52:30.650 0 0 E DTC_ETH,link_delay_work_func: 3003, SQI=0, link=0
01-02 05:52:35.770 0 0 E DTC_ETH,link_delay_work_func: 3003, SQI=0, link=0
01-02 05:52:40.890 0 0 E DTC_ETH,link_delay_work_func: 3003, SQI=0, link=0
01-02 05:52:46.010 0 0 E DTC_ETH,link_delay_work_func: 3003, SQI=0, link=0
01-02 05:52:51.131 0 0 E DTC_ETH,link_delay_work_func: 3003, SQI=0, link=0
01-02 05:52:56.250 0 0 E DTC_ETH,link_delay_work_func: 3003, SQI=0, link=0
01-02 05:53:01.370 0 0 E DTC_ETH,link_delay_work_func: 3003, SQI=0, link=0
01-02 05:53:06.490 0 0 E DTC_ETH,link_delay_work_func: 3003, SQI=0, link=0
01-02 05:53:11.610 0 0 E DTC_ETH,link_delay_work_func: 3003, SQI=0, link=0
01-02 05:53:16.730 0 0 E DTC_ETH,link_delay_work_func: 3003, SQI=0, link=0
01-02 05:53:21.850 0 0 E DTC_ETH,link_delay_work_func: 3003, SQI=0, link=0
01-02 05:53:26.970 0 0 E DTC_ETH,link_delay_work_func: 3003, SQI=0, link=0
01-02 05:53:32.090 0 0 E DTC_ETH,link_delay_work_func: 3003, SQI=0, link=0
01-02 05:53:37.210 0 0 E DTC_ETH,link_delay_work_func: 3003, SQI=0, link=0
01-02 05:53:42.330 0 0 E DTC_ETH,link_delay_work_func: 3003, SQI=0, link=0
01-02 05:53:47.450 0 0 E DTC_ETH,link_delay_work_func: 3003, SQI=0, link=0
01-02 05:53:52.570 0 0 E DTC_ETH,link_delay_work_func: 3003, SQI=0, link=0
01-02 05:53:57.690 0 0 E DTC_ETH,link_delay_work_func: 3003, SQI=0, link=0
01-02 05:54:02.811 0 0 E DTC_ETH,link_delay_work_func: 3003, SQI=0, link=0
01-02 05:54:07.930 0 0 E DTC_ETH,link_delay_work_func: 3003, SQI=0, link=0
01-02 05:54:13.050 0 0 E DTC_ETH,link_delay_work_func: 3003, SQI=0, link=0
01-02 05:54:18.170 0 0 E DTC_ETH,link_delay_work_func: 3003, SQI=0, link=0
01-02 05:54:23.290 0 0 E DTC_ETH,link_delay_work_func: 3003, SQI=0, link=0
01-02 05:54:28.410 0 0 E DTC_ETH,link_delay_work_func: 3003, SQI=0, link=0
01-02 05:54:33.530 0 0 E DTC_ETH,link_delay_work_func: 3003, SQI=0, link=0
01-02 05:54:38.650 0 0 E DTC_ETH,link_delay_work_func: 3003, SQI=0, link=0
01-02 05:54:43.770 0 0 E DTC_ETH,link_delay_work_func: 3003, SQI=0, link=0
01-02 05:54:48.890 0 0 E DTC_ETH,link_delay_work_func: 3003, SQI=0, link=0
01-02 05:54:54.010 0 0 E DTC_ETH,link_delay_work_func: 3003, SQI=0, link=0
01-02 05:54:59.130 0 0 E DTC_ETH,link_delay_work_func: 3003, SQI=0, link=0
01-02 05:55:04.250 0 0 E DTC_ETH,link_delay_work_func: 3003, SQI=0, link=0
01-02 05:55:09.370 0 0 E DTC_ETH,link_delay_work_func: 3003, SQI=0, link=0
01-02 05:55:14.490 0 0 E DTC_ETH,link_delay_work_func: 3003, SQI=0, link=0
01-02 05:55:19.610 0 0 E DTC_ETH,link_delay_work_func: 3003, SQI=0, link=0
01-02 05:55:24.730 0 0 E DTC_ETH,link_delay_work_func: 3003, SQI=0, link=0
01-02 05:55:29.850 0 0 E DTC_ETH,link_delay_work_func: 3003, SQI=0, link=0
01-02 05:55:34.970 0 0 E DTC_ETH,link_delay_work_func: 3003, SQI=0, link=0
01-02 05:55:40.091 0 0 E DTC_ETH,link_delay_work_func: 3003, SQI=0, link=0
01-02 05:55:45.210 0 0 E DTC_ETH,link_delay_work_func: 3003, SQI=0, link=0
01-02 05:55:50.330 0 0 E DTC_ETH,link_delay_work_func: 3003, SQI=0, link=0
01-02 05:55:55.450 0 0 E DTC_ETH,link_delay_work_func: 3003, SQI=0, link=0
01-02 05:56:00.570 0 0 E DTC_ETH,link_delay_work_func: 3003, SQI=0, link=0
01-02 05:56:05.690 0 0 E DTC_ETH,link_delay_work_func: 3003, SQI=0, link=0
01-02 05:56:10.810 0 0 E DTC_ETH,link_delay_work_func: 3003, SQI=0, link=0
01-02 05:56:15.931 0 0 E DTC_ETH,link_delay_work_func: 3003, SQI=0, link=0
01-02 05:56:21.050 0 0 E DTC_ETH,link_delay_work_func: 3003, SQI=0, link=0
01-02 05:56:26.170 0 0 E DTC_ETH,link_delay_work_func: 3003, SQI=0, link=0
01-02 05:56:30.347 0 0 I binder : 1501:1733 ioctl 400c620e 73196005d8 returned -22
01-02 05:56:30.348 0 0 I binder : 1501:1733 ioctl c00c620f 73196005b8 returned -22
03-04 00:49:30.971 1501 1733 D ActivityManager: freezing 16938 com.qti.diagservices
03-04 00:49:30.971 1501 1733 E ActivityManager: Unable to freeze binder for 16938 com.qti.diagservices
03-04 00:49:30.972 1501 1733 D ActivityManager: froze 16938 com.qti.diagservices
03-04 00:49:30.972 1501 1733 E ActivityManager: Unable to freeze binder for 16938 com.qti.diagservices
03-04 00:49:30.975 1501 1733 I ActivityManager: Killing 16938:com.qti.diagservices/1000 (adj 915): Unable to freeze binder interface
03-04 00:49:31.004 1501 6053 W ActivityManager: Scheduling restart of crashed service com.qti.diagservices/.QTIDiagServices in 1000ms for start-requested
01-02 05:56:31.290 0 0 E DTC_ETH,link_delay_work_func: 3003, SQI=0, link=0
03-04 00:49:32.009 1501 1600 D CompatibilityChangeReporter: Compat change id reported: 135634846; UID 1000; state: DISABLED
03-04 00:49:32.009 1501 1600 D CompatibilityChangeReporter: Compat change id reported: 177438394; UID 1000; state: DISABLED
03-04 00:49:32.009 1501 1600 D CompatibilityChangeReporter: Compat change id reported: 135772972; UID 1000; state: DISABLED
03-04 00:49:32.009 1501 1600 D CompatibilityChangeReporter: Compat change id reported: 135754954; UID 1000; state: ENABLED
03-04 00:49:32.032 1501 1601 I ActivityManager: Start proc 18407:com.qti.diagservices/1000 for service {com.qti.diagservices/com.qti.diagservices.QTIDiagServices}
01-02 05:56:31.446 0 0 I binder : 18407:18407 ioctl 40046210 7fe0d02fe4 returned -22
01-02 05:56:36.410 0 0 E DTC_ETH,link_delay_work_func: 3003, SQI=0, link=0
01-02 05:56:41.530 0 0 E DTC_ETH,link_delay_work_func: 3003, SQI=0, link=0
01-02 05:56:46.650 0 0 E DTC_ETH,link_delay_work_func: 3003, SQI=0, link=0
01-02 05:56:51.770 0 0 E DTC_ETH,link_delay_work_func: 3003, SQI=0, link=0
01-02 05:56:56.890 0 0 E DTC_ETH,link_delay_work_func: 3003, SQI=0, link=0
01-02 05:57:02.010 0 0 E DTC_ETH,link_delay_work_func: 3003, SQI=0, link=0
01-02 05:57:07.130 0 0 E DTC_ETH,link_delay_work_func: 3003, SQI=0, link=0
01-02 05:57:12.250 0 0 E DTC_ETH,link_delay_work_func: 3003, SQI=0, link=0
01-02 05:57:17.370 0 0 E DTC_ETH,link_delay_work_func: 3003, SQI=0, link=0
01-02 05:57:22.490 0 0 E DTC_ETH,link_delay_work_func: 3003, SQI=0, link=0
01-02 05:57:27.610 0 0 E DTC_ETH,link_delay_work_func: 3003, SQI=0, link=0
01-02 05:57:32.730 0 0 E DTC_ETH,link_delay_work_func: 3003, SQI=0, link=0
01-02 05:57:37.851 0 0 E DTC_ETH,link_delay_work_func: 3003, SQI=0, link=0
01-02 05:57:42.970 0 0 E DTC_ETH,link_delay_work_func: 3003, SQI=0, link=0
01-02 05:57:48.090 0 0 E DTC_ETH,link_delay_work_func: 3003, SQI=0, link=0
01-02 05:57:53.210 0 0 E DTC_ETH,link_delay_work_func: 3003, SQI=0, link=0
01-02 05:57:58.330 0 0 E DTC_ETH,link_delay_work_func: 3003, SQI=0, link=0
01-02 05:58:03.450 0 0 E DTC_ETH,link_delay_work_func: 3003, SQI=0, link=0
01-02 05:58:08.570 0 0 E DTC_ETH,link_delay_work_func: 3003, SQI=0, link=0
03-04 00:51:13.827 1501 1907 I GameModeConfig: isGameModeOn = false
03-04 00:51:13.827 1501 1907 I GameModeConfig: isGameModeOn = false
03-04 00:51:13.827 1501 1907 I GameModeConfig: isGameModeOn = false
03-04 00:51:13.827 1501 1907 I GameModeConfig: isGameModeOn = false
03-04 00:51:13.828 1501 1907 I GameModeConfig: isGameModeOn = false
03-04 00:51:13.828 1501 1907 I GameModeConfig: isGameModeOn = false
03-04 00:51:13.828 1501 1907 I GameModeConfig: isGameModeOn = false
03-04 00:51:13.828 1501 1907 I GameModeConfig: isGameModeOn = false
03-04 00:51:13.828 1501 1907 I GameModeConfig: isGameModeOn = false
03-04 00:51:13.828 1501 1907 I GameModeConfig: isGameModeOn = false
03-04 00:51:13.828 1501 1907 I GameModeConfig: isGameModeOn = false
03-04 00:51:13.828 1501 1907 I GameModeConfig: isGameModeOn = false
03-04 00:51:13.828 1501 1907 I GameModeConfig: isGameModeOn = false
03-04 00:51:14.033 1501 1501 I GameModeConfig: isGameModeOn = false
03-04 00:51:14.040 1501 1501 W NotificationHistory: Attempted to add notif for locked/gone/disabled user 0
03-04 00:51:14.043 1501 1907 I GameModeConfig: isGameModeOn = false
03-04 00:51:14.044 1501 1907 I GameModeConfig: isGameModeOn = false
03-04 00:51:14.044 1501 1907 I GameModeConfig: isGameModeOn = false
03-04 00:51:14.044 1501 1907 I GameModeConfig: isGameModeOn = false
03-04 00:51:14.044 1501 1907 I GameModeConfig: isGameModeOn = false
03-04 00:51:14.044 1501 1907 I GameModeConfig: isGameModeOn = false
03-04 00:51:14.045 1501 1907 I GameModeConfig: isGameModeOn = false
03-04 00:51:14.045 1501 1907 I GameModeConfig: isGameModeOn = false
03-04 00:51:14.045 1501 1907 I GameModeConfig: isGameModeOn = false
03-04 00:51:14.045 1501 1907 I GameModeConfig: isGameModeOn = false
03-04 00:51:14.046 1501 1907 I GameModeConfig: isGameModeOn = false
03-04 00:51:14.046 1501 1907 I GameModeConfig: isGameModeOn = false
03-04 00:51:14.046 1501 1907 I GameModeConfig: isGameModeOn = false
03-04 00:51:14.046 1501 1907 I GameModeConfig: isGameModeOn = false
01-02 05:58:13.690 0 0 E DTC_ETH,link_delay_work_func: 3003, SQI=0, link=0
01-02 05:58:18.810 0 0 E DTC_ETH,link_delay_work_func: 3003, SQI=0, link=0
03-04 00:51:24.084 1501 1907 I GameModeConfig: isGameModeOn = false
03-04 00:51:24.085 1501 1907 I GameModeConfig: isGameModeOn = false
01-02 05:58:23.931 0 0 E DTC_ETH,link_delay_work_func: 3003, SQI=0, link=0
01-02 05:58:29.050 0 0 E DTC_ETH,link_delay_work_func: 3003, SQI=0, link=0
01-02 05:58:34.170 0 0 E DTC_ETH,link_delay_work_func: 3003, SQI=0, link=0
01-02 05:58:39.290 0 0 E DTC_ETH,link_delay_work_func: 3003, SQI=0, link=0
01-02 05:58:44.410 0 0 E DTC_ETH,link_delay_work_func: 3003, SQI=0, link=0
01-02 05:58:49.530 0 0 E DTC_ETH,link_delay_work_func: 3003, SQI=0, link=0
01-02 05:58:54.650 0 0 E DTC_ETH,link_delay_work_func: 3003, SQI=0, link=0
01-02 05:58:59.770 0 0 E DTC_ETH,link_delay_work_func: 3003, SQI=0, link=0
01-02 05:59:04.890 0 0 E DTC_ETH,link_delay_work_func: 3003, SQI=0, link=0
01-02 05:59:10.010 0 0 E DTC_ETH,link_delay_work_func: 3003, SQI=0, link=0
01-02 05:59:15.130 0 0 E DTC_ETH,link_delay_work_func: 3003, SQI=0, link=0
01-02 05:59:20.250 0 0 E DTC_ETH,link_delay_work_func: 3003, SQI=0, link=0
01-02 05:59:25.370 0 0 E DTC_ETH,link_delay_work_func: 3003, SQI=0, link=0
01-02 05:59:30.490 0 0 E DTC_ETH,link_delay_work_func: 3003, SQI=0, link=0
01-02 05:59:35.610 0 0 E DTC_ETH,link_delay_work_func: 3003, SQI=0, link=0
01-02 05:59:40.730 0 0 E DTC_ETH,link_delay_work_func: 3003, SQI=0, link=0
01-02 05:59:45.850 0 0 E DTC_ETH,link_delay_work_func: 3003, SQI=0, link=0
01-02 05:59:50.970 0 0 E DTC_ETH,link_delay_work_func: 3003, SQI=0, link=0
01-02 05:59:56.091 0 0 E DTC_ETH,link_delay_work_func: 3003, SQI=0, link=0
01-02 06:00:01.210 0 0 E DTC_ETH,link_delay_work_func: 3003, SQI=0, link=0
03-04 00:53:03.658 1501 1621 W BatteryExternalStatsWorker: error reading modem stats:ERROR_PHONE_NOT_AVAILABLE
03-04 00:53:03.691 1501 1621 E KernelCpuSpeedReader: Failed to read cpu-freq: /sys/devices/system/cpu/cpu4/cpufreq/stats/time_in_state: open failed: ENOENT (No such file or directory)
03-04 00:53:03.691 1501 1621 E KernelCpuSpeedReader: Failed to read cpu-freq: /sys/devices/system/cpu/cpu0/cpufreq/stats/time_in_state: open failed: ENOENT (No such file or directory)
01-02 06:00:03.072 0 0 W audit : audit_lost=4901 audit_rate_limit=5 audit_backlog_limit=64
01-02 06:00:03.072 0 0 E audit : rate limit exceeded
01-02 06:00:06.341 0 0 E DTC_ETH,link_delay_work_func: 3003, SQI=0, link=0
01-02 06:00:11.450 0 0 E DTC_ETH,link_delay_work_func: 3003, SQI=0, link=0
03-04 00:53:16.928 1501 1598 I UsageStatsService: User[0] Flushing usage stats to disk
01-02 06:00:16.574 0 0 E DTC_ETH,link_delay_work_func: 3003, SQI=0, link=0
03-04 00:53:20.544 1501 2849 W ActivityManager: Unable to start service Intent { act=android.intent.action.START_LEBO_SERVICE pkg=com.hpplay.happyplay.aw } U=0: not found
01-02 06:00:21.690 0 0 E DTC_ETH,link_delay_work_func: 3003, SQI=0, link=0
01-02 06:00:23.133 0 0 I init : Untracked pid 18610 exited with status 0
01-02 06:00:25.016 0 0 I logd : logdr: UID=1000 GID=1000 PID=1501 n tail=0 logMask=4 pid=0 start=0ns deadline=0ns
01-02 06:00:26.810 0 0 E DTC_ETH,link_delay_work_func: 3003, SQI=0, link=0
01-02 06:00:31.930 0 0 E DTC_ETH,link_delay_work_func: 3003, SQI=0, link=0
01-02 06:00:37.050 0 0 E DTC_ETH,link_delay_work_func: 3003, SQI=0, link=0
01-02 06:00:42.170 0 0 E DTC_ETH,link_delay_work_func: 3003, SQI=0, link=0
01-02 06:00:47.290 0 0 E DTC_ETH,link_delay_work_func: 3003, SQI=0, link=0
01-02 06:00:52.410 0 0 E DTC_ETH,link_delay_work_func: 3003, SQI=0, link=0
01-02 06:00:57.534 0 0 E DTC_ETH,link_delay_work_func: 3003, SQI=0, link=0
01-02 06:01:02.650 0 0 E DTC_ETH,link_delay_work_func: 3003, SQI=0, link=0
01-02 06:01:07.770 0 0 E DTC_ETH,link_delay_work_func: 3003, SQI=0, link=0
01-02 06:01:12.890 0 0 E DTC_ETH,link_delay_work_func: 3003, SQI=0, link=0
01-02 06:01:18.010 0 0 E DTC_ETH,link_delay_work_func: 3003, SQI=0, link=0
03-04 00:54:20.812 1501 1501 I JobServiceContext: Client timed out while executing (no jobFinished received). Sending onStop: dd61cf1 #u0a102/214 com.kuaishou.nebula/androidx.work.impl.background.systemjob.SystemJobService
01-02 06:01:23.130 0 0 E DTC_ETH,link_delay_work_func: 3003, SQI=0, link=0
03-04 00:54:23.916 1501 1501 I JobServiceContext: Client timed out while executing (no jobFinished received). Sending onStop: 644462 #u0a115/210 com.smile.gifmaker/androidx.work.impl.background.systemjob.SystemJobService
01-02 06:01:28.250 0 0 E DTC_ETH,link_delay_work_func: 3003, SQI=0, link=0
01-02 06:01:30.933 0 0 I [dp_rx_][0x1627545e6c8][00:54:31.557639] wlan: [3350:I:QDF] DHCP-R RX: SA:0e:79:35:c2:75:95 DA:ff:ff:ff:ff:ff:ff
01-02 06:01:33.370 0 0 E DTC_ETH,link_delay_work_func: 3003, SQI=0, link=0
03-04 00:54:36.613 1501 1600 W ActivityManager: Stopping service due to app idle: u0a115 -22h1m13s778ms com.smile.gifmaker/com.kwai.chat.kwailink.service.NewKwaiLinkService
01-02 06:01:38.490 0 0 E DTC_ETH,link_delay_work_func: 3003, SQI=0, link=0
01-02 06:01:43.610 0 0 E DTC_ETH,link_delay_work_func: 3003, SQI=0, link=0
01-02 06:01:48.730 0 0 E DTC_ETH,link_delay_work_func: 3003, SQI=0, link=0
01-02 06:01:53.850 0 0 E DTC_ETH,link_delay_work_func: 3003, SQI=0, link=0
01-02 06:01:58.975 0 0 E DTC_ETH,link_delay_work_func: 3003, SQI=0, link=0
01-02 06:02:02.303 0 0 D cnss : Host time = 79322304330 us, device time = 79293241610 us, offset = 29062720 us
01-02 06:02:02.303 0 0 D cnss : Updated time sync regs [0x984] = 0x1bb7640, [0x988] = 0x0
01-02 06:02:04.090 0 0 E DTC_ETH,link_delay_work_func: 3003, SQI=0, link=0
01-02 06:02:09.210 0 0 E DTC_ETH,link_delay_work_func: 3003, SQI=0, link=0
01-02 06:02:14.331 0 0 E DTC_ETH,link_delay_work_func: 3003, SQI=0, link=0
01-02 06:02:19.450 0 0 E DTC_ETH,link_delay_work_func: 3003, SQI=0, link=0
01-02 06:02:24.570 0 0 E DTC_ETH,link_delay_work_func: 3003, SQI=0, link=0
01-02 06:02:29.690 0 0 E DTC_ETH,link_delay_work_func: 3003, SQI=0, link=0
01-02 06:02:34.810 0 0 E DTC_ETH,link_delay_work_func: 3003, SQI=0, link=0
01-02 06:02:39.930 0 0 E DTC_ETH,link_delay_work_func: 3003, SQI=0, link=0
01-02 06:02:45.050 0 0 E DTC_ETH,link_delay_work_func: 3003, SQI=0, link=0
01-02 06:02:50.170 0 0 E DTC_ETH,link_delay_work_func: 3003, SQI=0, link=0
01-02 06:02:55.290 0 0 E DTC_ETH,link_delay_work_func: 3003, SQI=0, link=0
01-02 06:03:00.410 0 0 E DTC_ETH,link_delay_work_func: 3003, SQI=0, link=0
01-02 06:03:05.530 0 0 E DTC_ETH,link_delay_work_func: 3003, SQI=0, link=0
01-02 06:03:10.650 0 0 E DTC_ETH,link_delay_work_func: 3003, SQI=0, link=0
01-02 06:03:15.770 0 0 E DTC_ETH,link_delay_work_func: 3003, SQI=0, link=0
01-02 06:03:20.891 0 0 E DTC_ETH,link_delay_work_func: 3003, SQI=0, link=0
01-02 06:03:26.010 0 0 E DTC_ETH,link_delay_work_func: 3003, SQI=0, link=0
01-02 06:03:31.130 0 0 E DTC_ETH,link_delay_work_func: 3003, SQI=0, link=0
01-02 06:03:36.250 0 0 E DTC_ETH,link_delay_work_func: 3003, SQI=0, link=0
01-02 06:03:41.370 0 0 E DTC_ETH,link_delay_work_func: 3003, SQI=0, link=0
01-02 06:03:46.490 0 0 E DTC_ETH,link_delay_work_func: 3003, SQI=0, link=0
01-02 06:03:51.610 0 0 E DTC_ETH,link_delay_work_func: 3003, SQI=0, link=0
01-02 06:03:56.734 0 0 E DTC_ETH,link_delay_work_func: 3003, SQI=0, link=0
01-02 06:04:01.854 0 0 E DTC_ETH,link_delay_work_func: 3003, SQI=0, link=0
01-02 06:04:06.970 0 0 E DTC_ETH,link_delay_work_func: 3003, SQI=0, link=0
01-02 06:04:12.090 0 0 E DTC_ETH,link_delay_work_func: 3003, SQI=0, link=0
01-02 06:04:17.210 0 0 E DTC_ETH,link_delay_work_func: 3003, SQI=0, link=0
01-02 06:04:22.330 0 0 E DTC_ETH,link_delay_work_func: 3003, SQI=0, link=0
01-02 06:04:27.450 0 0 E DTC_ETH,link_delay_work_func: 3003, SQI=0, link=0
01-02 06:04:32.571 0 0 E DTC_ETH,link_delay_work_func: 3003, SQI=0, link=0
01-02 06:04:37.691 0 0 E DTC_ETH,link_delay_work_func: 3003, SQI=0, link=0
01-02 06:04:42.810 0 0 E DTC_ETH,link_delay_work_func: 3003, SQI=0, link=0
01-02 06:04:47.930 0 0 E DTC_ETH,link_delay_work_func: 3003, SQI=0, link=0
01-02 06:04:53.050 0 0 E DTC_ETH,link_delay_work_func: 3003, SQI=0, link=0
01-02 06:04:58.170 0 0 E DTC_ETH,link_delay_work_func: 3003, SQI=0, link=0
01-02 06:05:03.290 0 0 E DTC_ETH,link_delay_work_func: 3003, SQI=0, link=0
01-02 06:05:08.410 0 0 E DTC_ETH,link_delay_work_func: 3003, SQI=0, link=0
01-02 06:05:13.530 0 0 E DTC_ETH,link_delay_work_func: 3003, SQI=0, link=0
01-02 06:05:18.650 0 0 E DTC_ETH,link_delay_work_func: 3003, SQI=0, link=0
01-02 06:05:23.770 0 0 E DTC_ETH,link_delay_work_func: 3003, SQI=0, link=0
01-02 06:05:28.890 0 0 E DTC_ETH,link_delay_work_func: 3003, SQI=0, link=0
01-02 06:05:34.010 0 0 E DTC_ETH,link_delay_work_func: 3003, SQI=0, link=0
01-02 06:05:39.130 0 0 E DTC_ETH,link_delay_work_func: 3003, SQI=0, link=0
01-02 06:05:44.250 0 0 E DTC_ETH,link_delay_work_func: 3003, SQI=0, link=0
01-02 06:05:49.370 0 0 E DTC_ETH,link_delay_work_func: 3003, SQI=0, link=0
01-02 06:05:54.490 0 0 E DTC_ETH,link_delay_work_func: 3003, SQI=0, link=0
01-02 06:05:59.610 0 0 E DTC_ETH,link_delay_work_func: 3003, SQI=0, link=0
01-02 06:06:04.730 0 0 E DTC_ETH,link_delay_work_func: 3003, SQI=0, link=0
01-02 06:06:09.850 0 0 E DTC_ETH,link_delay_work_func: 3003, SQI=0, link=0
01-02 06:06:14.970 0 0 E DTC_ETH,link_delay_work_func: 3003, SQI=0, link=0
01-02 06:06:20.090 0 0 E DTC_ETH,link_delay_work_func: 3003, SQI=0, link=0
01-02 06:06:25.211 0 0 E DTC_ETH,link_delay_work_func: 3003, SQI=0, link=0
01-02 06:06:30.330 0 0 E DTC_ETH,link_delay_work_func: 3003, SQI=0, link=0
01-02 06:06:35.450 0 0 E DTC_ETH,link_delay_work_func: 3003, SQI=0, link=0
01-02 06:06:37.529 0 0 I [dp_rx_][0x163d42506d0][00:59:38.153906] wlan: [3350:I:QDF] DHCP-D RX: SA:0e:79:35:c2:75:95 DA:ff:ff:ff:ff:ff:ff
01-02 06:06:38.555 0 0 I [dp_rx_][0x163d55193be][00:59:39.179785] wlan: [3350:I:QDF] DHCP-D RX: SA:0e:79:35:c2:75:95 DA:ff:ff:ff:ff:ff:ff
01-02 06:06:40.571 0 0 E DTC_ETH,link_delay_work_func: 3003, SQI=0, link=0
01-02 06:06:45.690 0 0 E DTC_ETH,link_delay_work_func: 3003, SQI=0, link=0
01-02 06:06:46.747 0 0 I [dp_rx_][0x163deb1912f][00:59:47.371751] wlan: [3350:I:QDF] DHCP-R RX: SA:0e:79:35:c2:75:95 DA:ff:ff:ff:ff:ff:ff
01-02 06:06:50.810 0 0 E DTC_ETH,link_delay_work_func: 3003, SQI=0, link=0
01-02 06:06:55.930 0 0 E DTC_ETH,link_delay_work_func: 3003, SQI=0, link=0
01-02 06:07:01.050 0 0 E DTC_ETH,link_delay_work_func: 3003, SQI=0, link=0
01-02 06:07:06.170 0 0 E DTC_ETH,link_delay_work_func: 3003, SQI=0, link=0
01-02 06:07:11.290 0 0 E DTC_ETH,link_delay_work_func: 3003, SQI=0, link=0
01-02 06:07:16.410 0 0 E DTC_ETH,link_delay_work_func: 3003, SQI=0, link=0
01-02 06:07:21.530 0 0 E DTC_ETH,link_delay_work_func: 3003, SQI=0, link=0
01-02 06:07:26.650 0 0 E DTC_ETH,link_delay_work_func: 3003, SQI=0, link=0
01-02 06:07:31.770 0 0 E DTC_ETH,link_delay_work_func: 3003, SQI=0, link=0
01-02 06:07:36.890 0 0 E DTC_ETH,link_delay_work_func: 3003, SQI=0, link=0
01-02 06:07:42.010 0 0 E DTC_ETH,link_delay_work_func: 3003, SQI=0, link=0
01-02 06:07:47.130 0 0 E DTC_ETH,link_delay_work_func: 3003, SQI=0, link=0
01-02 06:07:52.250 0 0 E DTC_ETH,link_delay_work_func: 3003, SQI=0, link=0
01-02 06:07:57.370 0 0 E DTC_ETH,link_delay_work_func: 3003, SQI=0, link=0
01-02 06:08:02.490 0 0 E DTC_ETH,link_delay_work_func: 3003, SQI=0, link=0
01-02 06:08:07.610 0 0 E DTC_ETH,link_delay_work_func: 3003, SQI=0, link=0
01-02 06:08:12.730 0 0 E DTC_ETH,link_delay_work_func: 3003, SQI=0, link=0
01-02 06:08:17.850 0 0 E DTC_ETH,link_delay_work_func: 3003, SQI=0, link=0
01-02 06:08:22.970 0 0 E DTC_ETH,link_delay_work_func: 3003, SQI=0, link=0
01-02 06:08:28.090 0 0 E DTC_ETH,link_delay_work_func: 3003, SQI=0, link=0
01-02 06:08:33.210 0 0 E DTC_ETH,link_delay_work_func: 3003, SQI=0, link=0
01-02 06:08:38.330 0 0 E DTC_ETH,link_delay_work_func: 3003, SQI=0, link=0
01-02 06:08:43.450 0 0 E DTC_ETH,link_delay_work_func: 3003, SQI=0, link=0
01-02 06:08:48.570 0 0 E DTC_ETH,link_delay_work_func: 3003, SQI=0, link=0
01-02 06:08:53.690 0 0 E DTC_ETH,link_delay_work_func: 3003, SQI=0, link=0
01-02 06:08:58.810 0 0 E DTC_ETH,link_delay_work_func: 3003, SQI=0, link=0
01-02 06:09:03.930 0 0 E DTC_ETH,link_delay_work_func: 3003, SQI=0, link=0
01-02 06:09:09.050 0 0 E DTC_ETH,link_delay_work_func: 3003, SQI=0, link=0
01-02 06:09:14.170 0 0 E DTC_ETH,link_delay_work_func: 3003, SQI=0, link=0
01-02 06:09:19.290 0 0 E DTC_ETH,link_delay_work_func: 3003, SQI=0, link=0
01-02 06:09:24.410 0 0 E DTC_ETH,link_delay_work_func: 3003, SQI=0, link=0
01-02 06:09:29.535 0 0 E DTC_ETH,link_delay_work_func: 3003, SQI=0, link=0
01-02 06:09:34.650 0 0 E DTC_ETH,link_delay_work_func: 3003, SQI=0, link=0
01-02 06:09:39.771 0 0 E DTC_ETH,link_delay_work_func: 3003, SQI=0, link=0
01-02 06:09:44.890 0 0 E DTC_ETH,link_delay_work_func: 3003, SQI=0, link=0
01-02 06:09:50.010 0 0 E DTC_ETH,link_delay_work_func: 3003, SQI=0, link=0
01-02 06:09:55.130 0 0 E DTC_ETH,link_delay_work_func: 3003, SQI=0, link=0
01-02 06:10:00.250 0 0 E DTC_ETH,link_delay_work_func: 3003, SQI=0, link=0
01-02 06:10:05.370 0 0 E DTC_ETH,link_delay_work_func: 3003, SQI=0, link=0
01-02 06:10:10.490 0 0 E DTC_ETH,link_delay_work_func: 3003, SQI=0, link=0
01-02 06:10:15.610 0 0 E DTC_ETH,link_delay_work_func: 3003, SQI=0, link=0
01-02 06:10:20.730 0 0 E DTC_ETH,link_delay_work_func: 3003, SQI=0, link=0
01-02 06:10:25.850 0 0 E DTC_ETH,link_delay_work_func: 3003, SQI=0, link=0
01-02 06:10:30.970 0 0 E DTC_ETH,link_delay_work_func: 3003, SQI=0, link=0
01-02 06:10:36.090 0 0 E DTC_ETH,link_delay_work_func: 3003, SQI=0, link=0
01-02 06:10:41.210 0 0 E DTC_ETH,link_delay_work_func: 3003, SQI=0, link=0
01-02 06:10:46.331 0 0 E DTC_ETH,link_delay_work_func: 3003, SQI=0, link=0
01-02 06:10:51.450 0 0 E DTC_ETH,link_delay_work_func: 3003, SQI=0, link=0
01-02 06:10:56.570 0 0 E DTC_ETH,link_delay_work_func: 3003, SQI=0, link=0
01-02 06:11:01.690 0 0 E DTC_ETH,link_delay_work_func: 3003, SQI=0, link=0
01-02 06:11:06.810 0 0 E DTC_ETH,link_delay_work_func: 3003, SQI=0, link=0
01-02 06:11:11.930 0 0 E DTC_ETH,link_delay_work_func: 3003, SQI=0, link=0
01-02 06:11:17.050 0 0 E DTC_ETH,link_delay_work_func: 3003, SQI=0, link=0
03-04 01:04:20.828 1501 1501 I JobServiceContext: Letting 8bf09f8 #u0a102/216 com.kuaishou.nebula/androidx.work.impl.background.systemjob.SystemJobService continue to run past min execution time
01-02 06:11:22.170 0 0 E DTC_ETH,link_delay_work_func: 3003, SQI=0, link=0
01-02 06:11:22.399 0 0 W audit : audit_lost=4946 audit_rate_limit=5 audit_backlog_limit=64
01-02 06:11:22.399 0 0 E audit : rate limit exceeded
03-04 01:04:23.559 666 18973 W SocketClient: write error (Broken pipe)
03-04 01:04:23.934 1501 1501 I JobServiceContext: Letting 4842d3c #u0a115/212 com.smile.gifmaker/androidx.work.impl.background.systemjob.SystemJobService continue to run past min execution time
01-02 06:11:25.420 0 0 W audit : audit_lost=5059 audit_rate_limit=5 audit_backlog_limit=64
01-02 06:11:25.420 0 0 E audit : rate limit exceeded
03-04 01:04:26.181 666 19011 W SocketClient: write error (Broken pipe)
01-02 06:11:27.290 0 0 E DTC_ETH,link_delay_work_func: 3003, SQI=0, link=0
01-02 06:11:32.410 0 0 E DTC_ETH,link_delay_work_func: 3003, SQI=0, link=0
03-04 01:04:36.573 1501 1600 W ActivityManager: Stopping service due to app idle: u0a115 -22h11m13s738ms com.smile.gifmaker/com.kwai.chat.kwailink.service.NewKwaiLinkService
01-02 06:11:37.530 0 0 E DTC_ETH,link_delay_work_func: 3003, SQI=0, link=0
01-02 06:11:42.651 0 0 E DTC_ETH,link_delay_work_func: 3003, SQI=0, link=0
01-02 06:11:47.771 0 0 E DTC_ETH,link_delay_work_func: 3003, SQI=0, link=0
01-02 06:11:52.891 0 0 E DTC_ETH,link_delay_work_func: 3003, SQI=0, link=0
01-02 06:11:53.958 0 0 I [dp_rx_][0x1653e44a976][01:04:54.582314] wlan: [3350:I:QDF] DHCP-D RX: SA:0e:79:35:c2:75:95 DA:ff:ff:ff:ff:ff:ff
01-02 06:11:58.010 0 0 E DTC_ETH,link_delay_work_func: 3003, SQI=0, link=0
01-02 06:12:03.131 0 0 E DTC_ETH,link_delay_work_func: 3003, SQI=0, link=0
01-02 06:12:08.251 0 0 E DTC_ETH,link_delay_work_func: 3003, SQI=0, link=0
01-02 06:12:13.371 0 0 E DTC_ETH,link_delay_work_func: 3003, SQI=0, link=0
01-02 06:12:18.490 0 0 E DTC_ETH,link_delay_work_func: 3003, SQI=0, link=0
01-02 06:12:23.610 0 0 E DTC_ETH,link_delay_work_func: 3003, SQI=0, link=0
01-02 06:12:28.730 0 0 E DTC_ETH,link_delay_work_func: 3003, SQI=0, link=0
01-02 06:12:33.850 0 0 E DTC_ETH,link_delay_work_func: 3003, SQI=0, link=0
01-02 06:12:38.970 0 0 E DTC_ETH,link_delay_work_func: 3003, SQI=0, link=0
01-02 06:12:44.090 0 0 E DTC_ETH,link_delay_work_func: 3003, SQI=0, link=0
01-02 06:12:49.210 0 0 E DTC_ETH,link_delay_work_func: 3003, SQI=0, link=0
01-02 06:12:54.330 0 0 E DTC_ETH,link_delay_work_func: 3003, SQI=0, link=0
01-02 06:12:59.450 0 0 E DTC_ETH,link_delay_work_func: 3003, SQI=0, link=0
01-02 06:13:04.570 0 0 E DTC_ETH,link_delay_work_func: 3003, SQI=0, link=0
01-02 06:13:09.690 0 0 E DTC_ETH,link_delay_work_func: 3003, SQI=0, link=0
01-02 06:13:14.810 0 0 E DTC_ETH,link_delay_work_func: 3003, SQI=0, link=0
01-02 06:13:19.931 0 0 E DTC_ETH,link_delay_work_func: 3003, SQI=0, link=0
01-02 06:13:25.050 0 0 E DTC_ETH,link_delay_work_func: 3003, SQI=0, link=0
01-02 06:13:30.171 0 0 E DTC_ETH,link_delay_work_func: 3003, SQI=0, link=0
01-02 06:13:35.290 0 0 E DTC_ETH,link_delay_work_func: 3003, SQI=0, link=0
01-02 06:13:40.410 0 0 E DTC_ETH,link_delay_work_func: 3003, SQI=0, link=0
01-02 06:13:45.530 0 0 E DTC_ETH,link_delay_work_func: 3003, SQI=0, link=0
01-02 06:13:50.650 0 0 E DTC_ETH,link_delay_work_func: 3003, SQI=0, link=0
01-02 06:13:55.770 0 0 E DTC_ETH,link_delay_work_func: 3003, SQI=0, link=0
01-02 06:14:00.890 0 0 E DTC_ETH,link_delay_work_func: 3003, SQI=0, link=0
01-02 06:14:06.010 0 0 E DTC_ETH,link_delay_work_func: 3003, SQI=0, link=0
01-02 06:14:11.130 0 0 E DTC_ETH,link_delay_work_func: 3003, SQI=0, link=0
01-02 06:14:16.250 0 0 E DTC_ETH,link_delay_work_func: 3003, SQI=0, link=0
01-02 06:14:21.370 0 0 E DTC_ETH,link_delay_work_func: 3003, SQI=0, link=0
01-02 06:14:26.490 0 0 E DTC_ETH,link_delay_work_func: 3003, SQI=0, link=0
01-02 06:14:31.610 0 0 E DTC_ETH,link_delay_work_func: 3003, SQI=0, link=0
01-02 06:14:36.730 0 0 E DTC_ETH,link_delay_work_func: 3003, SQI=0, link=0
01-02 06:14:41.851 0 0 E DTC_ETH,link_delay_work_func: 3003, SQI=0, link=0
01-02 06:14:46.970 0 0 E DTC_ETH,link_delay_work_func: 3003, SQI=0, link=0
01-02 06:14:52.090 0 0 E DTC_ETH,link_delay_work_func: 3003, SQI=0, link=0
01-02 06:14:57.212 0 0 E DTC_ETH,link_delay_work_func: 3003, SQI=0, link=0
01-02 06:15:02.330 0 0 E DTC_ETH,link_delay_work_func: 3003, SQI=0, link=0
01-02 06:15:07.451 0 0 E DTC_ETH,link_delay_work_func: 3003, SQI=0, link=0
01-02 06:15:12.570 0 0 E DTC_ETH,link_delay_work_func: 3003, SQI=0, link=0
01-02 06:15:17.690 0 0 E DTC_ETH,link_delay_work_func: 3003, SQI=0, link=0
01-02 06:15:22.810 0 0 E DTC_ETH,link_delay_work_func: 3003, SQI=0, link=0
01-02 06:15:27.930 0 0 E DTC_ETH,link_delay_work_func: 3003, SQI=0, link=0
01-02 06:15:33.050 0 0 E DTC_ETH,link_delay_work_func: 3003, SQI=0, link=0
01-02 06:15:38.170 0 0 E DTC_ETH,link_delay_work_func: 3003, SQI=0, link=0
01-02 06:15:43.291 0 0 E DTC_ETH,link_delay_work_func: 3003, SQI=0, link=0
01-02 06:15:48.410 0 0 E DTC_ETH,link_delay_work_func: 3003, SQI=0, link=0
01-02 06:15:53.530 0 0 E DTC_ETH,link_delay_work_func: 3003, SQI=0, link=0
01-02 06:15:58.650 0 0 E DTC_ETH,link_delay_work_func: 3003, SQI=0, link=0
01-02 06:16:03.770 0 0 E DTC_ETH,link_delay_work_func: 3003, SQI=0, link=0
01-02 06:16:08.890 0 0 E DTC_ETH,link_delay_work_func: 3003, SQI=0, link=0
01-02 06:16:14.010 0 0 E DTC_ETH,link_delay_work_func: 3003, SQI=0, link=0
01-02 06:16:19.130 0 0 E DTC_ETH,link_delay_work_func: 3003, SQI=0, link=0
01-02 06:16:24.250 0 0 E DTC_ETH,link_delay_work_func: 3003, SQI=0, link=0
01-02 06:16:29.370 0 0 E DTC_ETH,link_delay_work_func: 3003, SQI=0, link=0
01-02 06:16:34.490 0 0 E DTC_ETH,link_delay_work_func: 3003, SQI=0, link=0
01-02 06:16:39.610 0 0 E DTC_ETH,link_delay_work_func: 3003, SQI=0, link=0
01-02 06:16:44.730 0 0 E DTC_ETH,link_delay_work_func: 3003, SQI=0, link=0
01-02 06:16:49.850 0 0 E DTC_ETH,link_delay_work_func: 3003, SQI=0, link=0
01-02 06:16:54.970 0 0 E DTC_ETH,link_delay_work_func: 3003, SQI=0, link=0
01-02 06:17:00.090 0 0 E DTC_ETH,link_delay_work_func: 3003, SQI=0, link=0
01-02 06:17:03.419 0 0 D cnss : Host time = 80223420280 us, device time = 80194184110 us, offset = 29236170 us
01-02 06:17:03.419 0 0 D cnss : Updated time sync regs [0x984] = 0x1be1bca, [0x988] = 0x0
01-02 06:17:05.210 0 0 E DTC_ETH,link_delay_work_func: 3003, SQI=0, link=0
01-02 06:17:10.330 0 0 E DTC_ETH,link_delay_work_func: 3003, SQI=0, link=0
01-02 06:17:11.205 0 0 I [dp_rx_][0x166a95435f0][01:10:11.829627] wlan: [3350:I:QDF] DHCP-D RX: SA:0e:79:35:c2:75:95 DA:ff:ff:ff:ff:ff:ff
01-02 06:17:15.450 0 0 E DTC_ETH,link_delay_work_func: 3003, SQI=0, link=0
01-02 06:17:19.295 0 0 I [dp_rx_][0x166b2965479][01:10:19.919634] wlan: [3350:I:QDF] DHCP-R RX: SA:0e:79:35:c2:75:95 DA:ff:ff:ff:ff:ff:ff
01-02 06:17:20.570 0 0 E DTC_ETH,link_delay_work_func: 3003, SQI=0, link=0
01-02 06:17:25.690 0 0 E DTC_ETH,link_delay_work_func: 3003, SQI=0, link=0
01-02 06:17:30.810 0 0 E DTC_ETH,link_delay_work_func: 3003, SQI=0, link=0
01-02 06:17:35.931 0 0 E DTC_ETH,link_delay_work_func: 3003, SQI=0, link=0
01-02 06:17:41.050 0 0 E DTC_ETH,link_delay_work_func: 3003, SQI=0, link=0
01-02 06:17:46.170 0 0 E DTC_ETH,link_delay_work_func: 3003, SQI=0, link=0
01-02 06:17:51.290 0 0 E DTC_ETH,link_delay_work_func: 3003, SQI=0, link=0
01-02 06:17:56.410 0 0 E DTC_ETH,link_delay_work_func: 3003, SQI=0, link=0
01-02 06:18:01.538 0 0 E DTC_ETH,link_delay_work_func: 3003, SQI=0, link=0
01-02 06:18:06.650 0 0 E DTC_ETH,link_delay_work_func: 3003, SQI=0, link=0
01-02 06:18:11.770 0 0 E DTC_ETH,link_delay_work_func: 3003, SQI=0, link=0
01-02 06:18:16.891 0 0 E DTC_ETH,link_delay_work_func: 3003, SQI=0, link=0
01-02 06:18:22.010 0 0 E DTC_ETH,link_delay_work_func: 3003, SQI=0, link=0
01-02 06:18:27.130 0 0 E DTC_ETH,link_delay_work_func: 3003, SQI=0, link=0
01-02 06:18:32.250 0 0 E DTC_ETH,link_delay_work_func: 3003, SQI=0, link=0
01-02 06:18:37.370 0 0 E DTC_ETH,link_delay_work_func: 3003, SQI=0, link=0
01-02 06:18:42.490 0 0 E DTC_ETH,link_delay_work_func: 3003, SQI=0, link=0
01-02 06:18:47.611 0 0 E DTC_ETH,link_delay_work_func: 3003, SQI=0, link=0
01-02 06:18:52.730 0 0 E DTC_ETH,link_delay_work_func: 3003, SQI=0, link=0
01-02 06:18:57.851 0 0 E DTC_ETH,link_delay_work_func: 3003, SQI=0, link=0
01-02 06:19:02.970 0 0 E DTC_ETH,link_delay_work_func: 3003, SQI=0, link=0
01-02 06:19:08.091 0 0 E DTC_ETH,link_delay_work_func: 3003, SQI=0, link=0
01-02 06:19:13.210 0 0 E DTC_ETH,link_delay_work_func: 3003, SQI=0, link=0
01-02 06:19:18.330 0 0 E DTC_ETH,link_delay_work_func: 3003, SQI=0, link=0
01-02 06:19:23.450 0 0 E DTC_ETH,link_delay_work_func: 3003, SQI=0, link=0
01-02 06:19:28.570 0 0 E DTC_ETH,link_delay_work_func: 3003, SQI=0, link=0
01-02 06:19:33.690 0 0 E DTC_ETH,link_delay_work_func: 3003, SQI=0, link=0
01-02 06:19:38.810 0 0 E DTC_ETH,link_delay_work_func: 3003, SQI=0, link=0
01-02 06:19:43.930 0 0 E DTC_ETH,link_delay_work_func: 3003, SQI=0, link=0
01-02 06:19:49.050 0 0 E DTC_ETH,link_delay_work_func: 3003, SQI=0, link=0
01-02 06:19:54.170 0 0 E DTC_ETH,link_delay_work_func: 3003, SQI=0, link=0
01-02 06:19:59.290 0 0 E DTC_ETH,link_delay_work_func: 3003, SQI=0, link=0
01-02 06:20:04.410 0 0 E DTC_ETH,link_delay_work_func: 3003, SQI=0, link=0
01-02 06:20:09.530 0 0 E DTC_ETH,link_delay_work_func: 3003, SQI=0, link=0
01-02 06:20:14.650 0 0 E DTC_ETH,link_delay_work_func: 3003, SQI=0, link=0
03-04 01:13:16.982 1501 1598 I UsageStatsService: User[0] Flushing usage stats to disk
01-02 06:20:19.770 0 0 E DTC_ETH,link_delay_work_func: 3003, SQI=0, link=0
01-02 06:20:24.890 0 0 E DTC_ETH,link_delay_work_func: 3003, SQI=0, link=0
01-02 06:20:30.010 0 0 E DTC_ETH,link_delay_work_func: 3003, SQI=0, link=0
01-02 06:20:35.130 0 0 E DTC_ETH,link_delay_work_func: 3003, SQI=0, link=0
01-02 06:20:40.250 0 0 E DTC_ETH,link_delay_work_func: 3003, SQI=0, link=0
01-02 06:20:45.371 0 0 E DTC_ETH,link_delay_work_func: 3003, SQI=0, link=0
01-02 06:20:50.490 0 0 E DTC_ETH,link_delay_work_func: 3003, SQI=0, link=0
01-02 06:20:55.610 0 0 E DTC_ETH,link_delay_work_func: 3003, SQI=0, link=0
01-02 06:21:00.730 0 0 E DTC_ETH,link_delay_work_func: 3003, SQI=0, link=0
01-02 06:21:05.850 0 0 E DTC_ETH,link_delay_work_func: 3003, SQI=0, link=0
01-02 06:21:10.970 0 0 E DTC_ETH,link_delay_work_func: 3003, SQI=0, link=0
01-02 06:21:16.090 0 0 E DTC_ETH,link_delay_work_func: 3003, SQI=0, link=0
01-02 06:21:21.210 0 0 E DTC_ETH,link_delay_work_func: 3003, SQI=0, link=0
01-02 06:21:26.330 0 0 E DTC_ETH,link_delay_work_func: 3003, SQI=0, link=0
01-02 06:21:31.450 0 0 E DTC_ETH,link_delay_work_func: 3003, SQI=0, link=0
03-04 01:14:36.610 1501 1600 W ActivityManager: Stopping service due to app idle: u0a115 -22h21m13s775ms com.smile.gifmaker/com.kwai.chat.kwailink.service.NewKwaiLinkService
01-02 06:21:36.570 0 0 E DTC_ETH,link_delay_work_func: 3003, SQI=0, link=0
01-02 06:21:41.691 0 0 E DTC_ETH,link_delay_work_func: 3003, SQI=0, link=0
01-02 06:21:46.810 0 0 E DTC_ETH,link_delay_work_func: 3003, SQI=0, link=0
01-02 06:21:51.930 0 0 E DTC_ETH,link_delay_work_func: 3003, SQI=0, link=0
01-02 06:21:57.050 0 0 E DTC_ETH,link_delay_work_func: 3003, SQI=0, link=0
01-02 06:22:02.174 0 0 E DTC_ETH,link_delay_work_func: 3003, SQI=0, link=0
01-02 06:22:07.290 0 0 E DTC_ETH,link_delay_work_func: 3003, SQI=0, link=0
01-02 06:22:12.410 0 0 E DTC_ETH,link_delay_work_func: 3003, SQI=0, link=0
01-02 06:22:17.530 0 0 E DTC_ETH,link_delay_work_func: 3003, SQI=0, link=0
01-02 06:22:22.650 0 0 E DTC_ETH,link_delay_work_func: 3003, SQI=0, link=0
01-02 06:22:27.770 0 0 E DTC_ETH,link_delay_work_func: 3003, SQI=0, link=0
01-02 06:22:31.421 0 0 I [dp_rx_][0x16817c9760a][01:15:32.045522] wlan: [3350:I:QDF] DHCP-R RX: SA:0e:79:35:c2:75:95 DA:ff:ff:ff:ff:ff:ff
01-02 06:22:32.890 0 0 E DTC_ETH,link_delay_work_func: 3003, SQI=0, link=0
01-02 06:22:38.010 0 0 E DTC_ETH,link_delay_work_func: 3003, SQI=0, link=0
01-02 06:22:39.409 0 0 I [dp_rx_][0x16820eda89e][01:15:40.033396] wlan: [3350:I:QDF] DHCP-R RX: SA:0e:79:35:c2:75:95 DA:ff:ff:ff:ff:ff:ff
01-02 06:22:43.130 0 0 E DTC_ETH,link_delay_work_func: 3003, SQI=0, link=0
01-02 06:22:48.250 0 0 E DTC_ETH,link_delay_work_func: 3003, SQI=0, link=0
01-02 06:22:53.370 0 0 E DTC_ETH,link_delay_work_func: 3003, SQI=0, link=0
01-02 06:22:58.490 0 0 E DTC_ETH,link_delay_work_func: 3003, SQI=0, link=0
01-02 06:23:03.610 0 0 E DTC_ETH,link_delay_work_func: 3003, SQI=0, link=0
01-02 06:23:08.730 0 0 E DTC_ETH,link_delay_work_func: 3003, SQI=0, link=0
01-02 06:23:13.850 0 0 E DTC_ETH,link_delay_work_func: 3003, SQI=0, link=0
01-02 06:23:18.970 0 0 E DTC_ETH,link_delay_work_func: 3003, SQI=0, link=0
01-02 06:23:24.090 0 0 E DTC_ETH,link_delay_work_func: 3003, SQI=0, link=0
01-02 06:23:29.210 0 0 E DTC_ETH,link_delay_work_func: 3003, SQI=0, link=0
01-02 06:23:34.330 0 0 E DTC_ETH,link_delay_work_func: 3003, SQI=0, link=0
01-02 06:23:39.450 0 0 E DTC_ETH,link_delay_work_func: 3003, SQI=0, link=0
01-02 06:23:44.570 0 0 E DTC_ETH,link_delay_work_func: 3003, SQI=0, link=0
01-02 06:23:49.690 0 0 E DTC_ETH,link_delay_work_func: 3003, SQI=0, link=0
01-02 06:23:54.810 0 0 E DTC_ETH,link_delay_work_func: 3003, SQI=0, link=0
01-02 06:23:59.934 0 0 E DTC_ETH,link_delay_work_func: 3003, SQI=0, link=0
01-02 06:24:05.050 0 0 E DTC_ETH,link_delay_work_func: 3003, SQI=0, link=0
01-02 06:24:10.170 0 0 E DTC_ETH,link_delay_work_func: 3003, SQI=0, link=0
01-02 06:24:15.290 0 0 E DTC_ETH,link_delay_work_func: 3003, SQI=0, link=0
01-02 06:24:20.410 0 0 E DTC_ETH,link_delay_work_func: 3003, SQI=0, link=0
01-02 06:24:25.530 0 0 E DTC_ETH,link_delay_work_func: 3003, SQI=0, link=0
01-02 06:24:30.650 0 0 E DTC_ETH,link_delay_work_func: 3003, SQI=0, link=0
01-02 06:24:35.770 0 0 E DTC_ETH,link_delay_work_func: 3003, SQI=0, link=0
01-02 06:24:40.890 0 0 E DTC_ETH,link_delay_work_func: 3003, SQI=0, link=0
01-02 06:24:46.010 0 0 E DTC_ETH,link_delay_work_func: 3003, SQI=0, link=0
01-02 06:24:51.130 0 0 E DTC_ETH,link_delay_work_func: 3003, SQI=0, link=0
01-02 06:24:56.250 0 0 E DTC_ETH,link_delay_work_func: 3003, SQI=0, link=0
01-02 06:25:01.370 0 0 E DTC_ETH,link_delay_work_func: 3003, SQI=0, link=0
01-02 06:25:06.490 0 0 E DTC_ETH,link_delay_work_func: 3003, SQI=0, link=0
01-02 06:25:11.610 0 0 E DTC_ETH,link_delay_work_func: 3003, SQI=0, link=0
01-02 06:25:16.730 0 0 E DTC_ETH,link_delay_work_func: 3003, SQI=0, link=0
01-02 06:25:21.850 0 0 E DTC_ETH,link_delay_work_func: 3003, SQI=0, link=0
01-02 06:25:26.970 0 0 E DTC_ETH,link_delay_work_func: 3003, SQI=0, link=0
01-02 06:25:32.090 0 0 E DTC_ETH,link_delay_work_func: 3003, SQI=0, link=0
01-02 06:25:37.210 0 0 E DTC_ETH,link_delay_work_func: 3003, SQI=0, link=0
01-02 06:25:42.330 0 0 E DTC_ETH,link_delay_work_func: 3003, SQI=0, link=0
01-02 06:25:47.450 0 0 E DTC_ETH,link_delay_work_func: 3003, SQI=0, link=0
01-02 06:25:52.570 0 0 E DTC_ETH,link_delay_work_func: 3003, SQI=0, link=0
01-02 06:25:57.690 0 0 E DTC_ETH,link_delay_work_func: 3003, SQI=0, link=0
01-02 06:26:02.810 0 0 E DTC_ETH,link_delay_work_func: 3003, SQI=0, link=0
01-02 06:26:07.930 0 0 E DTC_ETH,link_delay_work_func: 3003, SQI=0, link=0
01-02 06:26:13.050 0 0 E DTC_ETH,link_delay_work_func: 3003, SQI=0, link=0
01-02 06:26:18.170 0 0 E DTC_ETH,link_delay_work_func: 3003, SQI=0, link=0
01-02 06:26:23.290 0 0 E DTC_ETH,link_delay_work_func: 3003, SQI=0, link=0
01-02 06:26:28.410 0 0 E DTC_ETH,link_delay_work_func: 3003, SQI=0, link=0
01-02 06:26:33.530 0 0 E DTC_ETH,link_delay_work_func: 3003, SQI=0, link=0
01-02 06:26:38.650 0 0 E DTC_ETH,link_delay_work_func: 3003, SQI=0, link=0
01-02 06:26:43.771 0 0 E DTC_ETH,link_delay_work_func: 3003, SQI=0, link=0
01-02 06:26:48.890 0 0 E DTC_ETH,link_delay_work_func: 3003, SQI=0, link=0
01-02 06:26:54.010 0 0 E DTC_ETH,link_delay_work_func: 3003, SQI=0, link=0
01-02 06:26:59.131 0 0 E DTC_ETH,link_delay_work_func: 3003, SQI=0, link=0
01-02 06:27:04.250 0 0 E DTC_ETH,link_delay_work_func: 3003, SQI=0, link=0
01-02 06:27:09.370 0 0 E DTC_ETH,link_delay_work_func: 3003, SQI=0, link=0
01-02 06:27:14.490 0 0 E DTC_ETH,link_delay_work_func: 3003, SQI=0, link=0
01-02 06:27:19.610 0 0 E DTC_ETH,link_delay_work_func: 3003, SQI=0, link=0
01-02 06:27:24.730 0 0 E DTC_ETH,link_delay_work_func: 3003, SQI=0, link=0
01-02 06:27:29.850 0 0 E DTC_ETH,link_delay_work_func: 3003, SQI=0, link=0
01-02 06:27:34.970 0 0 E DTC_ETH,link_delay_work_func: 3003, SQI=0, link=0
01-02 06:27:40.090 0 0 E DTC_ETH,link_delay_work_func: 3003, SQI=0, link=0
01-02 06:27:45.210 0 0 E DTC_ETH,link_delay_work_func: 3003, SQI=0, link=0
01-02 06:27:49.077 0 0 I [dp_rx_][0x1698350d4d6][01:20:49.701825] wlan: [3350:I:QDF] DHCP-D RX: SA:0e:79:35:c2:75:95 DA:ff:ff:ff:ff:ff:ff
01-02 06:27:50.330 0 0 E DTC_ETH,link_delay_work_func: 3003, SQI=0, link=0
01-02 06:27:55.450 0 0 E DTC_ETH,link_delay_work_func: 3003, SQI=0, link=0
01-02 06:27:57.273 0 0 I [dp_rx_][0x1698cb1cda3][01:20:57.897143] wlan: [3350:I:QDF] DHCP-R RX: SA:0e:79:35:c2:75:95 DA:ff:ff:ff:ff:ff:ff
01-02 06:28:00.570 0 0 E DTC_ETH,link_delay_work_func: 3003, SQI=0, link=0
01-02 06:28:05.690 0 0 E DTC_ETH,link_delay_work_func: 3003, SQI=0, link=0
01-02 06:28:10.810 0 0 E DTC_ETH,link_delay_work_func: 3003, SQI=0, link=0
01-02 06:28:15.930 0 0 E DTC_ETH,link_delay_work_func: 3003, SQI=0, link=0
01-02 06:28:21.050 0 0 E DTC_ETH,link_delay_work_func: 3003, SQI=0, link=0
01-02 06:28:26.171 0 0 E DTC_ETH,link_delay_work_func: 3003, SQI=0, link=0
01-02 06:28:31.290 0 0 E DTC_ETH,link_delay_work_func: 3003, SQI=0, link=0
01-02 06:28:36.410 0 0 E DTC_ETH,link_delay_work_func: 3003, SQI=0, link=0
01-02 06:28:41.530 0 0 E DTC_ETH,link_delay_work_func: 3003, SQI=0, link=0
01-02 06:28:46.650 0 0 E DTC_ETH,link_delay_work_func: 3003, SQI=0, link=0
01-02 06:28:51.770 0 0 E DTC_ETH,link_delay_work_func: 3003, SQI=0, link=0
01-02 06:28:56.890 0 0 E DTC_ETH,link_delay_work_func: 3003, SQI=0, link=0
01-02 06:29:02.010 0 0 E DTC_ETH,link_delay_work_func: 3003, SQI=0, link=0
01-02 06:29:07.130 0 0 E DTC_ETH,link_delay_work_func: 3003, SQI=0, link=0
01-02 06:29:12.250 0 0 E DTC_ETH,link_delay_work_func: 3003, SQI=0, link=0
01-02 06:29:17.370 0 0 E DTC_ETH,link_delay_work_func: 3003, SQI=0, link=0
