03-03 02:53:12.422 1501 1501 D JobStore: Start tag: job-info
03-03 02:53:12.422 1501 1501 W JobStore: Periodic job for uid='10090' persisted run-time is too big [360:00:25, 720:00:25]. Clamping to [360:00:09,720:00:09]
03-03 02:53:12.423 1501 1501 W JobStore: Periodic job for uid='1000' persisted run-time is too big [24:00:25, 48:00:25]. Clamping to [24:00:09,48:00:09]
03-03 02:53:12.423 1501 1501 W JobStore: Periodic job for uid='1000' persisted run-time is too big [24:00:25, 48:00:25]. Clamping to [24:00:09,48:00:09]
03-03 02:53:12.424 1501 1501 W JobStore: Periodic job for uid='1000' persisted run-time is too big [360:00:25, 720:00:25]. Clamping to [360:00:09,720:00:09]
03-03 02:53:12.424 1501 1501 W JobStore: Periodic job for uid='1000' persisted run-time is too big [23:26:02, 23:31:02]. Clamping to [15:09,20:09]
03-03 02:53:12.424 1501 1501 W JobStore: Periodic job for uid='1000' persisted run-time is too big [24:00:21, 48:00:21]. Clamping to [24:00:09,48:00:09]
03-03 02:53:12.425 1501 1501 W JobStore: Periodic job for uid='1000' persisted run-time is too big [23:20:09, 23:25:09]. Clamping to [20:09,25:09]
03-03 02:53:12.425 1501 1501 I JobStore: Read 8 jobs
03-03 02:53:12.428 1501 1501 V HistoricalRegistry: Interaction before persistence initialized
03-03 02:53:12.428 1501 1501 V HistoricalRegistry: Interaction before persistence initialized
03-03 02:53:12.428 1501 1501 W JobScheduler: !!! RTC not yet good; tracking time updates for job scheduling
03-03 02:53:12.430 1501 1501 I SystemServerTiming: StartSoundTrigger
03-03 02:53:12.430 1501 1501 I SystemServiceManager: Starting com.android.server.soundtrigger.SoundTriggerService
03-03 02:53:12.430 1501 1501 I SystemServerTiming: StartTrustManager
03-03 02:53:12.430 1501 1501 I SystemServiceManager: Starting com.android.server.trust.TrustManagerService
03-03 02:53:12.431 1501 1501 I SystemServerTiming: StartBackupManager
03-03 02:53:12.431 1501 1501 I SystemServiceManager: Starting com.android.server.backup.BackupManagerService$Lifecycle
03-03 02:53:12.432 1501 1501 I SystemServerTiming: StartAppWidgetService
03-03 02:53:12.432 1501 1501 I SystemServiceManager: Starting com.android.server.appwidget.AppWidgetService
03-03 02:53:12.435 1501 1501 I SystemServerTiming: StartVoiceRecognitionManager
03-03 02:53:12.435 1501 1501 I SystemServiceManager: Starting com.android.server.voiceinteraction.VoiceInteractionManagerService
03-03 02:53:12.440 1501 1501 I SystemServerTiming: StartAppHibernationService
03-03 02:53:12.440 1501 1501 I SystemServiceManager: Starting com.android.server.apphibernation.AppHibernationService
03-03 02:53:12.441 1501 1501 I SystemServerTiming: StartSensorNotification
03-03 02:53:12.441 1501 1501 I SystemServiceManager: Starting com.android.server.SensorNotificationService
03-03 02:53:12.441 1501 1501 I SystemServerTiming: StartDiskStatsService
03-03 02:53:12.442 1501 1501 I SystemServerTiming: RuntimeService
03-03 02:53:12.442 1501 1501 I SystemServerTiming: StartNetworkTimeUpdateService
03-03 02:53:12.443 1501 1501 I SystemServerTiming: CertBlacklister
03-03 02:53:12.443 1501 1501 I SystemServerTiming: StartEmergencyAffordanceService
03-03 02:53:12.443 1501 1501 I SystemServiceManager: Starting com.android.server.emergency.EmergencyAffordanceService
03-03 02:53:12.443 1501 1501 I SystemServerTiming: startBlobStoreManagerService
03-03 02:53:12.444 1501 1501 I SystemServiceManager: Starting com.android.server.blob.BlobStoreManagerService
03-03 02:53:12.445 1501 1501 I SystemServerTiming: StartDreamManager
03-03 02:53:12.445 1501 1501 I SystemServiceManager: Starting com.android.server.dreams.DreamManagerService
03-03 02:53:12.445 1501 1501 I SystemServerTiming: AddGraphicsStatsService
03-03 02:53:12.448 1501 1501 I SystemServerTiming: StartCompanionDeviceManager
03-03 02:53:12.448 1501 1501 I SystemServiceManager: Starting com.android.server.companion.CompanionDeviceManagerService
03-03 02:53:12.449 1501 1501 I SystemServerTiming: StartRestrictionManager
03-03 02:53:12.449 1501 1501 I SystemServiceManager: Starting com.android.server.restrictions.RestrictionsManagerService
03-03 02:53:12.449 1501 1501 I SystemServerTiming: StartMediaSessionService
03-03 02:53:12.450 1501 1501 I SystemServiceManager: Starting com.android.server.media.MediaSessionService
03-03 02:53:12.451 1501 1501 I SystemServerTiming: StartMediaResourceMonitor
03-03 02:53:12.451 1501 1501 I SystemServiceManager: Starting com.android.server.media.MediaResourceMonitorService
03-03 02:53:12.451 1501 1501 I SystemServerTiming: StartMediaRouterService
03-03 02:53:12.451 1501 1501 V HistoricalRegistry: Interaction before persistence initialized
03-03 02:53:12.451 1501 1501 I SystemServerTiming: StartFingerprintSensor
03-03 02:53:12.451 1501 1501 I SystemServiceManager: Starting com.android.server.biometrics.sensors.fingerprint.FingerprintService
03-03 02:53:12.452 1501 1501 I SystemServerTiming: StartBiometricService
03-03 02:53:12.452 1501 1501 I SystemServiceManager: Starting com.android.server.biometrics.BiometricService
03-03 02:53:12.453 1501 1501 I SystemServerTiming: StartAuthService
03-03 02:53:12.453 1501 1501 I SystemServiceManager: Starting com.android.server.biometrics.AuthService
03-03 02:53:12.453 1501 1501 D AuthService: Registering HIDL ID: 0 Modality: 2 Strength: 15
03-03 02:53:12.453 1501 1501 D AuthService: Registering HIDL ID: 1 Modality: 8 Strength: 15
03-03 02:53:12.454 1501 1501 E AuthService: HIDL face configuration exists, but FaceService is null.
03-03 02:53:12.454 1501 1501 I SystemServerTiming: StartBackgroundDexOptService
03-03 02:53:12.454 1501 1501 W BackgroundDexOptService: SysProp pm.dexopt.downgrade_after_inactive_days not set
03-03 02:53:12.455 1501 1501 I SystemServerTiming: StartDynamicCodeLoggingService
03-03 02:53:12.455 1501 1501 I SystemServerTiming: StartPruneInstantAppsJobService
03-03 02:53:12.455 1501 1501 I SystemServerTiming: StartShortcutServiceLifecycle
03-03 02:53:12.455 1501 1501 I SystemServiceManager: Starting com.android.server.pm.ShortcutService$Lifecycle
03-03 02:53:12.456 1501 1501 V HistoricalRegistry: Interaction before persistence initialized
03-03 02:53:12.456 1501 1501 I SystemServerTiming: StartLauncherAppsService
03-03 02:53:12.456 1501 1501 I SystemServiceManager: Starting com.android.server.pm.LauncherAppsService
03-03 02:53:12.457 1501 1501 I SystemServerTiming: StartCrossProfileAppsService
03-03 02:53:12.457 1501 1501 I SystemServiceManager: Starting com.android.server.pm.CrossProfileAppsService
03-03 02:53:12.458 1501 1501 I SystemServerTiming: StartPeopleService
03-03 02:53:12.458 1501 1501 I SystemServiceManager: Starting com.android.server.people.PeopleService
03-03 02:53:12.459 1501 1501 I SystemServerTiming: StartMediaMetricsManager
03-03 02:53:12.459 1501 1501 I SystemServiceManager: Starting com.android.server.media.metrics.MediaMetricsManagerService
03-03 02:53:12.459 1501 1501 I SystemServerTiming: StartMediaProjectionManager
03-03 02:53:12.460 1501 1501 I SystemServiceManager: Starting com.android.server.media.projection.MediaProjectionManagerService
03-03 02:53:12.461 1501 1501 I SystemServerTiming: StartSliceManagerService
03-03 02:53:12.461 1501 1501 I SystemServiceManager: Starting com.android.server.slice.SliceManagerService$Lifecycle
03-03 02:53:12.462 1501 1942 D BiometricService: Registering ID: 0 Modality: 2 Strength: 15
03-03 02:53:12.462 1501 1942 D BiometricStrengthController: updateStrengths: revert sensorId=0 to oemStrength=15
03-03 02:53:12.462 1501 1942 D BiometricService/Sensor: updateStrength: Before(ID(0), oemStrength: 15, updatedStrength: 15, modality 2, state: 0, cookie: 0, props: ID: 0, Strength: 2, Type: 1) After(ID(0), oemStrength: 15, updatedStrength: 15, modality 2, state: 0, cookie: 0, props: ID: 0, Strength: 2, Type: 1)
03-03 02:53:12.464 1501 1501 I SystemServerTiming: StartStatsCompanion
03-03 02:53:12.469 1501 1501 I SystemServiceManager: Starting com.android.server.stats.StatsCompanion$Lifecycle
03-03 02:53:12.472 1501 1501 I SystemServerTiming: StartRebootReadinessManagerService
03-03 02:53:12.477 1501 1501 I SystemServiceManager: Starting com.android.server.scheduling.RebootReadinessManagerService$Lifecycle
03-03 02:53:12.483 1501 1501 I SystemServerTiming: StartStatsPullAtomService
03-03 02:53:12.483 1501 1501 I SystemServiceManager: Starting com.android.server.stats.pull.StatsPullAtomService
03-03 02:53:12.483 1501 1501 I SystemServerTiming: StartIncidentCompanionService
03-03 02:53:12.483 1501 1501 I SystemServiceManager: Starting com.android.server.incident.IncidentCompanionService
03-03 02:53:12.484 1501 1501 I SystemServerTiming: StartMmsService
03-03 02:53:12.484 1501 1501 I SystemServiceManager: Starting com.android.server.MmsServiceBroker
03-03 02:53:12.484 1501 1501 I SystemServerTiming: StartAutoFillService
03-03 02:53:12.484 1501 1501 I SystemServiceManager: Starting com.android.server.autofill.AutofillManagerService
03-03 02:53:12.486 1501 1501 D SystemServer: TranslationService not defined by OEM
03-03 02:53:12.486 1501 1501 I SystemServerTiming: StartClipboardService
03-03 02:53:12.486 1501 1501 I SystemServiceManager: Starting com.android.server.clipboard.ClipboardService
03-03 02:53:12.488 1501 1501 I SystemServerTiming: AppServiceManager
03-03 02:53:12.488 1501 1501 I SystemServiceManager: Starting com.android.server.appbinding.AppBindingService$Lifecycle
03-03 02:53:12.488 1501 1501 I SystemServerTiming: startTracingServiceProxy
03-03 02:53:12.488 1501 1501 I SystemServiceManager: Starting com.android.server.tracing.TracingServiceProxy
03-03 02:53:12.489 1501 1501 I SystemServerTiming: MakeLockSettingsServiceReady
03-03 02:53:12.493 1501 1501 I SyntheticPasswordManager: Device does not support weaver
03-03 02:53:12.493 1501 1501 I LockSettingsService: Device doesn't implement AuthSecret HAL
03-03 02:53:12.494 1501 1501 I SystemServerTiming: StartBootPhaseLockSettingsReady
03-03 02:53:12.494 1501 1501 I SystemServiceManager: Starting phase 480
03-03 02:53:12.494 1501 1501 I SystemServerTiming: OnBootPhase_480
03-03 02:53:12.494 1501 1501 I SystemServerTiming: OnBootPhase_480_com.android.server.security.FileIntegrityService
03-03 02:53:12.494 1501 1501 I SystemServerTiming: OnBootPhase_480_com.android.server.pm.Installer
03-03 02:53:12.494 1501 1501 I SystemServerTiming: OnBootPhase_480_com.android.server.os.DeviceIdentifiersPolicyService
03-03 02:53:12.494 1501 1501 I SystemServerTiming: OnBootPhase_480_com.android.server.uri.UriGrantsManagerService$Lifecycle
03-03 02:53:12.494 1501 1501 I SystemServerTiming: OnBootPhase_480_com.android.server.powerstats.PowerStatsService
03-03 02:53:12.494 1501 1501 I SystemServerTiming: OnBootPhase_480_com.android.server.wm.ActivityTaskManagerService$Lifecycle
03-03 02:53:12.494 1501 1501 I SystemServerTiming: OnBootPhase_480_com.android.server.am.ActivityManagerService$Lifecycle
03-03 02:53:12.494 1501 1501 I SystemServerTiming: OnBootPhase_480_com.android.server.pm.DataLoaderManagerService
03-03 02:53:12.494 1501 1501 I SystemServerTiming: OnBootPhase_480_com.android.server.power.PowerManagerService
03-03 02:53:12.494 1501 1501 I SystemServerTiming: OnBootPhase_480_com.android.server.power.ThermalManagerService
03-03 02:53:12.494 1501 1501 I SystemServerTiming: OnBootPhase_480_com.android.server.power.hint.HintManagerService
03-03 02:53:12.494 1501 1501 I SystemServerTiming: OnBootPhase_480_com.android.server.recoverysystem.RecoverySystemService$Lifecycle
03-03 02:53:12.494 1501 1501 I SystemServerTiming: OnBootPhase_480_com.android.server.lights.LightsService
03-03 02:53:12.494 1501 1501 I SystemServerTiming: OnBootPhase_480_com.android.server.display.DisplayManagerService
03-03 02:53:12.494 1501 1501 I SystemServerTiming: OnBootPhase_480_com.android.server.pm.verify.domain.DomainVerificationService
03-03 02:53:12.494 1501 1501 I SystemServerTiming: OnBootPhase_480_com.android.server.pm.PackageInstallerService$Lifecycle
03-03 02:53:12.494 1501 1501 I SystemServerTiming: OnBootPhase_480_com.android.server.pm.UserManagerService$LifeCycle
03-03 02:53:12.494 1501 1501 I SystemServerTiming: OnBootPhase_480_com.android.server.om.OverlayManagerService
03-03 02:53:12.494 1501 1501 I SystemServerTiming: OnBootPhase_480_com.android.server.SensorPrivacyService
03-03 02:53:12.494 1501 1501 I SystemServerTiming: OnBootPhase_480_com.android.server.thunderperf.ThunderBoostPerfService
03-03 02:53:12.494 1501 1501 I SystemServerTiming: OnBootPhase_480_com.android.server.sensors.SensorService
03-03 02:53:12.494 1501 1501 I SystemServerTiming: OnBootPhase_480_com.android.server.SystemConfigService
03-03 02:53:12.494 1501 1501 I SystemServerTiming: OnBootPhase_480_com.android.server.BatteryService
03-03 02:53:12.494 1501 1501 I SystemServerTiming: OnBootPhase_480_com.android.server.usage.UsageStatsService
03-03 02:53:12.494 1501 1501 I SystemServerTiming: OnBootPhase_480_com.android.server.webkit.WebViewUpdateService
03-03 02:53:12.494 1501 1501 I SystemServerTiming: OnBootPhase_480_com.android.server.CachedDeviceStateService
03-03 02:53:12.494 1501 1501 I SystemServerTiming: OnBootPhase_480_com.android.server.BinderCallsStatsService$LifeCycle
03-03 02:53:12.494 1501 1501 I SystemServerTiming: OnBootPhase_480_com.android.server.LooperStatsService$Lifecycle
03-03 02:53:12.494 1501 1501 I SystemServerTiming: OnBootPhase_480_com.android.server.rollback.RollbackManagerService
03-03 02:53:12.494 1501 1501 I SystemServerTiming: OnBootPhase_480_com.android.server.os.NativeTombstoneManagerService
03-03 02:53:12.494 1501 1501 I SystemServerTiming: OnBootPhase_480_com.android.server.os.BugreportManagerService
03-03 02:53:12.494 1501 1501 I SystemServerTiming: OnBootPhase_480_com.android.server.gpu.GpuService
03-03 02:53:12.494 1501 1501 I SystemServerTiming: OnBootPhase_480_com.android.server.security.KeyChainSystemService
03-03 02:53:12.495 1501 1501 I SystemServerTiming: OnBootPhase_480_com.android.server.telecom.TelecomLoaderService
03-03 02:53:12.495 1501 1501 I SystemServerTiming: OnBootPhase_480_com.android.server.accounts.AccountManagerService$Lifecycle
03-03 02:53:12.495 1501 1501 I SystemServerTiming: OnBootPhase_480_com.android.server.content.ContentService$Lifecycle
03-03 02:53:12.495 1501 1501 I SystemServerTiming: OnBootPhase_480_com.android.server.DropBoxManagerService
03-03 02:53:12.495 1501 1501 I SystemServerTiming: OnBootPhase_480_com.android.role.RoleService
03-03 02:53:12.495 1501 1501 I SystemServerTiming: OnBootPhase_480_com.android.server.vibrator.VibratorManagerService$Lifecycle
03-03 02:53:12.495 1501 1501 I SystemServerTiming: OnBootPhase_480_com.android.server.alarm.AlarmManagerService
03-03 02:53:12.495 1501 1501 I SystemServerTiming: OnBootPhase_480_com.android.server.devicestate.DeviceStateManagerService
03-03 02:53:12.495 1501 1501 I SystemServerTiming: OnBootPhase_480_com.android.server.camera.CameraServiceProxy
03-03 02:53:12.495 1501 1501 I SystemServerTiming: OnBootPhase_480_com.android.server.BluetoothService
03-03 02:53:12.495 1501 1501 I SystemServerTiming: OnBootPhase_480_com.android.server.connectivity.IpConnectivityMetrics
03-03 02:53:12.495 1501 1501 I SystemServerTiming: OnBootPhase_480_com.android.server.net.watchlist.NetworkWatchlistService$Lifecycle
03-03 02:53:12.495 1501 1501 I SystemServerTiming: OnBootPhase_480_com.android.server.PinnerService
03-03 02:53:12.495 1501 1501 I SystemServerTiming: OnBootPhase_480_com.google.android.startop.iorap.IorapForwardingService
03-03 02:53:12.495 1501 1501 I SystemServerTiming: OnBootPhase_480_com.android.server.ActivityTriggerService
03-03 02:53:12.495 1501 1501 I SystemServerTiming: OnBootPhase_480_com.android.server.integrity.AppIntegrityManagerService
03-03 02:53:12.495 1501 1501 I SystemServerTiming: OnBootPhase_480_com.android.server.inputmethod.InputMethodManagerService$Lifecycle
03-03 02:53:12.495 1501 1501 I SystemServerTiming: OnBootPhase_480_com.android.server.accessibility.AccessibilityManagerService$Lifecycle
03-03 02:53:12.495 1501 1501 I SystemServerTiming: OnBootPhase_480_com.android.server.StorageManagerService$Lifecycle
03-03 02:53:12.495 1501 1501 I SystemServerTiming: OnBootPhase_480_com.android.server.usage.StorageStatsService$Lifecycle
03-03 02:53:12.495 1501 1501 I SystemServerTiming: OnBootPhase_480_com.android.server.UiModeManagerService
03-03 02:53:12.495 1501 1501 I SystemServerTiming: OnBootPhase_480_com.android.server.locksettings.LockSettingsService$Lifecycle
03-03 02:53:12.495 1501 1501 I SystemServerTiming: OnBootPhase_480_com.android.server.PersistentDataBlockService
03-03 02:53:12.495 1501 1501 I SystemServerTiming: OnBootPhase_480_com.android.server.testharness.TestHarnessModeService
03-03 02:53:12.495 1501 1501 I SystemServerTiming: OnBootPhase_480_com.android.server.oemlock.OemLockService
03-03 02:53:12.495 1501 1501 I SystemServerTiming: OnBootPhase_480_com.android.server.DeviceIdleController
03-03 02:53:12.495 1501 1501 I SystemServerTiming: OnBootPhase_480_com.android.server.devicepolicy.DevicePolicyManagerService$Lifecycle
03-03 02:53:12.496 1501 1501 I DevicePolicyManager: Current version 2, latest version 2, not upgrading.
03-03 02:53:12.499 1501 1706 I SystemServerTimingAsync: InitThreadPoolExec:DevicePolicyManager
03-03 02:53:12.499 1501 1501 I SystemServerTiming: OnBootPhase_480_com.android.server.texttospeech.TextToSpeechManagerService
03-03 02:53:12.499 1501 1501 I SystemServerTiming: OnBootPhase_480_com.android.server.speech.SpeechRecognitionManagerService
03-03 02:53:12.499 1501 1501 I SystemServerTiming: OnBootPhase_480_com.android.server.searchui.SearchUiManagerService
03-03 02:53:12.499 1501 1501 I SystemServerTiming: OnBootPhase_480_com.android.server.smartspace.SmartspaceManagerService
03-03 02:53:12.499 1501 1501 I SystemServerTiming: OnBootPhase_480_com.android.server.graphics.fonts.FontManagerService$Lifecycle
03-03 02:53:12.499 1501 1501 I SystemServerTiming: OnBootPhase_480_com.android.server.textservices.TextServicesManagerService$Lifecycle
03-03 02:53:12.499 1501 1501 I SystemServerTiming: OnBootPhase_480_com.android.server.textclassifier.TextClassificationManagerService$Lifecycle
03-03 02:53:12.499 1501 1501 I SystemServerTiming: OnBootPhase_480_com.android.server.NetworkScoreService$Lifecycle
03-03 02:53:12.499 1501 1501 I SystemServerTiming: OnBootPhase_480_com.android.server.wifi.WifiService
03-03 02:53:12.499 1501 1501 I SystemServerTiming: OnBootPhase_480_com.android.server.wifi.scanner.WifiScanningService
03-03 02:53:12.499 1501 1501 I SystemServerTiming: OnBootPhase_480_com.android.server.wifi.rtt.RttService
03-03 02:53:12.499 1501 1501 I SystemServerTiming: OnBootPhase_480_com.android.server.wifi.aware.WifiAwareService
03-03 02:53:12.499 1501 1501 I SystemServerTiming: OnBootPhase_480_com.android.server.wifi.p2p.WifiP2pService
03-03 02:53:12.499 1501 1501 I SystemServerTiming: OnBootPhase_480_com.android.server.ethernet.EthernetService
03-03 02:53:12.499 1501 1501 I SystemServerTiming: OnBootPhase_480_com.android.server.ConnectivityServiceInitializer
03-03 02:53:12.499 1501 1501 I SystemServerTiming: OnBootPhase_480_com.android.server.notification.NotificationManagerService
03-03 02:53:12.499 1501 1501 I SystemServerTiming: OnBootPhase_480_com.android.server.storage.DeviceStorageMonitorService
03-03 02:53:12.499 1501 1501 I SystemServerTiming: OnBootPhase_480_com.android.server.location.LocationManagerService$Lifecycle
03-03 02:53:12.499 1501 1501 I SystemServerTiming: OnBootPhase_480_com.android.server.timedetector.TimeDetectorService$Lifecycle
03-03 02:53:12.499 1501 1501 I SystemServerTiming: OnBootPhase_480_com.android.server.timezonedetector.TimeZoneDetectorService$Lifecycle
03-03 02:53:12.499 1501 1501 I SystemServerTiming: OnBootPhase_480_com.android.server.timezonedetector.location.LocationTimeZoneManagerService$Lifecycle
03-03 02:53:12.499 1501 1501 I SystemServerTiming: OnBootPhase_480_com.android.server.search.SearchManagerService$Lifecycle
03-03 02:53:12.499 1501 1501 I SystemServerTiming: OnBootPhase_480_com.android.server.wallpaper.WallpaperManagerService$Lifecycle
03-03 02:53:12.499 1501 1501 I SystemServerTiming: OnBootPhase_480_com.android.server.audio.AudioService$Lifecycle
03-03 02:53:12.499 1501 1501 I SystemServerTiming: OnBootPhase_480_com.android.server.soundtrigger_middleware.SoundTriggerMiddlewareService$Lifecycle
03-03 02:53:12.499 1501 1501 I SystemServerTiming: OnBootPhase_480_com.android.server.DockObserver
03-03 02:53:12.499 1501 1501 I SystemServerTiming: OnBootPhase_480_com.android.server.midi.MidiService$Lifecycle
03-03 02:53:12.499 1501 1501 I SystemServerTiming: OnBootPhase_480_com.android.server.adb.AdbService$Lifecycle
03-03 02:53:12.499 1501 1501 I SystemServerTiming: OnBootPhase_480_com.android.server.usb.UsbService$Lifecycle
03-03 02:53:12.499 1501 1501 I SystemServerTiming: OnBootPhase_480_com.android.server.twilight.TwilightService
03-03 02:53:12.499 1501 1501 I SystemServerTiming: OnBootPhase_480_com.android.server.display.color.ColorDisplayService
03-03 02:53:12.499 1501 1501 I SystemServerTiming: OnBootPhase_480_com.android.server.job.JobSchedulerService
03-03 02:53:12.499 1501 1501 I SystemServerTiming: OnBootPhase_480_com.android.server.soundtrigger.SoundTriggerService
03-03 02:53:12.499 1501 1501 D SoundTriggerService: onBootPhase: 480 : false
03-03 02:53:12.499 1501 1501 I SystemServerTiming: OnBootPhase_480_com.android.server.trust.TrustManagerService
03-03 02:53:12.499 1501 1501 I SystemServerTiming: OnBootPhase_480_com.android.server.backup.BackupManagerService$Lifecycle
03-03 02:53:12.499 1501 1501 I SystemServerTiming: OnBootPhase_480_com.android.server.appwidget.AppWidgetService
03-03 02:53:12.499 1501 1501 I SystemServerTiming: OnBootPhase_480_com.android.server.voiceinteraction.VoiceInteractionManagerService
03-03 02:53:12.499 1501 1501 I SystemServerTiming: OnBootPhase_480_com.android.server.apphibernation.AppHibernationService
03-03 02:53:12.499 1501 1501 I SystemServerTiming: OnBootPhase_480_com.android.server.SensorNotificationService
03-03 02:53:12.499 1501 1501 I SystemServerTiming: OnBootPhase_480_com.android.server.emergency.EmergencyAffordanceService
03-03 02:53:12.499 1501 1501 I SystemServerTiming: OnBootPhase_480_com.android.server.blob.BlobStoreManagerService
03-03 02:53:12.500 1501 1501 I SystemServerTiming: OnBootPhase_480_com.android.server.dreams.DreamManagerService
03-03 02:53:12.500 1501 1501 I SystemServerTiming: OnBootPhase_480_com.android.server.companion.CompanionDeviceManagerService
03-03 02:53:12.500 1501 1501 I SystemServerTiming: OnBootPhase_480_com.android.server.restrictions.RestrictionsManagerService
03-03 02:53:12.500 1501 1501 I SystemServerTiming: OnBootPhase_480_com.android.server.media.MediaSessionService
03-03 02:53:12.500 1501 1501 I SystemServerTiming: OnBootPhase_480_com.android.server.media.MediaResourceMonitorService
03-03 02:53:12.500 1501 1501 I SystemServerTiming: OnBootPhase_480_com.android.server.biometrics.sensors.fingerprint.FingerprintService
03-03 02:53:12.500 1501 1501 I SystemServerTiming: OnBootPhase_480_com.android.server.biometrics.BiometricService
03-03 02:53:12.500 1501 1501 I SystemServerTiming: OnBootPhase_480_com.android.server.biometrics.AuthService
03-03 02:53:12.500 1501 1501 I SystemServerTiming: OnBootPhase_480_com.android.server.pm.ShortcutService$Lifecycle
03-03 02:53:12.501 1501 1501 W ShortcutService: Clock rewound
03-03 02:53:12.501 1501 1501 I SystemServerTiming: OnBootPhase_480_com.android.server.pm.LauncherAppsService
03-03 02:53:12.501 1501 1501 I SystemServerTiming: OnBootPhase_480_com.android.server.pm.CrossProfileAppsService
03-03 02:53:12.501 1501 1501 I SystemServerTiming: OnBootPhase_480_com.android.server.people.PeopleService
03-03 02:53:12.501 1501 1501 I SystemServerTiming: OnBootPhase_480_com.android.server.media.metrics.MediaMetricsManagerService
03-03 02:53:12.501 1501 1501 I SystemServerTiming: OnBootPhase_480_com.android.server.media.projection.MediaProjectionManagerService
03-03 02:53:12.501 1501 1501 I SystemServerTiming: OnBootPhase_480_com.android.server.slice.SliceManagerService$Lifecycle
03-03 02:53:12.501 1501 1501 I SystemServerTiming: OnBootPhase_480_com.android.server.stats.StatsCompanion$Lifecycle
03-03 02:53:12.501 1501 1501 I SystemServerTiming: OnBootPhase_480_com.android.server.scheduling.RebootReadinessManagerService$Lifecycle
03-03 02:53:12.501 1501 1501 I SystemServerTiming: OnBootPhase_480_com.android.server.stats.pull.StatsPullAtomService
03-03 02:53:12.501 1501 1501 I SystemServerTiming: OnBootPhase_480_com.android.server.incident.IncidentCompanionService
03-03 02:53:12.501 1501 1501 I SystemServerTiming: OnBootPhase_480_com.android.server.MmsServiceBroker
03-03 02:53:12.501 1501 1501 I SystemServerTiming: OnBootPhase_480_com.android.server.autofill.AutofillManagerService
03-03 02:53:12.501 1501 1501 I SystemServerTiming: OnBootPhase_480_com.android.server.clipboard.ClipboardService
03-03 02:53:12.501 1501 1501 I SystemServerTiming: OnBootPhase_480_com.android.server.appbinding.AppBindingService$Lifecycle
03-03 02:53:12.501 1501 1501 I SystemServerTiming: OnBootPhase_480_com.android.server.tracing.TracingServiceProxy
03-03 02:53:12.501 1501 1501 I SystemServerTiming: StartBootPhaseSystemServicesReady
03-03 02:53:12.501 1501 1501 I SystemServiceManager: Starting phase 500
03-03 02:53:12.501 1501 1501 I SystemServerTiming: OnBootPhase_500
03-03 02:53:12.501 1501 1501 I SystemServerTiming: OnBootPhase_500_com.android.server.security.FileIntegrityService
03-03 02:53:12.501 1501 1501 I SystemServerTiming: OnBootPhase_500_com.android.server.pm.Installer
03-03 02:53:12.501 1501 1501 I SystemServerTiming: OnBootPhase_500_com.android.server.os.DeviceIdentifiersPolicyService
03-03 02:53:12.501 1501 1501 I SystemServerTiming: OnBootPhase_500_com.android.server.uri.UriGrantsManagerService$Lifecycle
03-03 02:53:12.502 1501 1501 I SystemServerTiming: OnBootPhase_500_com.android.server.powerstats.PowerStatsService
03-03 02:53:12.502 1501 1501 E StatsPullAtomCallbackImpl: Failed to start PowerStatsService statsd pullers
03-03 02:53:12.502 1501 1501 I SystemServerTiming: OnBootPhase_500_com.android.server.wm.ActivityTaskManagerService$Lifecycle
03-03 02:53:12.502 1501 1501 I SystemServerTiming: OnBootPhase_500_com.android.server.am.ActivityManagerService$Lifecycle
03-03 02:53:12.504 1501 1501 E BatteryStatsService: Could not register PowerStatsInternal
03-03 02:53:12.516 1501 1501 I SystemServerTiming: OnBootPhase_500_com.android.server.pm.DataLoaderManagerService
03-03 02:53:12.516 1501 1501 I SystemServerTiming: OnBootPhase_500_com.android.server.power.PowerManagerService
03-03 02:53:12.516 1501 1501 I SystemServerTiming: OnBootPhase_500_com.android.server.power.ThermalManagerService
03-03 02:53:12.516 1501 1501 I SystemServerTiming: OnBootPhase_500_com.android.server.power.hint.HintManagerService
03-03 02:53:12.516 1501 1501 V HintManagerService: Initializing HintManager service...
03-03 02:53:12.517 1501 1501 V HistoricalRegistry: Interaction before persistence initialized
03-03 02:53:12.517 1501 1501 I SystemServerTiming: OnBootPhase_500_com.android.server.recoverysystem.RecoverySystemService$Lifecycle
03-03 02:53:12.517 1501 1501 I SystemServerTiming: OnBootPhase_500_com.android.server.lights.LightsService
03-03 02:53:12.517 1501 1501 I SystemServerTiming: OnBootPhase_500_com.android.server.display.DisplayManagerService
03-03 02:53:12.517 1501 1501 I SystemServerTiming: OnBootPhase_500_com.android.server.pm.verify.domain.DomainVerificationService
03-03 02:53:12.517 1501 1501 I SystemServerTiming: OnBootPhase_500_com.android.server.pm.PackageInstallerService$Lifecycle
03-03 02:53:12.517 1501 1501 I SystemServerTiming: OnBootPhase_500_com.android.server.pm.UserManagerService$LifeCycle
03-03 02:53:12.517 1501 1501 I SystemServerTiming: OnBootPhase_500_com.android.server.om.OverlayManagerService
03-03 02:53:12.517 1501 1501 I SystemServerTiming: OnBootPhase_500_com.android.server.SensorPrivacyService
03-03 02:53:12.520 1501 1501 I SystemServerTiming: OnBootPhase_500_com.android.server.thunderperf.ThunderBoostPerfService
03-03 02:53:12.521 1501 1501 I SystemServerTiming: OnBootPhase_500_com.android.server.sensors.SensorService
03-03 02:53:12.521 1501 1501 I SystemServerTiming: OnBootPhase_500_com.android.server.SystemConfigService
03-03 02:53:12.521 1501 1501 I SystemServerTiming: OnBootPhase_500_com.android.server.BatteryService
03-03 02:53:12.521 1501 1501 I SystemServerTiming: OnBootPhase_500_com.android.server.usage.UsageStatsService
03-03 02:53:12.522 1501 1501 D AppStandbyController: Setting app idle enabled state
03-03 02:53:12.524 1501 1501 V HistoricalRegistry: Interaction before persistence initialized
03-03 02:53:12.524 1501 1501 I SystemServerTiming: OnBootPhase_500_com.android.server.webkit.WebViewUpdateService
03-03 02:53:12.524 1501 1501 I SystemServerTiming: OnBootPhase_500_com.android.server.CachedDeviceStateService
03-03 02:53:12.524 1501 1501 I SystemServerTiming: OnBootPhase_500_com.android.server.BinderCallsStatsService$LifeCycle
03-03 02:53:12.526 1501 1501 I SystemServerTiming: OnBootPhase_500_com.android.server.LooperStatsService$Lifecycle
03-03 02:53:12.526 1501 1501 I SystemServerTiming: OnBootPhase_500_com.android.server.rollback.RollbackManagerService
03-03 02:53:12.526 1501 1501 I SystemServerTiming: OnBootPhase_500_com.android.server.os.NativeTombstoneManagerService
03-03 02:53:12.526 1501 1501 I SystemServerTiming: OnBootPhase_500_com.android.server.os.BugreportManagerService
03-03 02:53:12.526 1501 1501 I SystemServerTiming: OnBootPhase_500_com.android.server.gpu.GpuService
03-03 02:53:12.526 1501 1501 I SystemServerTiming: OnBootPhase_500_com.android.server.security.KeyChainSystemService
03-03 02:53:12.526 1501 1501 I SystemServerTiming: OnBootPhase_500_com.android.server.telecom.TelecomLoaderService
03-03 02:53:12.526 1501 1501 I SystemServerTiming: OnBootPhase_500_com.android.server.accounts.AccountManagerService$Lifecycle
03-03 02:53:12.526 1501 1501 I SystemServerTiming: OnBootPhase_500_com.android.server.content.ContentService$Lifecycle
03-03 02:53:12.526 1501 1501 I SystemServerTiming: OnBootPhase_500_com.android.server.DropBoxManagerService
03-03 02:53:12.526 1501 1501 I SystemServerTiming: OnBootPhase_500_com.android.role.RoleService
03-03 02:53:12.526 1501 1501 I SystemServerTiming: OnBootPhase_500_com.android.server.vibrator.VibratorManagerService$Lifecycle
03-03 02:53:12.526 1501 1501 V VibratorManagerService: Initializing VibratorManager service...
03-03 02:53:12.526 1501 1501 V HistoricalRegistry: Interaction before persistence initialized
03-03 02:53:12.527 1501 1501 V VibratorManagerService: VibratorManager service initialized
03-03 02:53:12.527 1501 1501 I SystemServerTiming: OnBootPhase_500_com.android.server.alarm.AlarmManagerService
03-03 02:53:12.527 1501 1501 E LazyAlarmStore: Removed TIME_TICK alarm
03-03 02:53:12.529 1501 1501 I SystemServerTiming: OnBootPhase_500_com.android.server.devicestate.DeviceStateManagerService
03-03 02:53:12.529 1501 1501 I SystemServerTiming: OnBootPhase_500_com.android.server.camera.CameraServiceProxy
03-03 02:53:12.529 1501 1501 I SystemServerTiming: OnBootPhase_500_com.android.server.BluetoothService
03-03 02:53:12.529 1501 1600 I DropBoxManagerService: add tag=system_server_wtf isTagEnabled=true flags=0x2
03-03 02:53:12.530 1501 1501 I SystemServerTiming: OnBootPhase_500_com.android.server.connectivity.IpConnectivityMetrics
03-03 02:53:12.533 1501 1501 I SystemServerTiming: OnBootPhase_500_com.android.server.net.watchlist.NetworkWatchlistService$Lifecycle
03-03 02:53:12.533 1501 1501 I SystemServerTiming: OnBootPhase_500_com.android.server.PinnerService
03-03 02:53:12.533 1501 1501 I SystemServerTiming: OnBootPhase_500_com.google.android.startop.iorap.IorapForwardingService
03-03 02:53:12.533 1501 1501 I SystemServerTiming: OnBootPhase_500_com.android.server.ActivityTriggerService
03-03 02:53:12.533 1501 1501 I SystemServerTiming: OnBootPhase_500_com.android.server.integrity.AppIntegrityManagerService
03-03 02:53:12.533 1501 1501 I SystemServerTiming: OnBootPhase_500_com.android.server.inputmethod.InputMethodManagerService$Lifecycle
03-03 02:53:12.533 1501 1501 I SystemServerTiming: OnBootPhase_500_com.android.server.accessibility.AccessibilityManagerService$Lifecycle
03-03 02:53:12.533 1501 1501 I SystemServerTiming: OnBootPhase_500_com.android.server.StorageManagerService$Lifecycle
03-03 02:53:12.535 1501 1501 I SystemServerTiming: OnBootPhase_500_com.android.server.usage.StorageStatsService$Lifecycle
03-03 02:53:12.535 1501 1501 I SystemServerTiming: OnBootPhase_500_com.android.server.UiModeManagerService
03-03 02:53:12.538 1501 1501 I ActivityTaskManager: Config changes=200 {1.0 ?mcc?mnc [zh_CN] ldltr sw680dp w1586dp h588dp 240dpi lrg long land finger -keyb/v/h -nav/h winConfig={ mBounds=Rect(0, 0 - 2380, 1020) mAppBounds=Rect(0, 0 - 2380, 954) mMaxBounds=Rect(0, 0 - 2380, 1020) mWindowingMode=fullscreen mDisplayWindowingMode=fullscreen mActivityType=undefined mAlwaysOnTop=undefined mRotation=ROTATION_0} s.6 ?fontWeightAdjustment}
03-03 02:53:12.540 1501 1501 I WindowManager: Override config changes=200 {1.0 ?mcc?mnc [zh_CN] ldltr sw680dp w1586dp h588dp 240dpi lrg long land finger -keyb/v/h -nav/h winConfig={ mBounds=Rect(0, 0 - 2380, 1020) mAppBounds=Rect(0, 0 - 2380, 954) mMaxBounds=Rect(0, 0 - 2380, 1020) mWindowingMode=fullscreen mDisplayWindowingMode=fullscreen mActivityType=undefined mAlwaysOnTop=undefined mRotation=ROTATION_0} s.6 ?fontWeightAdjustment} for displayId=0
03-03 02:53:12.542 1501 1501 I SystemServerTiming: OnBootPhase_500_com.android.server.locksettings.LockSettingsService$Lifecycle
03-03 02:53:12.542 1501 1501 I SystemServerTiming: OnBootPhase_500_com.android.server.PersistentDataBlockService
03-03 02:53:12.542 1501 1501 I SystemServerTiming: OnBootPhase_500_com.android.server.testharness.TestHarnessModeService
03-03 02:53:12.542 1501 1501 D TestHarnessModeService: Setting up test harness mode
03-03 02:53:12.542 1501 1501 D TestHarnessModeService: Getting PersistentDataBlockManagerInternal from LocalServices
03-03 02:53:12.557 1501 1501 I SystemServerTiming: OnBootPhase_500_com.android.server.oemlock.OemLockService
03-03 02:53:12.557 1501 1501 I SystemServerTiming: OnBootPhase_500_com.android.server.DeviceIdleController
03-03 02:53:12.558 1501 1501 V HistoricalRegistry: Interaction before persistence initialized
03-03 02:53:12.559 1501 1501 I SystemServerTiming: OnBootPhase_500_com.android.server.devicepolicy.DevicePolicyManagerService$Lifecycle
03-03 02:53:12.559 1501 1501 I SystemServerTiming: OnBootPhase_500_com.android.server.texttospeech.TextToSpeechManagerService
03-03 02:53:12.559 1501 1501 I SystemServerTiming: OnBootPhase_500_com.android.server.speech.SpeechRecognitionManagerService
03-03 02:53:12.559 1501 1501 I SystemServerTiming: OnBootPhase_500_com.android.server.searchui.SearchUiManagerService
03-03 02:53:12.559 1501 1501 I SystemServerTiming: OnBootPhase_500_com.android.server.smartspace.SmartspaceManagerService
03-03 02:53:12.559 1501 1501 I SystemServerTiming: OnBootPhase_500_com.android.server.graphics.fonts.FontManagerService$Lifecycle
03-03 02:53:12.559 1501 1501 I SystemServerTiming: OnBootPhase_500_com.android.server.textservices.TextServicesManagerService$Lifecycle
03-03 02:53:12.559 1501 1501 I SystemServerTiming: OnBootPhase_500_com.android.server.textclassifier.TextClassificationManagerService$Lifecycle
03-03 02:53:12.559 1501 1501 I SystemServerTiming: OnBootPhase_500_com.android.server.NetworkScoreService$Lifecycle
03-03 02:53:12.559 1501 1501 I SystemServerTiming: OnBootPhase_500_com.android.server.wifi.WifiService
03-03 02:53:12.560 1501 1501 I SystemServerTiming: OnBootPhase_500_com.android.server.wifi.scanner.WifiScanningService
03-03 02:53:12.560 1501 1501 I SystemServerTiming: OnBootPhase_500_com.android.server.wifi.rtt.RttService
03-03 02:53:12.569 1501 1501 I SystemServerTiming: OnBootPhase_500_com.android.server.wifi.aware.WifiAwareService
03-03 02:53:12.569 1501 1914 E ActivityManager: Attempt to launch receivers of broadcast intent Intent { act=android.app.action.STATSD_STARTED flg=0x1000000 } before boot completion
03-03 02:53:12.585 1501 1501 I SystemServerTiming: OnBootPhase_500_com.android.server.wifi.p2p.WifiP2pService
03-03 02:53:12.585 1501 1501 I SystemServerTiming: OnBootPhase_500_com.android.server.ethernet.EthernetService
03-03 02:53:12.587 1501 1501 I SystemServerTiming: OnBootPhase_500_com.android.server.ConnectivityServiceInitializer
03-03 02:53:12.587 1501 1501 I SystemServerTiming: OnBootPhase_500_com.android.server.notification.NotificationManagerService
03-03 02:53:12.588 1501 1501 I GameModeConfig: isGameModeOn = false
03-03 02:53:12.590 1501 1501 I SystemServerTiming: OnBootPhase_500_com.android.server.storage.DeviceStorageMonitorService
03-03 02:53:12.590 1501 1501 I SystemServerTiming: OnBootPhase_500_com.android.server.location.LocationManagerService$Lifecycle
03-03 02:53:12.591 1501 1501 V HistoricalRegistry: Interaction before persistence initialized
03-03 02:53:12.592 1501 1501 I SystemServerTiming: OnBootPhase_500_com.android.server.timedetector.TimeDetectorService$Lifecycle
03-03 02:53:12.592 1501 1501 I SystemServerTiming: OnBootPhase_500_com.android.server.timezonedetector.TimeZoneDetectorService$Lifecycle
03-03 02:53:12.592 1501 1501 I SystemServerTiming: OnBootPhase_500_com.android.server.timezonedetector.location.LocationTimeZoneManagerService$Lifecycle
03-03 02:53:12.592 1501 1501 I SystemServerTiming: OnBootPhase_500_com.android.server.search.SearchManagerService$Lifecycle
03-03 02:53:12.592 1501 1501 I SystemServerTiming: OnBootPhase_500_com.android.server.wallpaper.WallpaperManagerService$Lifecycle
03-03 02:53:12.592 1501 1501 I SystemServerTiming: OnBootPhase_500_com.android.server.audio.AudioService$Lifecycle
03-03 02:53:12.592 1501 1501 I SystemServerTiming: OnBootPhase_500_com.android.server.soundtrigger_middleware.SoundTriggerMiddlewareService$Lifecycle
03-03 02:53:12.592 1501 1501 I SystemServerTiming: OnBootPhase_500_com.android.server.DockObserver
03-03 02:53:12.592 1501 1501 I SystemServerTiming: OnBootPhase_500_com.android.server.midi.MidiService$Lifecycle
03-03 02:53:12.592 1501 1501 I SystemServerTiming: OnBootPhase_500_com.android.server.adb.AdbService$Lifecycle
03-03 02:53:12.592 1501 1501 I SystemServerTiming: OnBootPhase_500_com.android.server.usb.UsbService$Lifecycle
03-03 02:53:12.592 1501 1501 I SystemServerTiming: OnBootPhase_500_com.android.server.twilight.TwilightService
03-03 02:53:12.592 1501 1501 I SystemServerTiming: OnBootPhase_500_com.android.server.display.color.ColorDisplayService
03-03 02:53:12.592 1501 1501 I SystemServerTiming: OnBootPhase_500_com.android.server.job.JobSchedulerService
03-03 02:53:12.604 1501 1501 V HistoricalRegistry: Interaction before persistence initialized
03-03 02:53:12.605 1501 1501 I SystemServerTiming: OnBootPhase_500_com.android.server.soundtrigger.SoundTriggerService
03-03 02:53:12.605 1501 1501 D SoundTriggerService: onBootPhase: 500 : false
03-03 02:53:12.605 1501 1501 I SystemServerTiming: OnBootPhase_500_com.android.server.trust.TrustManagerService
03-03 02:53:12.606 1501 1501 I SystemServerTiming: OnBootPhase_500_com.android.server.backup.BackupManagerService$Lifecycle
03-03 02:53:12.606 1501 1501 I SystemServerTiming: OnBootPhase_500_com.android.server.appwidget.AppWidgetService
03-03 02:53:12.606 1501 1501 I SystemServerTiming: OnBootPhase_500_com.android.server.voiceinteraction.VoiceInteractionManagerService
03-03 02:53:12.606 1501 1501 I SystemServerTiming: OnBootPhase_500_com.android.server.apphibernation.AppHibernationService
03-03 02:53:12.607 1501 1501 I SystemServerTiming: OnBootPhase_500_com.android.server.SensorNotificationService
03-03 02:53:12.607 1501 1501 I SystemServerTiming: OnBootPhase_500_com.android.server.emergency.EmergencyAffordanceService
03-03 02:53:12.607 1501 1501 I SystemServerTiming: OnBootPhase_500_com.android.server.blob.BlobStoreManagerService
03-03 02:53:12.607 1501 1501 I SystemServerTiming: OnBootPhase_500_com.android.server.dreams.DreamManagerService
03-03 02:53:12.607 1501 1501 I SystemServerTiming: OnBootPhase_500_com.android.server.companion.CompanionDeviceManagerService
03-03 02:53:12.608 1501 1501 I CompanionDeviceManagerService: initBleScanning()
03-03 02:53:12.609 1501 1501 I SystemServerTiming: OnBootPhase_500_com.android.server.restrictions.RestrictionsManagerService
03-03 02:53:12.609 1501 1501 I SystemServerTiming: OnBootPhase_500_com.android.server.media.MediaSessionService
03-03 02:53:12.609 1501 1501 I SystemServerTiming: OnBootPhase_500_com.android.server.media.MediaResourceMonitorService
03-03 02:53:12.609 1501 1501 I SystemServerTiming: OnBootPhase_500_com.android.server.biometrics.sensors.fingerprint.FingerprintService
03-03 02:53:12.609 1501 1501 I SystemServerTiming: OnBootPhase_500_com.android.server.biometrics.BiometricService
03-03 02:53:12.609 1501 1501 I SystemServerTiming: OnBootPhase_500_com.android.server.biometrics.AuthService
03-03 02:53:12.609 1501 1501 I SystemServerTiming: OnBootPhase_500_com.android.server.pm.ShortcutService$Lifecycle
03-03 02:53:12.609 1501 1501 I SystemServerTiming: OnBootPhase_500_com.android.server.pm.LauncherAppsService
03-03 02:53:12.609 1501 1501 I SystemServerTiming: OnBootPhase_500_com.android.server.pm.CrossProfileAppsService
03-03 02:53:12.609 1501 1501 I SystemServerTiming: OnBootPhase_500_com.android.server.people.PeopleService
03-03 02:53:12.609 1501 1501 I SystemServerTiming: OnBootPhase_500_com.android.server.media.metrics.MediaMetricsManagerService
03-03 02:53:12.609 1501 1501 I SystemServerTiming: OnBootPhase_500_com.android.server.media.projection.MediaProjectionManagerService
03-03 02:53:12.609 1501 1501 I SystemServerTiming: OnBootPhase_500_com.android.server.slice.SliceManagerService$Lifecycle
03-03 02:53:12.609 1501 1501 I SystemServerTiming: OnBootPhase_500_com.android.server.stats.StatsCompanion$Lifecycle
03-03 02:53:12.609 1501 1501 I SystemServerTiming: OnBootPhase_500_com.android.server.scheduling.RebootReadinessManagerService$Lifecycle
03-03 02:53:12.609 1501 1501 I SystemServerTiming: OnBootPhase_500_com.android.server.stats.pull.StatsPullAtomService
03-03 02:53:12.610 1501 1501 I SystemServerTiming: OnBootPhase_500_com.android.server.incident.IncidentCompanionService
03-03 02:53:12.610 1501 1501 I SystemServerTiming: OnBootPhase_500_com.android.server.MmsServiceBroker
03-03 02:53:12.610 1501 1501 I SystemServerTiming: OnBootPhase_500_com.android.server.autofill.AutofillManagerService
03-03 02:53:12.610 1501 1501 I SystemServerTiming: OnBootPhase_500_com.android.server.clipboard.ClipboardService
03-03 02:53:12.610 1501 1501 I SystemServerTiming: OnBootPhase_500_com.android.server.appbinding.AppBindingService$Lifecycle
03-03 02:53:12.610 1501 1501 I SystemServerTiming: OnBootPhase_500_com.android.server.tracing.TracingServiceProxy
03-03 02:53:12.610 1501 1501 I SystemServerTiming: MakeWindowManagerServiceReady
03-03 02:53:12.613 1501 1501 I SystemServerTiming: MakePowerManagerServiceReady
03-03 02:53:12.613 1501 1968 I DropBoxManagerService: add tag=system_server_wtf isTagEnabled=true flags=0x2
03-03 02:53:12.614 1501 1969 I DropBoxManagerService: add tag=system_server_wtf isTagEnabled=true flags=0x2
03-03 02:53:12.614 1501 1598 I HealthServiceWrapper: health: HealthServiceWrapper listening to instance default
03-03 02:53:12.615 1501 1501 I AttentionDetector: readValuesFromDeviceConfig():
03-03 02:53:12.615 1501 1501 I AttentionDetector: mMaximumExtensionMillis=900000
03-03 02:53:12.615 1501 1501 I AttentionDetector: mPreDimCheckDurationMillis=2000
03-03 02:53:12.615 1501 1501 I AttentionDetector: mRequestedPostDimTimeoutMillis=0
03-03 02:53:12.616 1501 1598 D StatsPullAtomService: Registering pullers with statsd
03-03 02:53:12.621 1501 1501 E DisplayPowerController[0]: failed to set up display white-balance: java.lang.IllegalStateException: cannot find light sensor
03-03 02:53:12.621 1501 1501 W DisplayPowerController[0]: Screen brightness nits configuration is unavailable; falling back
03-03 02:53:12.624 1501 1598 I StatsPullAtomService: register thermal listener successfully
03-03 02:53:12.635 1501 1501 I FaceDownDetector: readValuesFromDeviceConfig():
03-03 02:53:12.635 1501 1501 I FaceDownDetector: mAccelerationThreshold=0.2
03-03 02:53:12.635 1501 1501 I FaceDownDetector: mZAccelerationThreshold=-9.5
03-03 02:53:12.635 1501 1501 I FaceDownDetector: mTimeThreshold=PT1S
03-03 02:53:12.635 1501 1501 I FaceDownDetector: mIsEnabled=true
03-03 02:53:12.638 1501 1501 I ScreenUndimDetector: readValuesFromDeviceConfig():
03-03 02:53:12.638 1501 1501 I ScreenUndimDetector: mKeepScreenOnForMillis=600000
03-03 02:53:12.638 1501 1501 I ScreenUndimDetector: mKeepScreenOnNotificationEnabled=false
03-03 02:53:12.638 1501 1501 I ScreenUndimDetector: mUndimsRequired=2
03-03 02:53:12.638 1501 1639 W KeyguardServiceDelegate: onScreenTurningOn(): no keyguard service!
03-03 02:53:12.638 1501 1621 E KernelCpuSpeedReader: Failed to read cpu-freq: /sys/devices/system/cpu/cpu4/cpufreq/stats/time_in_state: open failed: ENOENT (No such file or directory)
03-03 02:53:12.639 1501 1621 E KernelCpuSpeedReader: Failed to read cpu-freq: /sys/devices/system/cpu/cpu0/cpufreq/stats/time_in_state: open failed: ENOENT (No such file or directory)
03-03 02:53:12.639 1501 1639 V DisplayPowerController[0]: Brightness [1.0] reason changing to: 'override', previous reason: '0'.
03-03 02:53:12.641 1501 1501 I SystemServerTiming: StartPermissionPolicyService
03-03 02:53:12.641 1501 1501 I SystemServiceManager: Starting com.android.server.policy.PermissionPolicyService
03-03 02:53:12.646 1501 1501 I SystemServerTiming: MakePackageManagerServiceReady
03-03 02:53:12.649 1501 1501 V UserDataPreparer: Found /data/user_de/0 with serial number 0
03-03 02:53:12.649 1501 1501 V UserDataPreparer: Found /data/user/0 with serial number 0
03-03 02:53:12.649 1501 1501 V UserDataPreparer: Found /data/system_de/0 with serial number 0
03-03 02:53:12.649 1501 1501 W UserDataPreparer: Invalid user directory /data/system_de/usagestats
03-03 02:53:12.649 1501 1501 V UserDataPreparer: Found /data/system_ce/0 with serial number 0
03-03 02:53:12.649 1501 1501 V UserDataPreparer: Found /data/misc_ce/0 with serial number 0
03-03 02:53:12.673 1501 1501 I PackageManager: Permission ownership changed. Updating all permissions.
03-03 02:53:12.697 1501 1501 I SystemServerTiming: MakeDisplayManagerServiceReady
03-03 02:53:12.703 1501 1584 E DisplayModeDirector: Asked about unknown display, returning empty display mode specs!(id=0)
03-03 02:53:12.703 1501 1584 E DisplayModeDirector: Asked about unknown display, returning empty display mode specs!(id=0)
03-03 02:53:12.705 1501 1501 I SystemServerTiming: StartDeviceSpecificServices
03-03 02:53:12.705 1501 1501 I SystemServerTiming: GameManagerService
03-03 02:53:12.705 1501 1501 I SystemServiceManager: Starting com.android.server.app.GameManagerService$Lifecycle
03-03 02:53:12.707 1501 1659 E DefaultPermGrantPolicy: Package not found: com.qualcomm.qti.cne
03-03 02:53:12.709 1501 1501 I SystemServerTiming: StartBootPhaseDeviceSpecificServicesReady
03-03 02:53:12.709 1501 1501 I SystemServiceManager: Starting phase 520
03-03 02:53:12.709 1501 1501 I SystemServerTiming: OnBootPhase_520
03-03 02:53:12.709 1501 1501 I SystemServerTiming: OnBootPhase_520_com.android.server.security.FileIntegrityService
03-03 02:53:12.709 1501 1501 I SystemServerTiming: OnBootPhase_520_com.android.server.pm.Installer
03-03 02:53:12.709 1501 1501 I SystemServerTiming: OnBootPhase_520_com.android.server.os.DeviceIdentifiersPolicyService
03-03 02:53:12.709 1501 1501 I SystemServerTiming: OnBootPhase_520_com.android.server.uri.UriGrantsManagerService$Lifecycle
03-03 02:53:12.709 1501 1501 I SystemServerTiming: OnBootPhase_520_com.android.server.powerstats.PowerStatsService
03-03 02:53:12.709 1501 1501 I SystemServerTiming: OnBootPhase_520_com.android.server.wm.ActivityTaskManagerService$Lifecycle
03-03 02:53:12.709 1501 1501 I SystemServerTiming: OnBootPhase_520_com.android.server.am.ActivityManagerService$Lifecycle
03-03 02:53:12.709 1501 1501 I SystemServerTiming: OnBootPhase_520_com.android.server.pm.DataLoaderManagerService
03-03 02:53:12.709 1501 1501 I SystemServerTiming: OnBootPhase_520_com.android.server.power.PowerManagerService
03-03 02:53:12.709 1501 1501 I SystemServerTiming: OnBootPhase_520_com.android.server.power.ThermalManagerService
03-03 02:53:12.709 1501 1501 I SystemServerTiming: OnBootPhase_520_com.android.server.power.hint.HintManagerService
03-03 02:53:12.709 1501 1501 I SystemServerTiming: OnBootPhase_520_com.android.server.recoverysystem.RecoverySystemService$Lifecycle
03-03 02:53:12.709 1501 1501 I SystemServerTiming: OnBootPhase_520_com.android.server.lights.LightsService
03-03 02:53:12.709 1501 1501 I SystemServerTiming: OnBootPhase_520_com.android.server.display.DisplayManagerService
03-03 02:53:12.709 1501 1501 I SystemServerTiming: OnBootPhase_520_com.android.server.pm.verify.domain.DomainVerificationService
03-03 02:53:12.709 1501 1501 I SystemServerTiming: OnBootPhase_520_com.android.server.pm.PackageInstallerService$Lifecycle
03-03 02:53:12.709 1501 1501 I SystemServerTiming: OnBootPhase_520_com.android.server.pm.UserManagerService$LifeCycle
03-03 02:53:12.709 1501 1501 I SystemServerTiming: OnBootPhase_520_com.android.server.om.OverlayManagerService
03-03 02:53:12.709 1501 1501 I SystemServerTiming: OnBootPhase_520_com.android.server.SensorPrivacyService
03-03 02:53:12.709 1501 1501 I SystemServerTiming: OnBootPhase_520_com.android.server.thunderperf.ThunderBoostPerfService
03-03 02:53:12.709 1501 1501 I SystemServerTiming: OnBootPhase_520_com.android.server.sensors.SensorService
03-03 02:53:12.709 1501 1501 I SystemServerTiming: OnBootPhase_520_com.android.server.SystemConfigService
