01-02 08:26:57.852 0 0 E DTC_ETH,link_delay_work_func: 3003, SQI=0, link=0
01-02 08:27:02.970 0 0 E DTC_ETH,link_delay_work_func: 3003, SQI=0, link=0
01-02 08:27:08.090 0 0 E DTC_ETH,link_delay_work_func: 3003, SQI=0, link=0
01-02 08:27:13.210 0 0 E DTC_ETH,link_delay_work_func: 3003, SQI=0, link=0
01-02 08:27:18.330 0 0 E DTC_ETH,link_delay_work_func: 3003, SQI=0, link=0
01-02 08:27:23.450 0 0 E DTC_ETH,link_delay_work_func: 3003, SQI=0, link=0
03-04 03:20:26.107 1501 1501 I ActivityManager: Idle maintenance over +35s2ms low RAM for 0
03-04 03:20:26.109 519 4184 D vold : idle maintenance started
03-04 03:20:26.112 519 4184 D vold : Start GC on /sys/fs/f2fs/dm-10
03-04 03:20:26.113 519 4184 D vold : Stop GC on /sys/fs/f2fs/dm-10
03-04 03:20:26.114 519 4184 D vold : Starting trim of /persist
03-04 03:20:26.114 519 4184 I vold : Trimmed 0 bytes on /persist in 0ms
03-04 03:20:26.114 519 4184 D vold : Starting trim of /metadata
03-04 03:20:26.114 519 4184 I vold : Trimmed 0 bytes on /metadata in 0ms
03-04 03:20:26.114 519 4184 D vold : Starting trim of /data
03-04 03:20:26.129 519 4184 I vold : Trimmed 0 bytes on /data in 14ms
03-04 03:20:26.129 519 4184 D vold : Starting trim of /mnt/vendor/spunvm
03-04 03:20:26.129 519 4184 W vold : Failed to open /mnt/vendor/spunvm: Permission denied
03-04 03:20:26.129 519 4184 D vold : Starting trim of /mnt/vendor/persist
03-04 03:20:26.129 519 4184 I vold : Trimmed 0 bytes on /mnt/vendor/persist in 0ms
03-04 03:20:26.131 519 4184 D vold : Start Dev GC on /sys/devices/platform/soc/1d84000.ufshc/manual_gc
03-04 03:20:26.131 519 4184 W vold : Reading manual_gc failed in /sys/devices/platform/soc/1d84000.ufshc/manual_gc: No such file or directory
03-04 03:20:26.131 519 4184 D vold : Stop Dev GC on /sys/devices/platform/soc/1d84000.ufshc/manual_gc
03-04 03:20:26.131 519 4184 W vold : Stop Dev GC failed on /sys/devices/platform/soc/1d84000.ufshc/manual_gc: Permission denied
03-04 03:20:26.131 519 4184 D vold : idle maintenance completed
03-04 03:20:26.131 1501 1598 I MountServiceIdler: Got mount service completion callback
01-02 08:27:28.570 0 0 E DTC_ETH,link_delay_work_func: 3003, SQI=0, link=0
01-02 08:27:33.690 0 0 E DTC_ETH,link_delay_work_func: 3003, SQI=0, link=0
01-02 08:27:38.810 0 0 E DTC_ETH,link_delay_work_func: 3003, SQI=0, link=0
01-02 08:27:43.930 0 0 E DTC_ETH,link_delay_work_func: 3003, SQI=0, link=0
01-02 08:27:49.050 0 0 E DTC_ETH,link_delay_work_func: 3003, SQI=0, link=0
01-02 08:27:54.170 0 0 E DTC_ETH,link_delay_work_func: 3003, SQI=0, link=0
01-02 08:27:59.290 0 0 E DTC_ETH,link_delay_work_func: 3003, SQI=0, link=0
03-04 03:21:01.106 1501 1501 I ActivityManager: Idle maintenance over +34s999ms low RAM for 0
03-04 03:21:01.107 519 4223 D vold : idle maintenance started
03-04 03:21:01.110 519 4223 D vold : Start GC on /sys/fs/f2fs/dm-10
03-04 03:21:01.111 519 4223 D vold : Stop GC on /sys/fs/f2fs/dm-10
03-04 03:21:01.112 519 4223 D vold : Starting trim of /persist
03-04 03:21:01.112 519 4223 I vold : Trimmed 0 bytes on /persist in 0ms
03-04 03:21:01.112 519 4223 D vold : Starting trim of /metadata
03-04 03:21:01.112 519 4223 I vold : Trimmed 0 bytes on /metadata in 0ms
03-04 03:21:01.112 519 4223 D vold : Starting trim of /data
03-04 03:21:01.132 519 4223 I vold : Trimmed 0 bytes on /data in 19ms
03-04 03:21:01.132 519 4223 D vold : Starting trim of /mnt/vendor/spunvm
03-04 03:21:01.132 519 4223 W vold : Failed to open /mnt/vendor/spunvm: Permission denied
03-04 03:21:01.132 519 4223 D vold : Starting trim of /mnt/vendor/persist
03-04 03:21:01.132 519 4223 I vold : Trimmed 0 bytes on /mnt/vendor/persist in 0ms
03-04 03:21:01.134 519 4223 D vold : Start Dev GC on /sys/devices/platform/soc/1d84000.ufshc/manual_gc
03-04 03:21:01.134 519 4223 W vold : Reading manual_gc failed in /sys/devices/platform/soc/1d84000.ufshc/manual_gc: No such file or directory
03-04 03:21:01.134 519 4223 D vold : Stop Dev GC on /sys/devices/platform/soc/1d84000.ufshc/manual_gc
03-04 03:21:01.134 519 4223 W vold : Stop Dev GC failed on /sys/devices/platform/soc/1d84000.ufshc/manual_gc: Permission denied
03-04 03:21:01.135 519 4223 D vold : idle maintenance completed
03-04 03:21:01.135 1501 1598 I MountServiceIdler: Got mount service completion callback
01-02 08:28:04.410 0 0 E DTC_ETH,link_delay_work_func: 3003, SQI=0, link=0
01-02 08:28:09.530 0 0 E DTC_ETH,link_delay_work_func: 3003, SQI=0, link=0
01-02 08:28:14.650 0 0 E DTC_ETH,link_delay_work_func: 3003, SQI=0, link=0
03-04 03:21:15.488 1501 2824 D IntervalStats: Unable to parse usage stats packages: [108, 112, 115, 116]
01-02 08:28:19.770 0 0 E DTC_ETH,link_delay_work_func: 3003, SQI=0, link=0
01-02 08:28:24.891 0 0 E DTC_ETH,link_delay_work_func: 3003, SQI=0, link=0
01-02 08:28:30.010 0 0 E DTC_ETH,link_delay_work_func: 3003, SQI=0, link=0
01-02 08:28:35.130 0 0 E DTC_ETH,link_delay_work_func: 3003, SQI=0, link=0
03-04 03:21:36.118 1501 1501 I ActivityManager: Idle maintenance over +35s12ms low RAM for 0
03-04 03:21:36.120 519 4312 D vold : idle maintenance started
03-04 03:21:36.123 519 4312 D vold : Start GC on /sys/fs/f2fs/dm-10
03-04 03:21:36.123 519 4312 D vold : Stop GC on /sys/fs/f2fs/dm-10
03-04 03:21:36.124 519 4312 D vold : Starting trim of /persist
03-04 03:21:36.124 519 4312 I vold : Trimmed 0 bytes on /persist in 0ms
03-04 03:21:36.124 519 4312 D vold : Starting trim of /metadata
03-04 03:21:36.124 519 4312 I vold : Trimmed 0 bytes on /metadata in 0ms
03-04 03:21:36.124 519 4312 D vold : Starting trim of /data
03-04 03:21:36.136 519 4312 I vold : Trimmed 0 bytes on /data in 12ms
03-04 03:21:36.136 519 4312 D vold : Starting trim of /mnt/vendor/spunvm
03-04 03:21:36.136 519 4312 W vold : Failed to open /mnt/vendor/spunvm: Permission denied
03-04 03:21:36.136 519 4312 D vold : Starting trim of /mnt/vendor/persist
03-04 03:21:36.136 519 4312 I vold : Trimmed 0 bytes on /mnt/vendor/persist in 0ms
03-04 03:21:36.138 519 4312 D vold : Start Dev GC on /sys/devices/platform/soc/1d84000.ufshc/manual_gc
03-04 03:21:36.138 519 4312 W vold : Reading manual_gc failed in /sys/devices/platform/soc/1d84000.ufshc/manual_gc: No such file or directory
03-04 03:21:36.138 519 4312 D vold : Stop Dev GC on /sys/devices/platform/soc/1d84000.ufshc/manual_gc
03-04 03:21:36.138 519 4312 W vold : Stop Dev GC failed on /sys/devices/platform/soc/1d84000.ufshc/manual_gc: Permission denied
03-04 03:21:36.139 519 4312 D vold : idle maintenance completed
03-04 03:21:36.139 1501 1598 I MountServiceIdler: Got mount service completion callback
01-02 08:28:40.250 0 0 E DTC_ETH,link_delay_work_func: 3003, SQI=0, link=0
01-02 08:28:45.370 0 0 E DTC_ETH,link_delay_work_func: 3003, SQI=0, link=0
01-02 08:28:50.490 0 0 E DTC_ETH,link_delay_work_func: 3003, SQI=0, link=0
01-02 08:28:55.610 0 0 E DTC_ETH,link_delay_work_func: 3003, SQI=0, link=0
01-02 08:29:00.730 0 0 E DTC_ETH,link_delay_work_func: 3003, SQI=0, link=0
01-02 08:29:05.850 0 0 E DTC_ETH,link_delay_work_func: 3003, SQI=0, link=0
03-04 03:22:11.109 1501 1501 I ActivityManager: Idle maintenance over +34s991ms low RAM for 0
03-04 03:22:11.110 519 5019 D vold : idle maintenance started
03-04 03:22:11.113 519 5019 D vold : Start GC on /sys/fs/f2fs/dm-10
03-04 03:22:11.114 519 5019 D vold : Stop GC on /sys/fs/f2fs/dm-10
03-04 03:22:11.115 519 5019 D vold : Starting trim of /persist
03-04 03:22:11.115 519 5019 I vold : Trimmed 0 bytes on /persist in 0ms
03-04 03:22:11.115 519 5019 D vold : Starting trim of /metadata
03-04 03:22:11.115 519 5019 I vold : Trimmed 0 bytes on /metadata in 0ms
03-04 03:22:11.115 519 5019 D vold : Starting trim of /data
03-04 03:22:11.132 519 5019 I vold : Trimmed 0 bytes on /data in 16ms
03-04 03:22:11.132 519 5019 D vold : Starting trim of /mnt/vendor/spunvm
03-04 03:22:11.132 519 5019 W vold : Failed to open /mnt/vendor/spunvm: Permission denied
03-04 03:22:11.132 519 5019 D vold : Starting trim of /mnt/vendor/persist
03-04 03:22:11.133 519 5019 I vold : Trimmed 0 bytes on /mnt/vendor/persist in 0ms
03-04 03:22:11.134 519 5019 D vold : Start Dev GC on /sys/devices/platform/soc/1d84000.ufshc/manual_gc
03-04 03:22:11.134 519 5019 W vold : Reading manual_gc failed in /sys/devices/platform/soc/1d84000.ufshc/manual_gc: No such file or directory
03-04 03:22:11.134 519 5019 D vold : Stop Dev GC on /sys/devices/platform/soc/1d84000.ufshc/manual_gc
03-04 03:22:11.134 519 5019 W vold : Stop Dev GC failed on /sys/devices/platform/soc/1d84000.ufshc/manual_gc: Permission denied
03-04 03:22:11.134 519 5019 D vold : idle maintenance completed
03-04 03:22:11.135 1501 1598 I MountServiceIdler: Got mount service completion callback
01-02 08:29:10.970 0 0 E DTC_ETH,link_delay_work_func: 3003, SQI=0, link=0
01-02 08:29:16.090 0 0 E DTC_ETH,link_delay_work_func: 3003, SQI=0, link=0
01-02 08:29:21.210 0 0 E DTC_ETH,link_delay_work_func: 3003, SQI=0, link=0
01-02 08:29:23.092 0 0 I [dp_rx_][0x18a1ea725c0][03:22:23.716342] wlan: [3350:I:QDF] DHCP-R RX: SA:0e:79:35:c2:75:95 DA:ff:ff:ff:ff:ff:ff
01-02 08:29:26.330 0 0 E DTC_ETH,link_delay_work_func: 3003, SQI=0, link=0
01-02 08:29:31.450 0 0 E DTC_ETH,link_delay_work_func: 3003, SQI=0, link=0
01-02 08:29:36.570 0 0 E DTC_ETH,link_delay_work_func: 3003, SQI=0, link=0
01-02 08:29:41.690 0 0 E DTC_ETH,link_delay_work_func: 3003, SQI=0, link=0
03-04 03:22:46.107 1501 1501 I ActivityManager: Idle maintenance over +34s998ms low RAM for 0
03-04 03:22:46.109 519 5033 D vold : idle maintenance started
03-04 03:22:46.112 519 5033 D vold : Start GC on /sys/fs/f2fs/dm-10
01-02 08:29:46.810 0 0 E DTC_ETH,link_delay_work_func: 3003, SQI=0, link=0
01-02 08:29:51.930 0 0 E DTC_ETH,link_delay_work_func: 3003, SQI=0, link=0
03-04 03:22:56.114 519 5033 D vold : Stop GC on /sys/fs/f2fs/dm-10
03-04 03:22:56.115 519 5033 D vold : Starting trim of /persist
03-04 03:22:56.115 519 5033 I vold : Trimmed 0 bytes on /persist in 0ms
03-04 03:22:56.115 519 5033 D vold : Starting trim of /metadata
03-04 03:22:56.115 519 5033 I vold : Trimmed 0 bytes on /metadata in 0ms
03-04 03:22:56.115 519 5033 D vold : Starting trim of /data
03-04 03:22:56.141 519 5033 I vold : Trimmed 0 bytes on /data in 25ms
03-04 03:22:56.141 519 5033 D vold : Starting trim of /mnt/vendor/spunvm
03-04 03:22:56.141 519 5033 W vold : Failed to open /mnt/vendor/spunvm: Permission denied
03-04 03:22:56.141 519 5033 D vold : Starting trim of /mnt/vendor/persist
03-04 03:22:56.141 519 5033 I vold : Trimmed 0 bytes on /mnt/vendor/persist in 0ms
03-04 03:22:56.143 519 5033 D vold : Start Dev GC on /sys/devices/platform/soc/1d84000.ufshc/manual_gc
03-04 03:22:56.143 519 5033 W vold : Reading manual_gc failed in /sys/devices/platform/soc/1d84000.ufshc/manual_gc: No such file or directory
03-04 03:22:56.143 519 5033 D vold : Stop Dev GC on /sys/devices/platform/soc/1d84000.ufshc/manual_gc
03-04 03:22:56.143 519 5033 W vold : Stop Dev GC failed on /sys/devices/platform/soc/1d84000.ufshc/manual_gc: Permission denied
03-04 03:22:56.143 519 5033 D vold : idle maintenance completed
03-04 03:22:56.144 1501 1598 I MountServiceIdler: Got mount service completion callback
01-02 08:29:57.050 0 0 E DTC_ETH,link_delay_work_func: 3003, SQI=0, link=0
01-02 08:30:02.170 0 0 E DTC_ETH,link_delay_work_func: 3003, SQI=0, link=0
03-04 03:23:03.826 1501 1621 W BatteryExternalStatsWorker: error reading modem stats:ERROR_PHONE_NOT_AVAILABLE
03-04 03:23:03.861 1501 1621 E KernelCpuSpeedReader: Failed to read cpu-freq: /sys/devices/system/cpu/cpu4/cpufreq/stats/time_in_state: open failed: ENOENT (No such file or directory)
03-04 03:23:03.861 1501 1621 E KernelCpuSpeedReader: Failed to read cpu-freq: /sys/devices/system/cpu/cpu0/cpufreq/stats/time_in_state: open failed: ENOENT (No such file or directory)
01-02 08:30:03.253 0 0 W audit : audit_lost=5926 audit_rate_limit=5 audit_backlog_limit=64
01-02 08:30:03.253 0 0 E audit : rate limit exceeded
01-02 08:30:07.291 0 0 E DTC_ETH,link_delay_work_func: 3003, SQI=0, link=0
01-02 08:30:12.411 0 0 E DTC_ETH,link_delay_work_func: 3003, SQI=0, link=0
03-04 03:23:15.481 1501 2824 D IntervalStats: Unable to parse usage stats packages: [108, 112, 115, 116]
01-02 08:30:17.530 0 0 E DTC_ETH,link_delay_work_func: 3003, SQI=0, link=0
03-04 03:23:21.115 1501 1501 I ActivityManager: Idle maintenance over +35s8ms low RAM for 0
03-04 03:23:21.116 519 5051 D vold : idle maintenance started
03-04 03:23:21.118 519 5051 D vold : Start GC on /sys/fs/f2fs/dm-10
03-04 03:23:21.119 519 5051 D vold : Stop GC on /sys/fs/f2fs/dm-10
03-04 03:23:21.119 519 5051 D vold : Starting trim of /persist
03-04 03:23:21.119 519 5051 I vold : Trimmed 0 bytes on /persist in 0ms
03-04 03:23:21.119 519 5051 D vold : Starting trim of /metadata
03-04 03:23:21.119 519 5051 I vold : Trimmed 0 bytes on /metadata in 0ms
03-04 03:23:21.119 519 5051 D vold : Starting trim of /data
03-04 03:23:21.152 519 5051 I vold : Trimmed 0 bytes on /data in 32ms
03-04 03:23:21.152 519 5051 D vold : Starting trim of /mnt/vendor/spunvm
03-04 03:23:21.152 519 5051 W vold : Failed to open /mnt/vendor/spunvm: Permission denied
03-04 03:23:21.152 519 5051 D vold : Starting trim of /mnt/vendor/persist
03-04 03:23:21.152 519 5051 I vold : Trimmed 0 bytes on /mnt/vendor/persist in 0ms
03-04 03:23:21.154 519 5051 D vold : Start Dev GC on /sys/devices/platform/soc/1d84000.ufshc/manual_gc
03-04 03:23:21.154 519 5051 W vold : Reading manual_gc failed in /sys/devices/platform/soc/1d84000.ufshc/manual_gc: No such file or directory
03-04 03:23:21.154 519 5051 D vold : Stop Dev GC on /sys/devices/platform/soc/1d84000.ufshc/manual_gc
03-04 03:23:21.154 519 5051 W vold : Stop Dev GC failed on /sys/devices/platform/soc/1d84000.ufshc/manual_gc: Permission denied
03-04 03:23:21.154 1501 1598 I MountServiceIdler: Got mount service completion callback
03-04 03:23:21.154 519 5051 D vold : idle maintenance completed
01-02 08:30:22.650 0 0 E DTC_ETH,link_delay_work_func: 3003, SQI=0, link=0
01-02 08:30:23.176 0 0 I init : Untracked pid 5072 exited with status 0
01-02 08:30:27.770 0 0 E DTC_ETH,link_delay_work_func: 3003, SQI=0, link=0
01-02 08:30:32.890 0 0 E DTC_ETH,link_delay_work_func: 3003, SQI=0, link=0
01-02 08:30:38.010 0 0 E DTC_ETH,link_delay_work_func: 3003, SQI=0, link=0
01-02 08:30:43.130 0 0 E DTC_ETH,link_delay_work_func: 3003, SQI=0, link=0
01-02 08:30:48.250 0 0 E DTC_ETH,link_delay_work_func: 3003, SQI=0, link=0
01-02 08:30:53.370 0 0 E DTC_ETH,link_delay_work_func: 3003, SQI=0, link=0
03-04 03:23:56.116 1501 1501 I ActivityManager: Idle maintenance over +35s1ms low RAM for 0
03-04 03:23:56.118 519 5129 D vold : idle maintenance started
03-04 03:23:56.121 519 5129 D vold : Start GC on /sys/fs/f2fs/dm-10
03-04 03:23:56.122 519 5129 D vold : Stop GC on /sys/fs/f2fs/dm-10
03-04 03:23:56.122 519 5129 D vold : Starting trim of /persist
03-04 03:23:56.123 519 5129 I vold : Trimmed 0 bytes on /persist in 0ms
03-04 03:23:56.123 519 5129 D vold : Starting trim of /metadata
03-04 03:23:56.123 519 5129 I vold : Trimmed 0 bytes on /metadata in 0ms
03-04 03:23:56.123 519 5129 D vold : Starting trim of /data
03-04 03:23:56.141 519 5129 I vold : Trimmed 0 bytes on /data in 17ms
03-04 03:23:56.141 519 5129 D vold : Starting trim of /mnt/vendor/spunvm
03-04 03:23:56.142 519 5129 W vold : Failed to open /mnt/vendor/spunvm: Permission denied
03-04 03:23:56.142 519 5129 D vold : Starting trim of /mnt/vendor/persist
03-04 03:23:56.142 519 5129 I vold : Trimmed 0 bytes on /mnt/vendor/persist in 0ms
03-04 03:23:56.144 519 5129 D vold : Start Dev GC on /sys/devices/platform/soc/1d84000.ufshc/manual_gc
03-04 03:23:56.144 519 5129 W vold : Reading manual_gc failed in /sys/devices/platform/soc/1d84000.ufshc/manual_gc: No such file or directory
03-04 03:23:56.144 519 5129 D vold : Stop Dev GC on /sys/devices/platform/soc/1d84000.ufshc/manual_gc
03-04 03:23:56.144 519 5129 W vold : Stop Dev GC failed on /sys/devices/platform/soc/1d84000.ufshc/manual_gc: Permission denied
03-04 03:23:56.145 519 5129 D vold : idle maintenance completed
03-04 03:23:56.145 1501 1598 I MountServiceIdler: Got mount service completion callback
01-02 08:30:58.490 0 0 E DTC_ETH,link_delay_work_func: 3003, SQI=0, link=0
01-02 08:31:03.610 0 0 E DTC_ETH,link_delay_work_func: 3003, SQI=0, link=0
01-02 08:31:08.730 0 0 E DTC_ETH,link_delay_work_func: 3003, SQI=0, link=0
01-02 08:31:13.850 0 0 E DTC_ETH,link_delay_work_func: 3003, SQI=0, link=0
01-02 08:31:18.970 0 0 E DTC_ETH,link_delay_work_func: 3003, SQI=0, link=0
03-04 03:24:20.903 1501 1501 I JobServiceContext: Client timed out while executing (no jobFinished received). Sending onStop: 54e46ae #u0a102/225 com.kuaishou.nebula/androidx.work.impl.background.systemjob.SystemJobService
03-04 03:24:20.928 1501 1501 I ActivityManager: Idle maintenance over +24s812ms low RAM for 0
03-04 03:24:20.929 519 5143 D vold : idle maintenance started
03-04 03:24:20.932 519 5143 D vold : Start GC on /sys/fs/f2fs/dm-10
03-04 03:24:20.932 519 5143 D vold : Stop GC on /sys/fs/f2fs/dm-10
03-04 03:24:20.932 519 5143 D vold : Starting trim of /persist
03-04 03:24:20.932 519 5143 I vold : Trimmed 0 bytes on /persist in 0ms
03-04 03:24:20.933 519 5143 D vold : Starting trim of /metadata
03-04 03:24:20.933 519 5143 I vold : Trimmed 0 bytes on /metadata in 0ms
03-04 03:24:20.933 519 5143 D vold : Starting trim of /data
03-04 03:24:20.946 519 5143 I vold : Trimmed 0 bytes on /data in 13ms
03-04 03:24:20.946 519 5143 D vold : Starting trim of /mnt/vendor/spunvm
03-04 03:24:20.947 519 5143 W vold : Failed to open /mnt/vendor/spunvm: Permission denied
03-04 03:24:20.947 519 5143 D vold : Starting trim of /mnt/vendor/persist
03-04 03:24:20.947 519 5143 I vold : Trimmed 0 bytes on /mnt/vendor/persist in 0ms
03-04 03:24:20.948 519 5143 D vold : Start Dev GC on /sys/devices/platform/soc/1d84000.ufshc/manual_gc
03-04 03:24:20.948 519 5143 W vold : Reading manual_gc failed in /sys/devices/platform/soc/1d84000.ufshc/manual_gc: No such file or directory
03-04 03:24:20.948 519 5143 D vold : Stop Dev GC on /sys/devices/platform/soc/1d84000.ufshc/manual_gc
03-04 03:24:20.948 519 5143 W vold : Stop Dev GC failed on /sys/devices/platform/soc/1d84000.ufshc/manual_gc: Permission denied
03-04 03:24:20.948 519 5143 D vold : idle maintenance completed
03-04 03:24:20.949 1501 1598 I MountServiceIdler: Got mount service completion callback
03-04 03:24:20.959 519 5144 D vold : idle maintenance stopped
03-04 03:24:20.959 1501 1598 I MountServiceIdler: Got mount service completion callback
03-04 03:24:24.028 1501 1501 I JobServiceContext: Client timed out while executing (no jobFinished received). Sending onStop: f92ec12 #u0a115/219 com.smile.gifmaker/androidx.work.impl.background.systemjob.SystemJobService
01-02 08:31:24.090 0 0 E DTC_ETH,link_delay_work_func: 3003, SQI=0, link=0
01-02 08:31:29.210 0 0 E DTC_ETH,link_delay_work_func: 3003, SQI=0, link=0
03-04 03:24:30.970 1501 1501 I ActivityManager: Idle maintenance over +10s42ms low RAM for 0
03-04 03:24:30.972 519 5149 D vold : idle maintenance started
03-04 03:24:30.975 519 5149 D vold : Start GC on /sys/fs/f2fs/dm-10
03-04 03:24:30.975 519 5149 D vold : Stop GC on /sys/fs/f2fs/dm-10
03-04 03:24:30.976 519 5149 D vold : Starting trim of /persist
03-04 03:24:30.976 519 5149 I vold : Trimmed 0 bytes on /persist in 0ms
03-04 03:24:30.976 519 5149 D vold : Starting trim of /metadata
03-04 03:24:30.976 519 5149 I vold : Trimmed 0 bytes on /metadata in 0ms
03-04 03:24:30.976 519 5149 D vold : Starting trim of /data
03-04 03:24:30.999 519 5149 I vold : Trimmed 0 bytes on /data in 23ms
03-04 03:24:31.000 519 5149 D vold : Starting trim of /mnt/vendor/spunvm
03-04 03:24:31.000 519 5149 W vold : Failed to open /mnt/vendor/spunvm: Permission denied
03-04 03:24:31.000 519 5149 D vold : Starting trim of /mnt/vendor/persist
03-04 03:24:31.000 519 5149 I vold : Trimmed 0 bytes on /mnt/vendor/persist in 0ms
03-04 03:24:31.002 519 5149 D vold : Start Dev GC on /sys/devices/platform/soc/1d84000.ufshc/manual_gc
03-04 03:24:31.002 519 5149 W vold : Reading manual_gc failed in /sys/devices/platform/soc/1d84000.ufshc/manual_gc: No such file or directory
03-04 03:24:31.002 519 5149 D vold : Stop Dev GC on /sys/devices/platform/soc/1d84000.ufshc/manual_gc
03-04 03:24:31.002 519 5149 W vold : Stop Dev GC failed on /sys/devices/platform/soc/1d84000.ufshc/manual_gc: Permission denied
03-04 03:24:31.003 1501 1598 I MountServiceIdler: Got mount service completion callback
03-04 03:24:31.003 519 5149 D vold : idle maintenance completed
01-02 08:31:34.330 0 0 E DTC_ETH,link_delay_work_func: 3003, SQI=0, link=0
03-04 03:24:36.851 1501 1600 W ActivityManager: Stopping service due to app idle: u0a115 -1d0h31m14s16ms com.smile.gifmaker/com.kwai.chat.kwailink.service.NewKwaiLinkService
01-02 08:31:39.450 0 0 E DTC_ETH,link_delay_work_func: 3003, SQI=0, link=0
01-02 08:31:44.570 0 0 E DTC_ETH,link_delay_work_func: 3003, SQI=0, link=0
01-02 08:31:49.690 0 0 E DTC_ETH,link_delay_work_func: 3003, SQI=0, link=0
01-02 08:31:54.810 0 0 E DTC_ETH,link_delay_work_func: 3003, SQI=0, link=0
01-02 08:31:59.930 0 0 E DTC_ETH,link_delay_work_func: 3003, SQI=0, link=0
01-02 08:32:05.050 0 0 E DTC_ETH,link_delay_work_func: 3003, SQI=0, link=0
03-04 03:25:05.971 1501 1501 I ActivityManager: Idle maintenance over +35s1ms low RAM for 0
03-04 03:25:05.973 519 5188 D vold : idle maintenance started
03-04 03:25:05.976 519 5188 D vold : Start GC on /sys/fs/f2fs/dm-10
03-04 03:25:05.976 519 5188 D vold : Stop GC on /sys/fs/f2fs/dm-10
03-04 03:25:05.977 519 5188 D vold : Starting trim of /persist
03-04 03:25:05.977 519 5188 I vold : Trimmed 0 bytes on /persist in 0ms
03-04 03:25:05.977 519 5188 D vold : Starting trim of /metadata
03-04 03:25:05.977 519 5188 I vold : Trimmed 0 bytes on /metadata in 0ms
03-04 03:25:05.977 519 5188 D vold : Starting trim of /data
03-04 03:25:06.005 519 5188 I vold : Trimmed 0 bytes on /data in 27ms
03-04 03:25:06.005 519 5188 D vold : Starting trim of /mnt/vendor/spunvm
03-04 03:25:06.005 519 5188 W vold : Failed to open /mnt/vendor/spunvm: Permission denied
03-04 03:25:06.005 519 5188 D vold : Starting trim of /mnt/vendor/persist
03-04 03:25:06.005 519 5188 I vold : Trimmed 0 bytes on /mnt/vendor/persist in 0ms
03-04 03:25:06.008 519 5188 D vold : Start Dev GC on /sys/devices/platform/soc/1d84000.ufshc/manual_gc
03-04 03:25:06.008 519 5188 W vold : Reading manual_gc failed in /sys/devices/platform/soc/1d84000.ufshc/manual_gc: No such file or directory
03-04 03:25:06.008 519 5188 D vold : Stop Dev GC on /sys/devices/platform/soc/1d84000.ufshc/manual_gc
03-04 03:25:06.008 519 5188 W vold : Stop Dev GC failed on /sys/devices/platform/soc/1d84000.ufshc/manual_gc: Permission denied
03-04 03:25:06.008 519 5188 D vold : idle maintenance completed
03-04 03:25:06.009 1501 1598 I MountServiceIdler: Got mount service completion callback
01-02 08:32:10.170 0 0 E DTC_ETH,link_delay_work_func: 3003, SQI=0, link=0
01-02 08:32:13.499 0 0 D cnss : Host time = 88333499910 us, device time = 88302736330 us, offset = 30763580 us
01-02 08:32:13.499 0 0 D cnss : Updated time sync regs [0x984] = 0x1d56a3c, [0x988] = 0x0
03-04 03:25:15.488 1501 2824 D IntervalStats: Unable to parse usage stats packages: [108, 112, 115, 116]
01-02 08:32:15.290 0 0 E DTC_ETH,link_delay_work_func: 3003, SQI=0, link=0
01-02 08:32:20.410 0 0 E DTC_ETH,link_delay_work_func: 3003, SQI=0, link=0
01-02 08:32:25.530 0 0 E DTC_ETH,link_delay_work_func: 3003, SQI=0, link=0
01-02 08:32:30.650 0 0 E DTC_ETH,link_delay_work_func: 3003, SQI=0, link=0
01-02 08:32:35.770 0 0 E DTC_ETH,link_delay_work_func: 3003, SQI=0, link=0
03-04 03:25:40.972 1501 1501 I ActivityManager: Idle maintenance over +35s1ms low RAM for 0
03-04 03:25:40.973 519 5214 D vold : idle maintenance started
03-04 03:25:40.976 519 5214 D vold : Start GC on /sys/fs/f2fs/dm-10
03-04 03:25:40.977 519 5214 D vold : Stop GC on /sys/fs/f2fs/dm-10
03-04 03:25:40.977 519 5214 D vold : Starting trim of /persist
03-04 03:25:40.977 519 5214 I vold : Trimmed 0 bytes on /persist in 0ms
03-04 03:25:40.978 519 5214 D vold : Starting trim of /metadata
03-04 03:25:40.978 519 5214 I vold : Trimmed 0 bytes on /metadata in 0ms
03-04 03:25:40.978 519 5214 D vold : Starting trim of /data
03-04 03:25:41.000 519 5214 I vold : Trimmed 0 bytes on /data in 21ms
03-04 03:25:41.000 519 5214 D vold : Starting trim of /mnt/vendor/spunvm
03-04 03:25:41.000 519 5214 W vold : Failed to open /mnt/vendor/spunvm: Permission denied
03-04 03:25:41.000 519 5214 D vold : Starting trim of /mnt/vendor/persist
03-04 03:25:41.000 519 5214 I vold : Trimmed 0 bytes on /mnt/vendor/persist in 0ms
03-04 03:25:41.002 519 5214 D vold : Start Dev GC on /sys/devices/platform/soc/1d84000.ufshc/manual_gc
03-04 03:25:41.003 519 5214 W vold : Reading manual_gc failed in /sys/devices/platform/soc/1d84000.ufshc/manual_gc: No such file or directory
03-04 03:25:41.003 519 5214 D vold : Stop Dev GC on /sys/devices/platform/soc/1d84000.ufshc/manual_gc
03-04 03:25:41.003 519 5214 W vold : Stop Dev GC failed on /sys/devices/platform/soc/1d84000.ufshc/manual_gc: Permission denied
03-04 03:25:41.003 519 5214 D vold : idle maintenance completed
03-04 03:25:41.003 1501 1598 I MountServiceIdler: Got mount service completion callback
01-02 08:32:40.890 0 0 E DTC_ETH,link_delay_work_func: 3003, SQI=0, link=0
01-02 08:32:46.010 0 0 E DTC_ETH,link_delay_work_func: 3003, SQI=0, link=0
01-02 08:32:51.130 0 0 E DTC_ETH,link_delay_work_func: 3003, SQI=0, link=0
01-02 08:32:56.250 0 0 E DTC_ETH,link_delay_work_func: 3003, SQI=0, link=0
01-02 08:33:01.371 0 0 E DTC_ETH,link_delay_work_func: 3003, SQI=0, link=0
01-02 08:33:06.490 0 0 E DTC_ETH,link_delay_work_func: 3003, SQI=0, link=0
01-02 08:33:11.611 0 0 E DTC_ETH,link_delay_work_func: 3003, SQI=0, link=0
03-04 03:26:15.972 1501 1501 I ActivityManager: Idle maintenance over +35s0ms low RAM for 0
03-04 03:26:15.974 519 5259 D vold : idle maintenance started
03-04 03:26:15.977 519 5259 D vold : Start GC on /sys/fs/f2fs/dm-10
03-04 03:26:15.977 519 5259 D vold : Stop GC on /sys/fs/f2fs/dm-10
03-04 03:26:15.978 519 5259 D vold : Starting trim of /persist
03-04 03:26:15.978 519 5259 I vold : Trimmed 0 bytes on /persist in 0ms
03-04 03:26:15.978 519 5259 D vold : Starting trim of /metadata
03-04 03:26:15.978 519 5259 I vold : Trimmed 0 bytes on /metadata in 0ms
03-04 03:26:15.978 519 5259 D vold : Starting trim of /data
03-04 03:26:15.996 519 5259 I vold : Trimmed 0 bytes on /data in 18ms
03-04 03:26:15.997 519 5259 D vold : Starting trim of /mnt/vendor/spunvm
03-04 03:26:15.997 519 5259 W vold : Failed to open /mnt/vendor/spunvm: Permission denied
03-04 03:26:15.997 519 5259 D vold : Starting trim of /mnt/vendor/persist
03-04 03:26:15.997 519 5259 I vold : Trimmed 0 bytes on /mnt/vendor/persist in 0ms
03-04 03:26:15.999 519 5259 D vold : Start Dev GC on /sys/devices/platform/soc/1d84000.ufshc/manual_gc
03-04 03:26:15.999 519 5259 W vold : Reading manual_gc failed in /sys/devices/platform/soc/1d84000.ufshc/manual_gc: No such file or directory
03-04 03:26:15.999 519 5259 D vold : Stop Dev GC on /sys/devices/platform/soc/1d84000.ufshc/manual_gc
03-04 03:26:15.999 519 5259 W vold : Stop Dev GC failed on /sys/devices/platform/soc/1d84000.ufshc/manual_gc: Permission denied
03-04 03:26:15.999 519 5259 D vold : idle maintenance completed
03-04 03:26:16.000 1501 1598 I MountServiceIdler: Got mount service completion callback
01-02 08:33:16.730 0 0 E DTC_ETH,link_delay_work_func: 3003, SQI=0, link=0
01-02 08:33:21.850 0 0 E DTC_ETH,link_delay_work_func: 3003, SQI=0, link=0
01-02 08:33:26.974 0 0 E DTC_ETH,link_delay_work_func: 3003, SQI=0, link=0
01-02 08:33:32.091 0 0 E DTC_ETH,link_delay_work_func: 3003, SQI=0, link=0
01-02 08:33:37.210 0 0 E DTC_ETH,link_delay_work_func: 3003, SQI=0, link=0
01-02 08:33:42.330 0 0 E DTC_ETH,link_delay_work_func: 3003, SQI=0, link=0
01-02 08:33:47.450 0 0 E DTC_ETH,link_delay_work_func: 3003, SQI=0, link=0
03-04 03:26:50.972 1501 1501 I ActivityManager: Idle maintenance over +35s0ms low RAM for 0
03-04 03:26:50.973 519 5802 D vold : idle maintenance started
03-04 03:26:50.975 519 5802 D vold : Start GC on /sys/fs/f2fs/dm-10
03-04 03:26:50.978 519 5802 D vold : Stop GC on /sys/fs/f2fs/dm-10
03-04 03:26:50.978 519 5802 D vold : Starting trim of /persist
03-04 03:26:50.978 519 5802 I vold : Trimmed 0 bytes on /persist in 0ms
03-04 03:26:50.979 519 5802 D vold : Starting trim of /metadata
03-04 03:26:50.979 519 5802 I vold : Trimmed 0 bytes on /metadata in 0ms
03-04 03:26:50.979 519 5802 D vold : Starting trim of /data
03-04 03:26:50.990 519 5802 I vold : Trimmed 0 bytes on /data in 11ms
03-04 03:26:50.991 519 5802 D vold : Starting trim of /mnt/vendor/spunvm
03-04 03:26:50.991 519 5802 W vold : Failed to open /mnt/vendor/spunvm: Permission denied
03-04 03:26:50.991 519 5802 D vold : Starting trim of /mnt/vendor/persist
03-04 03:26:50.991 519 5802 I vold : Trimmed 0 bytes on /mnt/vendor/persist in 0ms
03-04 03:26:50.992 519 5802 D vold : Start Dev GC on /sys/devices/platform/soc/1d84000.ufshc/manual_gc
03-04 03:26:50.993 519 5802 W vold : Reading manual_gc failed in /sys/devices/platform/soc/1d84000.ufshc/manual_gc: No such file or directory
03-04 03:26:50.993 519 5802 D vold : Stop Dev GC on /sys/devices/platform/soc/1d84000.ufshc/manual_gc
03-04 03:26:50.993 519 5802 W vold : Stop Dev GC failed on /sys/devices/platform/soc/1d84000.ufshc/manual_gc: Permission denied
03-04 03:26:50.993 519 5802 D vold : idle maintenance completed
03-04 03:26:50.993 1501 1598 I MountServiceIdler: Got mount service completion callback
01-02 08:33:52.570 0 0 E DTC_ETH,link_delay_work_func: 3003, SQI=0, link=0
01-02 08:33:57.690 0 0 E DTC_ETH,link_delay_work_func: 3003, SQI=0, link=0
01-02 08:34:02.810 0 0 E DTC_ETH,link_delay_work_func: 3003, SQI=0, link=0
01-02 08:34:07.930 0 0 E DTC_ETH,link_delay_work_func: 3003, SQI=0, link=0
01-02 08:34:13.050 0 0 E DTC_ETH,link_delay_work_func: 3003, SQI=0, link=0
03-04 03:27:15.481 1501 2824 D IntervalStats: Unable to parse usage stats packages: [108, 112, 115, 116]
01-02 08:34:18.170 0 0 E DTC_ETH,link_delay_work_func: 3003, SQI=0, link=0
01-02 08:34:23.290 0 0 E DTC_ETH,link_delay_work_func: 3003, SQI=0, link=0
03-04 03:27:25.983 1501 1501 I ActivityManager: Idle maintenance over +35s11ms low RAM for 0
03-04 03:27:25.984 519 5818 D vold : idle maintenance started
03-04 03:27:25.987 519 5818 D vold : Start GC on /sys/fs/f2fs/dm-10
03-04 03:27:25.987 519 5818 D vold : Stop GC on /sys/fs/f2fs/dm-10
03-04 03:27:25.988 519 5818 D vold : Starting trim of /persist
03-04 03:27:25.988 519 5818 I vold : Trimmed 0 bytes on /persist in 0ms
03-04 03:27:25.988 519 5818 D vold : Starting trim of /metadata
03-04 03:27:25.988 519 5818 I vold : Trimmed 0 bytes on /metadata in 0ms
03-04 03:27:25.988 519 5818 D vold : Starting trim of /data
03-04 03:27:26.012 519 5818 I vold : Trimmed 0 bytes on /data in 23ms
03-04 03:27:26.012 519 5818 D vold : Starting trim of /mnt/vendor/spunvm
03-04 03:27:26.012 519 5818 W vold : Failed to open /mnt/vendor/spunvm: Permission denied
03-04 03:27:26.013 519 5818 D vold : Starting trim of /mnt/vendor/persist
03-04 03:27:26.013 519 5818 I vold : Trimmed 0 bytes on /mnt/vendor/persist in 0ms
03-04 03:27:26.015 519 5818 D vold : Start Dev GC on /sys/devices/platform/soc/1d84000.ufshc/manual_gc
03-04 03:27:26.015 519 5818 W vold : Reading manual_gc failed in /sys/devices/platform/soc/1d84000.ufshc/manual_gc: No such file or directory
03-04 03:27:26.015 519 5818 D vold : Stop Dev GC on /sys/devices/platform/soc/1d84000.ufshc/manual_gc
03-04 03:27:26.015 519 5818 W vold : Stop Dev GC failed on /sys/devices/platform/soc/1d84000.ufshc/manual_gc: Permission denied
03-04 03:27:26.015 519 5818 D vold : idle maintenance completed
03-04 03:27:26.016 1501 1598 I MountServiceIdler: Got mount service completion callback
01-02 08:34:28.410 0 0 E DTC_ETH,link_delay_work_func: 3003, SQI=0, link=0
01-02 08:34:33.530 0 0 E DTC_ETH,link_delay_work_func: 3003, SQI=0, link=0
01-02 08:34:38.650 0 0 E DTC_ETH,link_delay_work_func: 3003, SQI=0, link=0
01-02 08:34:43.771 0 0 E DTC_ETH,link_delay_work_func: 3003, SQI=0, link=0
01-02 08:34:48.890 0 0 E DTC_ETH,link_delay_work_func: 3003, SQI=0, link=0
01-02 08:34:49.248 0 0 I [dp_rx_][0x18b93e8a91f][03:27:49.872333] wlan: [3350:I:QDF] DHCP-R RX: SA:0e:79:35:c2:75:95 DA:ff:ff:ff:ff:ff:ff
01-02 08:34:54.010 0 0 E DTC_ETH,link_delay_work_func: 3003, SQI=0, link=0
01-02 08:34:59.130 0 0 E DTC_ETH,link_delay_work_func: 3003, SQI=0, link=0
03-04 03:28:00.988 1501 1501 I ActivityManager: Idle maintenance over +35s4ms low RAM for 0
03-04 03:28:00.989 519 5831 D vold : idle maintenance started
03-04 03:28:00.992 519 5831 D vold : Start GC on /sys/fs/f2fs/dm-10
03-04 03:28:00.992 519 5831 D vold : Stop GC on /sys/fs/f2fs/dm-10
03-04 03:28:00.993 519 5831 D vold : Starting trim of /persist
03-04 03:28:00.993 519 5831 I vold : Trimmed 0 bytes on /persist in 0ms
03-04 03:28:00.993 519 5831 D vold : Starting trim of /metadata
03-04 03:28:00.993 519 5831 I vold : Trimmed 0 bytes on /metadata in 0ms
03-04 03:28:00.993 519 5831 D vold : Starting trim of /data
03-04 03:28:01.016 519 5831 I vold : Trimmed 0 bytes on /data in 22ms
03-04 03:28:01.016 519 5831 D vold : Starting trim of /mnt/vendor/spunvm
03-04 03:28:01.016 519 5831 W vold : Failed to open /mnt/vendor/spunvm: Permission denied
03-04 03:28:01.016 519 5831 D vold : Starting trim of /mnt/vendor/persist
03-04 03:28:01.017 519 5831 I vold : Trimmed 0 bytes on /mnt/vendor/persist in 0ms
03-04 03:28:01.018 519 5831 D vold : Start Dev GC on /sys/devices/platform/soc/1d84000.ufshc/manual_gc
03-04 03:28:01.018 519 5831 W vold : Reading manual_gc failed in /sys/devices/platform/soc/1d84000.ufshc/manual_gc: No such file or directory
03-04 03:28:01.018 519 5831 D vold : Stop Dev GC on /sys/devices/platform/soc/1d84000.ufshc/manual_gc
03-04 03:28:01.018 519 5831 W vold : Stop Dev GC failed on /sys/devices/platform/soc/1d84000.ufshc/manual_gc: Permission denied
03-04 03:28:01.018 519 5831 D vold : idle maintenance completed
03-04 03:28:01.019 1501 1598 I MountServiceIdler: Got mount service completion callback
01-02 08:35:04.250 0 0 E DTC_ETH,link_delay_work_func: 3003, SQI=0, link=0
01-02 08:35:09.370 0 0 E DTC_ETH,link_delay_work_func: 3003, SQI=0, link=0
01-02 08:35:14.490 0 0 E DTC_ETH,link_delay_work_func: 3003, SQI=0, link=0
01-02 08:35:19.610 0 0 E DTC_ETH,link_delay_work_func: 3003, SQI=0, link=0
01-02 08:35:24.730 0 0 E DTC_ETH,link_delay_work_func: 3003, SQI=0, link=0
01-02 08:35:29.850 0 0 E DTC_ETH,link_delay_work_func: 3003, SQI=0, link=0
01-02 08:35:34.970 0 0 E DTC_ETH,link_delay_work_func: 3003, SQI=0, link=0
03-04 03:28:35.986 1501 1501 I ActivityManager: Idle maintenance over +34s999ms low RAM for 0
03-04 03:28:35.988 519 5852 D vold : idle maintenance started
03-04 03:28:35.989 519 5852 D vold : Start GC on /sys/fs/f2fs/dm-10
01-02 08:35:40.090 0 0 E DTC_ETH,link_delay_work_func: 3003, SQI=0, link=0
01-02 08:35:45.210 0 0 E DTC_ETH,link_delay_work_func: 3003, SQI=0, link=0
03-04 03:28:45.990 519 5852 D vold : Stop GC on /sys/fs/f2fs/dm-10
03-04 03:28:45.991 519 5852 D vold : Starting trim of /persist
03-04 03:28:45.992 519 5852 I vold : Trimmed 0 bytes on /persist in 0ms
03-04 03:28:45.992 519 5852 D vold : Starting trim of /metadata
03-04 03:28:45.992 519 5852 I vold : Trimmed 0 bytes on /metadata in 0ms
03-04 03:28:45.992 519 5852 D vold : Starting trim of /data
03-04 03:28:45.992 519 5852 I vold : Trimmed 0 bytes on /data in 0ms
03-04 03:28:45.992 519 5852 D vold : Starting trim of /mnt/vendor/spunvm
03-04 03:28:45.992 519 5852 W vold : Failed to open /mnt/vendor/spunvm: Permission denied
03-04 03:28:45.992 519 5852 D vold : Starting trim of /mnt/vendor/persist
03-04 03:28:45.992 519 5852 I vold : Trimmed 0 bytes on /mnt/vendor/persist in 0ms
03-04 03:28:45.995 519 5852 D vold : Start Dev GC on /sys/devices/platform/soc/1d84000.ufshc/manual_gc
03-04 03:28:45.995 519 5852 W vold : Reading manual_gc failed in /sys/devices/platform/soc/1d84000.ufshc/manual_gc: No such file or directory
03-04 03:28:45.995 519 5852 D vold : Stop Dev GC on /sys/devices/platform/soc/1d84000.ufshc/manual_gc
03-04 03:28:45.995 519 5852 W vold : Stop Dev GC failed on /sys/devices/platform/soc/1d84000.ufshc/manual_gc: Permission denied
03-04 03:28:45.995 519 5852 D vold : idle maintenance completed
03-04 03:28:45.996 1501 1598 I MountServiceIdler: Got mount service completion callback
01-02 08:35:50.330 0 0 E DTC_ETH,link_delay_work_func: 3003, SQI=0, link=0
01-02 08:35:55.450 0 0 E DTC_ETH,link_delay_work_func: 3003, SQI=0, link=0
01-02 08:36:00.571 0 0 E DTC_ETH,link_delay_work_func: 3003, SQI=0, link=0
01-02 08:36:05.691 0 0 E DTC_ETH,link_delay_work_func: 3003, SQI=0, link=0
03-04 03:29:10.989 1501 1501 I ActivityManager: Idle maintenance over +35s3ms low RAM for 0
03-04 03:29:10.991 519 5864 D vold : idle maintenance started
03-04 03:29:10.994 519 5864 D vold : Start GC on /sys/fs/f2fs/dm-10
03-04 03:29:10.994 519 5864 D vold : Stop GC on /sys/fs/f2fs/dm-10
03-04 03:29:10.994 519 5864 D vold : Starting trim of /persist
03-04 03:29:10.995 519 5864 I vold : Trimmed 0 bytes on /persist in 0ms
03-04 03:29:10.995 519 5864 D vold : Starting trim of /metadata
03-04 03:29:10.995 519 5864 I vold : Trimmed 0 bytes on /metadata in 0ms
03-04 03:29:10.995 519 5864 D vold : Starting trim of /data
03-04 03:29:11.051 519 5864 I vold : Trimmed 0 bytes on /data in 56ms
03-04 03:29:11.051 519 5864 D vold : Starting trim of /mnt/vendor/spunvm
03-04 03:29:11.052 519 5864 W vold : Failed to open /mnt/vendor/spunvm: Permission denied
03-04 03:29:11.052 519 5864 D vold : Starting trim of /mnt/vendor/persist
03-04 03:29:11.052 519 5864 I vold : Trimmed 0 bytes on /mnt/vendor/persist in 0ms
03-04 03:29:11.053 519 5864 D vold : Start Dev GC on /sys/devices/platform/soc/1d84000.ufshc/manual_gc
03-04 03:29:11.053 519 5864 W vold : Reading manual_gc failed in /sys/devices/platform/soc/1d84000.ufshc/manual_gc: No such file or directory
03-04 03:29:11.053 519 5864 D vold : Stop Dev GC on /sys/devices/platform/soc/1d84000.ufshc/manual_gc
03-04 03:29:11.053 519 5864 W vold : Stop Dev GC failed on /sys/devices/platform/soc/1d84000.ufshc/manual_gc: Permission denied
03-04 03:29:11.053 519 5864 D vold : idle maintenance completed
03-04 03:29:11.054 1501 1598 I MountServiceIdler: Got mount service completion callback
01-02 08:36:10.810 0 0 E DTC_ETH,link_delay_work_func: 3003, SQI=0, link=0
03-04 03:29:15.489 1501 2824 D IntervalStats: Unable to parse usage stats packages: [108, 112, 115, 116]
01-02 08:36:15.930 0 0 E DTC_ETH,link_delay_work_func: 3003, SQI=0, link=0
01-02 08:36:21.050 0 0 E DTC_ETH,link_delay_work_func: 3003, SQI=0, link=0
01-02 08:36:26.170 0 0 E DTC_ETH,link_delay_work_func: 3003, SQI=0, link=0
01-02 08:36:31.290 0 0 E DTC_ETH,link_delay_work_func: 3003, SQI=0, link=0
01-02 08:36:36.410 0 0 E DTC_ETH,link_delay_work_func: 3003, SQI=0, link=0
01-02 08:36:41.530 0 0 E DTC_ETH,link_delay_work_func: 3003, SQI=0, link=0
03-04 03:29:45.989 1501 1501 I ActivityManager: Idle maintenance over +35s0ms low RAM for 0
03-04 03:29:45.991 519 5888 D vold : idle maintenance started
03-04 03:29:45.993 519 5888 D vold : Start GC on /sys/fs/f2fs/dm-10
03-04 03:29:45.994 519 5888 D vold : Stop GC on /sys/fs/f2fs/dm-10
03-04 03:29:45.994 519 5888 D vold : Starting trim of /persist
03-04 03:29:45.994 519 5888 I vold : Trimmed 0 bytes on /persist in 0ms
03-04 03:29:45.994 519 5888 D vold : Starting trim of /metadata
03-04 03:29:45.995 519 5888 I vold : Trimmed 0 bytes on /metadata in 0ms
03-04 03:29:45.995 519 5888 D vold : Starting trim of /data
03-04 03:29:46.072 519 5888 I vold : Trimmed 0 bytes on /data in 77ms
03-04 03:29:46.072 519 5888 D vold : Starting trim of /mnt/vendor/spunvm
03-04 03:29:46.073 519 5888 W vold : Failed to open /mnt/vendor/spunvm: Permission denied
03-04 03:29:46.073 519 5888 D vold : Starting trim of /mnt/vendor/persist
03-04 03:29:46.073 519 5888 I vold : Trimmed 0 bytes on /mnt/vendor/persist in 0ms
03-04 03:29:46.075 519 5888 D vold : Start Dev GC on /sys/devices/platform/soc/1d84000.ufshc/manual_gc
03-04 03:29:46.075 519 5888 W vold : Reading manual_gc failed in /sys/devices/platform/soc/1d84000.ufshc/manual_gc: No such file or directory
03-04 03:29:46.075 519 5888 D vold : Stop Dev GC on /sys/devices/platform/soc/1d84000.ufshc/manual_gc
03-04 03:29:46.075 519 5888 W vold : Stop Dev GC failed on /sys/devices/platform/soc/1d84000.ufshc/manual_gc: Permission denied
03-04 03:29:46.075 519 5888 D vold : idle maintenance completed
03-04 03:29:46.075 1501 1598 I MountServiceIdler: Got mount service completion callback
01-02 08:36:46.650 0 0 E DTC_ETH,link_delay_work_func: 3003, SQI=0, link=0
01-02 08:36:51.770 0 0 E DTC_ETH,link_delay_work_func: 3003, SQI=0, link=0
01-02 08:36:56.890 0 0 E DTC_ETH,link_delay_work_func: 3003, SQI=0, link=0
01-02 08:37:02.010 0 0 E DTC_ETH,link_delay_work_func: 3003, SQI=0, link=0
01-02 08:37:07.130 0 0 E DTC_ETH,link_delay_work_func: 3003, SQI=0, link=0
01-02 08:37:12.250 0 0 E DTC_ETH,link_delay_work_func: 3003, SQI=0, link=0
01-02 08:37:17.370 0 0 E DTC_ETH,link_delay_work_func: 3003, SQI=0, link=0
03-04 03:30:20.990 1501 1501 I ActivityManager: Idle maintenance over +35s0ms low RAM for 0
03-04 03:30:20.991 519 5914 D vold : idle maintenance started
03-04 03:30:20.994 519 5914 D vold : Start GC on /sys/fs/f2fs/dm-10
03-04 03:30:20.994 519 5914 D vold : Stop GC on /sys/fs/f2fs/dm-10
03-04 03:30:20.995 519 5914 D vold : Starting trim of /persist
03-04 03:30:20.995 519 5914 I vold : Trimmed 0 bytes on /persist in 0ms
03-04 03:30:20.995 519 5914 D vold : Starting trim of /metadata
03-04 03:30:20.996 519 5914 I vold : Trimmed 0 bytes on /metadata in 0ms
03-04 03:30:20.996 519 5914 D vold : Starting trim of /data
03-04 03:30:21.014 519 5914 I vold : Trimmed 0 bytes on /data in 18ms
03-04 03:30:21.014 519 5914 D vold : Starting trim of /mnt/vendor/spunvm
03-04 03:30:21.015 519 5914 W vold : Failed to open /mnt/vendor/spunvm: Permission denied
03-04 03:30:21.015 519 5914 D vold : Starting trim of /mnt/vendor/persist
03-04 03:30:21.015 519 5914 I vold : Trimmed 0 bytes on /mnt/vendor/persist in 0ms
03-04 03:30:21.017 519 5914 D vold : Start Dev GC on /sys/devices/platform/soc/1d84000.ufshc/manual_gc
03-04 03:30:21.017 519 5914 W vold : Reading manual_gc failed in /sys/devices/platform/soc/1d84000.ufshc/manual_gc: No such file or directory
03-04 03:30:21.017 519 5914 D vold : Stop Dev GC on /sys/devices/platform/soc/1d84000.ufshc/manual_gc
03-04 03:30:21.017 519 5914 W vold : Stop Dev GC failed on /sys/devices/platform/soc/1d84000.ufshc/manual_gc: Permission denied
03-04 03:30:21.017 519 5914 D vold : idle maintenance completed
03-04 03:30:21.017 1501 1598 I MountServiceIdler: Got mount service completion callback
01-02 08:37:22.490 0 0 E DTC_ETH,link_delay_work_func: 3003, SQI=0, link=0
01-02 08:37:27.610 0 0 E DTC_ETH,link_delay_work_func: 3003, SQI=0, link=0
01-02 08:37:32.730 0 0 E DTC_ETH,link_delay_work_func: 3003, SQI=0, link=0
01-02 08:37:37.850 0 0 E DTC_ETH,link_delay_work_func: 3003, SQI=0, link=0
01-02 08:37:42.970 0 0 E DTC_ETH,link_delay_work_func: 3003, SQI=0, link=0
01-02 08:37:48.090 0 0 E DTC_ETH,link_delay_work_func: 3003, SQI=0, link=0
01-02 08:37:53.210 0 0 E DTC_ETH,link_delay_work_func: 3003, SQI=0, link=0
03-04 03:30:55.993 1501 1501 I ActivityManager: Idle maintenance over +35s4ms low RAM for 0
03-04 03:30:55.995 519 6136 D vold : idle maintenance started
03-04 03:30:55.997 519 6136 D vold : Start GC on /sys/fs/f2fs/dm-10
03-04 03:30:55.998 519 6136 D vold : Stop GC on /sys/fs/f2fs/dm-10
03-04 03:30:55.998 519 6136 D vold : Starting trim of /persist
03-04 03:30:55.998 519 6136 I vold : Trimmed 0 bytes on /persist in 0ms
03-04 03:30:55.999 519 6136 D vold : Starting trim of /metadata
03-04 03:30:55.999 519 6136 I vold : Trimmed 0 bytes on /metadata in 0ms
03-04 03:30:55.999 519 6136 D vold : Starting trim of /data
03-04 03:30:56.012 519 6136 I vold : Trimmed 0 bytes on /data in 12ms
03-04 03:30:56.012 519 6136 D vold : Starting trim of /mnt/vendor/spunvm
03-04 03:30:56.012 519 6136 W vold : Failed to open /mnt/vendor/spunvm: Permission denied
03-04 03:30:56.012 519 6136 D vold : Starting trim of /mnt/vendor/persist
03-04 03:30:56.012 519 6136 I vold : Trimmed 0 bytes on /mnt/vendor/persist in 0ms
03-04 03:30:56.013 519 6136 D vold : Start Dev GC on /sys/devices/platform/soc/1d84000.ufshc/manual_gc
03-04 03:30:56.013 519 6136 W vold : Reading manual_gc failed in /sys/devices/platform/soc/1d84000.ufshc/manual_gc: No such file or directory
03-04 03:30:56.013 519 6136 D vold : Stop Dev GC on /sys/devices/platform/soc/1d84000.ufshc/manual_gc
03-04 03:30:56.013 519 6136 W vold : Stop Dev GC failed on /sys/devices/platform/soc/1d84000.ufshc/manual_gc: Permission denied
03-04 03:30:56.013 519 6136 D vold : idle maintenance completed
03-04 03:30:56.014 1501 1598 I MountServiceIdler: Got mount service completion callback
01-02 08:37:58.330 0 0 E DTC_ETH,link_delay_work_func: 3003, SQI=0, link=0
01-02 08:38:03.450 0 0 E DTC_ETH,link_delay_work_func: 3003, SQI=0, link=0
01-02 08:38:08.570 0 0 E DTC_ETH,link_delay_work_func: 3003, SQI=0, link=0
01-02 08:38:13.690 0 0 E DTC_ETH,link_delay_work_func: 3003, SQI=0, link=0
03-04 03:31:15.483 1501 2824 D IntervalStats: Unable to parse usage stats packages: [108, 112, 115, 116]
01-02 08:38:18.810 0 0 E DTC_ETH,link_delay_work_func: 3003, SQI=0, link=0
01-02 08:38:23.930 0 0 E DTC_ETH,link_delay_work_func: 3003, SQI=0, link=0
01-02 08:38:29.050 0 0 E DTC_ETH,link_delay_work_func: 3003, SQI=0, link=0
03-04 03:31:30.992 1501 1501 I ActivityManager: Idle maintenance over +34s999ms low RAM for 0
03-04 03:31:30.994 519 6390 D vold : idle maintenance started
03-04 03:31:30.997 519 6390 D vold : Start GC on /sys/fs/f2fs/dm-10
03-04 03:31:30.997 519 6390 D vold : Stop GC on /sys/fs/f2fs/dm-10
03-04 03:31:30.998 519 6390 D vold : Starting trim of /persist
03-04 03:31:30.998 519 6390 I vold : Trimmed 0 bytes on /persist in 0ms
03-04 03:31:30.998 519 6390 D vold : Starting trim of /metadata
03-04 03:31:30.998 519 6390 I vold : Trimmed 0 bytes on /metadata in 0ms
03-04 03:31:30.998 519 6390 D vold : Starting trim of /data
03-04 03:31:31.019 519 6390 I vold : Trimmed 0 bytes on /data in 20ms
03-04 03:31:31.020 519 6390 D vold : Starting trim of /mnt/vendor/spunvm
03-04 03:31:31.021 519 6390 W vold : Failed to open /mnt/vendor/spunvm: Permission denied
03-04 03:31:31.021 519 6390 D vold : Starting trim of /mnt/vendor/persist
03-04 03:31:31.021 519 6390 I vold : Trimmed 0 bytes on /mnt/vendor/persist in 0ms
03-04 03:31:31.024 519 6390 D vold : Start Dev GC on /sys/devices/platform/soc/1d84000.ufshc/manual_gc
03-04 03:31:31.024 519 6390 W vold : Reading manual_gc failed in /sys/devices/platform/soc/1d84000.ufshc/manual_gc: No such file or directory
03-04 03:31:31.024 519 6390 D vold : Stop Dev GC on /sys/devices/platform/soc/1d84000.ufshc/manual_gc
03-04 03:31:31.024 519 6390 W vold : Stop Dev GC failed on /sys/devices/platform/soc/1d84000.ufshc/manual_gc: Permission denied
03-04 03:31:31.024 519 6390 D vold : idle maintenance completed
03-04 03:31:31.025 1501 1598 I MountServiceIdler: Got mount service completion callback
01-02 08:38:34.170 0 0 E DTC_ETH,link_delay_work_func: 3003, SQI=0, link=0
01-02 08:38:39.290 0 0 E DTC_ETH,link_delay_work_func: 3003, SQI=0, link=0
01-02 08:38:44.410 0 0 E DTC_ETH,link_delay_work_func: 3003, SQI=0, link=0
01-02 08:38:49.530 0 0 E DTC_ETH,link_delay_work_func: 3003, SQI=0, link=0
01-02 08:38:54.650 0 0 E DTC_ETH,link_delay_work_func: 3003, SQI=0, link=0
01-02 08:38:59.770 0 0 E DTC_ETH,link_delay_work_func: 3003, SQI=0, link=0
01-02 08:39:04.890 0 0 E DTC_ETH,link_delay_work_func: 3003, SQI=0, link=0
03-04 03:32:05.993 1501 1501 I ActivityManager: Idle maintenance over +35s1ms low RAM for 0
03-04 03:32:05.995 519 6405 D vold : idle maintenance started
03-04 03:32:05.997 519 6405 D vold : Start GC on /sys/fs/f2fs/dm-10
03-04 03:32:06.000 519 6405 D vold : Stop GC on /sys/fs/f2fs/dm-10
03-04 03:32:06.001 519 6405 D vold : Starting trim of /persist
03-04 03:32:06.002 519 6405 I vold : Trimmed 0 bytes on /persist in 0ms
03-04 03:32:06.002 519 6405 D vold : Starting trim of /metadata
03-04 03:32:06.003 519 6405 I vold : Trimmed 0 bytes on /metadata in 0ms
03-04 03:32:06.004 519 6405 D vold : Starting trim of /data
03-04 03:32:06.016 519 6405 I vold : Trimmed 0 bytes on /data in 11ms
03-04 03:32:06.016 519 6405 D vold : Starting trim of /mnt/vendor/spunvm
03-04 03:32:06.016 519 6405 W vold : Failed to open /mnt/vendor/spunvm: Permission denied
03-04 03:32:06.016 519 6405 D vold : Starting trim of /mnt/vendor/persist
03-04 03:32:06.016 519 6405 I vold : Trimmed 0 bytes on /mnt/vendor/persist in 0ms
03-04 03:32:06.018 519 6405 D vold : Start Dev GC on /sys/devices/platform/soc/1d84000.ufshc/manual_gc
03-04 03:32:06.018 519 6405 W vold : Reading manual_gc failed in /sys/devices/platform/soc/1d84000.ufshc/manual_gc: No such file or directory
03-04 03:32:06.018 519 6405 D vold : Stop Dev GC on /sys/devices/platform/soc/1d84000.ufshc/manual_gc
03-04 03:32:06.018 519 6405 W vold : Stop Dev GC failed on /sys/devices/platform/soc/1d84000.ufshc/manual_gc: Permission denied
03-04 03:32:06.018 519 6405 D vold : idle maintenance completed
03-04 03:32:06.019 1501 1598 I MountServiceIdler: Got mount service completion callback
01-02 08:39:10.010 0 0 E DTC_ETH,link_delay_work_func: 3003, SQI=0, link=0
01-02 08:39:15.130 0 0 E DTC_ETH,link_delay_work_func: 3003, SQI=0, link=0
01-02 08:39:20.250 0 0 E DTC_ETH,link_delay_work_func: 3003, SQI=0, link=0
01-02 08:39:25.370 0 0 E DTC_ETH,link_delay_work_func: 3003, SQI=0, link=0
01-02 08:39:30.490 0 0 E DTC_ETH,link_delay_work_func: 3003, SQI=0, link=0
01-02 08:39:35.611 0 0 E DTC_ETH,link_delay_work_func: 3003, SQI=0, link=0
03-04 03:32:40.997 1501 1501 I ActivityManager: Idle maintenance over +35s4ms low RAM for 0
03-04 03:32:40.999 519 6421 D vold : idle maintenance started
