03-03 09:53:36.379 1501 1600 D CompatibilityChangeReporter: Compat change id reported: 135772972; UID 1000; state: DISABLED
03-03 09:53:36.380 1501 1600 D CompatibilityChangeReporter: Compat change id reported: 135754954; UID 1000; state: ENABLED
03-03 09:53:36.404 1501 1601 I ActivityManager: Start proc 19772:com.qti.diagservices/1000 for service {com.qti.diagservices/com.qti.diagservices.QTIDiagServices}
03-03 09:54:20.200 1501 1501 I JobServiceContext: Client timed out while executing (no jobFinished received). Sending onStop: 6b427c2 #u0a102/155 com.kuaishou.nebula/androidx.work.impl.background.systemjob.SystemJobService
03-03 09:54:23.300 1501 1501 I JobServiceContext: Client timed out while executing (no jobFinished received). Sending onStop: 8c8a02f #u0a115/151 com.smile.gifmaker/androidx.work.impl.background.systemjob.SystemJobService
03-03 09:54:35.238 1501 1600 W ActivityManager: Stopping service due to app idle: u0a115 -7h1m12s403ms com.smile.gifmaker/com.kwai.chat.kwailink.service.NewKwaiLinkService
03-03 10:04:20.221 1501 1501 I JobServiceContext: Letting 330bb6f #u0a102/156 com.kuaishou.nebula/androidx.work.impl.background.systemjob.SystemJobService continue to run past min execution time
03-03 10:04:23.320 1501 1501 I JobServiceContext: Letting acd7868 #u0a115/152 com.smile.gifmaker/androidx.work.impl.background.systemjob.SystemJobService continue to run past min execution time
03-03 10:04:35.274 1501 1600 W ActivityManager: Stopping service due to app idle: u0a115 -7h11m12s439ms com.smile.gifmaker/com.kwai.chat.kwailink.service.NewKwaiLinkService
03-03 10:13:13.652 1501 1598 I UsageStatsService: User[0] Flushing usage stats to disk
03-03 10:14:35.247 1501 1600 W ActivityManager: Stopping service due to app idle: u0a115 -7h21m12s412ms com.smile.gifmaker/com.kwai.chat.kwailink.service.NewKwaiLinkService
03-03 10:23:03.288 1501 1621 W BatteryExternalStatsWorker: error reading modem stats:ERROR_PHONE_NOT_AVAILABLE
03-03 10:23:03.318 1501 1621 E KernelCpuSpeedReader: Failed to read cpu-freq: /sys/devices/system/cpu/cpu4/cpufreq/stats/time_in_state: open failed: ENOENT (No such file or directory)
03-03 10:23:03.318 1501 1621 E KernelCpuSpeedReader: Failed to read cpu-freq: /sys/devices/system/cpu/cpu0/cpufreq/stats/time_in_state: open failed: ENOENT (No such file or directory)
03-03 10:24:20.218 1501 1501 I JobServiceContext: Client timed out while executing (no jobFinished received). Sending onStop: 330bb6f #u0a102/156 com.kuaishou.nebula/androidx.work.impl.background.systemjob.SystemJobService
03-03 10:24:23.323 1501 1501 I JobServiceContext: Client timed out while executing (no jobFinished received). Sending onStop: acd7868 #u0a115/152 com.smile.gifmaker/androidx.work.impl.background.systemjob.SystemJobService
03-03 10:24:35.277 1501 1600 W ActivityManager: Stopping service due to app idle: u0a115 -7h31m12s441ms com.smile.gifmaker/com.kwai.chat.kwailink.service.NewKwaiLinkService
03-03 10:33:13.722 1501 1598 I UsageStatsService: User[0] Flushing usage stats to disk
03-03 10:34:20.239 1501 1501 I JobServiceContext: Letting f261166 #u0a102/158 com.kuaishou.nebula/androidx.work.impl.background.systemjob.SystemJobService continue to run past min execution time
03-03 10:34:23.343 1501 1501 I JobServiceContext: Letting 1c76c43 #u0a115/154 com.smile.gifmaker/androidx.work.impl.background.systemjob.SystemJobService continue to run past min execution time
03-03 10:34:35.338 1501 1600 W ActivityManager: Stopping service due to app idle: u0a115 -7h41m12s502ms com.smile.gifmaker/com.kwai.chat.kwailink.service.NewKwaiLinkService
03-03 10:43:02.997 1501 1733 D ActivityManager: freezing 19772 com.qti.diagservices
03-03 10:43:02.997 1501 1733 E ActivityManager: Unable to freeze binder for 19772 com.qti.diagservices
03-03 10:43:02.999 1501 1733 D ActivityManager: froze 19772 com.qti.diagservices
03-03 10:43:02.999 1501 1733 E ActivityManager: Unable to freeze binder for 19772 com.qti.diagservices
03-03 10:43:03.000 1501 1733 I ActivityManager: Killing 19772:com.qti.diagservices/1000 (adj 915): Unable to freeze binder interface
03-03 10:43:03.027 1501 1534 W ActivityManager: Scheduling restart of crashed service com.qti.diagservices/.QTIDiagServices in 1000ms for start-requested
03-03 10:43:04.031 1501 1600 D CompatibilityChangeReporter: Compat change id reported: 135634846; UID 1000; state: DISABLED
03-03 10:43:04.032 1501 1600 D CompatibilityChangeReporter: Compat change id reported: 177438394; UID 1000; state: DISABLED
03-03 10:43:04.032 1501 1600 D CompatibilityChangeReporter: Compat change id reported: 135772972; UID 1000; state: DISABLED
03-03 10:43:04.033 1501 1600 D CompatibilityChangeReporter: Compat change id reported: 135754954; UID 1000; state: ENABLED
03-03 10:43:04.058 1501 1601 I ActivityManager: Start proc 21289:com.qti.diagservices/1000 for service {com.qti.diagservices/com.qti.diagservices.QTIDiagServices}
03-03 10:44:35.307 1501 1600 W ActivityManager: Stopping service due to app idle: u0a115 -7h51m12s471ms com.smile.gifmaker/com.kwai.chat.kwailink.service.NewKwaiLinkService
03-03 10:53:03.359 1501 1621 W BatteryExternalStatsWorker: error reading modem stats:ERROR_PHONE_NOT_AVAILABLE
03-03 10:53:03.387 1501 1621 E KernelCpuSpeedReader: Failed to read cpu-freq: /sys/devices/system/cpu/cpu4/cpufreq/stats/time_in_state: open failed: ENOENT (No such file or directory)
03-03 10:53:03.388 1501 1621 E KernelCpuSpeedReader: Failed to read cpu-freq: /sys/devices/system/cpu/cpu0/cpufreq/stats/time_in_state: open failed: ENOENT (No such file or directory)
03-03 10:53:13.791 1501 1598 I UsageStatsService: User[0] Flushing usage stats to disk
03-03 10:54:20.238 1501 1501 I JobServiceContext: Client timed out while executing (no jobFinished received). Sending onStop: f261166 #u0a102/158 com.kuaishou.nebula/androidx.work.impl.background.systemjob.SystemJobService
03-03 10:54:23.340 1501 1501 I JobServiceContext: Client timed out while executing (no jobFinished received). Sending onStop: 1c76c43 #u0a115/154 com.smile.gifmaker/androidx.work.impl.background.systemjob.SystemJobService
03-03 10:54:35.342 1501 1600 W ActivityManager: Stopping service due to app idle: u0a115 -8h1m12s507ms com.smile.gifmaker/com.kwai.chat.kwailink.service.NewKwaiLinkService
03-03 10:57:23.036 666 21771 W SocketClient: write error (Broken pipe)
03-03 10:57:28.600 666 21812 W SocketClient: write error (Broken pipe)
03-03 11:04:20.255 1501 1501 I JobServiceContext: Letting 40598ea #u0a102/160 com.kuaishou.nebula/androidx.work.impl.background.systemjob.SystemJobService continue to run past min execution time
03-03 11:04:23.363 1501 1501 I JobServiceContext: Letting 208e98e #u0a115/156 com.smile.gifmaker/androidx.work.impl.background.systemjob.SystemJobService continue to run past min execution time
03-03 11:04:35.372 1501 1600 W ActivityManager: Stopping service due to app idle: u0a115 -8h11m12s537ms com.smile.gifmaker/com.kwai.chat.kwailink.service.NewKwaiLinkService
03-03 11:13:13.864 1501 1598 I UsageStatsService: User[0] Flushing usage stats to disk
03-03 11:14:35.351 1501 1600 W ActivityManager: Stopping service due to app idle: u0a115 -8h21m12s516ms com.smile.gifmaker/com.kwai.chat.kwailink.service.NewKwaiLinkService
03-03 11:23:03.344 1501 1621 W BatteryExternalStatsWorker: error reading modem stats:ERROR_PHONE_NOT_AVAILABLE
03-03 11:23:03.374 1501 1621 E KernelCpuSpeedReader: Failed to read cpu-freq: /sys/devices/system/cpu/cpu4/cpufreq/stats/time_in_state: open failed: ENOENT (No such file or directory)
03-03 11:23:03.374 1501 1621 E KernelCpuSpeedReader: Failed to read cpu-freq: /sys/devices/system/cpu/cpu0/cpufreq/stats/time_in_state: open failed: ENOENT (No such file or directory)
03-03 11:23:13.016 1501 1733 D ActivityManager: freezing 21289 com.qti.diagservices
03-03 11:23:13.016 1501 1733 E ActivityManager: Unable to freeze binder for 21289 com.qti.diagservices
03-03 11:23:13.017 1501 1733 D ActivityManager: froze 21289 com.qti.diagservices
03-03 11:23:13.017 1501 1733 E ActivityManager: Unable to freeze binder for 21289 com.qti.diagservices
03-03 11:23:13.019 1501 1733 I ActivityManager: Killing 21289:com.qti.diagservices/1000 (adj 925): Unable to freeze binder interface
03-03 11:23:13.051 1501 17178 W ActivityManager: Scheduling restart of crashed service com.qti.diagservices/.QTIDiagServices in 1000ms for start-requested
03-03 11:23:14.054 1501 1600 D CompatibilityChangeReporter: Compat change id reported: 135634846; UID 1000; state: DISABLED
03-03 11:23:14.054 1501 1600 D CompatibilityChangeReporter: Compat change id reported: 177438394; UID 1000; state: DISABLED
03-03 11:23:14.054 1501 1600 D CompatibilityChangeReporter: Compat change id reported: 135772972; UID 1000; state: DISABLED
03-03 11:23:14.055 1501 1600 D CompatibilityChangeReporter: Compat change id reported: 135754954; UID 1000; state: ENABLED
03-03 11:23:14.079 1501 1601 I ActivityManager: Start proc 22611:com.qti.diagservices/1000 for service {com.qti.diagservices/com.qti.diagservices.QTIDiagServices}
03-03 11:24:20.252 1501 1501 I JobServiceContext: Client timed out while executing (no jobFinished received). Sending onStop: 40598ea #u0a102/160 com.kuaishou.nebula/androidx.work.impl.background.systemjob.SystemJobService
03-03 11:24:23.362 1501 1501 I JobServiceContext: Client timed out while executing (no jobFinished received). Sending onStop: 208e98e #u0a115/156 com.smile.gifmaker/androidx.work.impl.background.systemjob.SystemJobService
03-03 11:24:35.368 1501 1600 W ActivityManager: Stopping service due to app idle: u0a115 -8h31m12s533ms com.smile.gifmaker/com.kwai.chat.kwailink.service.NewKwaiLinkService
03-03 11:33:13.931 1501 1598 I UsageStatsService: User[0] Flushing usage stats to disk
03-03 11:34:20.275 1501 1501 I JobServiceContext: Letting 2902e06 #u0a102/163 com.kuaishou.nebula/androidx.work.impl.background.systemjob.SystemJobService continue to run past min execution time
03-03 11:34:23.386 1501 1501 I JobServiceContext: Letting abd3e63 #u0a115/159 com.smile.gifmaker/androidx.work.impl.background.systemjob.SystemJobService continue to run past min execution time
03-03 11:34:35.398 1501 1600 W ActivityManager: Stopping service due to app idle: u0a115 -8h41m12s563ms com.smile.gifmaker/com.kwai.chat.kwailink.service.NewKwaiLinkService
03-03 11:44:35.379 1501 1600 W ActivityManager: Stopping service due to app idle: u0a115 -8h51m12s544ms com.smile.gifmaker/com.kwai.chat.kwailink.service.NewKwaiLinkService
03-03 11:53:03.394 1501 1621 W BatteryExternalStatsWorker: error reading modem stats:ERROR_PHONE_NOT_AVAILABLE
03-03 11:53:03.425 1501 1621 E KernelCpuSpeedReader: Failed to read cpu-freq: /sys/devices/system/cpu/cpu4/cpufreq/stats/time_in_state: open failed: ENOENT (No such file or directory)
03-03 11:53:03.425 1501 1621 E KernelCpuSpeedReader: Failed to read cpu-freq: /sys/devices/system/cpu/cpu0/cpufreq/stats/time_in_state: open failed: ENOENT (No such file or directory)
03-03 11:53:11.990 1501 1583 I EntropyMixer: Writing entropy...
03-03 11:53:13.997 1501 1598 I UsageStatsService: User[0] Flushing usage stats to disk
03-03 11:53:25.939 1501 1598 I ProcessStatsService: Pruning old procstats: /data/system/procstats/state-2023-03-03-06-32-33.bin
03-03 11:54:20.274 1501 1501 I JobServiceContext: Client timed out while executing (no jobFinished received). Sending onStop: 2902e06 #u0a102/163 com.kuaishou.nebula/androidx.work.impl.background.systemjob.SystemJobService
03-03 11:54:23.385 1501 1501 I JobServiceContext: Client timed out while executing (no jobFinished received). Sending onStop: abd3e63 #u0a115/159 com.smile.gifmaker/androidx.work.impl.background.systemjob.SystemJobService
03-03 11:54:35.442 1501 1600 W ActivityManager: Stopping service due to app idle: u0a115 -9h1m12s607ms com.smile.gifmaker/com.kwai.chat.kwailink.service.NewKwaiLinkService
03-03 12:03:25.414 1501 1733 D ActivityManager: freezing 22611 com.qti.diagservices
03-03 12:03:25.415 1501 1733 E ActivityManager: Unable to freeze binder for 22611 com.qti.diagservices
03-03 12:03:25.415 1501 1733 D ActivityManager: froze 22611 com.qti.diagservices
03-03 12:03:25.415 1501 1733 E ActivityManager: Unable to freeze binder for 22611 com.qti.diagservices
03-03 12:03:25.418 1501 1733 I ActivityManager: Killing 22611:com.qti.diagservices/1000 (adj 925): Unable to freeze binder interface
03-03 12:03:25.442 1501 6053 W ActivityManager: Scheduling restart of crashed service com.qti.diagservices/.QTIDiagServices in 1000ms for start-requested
03-03 12:03:26.447 1501 1600 D CompatibilityChangeReporter: Compat change id reported: 135634846; UID 1000; state: DISABLED
03-03 12:03:26.447 1501 1600 D CompatibilityChangeReporter: Compat change id reported: 177438394; UID 1000; state: DISABLED
03-03 12:03:26.447 1501 1600 D CompatibilityChangeReporter: Compat change id reported: 135772972; UID 1000; state: DISABLED
03-03 12:03:26.447 1501 1600 D CompatibilityChangeReporter: Compat change id reported: 135754954; UID 1000; state: ENABLED
03-03 12:03:26.473 1501 1601 I ActivityManager: Start proc 23914:com.qti.diagservices/1000 for service {com.qti.diagservices/com.qti.diagservices.QTIDiagServices}
03-03 12:04:20.292 1501 1501 I JobServiceContext: Letting 3cefa6 #u0a102/164 com.kuaishou.nebula/androidx.work.impl.background.systemjob.SystemJobService continue to run past min execution time
03-03 12:04:23.406 1501 1501 I JobServiceContext: Letting 8fc6183 #u0a115/160 com.smile.gifmaker/androidx.work.impl.background.systemjob.SystemJobService continue to run past min execution time
03-03 12:04:35.458 1501 1600 W ActivityManager: Stopping service due to app idle: u0a115 -9h11m12s623ms com.smile.gifmaker/com.kwai.chat.kwailink.service.NewKwaiLinkService
03-03 12:13:14.073 1501 1598 I UsageStatsService: User[0] Flushing usage stats to disk
03-03 12:14:35.471 1501 1600 W ActivityManager: Stopping service due to app idle: u0a115 -9h21m12s636ms com.smile.gifmaker/com.kwai.chat.kwailink.service.NewKwaiLinkService
03-03 12:23:03.398 1501 1621 W BatteryExternalStatsWorker: error reading modem stats:ERROR_PHONE_NOT_AVAILABLE
03-03 12:23:03.431 1501 1621 E KernelCpuSpeedReader: Failed to read cpu-freq: /sys/devices/system/cpu/cpu4/cpufreq/stats/time_in_state: open failed: ENOENT (No such file or directory)
03-03 12:23:03.431 1501 1621 E KernelCpuSpeedReader: Failed to read cpu-freq: /sys/devices/system/cpu/cpu0/cpufreq/stats/time_in_state: open failed: ENOENT (No such file or directory)
03-03 12:24:20.290 1501 1501 I JobServiceContext: Client timed out while executing (no jobFinished received). Sending onStop: 3cefa6 #u0a102/164 com.kuaishou.nebula/androidx.work.impl.background.systemjob.SystemJobService
03-03 12:24:23.404 1501 1501 I JobServiceContext: Client timed out while executing (no jobFinished received). Sending onStop: 8fc6183 #u0a115/160 com.smile.gifmaker/androidx.work.impl.background.systemjob.SystemJobService
03-03 12:24:35.472 1501 1600 W ActivityManager: Stopping service due to app idle: u0a115 -9h31m12s637ms com.smile.gifmaker/com.kwai.chat.kwailink.service.NewKwaiLinkService
03-03 12:33:14.145 1501 1598 I UsageStatsService: User[0] Flushing usage stats to disk
03-03 12:34:20.314 1501 1501 I JobServiceContext: Letting 7c2d65d #u0a102/166 com.kuaishou.nebula/androidx.work.impl.background.systemjob.SystemJobService continue to run past min execution time
03-03 12:34:23.424 1501 1501 I JobServiceContext: Letting 2ded31e #u0a115/162 com.smile.gifmaker/androidx.work.impl.background.systemjob.SystemJobService continue to run past min execution time
03-03 12:34:35.474 1501 1600 W ActivityManager: Stopping service due to app idle: u0a115 -9h41m12s639ms com.smile.gifmaker/com.kwai.chat.kwailink.service.NewKwaiLinkService
03-03 12:43:35.471 1501 1733 D ActivityManager: freezing 23914 com.qti.diagservices
03-03 12:43:35.471 1501 1733 E ActivityManager: Unable to freeze binder for 23914 com.qti.diagservices
03-03 12:43:35.472 1501 1733 D ActivityManager: froze 23914 com.qti.diagservices
03-03 12:43:35.472 1501 1733 E ActivityManager: Unable to freeze binder for 23914 com.qti.diagservices
03-03 12:43:35.474 1501 1733 I ActivityManager: Killing 23914:com.qti.diagservices/1000 (adj 925): Unable to freeze binder interface
03-03 12:43:35.496 1501 1534 W ActivityManager: Scheduling restart of crashed service com.qti.diagservices/.QTIDiagServices in 1000ms for start-requested
03-03 12:43:36.500 1501 1600 D CompatibilityChangeReporter: Compat change id reported: 135634846; UID 1000; state: DISABLED
03-03 12:43:36.501 1501 1600 D CompatibilityChangeReporter: Compat change id reported: 177438394; UID 1000; state: DISABLED
03-03 12:43:36.501 1501 1600 D CompatibilityChangeReporter: Compat change id reported: 135772972; UID 1000; state: DISABLED
03-03 12:43:36.502 1501 1600 D CompatibilityChangeReporter: Compat change id reported: 135754954; UID 1000; state: ENABLED
03-03 12:43:36.526 1501 1601 I ActivityManager: Start proc 25184:com.qti.diagservices/1000 for service {com.qti.diagservices/com.qti.diagservices.QTIDiagServices}
03-03 12:44:35.535 1501 1600 W ActivityManager: Stopping service due to app idle: u0a115 -9h51m12s700ms com.smile.gifmaker/com.kwai.chat.kwailink.service.NewKwaiLinkService
03-03 12:53:03.387 1501 1621 W BatteryExternalStatsWorker: error reading modem stats:ERROR_PHONE_NOT_AVAILABLE
03-03 12:53:03.419 1501 1621 E KernelCpuSpeedReader: Failed to read cpu-freq: /sys/devices/system/cpu/cpu4/cpufreq/stats/time_in_state: open failed: ENOENT (No such file or directory)
03-03 12:53:03.419 1501 1621 E KernelCpuSpeedReader: Failed to read cpu-freq: /sys/devices/system/cpu/cpu0/cpufreq/stats/time_in_state: open failed: ENOENT (No such file or directory)
03-03 12:53:14.218 1501 1598 I UsageStatsService: User[0] Flushing usage stats to disk
03-03 12:54:20.313 1501 1501 I JobServiceContext: Client timed out while executing (no jobFinished received). Sending onStop: 7c2d65d #u0a102/166 com.kuaishou.nebula/androidx.work.impl.background.systemjob.SystemJobService
03-03 12:54:23.423 1501 1501 I JobServiceContext: Client timed out while executing (no jobFinished received). Sending onStop: 2ded31e #u0a115/162 com.smile.gifmaker/androidx.work.impl.background.systemjob.SystemJobService
03-03 12:54:35.547 1501 1600 W ActivityManager: Stopping service due to app idle: u0a115 -10h1m12s712ms com.smile.gifmaker/com.kwai.chat.kwailink.service.NewKwaiLinkService
03-03 12:58:21.782 1501 1600 W ProcessCpuTracker: Failed to stat(/proc/25688): android.system.ErrnoException: stat failed: ENOENT (No such file or directory)
03-03 12:58:21.782 1501 1600 W ProcessCpuTracker: Skipping unknown process pid 25688
03-03 12:58:21.796 1501 1609 I ActivityManager: Process PhantomProcessRecord {3965da 25691:3666:/u0a102} died
03-03 12:58:21.797 1501 1609 I ActivityManager: Process PhantomProcessRecord {614fa0b 25690:3666:sh/u0a102} died
03-03 12:58:28.648 666 25724 W SocketClient: write error (Broken pipe)
03-03 13:04:20.333 1501 1501 I JobServiceContext: Letting 7a1bce9 #u0a102/168 com.kuaishou.nebula/androidx.work.impl.background.systemjob.SystemJobService continue to run past min execution time
03-03 13:04:23.447 1501 1501 I JobServiceContext: Letting d789d5d #u0a115/164 com.smile.gifmaker/androidx.work.impl.background.systemjob.SystemJobService continue to run past min execution time
03-03 13:04:35.579 1501 1600 W ActivityManager: Stopping service due to app idle: u0a115 -10h11m12s744ms com.smile.gifmaker/com.kwai.chat.kwailink.service.NewKwaiLinkService
03-03 13:13:14.286 1501 1598 I UsageStatsService: User[0] Flushing usage stats to disk
03-03 13:14:35.572 1501 1600 W ActivityManager: Stopping service due to app idle: u0a115 -10h21m12s736ms com.smile.gifmaker/com.kwai.chat.kwailink.service.NewKwaiLinkService
03-03 13:23:03.378 1501 1621 W BatteryExternalStatsWorker: error reading modem stats:ERROR_PHONE_NOT_AVAILABLE
03-03 13:23:03.405 1501 1621 E KernelCpuSpeedReader: Failed to read cpu-freq: /sys/devices/system/cpu/cpu4/cpufreq/stats/time_in_state: open failed: ENOENT (No such file or directory)
03-03 13:23:03.405 1501 1621 E KernelCpuSpeedReader: Failed to read cpu-freq: /sys/devices/system/cpu/cpu0/cpufreq/stats/time_in_state: open failed: ENOENT (No such file or directory)
03-03 13:24:20.332 1501 1501 I JobServiceContext: Client timed out while executing (no jobFinished received). Sending onStop: 7a1bce9 #u0a102/168 com.kuaishou.nebula/androidx.work.impl.background.systemjob.SystemJobService
03-03 13:24:23.445 1501 1501 I JobServiceContext: Client timed out while executing (no jobFinished received). Sending onStop: d789d5d #u0a115/164 com.smile.gifmaker/androidx.work.impl.background.systemjob.SystemJobService
03-03 13:24:35.587 1501 1600 W ActivityManager: Stopping service due to app idle: u0a115 -10h31m12s752ms com.smile.gifmaker/com.kwai.chat.kwailink.service.NewKwaiLinkService
03-03 13:33:02.960 1501 1733 D ActivityManager: freezing 25184 com.qti.diagservices
03-03 13:33:02.960 1501 1733 E ActivityManager: Unable to freeze binder for 25184 com.qti.diagservices
03-03 13:33:02.962 1501 1733 D ActivityManager: froze 25184 com.qti.diagservices
03-03 13:33:02.962 1501 1733 E ActivityManager: Unable to freeze binder for 25184 com.qti.diagservices
03-03 13:33:02.967 1501 1733 I ActivityManager: Killing 25184:com.qti.diagservices/1000 (adj 925): Unable to freeze binder interface
03-03 13:33:03.001 1501 2074 W ActivityManager: Scheduling restart of crashed service com.qti.diagservices/.QTIDiagServices in 1000ms for start-requested
03-03 13:33:04.007 1501 1600 D CompatibilityChangeReporter: Compat change id reported: 135634846; UID 1000; state: DISABLED
03-03 13:33:04.007 1501 1600 D CompatibilityChangeReporter: Compat change id reported: 177438394; UID 1000; state: DISABLED
03-03 13:33:04.007 1501 1600 D CompatibilityChangeReporter: Compat change id reported: 135772972; UID 1000; state: DISABLED
03-03 13:33:04.007 1501 1600 D CompatibilityChangeReporter: Compat change id reported: 135754954; UID 1000; state: ENABLED
03-03 13:33:04.030 1501 1601 I ActivityManager: Start proc 26833:com.qti.diagservices/1000 for service {com.qti.diagservices/com.qti.diagservices.QTIDiagServices}
03-03 13:33:14.360 1501 1598 I UsageStatsService: User[0] Flushing usage stats to disk
03-03 13:34:20.357 1501 1501 I JobServiceContext: Letting 212af27 #u0a102/171 com.kuaishou.nebula/androidx.work.impl.background.systemjob.SystemJobService continue to run past min execution time
03-03 13:34:23.463 1501 1501 I JobServiceContext: Letting 1e84b40 #u0a115/167 com.smile.gifmaker/androidx.work.impl.background.systemjob.SystemJobService continue to run past min execution time
03-03 13:34:35.588 1501 1600 W ActivityManager: Stopping service due to app idle: u0a115 -10h41m12s753ms com.smile.gifmaker/com.kwai.chat.kwailink.service.NewKwaiLinkService
03-03 13:44:35.570 1501 1600 W ActivityManager: Stopping service due to app idle: u0a115 -10h51m12s735ms com.smile.gifmaker/com.kwai.chat.kwailink.service.NewKwaiLinkService
03-03 13:53:03.394 1501 1621 W BatteryExternalStatsWorker: error reading modem stats:ERROR_PHONE_NOT_AVAILABLE
03-03 13:53:03.423 1501 1621 E KernelCpuSpeedReader: Failed to read cpu-freq: /sys/devices/system/cpu/cpu4/cpufreq/stats/time_in_state: open failed: ENOENT (No such file or directory)
03-03 13:53:03.424 1501 1621 E KernelCpuSpeedReader: Failed to read cpu-freq: /sys/devices/system/cpu/cpu0/cpufreq/stats/time_in_state: open failed: ENOENT (No such file or directory)
03-03 13:53:14.426 1501 1598 I UsageStatsService: User[0] Flushing usage stats to disk
03-03 13:53:20.355 1501 2074 W ActivityManager: Unable to start service Intent { act=android.intent.action.START_LEBO_SERVICE pkg=com.hpplay.happyplay.aw } U=0: not found
03-03 13:54:20.355 1501 1501 I JobServiceContext: Client timed out while executing (no jobFinished received). Sending onStop: 212af27 #u0a102/171 com.kuaishou.nebula/androidx.work.impl.background.systemjob.SystemJobService
03-03 13:54:23.466 1501 1501 I JobServiceContext: Client timed out while executing (no jobFinished received). Sending onStop: 1e84b40 #u0a115/167 com.smile.gifmaker/androidx.work.impl.background.systemjob.SystemJobService
03-03 13:54:35.631 1501 1600 W ActivityManager: Stopping service due to app idle: u0a115 -11h1m12s796ms com.smile.gifmaker/com.kwai.chat.kwailink.service.NewKwaiLinkService
03-03 14:04:20.376 1501 1501 I JobServiceContext: Letting cfed95e #u0a102/172 com.kuaishou.nebula/androidx.work.impl.background.systemjob.SystemJobService continue to run past min execution time
03-03 14:04:23.486 1501 1501 I JobServiceContext: Letting 1a4d25b #u0a115/168 com.smile.gifmaker/androidx.work.impl.background.systemjob.SystemJobService continue to run past min execution time
03-03 14:04:35.619 1501 1600 W ActivityManager: Stopping service due to app idle: u0a115 -11h11m12s784ms com.smile.gifmaker/com.kwai.chat.kwailink.service.NewKwaiLinkService
03-03 14:06:19.934 1501 1907 I GameModeConfig: isGameModeOn = false
03-03 14:06:19.934 1501 1907 I GameModeConfig: isGameModeOn = false
03-03 14:06:19.935 1501 1907 I GameModeConfig: isGameModeOn = false
03-03 14:06:19.935 1501 1907 I GameModeConfig: isGameModeOn = false
03-03 14:06:19.935 1501 1907 I GameModeConfig: isGameModeOn = false
03-03 14:06:19.936 1501 1907 I GameModeConfig: isGameModeOn = false
03-03 14:06:19.936 1501 1907 I GameModeConfig: isGameModeOn = false
03-03 14:06:19.936 1501 1907 I GameModeConfig: isGameModeOn = false
03-03 14:06:19.936 1501 1907 I GameModeConfig: isGameModeOn = false
03-03 14:06:19.936 1501 1907 I GameModeConfig: isGameModeOn = false
03-03 14:06:19.937 1501 1907 I GameModeConfig: isGameModeOn = false
03-03 14:06:19.937 1501 1907 I GameModeConfig: isGameModeOn = false
03-03 14:13:13.007 1501 1733 D ActivityManager: freezing 26833 com.qti.diagservices
03-03 14:13:13.007 1501 1733 E ActivityManager: Unable to freeze binder for 26833 com.qti.diagservices
03-03 14:13:13.008 1501 1733 D ActivityManager: froze 26833 com.qti.diagservices
03-03 14:13:13.008 1501 1733 E ActivityManager: Unable to freeze binder for 26833 com.qti.diagservices
03-03 14:13:13.010 1501 1733 I ActivityManager: Killing 26833:com.qti.diagservices/1000 (adj 925): Unable to freeze binder interface
03-03 14:13:13.036 1501 2852 W ActivityManager: Scheduling restart of crashed service com.qti.diagservices/.QTIDiagServices in 1000ms for start-requested
03-03 14:13:14.041 1501 1600 D CompatibilityChangeReporter: Compat change id reported: 135634846; UID 1000; state: DISABLED
03-03 14:13:14.042 1501 1600 D CompatibilityChangeReporter: Compat change id reported: 177438394; UID 1000; state: DISABLED
03-03 14:13:14.042 1501 1600 D CompatibilityChangeReporter: Compat change id reported: 135772972; UID 1000; state: DISABLED
03-03 14:13:14.043 1501 1600 D CompatibilityChangeReporter: Compat change id reported: 135754954; UID 1000; state: ENABLED
03-03 14:13:14.068 1501 1601 I ActivityManager: Start proc 28136:com.qti.diagservices/1000 for service {com.qti.diagservices/com.qti.diagservices.QTIDiagServices}
03-03 14:13:14.495 1501 1598 I UsageStatsService: User[0] Flushing usage stats to disk
03-03 14:14:35.624 1501 1600 W ActivityManager: Stopping service due to app idle: u0a115 -11h21m12s789ms com.smile.gifmaker/com.kwai.chat.kwailink.service.NewKwaiLinkService
03-03 14:23:03.426 1501 1621 W BatteryExternalStatsWorker: error reading modem stats:ERROR_PHONE_NOT_AVAILABLE
03-03 14:23:03.458 1501 1621 E KernelCpuSpeedReader: Failed to read cpu-freq: /sys/devices/system/cpu/cpu4/cpufreq/stats/time_in_state: open failed: ENOENT (No such file or directory)
03-03 14:23:03.459 1501 1621 E KernelCpuSpeedReader: Failed to read cpu-freq: /sys/devices/system/cpu/cpu0/cpufreq/stats/time_in_state: open failed: ENOENT (No such file or directory)
03-03 14:24:20.375 1501 1501 I JobServiceContext: Client timed out while executing (no jobFinished received). Sending onStop: cfed95e #u0a102/172 com.kuaishou.nebula/androidx.work.impl.background.systemjob.SystemJobService
03-03 14:24:23.487 1501 1501 I JobServiceContext: Client timed out while executing (no jobFinished received). Sending onStop: 1a4d25b #u0a115/168 com.smile.gifmaker/androidx.work.impl.background.systemjob.SystemJobService
03-03 14:24:35.677 1501 1600 W ActivityManager: Stopping service due to app idle: u0a115 -11h31m12s842ms com.smile.gifmaker/com.kwai.chat.kwailink.service.NewKwaiLinkService
03-03 14:33:14.573 1501 1598 I UsageStatsService: User[0] Flushing usage stats to disk
03-03 14:34:20.401 1501 1501 I JobServiceContext: Letting d742975 #u0a102/174 com.kuaishou.nebula/androidx.work.impl.background.systemjob.SystemJobService continue to run past min execution time
03-03 14:34:23.510 1501 1501 I JobServiceContext: Letting 7965fd6 #u0a115/170 com.smile.gifmaker/androidx.work.impl.background.systemjob.SystemJobService continue to run past min execution time
03-03 14:34:35.698 1501 1600 W ActivityManager: Stopping service due to app idle: u0a115 -11h41m12s863ms com.smile.gifmaker/com.kwai.chat.kwailink.service.NewKwaiLinkService
03-03 14:42:27.287 1501 1907 I GameModeConfig: isGameModeOn = false
03-03 14:42:27.288 1501 1907 I GameModeConfig: isGameModeOn = false
03-03 14:42:27.288 1501 1907 I GameModeConfig: isGameModeOn = false
03-03 14:42:27.288 1501 1907 I GameModeConfig: isGameModeOn = false
03-03 14:42:27.288 1501 1907 I GameModeConfig: isGameModeOn = false
03-03 14:42:27.289 1501 1907 I GameModeConfig: isGameModeOn = false
03-03 14:42:27.498 1501 1501 I GameModeConfig: isGameModeOn = false
03-03 14:42:27.506 1501 1501 W NotificationHistory: Attempted to add notif for locked/gone/disabled user 0
03-03 14:42:27.510 1501 1907 I GameModeConfig: isGameModeOn = false
03-03 14:42:27.510 1501 1907 I GameModeConfig: isGameModeOn = false
03-03 14:42:27.510 1501 1907 I GameModeConfig: isGameModeOn = false
03-03 14:42:27.511 1501 1907 I GameModeConfig: isGameModeOn = false
03-03 14:42:27.511 1501 1907 I GameModeConfig: isGameModeOn = false
03-03 14:42:27.511 1501 1907 I GameModeConfig: isGameModeOn = false
03-03 14:42:27.511 1501 1907 I GameModeConfig: isGameModeOn = false
03-03 14:42:27.512 1501 1907 I GameModeConfig: isGameModeOn = false
03-03 14:42:27.512 1501 1907 I GameModeConfig: isGameModeOn = false
03-03 14:42:27.512 1501 1907 I GameModeConfig: isGameModeOn = false
03-03 14:42:27.512 1501 1907 I GameModeConfig: isGameModeOn = false
03-03 14:42:27.512 1501 1907 I GameModeConfig: isGameModeOn = false
03-03 14:42:27.512 1501 1907 I GameModeConfig: isGameModeOn = false
03-03 14:42:27.512 1501 1907 I GameModeConfig: isGameModeOn = false
03-03 14:42:27.514 1501 1907 I GameModeConfig: isGameModeOn = false
03-03 14:42:27.514 1501 1907 I GameModeConfig: isGameModeOn = false
03-03 14:42:27.514 1501 1907 I GameModeConfig: isGameModeOn = false
03-03 14:42:27.515 1501 1907 I GameModeConfig: isGameModeOn = false
03-03 14:42:27.515 1501 1907 I GameModeConfig: isGameModeOn = false
03-03 14:42:27.515 1501 1907 I GameModeConfig: isGameModeOn = false
03-03 14:42:27.515 1501 1907 I GameModeConfig: isGameModeOn = false
03-03 14:42:27.715 1501 1501 I GameModeConfig: isGameModeOn = false
03-03 14:42:37.527 1501 1907 I GameModeConfig: isGameModeOn = false
03-03 14:42:37.530 1501 1907 I GameModeConfig: isGameModeOn = false
03-03 14:42:37.530 1501 1907 I GameModeConfig: isGameModeOn = false
03-03 14:42:37.531 1501 1907 I GameModeConfig: isGameModeOn = false
03-03 14:42:37.716 1501 1907 I GameModeConfig: isGameModeOn = false
03-03 14:44:35.693 1501 1600 W ActivityManager: Stopping service due to app idle: u0a115 -11h51m12s858ms com.smile.gifmaker/com.kwai.chat.kwailink.service.NewKwaiLinkService
03-03 14:53:03.413 1501 1621 W BatteryExternalStatsWorker: error reading modem stats:ERROR_PHONE_NOT_AVAILABLE
03-03 14:53:03.438 1501 1621 E KernelCpuSpeedReader: Failed to read cpu-freq: /sys/devices/system/cpu/cpu4/cpufreq/stats/time_in_state: open failed: ENOENT (No such file or directory)
03-03 14:53:03.439 1501 1621 E KernelCpuSpeedReader: Failed to read cpu-freq: /sys/devices/system/cpu/cpu0/cpufreq/stats/time_in_state: open failed: ENOENT (No such file or directory)
03-03 14:53:08.681 1501 1600 D CompatibilityChangeReporter: Compat change id reported: 135634846; UID 10024; state: DISABLED
03-03 14:53:08.681 1501 1600 D CompatibilityChangeReporter: Compat change id reported: 177438394; UID 10024; state: DISABLED
03-03 14:53:08.681 1501 1600 D CompatibilityChangeReporter: Compat change id reported: 135772972; UID 10024; state: DISABLED
03-03 14:53:08.681 1501 1600 D CompatibilityChangeReporter: Compat change id reported: 135754954; UID 10024; state: ENABLED
03-03 14:53:08.682 1501 1601 D CompatibilityChangeReporter: Compat change id reported: 143937733; UID 10024; state: ENABLED
03-03 14:53:08.701 1501 1601 I ActivityManager: Start proc 29349:com.android.providers.calendar/u0a24 for broadcast {com.android.providers.calendar/com.android.providers.calendar.CalendarProviderBroadcastReceiver}
03-03 14:53:08.779 1501 2984 D CompatibilityChangeReporter: Compat change id reported: 143231523; UID 10024; state: DISABLED
03-03 14:53:11.998 1501 1583 I EntropyMixer: Writing entropy...
03-03 14:53:13.608 1501 1600 D CompatibilityChangeReporter: Compat change id reported: 168419799; UID 1000; state: DISABLED
03-03 14:53:14.645 1501 1598 I UsageStatsService: User[0] Flushing usage stats to disk
03-03 14:53:25.651 1501 1733 D ActivityManager: freezing 28136 com.qti.diagservices
03-03 14:53:25.651 1501 1733 E ActivityManager: Unable to freeze binder for 28136 com.qti.diagservices
03-03 14:53:25.653 1501 1733 D ActivityManager: froze 28136 com.qti.diagservices
03-03 14:53:25.654 1501 1733 E ActivityManager: Unable to freeze binder for 28136 com.qti.diagservices
03-03 14:53:25.655 1501 1733 I ActivityManager: Killing 28136:com.qti.diagservices/1000 (adj 935): Unable to freeze binder interface
03-03 14:53:25.686 1501 2849 W ActivityManager: Scheduling restart of crashed service com.qti.diagservices/.QTIDiagServices in 1000ms for start-requested
03-03 14:53:26.033 1501 1598 I ProcessStatsService: Pruning old procstats: /data/system/procstats/state-2023-03-03-08-53-25.bin
03-03 14:53:26.690 1501 1600 D CompatibilityChangeReporter: Compat change id reported: 135634846; UID 1000; state: DISABLED
03-03 14:53:26.690 1501 1600 D CompatibilityChangeReporter: Compat change id reported: 177438394; UID 1000; state: DISABLED
03-03 14:53:26.691 1501 1600 D CompatibilityChangeReporter: Compat change id reported: 135772972; UID 1000; state: DISABLED
03-03 14:53:26.691 1501 1600 D CompatibilityChangeReporter: Compat change id reported: 135754954; UID 1000; state: ENABLED
03-03 14:53:26.717 1501 1601 I ActivityManager: Start proc 29420:com.qti.diagservices/1000 for service {com.qti.diagservices/com.qti.diagservices.QTIDiagServices}
03-03 14:53:43.690 1501 1501 D CompatibilityChangeReporter: Compat change id reported: 135634846; UID 10018; state: DISABLED
03-03 14:53:43.690 1501 1501 D CompatibilityChangeReporter: Compat change id reported: 177438394; UID 10018; state: DISABLED
03-03 14:53:43.690 1501 1501 D CompatibilityChangeReporter: Compat change id reported: 135772972; UID 10018; state: DISABLED
03-03 14:53:43.690 1501 1501 D CompatibilityChangeReporter: Compat change id reported: 135754954; UID 10018; state: ENABLED
03-03 14:53:43.691 1501 1601 D CompatibilityChangeReporter: Compat change id reported: 143937733; UID 10018; state: ENABLED
03-03 14:53:43.698 1501 1789 I WatchlistLoggingHandler: No need to aggregate record yet.
03-03 14:53:43.698 1501 1789 I WatchlistLoggingHandler: Milliseconds spent on tryAggregateRecords(): 0
03-03 14:53:43.713 1501 1601 I ActivityManager: Start proc 29447:android.process.media/u0a18 for service {com.android.providers.downloads/com.android.providers.downloads.DownloadIdleService}
03-03 14:53:43.778 1501 1907 I GameModeConfig: isGameModeOn = false
03-03 14:53:43.778 1501 1907 I GameModeConfig: isGameModeOn = false
03-03 14:53:43.778 1501 1907 I GameModeConfig: isGameModeOn = false
03-03 14:53:43.778 1501 1907 I GameModeConfig: isGameModeOn = false
03-03 14:53:43.778 1501 1907 I GameModeConfig: isGameModeOn = false
03-03 14:53:43.779 1501 1907 I GameModeConfig: isGameModeOn = false
03-03 14:53:43.779 1501 1907 I GameModeConfig: isGameModeOn = false
03-03 14:53:43.779 1501 1907 I GameModeConfig: isGameModeOn = false
03-03 14:53:43.793 29447 29465 D DownloadManager: Removed 0 stale downloads
03-03 14:53:43.794 29447 29465 D DownloadManager: Found 0 files in database
03-03 14:53:43.794 29447 29465 D DownloadManager: Found 0 files on disk
03-03 14:54:20.396 1501 1501 I JobServiceContext: Client timed out while executing (no jobFinished received). Sending onStop: d742975 #u0a102/174 com.kuaishou.nebula/androidx.work.impl.background.systemjob.SystemJobService
03-03 14:54:23.507 1501 1501 I JobServiceContext: Client timed out while executing (no jobFinished received). Sending onStop: 7965fd6 #u0a115/170 com.smile.gifmaker/androidx.work.impl.background.systemjob.SystemJobService
03-03 14:54:35.676 1501 1600 W ActivityManager: Stopping service due to app idle: u0a115 -12h1m12s841ms com.smile.gifmaker/com.kwai.chat.kwailink.service.NewKwaiLinkService
03-03 14:59:23.193 666 29654 W SocketClient: write error (Broken pipe)
03-03 14:59:28.667 666 29694 W SocketClient: write error (Broken pipe)
03-03 15:03:08.890 1501 1733 D ActivityManager: freezing 29349 com.android.providers.calendar
03-03 15:03:08.891 1501 1733 E ActivityManager: Unable to freeze binder for 29349 com.android.providers.calendar
03-03 15:03:08.892 1501 1733 D ActivityManager: froze 29349 com.android.providers.calendar
03-03 15:03:08.892 1501 1733 E ActivityManager: Unable to freeze binder for 29349 com.android.providers.calendar
03-03 15:03:08.895 1501 1733 I ActivityManager: Killing 29349:com.android.providers.calendar/u0a24 (adj 935): Unable to freeze binder interface
03-03 15:03:43.841 1501 1733 D ActivityManager: freezing 29447 android.process.media
03-03 15:03:43.841 1501 1733 E ActivityManager: Unable to freeze binder for 29447 android.process.media
03-03 15:03:43.843 1501 1733 D ActivityManager: froze 29447 android.process.media
03-03 15:03:43.843 1501 1733 E ActivityManager: Unable to freeze binder for 29447 android.process.media
03-03 15:03:43.846 1501 1733 I ActivityManager: Killing 29447:android.process.media/u0a18 (adj 905): Unable to freeze binder interface
03-03 15:04:20.416 1501 1501 I JobServiceContext: Letting 8fe3c27 #u0a102/176 com.kuaishou.nebula/androidx.work.impl.background.systemjob.SystemJobService continue to run past min execution time
03-03 15:04:23.528 1501 1501 I JobServiceContext: Letting 162983b #u0a115/172 com.smile.gifmaker/androidx.work.impl.background.systemjob.SystemJobService continue to run past min execution time
03-03 15:04:35.719 1501 1600 W ActivityManager: Stopping service due to app idle: u0a115 -12h11m12s884ms com.smile.gifmaker/com.kwai.chat.kwailink.service.NewKwaiLinkService
03-03 15:13:14.719 1501 1598 I UsageStatsService: User[0] Flushing usage stats to disk
03-03 15:14:35.759 1501 1600 W ActivityManager: Stopping service due to app idle: u0a115 -12h21m12s924ms com.smile.gifmaker/com.kwai.chat.kwailink.service.NewKwaiLinkService
03-03 15:23:03.477 1501 1621 W BatteryExternalStatsWorker: error reading modem stats:ERROR_PHONE_NOT_AVAILABLE
03-03 15:23:03.506 1501 1621 E KernelCpuSpeedReader: Failed to read cpu-freq: /sys/devices/system/cpu/cpu4/cpufreq/stats/time_in_state: open failed: ENOENT (No such file or directory)
03-03 15:23:03.506 1501 1621 E KernelCpuSpeedReader: Failed to read cpu-freq: /sys/devices/system/cpu/cpu0/cpufreq/stats/time_in_state: open failed: ENOENT (No such file or directory)
03-03 15:23:23.708 1501 1600 W ProcessCpuTracker: Failed to stat(/proc/30434): android.system.ErrnoException: stat failed: ENOENT (No such file or directory)
03-03 15:23:23.708 1501 1600 W ProcessCpuTracker: Skipping unknown process pid 30434
03-03 15:23:23.749 1501 1609 I ActivityManager: Process PhantomProcessRecord {ebdb3f8 30435:2190:tar/1000} died
03-03 15:23:23.751 1501 1609 I ActivityManager: Process PhantomProcessRecord {d6b60d1 30436:2190:gzip/1000} died
03-03 15:23:25.081 1501 1609 I ActivityManager: Process PhantomProcessRecord {de1736 30429:2190:sh/1000} died
03-03 15:24:20.415 1501 1501 I JobServiceContext: Client timed out while executing (no jobFinished received). Sending onStop: 8fe3c27 #u0a102/176 com.kuaishou.nebula/androidx.work.impl.background.systemjob.SystemJobService
03-03 15:24:23.527 1501 1501 I JobServiceContext: Client timed out while executing (no jobFinished received). Sending onStop: 162983b #u0a115/172 com.smile.gifmaker/androidx.work.impl.background.systemjob.SystemJobService
03-03 15:24:35.722 1501 1600 W ActivityManager: Stopping service due to app idle: u0a115 -12h31m12s887ms com.smile.gifmaker/com.kwai.chat.kwailink.service.NewKwaiLinkService
03-03 15:33:14.794 1501 1598 I UsageStatsService: User[0] Flushing usage stats to disk
03-03 15:33:35.801 1501 1733 D ActivityManager: freezing 29420 com.qti.diagservices
03-03 15:33:35.801 1501 1733 E ActivityManager: Unable to freeze binder for 29420 com.qti.diagservices
03-03 15:33:35.803 1501 1733 D ActivityManager: froze 29420 com.qti.diagservices
03-03 15:33:35.804 1501 1733 E ActivityManager: Unable to freeze binder for 29420 com.qti.diagservices
03-03 15:33:35.807 1501 1733 I ActivityManager: Killing 29420:com.qti.diagservices/1000 (adj 915): Unable to freeze binder interface
03-03 15:33:35.840 1501 6053 W ActivityManager: Scheduling restart of crashed service com.qti.diagservices/.QTIDiagServices in 1000ms for start-requested
03-03 15:33:36.845 1501 1600 D CompatibilityChangeReporter: Compat change id reported: 135634846; UID 1000; state: DISABLED
03-03 15:33:36.845 1501 1600 D CompatibilityChangeReporter: Compat change id reported: 177438394; UID 1000; state: DISABLED
03-03 15:33:36.845 1501 1600 D CompatibilityChangeReporter: Compat change id reported: 135772972; UID 1000; state: DISABLED
03-03 15:33:36.846 1501 1600 D CompatibilityChangeReporter: Compat change id reported: 135754954; UID 1000; state: ENABLED
03-03 15:33:36.870 1501 1601 I ActivityManager: Start proc 30758:com.qti.diagservices/1000 for service {com.qti.diagservices/com.qti.diagservices.QTIDiagServices}
03-03 15:34:20.436 1501 1501 I JobServiceContext: Letting 394d70e #u0a102/179 com.kuaishou.nebula/androidx.work.impl.background.systemjob.SystemJobService continue to run past min execution time
03-03 15:34:23.545 1501 1501 I JobServiceContext: Letting e6bc54b #u0a115/175 com.smile.gifmaker/androidx.work.impl.background.systemjob.SystemJobService continue to run past min execution time
03-03 15:34:35.743 1501 1600 W ActivityManager: Stopping service due to app idle: u0a115 -12h41m12s908ms com.smile.gifmaker/com.kwai.chat.kwailink.service.NewKwaiLinkService
03-03 15:44:35.771 1501 1600 W ActivityManager: Stopping service due to app idle: u0a115 -12h51m12s936ms com.smile.gifmaker/com.kwai.chat.kwailink.service.NewKwaiLinkService
03-03 15:53:03.469 1501 1621 W BatteryExternalStatsWorker: error reading modem stats:ERROR_PHONE_NOT_AVAILABLE
03-03 15:53:03.501 1501 1621 E KernelCpuSpeedReader: Failed to read cpu-freq: /sys/devices/system/cpu/cpu4/cpufreq/stats/time_in_state: open failed: ENOENT (No such file or directory)
03-03 15:53:03.502 1501 1621 E KernelCpuSpeedReader: Failed to read cpu-freq: /sys/devices/system/cpu/cpu0/cpufreq/stats/time_in_state: open failed: ENOENT (No such file or directory)
03-03 15:53:14.864 1501 1598 I UsageStatsService: User[0] Flushing usage stats to disk
03-03 15:53:24.779 1501 1609 I ActivityManager: Process PhantomProcessRecord {e636c47 31390:2190:sleep/1000} died
03-03 15:53:25.050 1501 1609 I ActivityManager: Process PhantomProcessRecord {13cec74 31382:2190:sh/1000} died
03-03 15:54:20.434 1501 1501 I JobServiceContext: Client timed out while executing (no jobFinished received). Sending onStop: 394d70e #u0a102/179 com.kuaishou.nebula/androidx.work.impl.background.systemjob.SystemJobService
03-03 15:54:23.548 1501 1501 I JobServiceContext: Client timed out while executing (no jobFinished received). Sending onStop: e6bc54b #u0a115/175 com.smile.gifmaker/androidx.work.impl.background.systemjob.SystemJobService
03-03 15:54:35.798 1501 1600 W ActivityManager: Stopping service due to app idle: u0a115 -13h1m12s963ms com.smile.gifmaker/com.kwai.chat.kwailink.service.NewKwaiLinkService
03-03 16:04:20.451 1501 1501 I JobServiceContext: Letting 7765be0 #u0a102/180 com.kuaishou.nebula/androidx.work.impl.background.systemjob.SystemJobService continue to run past min execution time
03-03 16:04:23.564 1501 1501 I JobServiceContext: Letting 6957b55 #u0a115/176 com.smile.gifmaker/androidx.work.impl.background.systemjob.SystemJobService continue to run past min execution time
03-03 16:04:35.799 1501 1600 W ActivityManager: Stopping service due to app idle: u0a115 -13h11m12s964ms com.smile.gifmaker/com.kwai.chat.kwailink.service.NewKwaiLinkService
03-03 16:13:14.941 1501 1598 I UsageStatsService: User[0] Flushing usage stats to disk
03-03 16:14:35.805 1501 1600 W ActivityManager: Stopping service due to app idle: u0a115 -13h21m12s969ms com.smile.gifmaker/com.kwai.chat.kwailink.service.NewKwaiLinkService
03-03 16:23:02.973 1501 1733 D ActivityManager: freezing 30758 com.qti.diagservices
03-03 16:23:02.974 1501 1733 E ActivityManager: Unable to freeze binder for 30758 com.qti.diagservices
03-03 16:23:02.975 1501 1733 D ActivityManager: froze 30758 com.qti.diagservices
03-03 16:23:02.975 1501 1733 E ActivityManager: Unable to freeze binder for 30758 com.qti.diagservices
03-03 16:23:02.976 1501 1733 I ActivityManager: Killing 30758:com.qti.diagservices/1000 (adj 915): Unable to freeze binder interface
03-03 16:23:03.002 1501 2000 W ActivityManager: Scheduling restart of crashed service com.qti.diagservices/.QTIDiagServices in 1000ms for start-requested
03-03 16:23:03.454 1501 1621 W BatteryExternalStatsWorker: error reading modem stats:ERROR_PHONE_NOT_AVAILABLE
03-03 16:23:03.486 1501 1621 E KernelCpuSpeedReader: Failed to read cpu-freq: /sys/devices/system/cpu/cpu4/cpufreq/stats/time_in_state: open failed: ENOENT (No such file or directory)
03-03 16:23:03.486 1501 1621 E KernelCpuSpeedReader: Failed to read cpu-freq: /sys/devices/system/cpu/cpu0/cpufreq/stats/time_in_state: open failed: ENOENT (No such file or directory)
03-03 16:23:04.007 1501 1600 D CompatibilityChangeReporter: Compat change id reported: 135634846; UID 1000; state: DISABLED
03-03 16:23:04.007 1501 1600 D CompatibilityChangeReporter: Compat change id reported: 177438394; UID 1000; state: DISABLED
03-03 16:23:04.007 1501 1600 D CompatibilityChangeReporter: Compat change id reported: 135772972; UID 1000; state: DISABLED
03-03 16:23:04.007 1501 1600 D CompatibilityChangeReporter: Compat change id reported: 135754954; UID 1000; state: ENABLED
03-03 16:23:04.030 1501 1601 I ActivityManager: Start proc 32257:com.qti.diagservices/1000 for service {com.qti.diagservices/com.qti.diagservices.QTIDiagServices}
03-03 16:23:24.786 1501 1609 I ActivityManager: Process PhantomProcessRecord {e9876b9 32296:2190:sleep/1000} died
03-03 16:23:25.100 1501 1609 I ActivityManager: Process PhantomProcessRecord {854f4ac 32288:2190:sh/1000} died
03-03 16:24:20.452 1501 1501 I JobServiceContext: Client timed out while executing (no jobFinished received). Sending onStop: 7765be0 #u0a102/180 com.kuaishou.nebula/androidx.work.impl.background.systemjob.SystemJobService
03-03 16:24:23.563 1501 1501 I JobServiceContext: Client timed out while executing (no jobFinished received). Sending onStop: 6957b55 #u0a115/176 com.smile.gifmaker/androidx.work.impl.background.systemjob.SystemJobService
03-03 16:24:35.789 1501 1600 W ActivityManager: Stopping service due to app idle: u0a115 -13h31m12s954ms com.smile.gifmaker/com.kwai.chat.kwailink.service.NewKwaiLinkService
03-03 16:28:27.201 1501 1907 I GameModeConfig: isGameModeOn = false
03-03 16:28:27.202 1501 1907 I GameModeConfig: isGameModeOn = false
03-03 16:28:27.202 1501 1907 I GameModeConfig: isGameModeOn = false
03-03 16:28:27.202 1501 1907 I GameModeConfig: isGameModeOn = false
03-03 16:28:27.202 1501 1907 I GameModeConfig: isGameModeOn = false
03-03 16:28:27.202 1501 1907 I GameModeConfig: isGameModeOn = false
03-03 16:28:27.202 1501 1907 I GameModeConfig: isGameModeOn = false
03-03 16:28:27.202 1501 1907 I GameModeConfig: isGameModeOn = false
03-03 16:28:27.408 1501 1501 I GameModeConfig: isGameModeOn = false
03-03 16:28:27.416 1501 1501 W NotificationHistory: Attempted to add notif for locked/gone/disabled user 0
03-03 16:28:27.420 1501 1907 I GameModeConfig: isGameModeOn = false
03-03 16:28:27.420 1501 1907 I GameModeConfig: isGameModeOn = false
03-03 16:28:27.420 1501 1907 I GameModeConfig: isGameModeOn = false
03-03 16:28:27.421 1501 1907 I GameModeConfig: isGameModeOn = false
03-03 16:28:27.421 1501 1907 I GameModeConfig: isGameModeOn = false
03-03 16:28:27.421 1501 1907 I GameModeConfig: isGameModeOn = false
03-03 16:28:27.421 1501 1907 I GameModeConfig: isGameModeOn = false
03-03 16:28:27.421 1501 1907 I GameModeConfig: isGameModeOn = false
03-03 16:28:27.421 1501 1907 I GameModeConfig: isGameModeOn = false
03-03 16:28:37.459 1501 1907 I GameModeConfig: isGameModeOn = false
03-03 16:28:37.460 1501 1907 I GameModeConfig: isGameModeOn = false
03-03 16:33:15.010 1501 1598 I UsageStatsService: User[0] Flushing usage stats to disk
03-03 16:34:20.472 1501 1501 I JobServiceContext: Letting 9f92e2d #u0a102/182 com.kuaishou.nebula/androidx.work.impl.background.systemjob.SystemJobService continue to run past min execution time
03-03 16:34:23.586 1501 1501 I JobServiceContext: Letting c543fae #u0a115/178 com.smile.gifmaker/androidx.work.impl.background.systemjob.SystemJobService continue to run past min execution time
