01-02 04:13:46.810 0 0 E DTC_ETH,link_delay_work_func: 3003, SQI=0, link=0
01-02 04:13:51.930 0 0 E DTC_ETH,link_delay_work_func: 3003, SQI=0, link=0
01-02 04:13:57.050 0 0 E DTC_ETH,link_delay_work_func: 3003, SQI=0, link=0
01-02 04:14:02.170 0 0 E DTC_ETH,link_delay_work_func: 3003, SQI=0, link=0
01-02 04:14:07.290 0 0 E DTC_ETH,link_delay_work_func: 3003, SQI=0, link=0
01-02 04:14:12.410 0 0 E DTC_ETH,link_delay_work_func: 3003, SQI=0, link=0
01-02 04:14:17.530 0 0 E DTC_ETH,link_delay_work_func: 3003, SQI=0, link=0
01-02 04:14:22.650 0 0 E DTC_ETH,link_delay_work_func: 3003, SQI=0, link=0
01-02 04:14:27.770 0 0 E DTC_ETH,link_delay_work_func: 3003, SQI=0, link=0
01-02 04:14:32.890 0 0 E DTC_ETH,link_delay_work_func: 3003, SQI=0, link=0
01-02 04:14:38.010 0 0 E DTC_ETH,link_delay_work_func: 3003, SQI=0, link=0
01-02 04:14:43.130 0 0 E DTC_ETH,link_delay_work_func: 3003, SQI=0, link=0
01-02 04:14:48.250 0 0 E DTC_ETH,link_delay_work_func: 3003, SQI=0, link=0
01-02 04:14:53.370 0 0 E DTC_ETH,link_delay_work_func: 3003, SQI=0, link=0
01-02 04:14:58.491 0 0 E DTC_ETH,link_delay_work_func: 3003, SQI=0, link=0
01-02 04:15:03.610 0 0 E DTC_ETH,link_delay_work_func: 3003, SQI=0, link=0
01-02 04:15:08.730 0 0 E DTC_ETH,link_delay_work_func: 3003, SQI=0, link=0
01-02 04:15:13.850 0 0 E DTC_ETH,link_delay_work_func: 3003, SQI=0, link=0
01-02 04:15:18.970 0 0 E DTC_ETH,link_delay_work_func: 3003, SQI=0, link=0
01-02 04:15:24.090 0 0 E DTC_ETH,link_delay_work_func: 3003, SQI=0, link=0
01-02 04:15:29.210 0 0 E DTC_ETH,link_delay_work_func: 3003, SQI=0, link=0
01-02 04:15:34.330 0 0 E DTC_ETH,link_delay_work_func: 3003, SQI=0, link=0
01-02 04:15:39.450 0 0 E DTC_ETH,link_delay_work_func: 3003, SQI=0, link=0
01-02 04:15:44.571 0 0 E DTC_ETH,link_delay_work_func: 3003, SQI=0, link=0
01-02 04:15:49.690 0 0 E DTC_ETH,link_delay_work_func: 3003, SQI=0, link=0
01-02 04:15:54.810 0 0 E DTC_ETH,link_delay_work_func: 3003, SQI=0, link=0
01-02 04:15:59.930 0 0 E DTC_ETH,link_delay_work_func: 3003, SQI=0, link=0
01-02 04:16:05.050 0 0 E DTC_ETH,link_delay_work_func: 3003, SQI=0, link=0
01-02 04:16:06.989 0 0 I [dp_rx_][0x1463017bff9][23:09:07.613017] wlan: [3350:I:QDF] DHCP-R RX: SA:0e:79:35:c2:75:95 DA:ff:ff:ff:ff:ff:ff
01-02 04:16:10.170 0 0 E DTC_ETH,link_delay_work_func: 3003, SQI=0, link=0
01-02 04:16:15.290 0 0 E DTC_ETH,link_delay_work_func: 3003, SQI=0, link=0
01-02 04:16:20.410 0 0 E DTC_ETH,link_delay_work_func: 3003, SQI=0, link=0
01-02 04:16:25.530 0 0 E DTC_ETH,link_delay_work_func: 3003, SQI=0, link=0
01-02 04:16:30.650 0 0 E DTC_ETH,link_delay_work_func: 3003, SQI=0, link=0
01-02 04:16:35.770 0 0 E DTC_ETH,link_delay_work_func: 3003, SQI=0, link=0
01-02 04:16:40.890 0 0 E DTC_ETH,link_delay_work_func: 3003, SQI=0, link=0
01-02 04:16:46.010 0 0 E DTC_ETH,link_delay_work_func: 3003, SQI=0, link=0
01-02 04:16:51.130 0 0 E DTC_ETH,link_delay_work_func: 3003, SQI=0, link=0
01-02 04:16:54.459 0 0 D cnss : Host time = 73014460280 us, device time = 72986515640 us, offset = 27944640 us
01-02 04:16:54.459 0 0 D cnss : Updated time sync regs [0x984] = 0x1aa66c0, [0x988] = 0x0
01-02 04:16:56.250 0 0 E DTC_ETH,link_delay_work_func: 3003, SQI=0, link=0
01-02 04:17:01.371 0 0 E DTC_ETH,link_delay_work_func: 3003, SQI=0, link=0
01-02 04:17:06.490 0 0 E DTC_ETH,link_delay_work_func: 3003, SQI=0, link=0
01-02 04:17:11.610 0 0 E DTC_ETH,link_delay_work_func: 3003, SQI=0, link=0
01-02 04:17:16.730 0 0 E DTC_ETH,link_delay_work_func: 3003, SQI=0, link=0
01-02 04:17:21.850 0 0 E DTC_ETH,link_delay_work_func: 3003, SQI=0, link=0
01-02 04:17:26.970 0 0 E DTC_ETH,link_delay_work_func: 3003, SQI=0, link=0
01-02 04:17:32.090 0 0 E DTC_ETH,link_delay_work_func: 3003, SQI=0, link=0
01-02 04:17:37.210 0 0 E DTC_ETH,link_delay_work_func: 3003, SQI=0, link=0
01-02 04:17:42.330 0 0 E DTC_ETH,link_delay_work_func: 3003, SQI=0, link=0
01-02 04:17:47.450 0 0 E DTC_ETH,link_delay_work_func: 3003, SQI=0, link=0
01-02 04:17:52.570 0 0 E DTC_ETH,link_delay_work_func: 3003, SQI=0, link=0
01-02 04:17:57.690 0 0 E DTC_ETH,link_delay_work_func: 3003, SQI=0, link=0
01-02 04:18:02.810 0 0 E DTC_ETH,link_delay_work_func: 3003, SQI=0, link=0
01-02 04:18:07.930 0 0 E DTC_ETH,link_delay_work_func: 3003, SQI=0, link=0
01-02 04:18:13.050 0 0 E DTC_ETH,link_delay_work_func: 3003, SQI=0, link=0
01-02 04:18:18.170 0 0 E DTC_ETH,link_delay_work_func: 3003, SQI=0, link=0
01-02 04:18:23.290 0 0 E DTC_ETH,link_delay_work_func: 3003, SQI=0, link=0
01-02 04:18:28.410 0 0 E DTC_ETH,link_delay_work_func: 3003, SQI=0, link=0
01-02 04:18:33.530 0 0 E DTC_ETH,link_delay_work_func: 3003, SQI=0, link=0
01-02 04:18:38.650 0 0 E DTC_ETH,link_delay_work_func: 3003, SQI=0, link=0
01-02 04:18:43.770 0 0 E DTC_ETH,link_delay_work_func: 3003, SQI=0, link=0
01-02 04:18:48.890 0 0 E DTC_ETH,link_delay_work_func: 3003, SQI=0, link=0
01-02 04:18:54.010 0 0 E DTC_ETH,link_delay_work_func: 3003, SQI=0, link=0
01-02 04:18:59.130 0 0 E DTC_ETH,link_delay_work_func: 3003, SQI=0, link=0
01-02 04:19:04.250 0 0 E DTC_ETH,link_delay_work_func: 3003, SQI=0, link=0
01-02 04:19:09.370 0 0 E DTC_ETH,link_delay_work_func: 3003, SQI=0, link=0
01-02 04:19:14.490 0 0 E DTC_ETH,link_delay_work_func: 3003, SQI=0, link=0
01-02 04:19:19.610 0 0 E DTC_ETH,link_delay_work_func: 3003, SQI=0, link=0
01-02 04:19:24.731 0 0 E DTC_ETH,link_delay_work_func: 3003, SQI=0, link=0
01-02 04:19:29.850 0 0 E DTC_ETH,link_delay_work_func: 3003, SQI=0, link=0
01-02 04:19:34.970 0 0 E DTC_ETH,link_delay_work_func: 3003, SQI=0, link=0
03-03 23:12:35.934 1501 1907 I GameModeConfig: isGameModeOn = false
03-03 23:12:35.934 1501 1907 I GameModeConfig: isGameModeOn = false
03-03 23:12:35.934 1501 1907 I GameModeConfig: isGameModeOn = false
03-03 23:12:35.934 1501 1907 I GameModeConfig: isGameModeOn = false
03-03 23:12:35.935 1501 1907 I GameModeConfig: isGameModeOn = false
03-03 23:12:35.935 1501 1907 I GameModeConfig: isGameModeOn = false
03-03 23:12:35.935 1501 1907 I GameModeConfig: isGameModeOn = false
03-03 23:12:35.935 1501 1907 I GameModeConfig: isGameModeOn = false
03-03 23:12:35.935 1501 1907 I GameModeConfig: isGameModeOn = false
03-03 23:12:35.935 1501 1907 I GameModeConfig: isGameModeOn = false
03-03 23:12:35.936 1501 1907 I GameModeConfig: isGameModeOn = false
03-03 23:12:35.936 1501 1907 I GameModeConfig: isGameModeOn = false
03-03 23:12:36.142 1501 1501 I GameModeConfig: isGameModeOn = false
03-03 23:12:36.149 1501 1501 W NotificationHistory: Attempted to add notif for locked/gone/disabled user 0
03-03 23:12:36.155 1501 1907 I GameModeConfig: isGameModeOn = false
03-03 23:12:36.156 1501 1907 I GameModeConfig: isGameModeOn = false
03-03 23:12:36.156 1501 1907 I GameModeConfig: isGameModeOn = false
03-03 23:12:36.156 1501 1907 I GameModeConfig: isGameModeOn = false
03-03 23:12:36.156 1501 1907 I GameModeConfig: isGameModeOn = false
03-03 23:12:36.156 1501 1907 I GameModeConfig: isGameModeOn = false
03-03 23:12:36.156 1501 1907 I GameModeConfig: isGameModeOn = false
03-03 23:12:36.156 1501 1907 I GameModeConfig: isGameModeOn = false
03-03 23:12:36.156 1501 1907 I GameModeConfig: isGameModeOn = false
03-03 23:12:36.156 1501 1907 I GameModeConfig: isGameModeOn = false
03-03 23:12:36.157 1501 1907 I GameModeConfig: isGameModeOn = false
03-03 23:12:36.157 1501 1907 I GameModeConfig: isGameModeOn = false
03-03 23:12:36.157 1501 1907 I GameModeConfig: isGameModeOn = false
01-02 04:19:40.090 0 0 E DTC_ETH,link_delay_work_func: 3003, SQI=0, link=0
01-02 04:19:45.210 0 0 E DTC_ETH,link_delay_work_func: 3003, SQI=0, link=0
03-03 23:12:46.152 1501 1907 I GameModeConfig: isGameModeOn = false
03-03 23:12:46.155 1501 1907 I GameModeConfig: isGameModeOn = false
01-02 04:19:50.330 0 0 E DTC_ETH,link_delay_work_func: 3003, SQI=0, link=0
01-02 04:19:55.450 0 0 E DTC_ETH,link_delay_work_func: 3003, SQI=0, link=0
01-02 04:20:00.570 0 0 E DTC_ETH,link_delay_work_func: 3003, SQI=0, link=0
01-02 04:20:05.690 0 0 E DTC_ETH,link_delay_work_func: 3003, SQI=0, link=0
01-02 04:20:10.810 0 0 E DTC_ETH,link_delay_work_func: 3003, SQI=0, link=0
03-03 23:13:16.550 1501 1598 I UsageStatsService: User[0] Flushing usage stats to disk
01-02 04:20:15.930 0 0 E DTC_ETH,link_delay_work_func: 3003, SQI=0, link=0
01-02 04:20:21.050 0 0 E DTC_ETH,link_delay_work_func: 3003, SQI=0, link=0
01-02 04:20:26.170 0 0 E DTC_ETH,link_delay_work_func: 3003, SQI=0, link=0
01-02 04:20:31.290 0 0 E DTC_ETH,link_delay_work_func: 3003, SQI=0, link=0
01-02 04:20:36.410 0 0 E DTC_ETH,link_delay_work_func: 3003, SQI=0, link=0
01-02 04:20:41.530 0 0 E DTC_ETH,link_delay_work_func: 3003, SQI=0, link=0
01-02 04:20:46.650 0 0 E DTC_ETH,link_delay_work_func: 3003, SQI=0, link=0
01-02 04:20:51.770 0 0 E DTC_ETH,link_delay_work_func: 3003, SQI=0, link=0
01-02 04:20:56.890 0 0 E DTC_ETH,link_delay_work_func: 3003, SQI=0, link=0
01-02 04:21:02.010 0 0 E DTC_ETH,link_delay_work_func: 3003, SQI=0, link=0
01-02 04:21:07.130 0 0 E DTC_ETH,link_delay_work_func: 3003, SQI=0, link=0
01-02 04:21:12.250 0 0 E DTC_ETH,link_delay_work_func: 3003, SQI=0, link=0
01-02 04:21:17.370 0 0 E DTC_ETH,link_delay_work_func: 3003, SQI=0, link=0
01-02 04:21:22.490 0 0 E DTC_ETH,link_delay_work_func: 3003, SQI=0, link=0
01-02 04:21:23.109 0 0 I [dp_rx_][0x14799dd25cc][23:14:23.733415] wlan: [3350:I:QDF] DHCP-D RX: SA:0e:79:35:c2:75:95 DA:ff:ff:ff:ff:ff:ff
01-02 04:21:24.135 0 0 I [dp_rx_][0x1479b09a843][23:14:24.759154] wlan: [3350:I:QDF] DHCP-R RX: SA:0e:79:35:c2:75:95 DA:ff:ff:ff:ff:ff:ff
01-02 04:21:27.611 0 0 E DTC_ETH,link_delay_work_func: 3003, SQI=0, link=0
01-02 04:21:31.301 0 0 I [dp_rx_][0x147a33d4949][23:14:31.925888] wlan: [3350:I:QDF] DHCP-R RX: SA:0e:79:35:c2:75:95 DA:ff:ff:ff:ff:ff:ff
01-02 04:21:32.730 0 0 E DTC_ETH,link_delay_work_func: 3003, SQI=0, link=0
03-03 23:14:36.426 1501 1600 W ActivityManager: Stopping service due to app idle: u0a115 -20h21m13s591ms com.smile.gifmaker/com.kwai.chat.kwailink.service.NewKwaiLinkService
01-02 04:21:37.850 0 0 E DTC_ETH,link_delay_work_func: 3003, SQI=0, link=0
01-02 04:21:42.970 0 0 E DTC_ETH,link_delay_work_func: 3003, SQI=0, link=0
01-02 04:21:48.090 0 0 E DTC_ETH,link_delay_work_func: 3003, SQI=0, link=0
01-02 04:21:53.210 0 0 E DTC_ETH,link_delay_work_func: 3003, SQI=0, link=0
01-02 04:21:58.334 0 0 E DTC_ETH,link_delay_work_func: 3003, SQI=0, link=0
01-02 04:22:03.450 0 0 E DTC_ETH,link_delay_work_func: 3003, SQI=0, link=0
01-02 04:22:08.570 0 0 E DTC_ETH,link_delay_work_func: 3003, SQI=0, link=0
01-02 04:22:13.690 0 0 E DTC_ETH,link_delay_work_func: 3003, SQI=0, link=0
01-02 04:22:18.810 0 0 E DTC_ETH,link_delay_work_func: 3003, SQI=0, link=0
01-02 04:22:23.930 0 0 E DTC_ETH,link_delay_work_func: 3003, SQI=0, link=0
01-02 04:22:29.050 0 0 E DTC_ETH,link_delay_work_func: 3003, SQI=0, link=0
01-02 04:22:34.170 0 0 E DTC_ETH,link_delay_work_func: 3003, SQI=0, link=0
01-02 04:22:39.290 0 0 E DTC_ETH,link_delay_work_func: 3003, SQI=0, link=0
01-02 04:22:44.410 0 0 E DTC_ETH,link_delay_work_func: 3003, SQI=0, link=0
01-02 04:22:49.530 0 0 E DTC_ETH,link_delay_work_func: 3003, SQI=0, link=0
01-02 04:22:54.650 0 0 E DTC_ETH,link_delay_work_func: 3003, SQI=0, link=0
01-02 04:22:59.770 0 0 E DTC_ETH,link_delay_work_func: 3003, SQI=0, link=0
01-02 04:23:04.890 0 0 E DTC_ETH,link_delay_work_func: 3003, SQI=0, link=0
01-02 04:23:10.010 0 0 E DTC_ETH,link_delay_work_func: 3003, SQI=0, link=0
01-02 04:23:15.130 0 0 E DTC_ETH,link_delay_work_func: 3003, SQI=0, link=0
01-02 04:23:20.250 0 0 E DTC_ETH,link_delay_work_func: 3003, SQI=0, link=0
01-02 04:23:25.370 0 0 E DTC_ETH,link_delay_work_func: 3003, SQI=0, link=0
01-02 04:23:30.490 0 0 E DTC_ETH,link_delay_work_func: 3003, SQI=0, link=0
01-02 04:23:35.610 0 0 E DTC_ETH,link_delay_work_func: 3003, SQI=0, link=0
01-02 04:23:40.730 0 0 E DTC_ETH,link_delay_work_func: 3003, SQI=0, link=0
01-02 04:23:45.850 0 0 E DTC_ETH,link_delay_work_func: 3003, SQI=0, link=0
01-02 04:23:50.970 0 0 E DTC_ETH,link_delay_work_func: 3003, SQI=0, link=0
01-02 04:23:56.090 0 0 E DTC_ETH,link_delay_work_func: 3003, SQI=0, link=0
01-02 04:24:01.210 0 0 E DTC_ETH,link_delay_work_func: 3003, SQI=0, link=0
01-02 04:24:06.330 0 0 E DTC_ETH,link_delay_work_func: 3003, SQI=0, link=0
01-02 04:24:11.451 0 0 E DTC_ETH,link_delay_work_func: 3003, SQI=0, link=0
01-02 04:24:16.570 0 0 E DTC_ETH,link_delay_work_func: 3003, SQI=0, link=0
01-02 04:24:21.690 0 0 E DTC_ETH,link_delay_work_func: 3003, SQI=0, link=0
01-02 04:24:26.810 0 0 E DTC_ETH,link_delay_work_func: 3003, SQI=0, link=0
01-02 04:24:31.930 0 0 E DTC_ETH,link_delay_work_func: 3003, SQI=0, link=0
01-02 04:24:37.050 0 0 E DTC_ETH,link_delay_work_func: 3003, SQI=0, link=0
01-02 04:24:42.170 0 0 E DTC_ETH,link_delay_work_func: 3003, SQI=0, link=0
01-02 04:24:47.290 0 0 E DTC_ETH,link_delay_work_func: 3003, SQI=0, link=0
01-02 04:24:52.410 0 0 E DTC_ETH,link_delay_work_func: 3003, SQI=0, link=0
01-02 04:24:57.530 0 0 E DTC_ETH,link_delay_work_func: 3003, SQI=0, link=0
01-02 04:25:02.650 0 0 E DTC_ETH,link_delay_work_func: 3003, SQI=0, link=0
01-02 04:25:07.770 0 0 E DTC_ETH,link_delay_work_func: 3003, SQI=0, link=0
01-02 04:25:12.890 0 0 E DTC_ETH,link_delay_work_func: 3003, SQI=0, link=0
01-02 04:25:18.010 0 0 E DTC_ETH,link_delay_work_func: 3003, SQI=0, link=0
01-02 04:25:23.130 0 0 E DTC_ETH,link_delay_work_func: 3003, SQI=0, link=0
01-02 04:25:28.250 0 0 E DTC_ETH,link_delay_work_func: 3003, SQI=0, link=0
01-02 04:25:33.370 0 0 E DTC_ETH,link_delay_work_func: 3003, SQI=0, link=0
01-02 04:25:38.490 0 0 E DTC_ETH,link_delay_work_func: 3003, SQI=0, link=0
01-02 04:25:43.610 0 0 E DTC_ETH,link_delay_work_func: 3003, SQI=0, link=0
01-02 04:25:48.730 0 0 E DTC_ETH,link_delay_work_func: 3003, SQI=0, link=0
01-02 04:25:53.850 0 0 E DTC_ETH,link_delay_work_func: 3003, SQI=0, link=0
01-02 04:25:58.970 0 0 E DTC_ETH,link_delay_work_func: 3003, SQI=0, link=0
01-02 04:26:04.090 0 0 E DTC_ETH,link_delay_work_func: 3003, SQI=0, link=0
01-02 04:26:09.210 0 0 E DTC_ETH,link_delay_work_func: 3003, SQI=0, link=0
01-02 04:26:14.331 0 0 E DTC_ETH,link_delay_work_func: 3003, SQI=0, link=0
01-02 04:26:19.450 0 0 E DTC_ETH,link_delay_work_func: 3003, SQI=0, link=0
01-02 04:26:24.570 0 0 E DTC_ETH,link_delay_work_func: 3003, SQI=0, link=0
01-02 04:26:29.690 0 0 E DTC_ETH,link_delay_work_func: 3003, SQI=0, link=0
01-02 04:26:34.810 0 0 E DTC_ETH,link_delay_work_func: 3003, SQI=0, link=0
01-02 04:26:39.931 0 0 E DTC_ETH,link_delay_work_func: 3003, SQI=0, link=0
01-02 04:26:45.050 0 0 E DTC_ETH,link_delay_work_func: 3003, SQI=0, link=0
01-02 04:26:45.170 0 0 I [dp_rx_][0x1490a6ef2ee][23:19:45.794390] wlan: [3350:I:QDF] DHCP-R RX: SA:0e:79:35:c2:75:95 DA:ff:ff:ff:ff:ff:ff
01-02 04:26:50.170 0 0 E DTC_ETH,link_delay_work_func: 3003, SQI=0, link=0
01-02 04:26:50.289 0 0 I [dp_rx_][0x149104ab19f][23:19:50.913519] wlan: [3350:I:QDF] DHCP-R RX: SA:0e:79:35:c2:75:95 DA:ff:ff:ff:ff:ff:ff
01-02 04:26:55.290 0 0 E DTC_ETH,link_delay_work_func: 3003, SQI=0, link=0
01-02 04:27:00.410 0 0 E DTC_ETH,link_delay_work_func: 3003, SQI=0, link=0
01-02 04:27:05.530 0 0 E DTC_ETH,link_delay_work_func: 3003, SQI=0, link=0
01-02 04:27:10.650 0 0 E DTC_ETH,link_delay_work_func: 3003, SQI=0, link=0
01-02 04:27:15.770 0 0 E DTC_ETH,link_delay_work_func: 3003, SQI=0, link=0
01-02 04:27:20.890 0 0 E DTC_ETH,link_delay_work_func: 3003, SQI=0, link=0
01-02 04:27:26.010 0 0 E DTC_ETH,link_delay_work_func: 3003, SQI=0, link=0
01-02 04:27:31.130 0 0 E DTC_ETH,link_delay_work_func: 3003, SQI=0, link=0
01-02 04:27:36.250 0 0 E DTC_ETH,link_delay_work_func: 3003, SQI=0, link=0
01-02 04:27:41.370 0 0 E DTC_ETH,link_delay_work_func: 3003, SQI=0, link=0
01-02 04:27:46.490 0 0 E DTC_ETH,link_delay_work_func: 3003, SQI=0, link=0
01-02 04:27:51.610 0 0 E DTC_ETH,link_delay_work_func: 3003, SQI=0, link=0
01-02 04:27:56.730 0 0 E DTC_ETH,link_delay_work_func: 3003, SQI=0, link=0
01-02 04:28:01.850 0 0 E DTC_ETH,link_delay_work_func: 3003, SQI=0, link=0
01-02 04:28:06.970 0 0 E DTC_ETH,link_delay_work_func: 3003, SQI=0, link=0
01-02 04:28:12.090 0 0 E DTC_ETH,link_delay_work_func: 3003, SQI=0, link=0
01-02 04:28:17.210 0 0 E DTC_ETH,link_delay_work_func: 3003, SQI=0, link=0
01-02 04:28:22.330 0 0 E DTC_ETH,link_delay_work_func: 3003, SQI=0, link=0
01-02 04:28:27.450 0 0 E DTC_ETH,link_delay_work_func: 3003, SQI=0, link=0
01-02 04:28:32.570 0 0 E DTC_ETH,link_delay_work_func: 3003, SQI=0, link=0
01-02 04:28:37.690 0 0 E DTC_ETH,link_delay_work_func: 3003, SQI=0, link=0
01-02 04:28:42.810 0 0 E DTC_ETH,link_delay_work_func: 3003, SQI=0, link=0
01-02 04:28:47.930 0 0 E DTC_ETH,link_delay_work_func: 3003, SQI=0, link=0
01-02 04:28:53.050 0 0 E DTC_ETH,link_delay_work_func: 3003, SQI=0, link=0
01-02 04:28:58.170 0 0 E DTC_ETH,link_delay_work_func: 3003, SQI=0, link=0
01-02 04:29:03.290 0 0 E DTC_ETH,link_delay_work_func: 3003, SQI=0, link=0
01-02 04:29:08.410 0 0 E DTC_ETH,link_delay_work_func: 3003, SQI=0, link=0
01-02 04:29:13.530 0 0 E DTC_ETH,link_delay_work_func: 3003, SQI=0, link=0
01-02 04:29:18.650 0 0 E DTC_ETH,link_delay_work_func: 3003, SQI=0, link=0
01-02 04:29:23.770 0 0 E DTC_ETH,link_delay_work_func: 3003, SQI=0, link=0
01-02 04:29:28.890 0 0 E DTC_ETH,link_delay_work_func: 3003, SQI=0, link=0
01-02 04:29:34.010 0 0 E DTC_ETH,link_delay_work_func: 3003, SQI=0, link=0
01-02 04:29:39.130 0 0 E DTC_ETH,link_delay_work_func: 3003, SQI=0, link=0
01-02 04:29:44.250 0 0 E DTC_ETH,link_delay_work_func: 3003, SQI=0, link=0
01-02 04:29:49.370 0 0 E DTC_ETH,link_delay_work_func: 3003, SQI=0, link=0
01-02 04:29:54.490 0 0 E DTC_ETH,link_delay_work_func: 3003, SQI=0, link=0
01-02 04:29:59.610 0 0 E DTC_ETH,link_delay_work_func: 3003, SQI=0, link=0
03-03 23:23:03.629 1501 1621 W BatteryExternalStatsWorker: error reading modem stats:ERROR_PHONE_NOT_AVAILABLE
03-03 23:23:03.662 1501 1621 E KernelCpuSpeedReader: Failed to read cpu-freq: /sys/devices/system/cpu/cpu4/cpufreq/stats/time_in_state: open failed: ENOENT (No such file or directory)
03-03 23:23:03.662 1501 1621 E KernelCpuSpeedReader: Failed to read cpu-freq: /sys/devices/system/cpu/cpu0/cpufreq/stats/time_in_state: open failed: ENOENT (No such file or directory)
01-02 04:30:03.049 0 0 W audit : audit_lost=4771 audit_rate_limit=5 audit_backlog_limit=64
01-02 04:30:03.049 0 0 E audit : rate limit exceeded
01-02 04:30:04.730 0 0 E DTC_ETH,link_delay_work_func: 3003, SQI=0, link=0
01-02 04:30:09.850 0 0 E DTC_ETH,link_delay_work_func: 3003, SQI=0, link=0
01-02 04:30:14.970 0 0 E DTC_ETH,link_delay_work_func: 3003, SQI=0, link=0
01-02 04:30:20.090 0 0 E DTC_ETH,link_delay_work_func: 3003, SQI=0, link=0
01-02 04:30:23.146 0 0 I init : Untracked pid 15647 exited with status 0
01-02 04:30:25.210 0 0 E DTC_ETH,link_delay_work_func: 3003, SQI=0, link=0
03-03 23:23:26.414 1501 1733 D ActivityManager: freezing 14275 com.qti.diagservices
03-03 23:23:26.415 1501 1733 E ActivityManager: Unable to freeze binder for 14275 com.qti.diagservices
03-03 23:23:26.416 1501 1733 D ActivityManager: froze 14275 com.qti.diagservices
03-03 23:23:26.416 1501 1733 E ActivityManager: Unable to freeze binder for 14275 com.qti.diagservices
01-02 04:30:25.790 0 0 I binder : 1501:1733 ioctl 400c620e 73196005d8 returned -22
01-02 04:30:25.792 0 0 I binder : 1501:1733 ioctl c00c620f 73196005b8 returned -22
03-03 23:23:26.418 1501 1733 I ActivityManager: Killing 14275:com.qti.diagservices/1000 (adj 925): Unable to freeze binder interface
03-03 23:23:26.445 1501 6053 W ActivityManager: Scheduling restart of crashed service com.qti.diagservices/.QTIDiagServices in 1000ms for start-requested
03-03 23:23:27.449 1501 1600 D CompatibilityChangeReporter: Compat change id reported: 135634846; UID 1000; state: DISABLED
03-03 23:23:27.450 1501 1600 D CompatibilityChangeReporter: Compat change id reported: 177438394; UID 1000; state: DISABLED
03-03 23:23:27.450 1501 1600 D CompatibilityChangeReporter: Compat change id reported: 135772972; UID 1000; state: DISABLED
03-03 23:23:27.451 1501 1600 D CompatibilityChangeReporter: Compat change id reported: 135754954; UID 1000; state: ENABLED
03-03 23:23:27.474 1501 1601 I ActivityManager: Start proc 15681:com.qti.diagservices/1000 for service {com.qti.diagservices/com.qti.diagservices.QTIDiagServices}
01-02 04:30:26.888 0 0 I binder : 15681:15681 ioctl 40046210 7fe0d02fe4 returned -22
01-02 04:30:30.331 0 0 E DTC_ETH,link_delay_work_func: 3003, SQI=0, link=0
01-02 04:30:35.450 0 0 E DTC_ETH,link_delay_work_func: 3003, SQI=0, link=0
01-02 04:30:40.570 0 0 E DTC_ETH,link_delay_work_func: 3003, SQI=0, link=0
01-02 04:30:45.690 0 0 E DTC_ETH,link_delay_work_func: 3003, SQI=0, link=0
01-02 04:30:50.810 0 0 E DTC_ETH,link_delay_work_func: 3003, SQI=0, link=0
01-02 04:30:55.930 0 0 E DTC_ETH,link_delay_work_func: 3003, SQI=0, link=0
01-02 04:31:01.055 0 0 E DTC_ETH,link_delay_work_func: 3003, SQI=0, link=0
01-02 04:31:06.170 0 0 E DTC_ETH,link_delay_work_func: 3003, SQI=0, link=0
01-02 04:31:11.290 0 0 E DTC_ETH,link_delay_work_func: 3003, SQI=0, link=0
01-02 04:31:16.410 0 0 E DTC_ETH,link_delay_work_func: 3003, SQI=0, link=0
03-03 23:24:20.744 1501 1501 I JobServiceContext: Client timed out while executing (no jobFinished received). Sending onStop: a1bddb1 #u0a102/208 com.kuaishou.nebula/androidx.work.impl.background.systemjob.SystemJobService
01-02 04:31:21.530 0 0 E DTC_ETH,link_delay_work_func: 3003, SQI=0, link=0
03-03 23:24:23.850 1501 1501 I JobServiceContext: Client timed out while executing (no jobFinished received). Sending onStop: 4d663a5 #u0a115/204 com.smile.gifmaker/androidx.work.impl.background.systemjob.SystemJobService
01-02 04:31:26.650 0 0 E DTC_ETH,link_delay_work_func: 3003, SQI=0, link=0
01-02 04:31:31.770 0 0 E DTC_ETH,link_delay_work_func: 3003, SQI=0, link=0
03-03 23:24:36.479 1501 1600 W ActivityManager: Stopping service due to app idle: u0a115 -20h31m13s644ms com.smile.gifmaker/com.kwai.chat.kwailink.service.NewKwaiLinkService
01-02 04:31:36.890 0 0 E DTC_ETH,link_delay_work_func: 3003, SQI=0, link=0
01-02 04:31:42.010 0 0 E DTC_ETH,link_delay_work_func: 3003, SQI=0, link=0
01-02 04:31:47.130 0 0 E DTC_ETH,link_delay_work_func: 3003, SQI=0, link=0
01-02 04:31:52.250 0 0 E DTC_ETH,link_delay_work_func: 3003, SQI=0, link=0
01-02 04:31:55.579 0 0 D cnss : Host time = 73915579950 us, device time = 73887477070 us, offset = 28102880 us
01-02 04:31:55.579 0 0 D cnss : Updated time sync regs [0x984] = 0x1acd0e0, [0x988] = 0x0
01-02 04:31:57.370 0 0 E DTC_ETH,link_delay_work_func: 3003, SQI=0, link=0
01-02 04:31:57.910 0 0 I [dp_rx_][0x14a7055f456][23:24:58.534248] wlan: [3350:I:QDF] DHCP-D RX: SA:0e:79:35:c2:75:95 DA:ff:ff:ff:ff:ff:ff
01-02 04:31:58.934 0 0 I [dp_rx_][0x14a7182190a][23:24:59.558738] wlan: [3350:I:QDF] DHCP-R RX: SA:0e:79:35:c2:75:95 DA:ff:ff:ff:ff:ff:ff
01-02 04:32:02.490 0 0 E DTC_ETH,link_delay_work_func: 3003, SQI=0, link=0
01-02 04:32:07.024 0 0 I [dp_rx_][0x14a7ac41cd2][23:25:07.648388] wlan: [3350:I:QDF] DHCP-R RX: SA:0e:79:35:c2:75:95 DA:ff:ff:ff:ff:ff:ff
01-02 04:32:07.610 0 0 E DTC_ETH,link_delay_work_func: 3003, SQI=0, link=0
01-02 04:32:12.730 0 0 E DTC_ETH,link_delay_work_func: 3003, SQI=0, link=0
01-02 04:32:17.850 0 0 E DTC_ETH,link_delay_work_func: 3003, SQI=0, link=0
01-02 04:32:22.970 0 0 E DTC_ETH,link_delay_work_func: 3003, SQI=0, link=0
01-02 04:32:28.091 0 0 E DTC_ETH,link_delay_work_func: 3003, SQI=0, link=0
01-02 04:32:33.210 0 0 E DTC_ETH,link_delay_work_func: 3003, SQI=0, link=0
01-02 04:32:38.331 0 0 E DTC_ETH,link_delay_work_func: 3003, SQI=0, link=0
01-02 04:32:43.450 0 0 E DTC_ETH,link_delay_work_func: 3003, SQI=0, link=0
01-02 04:32:48.570 0 0 E DTC_ETH,link_delay_work_func: 3003, SQI=0, link=0
01-02 04:32:53.690 0 0 E DTC_ETH,link_delay_work_func: 3003, SQI=0, link=0
01-02 04:32:58.810 0 0 E DTC_ETH,link_delay_work_func: 3003, SQI=0, link=0
01-02 04:33:03.930 0 0 E DTC_ETH,link_delay_work_func: 3003, SQI=0, link=0
01-02 04:33:09.050 0 0 E DTC_ETH,link_delay_work_func: 3003, SQI=0, link=0
01-02 04:33:14.170 0 0 E DTC_ETH,link_delay_work_func: 3003, SQI=0, link=0
01-02 04:33:19.290 0 0 E DTC_ETH,link_delay_work_func: 3003, SQI=0, link=0
01-02 04:33:24.410 0 0 E DTC_ETH,link_delay_work_func: 3003, SQI=0, link=0
01-02 04:33:29.530 0 0 E DTC_ETH,link_delay_work_func: 3003, SQI=0, link=0
01-02 04:33:34.650 0 0 E DTC_ETH,link_delay_work_func: 3003, SQI=0, link=0
01-02 04:33:39.770 0 0 E DTC_ETH,link_delay_work_func: 3003, SQI=0, link=0
01-02 04:33:44.890 0 0 E DTC_ETH,link_delay_work_func: 3003, SQI=0, link=0
01-02 04:33:50.010 0 0 E DTC_ETH,link_delay_work_func: 3003, SQI=0, link=0
01-02 04:33:55.130 0 0 E DTC_ETH,link_delay_work_func: 3003, SQI=0, link=0
01-02 04:34:00.250 0 0 E DTC_ETH,link_delay_work_func: 3003, SQI=0, link=0
01-02 04:34:05.370 0 0 E DTC_ETH,link_delay_work_func: 3003, SQI=0, link=0
01-02 04:34:10.490 0 0 E DTC_ETH,link_delay_work_func: 3003, SQI=0, link=0
01-02 04:34:15.610 0 0 E DTC_ETH,link_delay_work_func: 3003, SQI=0, link=0
01-02 04:34:20.730 0 0 E DTC_ETH,link_delay_work_func: 3003, SQI=0, link=0
01-02 04:34:25.850 0 0 E DTC_ETH,link_delay_work_func: 3003, SQI=0, link=0
01-02 04:34:30.970 0 0 E DTC_ETH,link_delay_work_func: 3003, SQI=0, link=0
01-02 04:34:36.090 0 0 E DTC_ETH,link_delay_work_func: 3003, SQI=0, link=0
01-02 04:34:41.210 0 0 E DTC_ETH,link_delay_work_func: 3003, SQI=0, link=0
01-02 04:34:46.330 0 0 E DTC_ETH,link_delay_work_func: 3003, SQI=0, link=0
01-02 04:34:51.450 0 0 E DTC_ETH,link_delay_work_func: 3003, SQI=0, link=0
01-02 04:34:56.570 0 0 E DTC_ETH,link_delay_work_func: 3003, SQI=0, link=0
01-02 04:35:01.690 0 0 E DTC_ETH,link_delay_work_func: 3003, SQI=0, link=0
01-02 04:35:06.810 0 0 E DTC_ETH,link_delay_work_func: 3003, SQI=0, link=0
01-02 04:35:11.930 0 0 E DTC_ETH,link_delay_work_func: 3003, SQI=0, link=0
01-02 04:35:17.050 0 0 E DTC_ETH,link_delay_work_func: 3003, SQI=0, link=0
01-02 04:35:22.170 0 0 E DTC_ETH,link_delay_work_func: 3003, SQI=0, link=0
01-02 04:35:27.290 0 0 E DTC_ETH,link_delay_work_func: 3003, SQI=0, link=0
01-02 04:35:32.410 0 0 E DTC_ETH,link_delay_work_func: 3003, SQI=0, link=0
01-02 04:35:37.530 0 0 E DTC_ETH,link_delay_work_func: 3003, SQI=0, link=0
01-02 04:35:42.650 0 0 E DTC_ETH,link_delay_work_func: 3003, SQI=0, link=0
01-02 04:35:47.770 0 0 E DTC_ETH,link_delay_work_func: 3003, SQI=0, link=0
01-02 04:35:52.890 0 0 E DTC_ETH,link_delay_work_func: 3003, SQI=0, link=0
01-02 04:35:58.010 0 0 E DTC_ETH,link_delay_work_func: 3003, SQI=0, link=0
01-02 04:36:03.130 0 0 E DTC_ETH,link_delay_work_func: 3003, SQI=0, link=0
01-02 04:36:08.250 0 0 E DTC_ETH,link_delay_work_func: 3003, SQI=0, link=0
01-02 04:36:13.370 0 0 E DTC_ETH,link_delay_work_func: 3003, SQI=0, link=0
01-02 04:36:18.490 0 0 E DTC_ETH,link_delay_work_func: 3003, SQI=0, link=0
01-02 04:36:23.610 0 0 E DTC_ETH,link_delay_work_func: 3003, SQI=0, link=0
01-02 04:36:28.730 0 0 E DTC_ETH,link_delay_work_func: 3003, SQI=0, link=0
01-02 04:36:33.850 0 0 E DTC_ETH,link_delay_work_func: 3003, SQI=0, link=0
01-02 04:36:38.970 0 0 E DTC_ETH,link_delay_work_func: 3003, SQI=0, link=0
01-02 04:36:44.094 0 0 E DTC_ETH,link_delay_work_func: 3003, SQI=0, link=0
01-02 04:36:49.210 0 0 E DTC_ETH,link_delay_work_func: 3003, SQI=0, link=0
01-02 04:36:54.330 0 0 E DTC_ETH,link_delay_work_func: 3003, SQI=0, link=0
01-02 04:36:59.451 0 0 E DTC_ETH,link_delay_work_func: 3003, SQI=0, link=0
01-02 04:37:04.570 0 0 E DTC_ETH,link_delay_work_func: 3003, SQI=0, link=0
01-02 04:37:09.690 0 0 E DTC_ETH,link_delay_work_func: 3003, SQI=0, link=0
01-02 04:37:14.810 0 0 E DTC_ETH,link_delay_work_func: 3003, SQI=0, link=0
01-02 04:37:14.850 0 0 I [dp_rx_][0x14bdb0b75a6][23:30:15.474212] wlan: [3350:I:QDF] DHCP-D RX: SA:0e:79:35:c2:75:95 DA:ff:ff:ff:ff:ff:ff
01-02 04:37:17.000 0 0 I [dp_rx_][0x14bdd8178d3][23:30:17.624655] wlan: [3350:I:QDF] DHCP-R RX: SA:0e:79:35:c2:75:95 DA:ff:ff:ff:ff:ff:ff
01-02 04:37:19.930 0 0 E DTC_ETH,link_delay_work_func: 3003, SQI=0, link=0
01-02 04:37:24.169 0 0 I [dp_rx_][0x14be5b5a067][23:30:24.793182] wlan: [3350:I:QDF] DHCP-R RX: SA:0e:79:35:c2:75:95 DA:ff:ff:ff:ff:ff:ff
01-02 04:37:25.050 0 0 E DTC_ETH,link_delay_work_func: 3003, SQI=0, link=0
01-02 04:37:30.170 0 0 E DTC_ETH,link_delay_work_func: 3003, SQI=0, link=0
01-02 04:37:35.290 0 0 E DTC_ETH,link_delay_work_func: 3003, SQI=0, link=0
01-02 04:37:40.411 0 0 E DTC_ETH,link_delay_work_func: 3003, SQI=0, link=0
01-02 04:37:45.530 0 0 E DTC_ETH,link_delay_work_func: 3003, SQI=0, link=0
01-02 04:37:50.650 0 0 E DTC_ETH,link_delay_work_func: 3003, SQI=0, link=0
01-02 04:37:55.771 0 0 E DTC_ETH,link_delay_work_func: 3003, SQI=0, link=0
01-02 04:38:00.890 0 0 E DTC_ETH,link_delay_work_func: 3003, SQI=0, link=0
01-02 04:38:06.010 0 0 E DTC_ETH,link_delay_work_func: 3003, SQI=0, link=0
01-02 04:38:11.130 0 0 E DTC_ETH,link_delay_work_func: 3003, SQI=0, link=0
01-02 04:38:16.250 0 0 E DTC_ETH,link_delay_work_func: 3003, SQI=0, link=0
01-02 04:38:21.370 0 0 E DTC_ETH,link_delay_work_func: 3003, SQI=0, link=0
01-02 04:38:26.490 0 0 E DTC_ETH,link_delay_work_func: 3003, SQI=0, link=0
01-02 04:38:31.610 0 0 E DTC_ETH,link_delay_work_func: 3003, SQI=0, link=0
01-02 04:38:36.730 0 0 E DTC_ETH,link_delay_work_func: 3003, SQI=0, link=0
01-02 04:38:41.851 0 0 E DTC_ETH,link_delay_work_func: 3003, SQI=0, link=0
01-02 04:38:46.970 0 0 E DTC_ETH,link_delay_work_func: 3003, SQI=0, link=0
01-02 04:38:52.091 0 0 E DTC_ETH,link_delay_work_func: 3003, SQI=0, link=0
01-02 04:38:57.216 0 0 E DTC_ETH,link_delay_work_func: 3003, SQI=0, link=0
01-02 04:39:02.330 0 0 E DTC_ETH,link_delay_work_func: 3003, SQI=0, link=0
01-02 04:39:07.450 0 0 E DTC_ETH,link_delay_work_func: 3003, SQI=0, link=0
01-02 04:39:12.570 0 0 E DTC_ETH,link_delay_work_func: 3003, SQI=0, link=0
01-02 04:39:17.690 0 0 E DTC_ETH,link_delay_work_func: 3003, SQI=0, link=0
01-02 04:39:22.810 0 0 E DTC_ETH,link_delay_work_func: 3003, SQI=0, link=0
01-02 04:39:27.930 0 0 E DTC_ETH,link_delay_work_func: 3003, SQI=0, link=0
01-02 04:39:33.050 0 0 E DTC_ETH,link_delay_work_func: 3003, SQI=0, link=0
01-02 04:39:38.170 0 0 E DTC_ETH,link_delay_work_func: 3003, SQI=0, link=0
01-02 04:39:43.290 0 0 E DTC_ETH,link_delay_work_func: 3003, SQI=0, link=0
01-02 04:39:48.410 0 0 E DTC_ETH,link_delay_work_func: 3003, SQI=0, link=0
01-02 04:39:53.530 0 0 E DTC_ETH,link_delay_work_func: 3003, SQI=0, link=0
01-02 04:39:58.650 0 0 E DTC_ETH,link_delay_work_func: 3003, SQI=0, link=0
01-02 04:40:03.770 0 0 E DTC_ETH,link_delay_work_func: 3003, SQI=0, link=0
01-02 04:40:08.890 0 0 E DTC_ETH,link_delay_work_func: 3003, SQI=0, link=0
01-02 04:40:14.010 0 0 E DTC_ETH,link_delay_work_func: 3003, SQI=0, link=0
03-03 23:33:16.626 1501 1598 I UsageStatsService: User[0] Flushing usage stats to disk
01-02 04:40:19.130 0 0 E DTC_ETH,link_delay_work_func: 3003, SQI=0, link=0
01-02 04:40:24.250 0 0 E DTC_ETH,link_delay_work_func: 3003, SQI=0, link=0
01-02 04:40:29.371 0 0 E DTC_ETH,link_delay_work_func: 3003, SQI=0, link=0
01-02 04:40:34.490 0 0 E DTC_ETH,link_delay_work_func: 3003, SQI=0, link=0
01-02 04:40:39.610 0 0 E DTC_ETH,link_delay_work_func: 3003, SQI=0, link=0
01-02 04:40:44.730 0 0 E DTC_ETH,link_delay_work_func: 3003, SQI=0, link=0
01-02 04:40:49.850 0 0 E DTC_ETH,link_delay_work_func: 3003, SQI=0, link=0
01-02 04:40:54.970 0 0 E DTC_ETH,link_delay_work_func: 3003, SQI=0, link=0
01-02 04:41:00.090 0 0 E DTC_ETH,link_delay_work_func: 3003, SQI=0, link=0
01-02 04:41:05.210 0 0 E DTC_ETH,link_delay_work_func: 3003, SQI=0, link=0
01-02 04:41:10.330 0 0 E DTC_ETH,link_delay_work_func: 3003, SQI=0, link=0
01-02 04:41:15.450 0 0 E DTC_ETH,link_delay_work_func: 3003, SQI=0, link=0
03-03 23:34:20.764 1501 1501 I JobServiceContext: Letting 444a87d #u0a102/211 com.kuaishou.nebula/androidx.work.impl.background.systemjob.SystemJobService continue to run past min execution time
01-02 04:41:20.570 0 0 E DTC_ETH,link_delay_work_func: 3003, SQI=0, link=0
03-03 23:34:23.874 1501 1501 I JobServiceContext: Letting 706e4be #u0a115/207 com.smile.gifmaker/androidx.work.impl.background.systemjob.SystemJobService continue to run past min execution time
01-02 04:41:25.690 0 0 E DTC_ETH,link_delay_work_func: 3003, SQI=0, link=0
01-02 04:41:30.811 0 0 E DTC_ETH,link_delay_work_func: 3003, SQI=0, link=0
03-03 23:34:36.476 1501 1600 W ActivityManager: Stopping service due to app idle: u0a115 -20h41m13s641ms com.smile.gifmaker/com.kwai.chat.kwailink.service.NewKwaiLinkService
01-02 04:41:35.930 0 0 E DTC_ETH,link_delay_work_func: 3003, SQI=0, link=0
01-02 04:41:41.050 0 0 E DTC_ETH,link_delay_work_func: 3003, SQI=0, link=0
01-02 04:41:46.170 0 0 E DTC_ETH,link_delay_work_func: 3003, SQI=0, link=0
01-02 04:41:51.290 0 0 E DTC_ETH,link_delay_work_func: 3003, SQI=0, link=0
01-02 04:41:56.410 0 0 E DTC_ETH,link_delay_work_func: 3003, SQI=0, link=0
01-02 04:42:01.530 0 0 E DTC_ETH,link_delay_work_func: 3003, SQI=0, link=0
01-02 04:42:06.650 0 0 E DTC_ETH,link_delay_work_func: 3003, SQI=0, link=0
01-02 04:42:11.770 0 0 E DTC_ETH,link_delay_work_func: 3003, SQI=0, link=0
01-02 04:42:16.890 0 0 E DTC_ETH,link_delay_work_func: 3003, SQI=0, link=0
01-02 04:42:22.010 0 0 E DTC_ETH,link_delay_work_func: 3003, SQI=0, link=0
01-02 04:42:27.130 0 0 E DTC_ETH,link_delay_work_func: 3003, SQI=0, link=0
01-02 04:42:32.250 0 0 E DTC_ETH,link_delay_work_func: 3003, SQI=0, link=0
01-02 04:42:35.886 0 0 I [dp_rx_][0x14d4a71001c][23:35:36.510298] wlan: [3350:I:QDF] DHCP-R RX: SA:0e:79:35:c2:75:95 DA:ff:ff:ff:ff:ff:ff
01-02 04:42:37.370 0 0 E DTC_ETH,link_delay_work_func: 3003, SQI=0, link=0
01-02 04:42:42.490 0 0 E DTC_ETH,link_delay_work_func: 3003, SQI=0, link=0
01-02 04:42:47.610 0 0 E DTC_ETH,link_delay_work_func: 3003, SQI=0, link=0
01-02 04:42:52.730 0 0 E DTC_ETH,link_delay_work_func: 3003, SQI=0, link=0
01-02 04:42:57.850 0 0 E DTC_ETH,link_delay_work_func: 3003, SQI=0, link=0
01-02 04:43:02.970 0 0 E DTC_ETH,link_delay_work_func: 3003, SQI=0, link=0
01-02 04:43:08.091 0 0 E DTC_ETH,link_delay_work_func: 3003, SQI=0, link=0
01-02 04:43:13.210 0 0 E DTC_ETH,link_delay_work_func: 3003, SQI=0, link=0
01-02 04:43:18.330 0 0 E DTC_ETH,link_delay_work_func: 3003, SQI=0, link=0
01-02 04:43:23.450 0 0 E DTC_ETH,link_delay_work_func: 3003, SQI=0, link=0
01-02 04:43:28.570 0 0 E DTC_ETH,link_delay_work_func: 3003, SQI=0, link=0
01-02 04:43:33.690 0 0 E DTC_ETH,link_delay_work_func: 3003, SQI=0, link=0
01-02 04:43:38.810 0 0 E DTC_ETH,link_delay_work_func: 3003, SQI=0, link=0
01-02 04:43:43.930 0 0 E DTC_ETH,link_delay_work_func: 3003, SQI=0, link=0
01-02 04:43:49.050 0 0 E DTC_ETH,link_delay_work_func: 3003, SQI=0, link=0
01-02 04:43:54.170 0 0 E DTC_ETH,link_delay_work_func: 3003, SQI=0, link=0
01-02 04:43:59.293 0 0 E DTC_ETH,link_delay_work_func: 3003, SQI=0, link=0
01-02 04:44:04.410 0 0 E DTC_ETH,link_delay_work_func: 3003, SQI=0, link=0
01-02 04:44:09.530 0 0 E DTC_ETH,link_delay_work_func: 3003, SQI=0, link=0
01-02 04:44:14.650 0 0 E DTC_ETH,link_delay_work_func: 3003, SQI=0, link=0
01-02 04:44:19.770 0 0 E DTC_ETH,link_delay_work_func: 3003, SQI=0, link=0
01-02 04:44:24.890 0 0 E DTC_ETH,link_delay_work_func: 3003, SQI=0, link=0
01-02 04:44:30.010 0 0 E DTC_ETH,link_delay_work_func: 3003, SQI=0, link=0
01-02 04:44:35.130 0 0 E DTC_ETH,link_delay_work_func: 3003, SQI=0, link=0
01-02 04:44:40.251 0 0 E DTC_ETH,link_delay_work_func: 3003, SQI=0, link=0
01-02 04:44:45.370 0 0 E DTC_ETH,link_delay_work_func: 3003, SQI=0, link=0
01-02 04:44:50.490 0 0 E DTC_ETH,link_delay_work_func: 3003, SQI=0, link=0
01-02 04:44:55.610 0 0 E DTC_ETH,link_delay_work_func: 3003, SQI=0, link=0
01-02 04:45:00.730 0 0 E DTC_ETH,link_delay_work_func: 3003, SQI=0, link=0
01-02 04:45:05.850 0 0 E DTC_ETH,link_delay_work_func: 3003, SQI=0, link=0
01-02 04:45:10.970 0 0 E DTC_ETH,link_delay_work_func: 3003, SQI=0, link=0
01-02 04:45:16.090 0 0 E DTC_ETH,link_delay_work_func: 3003, SQI=0, link=0
01-02 04:45:21.210 0 0 E DTC_ETH,link_delay_work_func: 3003, SQI=0, link=0
01-02 04:45:26.330 0 0 E DTC_ETH,link_delay_work_func: 3003, SQI=0, link=0
01-02 04:45:31.450 0 0 E DTC_ETH,link_delay_work_func: 3003, SQI=0, link=0
01-02 04:45:36.570 0 0 E DTC_ETH,link_delay_work_func: 3003, SQI=0, link=0
01-02 04:45:41.690 0 0 E DTC_ETH,link_delay_work_func: 3003, SQI=0, link=0
01-02 04:45:46.810 0 0 E DTC_ETH,link_delay_work_func: 3003, SQI=0, link=0
01-02 04:45:51.930 0 0 E DTC_ETH,link_delay_work_func: 3003, SQI=0, link=0
01-02 04:45:57.050 0 0 E DTC_ETH,link_delay_work_func: 3003, SQI=0, link=0
01-02 04:46:02.170 0 0 E DTC_ETH,link_delay_work_func: 3003, SQI=0, link=0
01-02 04:46:07.290 0 0 E DTC_ETH,link_delay_work_func: 3003, SQI=0, link=0
01-02 04:46:12.410 0 0 E DTC_ETH,link_delay_work_func: 3003, SQI=0, link=0
01-02 04:46:17.530 0 0 E DTC_ETH,link_delay_work_func: 3003, SQI=0, link=0
01-02 04:46:22.650 0 0 E DTC_ETH,link_delay_work_func: 3003, SQI=0, link=0
01-02 04:46:27.770 0 0 E DTC_ETH,link_delay_work_func: 3003, SQI=0, link=0
01-02 04:46:32.890 0 0 E DTC_ETH,link_delay_work_func: 3003, SQI=0, link=0
01-02 04:46:38.010 0 0 E DTC_ETH,link_delay_work_func: 3003, SQI=0, link=0
01-02 04:46:43.130 0 0 E DTC_ETH,link_delay_work_func: 3003, SQI=0, link=0
01-02 04:46:48.250 0 0 E DTC_ETH,link_delay_work_func: 3003, SQI=0, link=0
01-02 04:46:53.370 0 0 E DTC_ETH,link_delay_work_func: 3003, SQI=0, link=0
01-02 04:46:56.702 0 0 D cnss : Host time = 74816703230 us, device time = 74788436230 us, offset = 28267000 us
01-02 04:46:56.702 0 0 D cnss : Updated time sync regs [0x984] = 0x1af51f8, [0x988] = 0x0
01-02 04:46:58.490 0 0 E DTC_ETH,link_delay_work_func: 3003, SQI=0, link=0
01-02 04:47:03.610 0 0 E DTC_ETH,link_delay_work_func: 3003, SQI=0, link=0
01-02 04:47:08.730 0 0 E DTC_ETH,link_delay_work_func: 3003, SQI=0, link=0
01-02 04:47:13.850 0 0 E DTC_ETH,link_delay_work_func: 3003, SQI=0, link=0
01-02 04:47:18.970 0 0 E DTC_ETH,link_delay_work_func: 3003, SQI=0, link=0
01-02 04:47:24.091 0 0 E DTC_ETH,link_delay_work_func: 3003, SQI=0, link=0
01-02 04:47:29.211 0 0 E DTC_ETH,link_delay_work_func: 3003, SQI=0, link=0
01-02 04:47:34.330 0 0 E DTC_ETH,link_delay_work_func: 3003, SQI=0, link=0
01-02 04:47:39.450 0 0 E DTC_ETH,link_delay_work_func: 3003, SQI=0, link=0
01-02 04:47:44.570 0 0 E DTC_ETH,link_delay_work_func: 3003, SQI=0, link=0
01-02 04:47:49.690 0 0 E DTC_ETH,link_delay_work_func: 3003, SQI=0, link=0
01-02 04:47:54.810 0 0 E DTC_ETH,link_delay_work_func: 3003, SQI=0, link=0
01-02 04:47:56.822 0 0 I [dp_rx_][0x14eb9b9223d][23:40:57.446007] wlan: [3350:I:QDF] DHCP-R RX: SA:0e:79:35:c2:75:95 DA:ff:ff:ff:ff:ff:ff
01-02 04:47:59.930 0 0 E DTC_ETH,link_delay_work_func: 3003, SQI=0, link=0
01-02 04:48:04.807 0 0 I [dp_rx_][0x14ec2dcaa4d][23:41:05.431607] wlan: [3350:I:QDF] DHCP-R RX: SA:0e:79:35:c2:75:95 DA:ff:ff:ff:ff:ff:ff
01-02 04:48:05.050 0 0 E DTC_ETH,link_delay_work_func: 3003, SQI=0, link=0
01-02 04:48:10.170 0 0 E DTC_ETH,link_delay_work_func: 3003, SQI=0, link=0
01-02 04:48:15.290 0 0 E DTC_ETH,link_delay_work_func: 3003, SQI=0, link=0
01-02 04:48:20.410 0 0 E DTC_ETH,link_delay_work_func: 3003, SQI=0, link=0
01-02 04:48:25.530 0 0 E DTC_ETH,link_delay_work_func: 3003, SQI=0, link=0
01-02 04:48:30.650 0 0 E DTC_ETH,link_delay_work_func: 3003, SQI=0, link=0
01-02 04:48:35.770 0 0 E DTC_ETH,link_delay_work_func: 3003, SQI=0, link=0
01-02 04:48:40.890 0 0 E DTC_ETH,link_delay_work_func: 3003, SQI=0, link=0
01-02 04:48:46.010 0 0 E DTC_ETH,link_delay_work_func: 3003, SQI=0, link=0
01-02 04:48:51.130 0 0 E DTC_ETH,link_delay_work_func: 3003, SQI=0, link=0
01-02 04:48:56.250 0 0 E DTC_ETH,link_delay_work_func: 3003, SQI=0, link=0
01-02 04:49:01.370 0 0 E DTC_ETH,link_delay_work_func: 3003, SQI=0, link=0
01-02 04:49:06.490 0 0 E DTC_ETH,link_delay_work_func: 3003, SQI=0, link=0
01-02 04:49:11.610 0 0 E DTC_ETH,link_delay_work_func: 3003, SQI=0, link=0
01-02 04:49:16.730 0 0 E DTC_ETH,link_delay_work_func: 3003, SQI=0, link=0
01-02 04:49:21.850 0 0 E DTC_ETH,link_delay_work_func: 3003, SQI=0, link=0
01-02 04:49:26.970 0 0 E DTC_ETH,link_delay_work_func: 3003, SQI=0, link=0
01-02 04:49:32.090 0 0 E DTC_ETH,link_delay_work_func: 3003, SQI=0, link=0
01-02 04:49:37.210 0 0 E DTC_ETH,link_delay_work_func: 3003, SQI=0, link=0
01-02 04:49:42.330 0 0 E DTC_ETH,link_delay_work_func: 3003, SQI=0, link=0
01-02 04:49:47.450 0 0 E DTC_ETH,link_delay_work_func: 3003, SQI=0, link=0
01-02 04:49:52.570 0 0 E DTC_ETH,link_delay_work_func: 3003, SQI=0, link=0
01-02 04:49:57.690 0 0 E DTC_ETH,link_delay_work_func: 3003, SQI=0, link=0
01-02 04:50:02.811 0 0 E DTC_ETH,link_delay_work_func: 3003, SQI=0, link=0
01-02 04:50:07.930 0 0 E DTC_ETH,link_delay_work_func: 3003, SQI=0, link=0
01-02 04:50:13.050 0 0 E DTC_ETH,link_delay_work_func: 3003, SQI=0, link=0
01-02 04:50:18.170 0 0 E DTC_ETH,link_delay_work_func: 3003, SQI=0, link=0
01-02 04:50:23.290 0 0 E DTC_ETH,link_delay_work_func: 3003, SQI=0, link=0
01-02 04:50:28.410 0 0 E DTC_ETH,link_delay_work_func: 3003, SQI=0, link=0
01-02 04:50:33.530 0 0 E DTC_ETH,link_delay_work_func: 3003, SQI=0, link=0
01-02 04:50:38.650 0 0 E DTC_ETH,link_delay_work_func: 3003, SQI=0, link=0
01-02 04:50:43.770 0 0 E DTC_ETH,link_delay_work_func: 3003, SQI=0, link=0
01-02 04:50:48.890 0 0 E DTC_ETH,link_delay_work_func: 3003, SQI=0, link=0
01-02 04:50:54.010 0 0 E DTC_ETH,link_delay_work_func: 3003, SQI=0, link=0
01-02 04:50:59.130 0 0 E DTC_ETH,link_delay_work_func: 3003, SQI=0, link=0
01-02 04:51:04.250 0 0 E DTC_ETH,link_delay_work_func: 3003, SQI=0, link=0
01-02 04:51:09.370 0 0 E DTC_ETH,link_delay_work_func: 3003, SQI=0, link=0
01-02 04:51:14.490 0 0 E DTC_ETH,link_delay_work_func: 3003, SQI=0, link=0
01-02 04:51:19.610 0 0 E DTC_ETH,link_delay_work_func: 3003, SQI=0, link=0
01-02 04:51:24.730 0 0 E DTC_ETH,link_delay_work_func: 3003, SQI=0, link=0
01-02 04:51:29.850 0 0 E DTC_ETH,link_delay_work_func: 3003, SQI=0, link=0
01-02 04:51:34.970 0 0 E DTC_ETH,link_delay_work_func: 3003, SQI=0, link=0
03-03 23:44:36.471 1501 1600 W ActivityManager: Stopping service due to app idle: u0a115 -20h51m13s636ms com.smile.gifmaker/com.kwai.chat.kwailink.service.NewKwaiLinkService
01-02 04:51:40.090 0 0 E DTC_ETH,link_delay_work_func: 3003, SQI=0, link=0
01-02 04:51:45.210 0 0 E DTC_ETH,link_delay_work_func: 3003, SQI=0, link=0
01-02 04:51:50.330 0 0 E DTC_ETH,link_delay_work_func: 3003, SQI=0, link=0
01-02 04:51:55.450 0 0 E DTC_ETH,link_delay_work_func: 3003, SQI=0, link=0
01-02 04:52:00.570 0 0 E DTC_ETH,link_delay_work_func: 3003, SQI=0, link=0
01-02 04:52:05.690 0 0 E DTC_ETH,link_delay_work_func: 3003, SQI=0, link=0
01-02 04:52:10.810 0 0 E DTC_ETH,link_delay_work_func: 3003, SQI=0, link=0
01-02 04:52:15.930 0 0 E DTC_ETH,link_delay_work_func: 3003, SQI=0, link=0
01-02 04:52:21.050 0 0 E DTC_ETH,link_delay_work_func: 3003, SQI=0, link=0
01-02 04:52:26.170 0 0 E DTC_ETH,link_delay_work_func: 3003, SQI=0, link=0
01-02 04:52:31.290 0 0 E DTC_ETH,link_delay_work_func: 3003, SQI=0, link=0
01-02 04:52:36.410 0 0 E DTC_ETH,link_delay_work_func: 3003, SQI=0, link=0
01-02 04:52:41.530 0 0 E DTC_ETH,link_delay_work_func: 3003, SQI=0, link=0
01-02 04:52:46.650 0 0 E DTC_ETH,link_delay_work_func: 3003, SQI=0, link=0
01-02 04:52:51.770 0 0 E DTC_ETH,link_delay_work_func: 3003, SQI=0, link=0
01-02 04:52:56.890 0 0 E DTC_ETH,link_delay_work_func: 3003, SQI=0, link=0
01-02 04:53:02.010 0 0 E DTC_ETH,link_delay_work_func: 3003, SQI=0, link=0
01-02 04:53:07.130 0 0 E DTC_ETH,link_delay_work_func: 3003, SQI=0, link=0
01-02 04:53:12.250 0 0 E DTC_ETH,link_delay_work_func: 3003, SQI=0, link=0
01-02 04:53:17.370 0 0 E DTC_ETH,link_delay_work_func: 3003, SQI=0, link=0
01-02 04:53:22.490 0 0 E DTC_ETH,link_delay_work_func: 3003, SQI=0, link=0
01-02 04:53:27.610 0 0 E DTC_ETH,link_delay_work_func: 3003, SQI=0, link=0
01-02 04:53:32.730 0 0 E DTC_ETH,link_delay_work_func: 3003, SQI=0, link=0
01-02 04:53:37.850 0 0 E DTC_ETH,link_delay_work_func: 3003, SQI=0, link=0
01-02 04:53:42.970 0 0 E DTC_ETH,link_delay_work_func: 3003, SQI=0, link=0
01-02 04:53:48.090 0 0 E DTC_ETH,link_delay_work_func: 3003, SQI=0, link=0
01-02 04:53:53.210 0 0 E DTC_ETH,link_delay_work_func: 3003, SQI=0, link=0
01-02 04:53:58.330 0 0 E DTC_ETH,link_delay_work_func: 3003, SQI=0, link=0
01-02 04:54:03.450 0 0 E DTC_ETH,link_delay_work_func: 3003, SQI=0, link=0
01-02 04:54:08.570 0 0 E DTC_ETH,link_delay_work_func: 3003, SQI=0, link=0
01-02 04:54:13.690 0 0 E DTC_ETH,link_delay_work_func: 3003, SQI=0, link=0
01-02 04:54:18.810 0 0 E DTC_ETH,link_delay_work_func: 3003, SQI=0, link=0
01-02 04:54:23.930 0 0 E DTC_ETH,link_delay_work_func: 3003, SQI=0, link=0
01-02 04:54:29.050 0 0 E DTC_ETH,link_delay_work_func: 3003, SQI=0, link=0
01-02 04:54:34.170 0 0 E DTC_ETH,link_delay_work_func: 3003, SQI=0, link=0
01-02 04:54:39.290 0 0 E DTC_ETH,link_delay_work_func: 3003, SQI=0, link=0
01-02 04:54:44.411 0 0 E DTC_ETH,link_delay_work_func: 3003, SQI=0, link=0
01-02 04:54:49.530 0 0 E DTC_ETH,link_delay_work_func: 3003, SQI=0, link=0
01-02 04:54:54.650 0 0 E DTC_ETH,link_delay_work_func: 3003, SQI=0, link=0
01-02 04:54:59.770 0 0 E DTC_ETH,link_delay_work_func: 3003, SQI=0, link=0
01-02 04:55:04.890 0 0 E DTC_ETH,link_delay_work_func: 3003, SQI=0, link=0
01-02 04:55:10.010 0 0 E DTC_ETH,link_delay_work_func: 3003, SQI=0, link=0
01-02 04:55:15.130 0 0 E DTC_ETH,link_delay_work_func: 3003, SQI=0, link=0
01-02 04:55:20.250 0 0 E DTC_ETH,link_delay_work_func: 3003, SQI=0, link=0
01-02 04:55:25.370 0 0 E DTC_ETH,link_delay_work_func: 3003, SQI=0, link=0
01-02 04:55:30.490 0 0 E DTC_ETH,link_delay_work_func: 3003, SQI=0, link=0
01-02 04:55:35.610 0 0 E DTC_ETH,link_delay_work_func: 3003, SQI=0, link=0
01-02 04:55:40.730 0 0 E DTC_ETH,link_delay_work_func: 3003, SQI=0, link=0
01-02 04:55:45.850 0 0 E DTC_ETH,link_delay_work_func: 3003, SQI=0, link=0
01-02 04:55:50.970 0 0 E DTC_ETH,link_delay_work_func: 3003, SQI=0, link=0
01-02 04:55:56.090 0 0 E DTC_ETH,link_delay_work_func: 3003, SQI=0, link=0
01-02 04:56:01.210 0 0 E DTC_ETH,link_delay_work_func: 3003, SQI=0, link=0
01-02 04:56:06.330 0 0 E DTC_ETH,link_delay_work_func: 3003, SQI=0, link=0
01-02 04:56:11.450 0 0 E DTC_ETH,link_delay_work_func: 3003, SQI=0, link=0
01-02 04:56:16.570 0 0 E DTC_ETH,link_delay_work_func: 3003, SQI=0, link=0
01-02 04:56:21.690 0 0 E DTC_ETH,link_delay_work_func: 3003, SQI=0, link=0
01-02 04:56:26.811 0 0 E DTC_ETH,link_delay_work_func: 3003, SQI=0, link=0
01-02 04:56:31.930 0 0 E DTC_ETH,link_delay_work_func: 3003, SQI=0, link=0
01-02 04:56:37.050 0 0 E DTC_ETH,link_delay_work_func: 3003, SQI=0, link=0
01-02 04:56:42.170 0 0 E DTC_ETH,link_delay_work_func: 3003, SQI=0, link=0
01-02 04:56:47.290 0 0 E DTC_ETH,link_delay_work_func: 3003, SQI=0, link=0
01-02 04:56:52.410 0 0 E DTC_ETH,link_delay_work_func: 3003, SQI=0, link=0
01-02 04:56:57.530 0 0 E DTC_ETH,link_delay_work_func: 3003, SQI=0, link=0
01-02 04:57:02.650 0 0 E DTC_ETH,link_delay_work_func: 3003, SQI=0, link=0
01-02 04:57:07.770 0 0 E DTC_ETH,link_delay_work_func: 3003, SQI=0, link=0
01-02 04:57:12.890 0 0 E DTC_ETH,link_delay_work_func: 3003, SQI=0, link=0
01-02 04:57:18.010 0 0 E DTC_ETH,link_delay_work_func: 3003, SQI=0, link=0
01-02 04:57:23.130 0 0 E DTC_ETH,link_delay_work_func: 3003, SQI=0, link=0
01-02 04:57:28.250 0 0 E DTC_ETH,link_delay_work_func: 3003, SQI=0, link=0
01-02 04:57:33.370 0 0 E DTC_ETH,link_delay_work_func: 3003, SQI=0, link=0
01-02 04:57:38.490 0 0 E DTC_ETH,link_delay_work_func: 3003, SQI=0, link=0
01-02 04:57:43.610 0 0 E DTC_ETH,link_delay_work_func: 3003, SQI=0, link=0
01-02 04:57:48.730 0 0 E DTC_ETH,link_delay_work_func: 3003, SQI=0, link=0
01-02 04:57:53.850 0 0 E DTC_ETH,link_delay_work_func: 3003, SQI=0, link=0
01-02 04:57:58.970 0 0 E DTC_ETH,link_delay_work_func: 3003, SQI=0, link=0
01-02 04:58:04.090 0 0 E DTC_ETH,link_delay_work_func: 3003, SQI=0, link=0
01-02 04:58:09.210 0 0 E DTC_ETH,link_delay_work_func: 3003, SQI=0, link=0
01-02 04:58:14.330 0 0 E DTC_ETH,link_delay_work_func: 3003, SQI=0, link=0
01-02 04:58:19.450 0 0 E DTC_ETH,link_delay_work_func: 3003, SQI=0, link=0
01-02 04:58:24.570 0 0 E DTC_ETH,link_delay_work_func: 3003, SQI=0, link=0
01-02 04:58:29.690 0 0 E DTC_ETH,link_delay_work_func: 3003, SQI=0, link=0
01-02 04:58:30.903 0 0 I [dp_rx_][0x1518f5f356d][23:51:31.527542] wlan: [3350:I:QDF] DHCP-D RX: SA:0e:79:35:c2:75:95 DA:ff:ff:ff:ff:ff:ff
01-02 04:58:34.811 0 0 E DTC_ETH,link_delay_work_func: 3003, SQI=0, link=0
01-02 04:58:39.930 0 0 E DTC_ETH,link_delay_work_func: 3003, SQI=0, link=0
01-02 04:58:40.120 0 0 I [dp_rx_][0x15199eb5e1e][23:51:40.744085] wlan: [3350:I:QDF] DHCP-R RX: SA:0e:79:35:c2:75:95 DA:ff:ff:ff:ff:ff:ff
01-02 04:58:45.050 0 0 E DTC_ETH,link_delay_work_func: 3003, SQI=0, link=0
01-02 04:58:50.170 0 0 E DTC_ETH,link_delay_work_func: 3003, SQI=0, link=0
01-02 04:58:55.290 0 0 E DTC_ETH,link_delay_work_func: 3003, SQI=0, link=0
01-02 04:59:00.410 0 0 E DTC_ETH,link_delay_work_func: 3003, SQI=0, link=0
01-02 04:59:05.530 0 0 E DTC_ETH,link_delay_work_func: 3003, SQI=0, link=0
01-02 04:59:10.650 0 0 E DTC_ETH,link_delay_work_func: 3003, SQI=0, link=0
01-02 04:59:15.770 0 0 E DTC_ETH,link_delay_work_func: 3003, SQI=0, link=0
01-02 04:59:20.890 0 0 E DTC_ETH,link_delay_work_func: 3003, SQI=0, link=0
01-02 04:59:26.011 0 0 E DTC_ETH,link_delay_work_func: 3003, SQI=0, link=0
01-02 04:59:31.130 0 0 E DTC_ETH,link_delay_work_func: 3003, SQI=0, link=0
01-02 04:59:36.250 0 0 E DTC_ETH,link_delay_work_func: 3003, SQI=0, link=0
01-02 04:59:41.370 0 0 E DTC_ETH,link_delay_work_func: 3003, SQI=0, link=0
01-02 04:59:46.490 0 0 E DTC_ETH,link_delay_work_func: 3003, SQI=0, link=0
01-02 04:59:51.610 0 0 E DTC_ETH,link_delay_work_func: 3003, SQI=0, link=0
01-02 04:59:56.730 0 0 E DTC_ETH,link_delay_work_func: 3003, SQI=0, link=0
01-02 05:00:01.850 0 0 E DTC_ETH,link_delay_work_func: 3003, SQI=0, link=0
03-03 23:53:03.636 1501 1621 W BatteryExternalStatsWorker: error reading modem stats:ERROR_PHONE_NOT_AVAILABLE
03-03 23:53:03.668 1501 1621 E KernelCpuSpeedReader: Failed to read cpu-freq: /sys/devices/system/cpu/cpu4/cpufreq/stats/time_in_state: open failed: ENOENT (No such file or directory)
