03-03 03:25:22.197 1155 2005 W iorapd : Missing corresponding prefetch_file db row for android/com.android.internal.app.ResolverActivity@31
03-03 03:25:22.257 1501 6829 D DynamicCodeLogger: Got no hash for /data/user/0/com.ochs.pipette/cache/ads180063480254924817.jar
03-03 03:25:22.260 1501 6829 D DynamicCodeLogger: Got no hash for /data/user/0/com.ochs.pipette/cache/ads1594482210056032011.jar
03-03 03:25:22.262 1501 6829 D DynamicCodeLogger: Got no hash for /data/user/0/com.ochs.pipette/cache/ads4206884960678660864.jar
03-03 03:25:22.264 1501 6829 D DynamicCodeLogger: Got no hash for /data/user/0/com.ochs.pipette/cache/ads3116897874572762116.jar
03-03 03:25:22.266 1501 6829 E DynamicCodeLogger: Got InstallerException when hashing file /data/user/0/com.baidu.input/files/.tmp/1-3.5.2.22.6.zip: android.os.ServiceSpecificException: (code 0)
03-03 03:25:22.267 1501 6829 D DynamicCodeLogger: Got no hash for /data/user/0/com.baidu.input/files/.tmp/1-3.5.2.22.6.zip
03-03 03:25:22.304 1155 2005 E iorapd : Iorap compilation failed
03-03 03:25:22.304 1155 2005 E iorapd : Compilation failed for package_id:23 activity_name: com.android.internal.app.ResolverActivity
03-03 03:25:22.339 1155 2005 W iorapd : Missing corresponding prefetch_file db row for com.zhaopin.social/com.zhaopin.social.SplashActivity@8166
03-03 03:25:24.023 1155 2005 E iorapd : Iorap compilation failed
03-03 03:25:24.023 1155 2005 E iorapd : Compilation failed for package_id:39 activity_name: com.zhaopin.social.SplashActivity
03-03 03:25:24.058 1155 2005 W iorapd : Missing corresponding prefetch_file db row for com.tencent.KiHan/com.tencent.gcloud.msdk.core.policy.MSDKPolicyActivity@1057067006
03-03 03:25:27.308 1155 2005 E iorapd : Iorap compilation failed
03-03 03:25:27.308 1155 2005 E iorapd : Compilation failed for package_id:30 activity_name: com.tencent.gcloud.msdk.core.policy.MSDKPolicyActivity
03-03 03:25:27.411 1155 2005 W iorapd : Missing corresponding prefetch_file db row for com.android.provision/com.android.provision.DefaultActivity@31
03-03 03:25:31.528 1155 2005 E iorapd : Iorap compilation failed
03-03 03:25:31.528 1155 2005 E iorapd : Compilation failed for package_id:1 activity_name: com.android.provision.DefaultActivity
03-03 03:25:31.763 1155 2005 W iorapd : Missing corresponding prefetch_file db row for com.tencent.qqmusicpad/com.tencent.qqmusicpad.activity.AppStarterActivity@5200
03-03 03:25:34.235 1155 2005 E iorapd : Iorap compilation failed
03-03 03:25:34.235 1155 2005 E iorapd : Compilation failed for package_id:12 activity_name: com.tencent.qqmusicpad.activity.AppStarterActivity
03-03 03:25:34.277 1155 2005 W iorapd : Missing corresponding prefetch_file db row for com.tencent.qqlive/com.tencent.qqlive.open.LocalVideoOpenActivity@27094
03-03 03:25:34.476 1155 2005 E iorapd : Iorap compilation failed
03-03 03:25:34.476 1155 2005 E iorapd : Compilation failed for package_id:11 activity_name: com.tencent.qqlive.open.LocalVideoOpenActivity
03-03 03:25:34.522 1155 2005 W iorapd : Missing corresponding prefetch_file db row for com.tencent.mtt/com.tencent.mtt.SplashActivity@13660500
03-03 03:25:35.092 1155 2005 E iorapd : Iorap compilation failed
03-03 03:25:35.092 1155 2005 E iorapd : Compilation failed for package_id:15 activity_name: com.tencent.mtt.SplashActivity
03-03 03:25:35.251 1155 2005 W iorapd : Missing corresponding prefetch_file db row for com.android.gallery3d/com.android.gallery3d.app.GalleryActivity@40030
03-03 03:25:35.335 1155 2005 E iorapd : Iorap compilation failed
03-03 03:25:35.335 1155 2005 E iorapd : Compilation failed for package_id:8 activity_name: com.android.gallery3d.app.GalleryActivity
03-03 03:25:35.456 1155 2005 W iorapd : Missing corresponding prefetch_file db row for com.kuaishou.nebula/com.yxcorp.gifshow.HomeActivity@5190
03-03 03:25:37.071 1155 2005 E iorapd : Iorap compilation failed
03-03 03:25:37.071 1155 2005 E iorapd : Compilation failed for package_id:29 activity_name: com.yxcorp.gifshow.HomeActivity
03-03 03:25:37.219 1155 2005 W iorapd : Missing corresponding prefetch_file db row for com.miHoYo.Yuanshen/com.miHoYo.GetMobileInfo.MainActivity@533
03-03 03:25:40.307 1155 2005 E iorapd : Iorap compilation failed
03-03 03:25:40.308 1155 2005 E iorapd : Compilation failed for package_id:34 activity_name: com.miHoYo.GetMobileInfo.MainActivity
03-03 03:25:40.347 1155 2005 W iorapd : Missing corresponding prefetch_file db row for com.android.settings/com.android.settings.homepage.SettingsHomepageActivity@31
03-03 03:25:40.430 1155 2005 E iorapd : Iorap compilation failed
03-03 03:25:40.430 1155 2005 E iorapd : Compilation failed for package_id:4 activity_name: com.android.settings.homepage.SettingsHomepageActivity
03-03 03:25:40.609 1155 2005 W iorapd : Missing corresponding prefetch_file db row for com.tencent.tmgp.pubgmhd/com.epicgames.ue4.SplashActivity@11120
03-03 03:25:41.581 1501 6831 I BackgroundDexOptService: Pinning optimized code {com.android.networkstack, com.cubic.autohome, com.qualcomm.qti.workloadclassifier, com.android.inputmethod.latin, com.thundercomm.screensaver}
03-03 03:25:41.582 1501 6831 I BackgroundDexOptService: Idle optimizations completed.
03-03 03:25:44.081 1155 2005 E iorapd : Iorap compilation failed
03-03 03:25:44.081 1155 2005 E iorapd : Compilation failed for package_id:31 activity_name: com.epicgames.ue4.SplashActivity
03-03 03:25:44.122 1155 2005 W iorapd : Missing corresponding prefetch_file db row for com.smile.gifmaker/com.yxcorp.gifshow.HomeActivity@29775
03-03 03:25:45.933 1155 2005 E iorapd : Iorap compilation failed
03-03 03:25:45.933 1155 2005 E iorapd : Compilation failed for package_id:32 activity_name: com.yxcorp.gifshow.HomeActivity
03-03 03:33:00.014 1501 2038 D CompatibilityChangeReporter: Compat change id reported: 171306433; UID 1000; state: ENABLED
03-03 03:33:12.149 1501 1598 I UsageStatsService: User[0] Flushing usage stats to disk
03-03 03:33:24.784 1501 1733 D ActivityManager: freezing 3126 com.qti.diagservices
03-03 03:33:24.785 1501 1733 E ActivityManager: Unable to freeze binder for 3126 com.qti.diagservices
03-03 03:33:24.787 1501 1733 D ActivityManager: froze 3126 com.qti.diagservices
03-03 03:33:24.787 1501 1733 E ActivityManager: Unable to freeze binder for 3126 com.qti.diagservices
03-03 03:33:24.789 1501 1733 I ActivityManager: Killing 3126:com.qti.diagservices/1000 (adj 975): Unable to freeze binder interface
03-03 03:33:24.819 1501 6081 W ActivityManager: Scheduling restart of crashed service com.qti.diagservices/.QTIDiagServices in 1000ms for start-requested
03-03 03:33:25.824 1501 1600 D CompatibilityChangeReporter: Compat change id reported: 135634846; UID 1000; state: DISABLED
03-03 03:33:25.825 1501 1600 D CompatibilityChangeReporter: Compat change id reported: 177438394; UID 1000; state: DISABLED
03-03 03:33:25.825 1501 1600 D CompatibilityChangeReporter: Compat change id reported: 135772972; UID 1000; state: DISABLED
03-03 03:33:25.825 1501 1600 D CompatibilityChangeReporter: Compat change id reported: 135754954; UID 1000; state: ENABLED
03-03 03:33:25.854 1501 1601 I ActivityManager: Start proc 7579:com.qti.diagservices/1000 for service {com.qti.diagservices/com.qti.diagservices.QTIDiagServices}
03-03 03:34:19.920 1501 1501 I JobServiceContext: Letting ad79b78 #u0a102/131 com.kuaishou.nebula/androidx.work.impl.background.systemjob.SystemJobService continue to run past min execution time
03-03 03:34:23.052 1501 1501 I JobServiceContext: Letting 53c628d #u0a115/127 com.smile.gifmaker/androidx.work.impl.background.systemjob.SystemJobService continue to run past min execution time
03-03 03:34:34.742 1501 1600 W ActivityManager: Stopping service due to app idle: u0a115 -41m11s907ms com.smile.gifmaker/com.kwai.chat.kwailink.service.NewKwaiLinkService
03-03 03:35:21.950 1501 1733 D ActivityManager: freezing 6814 android.process.media
03-03 03:35:21.950 1501 1733 E ActivityManager: Unable to freeze binder for 6814 android.process.media
03-03 03:35:21.952 1501 1733 D ActivityManager: froze 6814 android.process.media
03-03 03:35:21.952 1501 1733 E ActivityManager: Unable to freeze binder for 6814 android.process.media
03-03 03:35:21.955 1501 1733 I ActivityManager: Killing 6814:android.process.media/u0a18 (adj 915): Unable to freeze binder interface
03-03 03:44:34.785 1501 1600 W ActivityManager: Stopping service due to app idle: u0a115 -51m11s949ms com.smile.gifmaker/com.kwai.chat.kwailink.service.NewKwaiLinkService
03-03 03:52:15.544 1501 1907 I GameModeConfig: isGameModeOn = false
03-03 03:52:15.544 1501 1907 I GameModeConfig: isGameModeOn = false
03-03 03:52:15.545 1501 1907 I GameModeConfig: isGameModeOn = false
03-03 03:52:15.754 1501 1501 I GameModeConfig: isGameModeOn = false
03-03 03:52:15.816 1501 1501 W NotificationHistory: Attempted to add notif for locked/gone/disabled user 0
03-03 03:52:25.770 1501 1907 I GameModeConfig: isGameModeOn = false
03-03 03:53:02.934 1501 1621 W BatteryExternalStatsWorker: error reading modem stats:ERROR_PHONE_NOT_AVAILABLE
03-03 03:53:02.965 1501 1621 E KernelCpuSpeedReader: Failed to read cpu-freq: /sys/devices/system/cpu/cpu4/cpufreq/stats/time_in_state: open failed: ENOENT (No such file or directory)
03-03 03:53:02.966 1501 1621 E KernelCpuSpeedReader: Failed to read cpu-freq: /sys/devices/system/cpu/cpu0/cpufreq/stats/time_in_state: open failed: ENOENT (No such file or directory)
03-03 03:53:12.232 1501 1598 I UsageStatsService: User[0] Flushing usage stats to disk
03-03 03:54:19.924 1501 1501 I JobServiceContext: Client timed out while executing (no jobFinished received). Sending onStop: ad79b78 #u0a102/131 com.kuaishou.nebula/androidx.work.impl.background.systemjob.SystemJobService
03-03 03:54:23.051 1501 1501 I JobServiceContext: Client timed out while executing (no jobFinished received). Sending onStop: 53c628d #u0a115/127 com.smile.gifmaker/androidx.work.impl.background.systemjob.SystemJobService
03-03 03:54:34.780 1501 1600 W ActivityManager: Stopping service due to app idle: u0a115 -1h1m11s944ms com.smile.gifmaker/com.kwai.chat.kwailink.service.NewKwaiLinkService
03-03 04:04:19.955 1501 1501 I JobServiceContext: Letting d34d367 #u0a102/132 com.kuaishou.nebula/androidx.work.impl.background.systemjob.SystemJobService continue to run past min execution time
03-03 04:04:23.077 1501 1501 I JobServiceContext: Letting f7cee80 #u0a115/128 com.smile.gifmaker/androidx.work.impl.background.systemjob.SystemJobService continue to run past min execution time
03-03 04:04:34.780 1501 1600 W ActivityManager: Stopping service due to app idle: u0a115 -1h11m11s944ms com.smile.gifmaker/com.kwai.chat.kwailink.service.NewKwaiLinkService
03-03 04:13:12.286 1501 1598 I UsageStatsService: User[0] Flushing usage stats to disk
03-03 04:13:34.817 1501 1733 D ActivityManager: freezing 7579 com.qti.diagservices
03-03 04:13:34.817 1501 1733 E ActivityManager: Unable to freeze binder for 7579 com.qti.diagservices
03-03 04:13:34.819 1501 1733 D ActivityManager: froze 7579 com.qti.diagservices
03-03 04:13:34.819 1501 1733 E ActivityManager: Unable to freeze binder for 7579 com.qti.diagservices
03-03 04:13:34.821 1501 1733 I ActivityManager: Killing 7579:com.qti.diagservices/1000 (adj 915): Unable to freeze binder interface
03-03 04:13:34.847 1501 6081 W ActivityManager: Scheduling restart of crashed service com.qti.diagservices/.QTIDiagServices in 1000ms for start-requested
03-03 04:13:35.852 1501 1600 D CompatibilityChangeReporter: Compat change id reported: 135634846; UID 1000; state: DISABLED
03-03 04:13:35.852 1501 1600 D CompatibilityChangeReporter: Compat change id reported: 177438394; UID 1000; state: DISABLED
03-03 04:13:35.853 1501 1600 D CompatibilityChangeReporter: Compat change id reported: 135772972; UID 1000; state: DISABLED
03-03 04:13:35.853 1501 1600 D CompatibilityChangeReporter: Compat change id reported: 135754954; UID 1000; state: ENABLED
03-03 04:13:35.875 1501 1601 I ActivityManager: Start proc 8813:com.qti.diagservices/1000 for service {com.qti.diagservices/com.qti.diagservices.QTIDiagServices}
03-03 04:14:34.766 1501 1600 W ActivityManager: Stopping service due to app idle: u0a115 -1h21m11s930ms com.smile.gifmaker/com.kwai.chat.kwailink.service.NewKwaiLinkService
03-03 04:23:02.960 1501 1621 W BatteryExternalStatsWorker: error reading modem stats:ERROR_PHONE_NOT_AVAILABLE
03-03 04:23:02.991 1501 1621 E KernelCpuSpeedReader: Failed to read cpu-freq: /sys/devices/system/cpu/cpu4/cpufreq/stats/time_in_state: open failed: ENOENT (No such file or directory)
03-03 04:23:02.992 1501 1621 E KernelCpuSpeedReader: Failed to read cpu-freq: /sys/devices/system/cpu/cpu0/cpufreq/stats/time_in_state: open failed: ENOENT (No such file or directory)
03-03 04:24:19.954 1501 1501 I JobServiceContext: Client timed out while executing (no jobFinished received). Sending onStop: d34d367 #u0a102/132 com.kuaishou.nebula/androidx.work.impl.background.systemjob.SystemJobService
03-03 04:24:23.076 1501 1501 I JobServiceContext: Client timed out while executing (no jobFinished received). Sending onStop: f7cee80 #u0a115/128 com.smile.gifmaker/androidx.work.impl.background.systemjob.SystemJobService
03-03 04:24:34.785 1501 1600 W ActivityManager: Stopping service due to app idle: u0a115 -1h31m11s950ms com.smile.gifmaker/com.kwai.chat.kwailink.service.NewKwaiLinkService
03-03 04:33:12.403 1501 1598 I UsageStatsService: User[0] Flushing usage stats to disk
03-03 04:34:19.980 1501 1501 I JobServiceContext: Letting e0a5f9 #u0a102/134 com.kuaishou.nebula/androidx.work.impl.background.systemjob.SystemJobService continue to run past min execution time
03-03 04:34:23.093 1501 1501 I JobServiceContext: Letting 6792b4a #u0a115/130 com.smile.gifmaker/androidx.work.impl.background.systemjob.SystemJobService continue to run past min execution time
03-03 04:34:34.850 1501 1600 W ActivityManager: Stopping service due to app idle: u0a115 -1h41m12s15ms com.smile.gifmaker/com.kwai.chat.kwailink.service.NewKwaiLinkService
03-03 04:44:34.830 1501 1600 W ActivityManager: Stopping service due to app idle: u0a115 -1h51m11s995ms com.smile.gifmaker/com.kwai.chat.kwailink.service.NewKwaiLinkService
03-03 04:53:02.960 1501 1621 W BatteryExternalStatsWorker: error reading modem stats:ERROR_PHONE_NOT_AVAILABLE
03-03 04:53:02.994 1501 1621 E KernelCpuSpeedReader: Failed to read cpu-freq: /sys/devices/system/cpu/cpu4/cpufreq/stats/time_in_state: open failed: ENOENT (No such file or directory)
03-03 04:53:02.994 1501 1621 E KernelCpuSpeedReader: Failed to read cpu-freq: /sys/devices/system/cpu/cpu0/cpufreq/stats/time_in_state: open failed: ENOENT (No such file or directory)
03-03 04:53:12.499 1501 1598 I UsageStatsService: User[0] Flushing usage stats to disk
03-03 04:54:19.979 1501 1501 I JobServiceContext: Client timed out while executing (no jobFinished received). Sending onStop: e0a5f9 #u0a102/134 com.kuaishou.nebula/androidx.work.impl.background.systemjob.SystemJobService
03-03 04:54:22.814 666 10102 W SocketClient: write error (Broken pipe)
03-03 04:54:23.093 1501 1501 I JobServiceContext: Client timed out while executing (no jobFinished received). Sending onStop: 6792b4a #u0a115/130 com.smile.gifmaker/androidx.work.impl.background.systemjob.SystemJobService
03-03 04:54:28.309 666 10141 W SocketClient: write error (Broken pipe)
03-03 04:54:34.859 1501 1600 W ActivityManager: Stopping service due to app idle: u0a115 -2h1m12s24ms com.smile.gifmaker/com.kwai.chat.kwailink.service.NewKwaiLinkService
03-03 05:03:02.951 1501 1733 D ActivityManager: freezing 8813 com.qti.diagservices
03-03 05:03:02.952 1501 1733 E ActivityManager: Unable to freeze binder for 8813 com.qti.diagservices
03-03 05:03:02.953 1501 1733 D ActivityManager: froze 8813 com.qti.diagservices
03-03 05:03:02.953 1501 1733 E ActivityManager: Unable to freeze binder for 8813 com.qti.diagservices
03-03 05:03:02.956 1501 1733 I ActivityManager: Killing 8813:com.qti.diagservices/1000 (adj 925): Unable to freeze binder interface
03-03 05:03:02.991 1501 2038 W ActivityManager: Scheduling restart of crashed service com.qti.diagservices/.QTIDiagServices in 1000ms for start-requested
03-03 05:03:03.996 1501 1600 D CompatibilityChangeReporter: Compat change id reported: 135634846; UID 1000; state: DISABLED
03-03 05:03:03.996 1501 1600 D CompatibilityChangeReporter: Compat change id reported: 177438394; UID 1000; state: DISABLED
03-03 05:03:03.997 1501 1600 D CompatibilityChangeReporter: Compat change id reported: 135772972; UID 1000; state: DISABLED
03-03 05:03:03.997 1501 1600 D CompatibilityChangeReporter: Compat change id reported: 135754954; UID 1000; state: ENABLED
03-03 05:03:04.025 1501 1601 I ActivityManager: Start proc 10426:com.qti.diagservices/1000 for service {com.qti.diagservices/com.qti.diagservices.QTIDiagServices}
03-03 05:04:20.017 1501 1501 I JobServiceContext: Letting d76430 #u0a102/135 com.kuaishou.nebula/androidx.work.impl.background.systemjob.SystemJobService continue to run past min execution time
03-03 05:04:23.111 1501 1501 I JobServiceContext: Letting b3ff1f4 #u0a115/132 com.smile.gifmaker/androidx.work.impl.background.systemjob.SystemJobService continue to run past min execution time
03-03 05:04:34.870 1501 1600 W ActivityManager: Stopping service due to app idle: u0a115 -2h11m12s34ms com.smile.gifmaker/com.kwai.chat.kwailink.service.NewKwaiLinkService
03-03 05:13:12.571 1501 1598 I UsageStatsService: User[0] Flushing usage stats to disk
03-03 05:14:34.874 1501 1600 W ActivityManager: Stopping service due to app idle: u0a115 -2h21m12s39ms com.smile.gifmaker/com.kwai.chat.kwailink.service.NewKwaiLinkService
03-03 05:23:02.981 1501 1621 W BatteryExternalStatsWorker: error reading modem stats:ERROR_PHONE_NOT_AVAILABLE
03-03 05:23:03.004 1501 1621 E KernelCpuSpeedReader: Failed to read cpu-freq: /sys/devices/system/cpu/cpu4/cpufreq/stats/time_in_state: open failed: ENOENT (No such file or directory)
03-03 05:23:03.004 1501 1621 E KernelCpuSpeedReader: Failed to read cpu-freq: /sys/devices/system/cpu/cpu0/cpufreq/stats/time_in_state: open failed: ENOENT (No such file or directory)
03-03 05:24:20.016 1501 1501 I JobServiceContext: Client timed out while executing (no jobFinished received). Sending onStop: d76430 #u0a102/135 com.kuaishou.nebula/androidx.work.impl.background.systemjob.SystemJobService
03-03 05:24:23.109 1501 1501 I JobServiceContext: Client timed out while executing (no jobFinished received). Sending onStop: b3ff1f4 #u0a115/132 com.smile.gifmaker/androidx.work.impl.background.systemjob.SystemJobService
03-03 05:24:34.917 1501 1600 W ActivityManager: Stopping service due to app idle: u0a115 -2h31m12s82ms com.smile.gifmaker/com.kwai.chat.kwailink.service.NewKwaiLinkService
03-03 05:30:11.681 1501 1907 I GameModeConfig: isGameModeOn = false
03-03 05:30:11.681 1501 1907 I GameModeConfig: isGameModeOn = false
03-03 05:30:11.681 1501 1907 I GameModeConfig: isGameModeOn = false
03-03 05:30:11.681 1501 1907 I GameModeConfig: isGameModeOn = false
03-03 05:30:11.887 1501 1501 I GameModeConfig: isGameModeOn = false
03-03 05:30:11.895 1501 1501 W NotificationHistory: Attempted to add notif for locked/gone/disabled user 0
03-03 05:30:21.929 1501 1907 I GameModeConfig: isGameModeOn = false
03-03 05:33:12.661 1501 1598 I UsageStatsService: User[0] Flushing usage stats to disk
03-03 05:34:20.043 1501 1501 I JobServiceContext: Letting dff07d2 #u0a102/139 com.kuaishou.nebula/androidx.work.impl.background.systemjob.SystemJobService continue to run past min execution time
03-03 05:34:23.130 1501 1501 I JobServiceContext: Letting eb483ff #u0a115/135 com.smile.gifmaker/androidx.work.impl.background.systemjob.SystemJobService continue to run past min execution time
03-03 05:34:34.895 1501 1600 W ActivityManager: Stopping service due to app idle: u0a115 -2h41m12s60ms com.smile.gifmaker/com.kwai.chat.kwailink.service.NewKwaiLinkService
03-03 05:43:12.993 1501 1733 D ActivityManager: freezing 10426 com.qti.diagservices
03-03 05:43:12.993 1501 1733 E ActivityManager: Unable to freeze binder for 10426 com.qti.diagservices
03-03 05:43:12.994 1501 1733 D ActivityManager: froze 10426 com.qti.diagservices
03-03 05:43:12.995 1501 1733 E ActivityManager: Unable to freeze binder for 10426 com.qti.diagservices
03-03 05:43:12.996 1501 1733 I ActivityManager: Killing 10426:com.qti.diagservices/1000 (adj 925): Unable to freeze binder interface
03-03 05:43:13.022 1501 6081 W ActivityManager: Scheduling restart of crashed service com.qti.diagservices/.QTIDiagServices in 1000ms for start-requested
03-03 05:43:14.026 1501 1600 D CompatibilityChangeReporter: Compat change id reported: 135634846; UID 1000; state: DISABLED
03-03 05:43:14.026 1501 1600 D CompatibilityChangeReporter: Compat change id reported: 177438394; UID 1000; state: DISABLED
03-03 05:43:14.027 1501 1600 D CompatibilityChangeReporter: Compat change id reported: 135772972; UID 1000; state: DISABLED
03-03 05:43:14.027 1501 1600 D CompatibilityChangeReporter: Compat change id reported: 135754954; UID 1000; state: ENABLED
03-03 05:43:14.051 1501 1601 I ActivityManager: Start proc 11645:com.qti.diagservices/1000 for service {com.qti.diagservices/com.qti.diagservices.QTIDiagServices}
03-03 05:44:34.936 1501 1600 W ActivityManager: Stopping service due to app idle: u0a115 -2h51m12s101ms com.smile.gifmaker/com.kwai.chat.kwailink.service.NewKwaiLinkService
03-03 05:53:03.069 1501 1621 W BatteryExternalStatsWorker: error reading modem stats:ERROR_PHONE_NOT_AVAILABLE
03-03 05:53:03.106 1501 1621 E KernelCpuSpeedReader: Failed to read cpu-freq: /sys/devices/system/cpu/cpu4/cpufreq/stats/time_in_state: open failed: ENOENT (No such file or directory)
03-03 05:53:03.107 1501 1621 E KernelCpuSpeedReader: Failed to read cpu-freq: /sys/devices/system/cpu/cpu0/cpufreq/stats/time_in_state: open failed: ENOENT (No such file or directory)
03-03 05:53:11.954 1501 1583 I EntropyMixer: Writing entropy...
03-03 05:53:12.730 1501 1598 I UsageStatsService: User[0] Flushing usage stats to disk
03-03 05:53:24.915 1501 1598 I ProcessStatsService: Pruning old procstats: /data/system/procstats/state-1970-01-01-08-00-10.bin
03-03 05:53:24.958 1501 1598 W ProcessCpuTracker: Failed to stat(/proc/11983): android.system.ErrnoException: stat failed: ENOENT (No such file or directory)
03-03 05:53:24.958 1501 1598 W ProcessCpuTracker: Skipping unknown process pid 11983
03-03 05:53:24.958 1501 1598 W ProcessCpuTracker: Failed to stat(/proc/11984): android.system.ErrnoException: stat failed: ENOENT (No such file or directory)
03-03 05:53:24.958 1501 1598 W ProcessCpuTracker: Skipping unknown process pid 11984
03-03 05:53:24.970 1501 1609 I ActivityManager: Process PhantomProcessRecord {c7dffd3 11987:2190:find/1000} died
03-03 05:53:24.988 1501 1609 I ActivityManager: Process PhantomProcessRecord {5ca6710 11986:2190:sh/1000} died
03-03 05:53:25.131 1501 1609 I ActivityManager: Process PhantomProcessRecord {8f4f209 11965:2190:sh/1000} died
03-03 05:54:20.046 1501 1501 I JobServiceContext: Client timed out while executing (no jobFinished received). Sending onStop: dff07d2 #u0a102/139 com.kuaishou.nebula/androidx.work.impl.background.systemjob.SystemJobService
03-03 05:54:23.129 1501 1501 I JobServiceContext: Client timed out while executing (no jobFinished received). Sending onStop: eb483ff #u0a115/135 com.smile.gifmaker/androidx.work.impl.background.systemjob.SystemJobService
03-03 05:54:34.935 1501 1600 W ActivityManager: Stopping service due to app idle: u0a115 -3h1m12s100ms com.smile.gifmaker/com.kwai.chat.kwailink.service.NewKwaiLinkService
03-03 06:04:20.072 1501 1501 I JobServiceContext: Letting 1416f79 #u0a102/140 com.kuaishou.nebula/androidx.work.impl.background.systemjob.SystemJobService continue to run past min execution time
03-03 06:04:23.151 1501 1501 I JobServiceContext: Letting fb52eca #u0a115/136 com.smile.gifmaker/androidx.work.impl.background.systemjob.SystemJobService continue to run past min execution time
03-03 06:04:34.985 1501 1600 W ActivityManager: Stopping service due to app idle: u0a115 -3h11m12s150ms com.smile.gifmaker/com.kwai.chat.kwailink.service.NewKwaiLinkService
03-03 06:13:12.833 1501 1598 I UsageStatsService: User[0] Flushing usage stats to disk
03-03 06:14:34.966 1501 1600 W ActivityManager: Stopping service due to app idle: u0a115 -3h21m12s131ms com.smile.gifmaker/com.kwai.chat.kwailink.service.NewKwaiLinkService
03-03 06:23:03.063 1501 1621 W BatteryExternalStatsWorker: error reading modem stats:ERROR_PHONE_NOT_AVAILABLE
03-03 06:23:03.099 1501 1621 E KernelCpuSpeedReader: Failed to read cpu-freq: /sys/devices/system/cpu/cpu4/cpufreq/stats/time_in_state: open failed: ENOENT (No such file or directory)
03-03 06:23:03.100 1501 1621 E KernelCpuSpeedReader: Failed to read cpu-freq: /sys/devices/system/cpu/cpu0/cpufreq/stats/time_in_state: open failed: ENOENT (No such file or directory)
03-03 06:23:24.963 1501 1733 D ActivityManager: freezing 11645 com.qti.diagservices
03-03 06:23:24.963 1501 1733 E ActivityManager: Unable to freeze binder for 11645 com.qti.diagservices
03-03 06:23:24.964 1501 1733 D ActivityManager: froze 11645 com.qti.diagservices
03-03 06:23:24.965 1501 1733 E ActivityManager: Unable to freeze binder for 11645 com.qti.diagservices
03-03 06:23:24.966 1501 1733 I ActivityManager: Killing 11645:com.qti.diagservices/1000 (adj 925): Unable to freeze binder interface
03-03 06:23:24.985 1501 6053 W ActivityManager: Scheduling restart of crashed service com.qti.diagservices/.QTIDiagServices in 1000ms for start-requested
03-03 06:23:25.989 1501 1600 D CompatibilityChangeReporter: Compat change id reported: 135634846; UID 1000; state: DISABLED
03-03 06:23:25.989 1501 1600 D CompatibilityChangeReporter: Compat change id reported: 177438394; UID 1000; state: DISABLED
03-03 06:23:25.990 1501 1600 D CompatibilityChangeReporter: Compat change id reported: 135772972; UID 1000; state: DISABLED
03-03 06:23:25.990 1501 1600 D CompatibilityChangeReporter: Compat change id reported: 135754954; UID 1000; state: ENABLED
03-03 06:23:26.014 1501 1601 I ActivityManager: Start proc 12929:com.qti.diagservices/1000 for service {com.qti.diagservices/com.qti.diagservices.QTIDiagServices}
03-03 06:24:20.070 1501 1501 I JobServiceContext: Client timed out while executing (no jobFinished received). Sending onStop: 1416f79 #u0a102/140 com.kuaishou.nebula/androidx.work.impl.background.systemjob.SystemJobService
03-03 06:24:23.150 1501 1501 I JobServiceContext: Client timed out while executing (no jobFinished received). Sending onStop: fb52eca #u0a115/136 com.smile.gifmaker/androidx.work.impl.background.systemjob.SystemJobService
03-03 06:24:34.967 1501 1600 W ActivityManager: Stopping service due to app idle: u0a115 -3h31m12s132ms com.smile.gifmaker/com.kwai.chat.kwailink.service.NewKwaiLinkService
03-03 06:33:12.909 1501 1598 I UsageStatsService: User[0] Flushing usage stats to disk
03-03 06:34:20.091 1501 1501 I JobServiceContext: Letting a77030a #u0a102/142 com.kuaishou.nebula/androidx.work.impl.background.systemjob.SystemJobService continue to run past min execution time
03-03 06:34:23.169 1501 1501 I JobServiceContext: Letting c2b2057 #u0a115/138 com.smile.gifmaker/androidx.work.impl.background.systemjob.SystemJobService continue to run past min execution time
03-03 06:34:35.010 1501 1600 W ActivityManager: Stopping service due to app idle: u0a115 -3h41m12s175ms com.smile.gifmaker/com.kwai.chat.kwailink.service.NewKwaiLinkService
03-03 06:44:35.018 1501 1600 W ActivityManager: Stopping service due to app idle: u0a115 -3h51m12s183ms com.smile.gifmaker/com.kwai.chat.kwailink.service.NewKwaiLinkService
03-03 06:53:03.050 1501 1621 W BatteryExternalStatsWorker: error reading modem stats:ERROR_PHONE_NOT_AVAILABLE
03-03 06:53:03.084 1501 1621 E KernelCpuSpeedReader: Failed to read cpu-freq: /sys/devices/system/cpu/cpu4/cpufreq/stats/time_in_state: open failed: ENOENT (No such file or directory)
03-03 06:53:03.084 1501 1621 E KernelCpuSpeedReader: Failed to read cpu-freq: /sys/devices/system/cpu/cpu0/cpufreq/stats/time_in_state: open failed: ENOENT (No such file or directory)
03-03 06:53:12.978 1501 1598 I UsageStatsService: User[0] Flushing usage stats to disk
03-03 06:54:20.088 1501 1501 I JobServiceContext: Client timed out while executing (no jobFinished received). Sending onStop: a77030a #u0a102/142 com.kuaishou.nebula/androidx.work.impl.background.systemjob.SystemJobService
03-03 06:54:23.169 1501 1501 I JobServiceContext: Client timed out while executing (no jobFinished received). Sending onStop: c2b2057 #u0a115/138 com.smile.gifmaker/androidx.work.impl.background.systemjob.SystemJobService
03-03 06:54:35.028 1501 1600 W ActivityManager: Stopping service due to app idle: u0a115 -4h1m12s193ms com.smile.gifmaker/com.kwai.chat.kwailink.service.NewKwaiLinkService
03-03 06:55:22.851 666 13954 W SocketClient: write error (Broken pipe)
03-03 06:55:28.406 666 13993 W SocketClient: write error (Broken pipe)
03-03 07:00:00.014 1501 1501 D ConditionProviders.SCP: onReceive ScheduleConditionProvider.EVALUATE
03-03 07:00:00.022 1501 1501 D ConditionProviders.SCP: evaluateSubscriptionLocked cal=ScheduleCalendar[mDays={1, 2, 3, 4, 5, 6, 7}, mSchedule=ScheduleInfo{days=[1, 2, 3, 4, 5, 6, 7], startHour=22, startMinute=0, endHour=7, endMinute=0, exitAtAlarm=true, nextAlarm=Thu Jan 01 08:00:00 GMT+08:00 1970 (0)}], now=Fri Mar 03 07:00:00 GMT+08:00 2023 (1677798000014), nextUserAlarmTime=Thu Jan 01 08:00:00 GMT+08:00 1970 (0)
03-03 07:00:00.023 1501 1501 D ConditionProviders.SCP: notifyCondition condition://android/schedule?days=1.2.3.4.5.6.7&start=22.0&end=7.0&exitAtAlarm=true STATE_FALSE reason=!meetsSchedule
03-03 07:00:00.024 1501 1501 D ConditionProviders.SCP: Scheduling evaluate for Fri Mar 03 22:00:00 GMT+08:00 2023 (1677852000000), in +14h59m59s986ms, now=Fri Mar 03 07:00:00 GMT+08:00 2023 (1677798000014)
03-03 07:00:00.025 1501 1501 D CompatibilityChangeReporter: Compat change id reported: 171306433; UID 1000; state: ENABLED
03-03 07:00:00.032 1501 1501 I GameModeConfig: isGameModeOn = false
03-03 07:01:47.212 1501 1501 V BackupManagerService: [UserID:0] Scheduling immediate backup pass
03-03 07:01:47.213 1501 1501 W BackupManagerService: [UserID:0] Backup pass but enabled=false setupComplete=true
03-03 07:03:35.072 1501 1733 D ActivityManager: freezing 12929 com.qti.diagservices
03-03 07:03:35.073 1501 1733 E ActivityManager: Unable to freeze binder for 12929 com.qti.diagservices
03-03 07:03:35.074 1501 1733 D ActivityManager: froze 12929 com.qti.diagservices
03-03 07:03:35.074 1501 1733 E ActivityManager: Unable to freeze binder for 12929 com.qti.diagservices
03-03 07:03:35.076 1501 1733 I ActivityManager: Killing 12929:com.qti.diagservices/1000 (adj 915): Unable to freeze binder interface
03-03 07:03:35.102 1501 3160 W ActivityManager: Scheduling restart of crashed service com.qti.diagservices/.QTIDiagServices in 1000ms for start-requested
03-03 07:03:36.105 1501 1600 D CompatibilityChangeReporter: Compat change id reported: 135634846; UID 1000; state: DISABLED
03-03 07:03:36.105 1501 1600 D CompatibilityChangeReporter: Compat change id reported: 177438394; UID 1000; state: DISABLED
03-03 07:03:36.105 1501 1600 D CompatibilityChangeReporter: Compat change id reported: 135772972; UID 1000; state: DISABLED
03-03 07:03:36.106 1501 1600 D CompatibilityChangeReporter: Compat change id reported: 135754954; UID 1000; state: ENABLED
03-03 07:03:36.129 1501 1601 I ActivityManager: Start proc 14275:com.qti.diagservices/1000 for service {com.qti.diagservices/com.qti.diagservices.QTIDiagServices}
03-03 07:04:20.102 1501 1501 I JobServiceContext: Letting 8ef6211 #u0a102/144 com.kuaishou.nebula/androidx.work.impl.background.systemjob.SystemJobService continue to run past min execution time
03-03 07:04:23.198 1501 1501 I JobServiceContext: Letting 344ba05 #u0a115/140 com.smile.gifmaker/androidx.work.impl.background.systemjob.SystemJobService continue to run past min execution time
03-03 07:04:35.042 1501 1600 W ActivityManager: Stopping service due to app idle: u0a115 -4h11m12s207ms com.smile.gifmaker/com.kwai.chat.kwailink.service.NewKwaiLinkService
03-03 07:09:22.247 1501 1907 I GameModeConfig: isGameModeOn = false
03-03 07:09:22.248 1501 1907 I GameModeConfig: isGameModeOn = false
03-03 07:09:22.248 1501 1907 I GameModeConfig: isGameModeOn = false
03-03 07:09:22.248 1501 1907 I GameModeConfig: isGameModeOn = false
03-03 07:09:22.248 1501 1907 I GameModeConfig: isGameModeOn = false
03-03 07:09:22.456 1501 1501 I GameModeConfig: isGameModeOn = false
03-03 07:09:22.464 1501 1501 W NotificationHistory: Attempted to add notif for locked/gone/disabled user 0
03-03 07:09:32.471 1501 1907 I GameModeConfig: isGameModeOn = false
03-03 07:13:13.043 1501 1598 I UsageStatsService: User[0] Flushing usage stats to disk
03-03 07:14:35.050 1501 1600 W ActivityManager: Stopping service due to app idle: u0a115 -4h21m12s214ms com.smile.gifmaker/com.kwai.chat.kwailink.service.NewKwaiLinkService
03-03 07:23:03.105 1501 1621 W BatteryExternalStatsWorker: error reading modem stats:ERROR_PHONE_NOT_AVAILABLE
03-03 07:23:03.126 1501 1621 E KernelCpuSpeedReader: Failed to read cpu-freq: /sys/devices/system/cpu/cpu4/cpufreq/stats/time_in_state: open failed: ENOENT (No such file or directory)
03-03 07:23:03.126 1501 1621 E KernelCpuSpeedReader: Failed to read cpu-freq: /sys/devices/system/cpu/cpu0/cpufreq/stats/time_in_state: open failed: ENOENT (No such file or directory)
03-03 07:24:20.106 1501 1501 I JobServiceContext: Client timed out while executing (no jobFinished received). Sending onStop: 8ef6211 #u0a102/144 com.kuaishou.nebula/androidx.work.impl.background.systemjob.SystemJobService
03-03 07:24:23.197 1501 1501 I JobServiceContext: Client timed out while executing (no jobFinished received). Sending onStop: 344ba05 #u0a115/140 com.smile.gifmaker/androidx.work.impl.background.systemjob.SystemJobService
03-03 07:24:35.075 1501 1600 W ActivityManager: Stopping service due to app idle: u0a115 -4h31m12s240ms com.smile.gifmaker/com.kwai.chat.kwailink.service.NewKwaiLinkService
03-03 07:33:13.109 1501 1598 I UsageStatsService: User[0] Flushing usage stats to disk
03-03 07:34:20.128 1501 1501 I JobServiceContext: Letting 2ee44ee #u0a102/147 com.kuaishou.nebula/androidx.work.impl.background.systemjob.SystemJobService continue to run past min execution time
03-03 07:34:23.214 1501 1501 I JobServiceContext: Letting bd50a08 #u0a115/143 com.smile.gifmaker/androidx.work.impl.background.systemjob.SystemJobService continue to run past min execution time
03-03 07:34:35.065 1501 1600 W ActivityManager: Stopping service due to app idle: u0a115 -4h41m12s230ms com.smile.gifmaker/com.kwai.chat.kwailink.service.NewKwaiLinkService
03-03 07:44:35.093 1501 1600 W ActivityManager: Stopping service due to app idle: u0a115 -4h51m12s257ms com.smile.gifmaker/com.kwai.chat.kwailink.service.NewKwaiLinkService
03-03 07:53:02.997 1501 1733 D ActivityManager: freezing 14275 com.qti.diagservices
03-03 07:53:02.997 1501 1733 E ActivityManager: Unable to freeze binder for 14275 com.qti.diagservices
03-03 07:53:02.999 1501 1733 D ActivityManager: froze 14275 com.qti.diagservices
03-03 07:53:02.999 1501 1733 E ActivityManager: Unable to freeze binder for 14275 com.qti.diagservices
03-03 07:53:03.002 1501 1733 I ActivityManager: Killing 14275:com.qti.diagservices/1000 (adj 915): Unable to freeze binder interface
03-03 07:53:03.027 1501 2074 W ActivityManager: Scheduling restart of crashed service com.qti.diagservices/.QTIDiagServices in 1000ms for start-requested
03-03 07:53:03.162 1501 1621 W BatteryExternalStatsWorker: error reading modem stats:ERROR_PHONE_NOT_AVAILABLE
03-03 07:53:03.192 1501 1621 E KernelCpuSpeedReader: Failed to read cpu-freq: /sys/devices/system/cpu/cpu4/cpufreq/stats/time_in_state: open failed: ENOENT (No such file or directory)
03-03 07:53:03.192 1501 1621 E KernelCpuSpeedReader: Failed to read cpu-freq: /sys/devices/system/cpu/cpu0/cpufreq/stats/time_in_state: open failed: ENOENT (No such file or directory)
03-03 07:53:04.032 1501 1600 D CompatibilityChangeReporter: Compat change id reported: 135634846; UID 1000; state: DISABLED
03-03 07:53:04.032 1501 1600 D CompatibilityChangeReporter: Compat change id reported: 177438394; UID 1000; state: DISABLED
03-03 07:53:04.033 1501 1600 D CompatibilityChangeReporter: Compat change id reported: 135772972; UID 1000; state: DISABLED
03-03 07:53:04.033 1501 1600 D CompatibilityChangeReporter: Compat change id reported: 135754954; UID 1000; state: ENABLED
03-03 07:53:04.059 1501 1601 I ActivityManager: Start proc 15834:com.qti.diagservices/1000 for service {com.qti.diagservices/com.qti.diagservices.QTIDiagServices}
03-03 07:53:13.175 1501 1598 I UsageStatsService: User[0] Flushing usage stats to disk
03-03 07:54:20.126 1501 1501 I JobServiceContext: Client timed out while executing (no jobFinished received). Sending onStop: 2ee44ee #u0a102/147 com.kuaishou.nebula/androidx.work.impl.background.systemjob.SystemJobService
03-03 07:54:23.215 1501 1501 I JobServiceContext: Client timed out while executing (no jobFinished received). Sending onStop: bd50a08 #u0a115/143 com.smile.gifmaker/androidx.work.impl.background.systemjob.SystemJobService
03-03 07:54:35.111 1501 1600 W ActivityManager: Stopping service due to app idle: u0a115 -5h1m12s276ms com.smile.gifmaker/com.kwai.chat.kwailink.service.NewKwaiLinkService
03-03 08:04:20.145 1501 1501 I JobServiceContext: Letting 7ae701d #u0a102/148 com.kuaishou.nebula/androidx.work.impl.background.systemjob.SystemJobService continue to run past min execution time
03-03 08:04:23.234 1501 1501 I JobServiceContext: Letting 30075de #u0a115/144 com.smile.gifmaker/androidx.work.impl.background.systemjob.SystemJobService continue to run past min execution time
03-03 08:04:35.139 1501 1600 W ActivityManager: Stopping service due to app idle: u0a115 -5h11m12s304ms com.smile.gifmaker/com.kwai.chat.kwailink.service.NewKwaiLinkService
03-03 08:13:13.242 1501 1598 I UsageStatsService: User[0] Flushing usage stats to disk
03-03 08:14:35.088 1501 1600 W ActivityManager: Stopping service due to app idle: u0a115 -5h21m12s253ms com.smile.gifmaker/com.kwai.chat.kwailink.service.NewKwaiLinkService
03-03 08:23:03.173 1501 1621 W BatteryExternalStatsWorker: error reading modem stats:ERROR_PHONE_NOT_AVAILABLE
03-03 08:23:03.209 1501 1621 E KernelCpuSpeedReader: Failed to read cpu-freq: /sys/devices/system/cpu/cpu4/cpufreq/stats/time_in_state: open failed: ENOENT (No such file or directory)
03-03 08:23:03.210 1501 1621 E KernelCpuSpeedReader: Failed to read cpu-freq: /sys/devices/system/cpu/cpu0/cpufreq/stats/time_in_state: open failed: ENOENT (No such file or directory)
03-03 08:24:20.145 1501 1501 I JobServiceContext: Client timed out while executing (no jobFinished received). Sending onStop: 7ae701d #u0a102/148 com.kuaishou.nebula/androidx.work.impl.background.systemjob.SystemJobService
03-03 08:24:23.233 1501 1501 I JobServiceContext: Client timed out while executing (no jobFinished received). Sending onStop: 30075de #u0a115/144 com.smile.gifmaker/androidx.work.impl.background.systemjob.SystemJobService
03-03 08:24:35.112 1501 1600 W ActivityManager: Stopping service due to app idle: u0a115 -5h31m12s276ms com.smile.gifmaker/com.kwai.chat.kwailink.service.NewKwaiLinkService
03-03 08:33:12.971 1501 1733 D ActivityManager: freezing 15834 com.qti.diagservices
03-03 08:33:12.971 1501 1733 E ActivityManager: Unable to freeze binder for 15834 com.qti.diagservices
03-03 08:33:12.973 1501 1733 D ActivityManager: froze 15834 com.qti.diagservices
03-03 08:33:12.974 1501 1733 E ActivityManager: Unable to freeze binder for 15834 com.qti.diagservices
03-03 08:33:12.976 1501 1733 I ActivityManager: Killing 15834:com.qti.diagservices/1000 (adj 925): Unable to freeze binder interface
03-03 08:33:13.001 1501 6081 W ActivityManager: Scheduling restart of crashed service com.qti.diagservices/.QTIDiagServices in 1000ms for start-requested
03-03 08:33:13.307 1501 1598 I UsageStatsService: User[0] Flushing usage stats to disk
03-03 08:33:14.006 1501 1600 D CompatibilityChangeReporter: Compat change id reported: 135634846; UID 1000; state: DISABLED
03-03 08:33:14.006 1501 1600 D CompatibilityChangeReporter: Compat change id reported: 177438394; UID 1000; state: DISABLED
03-03 08:33:14.007 1501 1600 D CompatibilityChangeReporter: Compat change id reported: 135772972; UID 1000; state: DISABLED
03-03 08:33:14.007 1501 1600 D CompatibilityChangeReporter: Compat change id reported: 135754954; UID 1000; state: ENABLED
03-03 08:33:14.032 1501 1601 I ActivityManager: Start proc 17138:com.qti.diagservices/1000 for service {com.qti.diagservices/com.qti.diagservices.QTIDiagServices}
03-03 08:34:20.165 1501 1501 I JobServiceContext: Letting b8f84cc #u0a102/150 com.kuaishou.nebula/androidx.work.impl.background.systemjob.SystemJobService continue to run past min execution time
03-03 08:34:23.252 1501 1501 I JobServiceContext: Letting a289af6 #u0a115/146 com.smile.gifmaker/androidx.work.impl.background.systemjob.SystemJobService continue to run past min execution time
03-03 08:34:35.173 1501 1600 W ActivityManager: Stopping service due to app idle: u0a115 -5h41m12s338ms com.smile.gifmaker/com.kwai.chat.kwailink.service.NewKwaiLinkService
03-03 08:44:35.179 1501 1600 W ActivityManager: Stopping service due to app idle: u0a115 -5h51m12s344ms com.smile.gifmaker/com.kwai.chat.kwailink.service.NewKwaiLinkService
03-03 08:53:03.229 1501 1621 W BatteryExternalStatsWorker: error reading modem stats:ERROR_PHONE_NOT_AVAILABLE
03-03 08:53:03.255 1501 1621 E KernelCpuSpeedReader: Failed to read cpu-freq: /sys/devices/system/cpu/cpu4/cpufreq/stats/time_in_state: open failed: ENOENT (No such file or directory)
03-03 08:53:03.255 1501 1621 E KernelCpuSpeedReader: Failed to read cpu-freq: /sys/devices/system/cpu/cpu0/cpufreq/stats/time_in_state: open failed: ENOENT (No such file or directory)
03-03 08:53:11.974 1501 1583 I EntropyMixer: Writing entropy...
03-03 08:53:12.666 1501 1600 D CompatibilityChangeReporter: Compat change id reported: 135634846; UID 10024; state: DISABLED
03-03 08:53:12.667 1501 1600 D CompatibilityChangeReporter: Compat change id reported: 177438394; UID 10024; state: DISABLED
03-03 08:53:12.667 1501 1600 D CompatibilityChangeReporter: Compat change id reported: 135772972; UID 10024; state: DISABLED
03-03 08:53:12.667 1501 1600 D CompatibilityChangeReporter: Compat change id reported: 135754954; UID 10024; state: ENABLED
03-03 08:53:12.667 1501 1601 D CompatibilityChangeReporter: Compat change id reported: 143937733; UID 10024; state: ENABLED
03-03 08:53:12.691 1501 1601 I ActivityManager: Start proc 17748:com.android.providers.calendar/u0a24 for broadcast {com.android.providers.calendar/com.android.providers.calendar.CalendarProviderBroadcastReceiver}
03-03 08:53:12.786 1501 1534 D CompatibilityChangeReporter: Compat change id reported: 143231523; UID 10024; state: DISABLED
03-03 08:53:13.375 1501 1598 I UsageStatsService: User[0] Flushing usage stats to disk
03-03 08:53:25.505 1501 1598 I ProcessStatsService: Pruning old procstats: /data/system/procstats/state-2023-03-03-05-53-24.bin
03-03 08:54:20.163 1501 1501 I JobServiceContext: Client timed out while executing (no jobFinished received). Sending onStop: b8f84cc #u0a102/150 com.kuaishou.nebula/androidx.work.impl.background.systemjob.SystemJobService
03-03 08:54:23.249 1501 1501 I JobServiceContext: Client timed out while executing (no jobFinished received). Sending onStop: a289af6 #u0a115/146 com.smile.gifmaker/androidx.work.impl.background.systemjob.SystemJobService
03-03 08:54:35.175 1501 1600 W ActivityManager: Stopping service due to app idle: u0a115 -6h1m12s339ms com.smile.gifmaker/com.kwai.chat.kwailink.service.NewKwaiLinkService
03-03 08:56:23.222 666 17924 W SocketClient: write error (Broken pipe)
03-03 08:56:28.418 666 17963 W SocketClient: write error (Broken pipe)
03-03 09:03:12.816 1501 1733 D ActivityManager: freezing 17748 com.android.providers.calendar
03-03 09:03:12.816 1501 1733 E ActivityManager: Unable to freeze binder for 17748 com.android.providers.calendar
03-03 09:03:12.817 1501 1733 D ActivityManager: froze 17748 com.android.providers.calendar
03-03 09:03:12.818 1501 1733 E ActivityManager: Unable to freeze binder for 17748 com.android.providers.calendar
03-03 09:03:12.821 1501 1733 I ActivityManager: Killing 17748:com.android.providers.calendar/u0a24 (adj 915): Unable to freeze binder interface
03-03 09:04:20.176 1501 1501 I JobServiceContext: Letting 324df9c #u0a102/152 com.kuaishou.nebula/androidx.work.impl.background.systemjob.SystemJobService continue to run past min execution time
03-03 09:04:23.279 1501 1501 I JobServiceContext: Letting 9bcd1a0 #u0a115/148 com.smile.gifmaker/androidx.work.impl.background.systemjob.SystemJobService continue to run past min execution time
03-03 09:04:35.162 1501 1600 W ActivityManager: Stopping service due to app idle: u0a115 -6h11m12s327ms com.smile.gifmaker/com.kwai.chat.kwailink.service.NewKwaiLinkService
03-03 09:13:13.446 1501 1598 I UsageStatsService: User[0] Flushing usage stats to disk
03-03 09:13:25.167 1501 1733 D ActivityManager: freezing 17138 com.qti.diagservices
03-03 09:13:25.167 1501 1733 E ActivityManager: Unable to freeze binder for 17138 com.qti.diagservices
03-03 09:13:25.168 1501 1733 D ActivityManager: froze 17138 com.qti.diagservices
03-03 09:13:25.168 1501 1733 E ActivityManager: Unable to freeze binder for 17138 com.qti.diagservices
03-03 09:13:25.170 1501 1733 I ActivityManager: Killing 17138:com.qti.diagservices/1000 (adj 925): Unable to freeze binder interface
03-03 09:13:25.197 1501 3160 W ActivityManager: Scheduling restart of crashed service com.qti.diagservices/.QTIDiagServices in 1000ms for start-requested
03-03 09:13:26.201 1501 1600 D CompatibilityChangeReporter: Compat change id reported: 135634846; UID 1000; state: DISABLED
03-03 09:13:26.201 1501 1600 D CompatibilityChangeReporter: Compat change id reported: 177438394; UID 1000; state: DISABLED
03-03 09:13:26.201 1501 1600 D CompatibilityChangeReporter: Compat change id reported: 135772972; UID 1000; state: DISABLED
03-03 09:13:26.201 1501 1600 D CompatibilityChangeReporter: Compat change id reported: 135754954; UID 1000; state: ENABLED
03-03 09:13:26.224 1501 1601 I ActivityManager: Start proc 18494:com.qti.diagservices/1000 for service {com.qti.diagservices/com.qti.diagservices.QTIDiagServices}
03-03 09:14:35.218 1501 1600 W ActivityManager: Stopping service due to app idle: u0a115 -6h21m12s383ms com.smile.gifmaker/com.kwai.chat.kwailink.service.NewKwaiLinkService
03-03 09:23:03.289 1501 1621 W BatteryExternalStatsWorker: error reading modem stats:ERROR_PHONE_NOT_AVAILABLE
03-03 09:23:03.318 1501 1621 E KernelCpuSpeedReader: Failed to read cpu-freq: /sys/devices/system/cpu/cpu4/cpufreq/stats/time_in_state: open failed: ENOENT (No such file or directory)
03-03 09:23:03.318 1501 1621 E KernelCpuSpeedReader: Failed to read cpu-freq: /sys/devices/system/cpu/cpu0/cpufreq/stats/time_in_state: open failed: ENOENT (No such file or directory)
03-03 09:24:20.179 1501 1501 I JobServiceContext: Client timed out while executing (no jobFinished received). Sending onStop: 324df9c #u0a102/152 com.kuaishou.nebula/androidx.work.impl.background.systemjob.SystemJobService
03-03 09:24:23.279 1501 1501 I JobServiceContext: Client timed out while executing (no jobFinished received). Sending onStop: 9bcd1a0 #u0a115/148 com.smile.gifmaker/androidx.work.impl.background.systemjob.SystemJobService
03-03 09:24:35.242 1501 1600 W ActivityManager: Stopping service due to app idle: u0a115 -6h31m12s407ms com.smile.gifmaker/com.kwai.chat.kwailink.service.NewKwaiLinkService
03-03 09:33:13.516 1501 1598 I UsageStatsService: User[0] Flushing usage stats to disk
03-03 09:34:20.200 1501 1501 I JobServiceContext: Letting 6b427c2 #u0a102/155 com.kuaishou.nebula/androidx.work.impl.background.systemjob.SystemJobService continue to run past min execution time
03-03 09:34:23.301 1501 1501 I JobServiceContext: Letting 8c8a02f #u0a115/151 com.smile.gifmaker/androidx.work.impl.background.systemjob.SystemJobService continue to run past min execution time
03-03 09:34:35.240 1501 1600 W ActivityManager: Stopping service due to app idle: u0a115 -6h41m12s404ms com.smile.gifmaker/com.kwai.chat.kwailink.service.NewKwaiLinkService
03-03 09:44:35.259 1501 1600 W ActivityManager: Stopping service due to app idle: u0a115 -6h51m12s424ms com.smile.gifmaker/com.kwai.chat.kwailink.service.NewKwaiLinkService
03-03 09:53:03.308 1501 1621 W BatteryExternalStatsWorker: error reading modem stats:ERROR_PHONE_NOT_AVAILABLE
03-03 09:53:03.340 1501 1621 E KernelCpuSpeedReader: Failed to read cpu-freq: /sys/devices/system/cpu/cpu4/cpufreq/stats/time_in_state: open failed: ENOENT (No such file or directory)
03-03 09:53:03.341 1501 1621 E KernelCpuSpeedReader: Failed to read cpu-freq: /sys/devices/system/cpu/cpu0/cpufreq/stats/time_in_state: open failed: ENOENT (No such file or directory)
03-03 09:53:13.580 1501 1598 I UsageStatsService: User[0] Flushing usage stats to disk
03-03 09:53:35.345 1501 1733 D ActivityManager: freezing 18494 com.qti.diagservices
03-03 09:53:35.346 1501 1733 E ActivityManager: Unable to freeze binder for 18494 com.qti.diagservices
03-03 09:53:35.347 1501 1733 D ActivityManager: froze 18494 com.qti.diagservices
03-03 09:53:35.347 1501 1733 E ActivityManager: Unable to freeze binder for 18494 com.qti.diagservices
03-03 09:53:35.349 1501 1733 I ActivityManager: Killing 18494:com.qti.diagservices/1000 (adj 915): Unable to freeze binder interface
03-03 09:53:35.375 1501 2984 W ActivityManager: Scheduling restart of crashed service com.qti.diagservices/.QTIDiagServices in 1000ms for start-requested
03-03 09:53:36.378 1501 1600 D CompatibilityChangeReporter: Compat change id reported: 135634846; UID 1000; state: DISABLED
03-03 09:53:36.379 1501 1600 D CompatibilityChangeReporter: Compat change id reported: 177438394; UID 1000; state: DISABLED
