03-03 02:53:14.830 1501 2131 I ActivityManager: Process com.qualcomm.qti.devicestatisticsservice (pid 2351) has died: pers PER
03-03 02:53:14.832 1501 2131 W ActivityManager: Scheduling restart of crashed service com.qualcomm.qti.devicestatisticsservice/.DeviceStatisticsService in 0ms for persistent
03-03 02:53:14.832 1501 2131 W ActivityManager: Re-adding persistent process ProcessRecord{f668163 2351:com.qualcomm.qti.devicestatisticsservice/u0a61}
03-03 02:53:14.832 1501 2131 D CompatibilityChangeReporter: Compat change id reported: 135634846; UID 10061; state: DISABLED
03-03 02:53:14.832 1501 2131 D CompatibilityChangeReporter: Compat change id reported: 177438394; UID 10061; state: DISABLED
03-03 02:53:14.832 1501 2131 D CompatibilityChangeReporter: Compat change id reported: 135772972; UID 10061; state: DISABLED
03-03 02:53:14.832 1501 2131 D CompatibilityChangeReporter: Compat change id reported: 135754954; UID 10061; state: ENABLED
03-03 02:53:14.832 1501 1601 D CompatibilityChangeReporter: Compat change id reported: 143937733; UID 10061; state: ENABLED
03-03 02:53:14.834 1501 1501 D BluetoothManagerService: Bluetooth Adapter name changed to 高合娱乐副屏 by android
03-03 02:53:14.834 1501 1501 D BluetoothManagerService: Stored Bluetooth name: 高合娱乐副屏
03-03 02:53:14.836 1501 2852 D TelephonyRegistry: listen oscl: mHasNotifySubscriptionInfoChangedOccurred==false no callback
03-03 02:53:14.839 1501 1601 I ActivityManager: Start proc 3117:com.qualcomm.qti.devicestatisticsservice/u0a61 for restart com.qualcomm.qti.devicestatisticsservice
03-03 02:53:14.840 1501 1501 D BluetoothManagerService: Bluetooth Adapter address changed to F0:74:E4:3A:18:A7
03-03 02:53:14.840 1501 1501 D BluetoothManagerService: Stored Bluetoothaddress: F0:74:E4:3A:18:A7
03-03 02:53:14.842 1501 2131 D CompatibilityChangeReporter: Compat change id reported: 135634846; UID 1000; state: DISABLED
03-03 02:53:14.842 1501 2131 D CompatibilityChangeReporter: Compat change id reported: 177438394; UID 1000; state: DISABLED
03-03 02:53:14.842 1501 2131 D CompatibilityChangeReporter: Compat change id reported: 135772972; UID 1000; state: DISABLED
03-03 02:53:14.842 1501 2131 D CompatibilityChangeReporter: Compat change id reported: 135754954; UID 1000; state: ENABLED
03-03 02:53:14.853 1501 1583 D BluetoothManagerService: MESSAGE_BLUETOOTH_STATE_CHANGE: BLE_TURNING_ON > BLE_ON
03-03 02:53:14.853 1501 1583 D BluetoothManagerService: Bluetooth is in LE only mode
03-03 02:53:14.853 1501 1583 D BluetoothManagerService: Binding Bluetooth GATT service
03-03 02:53:14.855 1501 1601 I ActivityManager: Start proc 3126:com.qti.diagservices/1000 for broadcast {com.qti.diagservices/com.qti.diagservices.Diag_OnBoot}
03-03 02:53:14.855 1501 1583 D BluetoothManagerService: Sending BLE State Change: BLE_TURNING_ON > BLE_ON
03-03 02:53:14.856 1501 1501 D CompanionDeviceManagerService: Received BT state transition broadcast: BLE_TURNING_ON -> BLE_ON
03-03 02:53:14.856 1501 1501 I CompanionDeviceManagerService: startBleScan()
03-03 02:53:14.856 1501 1501 D BluetoothManagerService: BluetoothServiceConnection: com.android.bluetooth.gatt.GattService
03-03 02:53:14.857 1501 1583 D BluetoothManagerService: MESSAGE_BLUETOOTH_SERVICE_CONNECTED: 2
03-03 02:53:14.857 1501 1583 D BluetoothManagerService: continueFromBleOnState()
03-03 02:53:14.859 1501 1583 D BluetoothManagerService: Persisting Bluetooth Setting: 1
03-03 02:53:14.859 1501 1583 D BluetoothManagerService: MESSAGE_BLUETOOTH_STATE_CHANGE: BLE_ON > TURNING_ON
03-03 02:53:14.859 1501 1583 D BluetoothManagerService: Sending BLE State Change: BLE_ON > TURNING_ON
03-03 02:53:14.860 1501 1583 D BluetoothManagerService: Sending State Change: OFF > TURNING_ON
03-03 02:53:14.860 1501 1501 D CompanionDeviceManagerService: Received BT state transition broadcast: BLE_ON -> TURNING_ON
03-03 02:53:14.876 1501 1907 I GameModeConfig: isGameModeOn = false
03-03 02:53:14.877 1501 1907 I GameModeConfig: isGameModeOn = false
03-03 02:53:14.878 1501 1907 I GameModeConfig: isGameModeOn = false
03-03 02:53:14.878 1501 1907 I GameModeConfig: isGameModeOn = false
03-03 02:53:14.878 1501 1907 I GameModeConfig: isGameModeOn = false
03-03 02:53:14.878 1501 1907 I GameModeConfig: isGameModeOn = false
03-03 02:53:14.903 1501 3160 D TelephonyRegistry: listen oscl: mHasNotifySubscriptionInfoChangedOccurred==false no callback
03-03 02:53:14.934 3126 3126 W ContextImpl: Calling a method in the system process without a qualified user: android.app.ContextImpl.startService:1816 android.content.ContextWrapper.startService:774 android.content.ContextWrapper.startService:774 com.qti.diagservices.Diag_OnBoot.onReceive:40 android.app.ActivityThread.handleReceiver:4309
03-03 02:53:14.937 1501 1907 I GameModeConfig: isGameModeOn = false
03-03 02:53:14.937 1501 1907 I GameModeConfig: isGameModeOn = false
03-03 02:53:14.937 1501 1907 I GameModeConfig: isGameModeOn = false
03-03 02:53:14.979 1501 1585 W ActivityTaskManager: Can't find TaskDisplayArea to determine support for multi window. Task id=1 attached=false
03-03 02:53:14.980 1501 1585 W ActivityTaskManager: Can't find TaskDisplayArea to determine support for multi window. Task id=1 attached=false
03-03 02:53:14.987 1501 1501 D Fingerprint21: handleError, client: FingerprintInternalCleanupClient, error: 2, vendorCode: 0
03-03 02:53:14.987 1501 1501 E Fingerprint21: onError for non-error consumer: FingerprintInternalCleanupClient
03-03 02:53:15.008 1501 1501 I Telecom : BluetoothDeviceManager: Got BluetoothHearingAid: android.bluetooth.BluetoothHearingAid@20bdd68: BMSL.oSC@AAk
03-03 02:53:15.012 1501 1533 D CompatibilityChangeReporter: Compat change id reported: 135634846; UID 10029; state: DISABLED
03-03 02:53:15.012 1501 1533 D CompatibilityChangeReporter: Compat change id reported: 177438394; UID 10029; state: DISABLED
03-03 02:53:15.012 1501 1533 D CompatibilityChangeReporter: Compat change id reported: 135772972; UID 10029; state: DISABLED
03-03 02:53:15.012 1501 1583 D BluetoothManagerService: MESSAGE_BLUETOOTH_STATE_CHANGE: TURNING_ON > ON
03-03 02:53:15.012 1501 1583 D BluetoothManagerService: Broadcasting onBluetoothStateChange(true) to 10 receivers.
03-03 02:53:15.012 1501 1533 D CompatibilityChangeReporter: Compat change id reported: 135754954; UID 10029; state: ENABLED
03-03 02:53:15.012 1501 1583 D BluetoothManagerService: Creating new ProfileServiceConnections object for profile: 1
03-03 02:53:15.012 1501 1601 D CompatibilityChangeReporter: Compat change id reported: 143937733; UID 10029; state: ENABLED
03-03 02:53:15.017 1501 1583 W BluetoothManagerService: psc is not null in bindBluetoothProfileService
03-03 02:53:15.017 1501 1583 D BluetoothManagerService: Sending BLE State Change: TURNING_ON > ON
03-03 02:53:15.017 1501 1583 D BluetoothManagerService: Sending State Change: TURNING_ON > ON
03-03 02:53:15.017 1501 1501 D CompanionDeviceManagerService: Received BT state transition broadcast: TURNING_ON -> ON
03-03 02:53:15.019 1501 1501 I CompanionDeviceManagerService: startBleScan()
03-03 02:53:15.019 1501 1601 I ActivityManager: Start proc 3191:android.process.acore/u0a29 for content provider {com.android.providers.contacts/com.android.providers.contacts.ContactsProvider2}
03-03 02:53:15.030 1501 2852 D CompatibilityChangeReporter: Compat change id reported: 168419799; UID 10029; state: DISABLED
03-03 02:53:15.068 1501 2131 D CountryDetector: The first listener is added
03-03 02:53:15.657 519 560 I vold : Bind mounting /mnt/runtime/default/emulated/0/Android/data on /mnt/user/0/emulated/0/Android/data
03-03 02:53:15.661 519 560 I vold : Bind mounted /mnt/runtime/default/emulated/0/Android/data on /mnt/user/0/emulated/0/Android/data
03-03 02:53:15.661 519 560 I vold : Bind mounting /mnt/runtime/default/emulated/0/Android/obb on /mnt/user/0/emulated/0/Android/obb
03-03 02:53:15.663 519 560 I vold : Bind mounted /mnt/runtime/default/emulated/0/Android/obb on /mnt/user/0/emulated/0/Android/obb
03-03 02:53:15.663 519 560 I vold : Bind mounting /mnt/runtime/write/emulated/0/Android/obb on /mnt/installer/0/emulated/0/Android/obb
03-03 02:53:15.665 519 560 I vold : Bind mounted /mnt/runtime/write/emulated/0/Android/obb on /mnt/installer/0/emulated/0/Android/obb
03-03 02:53:15.665 519 560 I vold : Configuring read_ahead of /mnt/user/0/emulated fuse filesystem to 256kb
03-03 02:53:15.666 519 560 I vold : Writing 256 to /sys/class/bdi/0:84/read_ahead_kb
03-03 02:53:15.666 519 560 I vold : Configuring max_ratio of /mnt/user/0/emulated fuse filesystem to 40
03-03 02:53:15.666 519 560 I vold : Writing 40 to /sys/class/bdi/0:84/max_ratio
03-03 02:53:15.667 1501 1800 I StorageManagerService: Mounted volume VolumeInfo{emulated;0}:
03-03 02:53:15.667 1501 1800 I StorageManagerService: type=EMULATED diskId=null partGuid= mountFlags=PRIMARY|VISIBLE
03-03 02:53:15.667 1501 1800 I StorageManagerService: mountUserId=0 state=CHECKING
03-03 02:53:15.667 1501 1800 I StorageManagerService: fsType=null fsUuid=null fsLabel=null
03-03 02:53:15.667 1501 1800 I StorageManagerService: path=/storage/emulated internalPath=/data/media
03-03 02:53:15.669 1501 1800 I StorageSessionController: Notifying volume state changed for session with id: emulated;0
03-03 02:53:15.680 1501 1800 I StorageSessionController: Notifying volume state changed for session with id: emulated;0
03-03 02:53:15.694 1501 1800 I StorageSessionController: Notifying volume state changed for session with id: emulated;0
03-03 02:53:15.701 1501 1534 D CompatibilityChangeReporter: Compat change id reported: 168419799; UID 10091; state: DISABLED
03-03 02:53:15.707 1501 1800 D StorageManagerService: Volume emulated;0 broadcasting mounted to UserHandle{0}
03-03 02:53:15.708 1501 1800 D StorageManagerService: Volume emulated;0 broadcasting mounted to UserHandle{0}
03-03 02:53:15.742 1501 1534 D CompatibilityChangeReporter: Compat change id reported: 149924527; UID 10091; state: ENABLED
03-03 02:53:15.743 1501 1534 D CompatibilityChangeReporter: Compat change id reported: 132649864; UID 10091; state: DISABLED
03-03 02:53:15.743 1501 1534 D CompatibilityChangeReporter: Compat change id reported: 182734110; UID 10091; state: DISABLED
03-03 02:53:15.870 1501 1534 D CompatibilityChangeReporter: Compat change id reported: 172100307; UID 10091; state: DISABLED
03-03 02:53:16.609 818 818 I android.hardware.wifi@1.0-service: Wifi HAL started
03-03 02:53:16.624 818 818 I android.hardware.wifi@1.0-service: Adding interface handle for wlan0
03-03 02:53:16.624 818 818 I android.hardware.wifi@1.0-service: Adding interface handle for wifi-aware0
03-03 02:53:16.624 818 818 I android.hardware.wifi@1.0-service: Adding interface handle for p2p0
03-03 02:53:16.624 818 818 W android.hardware.wifi@1.0-service: No active wlan interfaces in use! Using default
03-03 02:53:16.624 818 818 W android.hardware.wifi@1.0-service: No active wlan interfaces in use! Using default
03-03 02:53:16.625 818 818 I android.hardware.wifi@1.0-service: Configured chip in mode 3
03-03 02:53:16.625 818 818 W android.hardware.wifi@1.0-service: No active wlan interfaces in use! Using default
03-03 02:53:16.643 1202 1202 I wificond: createClientInterface: wiphy_index 0 iface_name wlan0
03-03 02:53:16.646 1202 1202 I wificond: create scanner for interface with index: 17
03-03 02:53:16.646 1202 1202 I wificond: subscribe scan result for interface with index: 17
03-03 02:53:16.648 1501 1962 D CompatibilityChangeReporter: Compat change id reported: 171306433; UID 1000; state: ENABLED
03-03 02:53:16.648 1202 1202 I wificond: add channel type 0 support at wiphy index: 0
03-03 02:53:16.648 1202 1202 I wificond: add channel type 1 support at wiphy index: 0
03-03 02:53:17.228 1501 1584 D ColorDisplayService: NightDisplayTintController Animation cancelled: false to matrix:
03-03 02:53:17.228 1501 1584 D ColorDisplayService: 1.000000 0.000000 0.000000 0.000000 0.000000 1.000000 0.000000 0.000000 0.000000 0.000000 1.000000 0.000000 0.000000 0.000000 0.000000 1.000000 min matrix coefficients:
03-03 02:53:17.228 1501 1584 D ColorDisplayService: 1.000000 0.000000 0.000000 0.000000 0.000000 1.000000 0.000000 0.000000 0.000000 0.000000 1.000000 0.000000 0.000000 0.000000 0.000000 1.000000 max matrix coefficients:
03-03 02:53:17.228 1501 1584 D ColorDisplayService: 1.000000 0.000000 0.000000 0.000000 0.000000 1.000000 0.000000 0.000000 0.000000 0.000000 1.000000 0.000000 0.000000 0.000000 0.000000 1.000000
03-03 02:53:17.383 1501 1621 W BatteryExternalStatsWorker: error reading modem stats:ERROR_PHONE_NOT_AVAILABLE
03-03 02:53:17.388 1501 1501 W Looper : Slow dispatch took 447ms main h=android.app.ActivityThread$H c=android.app.LoadedApk$ReceiverDispatcher$Args$$ExternalSyntheticLambda0@23cdfaf m=0
03-03 02:53:17.388 1501 1501 W Looper : Slow delivery took 450ms main h=android.app.ActivityThread$H c=android.app.LoadedApk$ReceiverDispatcher$Args$$ExternalSyntheticLambda0@6cbfbc m=0
03-03 02:53:17.396 1501 1501 I Telecom : DefaultDialerCache: Refreshing default dialer for user 0: now null: DDC.oR@AA4
03-03 02:53:17.397 1501 1501 W Looper : Drained
03-03 02:53:17.397 1501 1501 I Telecom : MissedCallNotifierImpl: reloadAfterBootComplete: user=0: TSBCR.oR@AA8
03-03 02:53:17.398 1501 1501 I Telecom : MissedCallNotifierImpl: reloadAfterBootComplete: user=0: TSBCR.oR@AA8
03-03 02:53:17.399 1501 1501 D CompatibilityChangeReporter: Compat change id reported: 135634846; UID 1000; state: DISABLED
03-03 02:53:17.399 1501 1501 D CompatibilityChangeReporter: Compat change id reported: 177438394; UID 1000; state: DISABLED
03-03 02:53:17.399 1501 1501 D CompatibilityChangeReporter: Compat change id reported: 135772972; UID 1000; state: DISABLED
03-03 02:53:17.400 1501 1501 D CompatibilityChangeReporter: Compat change id reported: 135754954; UID 1000; state: ENABLED
03-03 02:53:17.419 1501 1907 I GameModeConfig: isGameModeOn = false
03-03 02:53:17.419 1501 1907 I GameModeConfig: isGameModeOn = false
03-03 02:53:17.421 1501 1907 I GameModeConfig: isGameModeOn = false
03-03 02:53:17.421 1501 1601 I ActivityManager: Start proc 3370:com.android.dynsystem/1000 for broadcast {com.android.dynsystem/com.android.dynsystem.BootCompletedReceiver}
03-03 02:53:17.422 1501 1501 I Telecom : BluetoothDeviceManager: Got BluetoothHeadset: com.android.server.telecom.BluetoothHeadsetProxy@fb68e08: BMSL.oSC@ABQ
03-03 02:53:17.443 1501 1621 E KernelCpuSpeedReader: Failed to read cpu-freq: /sys/devices/system/cpu/cpu4/cpufreq/stats/time_in_state: open failed: ENOENT (No such file or directory)
03-03 02:53:17.444 1501 1621 E KernelCpuSpeedReader: Failed to read cpu-freq: /sys/devices/system/cpu/cpu0/cpufreq/stats/time_in_state: open failed: ENOENT (No such file or directory)
03-03 02:53:17.444 1501 1621 W BatteryStatsImpl: Attempted to remove untracked isolated uid (1037)
03-03 02:53:17.450 1501 2038 W BluetoothManagerService: psc is not null in bindBluetoothProfileService
03-03 02:53:17.462 1501 1914 D CompatibilityChangeReporter: Compat change id reported: 168419799; UID 1000; state: DISABLED
03-03 02:53:17.473 1501 2806 D CompatibilityChangeReporter: Compat change id reported: 135634846; UID 1000; state: DISABLED
03-03 02:53:17.473 1501 2806 D CompatibilityChangeReporter: Compat change id reported: 177438394; UID 1000; state: DISABLED
03-03 02:53:17.473 1501 2806 D CompatibilityChangeReporter: Compat change id reported: 135772972; UID 1000; state: DISABLED
03-03 02:53:17.473 1501 2806 D CompatibilityChangeReporter: Compat change id reported: 135754954; UID 1000; state: ENABLED
03-03 02:53:17.485 1501 2849 D CompatibilityChangeReporter: Compat change id reported: 168419799; UID 10074; state: DISABLED
03-03 02:53:17.486 1501 1601 I ActivityManager: Start proc 3390:com.android.localtransport/1000 for service {com.android.localtransport/com.android.localtransport.LocalTransportService}
03-03 02:53:17.503 1501 1534 D CompatibilityChangeReporter: Compat change id reported: 168419799; UID 1000; state: DISABLED
03-03 02:53:17.514 1501 3160 D CompatibilityChangeReporter: Compat change id reported: 135634846; UID 1000; state: DISABLED
03-03 02:53:17.514 1501 3160 D CompatibilityChangeReporter: Compat change id reported: 177438394; UID 1000; state: DISABLED
03-03 02:53:17.515 1501 3160 D CompatibilityChangeReporter: Compat change id reported: 135772972; UID 1000; state: DISABLED
03-03 02:53:17.515 1501 3160 D CompatibilityChangeReporter: Compat change id reported: 135754954; UID 1000; state: ENABLED
03-03 02:53:17.518 1501 3160 D CompatibilityChangeReporter: Compat change id reported: 135634846; UID 10067; state: DISABLED
03-03 02:53:17.518 1501 3160 D CompatibilityChangeReporter: Compat change id reported: 177438394; UID 10067; state: DISABLED
03-03 02:53:17.518 1501 3160 D CompatibilityChangeReporter: Compat change id reported: 135772972; UID 10067; state: DISABLED
03-03 02:53:17.518 1501 3160 D CompatibilityChangeReporter: Compat change id reported: 135754954; UID 10067; state: ENABLED
03-03 02:53:17.526 1501 1601 I ActivityManager: Start proc 3409:com.android.dynsystem:dynsystem/1000 for service {com.android.dynsystem/com.android.dynsystem.DynamicSystemInstallationService}
03-03 02:53:17.526 1501 1601 D CompatibilityChangeReporter: Compat change id reported: 143937733; UID 10067; state: ENABLED
03-03 02:53:17.536 1501 1601 I ActivityManager: Start proc 3411:com.android.inputmethod.latin/u0a67 for broadcast {com.android.inputmethod.latin/com.android.inputmethod.latin.SystemBroadcastReceiver}
03-03 02:53:17.538 1501 1501 I TransportClient: LocalTransportService#0: Notifying [TransportManager.registerTransport()] transport = IBackupTransport
03-03 02:53:17.542 1501 2806 D BackupTransportManager: Transport com.android.localtransport/.LocalTransportService registered
03-03 02:53:17.542 1501 2806 D BackupManagerService: [UserID:0] Transport com.android.localtransport/.LocalTransport registered 3090ms after first request (delay = 3000ms)
03-03 02:53:17.550 1501 2806 I BackupManagerService: [UserID:0] Found 6 stale backup journal(s), scheduling.
03-03 02:53:17.552 1501 2806 V BackupManagerConstants: getKeyValueBackupIntervalMilliseconds(...) returns 14400000
03-03 02:53:17.552 1501 2806 V BackupManagerConstants: getKeyValueBackupFuzzMilliseconds(...) returns 600000
03-03 02:53:17.552 1501 2806 V BackupManagerConstants: getKeyValueBackupRequiredNetworkType(...) returns 1
03-03 02:53:17.552 1501 2806 V BackupManagerConstants: getKeyValueBackupRequireCharging(...) returns true
03-03 02:53:17.552 1501 2806 V KeyValueBackupJob: Scheduling k/v pass in 248 minutes
03-03 02:53:17.556 1501 2806 I BackupManagerService: [UserID:0] Stale backup journals: Scheduled 8 package(s) total
03-03 02:53:17.565 1501 2038 D CompatibilityChangeReporter: Compat change id reported: 168419799; UID 10067; state: DISABLED
03-03 02:53:17.575 1501 2130 I ActivityTaskManager: START u0 {act=android.intent.action.MAIN cat=[android.intent.category.HOME] flg=0x10010000 pkg=com.android.launcher3 cmp=com.android.launcher3/.uioverrides.QuickstepLauncher} from uid 10074
03-03 02:53:17.581 1501 2130 D CompatibilityChangeReporter: Compat change id reported: 184838306; UID 10074; state: DISABLED
03-03 02:53:17.582 1501 2130 D CompatibilityChangeReporter: Compat change id reported: 185004937; UID 10074; state: DISABLED
03-03 02:53:17.582 1501 2130 D CompatibilityChangeReporter: Compat change id reported: 181136395; UID 10074; state: DISABLED
03-03 02:53:17.584 1501 2130 D CompatibilityChangeReporter: Compat change id reported: 174042936; UID 10074; state: DISABLED
03-03 02:53:17.585 1501 2130 D CompatibilityChangeReporter: Compat change id reported: 174042980; UID 10074; state: DISABLED
03-03 02:53:17.590 1501 2130 W ActivityTaskManager: Can't find TaskDisplayArea to determine support for multi window. Task id=292 attached=false
03-03 02:53:17.594 1501 2130 I ActivityTaskManager: The Process com.android.launcher3 Already Exists in BG. So sending its PID: 2528
03-03 02:53:17.596 1501 1907 I GameModeConfig: isGameModeOn = false
03-03 02:53:17.596 1501 1907 I GameModeConfig: isGameModeOn = false
03-03 02:53:17.596 1501 1907 I GameModeConfig: isGameModeOn = false
03-03 02:53:17.600 1501 2038 I DynamicSystemService: isInstalled(): false
03-03 02:53:17.641 1501 2130 I ActivityManager: Process com.android.inputmethod.latin (pid 3411) has died: fg RCVR
03-03 02:53:17.643 1501 1600 I ActivityManager: com.android.managedprovisioning is exempt from freezer
03-03 02:53:17.643 1501 1600 D CompatibilityChangeReporter: Compat change id reported: 135634846; UID 10026; state: DISABLED
03-03 02:53:17.643 1501 1600 D CompatibilityChangeReporter: Compat change id reported: 177438394; UID 10026; state: DISABLED
03-03 02:53:17.643 1501 1600 D CompatibilityChangeReporter: Compat change id reported: 135772972; UID 10026; state: DISABLED
03-03 02:53:17.643 1501 1600 D CompatibilityChangeReporter: Compat change id reported: 135754954; UID 10026; state: ENABLED
03-03 02:53:17.643 1501 1601 D CompatibilityChangeReporter: Compat change id reported: 143937733; UID 10026; state: ENABLED
03-03 02:53:17.647 1501 1601 I ActivityManager: Start proc 3463:com.android.managedprovisioning/u0a26 for broadcast {com.android.managedprovisioning/com.android.managedprovisioning.BootReminder}
03-03 02:53:17.658 1501 2852 D CompatibilityChangeReporter: Compat change id reported: 168419799; UID 10026; state: DISABLED
03-03 02:53:17.705 1501 2852 W FreeFormWindowHelper: Current Display FreeFormTask is null
03-03 02:53:17.719 1501 2130 D CompatibilityChangeReporter: Compat change id reported: 168419799; UID 10018; state: DISABLED
03-03 02:53:17.721 1501 3160 D CompatibilityChangeReporter: Compat change id reported: 135634846; UID 10086; state: DISABLED
03-03 02:53:17.721 1501 3160 D CompatibilityChangeReporter: Compat change id reported: 177438394; UID 10086; state: DISABLED
03-03 02:53:17.721 1501 3160 D CompatibilityChangeReporter: Compat change id reported: 135772972; UID 10086; state: DISABLED
03-03 02:53:17.721 1501 3160 D CompatibilityChangeReporter: Compat change id reported: 135754954; UID 10086; state: ENABLED
03-03 02:53:17.721 1501 1601 D CompatibilityChangeReporter: Compat change id reported: 143937733; UID 10086; state: ENABLED
03-03 02:53:17.723 1501 2852 W FreeFormWindowHelper: Current Display FreeFormTask is null
03-03 02:53:17.727 1501 1601 I ActivityManager: Start proc 3481:com.android.music/u0a86 for broadcast {com.android.music/com.android.music.MediaPlaybackReceiver}
03-03 02:53:17.732 1501 2130 W FreeFormWindowHelper: Current Display FreeFormTask is null
03-03 02:53:17.742 1501 3160 D CompatibilityChangeReporter: Compat change id reported: 168419799; UID 10086; state: DISABLED
03-03 02:53:17.746 1501 1585 I ActivityRecord: real home.....com.android.launcher3/.uioverrides.QuickstepLauncher
03-03 02:53:17.747 1501 1585 I WindowManager: ******* TELLING SURFACE FLINGER WE ARE BOOTED!
03-03 02:53:17.788 1501 2130 D CompatibilityChangeReporter: Compat change id reported: 135634846; UID 10059; state: DISABLED
03-03 02:53:17.789 1501 2130 D CompatibilityChangeReporter: Compat change id reported: 177438394; UID 10059; state: DISABLED
03-03 02:53:17.789 1501 2130 D CompatibilityChangeReporter: Compat change id reported: 135772972; UID 10059; state: DISABLED
03-03 02:53:17.789 1501 2130 D CompatibilityChangeReporter: Compat change id reported: 135754954; UID 10059; state: ENABLED
03-03 02:53:17.789 1501 1601 D CompatibilityChangeReporter: Compat change id reported: 143937733; UID 10059; state: ENABLED
03-03 02:53:17.794 1501 1601 I ActivityManager: Start proc 3503:com.android.onetimeinitializer/u0a59 for broadcast {com.android.onetimeinitializer/com.android.onetimeinitializer.OneTimeInitializerReceiver}
03-03 02:53:17.804 1501 2130 D CompatibilityChangeReporter: Compat change id reported: 168419799; UID 10059; state: DISABLED
03-03 02:53:17.834 1501 2852 I ActivityManager: com.android.packageinstaller is exempt from freezer
03-03 02:53:17.834 1501 2852 D CompatibilityChangeReporter: Compat change id reported: 135634846; UID 10034; state: DISABLED
03-03 02:53:17.834 1501 2852 D CompatibilityChangeReporter: Compat change id reported: 177438394; UID 10034; state: DISABLED
03-03 02:53:17.834 1501 2852 D CompatibilityChangeReporter: Compat change id reported: 135772972; UID 10034; state: DISABLED
03-03 02:53:17.834 1501 2852 D CompatibilityChangeReporter: Compat change id reported: 135754954; UID 10034; state: ENABLED
03-03 02:53:17.835 1501 1601 D CompatibilityChangeReporter: Compat change id reported: 143937733; UID 10034; state: ENABLED
03-03 02:53:17.840 1501 1601 I ActivityManager: Start proc 3522:com.android.packageinstaller/u0a34 for broadcast {com.android.packageinstaller/com.android.packageinstaller.TemporaryFileManager}
03-03 02:53:17.851 1501 2852 D CompatibilityChangeReporter: Compat change id reported: 168419799; UID 10034; state: DISABLED
03-03 02:53:17.893 1501 2852 D CompatibilityChangeReporter: Compat change id reported: 135634846; UID 10090; state: DISABLED
03-03 02:53:17.894 1501 2852 D CompatibilityChangeReporter: Compat change id reported: 177438394; UID 10090; state: DISABLED
03-03 02:53:17.894 1501 2852 D CompatibilityChangeReporter: Compat change id reported: 135772972; UID 10090; state: DISABLED
03-03 02:53:17.894 1501 2852 D CompatibilityChangeReporter: Compat change id reported: 135754954; UID 10090; state: DISABLED
03-03 02:53:17.894 1501 1601 D CompatibilityChangeReporter: Compat change id reported: 143937733; UID 10090; state: DISABLED
03-03 02:53:17.898 1501 1601 I ActivityManager: Start proc 3537:com.android.permissioncontroller/u0a90 for broadcast {com.android.permissioncontroller/com.android.permissioncontroller.permission.service.LocationAccessCheck$SetupPeriodicBackgroundLocationAccessCheck}
03-03 02:53:17.911 1501 2852 D CompatibilityChangeReporter: Compat change id reported: 168419799; UID 10090; state: DISABLED
03-03 02:53:17.993 1501 2130 D CompatibilityChangeReporter: Compat change id reported: 135634846; UID 10024; state: DISABLED
03-03 02:53:17.993 1501 2130 D CompatibilityChangeReporter: Compat change id reported: 177438394; UID 10024; state: DISABLED
03-03 02:53:17.993 1501 2130 D CompatibilityChangeReporter: Compat change id reported: 135772972; UID 10024; state: DISABLED
03-03 02:53:17.993 1501 2130 D CompatibilityChangeReporter: Compat change id reported: 135754954; UID 10024; state: ENABLED
03-03 02:53:17.994 1501 1601 D CompatibilityChangeReporter: Compat change id reported: 143937733; UID 10024; state: ENABLED
03-03 02:53:17.999 1501 1601 I ActivityManager: Start proc 3553:com.android.providers.calendar/u0a24 for broadcast {com.android.providers.calendar/com.android.providers.calendar.CalendarReceiver}
03-03 02:53:18.008 1501 2130 D CompatibilityChangeReporter: Compat change id reported: 168419799; UID 10024; state: DISABLED
03-03 02:53:18.065 1501 2852 D CompatibilityChangeReporter: Compat change id reported: 171306433; UID 10024; state: ENABLED
03-03 02:53:18.068 1501 2130 D CompatibilityChangeReporter: Compat change id reported: 143231523; UID 10024; state: DISABLED
03-03 02:53:18.071 1501 2130 D CompatibilityChangeReporter: Compat change id reported: 168419799; UID 1000; state: DISABLED
03-03 02:53:18.088 1501 2130 I ActivityManager: com.android.shell is exempt from freezer
03-03 02:53:18.089 1501 2130 D CompatibilityChangeReporter: Compat change id reported: 135634846; UID 2000; state: DISABLED
03-03 02:53:18.089 1501 2130 D CompatibilityChangeReporter: Compat change id reported: 177438394; UID 2000; state: DISABLED
03-03 02:53:18.089 1501 2130 D CompatibilityChangeReporter: Compat change id reported: 135772972; UID 2000; state: DISABLED
03-03 02:53:18.089 1501 2130 D CompatibilityChangeReporter: Compat change id reported: 135754954; UID 2000; state: ENABLED
03-03 02:53:18.094 1501 1601 I ActivityManager: Start proc 3575:com.android.shell/2000 for broadcast {com.android.shell/com.android.shell.HeapDumpReceiver}
03-03 02:53:18.107 1501 2130 D CompatibilityChangeReporter: Compat change id reported: 168419799; UID 2000; state: DISABLED
03-03 02:53:18.143 1501 2130 W BroadcastQueue: Permission Denial: receiving Intent { act=android.intent.action.BOOT_COMPLETED flg=0x89000010 (has extras) } to com.baidu.input/.directboot.DirectBootReceiver requires android.permission.RECEIVE_BOOT_COMPLETED due to sender null (uid 1000)
03-03 02:53:18.144 1501 1600 W BroadcastQueue: Permission Denial: receiving Intent { act=android.intent.action.BOOT_COMPLETED flg=0x89000010 (has extras) } to com.baidu.input/.switchguide.InputMethodChangedReceiver requires android.permission.RECEIVE_BOOT_COMPLETED due to sender null (uid 1000)
03-03 02:53:18.145 1501 1600 D CompatibilityChangeReporter: Compat change id reported: 168419799; UID 10084; state: DISABLED
03-03 02:53:18.152 2870 2870 W ContextImpl: Calling a method in the system process without a qualified user: android.app.ContextImpl.startService:1816 android.content.ContextWrapper.startService:774 com.hryt.hiphishowfsecontrol.mce_app.broadcasts.FseReceiver.onReceive:49 android.app.ActivityThread.handleReceiver:4309 android.app.ActivityThread.access$1600:248
03-03 02:53:18.154 1501 2852 D CompatibilityChangeReporter: Compat change id reported: 135634846; UID 10071; state: DISABLED
03-03 02:53:18.154 1501 2852 D CompatibilityChangeReporter: Compat change id reported: 177438394; UID 10071; state: DISABLED
03-03 02:53:18.154 1501 2852 D CompatibilityChangeReporter: Compat change id reported: 135772972; UID 10071; state: DISABLED
03-03 02:53:18.154 1501 2852 D CompatibilityChangeReporter: Compat change id reported: 135754954; UID 10071; state: ENABLED
03-03 02:53:18.154 1501 3160 D CompatibilityChangeReporter: Compat change id reported: 149924527; UID 10084; state: ENABLED
03-03 02:53:18.154 1501 1601 D CompatibilityChangeReporter: Compat change id reported: 143937733; UID 10071; state: ENABLED
03-03 02:53:18.155 1501 3160 D CompatibilityChangeReporter: Compat change id reported: 132649864; UID 10084; state: DISABLED
03-03 02:53:18.160 1501 1601 I ActivityManager: Start proc 3591:com.qti.ltebc/u0a71 for broadcast {com.qti.ltebc/com.qualcomm.ltebc.LTEBroadcastBootReceiver}
03-03 02:53:18.169 1501 2852 D CompatibilityChangeReporter: Compat change id reported: 168419799; UID 10071; state: DISABLED
03-03 02:53:18.295 2830 3614 E ActivityThread: Failed to find provider info for com.tcl.xian.StartandroidService.MyContentProvider
03-03 02:53:18.494 1501 2852 D CompatibilityChangeReporter: Compat change id reported: 168419799; UID 10053; state: DISABLED
03-03 02:53:18.495 1501 3160 D CompatibilityChangeReporter: Compat change id reported: 171306433; UID 10071; state: ENABLED
03-03 02:53:18.497 1501 3160 D CompatibilityChangeReporter: Compat change id reported: 168419799; UID 10073; state: DISABLED
03-03 02:53:18.499 1501 3160 D CompatibilityChangeReporter: Compat change id reported: 168419799; UID 10075; state: DISABLED
03-03 02:53:18.502 1501 2852 D CompatibilityChangeReporter: Compat change id reported: 168419799; UID 10081; state: DISABLED
03-03 02:53:18.504 1501 2852 D CompatibilityChangeReporter: Compat change id reported: 135634846; UID 10058; state: DISABLED
03-03 02:53:18.504 1501 1601 D CompatibilityChangeReporter: Compat change id reported: 143937733; UID 10058; state: DISABLED
03-03 02:53:18.507 1501 1601 I ActivityManager: Start proc 3639:com.qualcomm.qti.qms.service.connectionsecurity/u0a58 for broadcast {com.qualcomm.qti.qms.service.connectionsecurity/com.qualcomm.qti.qms.service.connectionsecurity.ConnSecBroadcastReceiver}
03-03 02:53:18.510 1501 2852 I ActivityManager: Process com.qti.ltebc (pid 3591) has died: cch+5 CEM
03-03 02:53:18.517 1501 2852 D CompatibilityChangeReporter: Compat change id reported: 168419799; UID 10058; state: DISABLED
03-03 02:53:18.555 1501 2130 D CompatibilityChangeReporter: Compat change id reported: 168419799; UID 10080; state: DISABLED
03-03 02:53:18.558 1501 2849 D CompatibilityChangeReporter: Compat change id reported: 168419799; UID 10085; state: DISABLED
03-03 02:53:18.577 1501 2038 D CompatibilityChangeReporter: Compat change id reported: 135634846; UID 10102; state: DISABLED
03-03 02:53:18.577 1501 2038 D CompatibilityChangeReporter: Compat change id reported: 177438394; UID 10102; state: DISABLED
03-03 02:53:18.577 1501 2038 D CompatibilityChangeReporter: Compat change id reported: 135772972; UID 10102; state: DISABLED
03-03 02:53:18.577 1501 2038 D CompatibilityChangeReporter: Compat change id reported: 135754954; UID 10102; state: DISABLED
03-03 02:53:18.578 1501 1601 D CompatibilityChangeReporter: Compat change id reported: 143937733; UID 10102; state: DISABLED
03-03 02:53:18.585 1501 1601 I ActivityManager: Start proc 3666:com.kuaishou.nebula/u0a102 for broadcast {com.kuaishou.nebula/androidx.work.impl.background.systemalarm.RescheduleReceiver}
03-03 02:53:18.586 2097 2097 W ContextImpl: Calling a method in the system process without a qualified user: android.app.ContextImpl.startService:1816 android.content.ContextWrapper.startService:774 com.thundercomm.gamemode.ingame.services.GameModeActionUtils.startGameModeService:118 com.thundercomm.gamemode.ingame.services.GameModeActionUtils.startGameModeEntry:29 com.thundercomm.gamemode.ingame.services.ActivityMonitoringService$1.onActivityLaunch:139
03-03 02:53:18.589 1501 1501 I GameModeConfig: Current uri is uri = content://com.thundercomm.gamemode.api/gamemode_settings/gamemode_isgaming
03-03 02:53:18.591 1501 1501 I GameModeConfig: isGameModeOn = false
03-03 02:53:18.591 1501 1501 I GameModeConfig: isGameModeOn = false
03-03 02:53:18.591 1501 1501 I GameModeConfig: isDisableVoice = true
03-03 02:53:18.591 1501 1907 I GameModeConfig: isGameModeOn = false
03-03 02:53:18.591 1501 1907 I GameModeConfig: isGameModeOn = false
03-03 02:53:18.592 1501 1907 I GameModeConfig: isGameModeOn = false
03-03 02:53:18.605 1501 2130 D CompatibilityChangeReporter: Compat change id reported: 168419799; UID 10102; state: DISABLED
03-03 02:53:18.648 818 818 D android.hardware.wifi@1.0-service: Successfully SetMacAddress.
03-03 02:53:18.654 1202 1202 W wificond: Scan is not started. Ignore abort request
03-03 02:53:19.044 1202 1202 I wificond: Regulatory domain changed to country: CN on wiphy_index: 0
03-03 02:53:19.045 1501 2130 D CompatibilityChangeReporter: Compat change id reported: 171306433; UID 1073; state: ENABLED
03-03 02:53:19.048 1202 1202 I wificond: 2.4Ghz frequencies: 2412 2417 2422 2427 2432 2437 2442 2447 2452 2457 2462 2467 2472
03-03 02:53:19.048 1202 1202 I wificond: 5Ghz non-DFS frequencies: 5180 5200 5220 5240 5745 5765 5785 5805 5825
03-03 02:53:19.048 1202 1202 I wificond: 5Ghz DFS frequencies: 5260 5280 5300 5320
03-03 02:53:19.048 1202 1202 I wificond: 6Ghz frequencies:
03-03 02:53:19.048 1202 1202 I wificond: 60Ghz frequencies:
03-03 02:53:19.166 3666 3778 W Looper : Loop again would have the queued messages be executed before this one completed.
03-03 02:53:19.191 666 725 E NetlinkEvent: NetlinkEvent::FindParam(): Parameter 'INTERFACE' not found
03-03 02:53:19.191 666 725 E NetlinkEvent: NetlinkEvent::FindParam(): Parameter 'STATE' not found
03-03 02:53:19.191 666 725 E NetlinkEvent: NetlinkEvent::FindParam(): Parameter 'TIME_NS' not found
03-03 02:53:19.191 666 725 E NetlinkEvent: NetlinkEvent::FindParam(): Parameter 'UID' not found
03-03 02:53:19.199 1501 1902 W ContextImpl: Calling a method in the system process without a qualified user: android.app.ContextImpl.sendStickyBroadcast:1559 com.android.server.ConnectivityService.sendStickyBroadcast:2811 com.android.server.ConnectivityService.sendGeneralBroadcast:2786 com.android.server.ConnectivityService.sendConnectedBroadcast:2759 com.android.server.ConnectivityService.sendLegacyNetworkBroadcast:8704
03-03 02:53:19.206 1501 1902 W ContextImpl: Calling a method in the system process without a qualified user: android.app.ContextImpl.sendStickyBroadcast:1559 com.android.server.ConnectivityService.sendStickyBroadcast:2811 com.android.server.ConnectivityService.sendGeneralBroadcast:2786 com.android.server.ConnectivityService.sendInetConditionBroadcast:2763 com.android.server.ConnectivityService.updateInetCondition:8451
03-03 02:53:19.334 3666 3666 W Looper : Loop again would have the queued messages be executed before this one completed.
03-03 02:53:19.364 1501 2852 D CompatibilityChangeReporter: Compat change id reported: 171306433; UID 10102; state: DISABLED
03-03 02:53:19.390 1501 2038 D CompatibilityChangeReporter: Compat change id reported: 135634846; UID 10115; state: DISABLED
03-03 02:53:19.390 1501 2038 D CompatibilityChangeReporter: Compat change id reported: 177438394; UID 10115; state: DISABLED
03-03 02:53:19.390 1501 2038 D CompatibilityChangeReporter: Compat change id reported: 135772972; UID 10115; state: DISABLED
03-03 02:53:19.390 1501 2038 D CompatibilityChangeReporter: Compat change id reported: 135754954; UID 10115; state: DISABLED
03-03 02:53:19.390 1501 1601 D CompatibilityChangeReporter: Compat change id reported: 143937733; UID 10115; state: DISABLED
03-03 02:53:19.395 1501 1601 I ActivityManager: Start proc 3854:com.smile.gifmaker/u0a115 for broadcast {com.smile.gifmaker/androidx.work.impl.background.systemalarm.RescheduleReceiver}
03-03 02:53:19.409 1501 2038 D CompatibilityChangeReporter: Compat change id reported: 168419799; UID 10115; state: DISABLED
03-03 02:53:19.552 1501 2038 E PackageDexUsage: Unsupported context?
03-03 02:53:19.921 1501 1907 I GameModeConfig: isGameModeOn = false
03-03 02:53:19.921 1501 1907 I GameModeConfig: isGameModeOn = false
03-03 02:53:19.921 1501 1907 I GameModeConfig: isGameModeOn = false
03-03 02:53:19.921 1501 1907 I GameModeConfig: isGameModeOn = false
03-03 02:53:19.921 1501 1907 I GameModeConfig: isGameModeOn = false
03-03 02:53:19.921 1501 1907 I GameModeConfig: isGameModeOn = false
03-03 02:53:20.159 1501 2849 W ActivityManager: Unable to start service Intent { act=android.intent.action.START_LEBO_SERVICE pkg=com.hpplay.happyplay.aw } U=0: not found
03-03 02:53:21.069 3854 4085 W Looper : Loop again would have the queued messages be executed before this one completed.
03-03 02:53:21.629 3854 3854 W Looper : Loop again would have the queued messages be executed before this one completed.
03-03 02:53:21.868 1501 3160 D CompatibilityChangeReporter: Compat change id reported: 171306433; UID 10115; state: DISABLED
03-03 02:53:21.880 1501 3160 D CompatibilityChangeReporter: Compat change id reported: 168419799; UID 10115; state: DISABLED
03-03 02:53:21.906 1501 2849 W BroadcastQueue: Permission Denial: receiving Intent { act=android.intent.action.BOOT_COMPLETED flg=0x89000010 (has extras) } to me.ele/com.taobao.accs.EventReceiver requires android.permission.RECEIVE_BOOT_COMPLETED due to sender null (uid 1000)
03-03 02:53:21.907 1501 1600 I ActivityManager: Finished processing BOOT_COMPLETED for u0
03-03 02:53:21.907 1501 1600 W BroadcastQueue: Background execution not allowed: receiving Intent { act=android.intent.action.INPUT_METHOD_CHANGED flg=0x20000010 (has extras) } to com.baidu.input/.switchguide.InputMethodChangedReceiver
03-03 02:53:21.908 1501 1600 D CompatibilityChangeReporter: Compat change id reported: 135634846; UID 10017; state: DISABLED
03-03 02:53:21.908 1501 1600 D CompatibilityChangeReporter: Compat change id reported: 177438394; UID 10017; state: DISABLED
03-03 02:53:21.908 1501 1600 D CompatibilityChangeReporter: Compat change id reported: 135772972; UID 10017; state: DISABLED
03-03 02:53:21.908 1501 1600 D CompatibilityChangeReporter: Compat change id reported: 135754954; UID 10017; state: ENABLED
03-03 02:53:21.908 1501 1601 D CompatibilityChangeReporter: Compat change id reported: 143937733; UID 10017; state: ENABLED
03-03 02:53:21.916 1501 1601 I ActivityManager: Start proc 4135:com.android.externalstorage/u0a17 for broadcast {com.android.externalstorage/com.android.externalstorage.MountReceiver}
03-03 02:53:21.930 1501 2849 W OverlayManager: service 'idmap' died
03-03 02:53:21.933 1501 3160 D CompatibilityChangeReporter: Compat change id reported: 168419799; UID 10017; state: DISABLED
03-03 02:53:22.139 1501 2849 E PackageDexUsage: Unsupported context?
03-03 02:53:22.200 1501 3160 D CompatibilityChangeReporter: Compat change id reported: 149924527; UID 10102; state: ENABLED
03-03 02:53:22.200 1501 3160 D CompatibilityChangeReporter: Compat change id reported: 132649864; UID 10102; state: DISABLED
03-03 02:53:22.488 1501 2038 D CompatibilityChangeReporter: Compat change id reported: 135634846; UID 10071; state: DISABLED
03-03 02:53:22.488 1501 2038 D CompatibilityChangeReporter: Compat change id reported: 177438394; UID 10071; state: DISABLED
03-03 02:53:22.488 1501 2038 D CompatibilityChangeReporter: Compat change id reported: 135772972; UID 10071; state: DISABLED
03-03 02:53:22.488 1501 2038 D CompatibilityChangeReporter: Compat change id reported: 135754954; UID 10071; state: ENABLED
03-03 02:53:22.489 1501 1601 D CompatibilityChangeReporter: Compat change id reported: 143937733; UID 10071; state: ENABLED
03-03 02:53:22.499 1501 1601 I ActivityManager: Start proc 4193:com.qti.ltebc/u0a71 for broadcast {com.qti.ltebc/com.qualcomm.ltebc.LTEBroadcastReceiver}
03-03 02:53:22.517 1501 2038 D CompatibilityChangeReporter: Compat change id reported: 168419799; UID 10071; state: DISABLED
03-03 02:53:22.573 1501 2038 W NotificationHistory: Attempted to remove channel for locked/gone/disabled user 0
03-03 02:53:22.579 1501 1907 I GameModeConfig: isGameModeOn = false
03-03 02:53:22.580 1501 1907 I GameModeConfig: isGameModeOn = false
03-03 02:53:22.580 1501 1907 I GameModeConfig: isGameModeOn = false
03-03 02:53:22.580 1501 1907 I GameModeConfig: isGameModeOn = false
03-03 02:53:22.580 1501 1907 I GameModeConfig: isGameModeOn = false
03-03 02:53:22.580 1501 1907 I GameModeConfig: isGameModeOn = false
03-03 02:53:22.805 1501 3160 W ActivityManager: Receiver with filter android.content.IntentFilter@e2d68a already registered for pid 3854, callerPackage is com.smile.gifmaker
03-03 02:53:22.837 1501 3160 D CompatibilityChangeReporter: Compat change id reported: 135634846; UID 10115; state: DISABLED
03-03 02:53:22.837 1501 3160 D CompatibilityChangeReporter: Compat change id reported: 177438394; UID 10115; state: DISABLED
03-03 02:53:22.837 1501 3160 D CompatibilityChangeReporter: Compat change id reported: 135772972; UID 10115; state: DISABLED
03-03 02:53:22.837 1501 3160 D CompatibilityChangeReporter: Compat change id reported: 135754954; UID 10115; state: DISABLED
03-03 02:53:22.837 1501 1601 D CompatibilityChangeReporter: Compat change id reported: 143937733; UID 10115; state: DISABLED
03-03 02:53:22.849 1501 1601 I ActivityManager: Start proc 4231:com.smile.gifmaker:messagesdk/u0a115 for service {com.smile.gifmaker/com.kwai.chat.kwailink.service.NewKwaiLinkService}
03-03 02:53:23.369 1501 3160 I ActivityManager: Process com.qti.ltebc (pid 4193) has died: fg RCVR
03-03 02:53:23.491 1501 2038 D CompatibilityChangeReporter: Compat change id reported: 135634846; UID 10071; state: DISABLED
03-03 02:53:23.491 1501 2038 D CompatibilityChangeReporter: Compat change id reported: 177438394; UID 10071; state: DISABLED
03-03 02:53:23.491 1501 2038 D CompatibilityChangeReporter: Compat change id reported: 135772972; UID 10071; state: DISABLED
03-03 02:53:23.491 1501 2038 D CompatibilityChangeReporter: Compat change id reported: 135754954; UID 10071; state: ENABLED
03-03 02:53:23.491 1501 1601 D CompatibilityChangeReporter: Compat change id reported: 143937733; UID 10071; state: ENABLED
03-03 02:53:23.500 1501 1601 I ActivityManager: Start proc 4299:com.qti.ltebc/u0a71 for broadcast {com.qti.ltebc/com.qualcomm.ltebc.LTEBroadcastReceiver}
03-03 02:53:23.519 1501 1907 I GameModeConfig: isGameModeOn = false
03-03 02:53:23.519 1501 1907 I GameModeConfig: isGameModeOn = false
03-03 02:53:23.519 1501 1907 I GameModeConfig: isGameModeOn = false
03-03 02:53:23.600 1501 1907 I GameModeConfig: isGameModeOn = false
03-03 02:53:23.676 1501 2038 D CompatibilityChangeReporter: Compat change id reported: 135634846; UID 10102; state: DISABLED
03-03 02:53:23.676 1501 2038 D CompatibilityChangeReporter: Compat change id reported: 177438394; UID 10102; state: DISABLED
03-03 02:53:23.676 1501 2038 D CompatibilityChangeReporter: Compat change id reported: 135772972; UID 10102; state: DISABLED
03-03 02:53:23.676 1501 2038 D CompatibilityChangeReporter: Compat change id reported: 135754954; UID 10102; state: DISABLED
03-03 02:53:23.677 1501 1601 D CompatibilityChangeReporter: Compat change id reported: 143937733; UID 10102; state: DISABLED
03-03 02:53:23.685 1501 1601 I ActivityManager: Start proc 4340:com.kuaishou.nebula:kwv_sandboxed_p0/u0a102 for service {com.kuaishou.nebula/com.kuaishou.webkit.process.SandboxedProcessService0}
03-03 02:53:23.703 1501 2038 D CompatibilityChangeReporter: Compat change id reported: 168419799; UID 10102; state: DISABLED
03-03 02:53:24.046 1501 3160 E ClipboardService: Denying clipboard access to com.smile.gifmaker, application is not in focus nor is it a system service for user 0
03-03 02:53:24.246 1501 1907 I GameModeConfig: isGameModeOn = false
03-03 02:53:24.298 1501 1907 I GameModeConfig: isGameModeOn = false
03-03 02:53:24.298 1501 1907 I GameModeConfig: isGameModeOn = false
03-03 02:53:24.298 1501 1907 I GameModeConfig: isGameModeOn = false
03-03 02:53:24.298 1501 1907 I GameModeConfig: isGameModeOn = false
03-03 02:53:24.299 1501 1907 I GameModeConfig: isGameModeOn = false
03-03 02:53:24.299 1501 1907 I GameModeConfig: isGameModeOn = false
03-03 02:53:24.590 1501 3160 D CompatibilityChangeReporter: Compat change id reported: 135634846; UID 10102; state: DISABLED
03-03 02:53:24.591 1501 3160 D CompatibilityChangeReporter: Compat change id reported: 177438394; UID 10102; state: DISABLED
03-03 02:53:24.591 1501 3160 D CompatibilityChangeReporter: Compat change id reported: 135772972; UID 10102; state: DISABLED
03-03 02:53:24.591 1501 3160 D CompatibilityChangeReporter: Compat change id reported: 135754954; UID 10102; state: DISABLED
03-03 02:53:24.591 1501 1601 D CompatibilityChangeReporter: Compat change id reported: 143937733; UID 10102; state: DISABLED
03-03 02:53:24.600 1501 1601 I ActivityManager: Start proc 4488:com.kuaishou.nebula:yodakw/u0a102 for service {com.kuaishou.nebula/com.kwai.yoda.cache.codecache.service.YodaKwService}
03-03 02:53:24.636 1501 1907 I GameModeConfig: isGameModeOn = false
03-03 02:53:24.636 1501 1907 I GameModeConfig: isGameModeOn = false
03-03 02:53:24.746 1501 2849 E PackageDexUsage: Unsupported context?
03-03 02:53:24.766 1501 1907 I GameModeConfig: isGameModeOn = false
03-03 02:53:24.767 1501 1907 I GameModeConfig: isGameModeOn = false
03-03 02:53:24.767 1501 1907 I GameModeConfig: isGameModeOn = false
03-03 02:53:24.767 1501 1907 I GameModeConfig: isGameModeOn = false
03-03 02:53:24.800 1501 1907 I GameModeConfig: isGameModeOn = false
03-03 02:53:24.800 1501 1907 I GameModeConfig: isGameModeOn = false
03-03 02:53:24.877 1501 1907 I GameModeConfig: isGameModeOn = false
03-03 02:53:24.878 1501 1907 I GameModeConfig: isGameModeOn = false
03-03 02:53:24.879 1501 1907 I GameModeConfig: isGameModeOn = false
03-03 02:53:24.879 1501 1907 I GameModeConfig: isGameModeOn = false
03-03 02:53:24.888 4340 4340 W Looper : Loop again would have the queued messages be executed before this one completed.
03-03 02:53:24.936 1501 1907 I GameModeConfig: isGameModeOn = false
03-03 02:53:24.938 1501 1907 I GameModeConfig: isGameModeOn = false
03-03 02:53:25.112 1501 2849 I ActivityManager: Process com.qti.ltebc (pid 4299) has died: fg RCVR
03-03 02:53:25.115 1501 1600 W BroadcastQueue: Target SDK mismatch: receiver ActivityInfo{bad334 com.homelink.android.NetChangeReceiver} targets 31 but delivery restricted to [0, 23] broadcasting Intent { act=android.net.conn.CONNECTIVITY_CHANGE flg=0x4200010 (has extras) } from android (pid=1501, uid=1000) to com.lianjia.beike/com.homelink.android.NetChangeReceiver
03-03 02:53:25.115 1501 1600 W BroadcastQueue: Target SDK mismatch: receiver ActivityInfo{a1df55d com.xiaomi.push.service.receivers.NetworkStatusReceiver} targets 31 but delivery restricted to [0, 23] broadcasting Intent { act=android.net.conn.CONNECTIVITY_CHANGE flg=0x4200010 (has extras) } from android (pid=1501, uid=1000) to com.baidu.searchbox/com.xiaomi.push.service.receivers.NetworkStatusReceiver
03-03 02:53:25.115 1501 1600 W BroadcastQueue: Target SDK mismatch: receiver ActivityInfo{271fed2 com.xiaomi.push.service.receivers.NetworkStatusReceiver} targets 26 but delivery restricted to [0, 23] broadcasting Intent { act=android.net.conn.CONNECTIVITY_CHANGE flg=0x4200010 (has extras) } from android (pid=1501, uid=1000) to com.cubic.autohome/com.xiaomi.push.service.receivers.NetworkStatusReceiver
03-03 02:53:25.115 1501 1600 W BroadcastQueue: Target SDK mismatch: receiver ActivityInfo{e99aba3 com.xiaomi.push.service.receivers.NetworkStatusReceiver} targets 31 but delivery restricted to [0, 23] broadcasting Intent { act=android.net.conn.CONNECTIVITY_CHANGE flg=0x4200010 (has extras) } from android (pid=1501, uid=1000) to com.lianjia.beike/com.xiaomi.push.service.receivers.NetworkStatusReceiver
03-03 02:53:25.115 1501 1600 W BroadcastQueue: Target SDK mismatch: receiver ActivityInfo{ccbeea0 com.tencent.pandora.libtcloudupload.videoupload.impl.TVCNetWorkStateReceiver} targets 28 but delivery restricted to [0, 23] broadcasting Intent { act=android.net.conn.CONNECTIVITY_CHANGE flg=0x4200010 (has extras) } from android (pid=1501, uid=1000) to com.tencent.YiRen/com.tencent.pandora.libtcloudupload.videoupload.impl.TVCNetWorkStateReceiver
