01-02 12:40:19.130 0 0 E DTC_ETH,link_delay_work_func: 3003, SQI=0, link=0
01-02 12:40:24.250 0 0 E DTC_ETH,link_delay_work_func: 3003, SQI=0, link=0
01-02 12:40:29.371 0 0 E DTC_ETH,link_delay_work_func: 3003, SQI=0, link=0
01-02 12:40:34.490 0 0 E DTC_ETH,link_delay_work_func: 3003, SQI=0, link=0
01-02 12:40:39.610 0 0 E DTC_ETH,link_delay_work_func: 3003, SQI=0, link=0
01-02 12:40:44.730 0 0 E DTC_ETH,link_delay_work_func: 3003, SQI=0, link=0
01-02 12:40:49.850 0 0 E DTC_ETH,link_delay_work_func: 3003, SQI=0, link=0
01-02 12:40:54.970 0 0 E DTC_ETH,link_delay_work_func: 3003, SQI=0, link=0
01-02 12:41:00.090 0 0 E DTC_ETH,link_delay_work_func: 3003, SQI=0, link=0
01-02 12:41:05.210 0 0 E DTC_ETH,link_delay_work_func: 3003, SQI=0, link=0
01-02 12:41:10.330 0 0 E DTC_ETH,link_delay_work_func: 3003, SQI=0, link=0
01-02 12:41:15.450 0 0 E DTC_ETH,link_delay_work_func: 3003, SQI=0, link=0
03-04 07:34:21.102 1501 1501 I JobServiceContext: Letting dd3ed7d #u0a102/245 com.kuaishou.nebula/androidx.work.impl.background.systemjob.SystemJobService continue to run past min execution time
01-02 12:41:20.570 0 0 E DTC_ETH,link_delay_work_func: 3003, SQI=0, link=0
03-04 07:34:24.225 1501 1501 I JobServiceContext: Letting e9255be #u0a115/239 com.smile.gifmaker/androidx.work.impl.background.systemjob.SystemJobService continue to run past min execution time
01-02 12:41:25.690 0 0 E DTC_ETH,link_delay_work_func: 3003, SQI=0, link=0
01-02 12:41:30.810 0 0 E DTC_ETH,link_delay_work_func: 3003, SQI=0, link=0
01-02 12:41:35.930 0 0 E DTC_ETH,link_delay_work_func: 3003, SQI=0, link=0
03-04 07:34:37.257 1501 1600 W ActivityManager: Stopping service due to app idle: u0a115 -1d4h41m14s422ms com.smile.gifmaker/com.kwai.chat.kwailink.service.NewKwaiLinkService
01-02 12:41:41.050 0 0 E DTC_ETH,link_delay_work_func: 3003, SQI=0, link=0
01-02 12:41:46.170 0 0 E DTC_ETH,link_delay_work_func: 3003, SQI=0, link=0
01-02 12:41:51.290 0 0 E DTC_ETH,link_delay_work_func: 3003, SQI=0, link=0
01-02 12:41:56.410 0 0 E DTC_ETH,link_delay_work_func: 3003, SQI=0, link=0
01-02 12:42:01.530 0 0 E DTC_ETH,link_delay_work_func: 3003, SQI=0, link=0
01-02 12:42:06.650 0 0 E DTC_ETH,link_delay_work_func: 3003, SQI=0, link=0
01-02 12:42:11.771 0 0 E DTC_ETH,link_delay_work_func: 3003, SQI=0, link=0
01-02 12:42:16.890 0 0 E DTC_ETH,link_delay_work_func: 3003, SQI=0, link=0
01-02 12:42:22.010 0 0 E DTC_ETH,link_delay_work_func: 3003, SQI=0, link=0
01-02 12:42:27.130 0 0 E DTC_ETH,link_delay_work_func: 3003, SQI=0, link=0
01-02 12:42:32.250 0 0 E DTC_ETH,link_delay_work_func: 3003, SQI=0, link=0
01-02 12:42:37.370 0 0 E DTC_ETH,link_delay_work_func: 3003, SQI=0, link=0
01-02 12:42:42.490 0 0 E DTC_ETH,link_delay_work_func: 3003, SQI=0, link=0
01-02 12:42:47.610 0 0 E DTC_ETH,link_delay_work_func: 3003, SQI=0, link=0
01-02 12:42:52.730 0 0 E DTC_ETH,link_delay_work_func: 3003, SQI=0, link=0
01-02 12:42:57.850 0 0 E DTC_ETH,link_delay_work_func: 3003, SQI=0, link=0
01-02 12:43:02.970 0 0 E DTC_ETH,link_delay_work_func: 3003, SQI=0, link=0
01-02 12:43:08.090 0 0 E DTC_ETH,link_delay_work_func: 3003, SQI=0, link=0
01-02 12:43:13.210 0 0 E DTC_ETH,link_delay_work_func: 3003, SQI=0, link=0
01-02 12:43:18.330 0 0 E DTC_ETH,link_delay_work_func: 3003, SQI=0, link=0
01-02 12:43:19.440 0 0 I [dp_rx_][0x1ce3b44f770][07:36:20.064305] wlan: [3350:I:QDF] DHCP-D RX: SA:0e:79:35:c2:75:95 DA:ff:ff:ff:ff:ff:ff
01-02 12:43:19.543 0 0 I [dp_rx_][0x1ce3b631312][07:36:20.167073] wlan: [3350:I:QDF] DHCP-R RX: SA:0e:79:35:c2:75:95 DA:ff:ff:ff:ff:ff:ff
01-02 12:43:23.450 0 0 E DTC_ETH,link_delay_work_func: 3003, SQI=0, link=0
01-02 12:43:28.570 0 0 E DTC_ETH,link_delay_work_func: 3003, SQI=0, link=0
01-02 12:43:33.690 0 0 E DTC_ETH,link_delay_work_func: 3003, SQI=0, link=0
01-02 12:43:38.810 0 0 E DTC_ETH,link_delay_work_func: 3003, SQI=0, link=0
01-02 12:43:43.930 0 0 E DTC_ETH,link_delay_work_func: 3003, SQI=0, link=0
01-02 12:43:49.051 0 0 E DTC_ETH,link_delay_work_func: 3003, SQI=0, link=0
01-02 12:43:54.170 0 0 E DTC_ETH,link_delay_work_func: 3003, SQI=0, link=0
01-02 12:43:59.290 0 0 E DTC_ETH,link_delay_work_func: 3003, SQI=0, link=0
01-02 12:44:04.410 0 0 E DTC_ETH,link_delay_work_func: 3003, SQI=0, link=0
01-02 12:44:09.530 0 0 E DTC_ETH,link_delay_work_func: 3003, SQI=0, link=0
01-02 12:44:14.650 0 0 E DTC_ETH,link_delay_work_func: 3003, SQI=0, link=0
01-02 12:44:19.770 0 0 E DTC_ETH,link_delay_work_func: 3003, SQI=0, link=0
01-02 12:44:24.890 0 0 E DTC_ETH,link_delay_work_func: 3003, SQI=0, link=0
01-02 12:44:30.010 0 0 E DTC_ETH,link_delay_work_func: 3003, SQI=0, link=0
01-02 12:44:35.130 0 0 E DTC_ETH,link_delay_work_func: 3003, SQI=0, link=0
01-02 12:44:40.250 0 0 E DTC_ETH,link_delay_work_func: 3003, SQI=0, link=0
01-02 12:44:45.371 0 0 E DTC_ETH,link_delay_work_func: 3003, SQI=0, link=0
01-02 12:44:50.490 0 0 E DTC_ETH,link_delay_work_func: 3003, SQI=0, link=0
01-02 12:44:55.610 0 0 E DTC_ETH,link_delay_work_func: 3003, SQI=0, link=0
01-02 12:45:00.730 0 0 E DTC_ETH,link_delay_work_func: 3003, SQI=0, link=0
01-02 12:45:05.850 0 0 E DTC_ETH,link_delay_work_func: 3003, SQI=0, link=0
01-02 12:45:10.970 0 0 E DTC_ETH,link_delay_work_func: 3003, SQI=0, link=0
01-02 12:45:16.090 0 0 E DTC_ETH,link_delay_work_func: 3003, SQI=0, link=0
01-02 12:45:21.210 0 0 E DTC_ETH,link_delay_work_func: 3003, SQI=0, link=0
01-02 12:45:26.330 0 0 E DTC_ETH,link_delay_work_func: 3003, SQI=0, link=0
01-02 12:45:31.450 0 0 E DTC_ETH,link_delay_work_func: 3003, SQI=0, link=0
01-02 12:45:36.570 0 0 E DTC_ETH,link_delay_work_func: 3003, SQI=0, link=0
01-02 12:45:41.691 0 0 E DTC_ETH,link_delay_work_func: 3003, SQI=0, link=0
01-02 12:45:46.811 0 0 E DTC_ETH,link_delay_work_func: 3003, SQI=0, link=0
01-02 12:45:51.930 0 0 E DTC_ETH,link_delay_work_func: 3003, SQI=0, link=0
01-02 12:45:57.050 0 0 E DTC_ETH,link_delay_work_func: 3003, SQI=0, link=0
01-02 12:46:02.170 0 0 E DTC_ETH,link_delay_work_func: 3003, SQI=0, link=0
01-02 12:46:07.290 0 0 E DTC_ETH,link_delay_work_func: 3003, SQI=0, link=0
01-02 12:46:12.410 0 0 E DTC_ETH,link_delay_work_func: 3003, SQI=0, link=0
01-02 12:46:17.530 0 0 E DTC_ETH,link_delay_work_func: 3003, SQI=0, link=0
01-02 12:46:22.650 0 0 E DTC_ETH,link_delay_work_func: 3003, SQI=0, link=0
01-02 12:46:27.770 0 0 E DTC_ETH,link_delay_work_func: 3003, SQI=0, link=0
01-02 12:46:32.890 0 0 E DTC_ETH,link_delay_work_func: 3003, SQI=0, link=0
01-02 12:46:38.010 0 0 E DTC_ETH,link_delay_work_func: 3003, SQI=0, link=0
01-02 12:46:43.130 0 0 E DTC_ETH,link_delay_work_func: 3003, SQI=0, link=0
01-02 12:46:48.250 0 0 E DTC_ETH,link_delay_work_func: 3003, SQI=0, link=0
01-02 12:46:53.370 0 0 E DTC_ETH,link_delay_work_func: 3003, SQI=0, link=0
01-02 12:46:58.490 0 0 E DTC_ETH,link_delay_work_func: 3003, SQI=0, link=0
01-02 12:47:03.610 0 0 E DTC_ETH,link_delay_work_func: 3003, SQI=0, link=0
01-02 12:47:08.730 0 0 E DTC_ETH,link_delay_work_func: 3003, SQI=0, link=0
01-02 12:47:13.850 0 0 E DTC_ETH,link_delay_work_func: 3003, SQI=0, link=0
01-02 12:47:18.970 0 0 E DTC_ETH,link_delay_work_func: 3003, SQI=0, link=0
01-02 12:47:24.090 0 0 E DTC_ETH,link_delay_work_func: 3003, SQI=0, link=0
01-02 12:47:29.210 0 0 E DTC_ETH,link_delay_work_func: 3003, SQI=0, link=0
01-02 12:47:32.539 0 0 D cnss : Host time = 103652539690 us, device time = 103618912290 us, offset = 33627400 us
01-02 12:47:32.539 0 0 D cnss : Updated time sync regs [0x984] = 0x2011d08, [0x988] = 0x0
01-02 12:47:34.330 0 0 E DTC_ETH,link_delay_work_func: 3003, SQI=0, link=0
01-02 12:47:39.450 0 0 E DTC_ETH,link_delay_work_func: 3003, SQI=0, link=0
01-02 12:47:44.570 0 0 E DTC_ETH,link_delay_work_func: 3003, SQI=0, link=0
01-02 12:47:49.690 0 0 E DTC_ETH,link_delay_work_func: 3003, SQI=0, link=0
01-02 12:47:54.811 0 0 E DTC_ETH,link_delay_work_func: 3003, SQI=0, link=0
01-02 12:47:59.930 0 0 E DTC_ETH,link_delay_work_func: 3003, SQI=0, link=0
01-02 12:48:05.051 0 0 E DTC_ETH,link_delay_work_func: 3003, SQI=0, link=0
01-02 12:48:10.172 0 0 E DTC_ETH,link_delay_work_func: 3003, SQI=0, link=0
01-02 12:48:15.290 0 0 E DTC_ETH,link_delay_work_func: 3003, SQI=0, link=0
01-02 12:48:20.410 0 0 E DTC_ETH,link_delay_work_func: 3003, SQI=0, link=0
01-02 12:48:25.530 0 0 E DTC_ETH,link_delay_work_func: 3003, SQI=0, link=0
01-02 12:48:30.651 0 0 E DTC_ETH,link_delay_work_func: 3003, SQI=0, link=0
01-02 12:48:35.770 0 0 E DTC_ETH,link_delay_work_func: 3003, SQI=0, link=0
01-02 12:48:40.890 0 0 E DTC_ETH,link_delay_work_func: 3003, SQI=0, link=0
01-02 12:48:44.367 0 0 I [dp_rx_][0x1cfaf1e7d5d][07:41:44.991531] wlan: [3350:I:QDF] DHCP-D RX: SA:0e:79:35:c2:75:95 DA:ff:ff:ff:ff:ff:ff
01-02 12:48:46.010 0 0 E DTC_ETH,link_delay_work_func: 3003, SQI=0, link=0
01-02 12:48:51.130 0 0 E DTC_ETH,link_delay_work_func: 3003, SQI=0, link=0
01-02 12:48:53.483 0 0 I [dp_rx_][0x1cfb98d2861][07:41:54.107411] wlan: [3350:I:QDF] DHCP-R RX: SA:0e:79:35:c2:75:95 DA:ff:ff:ff:ff:ff:ff
01-02 12:48:56.250 0 0 E DTC_ETH,link_delay_work_func: 3003, SQI=0, link=0
01-02 12:49:01.370 0 0 E DTC_ETH,link_delay_work_func: 3003, SQI=0, link=0
01-02 12:49:06.490 0 0 E DTC_ETH,link_delay_work_func: 3003, SQI=0, link=0
01-02 12:49:11.611 0 0 E DTC_ETH,link_delay_work_func: 3003, SQI=0, link=0
01-02 12:49:16.731 0 0 E DTC_ETH,link_delay_work_func: 3003, SQI=0, link=0
01-02 12:49:21.850 0 0 E DTC_ETH,link_delay_work_func: 3003, SQI=0, link=0
01-02 12:49:26.971 0 0 E DTC_ETH,link_delay_work_func: 3003, SQI=0, link=0
01-02 12:49:32.091 0 0 E DTC_ETH,link_delay_work_func: 3003, SQI=0, link=0
01-02 12:49:37.211 0 0 E DTC_ETH,link_delay_work_func: 3003, SQI=0, link=0
01-02 12:49:42.330 0 0 E DTC_ETH,link_delay_work_func: 3003, SQI=0, link=0
01-02 12:49:47.451 0 0 E DTC_ETH,link_delay_work_func: 3003, SQI=0, link=0
01-02 12:49:52.571 0 0 E DTC_ETH,link_delay_work_func: 3003, SQI=0, link=0
01-02 12:49:57.691 0 0 E DTC_ETH,link_delay_work_func: 3003, SQI=0, link=0
01-02 12:50:02.811 0 0 E DTC_ETH,link_delay_work_func: 3003, SQI=0, link=0
01-02 12:50:07.930 0 0 E DTC_ETH,link_delay_work_func: 3003, SQI=0, link=0
01-02 12:50:13.050 0 0 E DTC_ETH,link_delay_work_func: 3003, SQI=0, link=0
01-02 12:50:18.170 0 0 E DTC_ETH,link_delay_work_func: 3003, SQI=0, link=0
01-02 12:50:23.290 0 0 E DTC_ETH,link_delay_work_func: 3003, SQI=0, link=0
01-02 12:50:28.410 0 0 E DTC_ETH,link_delay_work_func: 3003, SQI=0, link=0
01-02 12:50:33.530 0 0 E DTC_ETH,link_delay_work_func: 3003, SQI=0, link=0
01-02 12:50:38.650 0 0 E DTC_ETH,link_delay_work_func: 3003, SQI=0, link=0
01-02 12:50:43.770 0 0 E DTC_ETH,link_delay_work_func: 3003, SQI=0, link=0
01-02 12:50:48.890 0 0 E DTC_ETH,link_delay_work_func: 3003, SQI=0, link=0
01-02 12:50:54.010 0 0 E DTC_ETH,link_delay_work_func: 3003, SQI=0, link=0
01-02 12:50:59.130 0 0 E DTC_ETH,link_delay_work_func: 3003, SQI=0, link=0
01-02 12:51:04.250 0 0 E DTC_ETH,link_delay_work_func: 3003, SQI=0, link=0
01-02 12:51:09.370 0 0 E DTC_ETH,link_delay_work_func: 3003, SQI=0, link=0
01-02 12:51:14.490 0 0 E DTC_ETH,link_delay_work_func: 3003, SQI=0, link=0
01-02 12:51:19.611 0 0 E DTC_ETH,link_delay_work_func: 3003, SQI=0, link=0
01-02 12:51:24.730 0 0 E DTC_ETH,link_delay_work_func: 3003, SQI=0, link=0
01-02 12:51:29.850 0 0 E DTC_ETH,link_delay_work_func: 3003, SQI=0, link=0
01-02 12:51:34.970 0 0 E DTC_ETH,link_delay_work_func: 3003, SQI=0, link=0
03-04 07:44:37.235 1501 1600 W ActivityManager: Stopping service due to app idle: u0a115 -1d4h51m14s400ms com.smile.gifmaker/com.kwai.chat.kwailink.service.NewKwaiLinkService
01-02 12:51:40.091 0 0 E DTC_ETH,link_delay_work_func: 3003, SQI=0, link=0
01-02 12:51:45.210 0 0 E DTC_ETH,link_delay_work_func: 3003, SQI=0, link=0
01-02 12:51:50.331 0 0 E DTC_ETH,link_delay_work_func: 3003, SQI=0, link=0
01-02 12:51:55.450 0 0 E DTC_ETH,link_delay_work_func: 3003, SQI=0, link=0
01-02 12:52:00.570 0 0 E DTC_ETH,link_delay_work_func: 3003, SQI=0, link=0
01-02 12:52:05.690 0 0 E DTC_ETH,link_delay_work_func: 3003, SQI=0, link=0
01-02 12:52:10.810 0 0 E DTC_ETH,link_delay_work_func: 3003, SQI=0, link=0
01-02 12:52:15.930 0 0 E DTC_ETH,link_delay_work_func: 3003, SQI=0, link=0
01-02 12:52:21.050 0 0 E DTC_ETH,link_delay_work_func: 3003, SQI=0, link=0
01-02 12:52:26.170 0 0 E DTC_ETH,link_delay_work_func: 3003, SQI=0, link=0
01-02 12:52:31.290 0 0 E DTC_ETH,link_delay_work_func: 3003, SQI=0, link=0
01-02 12:52:36.410 0 0 E DTC_ETH,link_delay_work_func: 3003, SQI=0, link=0
01-02 12:52:41.530 0 0 E DTC_ETH,link_delay_work_func: 3003, SQI=0, link=0
01-02 12:52:46.650 0 0 E DTC_ETH,link_delay_work_func: 3003, SQI=0, link=0
01-02 12:52:51.770 0 0 E DTC_ETH,link_delay_work_func: 3003, SQI=0, link=0
01-02 12:52:56.890 0 0 E DTC_ETH,link_delay_work_func: 3003, SQI=0, link=0
01-02 12:53:02.010 0 0 E DTC_ETH,link_delay_work_func: 3003, SQI=0, link=0
01-02 12:53:07.130 0 0 E DTC_ETH,link_delay_work_func: 3003, SQI=0, link=0
01-02 12:53:12.250 0 0 E DTC_ETH,link_delay_work_func: 3003, SQI=0, link=0
01-02 12:53:17.371 0 0 E DTC_ETH,link_delay_work_func: 3003, SQI=0, link=0
01-02 12:53:22.491 0 0 E DTC_ETH,link_delay_work_func: 3003, SQI=0, link=0
01-02 12:53:27.611 0 0 E DTC_ETH,link_delay_work_func: 3003, SQI=0, link=0
01-02 12:53:32.730 0 0 E DTC_ETH,link_delay_work_func: 3003, SQI=0, link=0
01-02 12:53:37.850 0 0 E DTC_ETH,link_delay_work_func: 3003, SQI=0, link=0
01-02 12:53:42.970 0 0 E DTC_ETH,link_delay_work_func: 3003, SQI=0, link=0
01-02 12:53:48.090 0 0 E DTC_ETH,link_delay_work_func: 3003, SQI=0, link=0
01-02 12:53:53.210 0 0 E DTC_ETH,link_delay_work_func: 3003, SQI=0, link=0
01-02 12:53:58.330 0 0 E DTC_ETH,link_delay_work_func: 3003, SQI=0, link=0
01-02 12:54:02.437 0 0 I [dp_rx_][0x1d11b1efd1d][07:47:03.061287] wlan: [3350:I:QDF] DHCP-D RX: SA:0e:79:35:c2:75:95 DA:ff:ff:ff:ff:ff:ff
01-02 12:54:03.450 0 0 E DTC_ETH,link_delay_work_func: 3003, SQI=0, link=0
01-02 12:54:03.457 0 0 I [dp_rx_][0x1d11c49f802][07:47:04.081806] wlan: [3350:I:QDF] DHCP-D RX: SA:0e:79:35:c2:75:95 DA:ff:ff:ff:ff:ff:ff
01-02 12:54:06.530 0 0 I [dp_rx_][0x1d11fce2062][07:47:07.154344] wlan: [3350:I:QDF] DHCP-R RX: SA:0e:79:35:c2:75:95 DA:ff:ff:ff:ff:ff:ff
01-02 12:54:08.570 0 0 E DTC_ETH,link_delay_work_func: 3003, SQI=0, link=0
01-02 12:54:13.690 0 0 E DTC_ETH,link_delay_work_func: 3003, SQI=0, link=0
01-02 12:54:18.811 0 0 E DTC_ETH,link_delay_work_func: 3003, SQI=0, link=0
01-02 12:54:23.930 0 0 E DTC_ETH,link_delay_work_func: 3003, SQI=0, link=0
01-02 12:54:29.050 0 0 E DTC_ETH,link_delay_work_func: 3003, SQI=0, link=0
01-02 12:54:34.170 0 0 E DTC_ETH,link_delay_work_func: 3003, SQI=0, link=0
01-02 12:54:39.290 0 0 E DTC_ETH,link_delay_work_func: 3003, SQI=0, link=0
01-02 12:54:44.410 0 0 E DTC_ETH,link_delay_work_func: 3003, SQI=0, link=0
01-02 12:54:49.531 0 0 E DTC_ETH,link_delay_work_func: 3003, SQI=0, link=0
01-02 12:54:54.650 0 0 E DTC_ETH,link_delay_work_func: 3003, SQI=0, link=0
01-02 12:54:59.770 0 0 E DTC_ETH,link_delay_work_func: 3003, SQI=0, link=0
01-02 12:55:04.890 0 0 E DTC_ETH,link_delay_work_func: 3003, SQI=0, link=0
01-02 12:55:10.010 0 0 E DTC_ETH,link_delay_work_func: 3003, SQI=0, link=0
01-02 12:55:15.130 0 0 E DTC_ETH,link_delay_work_func: 3003, SQI=0, link=0
01-02 12:55:20.250 0 0 E DTC_ETH,link_delay_work_func: 3003, SQI=0, link=0
01-02 12:55:25.370 0 0 E DTC_ETH,link_delay_work_func: 3003, SQI=0, link=0
01-02 12:55:30.490 0 0 E DTC_ETH,link_delay_work_func: 3003, SQI=0, link=0
01-02 12:55:35.611 0 0 E DTC_ETH,link_delay_work_func: 3003, SQI=0, link=0
01-02 12:55:40.730 0 0 E DTC_ETH,link_delay_work_func: 3003, SQI=0, link=0
01-02 12:55:45.850 0 0 E DTC_ETH,link_delay_work_func: 3003, SQI=0, link=0
01-02 12:55:50.970 0 0 E DTC_ETH,link_delay_work_func: 3003, SQI=0, link=0
01-02 12:55:56.091 0 0 E DTC_ETH,link_delay_work_func: 3003, SQI=0, link=0
01-02 12:56:01.210 0 0 E DTC_ETH,link_delay_work_func: 3003, SQI=0, link=0
01-02 12:56:06.330 0 0 E DTC_ETH,link_delay_work_func: 3003, SQI=0, link=0
01-02 12:56:11.450 0 0 E DTC_ETH,link_delay_work_func: 3003, SQI=0, link=0
01-02 12:56:16.570 0 0 E DTC_ETH,link_delay_work_func: 3003, SQI=0, link=0
01-02 12:56:21.691 0 0 E DTC_ETH,link_delay_work_func: 3003, SQI=0, link=0
01-02 12:56:26.811 0 0 E DTC_ETH,link_delay_work_func: 3003, SQI=0, link=0
01-02 12:56:31.930 0 0 E DTC_ETH,link_delay_work_func: 3003, SQI=0, link=0
01-02 12:56:37.050 0 0 E DTC_ETH,link_delay_work_func: 3003, SQI=0, link=0
01-02 12:56:42.170 0 0 E DTC_ETH,link_delay_work_func: 3003, SQI=0, link=0
01-02 12:56:47.290 0 0 E DTC_ETH,link_delay_work_func: 3003, SQI=0, link=0
01-02 12:56:52.410 0 0 E DTC_ETH,link_delay_work_func: 3003, SQI=0, link=0
01-02 12:56:57.530 0 0 E DTC_ETH,link_delay_work_func: 3003, SQI=0, link=0
01-02 12:57:02.650 0 0 E DTC_ETH,link_delay_work_func: 3003, SQI=0, link=0
01-02 12:57:07.770 0 0 E DTC_ETH,link_delay_work_func: 3003, SQI=0, link=0
01-02 12:57:12.890 0 0 E DTC_ETH,link_delay_work_func: 3003, SQI=0, link=0
01-02 12:57:18.010 0 0 E DTC_ETH,link_delay_work_func: 3003, SQI=0, link=0
01-02 12:57:23.131 0 0 E DTC_ETH,link_delay_work_func: 3003, SQI=0, link=0
01-02 12:57:28.250 0 0 E DTC_ETH,link_delay_work_func: 3003, SQI=0, link=0
01-02 12:57:33.370 0 0 E DTC_ETH,link_delay_work_func: 3003, SQI=0, link=0
01-02 12:57:38.490 0 0 E DTC_ETH,link_delay_work_func: 3003, SQI=0, link=0
01-02 12:57:43.610 0 0 E DTC_ETH,link_delay_work_func: 3003, SQI=0, link=0
01-02 12:57:48.730 0 0 E DTC_ETH,link_delay_work_func: 3003, SQI=0, link=0
01-02 12:57:53.850 0 0 E DTC_ETH,link_delay_work_func: 3003, SQI=0, link=0
01-02 12:57:58.970 0 0 E DTC_ETH,link_delay_work_func: 3003, SQI=0, link=0
01-02 12:58:04.091 0 0 E DTC_ETH,link_delay_work_func: 3003, SQI=0, link=0
01-02 12:58:09.210 0 0 E DTC_ETH,link_delay_work_func: 3003, SQI=0, link=0
01-02 12:58:14.330 0 0 E DTC_ETH,link_delay_work_func: 3003, SQI=0, link=0
01-02 12:58:19.450 0 0 E DTC_ETH,link_delay_work_func: 3003, SQI=0, link=0
01-02 12:58:24.570 0 0 E DTC_ETH,link_delay_work_func: 3003, SQI=0, link=0
01-02 12:58:29.690 0 0 E DTC_ETH,link_delay_work_func: 3003, SQI=0, link=0
01-02 12:58:34.810 0 0 E DTC_ETH,link_delay_work_func: 3003, SQI=0, link=0
01-02 12:58:39.931 0 0 E DTC_ETH,link_delay_work_func: 3003, SQI=0, link=0
01-02 12:58:45.050 0 0 E DTC_ETH,link_delay_work_func: 3003, SQI=0, link=0
01-02 12:58:50.170 0 0 E DTC_ETH,link_delay_work_func: 3003, SQI=0, link=0
01-02 12:58:55.290 0 0 E DTC_ETH,link_delay_work_func: 3003, SQI=0, link=0
01-02 12:59:00.410 0 0 E DTC_ETH,link_delay_work_func: 3003, SQI=0, link=0
01-02 12:59:05.531 0 0 E DTC_ETH,link_delay_work_func: 3003, SQI=0, link=0
01-02 12:59:10.650 0 0 E DTC_ETH,link_delay_work_func: 3003, SQI=0, link=0
01-02 12:59:15.770 0 0 E DTC_ETH,link_delay_work_func: 3003, SQI=0, link=0
01-02 12:59:20.891 0 0 E DTC_ETH,link_delay_work_func: 3003, SQI=0, link=0
01-02 12:59:21.318 0 0 I [dp_rx_][0x1d2880d4950][07:52:21.942730] wlan: [3350:I:QDF] DHCP-D RX: SA:0e:79:35:c2:75:95 DA:ff:ff:ff:ff:ff:ff
01-02 12:59:23.469 0 0 I [dp_rx_][0x1d28a835983][07:52:24.093346] wlan: [3350:I:QDF] DHCP-R RX: SA:0e:79:35:c2:75:95 DA:ff:ff:ff:ff:ff:ff
01-02 12:59:26.010 0 0 E DTC_ETH,link_delay_work_func: 3003, SQI=0, link=0
01-02 12:59:31.130 0 0 E DTC_ETH,link_delay_work_func: 3003, SQI=0, link=0
01-02 12:59:36.250 0 0 E DTC_ETH,link_delay_work_func: 3003, SQI=0, link=0
01-02 12:59:41.371 0 0 E DTC_ETH,link_delay_work_func: 3003, SQI=0, link=0
01-02 12:59:46.490 0 0 E DTC_ETH,link_delay_work_func: 3003, SQI=0, link=0
01-02 12:59:51.610 0 0 E DTC_ETH,link_delay_work_func: 3003, SQI=0, link=0
01-02 12:59:56.730 0 0 E DTC_ETH,link_delay_work_func: 3003, SQI=0, link=0
01-02 13:00:01.850 0 0 E DTC_ETH,link_delay_work_func: 3003, SQI=0, link=0
01-02 13:00:02.370 0 0 I binder : 1501:1733 ioctl 400c620e 73196005d8 returned -22
01-02 13:00:02.372 0 0 I binder : 1501:1733 ioctl c00c620f 73196005b8 returned -22
03-04 07:53:02.993 1501 1733 D ActivityManager: freezing 2543 com.qti.diagservices
03-04 07:53:02.995 1501 1733 E ActivityManager: Unable to freeze binder for 2543 com.qti.diagservices
03-04 07:53:02.996 1501 1733 D ActivityManager: froze 2543 com.qti.diagservices
03-04 07:53:02.996 1501 1733 E ActivityManager: Unable to freeze binder for 2543 com.qti.diagservices
03-04 07:53:02.999 1501 1733 I ActivityManager: Killing 2543:com.qti.diagservices/1000 (adj 915): Unable to freeze binder interface
03-04 07:53:03.033 1501 3160 W ActivityManager: Scheduling restart of crashed service com.qti.diagservices/.QTIDiagServices in 1000ms for start-requested
03-04 07:53:03.970 1501 1621 W BatteryExternalStatsWorker: error reading modem stats:ERROR_PHONE_NOT_AVAILABLE
03-04 07:53:03.999 1501 1621 E KernelCpuSpeedReader: Failed to read cpu-freq: /sys/devices/system/cpu/cpu4/cpufreq/stats/time_in_state: open failed: ENOENT (No such file or directory)
03-04 07:53:04.000 1501 1621 E KernelCpuSpeedReader: Failed to read cpu-freq: /sys/devices/system/cpu/cpu0/cpufreq/stats/time_in_state: open failed: ENOENT (No such file or directory)
01-02 13:00:03.387 0 0 W audit : audit_lost=8388 audit_rate_limit=5 audit_backlog_limit=64
01-02 13:00:03.387 0 0 E audit : rate limit exceeded
03-04 07:53:04.035 1501 1600 D CompatibilityChangeReporter: Compat change id reported: 135634846; UID 1000; state: DISABLED
03-04 07:53:04.036 1501 1600 D CompatibilityChangeReporter: Compat change id reported: 177438394; UID 1000; state: DISABLED
03-04 07:53:04.036 1501 1600 D CompatibilityChangeReporter: Compat change id reported: 135772972; UID 1000; state: DISABLED
03-04 07:53:04.036 1501 1600 D CompatibilityChangeReporter: Compat change id reported: 135754954; UID 1000; state: ENABLED
03-04 07:53:04.052 1501 1601 I ActivityManager: Start proc 9324:com.qti.diagservices/1000 for service {com.qti.diagservices/com.qti.diagservices.QTIDiagServices}
01-02 13:00:03.465 0 0 I binder : 9324:9324 ioctl 40046210 7fe0d02fe4 returned -22
01-02 13:00:06.970 0 0 E DTC_ETH,link_delay_work_func: 3003, SQI=0, link=0
01-02 13:00:12.090 0 0 E DTC_ETH,link_delay_work_func: 3003, SQI=0, link=0
01-02 13:00:17.210 0 0 E DTC_ETH,link_delay_work_func: 3003, SQI=0, link=0
03-04 07:53:18.062 1501 1598 I UsageStatsService: User[0] Flushing usage stats to disk
01-02 13:00:22.330 0 0 E DTC_ETH,link_delay_work_func: 3003, SQI=0, link=0
01-02 13:00:23.145 0 0 I init : Untracked pid 9363 exited with status 0
01-02 13:00:27.450 0 0 E DTC_ETH,link_delay_work_func: 3003, SQI=0, link=0
01-02 13:00:32.570 0 0 E DTC_ETH,link_delay_work_func: 3003, SQI=0, link=0
01-02 13:00:37.690 0 0 E DTC_ETH,link_delay_work_func: 3003, SQI=0, link=0
01-02 13:00:42.810 0 0 E DTC_ETH,link_delay_work_func: 3003, SQI=0, link=0
01-02 13:00:47.930 0 0 E DTC_ETH,link_delay_work_func: 3003, SQI=0, link=0
01-02 13:00:53.050 0 0 E DTC_ETH,link_delay_work_func: 3003, SQI=0, link=0
01-02 13:00:58.171 0 0 E DTC_ETH,link_delay_work_func: 3003, SQI=0, link=0
01-02 13:01:03.290 0 0 E DTC_ETH,link_delay_work_func: 3003, SQI=0, link=0
01-02 13:01:08.410 0 0 E DTC_ETH,link_delay_work_func: 3003, SQI=0, link=0
01-02 13:01:13.530 0 0 E DTC_ETH,link_delay_work_func: 3003, SQI=0, link=0
01-02 13:01:18.650 0 0 E DTC_ETH,link_delay_work_func: 3003, SQI=0, link=0
03-04 07:54:21.102 1501 1501 I JobServiceContext: Client timed out while executing (no jobFinished received). Sending onStop: dd3ed7d #u0a102/245 com.kuaishou.nebula/androidx.work.impl.background.systemjob.SystemJobService
03-04 07:54:24.224 1501 1501 I JobServiceContext: Client timed out while executing (no jobFinished received). Sending onStop: e9255be #u0a115/239 com.smile.gifmaker/androidx.work.impl.background.systemjob.SystemJobService
01-02 13:01:23.771 0 0 E DTC_ETH,link_delay_work_func: 3003, SQI=0, link=0
01-02 13:01:28.890 0 0 E DTC_ETH,link_delay_work_func: 3003, SQI=0, link=0
01-02 13:01:34.010 0 0 E DTC_ETH,link_delay_work_func: 3003, SQI=0, link=0
03-04 07:54:37.247 1501 1600 W ActivityManager: Stopping service due to app idle: u0a115 -1d5h1m14s412ms com.smile.gifmaker/com.kwai.chat.kwailink.service.NewKwaiLinkService
01-02 13:01:39.131 0 0 E DTC_ETH,link_delay_work_func: 3003, SQI=0, link=0
01-02 13:01:44.251 0 0 E DTC_ETH,link_delay_work_func: 3003, SQI=0, link=0
01-02 13:01:49.370 0 0 E DTC_ETH,link_delay_work_func: 3003, SQI=0, link=0
01-02 13:01:54.490 0 0 E DTC_ETH,link_delay_work_func: 3003, SQI=0, link=0
01-02 13:01:59.610 0 0 E DTC_ETH,link_delay_work_func: 3003, SQI=0, link=0
01-02 13:02:04.730 0 0 E DTC_ETH,link_delay_work_func: 3003, SQI=0, link=0
01-02 13:02:09.850 0 0 E DTC_ETH,link_delay_work_func: 3003, SQI=0, link=0
01-02 13:02:14.970 0 0 E DTC_ETH,link_delay_work_func: 3003, SQI=0, link=0
01-02 13:02:20.090 0 0 E DTC_ETH,link_delay_work_func: 3003, SQI=0, link=0
01-02 13:02:25.211 0 0 E DTC_ETH,link_delay_work_func: 3003, SQI=0, link=0
01-02 13:02:30.330 0 0 E DTC_ETH,link_delay_work_func: 3003, SQI=0, link=0
01-02 13:02:33.659 0 0 D cnss : Host time = 104553660020 us, device time = 104519857830 us, offset = 33802190 us
01-02 13:02:33.659 0 0 D cnss : Updated time sync regs [0x984] = 0x203c7ce, [0x988] = 0x0
01-02 13:02:35.450 0 0 E DTC_ETH,link_delay_work_func: 3003, SQI=0, link=0
01-02 13:02:40.570 0 0 E DTC_ETH,link_delay_work_func: 3003, SQI=0, link=0
01-02 13:02:45.690 0 0 E DTC_ETH,link_delay_work_func: 3003, SQI=0, link=0
01-02 13:02:50.811 0 0 E DTC_ETH,link_delay_work_func: 3003, SQI=0, link=0
01-02 13:02:55.930 0 0 E DTC_ETH,link_delay_work_func: 3003, SQI=0, link=0
01-02 13:03:01.050 0 0 E DTC_ETH,link_delay_work_func: 3003, SQI=0, link=0
01-02 13:03:06.170 0 0 E DTC_ETH,link_delay_work_func: 3003, SQI=0, link=0
01-02 13:03:11.290 0 0 E DTC_ETH,link_delay_work_func: 3003, SQI=0, link=0
01-02 13:03:16.410 0 0 E DTC_ETH,link_delay_work_func: 3003, SQI=0, link=0
01-02 13:03:21.530 0 0 E DTC_ETH,link_delay_work_func: 3003, SQI=0, link=0
01-02 13:03:26.650 0 0 E DTC_ETH,link_delay_work_func: 3003, SQI=0, link=0
01-02 13:03:31.771 0 0 E DTC_ETH,link_delay_work_func: 3003, SQI=0, link=0
01-02 13:03:36.891 0 0 E DTC_ETH,link_delay_work_func: 3003, SQI=0, link=0
01-02 13:03:42.011 0 0 E DTC_ETH,link_delay_work_func: 3003, SQI=0, link=0
01-02 13:03:47.130 0 0 E DTC_ETH,link_delay_work_func: 3003, SQI=0, link=0
01-02 13:03:52.250 0 0 E DTC_ETH,link_delay_work_func: 3003, SQI=0, link=0
01-02 13:03:57.370 0 0 E DTC_ETH,link_delay_work_func: 3003, SQI=0, link=0
01-02 13:04:02.490 0 0 E DTC_ETH,link_delay_work_func: 3003, SQI=0, link=0
01-02 13:04:07.610 0 0 E DTC_ETH,link_delay_work_func: 3003, SQI=0, link=0
01-02 13:04:12.730 0 0 E DTC_ETH,link_delay_work_func: 3003, SQI=0, link=0
01-02 13:04:17.850 0 0 E DTC_ETH,link_delay_work_func: 3003, SQI=0, link=0
01-02 13:04:22.970 0 0 E DTC_ETH,link_delay_work_func: 3003, SQI=0, link=0
01-02 13:04:28.090 0 0 E DTC_ETH,link_delay_work_func: 3003, SQI=0, link=0
01-02 13:04:33.210 0 0 E DTC_ETH,link_delay_work_func: 3003, SQI=0, link=0
01-02 13:04:38.330 0 0 E DTC_ETH,link_delay_work_func: 3003, SQI=0, link=0
01-02 13:04:39.589 0 0 I [dp_rx_][0x1d3f448b3e4][07:57:40.213591] wlan: [3350:I:QDF] DHCP-D RX: SA:0e:79:35:c2:75:95 DA:ff:ff:ff:ff:ff:ff
01-02 13:04:43.450 0 0 E DTC_ETH,link_delay_work_func: 3003, SQI=0, link=0
01-02 13:04:48.570 0 0 E DTC_ETH,link_delay_work_func: 3003, SQI=0, link=0
01-02 13:04:53.690 0 0 E DTC_ETH,link_delay_work_func: 3003, SQI=0, link=0
01-02 13:04:58.810 0 0 E DTC_ETH,link_delay_work_func: 3003, SQI=0, link=0
01-02 13:05:03.930 0 0 E DTC_ETH,link_delay_work_func: 3003, SQI=0, link=0
01-02 13:05:09.050 0 0 E DTC_ETH,link_delay_work_func: 3003, SQI=0, link=0
01-02 13:05:14.170 0 0 E DTC_ETH,link_delay_work_func: 3003, SQI=0, link=0
01-02 13:05:19.290 0 0 E DTC_ETH,link_delay_work_func: 3003, SQI=0, link=0
01-02 13:05:24.410 0 0 E DTC_ETH,link_delay_work_func: 3003, SQI=0, link=0
01-02 13:05:29.530 0 0 E DTC_ETH,link_delay_work_func: 3003, SQI=0, link=0
01-02 13:05:34.650 0 0 E DTC_ETH,link_delay_work_func: 3003, SQI=0, link=0
01-02 13:05:39.770 0 0 E DTC_ETH,link_delay_work_func: 3003, SQI=0, link=0
01-02 13:05:44.890 0 0 E DTC_ETH,link_delay_work_func: 3003, SQI=0, link=0
01-02 13:05:50.010 0 0 E DTC_ETH,link_delay_work_func: 3003, SQI=0, link=0
01-02 13:05:55.130 0 0 E DTC_ETH,link_delay_work_func: 3003, SQI=0, link=0
01-02 13:06:00.250 0 0 E DTC_ETH,link_delay_work_func: 3003, SQI=0, link=0
01-02 13:06:05.371 0 0 E DTC_ETH,link_delay_work_func: 3003, SQI=0, link=0
01-02 13:06:10.490 0 0 E DTC_ETH,link_delay_work_func: 3003, SQI=0, link=0
01-02 13:06:15.610 0 0 E DTC_ETH,link_delay_work_func: 3003, SQI=0, link=0
01-02 13:06:20.731 0 0 E DTC_ETH,link_delay_work_func: 3003, SQI=0, link=0
01-02 13:06:25.851 0 0 E DTC_ETH,link_delay_work_func: 3003, SQI=0, link=0
01-02 13:06:30.970 0 0 E DTC_ETH,link_delay_work_func: 3003, SQI=0, link=0
01-02 13:06:36.090 0 0 E DTC_ETH,link_delay_work_func: 3003, SQI=0, link=0
01-02 13:06:41.210 0 0 E DTC_ETH,link_delay_work_func: 3003, SQI=0, link=0
01-02 13:06:46.330 0 0 E DTC_ETH,link_delay_work_func: 3003, SQI=0, link=0
01-02 13:06:51.450 0 0 E DTC_ETH,link_delay_work_func: 3003, SQI=0, link=0
01-02 13:06:56.570 0 0 E DTC_ETH,link_delay_work_func: 3003, SQI=0, link=0
01-02 13:07:01.695 0 0 E DTC_ETH,link_delay_work_func: 3003, SQI=0, link=0
01-02 13:07:06.811 0 0 E DTC_ETH,link_delay_work_func: 3003, SQI=0, link=0
01-02 13:07:11.930 0 0 E DTC_ETH,link_delay_work_func: 3003, SQI=0, link=0
01-02 13:07:17.050 0 0 E DTC_ETH,link_delay_work_func: 3003, SQI=0, link=0
01-02 13:07:22.170 0 0 E DTC_ETH,link_delay_work_func: 3003, SQI=0, link=0
01-02 13:07:27.290 0 0 E DTC_ETH,link_delay_work_func: 3003, SQI=0, link=0
01-02 13:07:32.410 0 0 E DTC_ETH,link_delay_work_func: 3003, SQI=0, link=0
01-02 13:07:37.530 0 0 E DTC_ETH,link_delay_work_func: 3003, SQI=0, link=0
01-02 13:07:42.650 0 0 E DTC_ETH,link_delay_work_func: 3003, SQI=0, link=0
01-02 13:07:47.771 0 0 E DTC_ETH,link_delay_work_func: 3003, SQI=0, link=0
01-02 13:07:52.891 0 0 E DTC_ETH,link_delay_work_func: 3003, SQI=0, link=0
01-02 13:07:58.010 0 0 E DTC_ETH,link_delay_work_func: 3003, SQI=0, link=0
01-02 13:08:03.130 0 0 E DTC_ETH,link_delay_work_func: 3003, SQI=0, link=0
01-02 13:08:08.251 0 0 E DTC_ETH,link_delay_work_func: 3003, SQI=0, link=0
01-02 13:08:13.371 0 0 E DTC_ETH,link_delay_work_func: 3003, SQI=0, link=0
01-02 13:08:18.490 0 0 E DTC_ETH,link_delay_work_func: 3003, SQI=0, link=0
01-02 13:08:23.611 0 0 E DTC_ETH,link_delay_work_func: 3003, SQI=0, link=0
01-02 13:08:28.730 0 0 E DTC_ETH,link_delay_work_func: 3003, SQI=0, link=0
01-02 13:08:33.850 0 0 E DTC_ETH,link_delay_work_func: 3003, SQI=0, link=0
01-02 13:08:38.971 0 0 E DTC_ETH,link_delay_work_func: 3003, SQI=0, link=0
01-02 13:08:44.090 0 0 E DTC_ETH,link_delay_work_func: 3003, SQI=0, link=0
01-02 13:08:49.210 0 0 E DTC_ETH,link_delay_work_func: 3003, SQI=0, link=0
01-02 13:08:54.330 0 0 E DTC_ETH,link_delay_work_func: 3003, SQI=0, link=0
01-02 13:08:59.450 0 0 E DTC_ETH,link_delay_work_func: 3003, SQI=0, link=0
01-02 13:09:04.570 0 0 E DTC_ETH,link_delay_work_func: 3003, SQI=0, link=0
01-02 13:09:09.690 0 0 E DTC_ETH,link_delay_work_func: 3003, SQI=0, link=0
01-02 13:09:14.810 0 0 E DTC_ETH,link_delay_work_func: 3003, SQI=0, link=0
01-02 13:09:19.930 0 0 E DTC_ETH,link_delay_work_func: 3003, SQI=0, link=0
01-02 13:09:25.050 0 0 E DTC_ETH,link_delay_work_func: 3003, SQI=0, link=0
01-02 13:09:30.170 0 0 E DTC_ETH,link_delay_work_func: 3003, SQI=0, link=0
01-02 13:09:35.290 0 0 E DTC_ETH,link_delay_work_func: 3003, SQI=0, link=0
01-02 13:09:40.410 0 0 E DTC_ETH,link_delay_work_func: 3003, SQI=0, link=0
01-02 13:09:45.530 0 0 E DTC_ETH,link_delay_work_func: 3003, SQI=0, link=0
01-02 13:09:50.650 0 0 E DTC_ETH,link_delay_work_func: 3003, SQI=0, link=0
01-02 13:09:55.403 0 0 I [dp_rx_][0x1d55db4221f][08:02:56.026900] wlan: [3350:I:QDF] DHCP-D RX: SA:0e:79:35:c2:75:95 DA:ff:ff:ff:ff:ff:ff
01-02 13:09:55.770 0 0 E DTC_ETH,link_delay_work_func: 3003, SQI=0, link=0
01-02 13:09:57.555 0 0 I [dp_rx_][0x1d5602a973b][08:02:58.178862] wlan: [3350:I:QDF] DHCP-R RX: SA:0e:79:35:c2:75:95 DA:ff:ff:ff:ff:ff:ff
01-02 13:10:00.890 0 0 E DTC_ETH,link_delay_work_func: 3003, SQI=0, link=0
01-02 13:10:06.010 0 0 E DTC_ETH,link_delay_work_func: 3003, SQI=0, link=0
01-02 13:10:11.130 0 0 E DTC_ETH,link_delay_work_func: 3003, SQI=0, link=0
01-02 13:10:16.251 0 0 E DTC_ETH,link_delay_work_func: 3003, SQI=0, link=0
01-02 13:10:21.370 0 0 E DTC_ETH,link_delay_work_func: 3003, SQI=0, link=0
01-02 13:10:26.490 0 0 E DTC_ETH,link_delay_work_func: 3003, SQI=0, link=0
01-02 13:10:31.610 0 0 E DTC_ETH,link_delay_work_func: 3003, SQI=0, link=0
01-02 13:10:36.730 0 0 E DTC_ETH,link_delay_work_func: 3003, SQI=0, link=0
01-02 13:10:41.850 0 0 E DTC_ETH,link_delay_work_func: 3003, SQI=0, link=0
01-02 13:10:46.970 0 0 E DTC_ETH,link_delay_work_func: 3003, SQI=0, link=0
01-02 13:10:52.090 0 0 E DTC_ETH,link_delay_work_func: 3003, SQI=0, link=0
01-02 13:10:57.210 0 0 E DTC_ETH,link_delay_work_func: 3003, SQI=0, link=0
01-02 13:11:02.330 0 0 E DTC_ETH,link_delay_work_func: 3003, SQI=0, link=0
01-02 13:11:07.450 0 0 E DTC_ETH,link_delay_work_func: 3003, SQI=0, link=0
01-02 13:11:12.570 0 0 E DTC_ETH,link_delay_work_func: 3003, SQI=0, link=0
01-02 13:11:17.691 0 0 E DTC_ETH,link_delay_work_func: 3003, SQI=0, link=0
03-04 08:04:21.125 1501 1501 I JobServiceContext: Letting dbfa955 #u0a102/246 com.kuaishou.nebula/androidx.work.impl.background.systemjob.SystemJobService continue to run past min execution time
01-02 13:11:22.810 0 0 E DTC_ETH,link_delay_work_func: 3003, SQI=0, link=0
03-04 08:04:24.253 1501 1501 I JobServiceContext: Letting 16ad836 #u0a115/240 com.smile.gifmaker/androidx.work.impl.background.systemjob.SystemJobService continue to run past min execution time
01-02 13:11:27.930 0 0 E DTC_ETH,link_delay_work_func: 3003, SQI=0, link=0
01-02 13:11:33.050 0 0 E DTC_ETH,link_delay_work_func: 3003, SQI=0, link=0
03-04 08:04:37.322 1501 1600 W ActivityManager: Stopping service due to app idle: u0a115 -1d5h11m14s486ms com.smile.gifmaker/com.kwai.chat.kwailink.service.NewKwaiLinkService
01-02 13:11:38.170 0 0 E DTC_ETH,link_delay_work_func: 3003, SQI=0, link=0
01-02 13:11:43.291 0 0 E DTC_ETH,link_delay_work_func: 3003, SQI=0, link=0
01-02 13:11:48.410 0 0 E DTC_ETH,link_delay_work_func: 3003, SQI=0, link=0
01-02 13:11:53.530 0 0 E DTC_ETH,link_delay_work_func: 3003, SQI=0, link=0
01-02 13:11:58.650 0 0 E DTC_ETH,link_delay_work_func: 3003, SQI=0, link=0
01-02 13:12:03.771 0 0 E DTC_ETH,link_delay_work_func: 3003, SQI=0, link=0
01-02 13:12:08.891 0 0 E DTC_ETH,link_delay_work_func: 3003, SQI=0, link=0
01-02 13:12:14.010 0 0 E DTC_ETH,link_delay_work_func: 3003, SQI=0, link=0
01-02 13:12:19.130 0 0 E DTC_ETH,link_delay_work_func: 3003, SQI=0, link=0
01-02 13:12:24.250 0 0 E DTC_ETH,link_delay_work_func: 3003, SQI=0, link=0
01-02 13:12:29.370 0 0 E DTC_ETH,link_delay_work_func: 3003, SQI=0, link=0
01-02 13:12:34.490 0 0 E DTC_ETH,link_delay_work_func: 3003, SQI=0, link=0
01-02 13:12:39.611 0 0 E DTC_ETH,link_delay_work_func: 3003, SQI=0, link=0
01-02 13:12:44.730 0 0 E DTC_ETH,link_delay_work_func: 3003, SQI=0, link=0
01-02 13:12:49.850 0 0 E DTC_ETH,link_delay_work_func: 3003, SQI=0, link=0
01-02 13:12:54.970 0 0 E DTC_ETH,link_delay_work_func: 3003, SQI=0, link=0
01-02 13:13:00.090 0 0 E DTC_ETH,link_delay_work_func: 3003, SQI=0, link=0
01-02 13:13:05.210 0 0 E DTC_ETH,link_delay_work_func: 3003, SQI=0, link=0
01-02 13:13:10.330 0 0 E DTC_ETH,link_delay_work_func: 3003, SQI=0, link=0
01-02 13:13:15.450 0 0 E DTC_ETH,link_delay_work_func: 3003, SQI=0, link=0
01-02 13:13:20.570 0 0 E DTC_ETH,link_delay_work_func: 3003, SQI=0, link=0
01-02 13:13:25.690 0 0 E DTC_ETH,link_delay_work_func: 3003, SQI=0, link=0
01-02 13:13:30.810 0 0 E DTC_ETH,link_delay_work_func: 3003, SQI=0, link=0
01-02 13:13:35.930 0 0 E DTC_ETH,link_delay_work_func: 3003, SQI=0, link=0
01-02 13:13:41.050 0 0 E DTC_ETH,link_delay_work_func: 3003, SQI=0, link=0
01-02 13:13:46.170 0 0 E DTC_ETH,link_delay_work_func: 3003, SQI=0, link=0
01-02 13:13:51.291 0 0 E DTC_ETH,link_delay_work_func: 3003, SQI=0, link=0
01-02 13:13:56.410 0 0 E DTC_ETH,link_delay_work_func: 3003, SQI=0, link=0
01-02 13:14:01.530 0 0 E DTC_ETH,link_delay_work_func: 3003, SQI=0, link=0
01-02 13:14:06.650 0 0 E DTC_ETH,link_delay_work_func: 3003, SQI=0, link=0
01-02 13:14:11.770 0 0 E DTC_ETH,link_delay_work_func: 3003, SQI=0, link=0
01-02 13:14:16.890 0 0 E DTC_ETH,link_delay_work_func: 3003, SQI=0, link=0
01-02 13:14:22.010 0 0 E DTC_ETH,link_delay_work_func: 3003, SQI=0, link=0
01-02 13:14:27.130 0 0 E DTC_ETH,link_delay_work_func: 3003, SQI=0, link=0
01-02 13:14:32.251 0 0 E DTC_ETH,link_delay_work_func: 3003, SQI=0, link=0
01-02 13:14:37.370 0 0 E DTC_ETH,link_delay_work_func: 3003, SQI=0, link=0
01-02 13:14:42.490 0 0 E DTC_ETH,link_delay_work_func: 3003, SQI=0, link=0
01-02 13:14:47.610 0 0 E DTC_ETH,link_delay_work_func: 3003, SQI=0, link=0
01-02 13:14:52.730 0 0 E DTC_ETH,link_delay_work_func: 3003, SQI=0, link=0
01-02 13:14:57.850 0 0 E DTC_ETH,link_delay_work_func: 3003, SQI=0, link=0
01-02 13:15:02.970 0 0 E DTC_ETH,link_delay_work_func: 3003, SQI=0, link=0
01-02 13:15:08.090 0 0 E DTC_ETH,link_delay_work_func: 3003, SQI=0, link=0
01-02 13:15:13.210 0 0 E DTC_ETH,link_delay_work_func: 3003, SQI=0, link=0
01-02 13:15:13.879 0 0 I [dp_rx_][0x1d6ca2bc68b][08:08:14.503332] wlan: [3350:I:QDF] DHCP-D RX: SA:0e:79:35:c2:75:95 DA:ff:ff:ff:ff:ff:ff
01-02 13:15:14.903 0 0 I [dp_rx_][0x1d6cb57ad31][08:08:15.526994] wlan: [3350:I:QDF] DHCP-D RX: SA:0e:79:35:c2:75:95 DA:ff:ff:ff:ff:ff:ff
01-02 13:15:15.005 0 0 I [dp_rx_][0x1d6cb758665][08:08:15.628877] wlan: [3350:I:QDF] DHCP-R RX: SA:0e:79:35:c2:75:95 DA:ff:ff:ff:ff:ff:ff
01-02 13:15:18.077 0 0 I [dp_rx_][0x1d6cef9b97b][08:08:18.701558] wlan: [3350:I:QDF] DHCP-R RX: SA:0e:79:35:c2:75:95 DA:ff:ff:ff:ff:ff:ff
01-02 13:15:18.330 0 0 E DTC_ETH,link_delay_work_func: 3003, SQI=0, link=0
01-02 13:15:23.450 0 0 E DTC_ETH,link_delay_work_func: 3003, SQI=0, link=0
01-02 13:15:24.119 0 0 I [dp_rx_][0x1d6d5e3bd72][08:08:24.743211] wlan: [3350:I:QDF] DHCP-R RX: SA:0e:79:35:c2:75:95 DA:ff:ff:ff:ff:ff:ff
01-02 13:15:28.570 0 0 E DTC_ETH,link_delay_work_func: 3003, SQI=0, link=0
01-02 13:15:33.690 0 0 E DTC_ETH,link_delay_work_func: 3003, SQI=0, link=0
01-02 13:15:38.810 0 0 E DTC_ETH,link_delay_work_func: 3003, SQI=0, link=0
01-02 13:15:43.931 0 0 E DTC_ETH,link_delay_work_func: 3003, SQI=0, link=0
01-02 13:15:49.051 0 0 E DTC_ETH,link_delay_work_func: 3003, SQI=0, link=0
01-02 13:15:54.171 0 0 E DTC_ETH,link_delay_work_func: 3003, SQI=0, link=0
01-02 13:15:59.290 0 0 E DTC_ETH,link_delay_work_func: 3003, SQI=0, link=0
01-02 13:16:04.410 0 0 E DTC_ETH,link_delay_work_func: 3003, SQI=0, link=0
01-02 13:16:09.530 0 0 E DTC_ETH,link_delay_work_func: 3003, SQI=0, link=0
01-02 13:16:14.651 0 0 E DTC_ETH,link_delay_work_func: 3003, SQI=0, link=0
01-02 13:16:19.770 0 0 E DTC_ETH,link_delay_work_func: 3003, SQI=0, link=0
01-02 13:16:24.891 0 0 E DTC_ETH,link_delay_work_func: 3003, SQI=0, link=0
01-02 13:16:30.010 0 0 E DTC_ETH,link_delay_work_func: 3003, SQI=0, link=0
01-02 13:16:35.130 0 0 E DTC_ETH,link_delay_work_func: 3003, SQI=0, link=0
01-02 13:16:40.250 0 0 E DTC_ETH,link_delay_work_func: 3003, SQI=0, link=0
01-02 13:16:45.370 0 0 E DTC_ETH,link_delay_work_func: 3003, SQI=0, link=0
01-02 13:16:50.490 0 0 E DTC_ETH,link_delay_work_func: 3003, SQI=0, link=0
01-02 13:16:55.610 0 0 E DTC_ETH,link_delay_work_func: 3003, SQI=0, link=0
01-02 13:17:00.730 0 0 E DTC_ETH,link_delay_work_func: 3003, SQI=0, link=0
01-02 13:17:05.850 0 0 E DTC_ETH,link_delay_work_func: 3003, SQI=0, link=0
01-02 13:17:10.970 0 0 E DTC_ETH,link_delay_work_func: 3003, SQI=0, link=0
01-02 13:17:16.090 0 0 E DTC_ETH,link_delay_work_func: 3003, SQI=0, link=0
01-02 13:17:21.210 0 0 E DTC_ETH,link_delay_work_func: 3003, SQI=0, link=0
01-02 13:17:26.330 0 0 E DTC_ETH,link_delay_work_func: 3003, SQI=0, link=0
01-02 13:17:31.450 0 0 E DTC_ETH,link_delay_work_func: 3003, SQI=0, link=0
01-02 13:17:34.779 0 0 D cnss : Host time = 105454780270 us, device time = 105420807490 us, offset = 33972780 us
01-02 13:17:34.779 0 0 D cnss : Updated time sync regs [0x984] = 0x206622c, [0x988] = 0x0
01-02 13:17:36.571 0 0 E DTC_ETH,link_delay_work_func: 3003, SQI=0, link=0
01-02 13:17:41.690 0 0 E DTC_ETH,link_delay_work_func: 3003, SQI=0, link=0
01-02 13:17:46.810 0 0 E DTC_ETH,link_delay_work_func: 3003, SQI=0, link=0
01-02 13:17:51.931 0 0 E DTC_ETH,link_delay_work_func: 3003, SQI=0, link=0
01-02 13:17:57.054 0 0 E DTC_ETH,link_delay_work_func: 3003, SQI=0, link=0
01-02 13:18:02.170 0 0 E DTC_ETH,link_delay_work_func: 3003, SQI=0, link=0
01-02 13:18:07.290 0 0 E DTC_ETH,link_delay_work_func: 3003, SQI=0, link=0
01-02 13:18:12.410 0 0 E DTC_ETH,link_delay_work_func: 3003, SQI=0, link=0
01-02 13:18:17.530 0 0 E DTC_ETH,link_delay_work_func: 3003, SQI=0, link=0
01-02 13:18:22.650 0 0 E DTC_ETH,link_delay_work_func: 3003, SQI=0, link=0
01-02 13:18:27.770 0 0 E DTC_ETH,link_delay_work_func: 3003, SQI=0, link=0
01-02 13:18:32.891 0 0 E DTC_ETH,link_delay_work_func: 3003, SQI=0, link=0
01-02 13:18:38.010 0 0 E DTC_ETH,link_delay_work_func: 3003, SQI=0, link=0
01-02 13:18:43.130 0 0 E DTC_ETH,link_delay_work_func: 3003, SQI=0, link=0
01-02 13:18:48.250 0 0 E DTC_ETH,link_delay_work_func: 3003, SQI=0, link=0
01-02 13:18:53.370 0 0 E DTC_ETH,link_delay_work_func: 3003, SQI=0, link=0
01-02 13:18:58.490 0 0 E DTC_ETH,link_delay_work_func: 3003, SQI=0, link=0
01-02 13:19:03.610 0 0 E DTC_ETH,link_delay_work_func: 3003, SQI=0, link=0
01-02 13:19:08.730 0 0 E DTC_ETH,link_delay_work_func: 3003, SQI=0, link=0
01-02 13:19:13.850 0 0 E DTC_ETH,link_delay_work_func: 3003, SQI=0, link=0
01-02 13:19:18.970 0 0 E DTC_ETH,link_delay_work_func: 3003, SQI=0, link=0
01-02 13:19:24.090 0 0 E DTC_ETH,link_delay_work_func: 3003, SQI=0, link=0
01-02 13:19:29.210 0 0 E DTC_ETH,link_delay_work_func: 3003, SQI=0, link=0
01-02 13:19:34.330 0 0 E DTC_ETH,link_delay_work_func: 3003, SQI=0, link=0
01-02 13:19:39.450 0 0 E DTC_ETH,link_delay_work_func: 3003, SQI=0, link=0
01-02 13:19:44.570 0 0 E DTC_ETH,link_delay_work_func: 3003, SQI=0, link=0
01-02 13:19:49.690 0 0 E DTC_ETH,link_delay_work_func: 3003, SQI=0, link=0
01-02 13:19:54.810 0 0 E DTC_ETH,link_delay_work_func: 3003, SQI=0, link=0
01-02 13:19:59.930 0 0 E DTC_ETH,link_delay_work_func: 3003, SQI=0, link=0
01-02 13:20:05.050 0 0 E DTC_ETH,link_delay_work_func: 3003, SQI=0, link=0
01-02 13:20:10.170 0 0 E DTC_ETH,link_delay_work_func: 3003, SQI=0, link=0
01-02 13:20:15.290 0 0 E DTC_ETH,link_delay_work_func: 3003, SQI=0, link=0
03-04 08:13:18.094 1501 1598 I UsageStatsService: User[0] Flushing usage stats to disk
01-02 13:20:20.410 0 0 E DTC_ETH,link_delay_work_func: 3003, SQI=0, link=0
01-02 13:20:25.530 0 0 E DTC_ETH,link_delay_work_func: 3003, SQI=0, link=0
01-02 13:20:30.650 0 0 E DTC_ETH,link_delay_work_func: 3003, SQI=0, link=0
01-02 13:20:32.866 0 0 I [dp_rx_][0x1d837392415][08:13:33.490819] wlan: [3350:I:QDF] DHCP-D RX: SA:0e:79:35:c2:75:95 DA:ff:ff:ff:ff:ff:ff
01-02 13:20:33.789 0 0 I [dp_rx_][0x1d8384757d8][08:13:34.413110] wlan: [3350:I:QDF] DHCP-D RX: SA:0e:79:35:c2:75:95 DA:ff:ff:ff:ff:ff:ff
01-02 13:20:35.770 0 0 E DTC_ETH,link_delay_work_func: 3003, SQI=0, link=0
01-02 13:20:40.891 0 0 E DTC_ETH,link_delay_work_func: 3003, SQI=0, link=0
01-02 13:20:41.982 0 0 I [dp_rx_][0x1d841a7af55][08:13:42.606276] wlan: [3350:I:QDF] DHCP-R RX: SA:0e:79:35:c2:75:95 DA:ff:ff:ff:ff:ff:ff
01-02 13:20:46.010 0 0 E DTC_ETH,link_delay_work_func: 3003, SQI=0, link=0
01-02 13:20:51.130 0 0 E DTC_ETH,link_delay_work_func: 3003, SQI=0, link=0
01-02 13:20:56.250 0 0 E DTC_ETH,link_delay_work_func: 3003, SQI=0, link=0
01-02 13:21:01.370 0 0 E DTC_ETH,link_delay_work_func: 3003, SQI=0, link=0
01-02 13:21:06.491 0 0 E DTC_ETH,link_delay_work_func: 3003, SQI=0, link=0
01-02 13:21:11.610 0 0 E DTC_ETH,link_delay_work_func: 3003, SQI=0, link=0
01-02 13:21:16.730 0 0 E DTC_ETH,link_delay_work_func: 3003, SQI=0, link=0
01-02 13:21:21.850 0 0 E DTC_ETH,link_delay_work_func: 3003, SQI=0, link=0
01-02 13:21:26.970 0 0 E DTC_ETH,link_delay_work_func: 3003, SQI=0, link=0
01-02 13:21:32.090 0 0 E DTC_ETH,link_delay_work_func: 3003, SQI=0, link=0
03-04 08:14:37.262 1501 1600 W ActivityManager: Stopping service due to app idle: u0a115 -1d5h21m14s427ms com.smile.gifmaker/com.kwai.chat.kwailink.service.NewKwaiLinkService
01-02 13:21:37.211 0 0 E DTC_ETH,link_delay_work_func: 3003, SQI=0, link=0
01-02 13:21:42.330 0 0 E DTC_ETH,link_delay_work_func: 3003, SQI=0, link=0
01-02 13:21:47.450 0 0 E DTC_ETH,link_delay_work_func: 3003, SQI=0, link=0
01-02 13:21:52.570 0 0 E DTC_ETH,link_delay_work_func: 3003, SQI=0, link=0
01-02 13:21:57.690 0 0 E DTC_ETH,link_delay_work_func: 3003, SQI=0, link=0
01-02 13:22:02.810 0 0 E DTC_ETH,link_delay_work_func: 3003, SQI=0, link=0
01-02 13:22:07.930 0 0 E DTC_ETH,link_delay_work_func: 3003, SQI=0, link=0
01-02 13:22:13.050 0 0 E DTC_ETH,link_delay_work_func: 3003, SQI=0, link=0
01-02 13:22:18.170 0 0 E DTC_ETH,link_delay_work_func: 3003, SQI=0, link=0
01-02 13:22:23.290 0 0 E DTC_ETH,link_delay_work_func: 3003, SQI=0, link=0
01-02 13:22:28.410 0 0 E DTC_ETH,link_delay_work_func: 3003, SQI=0, link=0
01-02 13:22:33.530 0 0 E DTC_ETH,link_delay_work_func: 3003, SQI=0, link=0
01-02 13:22:38.650 0 0 E DTC_ETH,link_delay_work_func: 3003, SQI=0, link=0
01-02 13:22:43.770 0 0 E DTC_ETH,link_delay_work_func: 3003, SQI=0, link=0
01-02 13:22:48.890 0 0 E DTC_ETH,link_delay_work_func: 3003, SQI=0, link=0
01-02 13:22:54.010 0 0 E DTC_ETH,link_delay_work_func: 3003, SQI=0, link=0
01-02 13:22:59.130 0 0 E DTC_ETH,link_delay_work_func: 3003, SQI=0, link=0
01-02 13:23:04.250 0 0 E DTC_ETH,link_delay_work_func: 3003, SQI=0, link=0
01-02 13:23:09.371 0 0 E DTC_ETH,link_delay_work_func: 3003, SQI=0, link=0
01-02 13:23:14.490 0 0 E DTC_ETH,link_delay_work_func: 3003, SQI=0, link=0
01-02 13:23:19.610 0 0 E DTC_ETH,link_delay_work_func: 3003, SQI=0, link=0
01-02 13:23:24.730 0 0 E DTC_ETH,link_delay_work_func: 3003, SQI=0, link=0
01-02 13:23:29.850 0 0 E DTC_ETH,link_delay_work_func: 3003, SQI=0, link=0
01-02 13:23:34.971 0 0 E DTC_ETH,link_delay_work_func: 3003, SQI=0, link=0
01-02 13:23:40.091 0 0 E DTC_ETH,link_delay_work_func: 3003, SQI=0, link=0
01-02 13:23:45.210 0 0 E DTC_ETH,link_delay_work_func: 3003, SQI=0, link=0
01-02 13:23:50.330 0 0 E DTC_ETH,link_delay_work_func: 3003, SQI=0, link=0
01-02 13:23:55.450 0 0 E DTC_ETH,link_delay_work_func: 3003, SQI=0, link=0
01-02 13:24:00.570 0 0 E DTC_ETH,link_delay_work_func: 3003, SQI=0, link=0
01-02 13:24:05.690 0 0 E DTC_ETH,link_delay_work_func: 3003, SQI=0, link=0
01-02 13:24:10.810 0 0 E DTC_ETH,link_delay_work_func: 3003, SQI=0, link=0
01-02 13:24:15.930 0 0 E DTC_ETH,link_delay_work_func: 3003, SQI=0, link=0
01-02 13:24:21.050 0 0 E DTC_ETH,link_delay_work_func: 3003, SQI=0, link=0
01-02 13:24:26.170 0 0 E DTC_ETH,link_delay_work_func: 3003, SQI=0, link=0
01-02 13:24:31.291 0 0 E DTC_ETH,link_delay_work_func: 3003, SQI=0, link=0
01-02 13:24:36.410 0 0 E DTC_ETH,link_delay_work_func: 3003, SQI=0, link=0
01-02 13:24:41.530 0 0 E DTC_ETH,link_delay_work_func: 3003, SQI=0, link=0
01-02 13:24:46.650 0 0 E DTC_ETH,link_delay_work_func: 3003, SQI=0, link=0
01-02 13:24:51.770 0 0 E DTC_ETH,link_delay_work_func: 3003, SQI=0, link=0
01-02 13:24:56.890 0 0 E DTC_ETH,link_delay_work_func: 3003, SQI=0, link=0
01-02 13:25:02.014 0 0 E DTC_ETH,link_delay_work_func: 3003, SQI=0, link=0
01-02 13:25:07.130 0 0 E DTC_ETH,link_delay_work_func: 3003, SQI=0, link=0
01-02 13:25:12.250 0 0 E DTC_ETH,link_delay_work_func: 3003, SQI=0, link=0
01-02 13:25:17.370 0 0 E DTC_ETH,link_delay_work_func: 3003, SQI=0, link=0
01-02 13:25:22.490 0 0 E DTC_ETH,link_delay_work_func: 3003, SQI=0, link=0
01-02 13:25:27.610 0 0 E DTC_ETH,link_delay_work_func: 3003, SQI=0, link=0
01-02 13:25:32.730 0 0 E DTC_ETH,link_delay_work_func: 3003, SQI=0, link=0
01-02 13:25:37.850 0 0 E DTC_ETH,link_delay_work_func: 3003, SQI=0, link=0
01-02 13:25:42.970 0 0 E DTC_ETH,link_delay_work_func: 3003, SQI=0, link=0
01-02 13:25:48.090 0 0 E DTC_ETH,link_delay_work_func: 3003, SQI=0, link=0
01-02 13:25:53.083 0 0 I [dp_rx_][0x1d9a5ae94c6][08:18:53.707362] wlan: [3350:I:QDF] DHCP-D RX: SA:0e:79:35:c2:75:95 DA:ff:ff:ff:ff:ff:ff
01-02 13:25:53.210 0 0 E DTC_ETH,link_delay_work_func: 3003, SQI=0, link=0
01-02 13:25:54.005 0 0 I [dp_rx_][0x1d9a6bc8f5c][08:18:54.628890] wlan: [3350:I:QDF] DHCP-D RX: SA:0e:79:35:c2:75:95 DA:ff:ff:ff:ff:ff:ff
01-02 13:25:58.330 0 0 E DTC_ETH,link_delay_work_func: 3003, SQI=0, link=0
01-02 13:26:03.450 0 0 E DTC_ETH,link_delay_work_func: 3003, SQI=0, link=0
01-02 13:26:08.571 0 0 E DTC_ETH,link_delay_work_func: 3003, SQI=0, link=0
01-02 13:26:13.690 0 0 E DTC_ETH,link_delay_work_func: 3003, SQI=0, link=0
01-02 13:26:18.811 0 0 E DTC_ETH,link_delay_work_func: 3003, SQI=0, link=0
01-02 13:26:23.930 0 0 E DTC_ETH,link_delay_work_func: 3003, SQI=0, link=0
01-02 13:26:29.050 0 0 E DTC_ETH,link_delay_work_func: 3003, SQI=0, link=0
01-02 13:26:34.171 0 0 E DTC_ETH,link_delay_work_func: 3003, SQI=0, link=0
01-02 13:26:39.290 0 0 E DTC_ETH,link_delay_work_func: 3003, SQI=0, link=0
01-02 13:26:44.410 0 0 E DTC_ETH,link_delay_work_func: 3003, SQI=0, link=0
01-02 13:26:49.530 0 0 E DTC_ETH,link_delay_work_func: 3003, SQI=0, link=0
01-02 13:26:54.650 0 0 E DTC_ETH,link_delay_work_func: 3003, SQI=0, link=0
01-02 13:26:59.774 0 0 E DTC_ETH,link_delay_work_func: 3003, SQI=0, link=0
01-02 13:27:04.890 0 0 E DTC_ETH,link_delay_work_func: 3003, SQI=0, link=0
01-02 13:27:10.010 0 0 E DTC_ETH,link_delay_work_func: 3003, SQI=0, link=0
01-02 13:27:15.130 0 0 E DTC_ETH,link_delay_work_func: 3003, SQI=0, link=0
01-02 13:27:20.250 0 0 E DTC_ETH,link_delay_work_func: 3003, SQI=0, link=0
01-02 13:27:25.370 0 0 E DTC_ETH,link_delay_work_func: 3003, SQI=0, link=0
01-02 13:27:30.491 0 0 E DTC_ETH,link_delay_work_func: 3003, SQI=0, link=0
01-02 13:27:35.610 0 0 E DTC_ETH,link_delay_work_func: 3003, SQI=0, link=0
01-02 13:27:40.730 0 0 E DTC_ETH,link_delay_work_func: 3003, SQI=0, link=0
01-02 13:27:45.850 0 0 E DTC_ETH,link_delay_work_func: 3003, SQI=0, link=0
