03-03 02:53:12.919 1501 1501 I SystemServerTiming: OnBootPhase_600_com.android.server.devicestate.DeviceStateManagerService
03-03 02:53:12.919 1501 1501 I SystemServerTiming: OnBootPhase_600_com.android.server.camera.CameraServiceProxy
03-03 02:53:12.919 1501 1501 I SystemServerTiming: OnBootPhase_600_com.android.server.BluetoothService
03-03 02:53:12.919 1501 1501 I SystemServerTiming: OnBootPhase_600_com.android.server.connectivity.IpConnectivityMetrics
03-03 02:53:12.919 1501 1501 I SystemServerTiming: OnBootPhase_600_com.android.server.net.watchlist.NetworkWatchlistService$Lifecycle
03-03 02:53:12.919 1501 1501 I SystemServerTiming: OnBootPhase_600_com.android.server.PinnerService
03-03 02:53:12.919 1501 1501 I SystemServerTiming: OnBootPhase_600_com.google.android.startop.iorap.IorapForwardingService
03-03 02:53:12.919 1501 1501 I SystemServerTiming: OnBootPhase_600_com.android.server.ActivityTriggerService
03-03 02:53:12.919 1501 1501 I SystemServerTiming: OnBootPhase_600_com.android.server.integrity.AppIntegrityManagerService
03-03 02:53:12.919 1501 1501 I SystemServerTiming: OnBootPhase_600_com.android.server.inputmethod.InputMethodManagerService$Lifecycle
03-03 02:53:12.919 1501 1501 I SystemServerTiming: OnBootPhase_600_com.android.server.accessibility.AccessibilityManagerService$Lifecycle
03-03 02:53:12.919 1501 1501 I SystemServerTiming: OnBootPhase_600_com.android.server.StorageManagerService$Lifecycle
03-03 02:53:12.919 1501 1501 I SystemServerTiming: OnBootPhase_600_com.android.server.usage.StorageStatsService$Lifecycle
03-03 02:53:12.919 1501 1501 I SystemServerTiming: OnBootPhase_600_com.android.server.UiModeManagerService
03-03 02:53:12.919 1501 1501 I SystemServerTiming: OnBootPhase_600_com.android.server.locksettings.LockSettingsService$Lifecycle
03-03 02:53:12.919 1501 1501 I SystemServerTiming: OnBootPhase_600_com.android.server.PersistentDataBlockService
03-03 02:53:12.919 1501 1501 I SystemServerTiming: OnBootPhase_600_com.android.server.testharness.TestHarnessModeService
03-03 02:53:12.919 1501 1501 I SystemServerTiming: OnBootPhase_600_com.android.server.oemlock.OemLockService
03-03 02:53:12.919 1501 1501 I SystemServerTiming: OnBootPhase_600_com.android.server.DeviceIdleController
03-03 02:53:12.919 1501 1501 I SystemServerTiming: OnBootPhase_600_com.android.server.devicepolicy.DevicePolicyManagerService$Lifecycle
03-03 02:53:12.919 1501 1501 I SystemServerTiming: OnBootPhase_600_com.android.server.texttospeech.TextToSpeechManagerService
03-03 02:53:12.920 1501 1501 I SystemServerTiming: OnBootPhase_600_com.android.server.speech.SpeechRecognitionManagerService
03-03 02:53:12.920 1501 1501 I SystemServerTiming: OnBootPhase_600_com.android.server.searchui.SearchUiManagerService
03-03 02:53:12.920 1501 1501 I SystemServerTiming: OnBootPhase_600_com.android.server.smartspace.SmartspaceManagerService
03-03 02:53:12.920 1501 1501 I SystemServerTiming: OnBootPhase_600_com.android.server.graphics.fonts.FontManagerService$Lifecycle
03-03 02:53:12.920 1501 1501 I SystemServerTiming: OnBootPhase_600_com.android.server.textservices.TextServicesManagerService$Lifecycle
03-03 02:53:12.920 1501 1501 I SystemServerTiming: OnBootPhase_600_com.android.server.textclassifier.TextClassificationManagerService$Lifecycle
03-03 02:53:12.920 1501 1501 I SystemServerTiming: OnBootPhase_600_com.android.server.NetworkScoreService$Lifecycle
03-03 02:53:12.920 1501 1501 I SystemServerTiming: OnBootPhase_600_com.android.server.wifi.WifiService
03-03 02:53:12.920 1501 1501 I SystemServerTiming: OnBootPhase_600_com.android.server.wifi.scanner.WifiScanningService
03-03 02:53:12.920 1501 1501 I SystemServerTiming: OnBootPhase_600_com.android.server.wifi.rtt.RttService
03-03 02:53:12.920 1501 1501 I SystemServerTiming: OnBootPhase_600_com.android.server.wifi.aware.WifiAwareService
03-03 02:53:12.920 1501 1501 I SystemServerTiming: OnBootPhase_600_com.android.server.wifi.p2p.WifiP2pService
03-03 02:53:12.920 1501 1501 I SystemServerTiming: OnBootPhase_600_com.android.server.ethernet.EthernetService
03-03 02:53:12.920 1501 1501 I SystemServerTiming: OnBootPhase_600_com.android.server.ConnectivityServiceInitializer
03-03 02:53:12.920 1501 1501 I SystemServerTiming: OnBootPhase_600_com.android.server.notification.NotificationManagerService
03-03 02:53:12.922 1501 1501 I SystemServerTiming: OnBootPhase_600_com.android.server.storage.DeviceStorageMonitorService
03-03 02:53:12.922 1501 1501 I SystemServerTiming: OnBootPhase_600_com.android.server.location.LocationManagerService$Lifecycle
03-03 02:53:12.936 1501 1501 D TelephonyRegistry: listen oscl: mHasNotifySubscriptionInfoChangedOccurred==false no callback
03-03 02:53:12.943 1501 1501 I SystemServerTiming: OnBootPhase_600_com.android.server.timedetector.TimeDetectorService$Lifecycle
03-03 02:53:12.943 1501 1501 I SystemServerTiming: OnBootPhase_600_com.android.server.timezonedetector.TimeZoneDetectorService$Lifecycle
03-03 02:53:12.943 1501 1501 I SystemServerTiming: OnBootPhase_600_com.android.server.timezonedetector.location.LocationTimeZoneManagerService$Lifecycle
03-03 02:53:12.944 1501 1501 I SystemServerTiming: OnBootPhase_600_com.android.server.search.SearchManagerService$Lifecycle
03-03 02:53:12.944 1501 1501 I SystemServerTiming: OnBootPhase_600_com.android.server.wallpaper.WallpaperManagerService$Lifecycle
03-03 02:53:12.944 1501 1501 I WallpaperManagerService: switch-user-0
03-03 02:53:12.944 1501 1501 V WallpaperManagerService: bindWallpaperComponentLocked: componentName=ComponentInfo{com.android.systemui/com.android.systemui.ImageWallpaper}
03-03 02:53:12.944 1501 1501 I SystemServerTiming: OnBootPhase_600_com.android.server.audio.AudioService$Lifecycle
03-03 02:53:12.944 1501 1501 I SystemServerTiming: OnBootPhase_600_com.android.server.soundtrigger_middleware.SoundTriggerMiddlewareService$Lifecycle
03-03 02:53:12.944 1501 1501 I SystemServerTiming: OnBootPhase_600_com.android.server.DockObserver
03-03 02:53:12.944 1501 1501 I SystemServerTiming: OnBootPhase_600_com.android.server.midi.MidiService$Lifecycle
03-03 02:53:12.944 1501 1501 I SystemServerTiming: OnBootPhase_600_com.android.server.adb.AdbService$Lifecycle
03-03 02:53:12.944 1501 1501 I SystemServerTiming: OnBootPhase_600_com.android.server.usb.UsbService$Lifecycle
03-03 02:53:12.944 1501 1501 I SystemServerTiming: OnBootPhase_600_com.android.server.twilight.TwilightService
03-03 02:53:12.944 1501 1501 I SystemServerTiming: OnBootPhase_600_com.android.server.display.color.ColorDisplayService
03-03 02:53:12.944 1501 1501 I SystemServerTiming: OnBootPhase_600_com.android.server.job.JobSchedulerService
03-03 02:53:12.946 1501 1501 I SystemServerTiming: OnBootPhase_600_com.android.server.soundtrigger.SoundTriggerService
03-03 02:53:12.946 1501 1501 D SoundTriggerService: onBootPhase: 600 : false
03-03 02:53:12.946 1501 1501 I SystemServerTiming: OnBootPhase_600_com.android.server.trust.TrustManagerService
03-03 02:53:12.947 1501 1501 D BiometricService: Sensor ID(0), oemStrength: 15, updatedStrength: 15, modality 2, state: 0, cookie: 0, props: ID: 0, Strength: 2, Type: 1, sensorId 0, hasEnrollments: false cannot participate in Keystore operations
03-03 02:53:12.948 1501 1501 I SystemServerTiming: OnBootPhase_600_com.android.server.backup.BackupManagerService$Lifecycle
03-03 02:53:12.948 1501 1501 I SystemServerTiming: OnBootPhase_600_com.android.server.appwidget.AppWidgetService
03-03 02:53:12.948 1501 1501 I SystemServerTiming: OnBootPhase_600_com.android.server.voiceinteraction.VoiceInteractionManagerService
03-03 02:53:12.949 1501 1501 I SystemServerTiming: OnBootPhase_600_com.android.server.apphibernation.AppHibernationService
03-03 02:53:12.949 1501 1501 I SystemServerTiming: OnBootPhase_600_com.android.server.SensorNotificationService
03-03 02:53:12.949 1501 1501 I SystemServerTiming: OnBootPhase_600_com.android.server.emergency.EmergencyAffordanceService
03-03 02:53:12.950 1501 1501 I SystemServerTiming: OnBootPhase_600_com.android.server.blob.BlobStoreManagerService
03-03 02:53:12.957 1501 1501 I SystemServerTiming: OnBootPhase_600_com.android.server.dreams.DreamManagerService
03-03 02:53:12.958 1501 1501 I SystemServerTiming: OnBootPhase_600_com.android.server.companion.CompanionDeviceManagerService
03-03 02:53:12.958 1501 1501 I SystemServerTiming: OnBootPhase_600_com.android.server.restrictions.RestrictionsManagerService
03-03 02:53:12.958 1501 1501 I SystemServerTiming: OnBootPhase_600_com.android.server.media.MediaSessionService
03-03 02:53:12.958 1501 1501 I SystemServerTiming: OnBootPhase_600_com.android.server.media.MediaResourceMonitorService
03-03 02:53:12.958 1501 1501 I SystemServerTiming: OnBootPhase_600_com.android.server.biometrics.sensors.fingerprint.FingerprintService
03-03 02:53:12.958 1501 1501 I SystemServerTiming: OnBootPhase_600_com.android.server.biometrics.BiometricService
03-03 02:53:12.958 1501 1501 I SystemServerTiming: OnBootPhase_600_com.android.server.biometrics.AuthService
03-03 02:53:12.958 1501 1501 I SystemServerTiming: OnBootPhase_600_com.android.server.pm.ShortcutService$Lifecycle
03-03 02:53:12.958 1501 1501 I SystemServerTiming: OnBootPhase_600_com.android.server.pm.LauncherAppsService
03-03 02:53:12.958 1501 1501 I SystemServerTiming: OnBootPhase_600_com.android.server.pm.CrossProfileAppsService
03-03 02:53:12.958 1501 1501 I SystemServerTiming: OnBootPhase_600_com.android.server.people.PeopleService
03-03 02:53:12.958 1501 1501 I SystemServerTiming: OnBootPhase_600_com.android.server.media.metrics.MediaMetricsManagerService
03-03 02:53:12.958 1501 1501 I SystemServerTiming: OnBootPhase_600_com.android.server.media.projection.MediaProjectionManagerService
03-03 02:53:12.958 1501 1501 I SystemServerTiming: OnBootPhase_600_com.android.server.slice.SliceManagerService$Lifecycle
03-03 02:53:12.958 1501 1501 I SystemServerTiming: OnBootPhase_600_com.android.server.stats.StatsCompanion$Lifecycle
03-03 02:53:12.958 1501 1501 I SystemServerTiming: OnBootPhase_600_com.android.server.scheduling.RebootReadinessManagerService$Lifecycle
03-03 02:53:12.958 1501 1501 I SystemServerTiming: OnBootPhase_600_com.android.server.stats.pull.StatsPullAtomService
03-03 02:53:12.958 1501 1501 I SystemServerTiming: OnBootPhase_600_com.android.server.incident.IncidentCompanionService
03-03 02:53:12.958 1501 1501 I SystemServerTiming: OnBootPhase_600_com.android.server.MmsServiceBroker
03-03 02:53:12.958 1501 1501 I SystemServerTiming: OnBootPhase_600_com.android.server.autofill.AutofillManagerService
03-03 02:53:12.958 1501 1598 D StatsPullAtomService: Registering NetworkStats pullers with statsd
03-03 02:53:12.959 1501 1501 I SystemServerTiming: OnBootPhase_600_com.android.server.clipboard.ClipboardService
03-03 02:53:12.959 1501 1501 I SystemServerTiming: OnBootPhase_600_com.android.server.appbinding.AppBindingService$Lifecycle
03-03 02:53:12.959 1501 1501 I SystemServerTiming: OnBootPhase_600_com.android.server.tracing.TracingServiceProxy
03-03 02:53:12.959 1501 1501 I SystemServerTiming: OnBootPhase_600_com.android.server.policy.PermissionPolicyService
03-03 02:53:12.959 1501 1501 I SystemServerTiming: OnBootPhase_600_com.android.server.pm.StagingManager$Lifecycle
03-03 02:53:12.959 1501 1501 I SystemServerTiming: OnBootPhase_600_com.android.server.app.GameManagerService$Lifecycle
03-03 02:53:12.959 1501 1501 I SystemServerTiming: OnBootPhase_600_com.android.server.appsearch.AppSearchManagerService
03-03 02:53:12.959 1501 1501 I SystemServerTiming: OnBootPhase_600_com.android.server.media.MediaCommunicationService
03-03 02:53:12.959 1501 1501 I SystemServerTiming: StartNetworkStack
03-03 02:53:12.959 1501 1580 W CarrierConfigManager: Error getting config for subId -1 ICarrierConfigLoader is null
03-03 02:53:12.959 1501 1501 D ConnectivityModuleConnector: Starting networking module android.net.INetworkStackConnector
03-03 02:53:12.960 1501 1501 D ConnectivityModuleConnector: Starting networking module in network_stack process
03-03 02:53:12.963 1501 1501 D CompatibilityChangeReporter: Compat change id reported: 135634846; UID 1073; state: DISABLED
03-03 02:53:12.963 1501 1501 D CompatibilityChangeReporter: Compat change id reported: 177438394; UID 1073; state: DISABLED
03-03 02:53:12.963 1501 1501 D CompatibilityChangeReporter: Compat change id reported: 135772972; UID 1073; state: DISABLED
03-03 02:53:12.963 1501 1501 D CompatibilityChangeReporter: Compat change id reported: 135754954; UID 1073; state: ENABLED
03-03 02:53:12.965 1501 1580 D CompatibilityChangeReporter: Compat change id reported: 168936375; UID 1000; state: ENABLED
03-03 02:53:12.966 1501 1580 D CompatibilityChangeReporter: Compat change id reported: 168936375; UID 1000; state: DISABLED
03-03 02:53:12.968 1501 1501 D ConnectivityModuleConnector: Networking module service start requested
03-03 02:53:12.968 1501 1601 W ActivityManager: Slow operation: 84ms so far, now at startProcess: returned from zygote!
03-03 02:53:12.968 1501 1501 I SystemServerTiming: StartTethering
03-03 02:53:12.968 1501 1601 W ActivityManager: Slow operation: 86ms so far, now at startProcess: done updating battery stats
03-03 02:53:12.968 1501 1601 W ActivityManager: Slow operation: 86ms so far, now at startProcess: building log message
03-03 02:53:12.968 1501 1601 I ActivityManager: Start proc 2048:WebViewLoader-armeabi-v7a/1037 [android.webkit.WebViewLibraryLoader$RelroFileCreator] for null
03-03 02:53:12.969 1501 1601 W ActivityManager: Slow operation: 86ms so far, now at startProcess: starting to update pids map
03-03 02:53:12.969 1501 1601 W ActivityManager: Slow operation: 87ms so far, now at startProcess: done updating pids map
03-03 02:53:12.969 1501 1601 W ActivityManager: Slow operation: 87ms so far, now at startProcess: asking zygote to start proc
03-03 02:53:12.970 1501 1501 D ConnectivityModuleConnector: Starting networking module android.net.ITetheringConnector
03-03 02:53:12.971 1501 1501 D ConnectivityModuleConnector: Starting networking module in network_stack process
03-03 02:53:12.973 1501 1501 D ConnectivityModuleConnector: Networking module service start requested
03-03 02:53:12.973 1501 1501 I SystemServerTiming: MakeCountryDetectionServiceReady
03-03 02:53:12.973 1501 1501 I SystemServerTiming: MakeNetworkTimeUpdateReady
03-03 02:53:12.975 1501 1501 I SystemServerTiming: MakeInputManagerServiceReady
03-03 02:53:12.976 1501 1601 W ActivityManager: Slow operation: 94ms so far, now at startProcess: returned from zygote!
03-03 02:53:12.976 1501 1501 I ActivityTaskManager: Config changes=4000 {1.0 ?mcc?mnc [zh_CN] ldltr sw680dp w1586dp h588dp 240dpi lrg long hdr land finger -keyb/v/h -nav/h winConfig={ mBounds=Rect(0, 0 - 2380, 1020) mAppBounds=Rect(0, 0 - 2380, 954) mMaxBounds=Rect(0, 0 - 2380, 1020) mWindowingMode=fullscreen mDisplayWindowingMode=fullscreen mActivityType=undefined mAlwaysOnTop=undefined mRotation=ROTATION_0} s.10 fontWeightAdjustment=0}
03-03 02:53:12.976 1501 1601 W ActivityManager: Slow operation: 94ms so far, now at startProcess: done updating battery stats
03-03 02:53:12.976 1501 1601 W ActivityManager: Slow operation: 94ms so far, now at startProcess: building log message
03-03 02:53:12.976 1501 1601 I ActivityManager: Start proc 2053:WebViewLoader-arm64-v8a/1037 [android.webkit.WebViewLibraryLoader$RelroFileCreator] for null
03-03 02:53:12.976 1501 1601 W ActivityManager: Slow operation: 94ms so far, now at startProcess: starting to update pids map
03-03 02:53:12.980 1501 1501 I WindowManager: Override config changes=4000 {1.0 ?mcc?mnc [zh_CN] ldltr sw680dp w1586dp h588dp 240dpi lrg long hdr land finger -keyb/v/h -nav/h winConfig={ mBounds=Rect(0, 0 - 2380, 1020) mAppBounds=Rect(0, 0 - 2380, 954) mMaxBounds=Rect(0, 0 - 2380, 1020) mWindowingMode=fullscreen mDisplayWindowingMode=fullscreen mActivityType=undefined mAlwaysOnTop=undefined mRotation=ROTATION_0} s.10 fontWeightAdjustment=0} for displayId=0
03-03 02:53:12.980 1501 1601 W ActivityManager: Slow operation: 98ms so far, now at startProcess: done updating pids map
03-03 02:53:12.982 1501 1501 I SystemServerTiming: MakeTelephonyRegistryReady
03-03 02:53:12.982 1501 1501 D TelephonyRegistry: systemRunning register for intents
03-03 02:53:12.982 1501 1501 I SystemServerTiming: MakeMediaRouterServiceReady
03-03 02:53:12.982 1501 1501 I SystemServerTiming: MakeMmsServiceReady
03-03 02:53:12.982 1501 1501 I MmsServiceBroker: Delay connecting to MmsService until an API is called
03-03 02:53:12.982 1501 1501 I SystemServerTiming: IncidentDaemonReady
03-03 02:53:12.982 1501 1501 I SystemServerTiming: MakeIncrementalServiceReady
03-03 02:53:12.982 1501 1501 I SystemServerTiming: getCurrentUser
03-03 02:53:12.982 1501 1501 I ActivityManager: Current user:0
03-03 02:53:12.982 1501 1501 I SystemServerTiming: ActivityManagerStartApps
03-03 02:53:12.982 1501 1501 I SystemServerTiming: ssm.StartUser-0
03-03 02:53:12.982 1501 1501 I SystemServiceManager: Calling onStartUser 0
03-03 02:53:12.982 1501 1501 I SystemServerTiming: ssm.onStartUser-0_com.android.server.security.FileIntegrityService
03-03 02:53:12.982 1501 1501 I SystemServerTiming: ssm.onStartUser-0_com.android.server.pm.Installer
03-03 02:53:12.982 1501 1501 I SystemServerTiming: ssm.onStartUser-0_com.android.server.os.DeviceIdentifiersPolicyService
03-03 02:53:12.982 1501 1501 I SystemServerTiming: ssm.onStartUser-0_com.android.server.uri.UriGrantsManagerService$Lifecycle
03-03 02:53:12.982 1501 1501 I SystemServerTiming: ssm.onStartUser-0_com.android.server.powerstats.PowerStatsService
03-03 02:53:12.982 1501 1501 I SystemServerTiming: ssm.onStartUser-0_com.android.server.wm.ActivityTaskManagerService$Lifecycle
03-03 02:53:12.982 1501 1501 I SystemServerTiming: ssm.onStartUser-0_com.android.server.am.ActivityManagerService$Lifecycle
03-03 02:53:12.982 1501 1501 I SystemServerTiming: ssm.onStartUser-0_com.android.server.pm.DataLoaderManagerService
03-03 02:53:12.982 1501 1501 I SystemServerTiming: ssm.onStartUser-0_com.android.server.power.PowerManagerService
03-03 02:53:12.982 1501 1501 I SystemServerTiming: ssm.onStartUser-0_com.android.server.power.ThermalManagerService
03-03 02:53:12.982 1501 1501 I SystemServerTiming: ssm.onStartUser-0_com.android.server.power.hint.HintManagerService
03-03 02:53:12.982 1501 1501 I SystemServerTiming: ssm.onStartUser-0_com.android.server.recoverysystem.RecoverySystemService$Lifecycle
03-03 02:53:12.982 1501 1501 I SystemServerTiming: ssm.onStartUser-0_com.android.server.lights.LightsService
03-03 02:53:12.982 1501 1501 I SystemServerTiming: ssm.onStartUser-0_com.android.server.display.DisplayManagerService
03-03 02:53:12.982 1501 1501 I SystemServerTiming: ssm.onStartUser-0_com.android.server.pm.verify.domain.DomainVerificationService
03-03 02:53:12.982 1501 1501 I SystemServerTiming: ssm.onStartUser-0_com.android.server.pm.PackageInstallerService$Lifecycle
03-03 02:53:12.982 1501 1501 I SystemServerTiming: ssm.onStartUser-0_com.android.server.pm.UserManagerService$LifeCycle
03-03 02:53:12.982 1501 1501 I SystemServerTiming: ssm.onStartUser-0_com.android.server.om.OverlayManagerService
03-03 02:53:12.983 1501 1501 I SystemServerTiming: ssm.onStartUser-0_com.android.server.SensorPrivacyService
03-03 02:53:12.983 1501 1501 I SystemServerTiming: ssm.onStartUser-0_com.android.server.thunderperf.ThunderBoostPerfService
03-03 02:53:12.983 1501 1501 I SystemServerTiming: ssm.onStartUser-0_com.android.server.sensors.SensorService
03-03 02:53:12.983 1501 1501 I SystemServerTiming: ssm.onStartUser-0_com.android.server.SystemConfigService
03-03 02:53:12.983 1501 1501 I SystemServerTiming: ssm.onStartUser-0_com.android.server.BatteryService
03-03 02:53:12.983 1501 1501 I SystemServerTiming: ssm.onStartUser-0_com.android.server.usage.UsageStatsService
03-03 02:53:12.983 1501 1501 I SystemServerTiming: ssm.onStartUser-0_com.android.server.webkit.WebViewUpdateService
03-03 02:53:12.983 1501 1501 I SystemServerTiming: ssm.onStartUser-0_com.android.server.CachedDeviceStateService
03-03 02:53:12.983 1501 1501 I SystemServerTiming: ssm.onStartUser-0_com.android.server.BinderCallsStatsService$LifeCycle
03-03 02:53:12.983 1501 1501 I SystemServerTiming: ssm.onStartUser-0_com.android.server.LooperStatsService$Lifecycle
03-03 02:53:12.983 1501 1501 I SystemServerTiming: ssm.onStartUser-0_com.android.server.rollback.RollbackManagerService
03-03 02:53:12.983 1501 1501 I SystemServerTiming: ssm.onStartUser-0_com.android.server.os.NativeTombstoneManagerService
03-03 02:53:12.983 1501 1501 I SystemServerTiming: ssm.onStartUser-0_com.android.server.os.BugreportManagerService
03-03 02:53:12.983 1501 1501 I SystemServerTiming: ssm.onStartUser-0_com.android.server.gpu.GpuService
03-03 02:53:12.983 1501 1501 I SystemServerTiming: ssm.onStartUser-0_com.android.server.security.KeyChainSystemService
03-03 02:53:12.983 1501 1501 I SystemServerTiming: ssm.onStartUser-0_com.android.server.telecom.TelecomLoaderService
03-03 02:53:12.983 1501 1501 I SystemServerTiming: ssm.onStartUser-0_com.android.server.accounts.AccountManagerService$Lifecycle
03-03 02:53:12.983 1501 1501 I SystemServerTiming: ssm.onStartUser-0_com.android.server.content.ContentService$Lifecycle
03-03 02:53:12.983 1501 1501 I SystemServerTiming: ssm.onStartUser-0_com.android.server.DropBoxManagerService
03-03 02:53:12.983 1501 1501 I SystemServerTiming: ssm.onStartUser-0_com.android.role.RoleService
03-03 02:53:12.987 1501 1501 I SystemServerTiming: ssm.onStartUser-0_com.android.server.vibrator.VibratorManagerService$Lifecycle
03-03 02:53:12.987 1501 1501 I SystemServerTiming: ssm.onStartUser-0_com.android.server.alarm.AlarmManagerService
03-03 02:53:12.987 1501 1501 I SystemServerTiming: ssm.onStartUser-0_com.android.server.devicestate.DeviceStateManagerService
03-03 02:53:12.987 1501 1501 I SystemServerTiming: ssm.onStartUser-0_com.android.server.camera.CameraServiceProxy
03-03 02:53:12.989 1501 1501 I SystemServerTiming: ssm.onStartUser-0_com.android.server.BluetoothService
03-03 02:53:12.989 1501 1501 I SystemServerTiming: ssm.onStartUser-0_com.android.server.connectivity.IpConnectivityMetrics
03-03 02:53:12.989 1501 1501 I SystemServerTiming: ssm.onStartUser-0_com.android.server.net.watchlist.NetworkWatchlistService$Lifecycle
03-03 02:53:12.989 1501 1501 I SystemServerTiming: ssm.onStartUser-0_com.android.server.PinnerService
03-03 02:53:12.989 1501 1501 I SystemServerTiming: ssm.onStartUser-0_com.google.android.startop.iorap.IorapForwardingService
03-03 02:53:12.989 1501 1501 I SystemServerTiming: ssm.onStartUser-0_com.android.server.ActivityTriggerService
03-03 02:53:12.989 1501 1501 I SystemServerTiming: ssm.onStartUser-0_com.android.server.integrity.AppIntegrityManagerService
03-03 02:53:12.989 1501 1501 I SystemServerTiming: ssm.onStartUser-0_com.android.server.inputmethod.InputMethodManagerService$Lifecycle
03-03 02:53:12.989 1501 1501 I SystemServerTiming: ssm.onStartUser-0_com.android.server.accessibility.AccessibilityManagerService$Lifecycle
03-03 02:53:12.989 1501 1501 I SystemServerTiming: ssm.onStartUser-0_com.android.server.StorageManagerService$Lifecycle
03-03 02:53:12.990 1501 1501 V StorageManagerService: Package com.sohu.inputmethod.sogou.car has legacy storage
03-03 02:53:12.990 1501 1501 V StorageManagerService: Package android.frameworkres.overlay does not have legacy storage
03-03 02:53:12.990 1501 1501 V StorageManagerService: Package com.android.cts.priv.ctsshim does not have legacy storage
03-03 02:53:12.990 1501 1501 V StorageManagerService: Package com.quark.browser has legacy storage
03-03 02:53:12.990 1501 1501 V StorageManagerService: Package com.ochs.pipette has legacy storage
03-03 02:53:12.990 1501 1501 V StorageManagerService: Package com.thundercomm.gamemode.provider does not have legacy storage
03-03 02:53:12.990 1501 1501 V StorageManagerService: Package com.thundercomm.gamemode does not have legacy storage
03-03 02:53:12.990 1501 1501 V StorageManagerService: Package com.thundercomm.microservice does not have legacy storage
03-03 02:53:12.990 1501 1501 V StorageManagerService: Package com.android.dynsystem does not have legacy storage
03-03 02:53:12.990 1501 1501 V StorageManagerService: Package com.hht.lebocast does not have legacy storage
03-03 02:53:12.990 1501 1501 V StorageManagerService: Package com.android.providers.calendar does not have legacy storage
03-03 02:53:12.990 1501 1501 V StorageManagerService: Package com.android.providers.media does not have legacy storage
03-03 02:53:12.990 1501 1501 V StorageManagerService: Package com.tencent.tmgp.sgame has legacy storage
03-03 02:53:12.990 1501 1501 V StorageManagerService: Package com.happyelements.AndroidAnimal.qq has legacy storage
03-03 02:53:12.990 1501 1501 V StorageManagerService: Package com.android.internal.systemui.navbar.gestural_wide_back does not have legacy storage
03-03 02:53:12.990 1501 1501 V StorageManagerService: Package com.android.wallpapercropper does not have legacy storage
03-03 02:53:12.990 1501 1501 V StorageManagerService: Package com.thundercomm.microsettings does not have legacy storage
03-03 02:53:12.990 1501 1501 V StorageManagerService: Package com.qualcomm.qti.gpudrivers.kona.api30 does not have legacy storage
03-03 02:53:12.990 1501 1501 V StorageManagerService: Package com.android.documentsui does not have legacy storage
03-03 02:53:12.991 1501 1501 V StorageManagerService: Package com.android.externalstorage does not have legacy storage
03-03 02:53:12.991 1501 1501 V StorageManagerService: Package com.android.htmlviewer does not have legacy storage
03-03 02:53:12.991 1501 1501 V StorageManagerService: Package com.qualcomm.qti.uceShimService does not have legacy storage
03-03 02:53:12.991 1501 1501 V StorageManagerService: Package com.android.companiondevicemanager does not have legacy storage
03-03 02:53:12.991 1501 1501 V StorageManagerService: Package com.qualcomm.qti.qms.service.connectionsecurity does not have legacy storage
03-03 02:53:12.991 1501 1501 V StorageManagerService: Package com.android.providers.downloads does not have legacy storage
03-03 02:53:12.991 1501 1501 V StorageManagerService: Package com.android.internal.systemui.onehanded.gestural does not have legacy storage
03-03 02:53:12.991 1501 1501 V StorageManagerService: Package vendor.qti.hardware.cacert.server does not have legacy storage
03-03 02:53:12.991 1501 1501 V StorageManagerService: Package com.thundercomm.tchttpserver does not have legacy storage
03-03 02:53:12.991 1501 1501 V StorageManagerService: Package vendor.qti.iwlan does not have legacy storage
03-03 02:53:12.991 1501 1501 V StorageManagerService: Package com.tc.logclient does not have legacy storage
03-03 02:53:12.991 1501 1501 V StorageManagerService: Package me.ele does not have legacy storage
03-03 02:53:12.991 1501 1501 V StorageManagerService: Package android.qvaoverlay.common does not have legacy storage
03-03 02:53:12.992 1501 1501 V StorageManagerService: Package com.android.providers.downloads.ui does not have legacy storage
03-03 02:53:12.992 1501 1501 V StorageManagerService: Package com.android.pacprocessor does not have legacy storage
03-03 02:53:12.992 1501 1501 V StorageManagerService: Package com.android.networkstack does not have legacy storage
03-03 02:53:12.992 1501 1601 I ActivityManager: Start proc 2075:com.android.networkstack.process/1073 for service {com.android.networkstack/com.android.server.NetworkStackService}
03-03 02:53:12.992 1501 1501 V StorageManagerService: Package android.overlay.common does not have legacy storage
03-03 02:53:12.992 1501 1501 V StorageManagerService: Package com.android.connectivity.resources does not have legacy storage
03-03 02:53:12.992 1501 1501 V StorageManagerService: Package com.anjuke.android.app has legacy storage
03-03 02:53:12.992 1501 1501 V StorageManagerService: Package com.android.modulemetadata does not have legacy storage
03-03 02:53:12.992 1501 1501 V StorageManagerService: Package com.android.certinstaller does not have legacy storage
03-03 02:53:12.992 1501 1501 V StorageManagerService: Package android does not have legacy storage
03-03 02:53:12.992 1501 1501 V StorageManagerService: Package com.tencent.android.qqdownloader has legacy storage
03-03 02:53:12.992 1501 1501 V StorageManagerService: Package com.qualcomm.wfd.service does not have legacy storage
03-03 02:53:12.992 1501 1501 V StorageManagerService: Package com.zhaopin.social has legacy storage
03-03 02:53:12.992 1501 1501 V StorageManagerService: Package com.baidu.searchbox does not have legacy storage
03-03 02:53:12.992 1501 1501 V StorageManagerService: Package com.thundercomm.tcsetupwizard does not have legacy storage
03-03 02:53:12.992 1501 1501 V StorageManagerService: Package com.tencent.KiHan has legacy storage
03-03 02:53:12.993 1501 1501 V StorageManagerService: Package com.tencent.YiRen has legacy storage
03-03 02:53:12.993 1501 1501 V StorageManagerService: Package ts.car.uart does not have legacy storage
03-03 02:53:12.993 1501 1501 V StorageManagerService: Package com.android.egg does not have legacy storage
03-03 02:53:12.993 1501 1501 V StorageManagerService: Package com.android.mtp does not have legacy storage
03-03 02:53:12.993 1501 1501 V StorageManagerService: Package com.android.nfc does not have legacy storage
03-03 02:53:12.993 1501 1501 V StorageManagerService: Package com.android.launcher3 does not have legacy storage
03-03 02:53:12.993 1501 1501 V StorageManagerService: Package com.android.backupconfirm does not have legacy storage
03-03 02:53:12.993 1501 1501 V StorageManagerService: Package vendor.qti.qesdk.sysservice does not have legacy storage
03-03 02:53:12.993 1501 1501 V StorageManagerService: Package com.hryt.hiphishowfsecontrol does not have legacy storage
03-03 02:53:12.993 1501 1501 V StorageManagerService: Package com.android.provision does not have legacy storage
03-03 02:53:12.993 1501 1501 V StorageManagerService: Package com.thundercomm.debugtools does not have legacy storage
03-03 02:53:12.993 1501 1501 V StorageManagerService: Package android.overlay.target does not have legacy storage
03-03 02:53:12.993 1501 1501 V StorageManagerService: Package com.microsoft.emmx does not have legacy storage
03-03 02:53:12.993 1501 1501 V StorageManagerService: Package com.qti.pasrservice does not have legacy storage
03-03 02:53:12.993 1501 1501 V StorageManagerService: Package com.android.settings.intelligence does not have legacy storage
03-03 02:53:12.993 1501 1501 V StorageManagerService: Package com.android.internal.systemui.navbar.gestural_extra_wide_back does not have legacy storage
03-03 02:53:12.993 1501 1501 V StorageManagerService: Package com.qualcomm.qti.dynamicddsservice does not have legacy storage
03-03 02:53:12.994 1501 1501 V StorageManagerService: Package com.qualcomm.qti.xrvd.service does not have legacy storage
03-03 02:53:12.994 1501 1501 V StorageManagerService: Package com.android.providers.settings does not have legacy storage
03-03 02:53:12.994 1501 1501 V StorageManagerService: Package com.android.sharedstoragebackup does not have legacy storage
03-03 02:53:12.994 1501 1501 V StorageManagerService: Package com.android.printspooler does not have legacy storage
03-03 02:53:12.994 1501 1501 V StorageManagerService: Package com.qti.qualcomm.mstatssystemservice does not have legacy storage
03-03 02:53:12.994 1501 1501 V StorageManagerService: Package com.tencent.qqmusicpad has legacy storage
03-03 02:53:12.994 1501 1501 V StorageManagerService: Package com.qualcomm.qti.services.systemhelper does not have legacy storage
03-03 02:53:12.994 1501 1501 V StorageManagerService: Package com.android.wifi.resources.overlay.common does not have legacy storage
03-03 02:53:12.994 1501 1501 V StorageManagerService: Package com.android.dreams.basic does not have legacy storage
03-03 02:53:12.994 1501 1501 V StorageManagerService: Package com.tencent.qqlive does not have legacy storage
03-03 02:53:12.995 1501 1501 V StorageManagerService: Package com.android.webview does not have legacy storage
03-03 02:53:12.995 1501 1501 V StorageManagerService: Package com.android.se does not have legacy storage
03-03 02:53:12.996 1501 1501 V StorageManagerService: Package com.android.inputdevices does not have legacy storage
03-03 02:53:12.996 1501 1501 V StorageManagerService: Package com.tencent.mtt has legacy storage
03-03 02:53:12.996 1501 1501 V StorageManagerService: Package com.android.bips does not have legacy storage
03-03 02:53:12.996 1501 1501 V StorageManagerService: Package com.qti.dpmserviceapp does not have legacy storage
03-03 02:53:12.996 1501 1501 V StorageManagerService: Package com.thundercomm.remotecontrolservice does not have legacy storage
03-03 02:53:12.996 1501 1501 V StorageManagerService: Package com.cubic.autohome has legacy storage
03-03 02:53:12.996 1501 1501 V StorageManagerService: Package com.android.musicfx does not have legacy storage
03-03 02:53:12.996 1501 1501 V StorageManagerService: Package com.android.settings.overlay.common does not have legacy storage
03-03 02:53:12.996 1501 1501 V StorageManagerService: Package com.qualcomm.qti.qccnetstat does not have legacy storage
03-03 02:53:12.996 1501 1501 V StorageManagerService: Package android.ext.shared does not have legacy storage
03-03 02:53:12.996 1501 1501 V StorageManagerService: Package com.android.onetimeinitializer does not have legacy storage
03-03 02:53:12.996 1501 1501 V StorageManagerService: Package com.android.server.telecom does not have legacy storage
03-03 02:53:12.996 1501 1501 V StorageManagerService: Package com.android.keychain does not have legacy storage
03-03 02:53:12.996 1501 1501 V StorageManagerService: Package com.qti.snapdragon.qdcm_ff does not have legacy storage
03-03 02:53:12.997 1501 1501 V StorageManagerService: Package com.android.wifi.resources.overlay.target does not have legacy storage
03-03 02:53:12.997 1501 1501 V StorageManagerService: Package com.android.printservice.recommendation does not have legacy storage
03-03 02:53:12.997 1501 1501 V StorageManagerService: Package com.android.gallery3d has legacy storage
03-03 02:53:12.997 1501 1501 V StorageManagerService: Package com.tencent.tmgp.zmsy.zmxywz has legacy storage
03-03 02:53:12.997 1501 1501 V StorageManagerService: Package android.ext.services does not have legacy storage
03-03 02:53:12.997 1501 1501 V StorageManagerService: Package com.android.wifi.resources does not have legacy storage
03-03 02:53:12.997 1501 1501 V StorageManagerService: Package com.baidu.input does not have legacy storage
03-03 02:53:12.997 1501 1501 V StorageManagerService: Package com.android.systemui.overlay.common does not have legacy storage
03-03 02:53:12.997 1501 1501 V StorageManagerService: Package com.android.cameraextensions does not have legacy storage
03-03 02:53:12.997 1501 1501 V StorageManagerService: Package com.thundercomm.tcservice does not have legacy storage
03-03 02:53:12.997 1501 1501 V StorageManagerService: Package com.android.localtransport does not have legacy storage
03-03 02:53:12.997 1501 1501 V StorageManagerService: Package com.android.packageinstaller does not have legacy storage
03-03 02:53:12.997 1501 1501 V StorageManagerService: Package com.qualcomm.qti.devicestatisticsservice does not have legacy storage
03-03 02:53:12.997 1501 1501 V StorageManagerService: Package com.android.theme.font.notoserifsource does not have legacy storage
03-03 02:53:12.997 1501 1501 V StorageManagerService: Package com.kuaishou.nebula has legacy storage
03-03 02:53:12.997 1501 1501 V StorageManagerService: Package com.android.proxyhandler does not have legacy storage
03-03 02:53:12.997 1501 1501 V StorageManagerService: Package com.android.internal.display.cutout.emulation.waterfall does not have legacy storage
03-03 02:53:12.997 1501 1501 V StorageManagerService: Package com.qualcomm.qti.workloadclassifier does not have legacy storage
03-03 02:53:12.997 1501 1501 V StorageManagerService: Package com.android.inputmethod.latin does not have legacy storage
03-03 02:53:12.997 1501 1501 V StorageManagerService: Package com.android.providers.settings.overlay does not have legacy storage
03-03 02:53:12.997 1501 1501 V StorageManagerService: Package com.android.managedprovisioning does not have legacy storage
03-03 02:53:12.997 1501 1501 V StorageManagerService: Package com.tencent.tmgp.ssjj.zmws has legacy storage
03-03 02:53:12.997 1501 1501 V StorageManagerService: Package com.android.networkstack.tethering does not have legacy storage
03-03 02:53:12.997 1501 1501 V StorageManagerService: Package com.android.soundpicker does not have legacy storage
03-03 02:53:12.997 1501 1501 V StorageManagerService: Package com.android.dreams.phototable does not have legacy storage
03-03 02:53:12.997 1501 1501 V StorageManagerService: Package com.thundercomm.screensaver does not have legacy storage
03-03 02:53:12.997 1501 1501 V StorageManagerService: Package com.android.wallpaper.livepicker does not have legacy storage
03-03 02:53:12.997 1501 1501 V StorageManagerService: Package com.android.apps.tag does not have legacy storage
03-03 02:53:12.997 1501 1501 V StorageManagerService: Package com.miHoYo.Yuanshen does not have legacy storage
03-03 02:53:12.997 1501 1501 V StorageManagerService: Package com.android.storagemanager does not have legacy storage
03-03 02:53:12.997 1501 1501 V StorageManagerService: Package com.android.bookmarkprovider does not have legacy storage
03-03 02:53:12.997 1501 1501 V StorageManagerService: Package com.android.settings does not have legacy storage
03-03 02:53:12.997 1501 1501 V StorageManagerService: Package com.android.networkstack.permissionconfig does not have legacy storage
03-03 02:53:12.997 1501 1501 V StorageManagerService: Package com.qualcomm.location does not have legacy storage
03-03 02:53:12.997 1501 1501 V StorageManagerService: Package com.taobao.idlefish has legacy storage
03-03 02:53:12.997 1501 1501 V StorageManagerService: Package ctrip.android.view has legacy storage
03-03 02:53:12.997 1501 1501 V StorageManagerService: Package com.android.cts.ctsshim does not have legacy storage
03-03 02:53:12.997 1501 1501 V StorageManagerService: Package com.kmxs.reader has legacy storage
03-03 02:53:12.997 1501 1501 V StorageManagerService: Package com.qti.diagservices does not have legacy storage
03-03 02:53:12.997 1501 1501 V StorageManagerService: Package com.android.vpndialogs does not have legacy storage
03-03 02:53:12.997 1501 1501 V StorageManagerService: Package com.qualcomm.location.XT does not have legacy storage
03-03 02:53:12.997 1501 1501 V StorageManagerService: Package com.android.music does not have legacy storage
03-03 02:53:12.997 1501 1501 V StorageManagerService: Package com.android.shell does not have legacy storage
03-03 02:53:12.997 1501 1501 V StorageManagerService: Package com.android.wallpaperbackup does not have legacy storage
03-03 02:53:12.997 1501 1501 V StorageManagerService: Package com.android.providers.userdictionary does not have legacy storage
03-03 02:53:12.997 1501 1501 V StorageManagerService: Package com.android.providers.media.module does not have legacy storage
03-03 02:53:12.998 1501 1501 V StorageManagerService: Package com.android.emergency does not have legacy storage
03-03 02:53:12.998 1501 1501 V StorageManagerService: Package com.lianjia.beike does not have legacy storage
03-03 02:53:12.998 1501 1501 V StorageManagerService: Package com.tencent.tmgp.pubgmhd has legacy storage
03-03 02:53:12.998 1501 1501 V StorageManagerService: Package com.android.hotspot2.osulogin does not have legacy storage
03-03 02:53:12.998 1501 1501 V StorageManagerService: Package com.qualcomm.qti.qdma does not have legacy storage
03-03 02:53:12.998 1501 1501 V StorageManagerService: Package com.qualcomm.qti.xrcb does not have legacy storage
03-03 02:53:12.998 1501 1501 V StorageManagerService: Package com.smile.gifmaker has legacy storage
03-03 02:53:12.998 1501 1501 V StorageManagerService: Package com.android.internal.systemui.navbar.gestural does not have legacy storage
03-03 02:53:12.998 1501 1501 V StorageManagerService: Package com.android.location.fused does not have legacy storage
03-03 02:53:12.998 1501 1501 V StorageManagerService: Package com.android.systemui does not have legacy storage
03-03 02:53:12.998 1501 1501 V StorageManagerService: Package com.android.bluetoothmidiservice does not have legacy storage
03-03 02:53:12.998 1501 1501 V StorageManagerService: Package com.qti.ltebc does not have legacy storage
03-03 02:53:12.998 1501 1501 V StorageManagerService: Package com.android.permissioncontroller does not have legacy storage
03-03 02:53:12.998 1501 1501 V StorageManagerService: Package com.android.traceur does not have legacy storage
03-03 02:53:12.998 1501 1501 V StorageManagerService: Package com.qualcomm.qti.qccauthmgr does not have legacy storage
03-03 02:53:12.998 1501 1501 V StorageManagerService: Package com.qualcomm.qti.qms.service.trustzoneaccess does not have legacy storage
03-03 02:53:12.998 1501 1501 V StorageManagerService: Package com.qualcomm.qtil.aptxui does not have legacy storage
03-03 02:53:12.998 1501 1501 V StorageManagerService: Package com.android.bluetooth does not have legacy storage
03-03 02:53:12.998 1501 1501 V StorageManagerService: Package com.qualcomm.timeservice does not have legacy storage
03-03 02:53:12.998 1501 1501 V StorageManagerService: Package com.qualcomm.embms does not have legacy storage
03-03 02:53:12.998 1501 1501 V StorageManagerService: Package com.android.providers.contacts does not have legacy storage
03-03 02:53:12.998 1501 1501 V StorageManagerService: Package com.android.captiveportallogin does not have legacy storage
03-03 02:53:12.998 1501 1501 V StorageManagerService: Package com.android.internal.systemui.navbar.gestural_narrow_back does not have legacy storage
03-03 02:53:12.998 1501 1501 V StorageManagerService: Package com.android.cellbroadcastreceiver.overlay.common does not have legacy storage
03-03 02:53:12.998 1501 1501 V StorageManagerService: Package com.achievo.vipshop does not have legacy storage
03-03 02:53:13.001 1501 1501 I SystemServerTiming: ssm.onStartUser-0_com.android.server.usage.StorageStatsService$Lifecycle
03-03 02:53:13.001 1501 1501 I SystemServerTiming: ssm.onStartUser-0_com.android.server.UiModeManagerService
03-03 02:53:13.001 1501 1501 I SystemServerTiming: ssm.onStartUser-0_com.android.server.locksettings.LockSettingsService$Lifecycle
03-03 02:53:13.001 1501 1501 I SystemServerTiming: ssm.onStartUser-0_com.android.server.PersistentDataBlockService
03-03 02:53:13.001 1501 1501 I SystemServerTiming: ssm.onStartUser-0_com.android.server.testharness.TestHarnessModeService
03-03 02:53:13.001 1501 1501 I SystemServerTiming: ssm.onStartUser-0_com.android.server.oemlock.OemLockService
03-03 02:53:13.001 1501 1501 I SystemServerTiming: ssm.onStartUser-0_com.android.server.DeviceIdleController
03-03 02:53:13.001 1501 1501 I SystemServerTiming: ssm.onStartUser-0_com.android.server.devicepolicy.DevicePolicyManagerService$Lifecycle
03-03 02:53:13.001 1501 1501 I SystemServerTiming: ssm.onStartUser-0_com.android.server.texttospeech.TextToSpeechManagerService
03-03 02:53:13.001 1501 1501 I SystemServerTiming: ssm.onStartUser-0_com.android.server.speech.SpeechRecognitionManagerService
03-03 02:53:13.002 1501 1501 I SystemServerTiming: ssm.onStartUser-0_com.android.server.searchui.SearchUiManagerService
03-03 02:53:13.002 1501 1501 I SystemServerTiming: ssm.onStartUser-0_com.android.server.smartspace.SmartspaceManagerService
03-03 02:53:13.002 1501 1501 I SystemServerTiming: ssm.onStartUser-0_com.android.server.graphics.fonts.FontManagerService$Lifecycle
03-03 02:53:13.002 1501 1501 I SystemServerTiming: ssm.onStartUser-0_com.android.server.textservices.TextServicesManagerService$Lifecycle
03-03 02:53:13.002 1501 1501 I SystemServerTiming: ssm.onStartUser-0_com.android.server.textclassifier.TextClassificationManagerService$Lifecycle
03-03 02:53:13.003 1501 1501 I SystemServerTiming: ssm.onStartUser-0_com.android.server.NetworkScoreService$Lifecycle
03-03 02:53:13.003 1501 1501 I SystemServerTiming: ssm.onStartUser-0_com.android.server.wifi.WifiService
03-03 02:53:13.003 1501 1501 I SystemServerTiming: ssm.onStartUser-0_com.android.server.wifi.scanner.WifiScanningService
03-03 02:53:13.003 1501 1501 I SystemServerTiming: ssm.onStartUser-0_com.android.server.wifi.rtt.RttService
03-03 02:53:13.003 1501 1501 I SystemServerTiming: ssm.onStartUser-0_com.android.server.wifi.aware.WifiAwareService
03-03 02:53:13.003 1501 1501 I SystemServerTiming: ssm.onStartUser-0_com.android.server.wifi.p2p.WifiP2pService
03-03 02:53:13.003 1501 1501 I SystemServerTiming: ssm.onStartUser-0_com.android.server.ethernet.EthernetService
03-03 02:53:13.003 1501 1501 I SystemServerTiming: ssm.onStartUser-0_com.android.server.ConnectivityServiceInitializer
03-03 02:53:13.003 1501 1501 I SystemServerTiming: ssm.onStartUser-0_com.android.server.notification.NotificationManagerService
03-03 02:53:13.003 1501 1501 I SystemServerTiming: ssm.onStartUser-0_com.android.server.storage.DeviceStorageMonitorService
03-03 02:53:13.003 1501 1501 I SystemServerTiming: ssm.onStartUser-0_com.android.server.location.LocationManagerService$Lifecycle
03-03 02:53:13.003 1501 1501 I SystemServerTiming: ssm.onStartUser-0_com.android.server.timedetector.TimeDetectorService$Lifecycle
03-03 02:53:13.003 1501 1501 I SystemServerTiming: ssm.onStartUser-0_com.android.server.timezonedetector.TimeZoneDetectorService$Lifecycle
03-03 02:53:13.003 1501 1501 I SystemServerTiming: ssm.onStartUser-0_com.android.server.timezonedetector.location.LocationTimeZoneManagerService$Lifecycle
03-03 02:53:13.003 1501 1501 I SystemServerTiming: ssm.onStartUser-0_com.android.server.search.SearchManagerService$Lifecycle
03-03 02:53:13.003 1501 1501 I SystemServerTiming: ssm.onStartUser-0_com.android.server.wallpaper.WallpaperManagerService$Lifecycle
03-03 02:53:13.003 1501 1501 I SystemServerTiming: ssm.onStartUser-0_com.android.server.audio.AudioService$Lifecycle
03-03 02:53:13.003 1501 1501 I SystemServerTiming: ssm.onStartUser-0_com.android.server.soundtrigger_middleware.SoundTriggerMiddlewareService$Lifecycle
03-03 02:53:13.003 1501 1501 I SystemServerTiming: ssm.onStartUser-0_com.android.server.DockObserver
03-03 02:53:13.003 1501 1501 I SystemServerTiming: ssm.onStartUser-0_com.android.server.midi.MidiService$Lifecycle
03-03 02:53:13.003 1501 1501 I SystemServerTiming: ssm.onStartUser-0_com.android.server.adb.AdbService$Lifecycle
03-03 02:53:13.003 1501 1501 I SystemServerTiming: ssm.onStartUser-0_com.android.server.usb.UsbService$Lifecycle
03-03 02:53:13.003 1501 1501 I SystemServerTiming: ssm.onStartUser-0_com.android.server.twilight.TwilightService
03-03 02:53:13.003 1501 1501 I SystemServerTiming: ssm.onStartUser-0_com.android.server.display.color.ColorDisplayService
03-03 02:53:13.003 1501 1501 I SystemServerTiming: ssm.onStartUser-0_com.android.server.job.JobSchedulerService
03-03 02:53:13.003 1501 1501 I SystemServerTiming: ssm.onStartUser-0_com.android.server.soundtrigger.SoundTriggerService
03-03 02:53:13.003 1501 1501 I SystemServerTiming: ssm.onStartUser-0_com.android.server.trust.TrustManagerService
03-03 02:53:13.003 1501 1501 I SystemServerTiming: ssm.onStartUser-0_com.android.server.backup.BackupManagerService$Lifecycle
03-03 02:53:13.003 1501 1501 I SystemServerTiming: ssm.onStartUser-0_com.android.server.appwidget.AppWidgetService
03-03 02:53:13.003 1501 1501 I SystemServerTiming: ssm.onStartUser-0_com.android.server.voiceinteraction.VoiceInteractionManagerService
03-03 02:53:13.004 1501 1501 W VoiceInteractionManager: no available voice recognition services found for user 0
03-03 02:53:13.004 1501 1501 I SystemServerTiming: ssm.onStartUser-0_com.android.server.apphibernation.AppHibernationService
03-03 02:53:13.004 1501 1501 I SystemServerTiming: ssm.onStartUser-0_com.android.server.SensorNotificationService
03-03 02:53:13.004 1501 1501 I SystemServerTiming: ssm.onStartUser-0_com.android.server.emergency.EmergencyAffordanceService
03-03 02:53:13.004 1501 1501 I SystemServerTiming: ssm.onStartUser-0_com.android.server.blob.BlobStoreManagerService
03-03 02:53:13.004 1501 1501 I SystemServerTiming: ssm.onStartUser-0_com.android.server.dreams.DreamManagerService
03-03 02:53:13.004 1501 1501 I SystemServerTiming: ssm.onStartUser-0_com.android.server.companion.CompanionDeviceManagerService
03-03 02:53:13.004 1501 1501 I SystemServerTiming: ssm.onStartUser-0_com.android.server.restrictions.RestrictionsManagerService
03-03 02:53:13.004 1501 1501 I SystemServerTiming: ssm.onStartUser-0_com.android.server.media.MediaSessionService
03-03 02:53:13.004 1501 1501 I SystemServerTiming: ssm.onStartUser-0_com.android.server.media.MediaResourceMonitorService
03-03 02:53:13.004 1501 1501 I SystemServerTiming: ssm.onStartUser-0_com.android.server.biometrics.sensors.fingerprint.FingerprintService
03-03 02:53:13.004 1501 1501 I SystemServerTiming: ssm.onStartUser-0_com.android.server.biometrics.BiometricService
03-03 02:53:13.004 1501 1501 I SystemServerTiming: ssm.onStartUser-0_com.android.server.biometrics.AuthService
03-03 02:53:13.004 1501 1501 I SystemServerTiming: ssm.onStartUser-0_com.android.server.pm.ShortcutService$Lifecycle
03-03 02:53:13.004 1501 1501 I SystemServerTiming: ssm.onStartUser-0_com.android.server.pm.LauncherAppsService
03-03 02:53:13.004 1501 1501 I SystemServerTiming: ssm.onStartUser-0_com.android.server.pm.CrossProfileAppsService
03-03 02:53:13.004 1501 1501 I SystemServerTiming: ssm.onStartUser-0_com.android.server.people.PeopleService
03-03 02:53:13.004 1501 1501 I SystemServerTiming: ssm.onStartUser-0_com.android.server.media.metrics.MediaMetricsManagerService
03-03 02:53:13.004 1501 1501 I SystemServerTiming: ssm.onStartUser-0_com.android.server.media.projection.MediaProjectionManagerService
