01-02 13:27:50.970 0 0 E DTC_ETH,link_delay_work_func: 3003, SQI=0, link=0
01-02 13:27:56.090 0 0 E DTC_ETH,link_delay_work_func: 3003, SQI=0, link=0
01-02 13:28:01.210 0 0 E DTC_ETH,link_delay_work_func: 3003, SQI=0, link=0
01-02 13:28:06.330 0 0 E DTC_ETH,link_delay_work_func: 3003, SQI=0, link=0
01-02 13:28:11.450 0 0 E DTC_ETH,link_delay_work_func: 3003, SQI=0, link=0
01-02 13:28:16.570 0 0 E DTC_ETH,link_delay_work_func: 3003, SQI=0, link=0
01-02 13:28:21.690 0 0 E DTC_ETH,link_delay_work_func: 3003, SQI=0, link=0
01-02 13:28:26.810 0 0 E DTC_ETH,link_delay_work_func: 3003, SQI=0, link=0
01-02 13:28:31.930 0 0 E DTC_ETH,link_delay_work_func: 3003, SQI=0, link=0
01-02 13:28:37.050 0 0 E DTC_ETH,link_delay_work_func: 3003, SQI=0, link=0
01-02 13:28:42.170 0 0 E DTC_ETH,link_delay_work_func: 3003, SQI=0, link=0
01-02 13:28:47.290 0 0 E DTC_ETH,link_delay_work_func: 3003, SQI=0, link=0
01-02 13:28:52.410 0 0 E DTC_ETH,link_delay_work_func: 3003, SQI=0, link=0
01-02 13:28:57.530 0 0 E DTC_ETH,link_delay_work_func: 3003, SQI=0, link=0
01-02 13:29:02.650 0 0 E DTC_ETH,link_delay_work_func: 3003, SQI=0, link=0
01-02 13:29:07.771 0 0 E DTC_ETH,link_delay_work_func: 3003, SQI=0, link=0
01-02 13:29:12.890 0 0 E DTC_ETH,link_delay_work_func: 3003, SQI=0, link=0
01-02 13:29:18.010 0 0 E DTC_ETH,link_delay_work_func: 3003, SQI=0, link=0
01-02 13:29:23.131 0 0 E DTC_ETH,link_delay_work_func: 3003, SQI=0, link=0
01-02 13:29:28.250 0 0 E DTC_ETH,link_delay_work_func: 3003, SQI=0, link=0
01-02 13:29:33.370 0 0 E DTC_ETH,link_delay_work_func: 3003, SQI=0, link=0
01-02 13:29:38.491 0 0 E DTC_ETH,link_delay_work_func: 3003, SQI=0, link=0
01-02 13:29:43.611 0 0 E DTC_ETH,link_delay_work_func: 3003, SQI=0, link=0
01-02 13:29:48.730 0 0 E DTC_ETH,link_delay_work_func: 3003, SQI=0, link=0
01-02 13:29:53.851 0 0 E DTC_ETH,link_delay_work_func: 3003, SQI=0, link=0
01-02 13:29:58.972 0 0 E DTC_ETH,link_delay_work_func: 3003, SQI=0, link=0
03-04 08:23:04.024 1501 1621 W BatteryExternalStatsWorker: error reading modem stats:ERROR_PHONE_NOT_AVAILABLE
03-04 08:23:04.051 1501 1621 E KernelCpuSpeedReader: Failed to read cpu-freq: /sys/devices/system/cpu/cpu4/cpufreq/stats/time_in_state: open failed: ENOENT (No such file or directory)
03-04 08:23:04.052 1501 1621 E KernelCpuSpeedReader: Failed to read cpu-freq: /sys/devices/system/cpu/cpu0/cpufreq/stats/time_in_state: open failed: ENOENT (No such file or directory)
01-02 13:30:03.435 0 0 W audit : audit_lost=8432 audit_rate_limit=5 audit_backlog_limit=64
01-02 13:30:03.435 0 0 E audit : rate limit exceeded
01-02 13:30:04.090 0 0 E DTC_ETH,link_delay_work_func: 3003, SQI=0, link=0
01-02 13:30:09.210 0 0 E DTC_ETH,link_delay_work_func: 3003, SQI=0, link=0
01-02 13:30:14.330 0 0 E DTC_ETH,link_delay_work_func: 3003, SQI=0, link=0
01-02 13:30:19.450 0 0 E DTC_ETH,link_delay_work_func: 3003, SQI=0, link=0
01-02 13:30:23.145 0 0 I init : Untracked pid 12841 exited with status 0
01-02 13:30:24.570 0 0 E DTC_ETH,link_delay_work_func: 3003, SQI=0, link=0
01-02 13:30:29.690 0 0 E DTC_ETH,link_delay_work_func: 3003, SQI=0, link=0
01-02 13:30:34.811 0 0 E DTC_ETH,link_delay_work_func: 3003, SQI=0, link=0
01-02 13:30:39.930 0 0 E DTC_ETH,link_delay_work_func: 3003, SQI=0, link=0
01-02 13:30:45.050 0 0 E DTC_ETH,link_delay_work_func: 3003, SQI=0, link=0
01-02 13:30:50.171 0 0 E DTC_ETH,link_delay_work_func: 3003, SQI=0, link=0
01-02 13:30:55.290 0 0 E DTC_ETH,link_delay_work_func: 3003, SQI=0, link=0
01-02 13:31:00.410 0 0 E DTC_ETH,link_delay_work_func: 3003, SQI=0, link=0
01-02 13:31:05.530 0 0 E DTC_ETH,link_delay_work_func: 3003, SQI=0, link=0
01-02 13:31:10.650 0 0 E DTC_ETH,link_delay_work_func: 3003, SQI=0, link=0
01-02 13:31:15.770 0 0 E DTC_ETH,link_delay_work_func: 3003, SQI=0, link=0
01-02 13:31:19.034 0 0 I [dp_rx_][0x1db1ab40323][08:24:19.658273] wlan: [3350:I:QDF] DHCP-R RX: SA:0e:79:35:c2:75:95 DA:ff:ff:ff:ff:ff:ff
03-04 08:24:21.124 1501 1501 I JobServiceContext: Client timed out while executing (no jobFinished received). Sending onStop: dbfa955 #u0a102/246 com.kuaishou.nebula/androidx.work.impl.background.systemjob.SystemJobService
01-02 13:31:20.890 0 0 E DTC_ETH,link_delay_work_func: 3003, SQI=0, link=0
03-04 08:24:24.252 1501 1501 I JobServiceContext: Client timed out while executing (no jobFinished received). Sending onStop: 16ad836 #u0a115/240 com.smile.gifmaker/androidx.work.impl.background.systemjob.SystemJobService
01-02 13:31:26.010 0 0 E DTC_ETH,link_delay_work_func: 3003, SQI=0, link=0
01-02 13:31:31.130 0 0 E DTC_ETH,link_delay_work_func: 3003, SQI=0, link=0
01-02 13:31:36.250 0 0 E DTC_ETH,link_delay_work_func: 3003, SQI=0, link=0
03-04 08:24:37.336 1501 1600 W ActivityManager: Stopping service due to app idle: u0a115 -1d5h31m14s501ms com.smile.gifmaker/com.kwai.chat.kwailink.service.NewKwaiLinkService
01-02 13:31:41.371 0 0 E DTC_ETH,link_delay_work_func: 3003, SQI=0, link=0
01-02 13:31:46.490 0 0 E DTC_ETH,link_delay_work_func: 3003, SQI=0, link=0
01-02 13:31:51.610 0 0 E DTC_ETH,link_delay_work_func: 3003, SQI=0, link=0
01-02 13:31:56.730 0 0 E DTC_ETH,link_delay_work_func: 3003, SQI=0, link=0
01-02 13:32:01.850 0 0 E DTC_ETH,link_delay_work_func: 3003, SQI=0, link=0
01-02 13:32:06.970 0 0 E DTC_ETH,link_delay_work_func: 3003, SQI=0, link=0
01-02 13:32:12.090 0 0 E DTC_ETH,link_delay_work_func: 3003, SQI=0, link=0
01-02 13:32:17.210 0 0 E DTC_ETH,link_delay_work_func: 3003, SQI=0, link=0
01-02 13:32:22.330 0 0 E DTC_ETH,link_delay_work_func: 3003, SQI=0, link=0
01-02 13:32:27.450 0 0 E DTC_ETH,link_delay_work_func: 3003, SQI=0, link=0
01-02 13:32:32.571 0 0 E DTC_ETH,link_delay_work_func: 3003, SQI=0, link=0
01-02 13:32:35.904 0 0 D cnss : Host time = 106355904700 us, device time = 106321758880 us, offset = 34145820 us
01-02 13:32:35.904 0 0 D cnss : Updated time sync regs [0x984] = 0x209061c, [0x988] = 0x0
01-02 13:32:37.690 0 0 E DTC_ETH,link_delay_work_func: 3003, SQI=0, link=0
01-02 13:32:42.810 0 0 E DTC_ETH,link_delay_work_func: 3003, SQI=0, link=0
01-02 13:32:47.934 0 0 E DTC_ETH,link_delay_work_func: 3003, SQI=0, link=0
01-02 13:32:53.050 0 0 E DTC_ETH,link_delay_work_func: 3003, SQI=0, link=0
01-02 13:32:58.170 0 0 E DTC_ETH,link_delay_work_func: 3003, SQI=0, link=0
01-02 13:33:03.290 0 0 E DTC_ETH,link_delay_work_func: 3003, SQI=0, link=0
01-02 13:33:08.411 0 0 E DTC_ETH,link_delay_work_func: 3003, SQI=0, link=0
01-02 13:33:13.530 0 0 E DTC_ETH,link_delay_work_func: 3003, SQI=0, link=0
01-02 13:33:18.651 0 0 E DTC_ETH,link_delay_work_func: 3003, SQI=0, link=0
01-02 13:33:23.770 0 0 E DTC_ETH,link_delay_work_func: 3003, SQI=0, link=0
01-02 13:33:28.890 0 0 E DTC_ETH,link_delay_work_func: 3003, SQI=0, link=0
01-02 13:33:34.010 0 0 E DTC_ETH,link_delay_work_func: 3003, SQI=0, link=0
01-02 13:33:39.130 0 0 E DTC_ETH,link_delay_work_func: 3003, SQI=0, link=0
01-02 13:33:44.250 0 0 E DTC_ETH,link_delay_work_func: 3003, SQI=0, link=0
01-02 13:33:49.370 0 0 E DTC_ETH,link_delay_work_func: 3003, SQI=0, link=0
01-02 13:33:54.490 0 0 E DTC_ETH,link_delay_work_func: 3003, SQI=0, link=0
01-02 13:33:59.611 0 0 E DTC_ETH,link_delay_work_func: 3003, SQI=0, link=0
01-02 13:34:04.730 0 0 E DTC_ETH,link_delay_work_func: 3003, SQI=0, link=0
01-02 13:34:09.850 0 0 E DTC_ETH,link_delay_work_func: 3003, SQI=0, link=0
01-02 13:34:14.970 0 0 E DTC_ETH,link_delay_work_func: 3003, SQI=0, link=0
01-02 13:34:20.090 0 0 E DTC_ETH,link_delay_work_func: 3003, SQI=0, link=0
01-02 13:34:25.210 0 0 E DTC_ETH,link_delay_work_func: 3003, SQI=0, link=0
01-02 13:34:30.330 0 0 E DTC_ETH,link_delay_work_func: 3003, SQI=0, link=0
01-02 13:34:35.450 0 0 E DTC_ETH,link_delay_work_func: 3003, SQI=0, link=0
01-02 13:34:40.570 0 0 E DTC_ETH,link_delay_work_func: 3003, SQI=0, link=0
01-02 13:34:45.690 0 0 E DTC_ETH,link_delay_work_func: 3003, SQI=0, link=0
01-02 13:34:50.810 0 0 E DTC_ETH,link_delay_work_func: 3003, SQI=0, link=0
01-02 13:34:55.930 0 0 E DTC_ETH,link_delay_work_func: 3003, SQI=0, link=0
01-02 13:35:01.050 0 0 E DTC_ETH,link_delay_work_func: 3003, SQI=0, link=0
01-02 13:35:06.170 0 0 E DTC_ETH,link_delay_work_func: 3003, SQI=0, link=0
01-02 13:35:11.290 0 0 E DTC_ETH,link_delay_work_func: 3003, SQI=0, link=0
01-02 13:35:16.410 0 0 E DTC_ETH,link_delay_work_func: 3003, SQI=0, link=0
01-02 13:35:21.530 0 0 E DTC_ETH,link_delay_work_func: 3003, SQI=0, link=0
01-02 13:35:26.650 0 0 E DTC_ETH,link_delay_work_func: 3003, SQI=0, link=0
01-02 13:35:31.770 0 0 E DTC_ETH,link_delay_work_func: 3003, SQI=0, link=0
01-02 13:35:36.890 0 0 E DTC_ETH,link_delay_work_func: 3003, SQI=0, link=0
01-02 13:35:42.011 0 0 E DTC_ETH,link_delay_work_func: 3003, SQI=0, link=0
01-02 13:35:47.130 0 0 E DTC_ETH,link_delay_work_func: 3003, SQI=0, link=0
01-02 13:35:52.250 0 0 E DTC_ETH,link_delay_work_func: 3003, SQI=0, link=0
01-02 13:35:57.370 0 0 E DTC_ETH,link_delay_work_func: 3003, SQI=0, link=0
01-02 13:36:02.490 0 0 E DTC_ETH,link_delay_work_func: 3003, SQI=0, link=0
01-02 13:36:07.610 0 0 E DTC_ETH,link_delay_work_func: 3003, SQI=0, link=0
01-02 13:36:12.730 0 0 E DTC_ETH,link_delay_work_func: 3003, SQI=0, link=0
01-02 13:36:17.850 0 0 E DTC_ETH,link_delay_work_func: 3003, SQI=0, link=0
01-02 13:36:22.970 0 0 E DTC_ETH,link_delay_work_func: 3003, SQI=0, link=0
01-02 13:36:28.090 0 0 E DTC_ETH,link_delay_work_func: 3003, SQI=0, link=0
01-02 13:36:30.239 0 0 I [dp_rx_][0x1dc7ed96bb8][08:29:30.863508] wlan: [3350:I:QDF] DHCP-D RX: SA:0e:79:35:c2:75:95 DA:ff:ff:ff:ff:ff:ff
01-02 13:36:31.469 0 0 I [dp_rx_][0x1dc80419d73][08:29:32.092971] wlan: [3350:I:QDF] DHCP-R RX: SA:0e:79:35:c2:75:95 DA:ff:ff:ff:ff:ff:ff
01-02 13:36:33.210 0 0 E DTC_ETH,link_delay_work_func: 3003, SQI=0, link=0
01-02 13:36:38.330 0 0 E DTC_ETH,link_delay_work_func: 3003, SQI=0, link=0
01-02 13:36:43.450 0 0 E DTC_ETH,link_delay_work_func: 3003, SQI=0, link=0
01-02 13:36:48.570 0 0 E DTC_ETH,link_delay_work_func: 3003, SQI=0, link=0
01-02 13:36:53.690 0 0 E DTC_ETH,link_delay_work_func: 3003, SQI=0, link=0
01-02 13:36:58.810 0 0 E DTC_ETH,link_delay_work_func: 3003, SQI=0, link=0
01-02 13:37:03.930 0 0 E DTC_ETH,link_delay_work_func: 3003, SQI=0, link=0
01-02 13:37:09.050 0 0 E DTC_ETH,link_delay_work_func: 3003, SQI=0, link=0
01-02 13:37:14.170 0 0 E DTC_ETH,link_delay_work_func: 3003, SQI=0, link=0
01-02 13:37:19.290 0 0 E DTC_ETH,link_delay_work_func: 3003, SQI=0, link=0
01-02 13:37:24.410 0 0 E DTC_ETH,link_delay_work_func: 3003, SQI=0, link=0
01-02 13:37:29.530 0 0 E DTC_ETH,link_delay_work_func: 3003, SQI=0, link=0
01-02 13:37:34.650 0 0 E DTC_ETH,link_delay_work_func: 3003, SQI=0, link=0
01-02 13:37:39.770 0 0 E DTC_ETH,link_delay_work_func: 3003, SQI=0, link=0
01-02 13:37:44.890 0 0 E DTC_ETH,link_delay_work_func: 3003, SQI=0, link=0
01-02 13:37:50.010 0 0 E DTC_ETH,link_delay_work_func: 3003, SQI=0, link=0
01-02 13:37:55.130 0 0 E DTC_ETH,link_delay_work_func: 3003, SQI=0, link=0
01-02 13:38:00.250 0 0 E DTC_ETH,link_delay_work_func: 3003, SQI=0, link=0
01-02 13:38:05.372 0 0 E DTC_ETH,link_delay_work_func: 3003, SQI=0, link=0
01-02 13:38:10.490 0 0 E DTC_ETH,link_delay_work_func: 3003, SQI=0, link=0
01-02 13:38:15.610 0 0 E DTC_ETH,link_delay_work_func: 3003, SQI=0, link=0
01-02 13:38:20.730 0 0 E DTC_ETH,link_delay_work_func: 3003, SQI=0, link=0
01-02 13:38:25.850 0 0 E DTC_ETH,link_delay_work_func: 3003, SQI=0, link=0
01-02 13:38:30.970 0 0 E DTC_ETH,link_delay_work_func: 3003, SQI=0, link=0
01-02 13:38:36.090 0 0 E DTC_ETH,link_delay_work_func: 3003, SQI=0, link=0
01-02 13:38:41.210 0 0 E DTC_ETH,link_delay_work_func: 3003, SQI=0, link=0
01-02 13:38:46.330 0 0 E DTC_ETH,link_delay_work_func: 3003, SQI=0, link=0
01-02 13:38:51.450 0 0 E DTC_ETH,link_delay_work_func: 3003, SQI=0, link=0
01-02 13:38:56.570 0 0 E DTC_ETH,link_delay_work_func: 3003, SQI=0, link=0
01-02 13:39:01.690 0 0 E DTC_ETH,link_delay_work_func: 3003, SQI=0, link=0
01-02 13:39:02.214 0 0 I qcom_rpmh DRV: apps_rsc TCS Busy, retrying RPMH message send: addr=0x40d00
01-02 13:39:02.214 0 0 I qcom_rpmh DRV: apps_rsc TCS Busy, retrying RPMH message send: addr=0x40d00
01-02 13:39:02.214 0 0 I qcom_rpmh DRV: apps_rsc TCS Busy, retrying RPMH message send: addr=0x40d00
01-02 13:39:02.214 0 0 I qcom_rpmh DRV: apps_rsc TCS Busy, retrying RPMH message send: addr=0x40d00
01-02 13:39:02.214 0 0 I qcom_rpmh DRV: apps_rsc TCS Busy, retrying RPMH message send: addr=0x40d00
01-02 13:39:02.214 0 0 I qcom_rpmh DRV: apps_rsc TCS Busy, retrying RPMH message send: addr=0x40d00
01-02 13:39:02.214 0 0 I qcom_rpmh DRV: apps_rsc TCS Busy, retrying RPMH message send: addr=0x40d00
01-02 13:39:06.810 0 0 E DTC_ETH,link_delay_work_func: 3003, SQI=0, link=0
01-02 13:39:11.930 0 0 E DTC_ETH,link_delay_work_func: 3003, SQI=0, link=0
01-02 13:39:17.050 0 0 E DTC_ETH,link_delay_work_func: 3003, SQI=0, link=0
01-02 13:39:22.170 0 0 E DTC_ETH,link_delay_work_func: 3003, SQI=0, link=0
01-02 13:39:27.291 0 0 E DTC_ETH,link_delay_work_func: 3003, SQI=0, link=0
01-02 13:39:32.410 0 0 E DTC_ETH,link_delay_work_func: 3003, SQI=0, link=0
01-02 13:39:37.530 0 0 E DTC_ETH,link_delay_work_func: 3003, SQI=0, link=0
01-02 13:39:42.650 0 0 E DTC_ETH,link_delay_work_func: 3003, SQI=0, link=0
01-02 13:39:47.770 0 0 E DTC_ETH,link_delay_work_func: 3003, SQI=0, link=0
01-02 13:39:52.891 0 0 E DTC_ETH,link_delay_work_func: 3003, SQI=0, link=0
01-02 13:39:58.014 0 0 E DTC_ETH,link_delay_work_func: 3003, SQI=0, link=0
01-02 13:40:03.130 0 0 E DTC_ETH,link_delay_work_func: 3003, SQI=0, link=0
01-02 13:40:08.250 0 0 E DTC_ETH,link_delay_work_func: 3003, SQI=0, link=0
03-04 08:33:12.996 1501 1733 D ActivityManager: freezing 9324 com.qti.diagservices
03-04 08:33:12.997 1501 1733 E ActivityManager: Unable to freeze binder for 9324 com.qti.diagservices
01-02 13:40:12.373 0 0 I binder : 1501:1733 ioctl 400c620e 73196005d8 returned -22
03-04 08:33:12.999 1501 1733 D ActivityManager: froze 9324 com.qti.diagservices
03-04 08:33:12.999 1501 1733 E ActivityManager: Unable to freeze binder for 9324 com.qti.diagservices
03-04 08:33:13.001 1501 1733 I ActivityManager: Killing 9324:com.qti.diagservices/1000 (adj 925): Unable to freeze binder interface
01-02 13:40:12.375 0 0 I binder : 1501:1733 ioctl c00c620f 73196005b8 returned -22
03-04 08:33:13.030 1501 17178 W ActivityManager: Scheduling restart of crashed service com.qti.diagservices/.QTIDiagServices in 1000ms for start-requested
01-02 13:40:13.370 0 0 E DTC_ETH,link_delay_work_func: 3003, SQI=0, link=0
03-04 08:33:14.035 1501 1600 D CompatibilityChangeReporter: Compat change id reported: 135634846; UID 1000; state: DISABLED
03-04 08:33:14.035 1501 1600 D CompatibilityChangeReporter: Compat change id reported: 177438394; UID 1000; state: DISABLED
03-04 08:33:14.035 1501 1600 D CompatibilityChangeReporter: Compat change id reported: 135772972; UID 1000; state: DISABLED
03-04 08:33:14.035 1501 1600 D CompatibilityChangeReporter: Compat change id reported: 135754954; UID 1000; state: ENABLED
03-04 08:33:14.060 1501 1601 I ActivityManager: Start proc 14396:com.qti.diagservices/1000 for service {com.qti.diagservices/com.qti.diagservices.QTIDiagServices}
01-02 13:40:13.477 0 0 I binder : 14396:14396 ioctl 40046210 7fe0d02fe4 returned -22
03-04 08:33:18.153 1501 1598 I UsageStatsService: User[0] Flushing usage stats to disk
01-02 13:40:18.494 0 0 E DTC_ETH,link_delay_work_func: 3003, SQI=0, link=0
01-02 13:40:23.610 0 0 E DTC_ETH,link_delay_work_func: 3003, SQI=0, link=0
01-02 13:40:28.730 0 0 E DTC_ETH,link_delay_work_func: 3003, SQI=0, link=0
01-02 13:40:33.850 0 0 E DTC_ETH,link_delay_work_func: 3003, SQI=0, link=0
01-02 13:40:38.970 0 0 E DTC_ETH,link_delay_work_func: 3003, SQI=0, link=0
01-02 13:40:44.090 0 0 E DTC_ETH,link_delay_work_func: 3003, SQI=0, link=0
01-02 13:40:49.210 0 0 E DTC_ETH,link_delay_work_func: 3003, SQI=0, link=0
01-02 13:40:54.330 0 0 E DTC_ETH,link_delay_work_func: 3003, SQI=0, link=0
01-02 13:40:59.450 0 0 E DTC_ETH,link_delay_work_func: 3003, SQI=0, link=0
01-02 13:41:04.570 0 0 E DTC_ETH,link_delay_work_func: 3003, SQI=0, link=0
01-02 13:41:09.690 0 0 E DTC_ETH,link_delay_work_func: 3003, SQI=0, link=0
01-02 13:41:14.814 0 0 E DTC_ETH,link_delay_work_func: 3003, SQI=0, link=0
01-02 13:41:19.930 0 0 E DTC_ETH,link_delay_work_func: 3003, SQI=0, link=0
03-04 08:34:21.144 1501 1501 I JobServiceContext: Letting faa3598 #u0a102/248 com.kuaishou.nebula/androidx.work.impl.background.systemjob.SystemJobService continue to run past min execution time
03-04 08:34:24.270 1501 1501 I JobServiceContext: Letting 4e41c2d #u0a115/242 com.smile.gifmaker/androidx.work.impl.background.systemjob.SystemJobService continue to run past min execution time
01-02 13:41:25.050 0 0 E DTC_ETH,link_delay_work_func: 3003, SQI=0, link=0
01-02 13:41:30.170 0 0 E DTC_ETH,link_delay_work_func: 3003, SQI=0, link=0
01-02 13:41:35.290 0 0 E DTC_ETH,link_delay_work_func: 3003, SQI=0, link=0
03-04 08:34:37.349 1501 1600 W ActivityManager: Stopping service due to app idle: u0a115 -1d5h41m14s514ms com.smile.gifmaker/com.kwai.chat.kwailink.service.NewKwaiLinkService
01-02 13:41:40.411 0 0 E DTC_ETH,link_delay_work_func: 3003, SQI=0, link=0
01-02 13:41:45.530 0 0 E DTC_ETH,link_delay_work_func: 3003, SQI=0, link=0
01-02 13:41:50.650 0 0 E DTC_ETH,link_delay_work_func: 3003, SQI=0, link=0
01-02 13:41:50.866 0 0 I [dp_rx_][0x1ddedc6fcd2][08:34:51.490082] wlan: [3350:I:QDF] DHCP-R RX: SA:0e:79:35:c2:75:95 DA:ff:ff:ff:ff:ff:ff
01-02 13:41:53.836 0 0 I [dp_rx_][0x1ddf12d0a40][08:34:54.459861] wlan: [3350:I:QDF] DHCP-R RX: SA:0e:79:35:c2:75:95 DA:ff:ff:ff:ff:ff:ff
01-02 13:41:55.770 0 0 E DTC_ETH,link_delay_work_func: 3003, SQI=0, link=0
01-02 13:41:58.853 0 0 I [dp_rx_][0x1ddf6eaf149][08:34:59.477128] wlan: [3350:I:QDF] DHCP-R RX: SA:0e:79:35:c2:75:95 DA:ff:ff:ff:ff:ff:ff
01-02 13:42:00.890 0 0 E DTC_ETH,link_delay_work_func: 3003, SQI=0, link=0
01-02 13:42:06.010 0 0 E DTC_ETH,link_delay_work_func: 3003, SQI=0, link=0
01-02 13:42:11.130 0 0 E DTC_ETH,link_delay_work_func: 3003, SQI=0, link=0
01-02 13:42:16.250 0 0 E DTC_ETH,link_delay_work_func: 3003, SQI=0, link=0
01-02 13:42:21.371 0 0 E DTC_ETH,link_delay_work_func: 3003, SQI=0, link=0
01-02 13:42:26.492 0 0 E DTC_ETH,link_delay_work_func: 3003, SQI=0, link=0
01-02 13:42:31.610 0 0 E DTC_ETH,link_delay_work_func: 3003, SQI=0, link=0
01-02 13:42:36.730 0 0 E DTC_ETH,link_delay_work_func: 3003, SQI=0, link=0
01-02 13:42:41.850 0 0 E DTC_ETH,link_delay_work_func: 3003, SQI=0, link=0
01-02 13:42:46.970 0 0 E DTC_ETH,link_delay_work_func: 3003, SQI=0, link=0
01-02 13:42:52.091 0 0 E DTC_ETH,link_delay_work_func: 3003, SQI=0, link=0
01-02 13:42:57.210 0 0 E DTC_ETH,link_delay_work_func: 3003, SQI=0, link=0
01-02 13:43:02.330 0 0 E DTC_ETH,link_delay_work_func: 3003, SQI=0, link=0
01-02 13:43:07.450 0 0 E DTC_ETH,link_delay_work_func: 3003, SQI=0, link=0
01-02 13:43:12.570 0 0 E DTC_ETH,link_delay_work_func: 3003, SQI=0, link=0
01-02 13:43:17.690 0 0 E DTC_ETH,link_delay_work_func: 3003, SQI=0, link=0
01-02 13:43:22.810 0 0 E DTC_ETH,link_delay_work_func: 3003, SQI=0, link=0
01-02 13:43:27.931 0 0 E DTC_ETH,link_delay_work_func: 3003, SQI=0, link=0
01-02 13:43:33.050 0 0 E DTC_ETH,link_delay_work_func: 3003, SQI=0, link=0
01-02 13:43:38.170 0 0 E DTC_ETH,link_delay_work_func: 3003, SQI=0, link=0
01-02 13:43:43.290 0 0 E DTC_ETH,link_delay_work_func: 3003, SQI=0, link=0
01-02 13:43:48.410 0 0 E DTC_ETH,link_delay_work_func: 3003, SQI=0, link=0
01-02 13:43:53.531 0 0 E DTC_ETH,link_delay_work_func: 3003, SQI=0, link=0
01-02 13:43:58.651 0 0 E DTC_ETH,link_delay_work_func: 3003, SQI=0, link=0
01-02 13:44:03.770 0 0 E DTC_ETH,link_delay_work_func: 3003, SQI=0, link=0
01-02 13:44:08.890 0 0 E DTC_ETH,link_delay_work_func: 3003, SQI=0, link=0
01-02 13:44:14.010 0 0 E DTC_ETH,link_delay_work_func: 3003, SQI=0, link=0
01-02 13:44:19.130 0 0 E DTC_ETH,link_delay_work_func: 3003, SQI=0, link=0
01-02 13:44:24.250 0 0 E DTC_ETH,link_delay_work_func: 3003, SQI=0, link=0
01-02 13:44:29.370 0 0 E DTC_ETH,link_delay_work_func: 3003, SQI=0, link=0
01-02 13:44:34.490 0 0 E DTC_ETH,link_delay_work_func: 3003, SQI=0, link=0
01-02 13:44:39.610 0 0 E DTC_ETH,link_delay_work_func: 3003, SQI=0, link=0
01-02 13:44:44.730 0 0 E DTC_ETH,link_delay_work_func: 3003, SQI=0, link=0
01-02 13:44:49.851 0 0 E DTC_ETH,link_delay_work_func: 3003, SQI=0, link=0
01-02 13:44:54.970 0 0 E DTC_ETH,link_delay_work_func: 3003, SQI=0, link=0
01-02 13:45:00.090 0 0 E DTC_ETH,link_delay_work_func: 3003, SQI=0, link=0
01-02 13:45:05.210 0 0 E DTC_ETH,link_delay_work_func: 3003, SQI=0, link=0
01-02 13:45:10.330 0 0 E DTC_ETH,link_delay_work_func: 3003, SQI=0, link=0
01-02 13:45:15.450 0 0 E DTC_ETH,link_delay_work_func: 3003, SQI=0, link=0
01-02 13:45:20.571 0 0 E DTC_ETH,link_delay_work_func: 3003, SQI=0, link=0
01-02 13:45:25.690 0 0 E DTC_ETH,link_delay_work_func: 3003, SQI=0, link=0
01-02 13:45:30.810 0 0 E DTC_ETH,link_delay_work_func: 3003, SQI=0, link=0
01-02 13:45:35.931 0 0 E DTC_ETH,link_delay_work_func: 3003, SQI=0, link=0
01-02 13:45:41.050 0 0 E DTC_ETH,link_delay_work_func: 3003, SQI=0, link=0
01-02 13:45:46.170 0 0 E DTC_ETH,link_delay_work_func: 3003, SQI=0, link=0
01-02 13:45:51.290 0 0 E DTC_ETH,link_delay_work_func: 3003, SQI=0, link=0
01-02 13:45:56.410 0 0 E DTC_ETH,link_delay_work_func: 3003, SQI=0, link=0
01-02 13:46:01.530 0 0 E DTC_ETH,link_delay_work_func: 3003, SQI=0, link=0
01-02 13:46:06.650 0 0 E DTC_ETH,link_delay_work_func: 3003, SQI=0, link=0
01-02 13:46:11.770 0 0 E DTC_ETH,link_delay_work_func: 3003, SQI=0, link=0
01-02 13:46:16.890 0 0 E DTC_ETH,link_delay_work_func: 3003, SQI=0, link=0
01-02 13:46:22.010 0 0 E DTC_ETH,link_delay_work_func: 3003, SQI=0, link=0
01-02 13:46:27.130 0 0 E DTC_ETH,link_delay_work_func: 3003, SQI=0, link=0
01-02 13:46:32.250 0 0 E DTC_ETH,link_delay_work_func: 3003, SQI=0, link=0
01-02 13:46:37.370 0 0 E DTC_ETH,link_delay_work_func: 3003, SQI=0, link=0
01-02 13:46:42.490 0 0 E DTC_ETH,link_delay_work_func: 3003, SQI=0, link=0
01-02 13:46:47.611 0 0 E DTC_ETH,link_delay_work_func: 3003, SQI=0, link=0
01-02 13:46:52.730 0 0 E DTC_ETH,link_delay_work_func: 3003, SQI=0, link=0
01-02 13:46:57.850 0 0 E DTC_ETH,link_delay_work_func: 3003, SQI=0, link=0
01-02 13:47:02.970 0 0 E DTC_ETH,link_delay_work_func: 3003, SQI=0, link=0
01-02 13:47:08.090 0 0 E DTC_ETH,link_delay_work_func: 3003, SQI=0, link=0
01-02 13:47:13.210 0 0 E DTC_ETH,link_delay_work_func: 3003, SQI=0, link=0
01-02 13:47:18.330 0 0 E DTC_ETH,link_delay_work_func: 3003, SQI=0, link=0
01-02 13:47:23.450 0 0 E DTC_ETH,link_delay_work_func: 3003, SQI=0, link=0
01-02 13:47:28.570 0 0 E DTC_ETH,link_delay_work_func: 3003, SQI=0, link=0
01-02 13:47:33.690 0 0 E DTC_ETH,link_delay_work_func: 3003, SQI=0, link=0
01-02 13:47:37.019 0 0 D cnss : Host time = 107257019540 us, device time = 107222700830 us, offset = 34318710 us
01-02 13:47:37.019 0 0 D cnss : Updated time sync regs [0x984] = 0x20ba976, [0x988] = 0x0
01-02 13:47:38.810 0 0 E DTC_ETH,link_delay_work_func: 3003, SQI=0, link=0
01-02 13:47:43.930 0 0 E DTC_ETH,link_delay_work_func: 3003, SQI=0, link=0
01-02 13:47:49.050 0 0 E DTC_ETH,link_delay_work_func: 3003, SQI=0, link=0
01-02 13:47:54.170 0 0 E DTC_ETH,link_delay_work_func: 3003, SQI=0, link=0
01-02 13:47:59.290 0 0 E DTC_ETH,link_delay_work_func: 3003, SQI=0, link=0
01-02 13:48:04.410 0 0 E DTC_ETH,link_delay_work_func: 3003, SQI=0, link=0
01-02 13:48:09.530 0 0 E DTC_ETH,link_delay_work_func: 3003, SQI=0, link=0
01-02 13:48:14.650 0 0 E DTC_ETH,link_delay_work_func: 3003, SQI=0, link=0
01-02 13:48:19.771 0 0 E DTC_ETH,link_delay_work_func: 3003, SQI=0, link=0
01-02 13:48:24.890 0 0 E DTC_ETH,link_delay_work_func: 3003, SQI=0, link=0
01-02 13:48:30.010 0 0 E DTC_ETH,link_delay_work_func: 3003, SQI=0, link=0
01-02 13:48:35.130 0 0 E DTC_ETH,link_delay_work_func: 3003, SQI=0, link=0
01-02 13:48:40.250 0 0 E DTC_ETH,link_delay_work_func: 3003, SQI=0, link=0
01-02 13:48:43.074 0 0 I qcom_rpmh DRV: apps_rsc TCS Busy, retrying RPMH message send: addr=0x40d00
01-02 13:48:45.370 0 0 E DTC_ETH,link_delay_work_func: 3003, SQI=0, link=0
01-02 13:48:50.490 0 0 E DTC_ETH,link_delay_work_func: 3003, SQI=0, link=0
01-02 13:48:55.610 0 0 E DTC_ETH,link_delay_work_func: 3003, SQI=0, link=0
01-02 13:49:00.730 0 0 E DTC_ETH,link_delay_work_func: 3003, SQI=0, link=0
01-02 13:49:05.850 0 0 E DTC_ETH,link_delay_work_func: 3003, SQI=0, link=0
01-02 13:49:10.970 0 0 E DTC_ETH,link_delay_work_func: 3003, SQI=0, link=0
01-02 13:49:16.090 0 0 E DTC_ETH,link_delay_work_func: 3003, SQI=0, link=0
01-02 13:49:21.211 0 0 E DTC_ETH,link_delay_work_func: 3003, SQI=0, link=0
01-02 13:49:26.330 0 0 E DTC_ETH,link_delay_work_func: 3003, SQI=0, link=0
01-02 13:49:31.451 0 0 E DTC_ETH,link_delay_work_func: 3003, SQI=0, link=0
01-02 13:49:36.570 0 0 E DTC_ETH,link_delay_work_func: 3003, SQI=0, link=0
01-02 13:49:41.690 0 0 E DTC_ETH,link_delay_work_func: 3003, SQI=0, link=0
01-02 13:49:46.810 0 0 E DTC_ETH,link_delay_work_func: 3003, SQI=0, link=0
01-02 13:49:51.930 0 0 E DTC_ETH,link_delay_work_func: 3003, SQI=0, link=0
01-02 13:49:57.050 0 0 E DTC_ETH,link_delay_work_func: 3003, SQI=0, link=0
01-02 13:50:02.170 0 0 E DTC_ETH,link_delay_work_func: 3003, SQI=0, link=0
01-02 13:50:07.290 0 0 E DTC_ETH,link_delay_work_func: 3003, SQI=0, link=0
01-02 13:50:12.410 0 0 E DTC_ETH,link_delay_work_func: 3003, SQI=0, link=0
01-02 13:50:17.530 0 0 E DTC_ETH,link_delay_work_func: 3003, SQI=0, link=0
01-02 13:50:22.650 0 0 E DTC_ETH,link_delay_work_func: 3003, SQI=0, link=0
01-02 13:50:27.770 0 0 E DTC_ETH,link_delay_work_func: 3003, SQI=0, link=0
01-02 13:50:32.890 0 0 E DTC_ETH,link_delay_work_func: 3003, SQI=0, link=0
01-02 13:50:38.010 0 0 E DTC_ETH,link_delay_work_func: 3003, SQI=0, link=0
01-02 13:50:43.130 0 0 E DTC_ETH,link_delay_work_func: 3003, SQI=0, link=0
01-02 13:50:48.250 0 0 E DTC_ETH,link_delay_work_func: 3003, SQI=0, link=0
01-02 13:50:53.370 0 0 E DTC_ETH,link_delay_work_func: 3003, SQI=0, link=0
01-02 13:50:58.490 0 0 E DTC_ETH,link_delay_work_func: 3003, SQI=0, link=0
01-02 13:51:03.610 0 0 E DTC_ETH,link_delay_work_func: 3003, SQI=0, link=0
01-02 13:51:08.730 0 0 E DTC_ETH,link_delay_work_func: 3003, SQI=0, link=0
01-02 13:51:13.850 0 0 E DTC_ETH,link_delay_work_func: 3003, SQI=0, link=0
01-02 13:51:18.971 0 0 E DTC_ETH,link_delay_work_func: 3003, SQI=0, link=0
01-02 13:51:24.091 0 0 E DTC_ETH,link_delay_work_func: 3003, SQI=0, link=0
01-02 13:51:29.211 0 0 E DTC_ETH,link_delay_work_func: 3003, SQI=0, link=0
01-02 13:51:34.334 0 0 E DTC_ETH,link_delay_work_func: 3003, SQI=0, link=0
03-04 08:44:37.360 1501 1600 W ActivityManager: Stopping service due to app idle: u0a115 -1d5h51m14s525ms com.smile.gifmaker/com.kwai.chat.kwailink.service.NewKwaiLinkService
01-02 13:51:39.450 0 0 E DTC_ETH,link_delay_work_func: 3003, SQI=0, link=0
01-02 13:51:44.570 0 0 E DTC_ETH,link_delay_work_func: 3003, SQI=0, link=0
01-02 13:51:49.690 0 0 E DTC_ETH,link_delay_work_func: 3003, SQI=0, link=0
01-02 13:51:54.810 0 0 E DTC_ETH,link_delay_work_func: 3003, SQI=0, link=0
01-02 13:51:59.931 0 0 E DTC_ETH,link_delay_work_func: 3003, SQI=0, link=0
01-02 13:52:05.050 0 0 E DTC_ETH,link_delay_work_func: 3003, SQI=0, link=0
01-02 13:52:10.170 0 0 E DTC_ETH,link_delay_work_func: 3003, SQI=0, link=0
01-02 13:52:15.290 0 0 E DTC_ETH,link_delay_work_func: 3003, SQI=0, link=0
01-02 13:52:20.410 0 0 E DTC_ETH,link_delay_work_func: 3003, SQI=0, link=0
01-02 13:52:25.530 0 0 E DTC_ETH,link_delay_work_func: 3003, SQI=0, link=0
01-02 13:52:26.899 0 0 I [dp_rx_][0x1e0c5a8ba16][08:45:27.522899] wlan: [3350:I:QDF] DHCP-D RX: SA:0e:79:35:c2:75:95 DA:ff:ff:ff:ff:ff:ff
01-02 13:52:30.650 0 0 E DTC_ETH,link_delay_work_func: 3003, SQI=0, link=0
01-02 13:52:31.093 0 0 I [dp_rx_][0x1e0ca75b601][08:45:31.717831] wlan: [3350:I:QDF] DHCP-R RX: SA:0e:79:35:c2:75:95 DA:ff:ff:ff:ff:ff:ff
01-02 13:52:35.770 0 0 E DTC_ETH,link_delay_work_func: 3003, SQI=0, link=0
01-02 13:52:40.890 0 0 E DTC_ETH,link_delay_work_func: 3003, SQI=0, link=0
01-02 13:52:46.010 0 0 E DTC_ETH,link_delay_work_func: 3003, SQI=0, link=0
01-02 13:52:51.130 0 0 E DTC_ETH,link_delay_work_func: 3003, SQI=0, link=0
01-02 13:52:56.250 0 0 E DTC_ETH,link_delay_work_func: 3003, SQI=0, link=0
01-02 13:53:01.370 0 0 E DTC_ETH,link_delay_work_func: 3003, SQI=0, link=0
01-02 13:53:06.490 0 0 E DTC_ETH,link_delay_work_func: 3003, SQI=0, link=0
01-02 13:53:11.610 0 0 E DTC_ETH,link_delay_work_func: 3003, SQI=0, link=0
01-02 13:53:16.730 0 0 E DTC_ETH,link_delay_work_func: 3003, SQI=0, link=0
01-02 13:53:21.850 0 0 E DTC_ETH,link_delay_work_func: 3003, SQI=0, link=0
01-02 13:53:26.970 0 0 E DTC_ETH,link_delay_work_func: 3003, SQI=0, link=0
01-02 13:53:32.091 0 0 E DTC_ETH,link_delay_work_func: 3003, SQI=0, link=0
01-02 13:53:37.211 0 0 E DTC_ETH,link_delay_work_func: 3003, SQI=0, link=0
01-02 13:53:42.330 0 0 E DTC_ETH,link_delay_work_func: 3003, SQI=0, link=0
01-02 13:53:47.450 0 0 E DTC_ETH,link_delay_work_func: 3003, SQI=0, link=0
01-02 13:53:52.570 0 0 E DTC_ETH,link_delay_work_func: 3003, SQI=0, link=0
01-02 13:53:57.691 0 0 E DTC_ETH,link_delay_work_func: 3003, SQI=0, link=0
01-02 13:54:02.811 0 0 E DTC_ETH,link_delay_work_func: 3003, SQI=0, link=0
01-02 13:54:07.930 0 0 E DTC_ETH,link_delay_work_func: 3003, SQI=0, link=0
01-02 13:54:13.050 0 0 E DTC_ETH,link_delay_work_func: 3003, SQI=0, link=0
01-02 13:54:18.170 0 0 E DTC_ETH,link_delay_work_func: 3003, SQI=0, link=0
01-02 13:54:23.290 0 0 E DTC_ETH,link_delay_work_func: 3003, SQI=0, link=0
01-02 13:54:28.410 0 0 E DTC_ETH,link_delay_work_func: 3003, SQI=0, link=0
01-02 13:54:33.530 0 0 E DTC_ETH,link_delay_work_func: 3003, SQI=0, link=0
01-02 13:54:38.650 0 0 E DTC_ETH,link_delay_work_func: 3003, SQI=0, link=0
01-02 13:54:43.770 0 0 E DTC_ETH,link_delay_work_func: 3003, SQI=0, link=0
01-02 13:54:48.890 0 0 E DTC_ETH,link_delay_work_func: 3003, SQI=0, link=0
01-02 13:54:54.010 0 0 E DTC_ETH,link_delay_work_func: 3003, SQI=0, link=0
01-02 13:54:59.130 0 0 E DTC_ETH,link_delay_work_func: 3003, SQI=0, link=0
01-02 13:55:04.250 0 0 E DTC_ETH,link_delay_work_func: 3003, SQI=0, link=0
01-02 13:55:09.370 0 0 E DTC_ETH,link_delay_work_func: 3003, SQI=0, link=0
01-02 13:55:14.490 0 0 E DTC_ETH,link_delay_work_func: 3003, SQI=0, link=0
01-02 13:55:19.610 0 0 E DTC_ETH,link_delay_work_func: 3003, SQI=0, link=0
01-02 13:55:24.730 0 0 E DTC_ETH,link_delay_work_func: 3003, SQI=0, link=0
01-02 13:55:29.850 0 0 E DTC_ETH,link_delay_work_func: 3003, SQI=0, link=0
01-02 13:55:34.970 0 0 E DTC_ETH,link_delay_work_func: 3003, SQI=0, link=0
01-02 13:55:40.090 0 0 E DTC_ETH,link_delay_work_func: 3003, SQI=0, link=0
01-02 13:55:45.210 0 0 E DTC_ETH,link_delay_work_func: 3003, SQI=0, link=0
01-02 13:55:50.330 0 0 E DTC_ETH,link_delay_work_func: 3003, SQI=0, link=0
01-02 13:55:55.450 0 0 E DTC_ETH,link_delay_work_func: 3003, SQI=0, link=0
01-02 13:56:00.570 0 0 E DTC_ETH,link_delay_work_func: 3003, SQI=0, link=0
01-02 13:56:05.690 0 0 E DTC_ETH,link_delay_work_func: 3003, SQI=0, link=0
01-02 13:56:10.811 0 0 E DTC_ETH,link_delay_work_func: 3003, SQI=0, link=0
01-02 13:56:15.931 0 0 E DTC_ETH,link_delay_work_func: 3003, SQI=0, link=0
01-02 13:56:21.050 0 0 E DTC_ETH,link_delay_work_func: 3003, SQI=0, link=0
01-02 13:56:26.170 0 0 E DTC_ETH,link_delay_work_func: 3003, SQI=0, link=0
01-02 13:56:31.290 0 0 E DTC_ETH,link_delay_work_func: 3003, SQI=0, link=0
01-02 13:56:36.410 0 0 E DTC_ETH,link_delay_work_func: 3003, SQI=0, link=0
01-02 13:56:41.530 0 0 E DTC_ETH,link_delay_work_func: 3003, SQI=0, link=0
01-02 13:56:46.650 0 0 E DTC_ETH,link_delay_work_func: 3003, SQI=0, link=0
01-02 13:56:51.770 0 0 E DTC_ETH,link_delay_work_func: 3003, SQI=0, link=0
01-02 13:56:56.890 0 0 E DTC_ETH,link_delay_work_func: 3003, SQI=0, link=0
01-02 13:57:02.010 0 0 E DTC_ETH,link_delay_work_func: 3003, SQI=0, link=0
01-02 13:57:07.130 0 0 E DTC_ETH,link_delay_work_func: 3003, SQI=0, link=0
01-02 13:57:12.250 0 0 E DTC_ETH,link_delay_work_func: 3003, SQI=0, link=0
01-02 13:57:17.370 0 0 E DTC_ETH,link_delay_work_func: 3003, SQI=0, link=0
01-02 13:57:22.490 0 0 E DTC_ETH,link_delay_work_func: 3003, SQI=0, link=0
01-02 13:57:27.611 0 0 E DTC_ETH,link_delay_work_func: 3003, SQI=0, link=0
01-02 13:57:32.730 0 0 E DTC_ETH,link_delay_work_func: 3003, SQI=0, link=0
01-02 13:57:37.850 0 0 E DTC_ETH,link_delay_work_func: 3003, SQI=0, link=0
01-02 13:57:42.970 0 0 E DTC_ETH,link_delay_work_func: 3003, SQI=0, link=0
01-02 13:57:47.214 0 0 I [dp_rx_][0x1e2343b2822][08:50:47.838393] wlan: [3350:I:QDF] DHCP-D RX: SA:0e:79:35:c2:75:95 DA:ff:ff:ff:ff:ff:ff
01-02 13:57:48.090 0 0 E DTC_ETH,link_delay_work_func: 3003, SQI=0, link=0
01-02 13:57:48.341 0 0 I [dp_rx_][0x1e235854f28][08:50:48.965313] wlan: [3350:I:QDF] DHCP-R RX: SA:0e:79:35:c2:75:95 DA:ff:ff:ff:ff:ff:ff
01-02 13:57:53.210 0 0 E DTC_ETH,link_delay_work_func: 3003, SQI=0, link=0
01-02 13:57:56.430 0 0 I [dp_rx_][0x1e23ec74326][08:50:57.054753] wlan: [3350:I:QDF] DHCP-R RX: SA:0e:79:35:c2:75:95 DA:ff:ff:ff:ff:ff:ff
01-02 13:57:58.330 0 0 E DTC_ETH,link_delay_work_func: 3003, SQI=0, link=0
01-02 13:58:03.450 0 0 E DTC_ETH,link_delay_work_func: 3003, SQI=0, link=0
01-02 13:58:08.570 0 0 E DTC_ETH,link_delay_work_func: 3003, SQI=0, link=0
01-02 13:58:13.690 0 0 E DTC_ETH,link_delay_work_func: 3003, SQI=0, link=0
01-02 13:58:18.810 0 0 E DTC_ETH,link_delay_work_func: 3003, SQI=0, link=0
01-02 13:58:23.930 0 0 E DTC_ETH,link_delay_work_func: 3003, SQI=0, link=0
01-02 13:58:29.050 0 0 E DTC_ETH,link_delay_work_func: 3003, SQI=0, link=0
01-02 13:58:34.170 0 0 E DTC_ETH,link_delay_work_func: 3003, SQI=0, link=0
01-02 13:58:39.290 0 0 E DTC_ETH,link_delay_work_func: 3003, SQI=0, link=0
01-02 13:58:44.410 0 0 E DTC_ETH,link_delay_work_func: 3003, SQI=0, link=0
01-02 13:58:49.530 0 0 E DTC_ETH,link_delay_work_func: 3003, SQI=0, link=0
01-02 13:58:54.650 0 0 E DTC_ETH,link_delay_work_func: 3003, SQI=0, link=0
01-02 13:58:59.770 0 0 E DTC_ETH,link_delay_work_func: 3003, SQI=0, link=0
01-02 13:59:04.890 0 0 E DTC_ETH,link_delay_work_func: 3003, SQI=0, link=0
01-02 13:59:10.010 0 0 E DTC_ETH,link_delay_work_func: 3003, SQI=0, link=0
01-02 13:59:15.130 0 0 E DTC_ETH,link_delay_work_func: 3003, SQI=0, link=0
01-02 13:59:20.251 0 0 E DTC_ETH,link_delay_work_func: 3003, SQI=0, link=0
01-02 13:59:25.370 0 0 E DTC_ETH,link_delay_work_func: 3003, SQI=0, link=0
01-02 13:59:30.490 0 0 E DTC_ETH,link_delay_work_func: 3003, SQI=0, link=0
01-02 13:59:35.611 0 0 E DTC_ETH,link_delay_work_func: 3003, SQI=0, link=0
01-02 13:59:40.730 0 0 E DTC_ETH,link_delay_work_func: 3003, SQI=0, link=0
01-02 13:59:45.850 0 0 E DTC_ETH,link_delay_work_func: 3003, SQI=0, link=0
01-02 13:59:50.970 0 0 E DTC_ETH,link_delay_work_func: 3003, SQI=0, link=0
01-02 13:59:56.090 0 0 E DTC_ETH,link_delay_work_func: 3003, SQI=0, link=0
01-02 14:00:01.210 0 0 E DTC_ETH,link_delay_work_func: 3003, SQI=0, link=0
03-04 08:53:04.027 1501 1621 W BatteryExternalStatsWorker: error reading modem stats:ERROR_PHONE_NOT_AVAILABLE
03-04 08:53:04.057 1501 1621 E KernelCpuSpeedReader: Failed to read cpu-freq: /sys/devices/system/cpu/cpu4/cpufreq/stats/time_in_state: open failed: ENOENT (No such file or directory)
03-04 08:53:04.058 1501 1621 E KernelCpuSpeedReader: Failed to read cpu-freq: /sys/devices/system/cpu/cpu0/cpufreq/stats/time_in_state: open failed: ENOENT (No such file or directory)
01-02 14:00:03.440 0 0 W audit : audit_lost=8477 audit_rate_limit=5 audit_backlog_limit=64
01-02 14:00:03.440 0 0 E audit : rate limit exceeded
01-02 14:00:06.330 0 0 E DTC_ETH,link_delay_work_func: 3003, SQI=0, link=0
01-02 14:00:11.450 0 0 E DTC_ETH,link_delay_work_func: 3003, SQI=0, link=0
03-04 08:53:12.118 1501 1583 I EntropyMixer: Writing entropy...
01-02 14:00:16.570 0 0 E DTC_ETH,link_delay_work_func: 3003, SQI=0, link=0
03-04 08:53:18.184 1501 1598 I UsageStatsService: User[0] Flushing usage stats to disk
01-02 14:00:21.690 0 0 E DTC_ETH,link_delay_work_func: 3003, SQI=0, link=0
01-02 14:00:23.161 0 0 I init : Untracked pid 16706 exited with status 0
01-02 14:00:26.814 0 0 E DTC_ETH,link_delay_work_func: 3003, SQI=0, link=0
03-04 08:53:27.672 1501 1598 I ProcessStatsService: Pruning old procstats: /data/system/procstats/state-2023-03-03-15-32-49.bin
03-04 08:53:31.903 1501 1600 D CompatibilityChangeReporter: Compat change id reported: 135634846; UID 10024; state: DISABLED
03-04 08:53:31.903 1501 1600 D CompatibilityChangeReporter: Compat change id reported: 177438394; UID 10024; state: DISABLED
03-04 08:53:31.903 1501 1600 D CompatibilityChangeReporter: Compat change id reported: 135772972; UID 10024; state: DISABLED
03-04 08:53:31.903 1501 1600 D CompatibilityChangeReporter: Compat change id reported: 135754954; UID 10024; state: ENABLED
03-04 08:53:31.904 1501 1601 D CompatibilityChangeReporter: Compat change id reported: 143937733; UID 10024; state: ENABLED
01-02 14:00:31.296 0 0 I logd : logdr: UID=1000 GID=1000 PID=1501 n tail=0 logMask=4 pid=0 start=0ns deadline=0ns
03-04 08:53:31.930 1501 1601 I ActivityManager: Start proc 16741:com.android.providers.calendar/u0a24 for broadcast {com.android.providers.calendar/com.android.providers.calendar.CalendarProviderBroadcastReceiver}
01-02 14:00:31.327 0 0 I binder : 16741:16741 ioctl 40046210 7fe0d02fe4 returned -22
03-04 08:53:32.025 1501 3160 D CompatibilityChangeReporter: Compat change id reported: 143231523; UID 10024; state: DISABLED
01-02 14:00:31.931 0 0 E DTC_ETH,link_delay_work_func: 3003, SQI=0, link=0
01-02 14:00:37.051 0 0 E DTC_ETH,link_delay_work_func: 3003, SQI=0, link=0
01-02 14:00:42.170 0 0 E DTC_ETH,link_delay_work_func: 3003, SQI=0, link=0
01-02 14:00:47.290 0 0 E DTC_ETH,link_delay_work_func: 3003, SQI=0, link=0
01-02 14:00:52.411 0 0 E DTC_ETH,link_delay_work_func: 3003, SQI=0, link=0
01-02 14:00:57.530 0 0 E DTC_ETH,link_delay_work_func: 3003, SQI=0, link=0
01-02 14:01:02.650 0 0 E DTC_ETH,link_delay_work_func: 3003, SQI=0, link=0
01-02 14:01:07.771 0 0 E DTC_ETH,link_delay_work_func: 3003, SQI=0, link=0
01-02 14:01:12.890 0 0 E DTC_ETH,link_delay_work_func: 3003, SQI=0, link=0
01-02 14:01:18.010 0 0 E DTC_ETH,link_delay_work_func: 3003, SQI=0, link=0
03-04 08:54:21.144 1501 1501 I JobServiceContext: Client timed out while executing (no jobFinished received). Sending onStop: faa3598 #u0a102/248 com.kuaishou.nebula/androidx.work.impl.background.systemjob.SystemJobService
01-02 14:01:23.130 0 0 E DTC_ETH,link_delay_work_func: 3003, SQI=0, link=0
03-04 08:54:24.269 1501 1501 I JobServiceContext: Client timed out while executing (no jobFinished received). Sending onStop: 4e41c2d #u0a115/242 com.smile.gifmaker/androidx.work.impl.background.systemjob.SystemJobService
01-02 14:01:28.250 0 0 E DTC_ETH,link_delay_work_func: 3003, SQI=0, link=0
01-02 14:01:33.370 0 0 E DTC_ETH,link_delay_work_func: 3003, SQI=0, link=0
03-04 08:54:37.335 1501 1600 W ActivityManager: Stopping service due to app idle: u0a115 -1d6h1m14s500ms com.smile.gifmaker/com.kwai.chat.kwailink.service.NewKwaiLinkService
01-02 14:01:38.490 0 0 E DTC_ETH,link_delay_work_func: 3003, SQI=0, link=0
01-02 14:01:43.610 0 0 E DTC_ETH,link_delay_work_func: 3003, SQI=0, link=0
01-02 14:01:48.730 0 0 E DTC_ETH,link_delay_work_func: 3003, SQI=0, link=0
01-02 14:01:53.851 0 0 E DTC_ETH,link_delay_work_func: 3003, SQI=0, link=0
01-02 14:01:58.970 0 0 E DTC_ETH,link_delay_work_func: 3003, SQI=0, link=0
01-02 14:02:04.091 0 0 E DTC_ETH,link_delay_work_func: 3003, SQI=0, link=0
01-02 14:02:09.210 0 0 E DTC_ETH,link_delay_work_func: 3003, SQI=0, link=0
01-02 14:02:14.330 0 0 E DTC_ETH,link_delay_work_func: 3003, SQI=0, link=0
01-02 14:02:19.450 0 0 E DTC_ETH,link_delay_work_func: 3003, SQI=0, link=0
01-02 14:02:24.570 0 0 E DTC_ETH,link_delay_work_func: 3003, SQI=0, link=0
01-02 14:02:29.690 0 0 E DTC_ETH,link_delay_work_func: 3003, SQI=0, link=0
01-02 14:02:34.810 0 0 E DTC_ETH,link_delay_work_func: 3003, SQI=0, link=0
01-02 14:02:38.138 0 0 D cnss : Host time = 108158139390 us, device time = 108123654140 us, offset = 34485250 us
01-02 14:02:38.139 0 0 D cnss : Updated time sync regs [0x984] = 0x20e3402, [0x988] = 0x0
01-02 14:02:39.930 0 0 E DTC_ETH,link_delay_work_func: 3003, SQI=0, link=0
01-02 14:02:45.050 0 0 E DTC_ETH,link_delay_work_func: 3003, SQI=0, link=0
01-02 14:02:50.170 0 0 E DTC_ETH,link_delay_work_func: 3003, SQI=0, link=0
01-02 14:02:55.290 0 0 E DTC_ETH,link_delay_work_func: 3003, SQI=0, link=0
01-02 14:03:00.410 0 0 E DTC_ETH,link_delay_work_func: 3003, SQI=0, link=0
01-02 14:03:05.530 0 0 E DTC_ETH,link_delay_work_func: 3003, SQI=0, link=0
01-02 14:03:10.650 0 0 E DTC_ETH,link_delay_work_func: 3003, SQI=0, link=0
01-02 14:03:14.907 0 0 I [dp_rx_][0x1e3ab3ed896][08:56:15.530985] wlan: [3350:I:QDF] DHCP-R RX: SA:0e:79:35:c2:75:95 DA:ff:ff:ff:ff:ff:ff
01-02 14:03:15.771 0 0 E DTC_ETH,link_delay_work_func: 3003, SQI=0, link=0
01-02 14:03:20.890 0 0 E DTC_ETH,link_delay_work_func: 3003, SQI=0, link=0
01-02 14:03:26.010 0 0 E DTC_ETH,link_delay_work_func: 3003, SQI=0, link=0
01-02 14:03:31.130 0 0 E DTC_ETH,link_delay_work_func: 3003, SQI=0, link=0
01-02 14:03:36.250 0 0 E DTC_ETH,link_delay_work_func: 3003, SQI=0, link=0
01-02 14:03:41.370 0 0 E DTC_ETH,link_delay_work_func: 3003, SQI=0, link=0
01-02 14:03:46.490 0 0 E DTC_ETH,link_delay_work_func: 3003, SQI=0, link=0
01-02 14:03:51.610 0 0 E DTC_ETH,link_delay_work_func: 3003, SQI=0, link=0
01-02 14:03:56.730 0 0 E DTC_ETH,link_delay_work_func: 3003, SQI=0, link=0
01-02 14:04:01.850 0 0 E DTC_ETH,link_delay_work_func: 3003, SQI=0, link=0
01-02 14:04:06.970 0 0 E DTC_ETH,link_delay_work_func: 3003, SQI=0, link=0
01-02 14:04:12.090 0 0 E DTC_ETH,link_delay_work_func: 3003, SQI=0, link=0
01-02 14:04:17.210 0 0 E DTC_ETH,link_delay_work_func: 3003, SQI=0, link=0
01-02 14:04:22.330 0 0 E DTC_ETH,link_delay_work_func: 3003, SQI=0, link=0
01-02 14:04:27.450 0 0 E DTC_ETH,link_delay_work_func: 3003, SQI=0, link=0
01-02 14:04:32.570 0 0 E DTC_ETH,link_delay_work_func: 3003, SQI=0, link=0
01-02 14:04:37.690 0 0 E DTC_ETH,link_delay_work_func: 3003, SQI=0, link=0
01-02 14:04:42.810 0 0 E DTC_ETH,link_delay_work_func: 3003, SQI=0, link=0
01-02 14:04:47.930 0 0 E DTC_ETH,link_delay_work_func: 3003, SQI=0, link=0
01-02 14:04:53.050 0 0 E DTC_ETH,link_delay_work_func: 3003, SQI=0, link=0
01-02 14:04:58.170 0 0 E DTC_ETH,link_delay_work_func: 3003, SQI=0, link=0
01-02 14:05:03.290 0 0 E DTC_ETH,link_delay_work_func: 3003, SQI=0, link=0
01-02 14:05:08.410 0 0 E DTC_ETH,link_delay_work_func: 3003, SQI=0, link=0
01-02 14:05:13.530 0 0 E DTC_ETH,link_delay_work_func: 3003, SQI=0, link=0
01-02 14:05:18.650 0 0 E DTC_ETH,link_delay_work_func: 3003, SQI=0, link=0
01-02 14:05:23.770 0 0 E DTC_ETH,link_delay_work_func: 3003, SQI=0, link=0
01-02 14:05:28.890 0 0 E DTC_ETH,link_delay_work_func: 3003, SQI=0, link=0
01-02 14:05:34.010 0 0 E DTC_ETH,link_delay_work_func: 3003, SQI=0, link=0
01-02 14:05:39.130 0 0 E DTC_ETH,link_delay_work_func: 3003, SQI=0, link=0
01-02 14:05:44.250 0 0 E DTC_ETH,link_delay_work_func: 3003, SQI=0, link=0
01-02 14:05:49.370 0 0 E DTC_ETH,link_delay_work_func: 3003, SQI=0, link=0
01-02 14:05:54.490 0 0 E DTC_ETH,link_delay_work_func: 3003, SQI=0, link=0
01-02 14:05:59.610 0 0 E DTC_ETH,link_delay_work_func: 3003, SQI=0, link=0
01-02 14:06:04.730 0 0 E DTC_ETH,link_delay_work_func: 3003, SQI=0, link=0
01-02 14:06:09.850 0 0 E DTC_ETH,link_delay_work_func: 3003, SQI=0, link=0
01-02 14:06:14.970 0 0 E DTC_ETH,link_delay_work_func: 3003, SQI=0, link=0
01-02 14:06:20.090 0 0 E DTC_ETH,link_delay_work_func: 3003, SQI=0, link=0
01-02 14:06:25.210 0 0 E DTC_ETH,link_delay_work_func: 3003, SQI=0, link=0
01-02 14:06:30.330 0 0 E DTC_ETH,link_delay_work_func: 3003, SQI=0, link=0
01-02 14:06:35.450 0 0 E DTC_ETH,link_delay_work_func: 3003, SQI=0, link=0
01-02 14:06:40.570 0 0 E DTC_ETH,link_delay_work_func: 3003, SQI=0, link=0
01-02 14:06:45.691 0 0 E DTC_ETH,link_delay_work_func: 3003, SQI=0, link=0
01-02 14:06:50.810 0 0 E DTC_ETH,link_delay_work_func: 3003, SQI=0, link=0
01-02 14:06:55.930 0 0 E DTC_ETH,link_delay_work_func: 3003, SQI=0, link=0
01-02 14:07:01.050 0 0 E DTC_ETH,link_delay_work_func: 3003, SQI=0, link=0
01-02 14:07:06.170 0 0 E DTC_ETH,link_delay_work_func: 3003, SQI=0, link=0
01-02 14:07:11.290 0 0 E DTC_ETH,link_delay_work_func: 3003, SQI=0, link=0
01-02 14:07:16.410 0 0 E DTC_ETH,link_delay_work_func: 3003, SQI=0, link=0
01-02 14:07:21.530 0 0 E DTC_ETH,link_delay_work_func: 3003, SQI=0, link=0
01-02 14:07:26.650 0 0 E DTC_ETH,link_delay_work_func: 3003, SQI=0, link=0
01-02 14:07:31.771 0 0 E DTC_ETH,link_delay_work_func: 3003, SQI=0, link=0
01-02 14:07:36.890 0 0 E DTC_ETH,link_delay_work_func: 3003, SQI=0, link=0
01-02 14:07:42.010 0 0 E DTC_ETH,link_delay_work_func: 3003, SQI=0, link=0
01-02 14:07:47.130 0 0 E DTC_ETH,link_delay_work_func: 3003, SQI=0, link=0
01-02 14:07:52.250 0 0 E DTC_ETH,link_delay_work_func: 3003, SQI=0, link=0
01-02 14:07:57.370 0 0 E DTC_ETH,link_delay_work_func: 3003, SQI=0, link=0
01-02 14:08:02.490 0 0 E DTC_ETH,link_delay_work_func: 3003, SQI=0, link=0
01-02 14:08:07.610 0 0 E DTC_ETH,link_delay_work_func: 3003, SQI=0, link=0
01-02 14:08:12.730 0 0 E DTC_ETH,link_delay_work_func: 3003, SQI=0, link=0
01-02 14:08:17.850 0 0 E DTC_ETH,link_delay_work_func: 3003, SQI=0, link=0
01-02 14:08:21.708 0 0 I [dp_rx_][0x1e50a5a2a62][09:01:22.332716] wlan: [3350:I:QDF] DHCP-D RX: SA:0e:79:35:c2:75:95 DA:ff:ff:ff:ff:ff:ff
01-02 14:08:22.970 0 0 E DTC_ETH,link_delay_work_func: 3003, SQI=0, link=0
01-02 14:08:28.090 0 0 E DTC_ETH,link_delay_work_func: 3003, SQI=0, link=0
01-02 14:08:33.210 0 0 E DTC_ETH,link_delay_work_func: 3003, SQI=0, link=0
01-02 14:08:38.330 0 0 E DTC_ETH,link_delay_work_func: 3003, SQI=0, link=0
01-02 14:08:43.450 0 0 E DTC_ETH,link_delay_work_func: 3003, SQI=0, link=0
01-02 14:08:48.570 0 0 E DTC_ETH,link_delay_work_func: 3003, SQI=0, link=0
01-02 14:08:53.690 0 0 E DTC_ETH,link_delay_work_func: 3003, SQI=0, link=0
01-02 14:08:58.810 0 0 E DTC_ETH,link_delay_work_func: 3003, SQI=0, link=0
01-02 14:09:03.930 0 0 E DTC_ETH,link_delay_work_func: 3003, SQI=0, link=0
01-02 14:09:09.050 0 0 E DTC_ETH,link_delay_work_func: 3003, SQI=0, link=0
01-02 14:09:14.170 0 0 E DTC_ETH,link_delay_work_func: 3003, SQI=0, link=0
01-02 14:09:19.290 0 0 E DTC_ETH,link_delay_work_func: 3003, SQI=0, link=0
01-02 14:09:24.410 0 0 E DTC_ETH,link_delay_work_func: 3003, SQI=0, link=0
01-02 14:09:29.530 0 0 E DTC_ETH,link_delay_work_func: 3003, SQI=0, link=0
01-02 14:09:34.650 0 0 E DTC_ETH,link_delay_work_func: 3003, SQI=0, link=0
01-02 14:09:39.770 0 0 E DTC_ETH,link_delay_work_func: 3003, SQI=0, link=0
01-02 14:09:44.891 0 0 E DTC_ETH,link_delay_work_func: 3003, SQI=0, link=0
01-02 14:09:50.010 0 0 E DTC_ETH,link_delay_work_func: 3003, SQI=0, link=0
01-02 14:09:55.130 0 0 E DTC_ETH,link_delay_work_func: 3003, SQI=0, link=0
01-02 14:10:00.250 0 0 E DTC_ETH,link_delay_work_func: 3003, SQI=0, link=0
01-02 14:10:05.370 0 0 E DTC_ETH,link_delay_work_func: 3003, SQI=0, link=0
01-02 14:10:10.490 0 0 E DTC_ETH,link_delay_work_func: 3003, SQI=0, link=0
01-02 14:10:15.610 0 0 E DTC_ETH,link_delay_work_func: 3003, SQI=0, link=0
01-02 14:10:20.730 0 0 E DTC_ETH,link_delay_work_func: 3003, SQI=0, link=0
01-02 14:10:25.850 0 0 E DTC_ETH,link_delay_work_func: 3003, SQI=0, link=0
01-02 14:10:30.971 0 0 E DTC_ETH,link_delay_work_func: 3003, SQI=0, link=0
03-04 09:03:32.133 1501 1733 D ActivityManager: freezing 16741 com.android.providers.calendar
03-04 09:03:32.134 1501 1733 E ActivityManager: Unable to freeze binder for 16741 com.android.providers.calendar
03-04 09:03:32.135 1501 1733 D ActivityManager: froze 16741 com.android.providers.calendar
03-04 09:03:32.136 1501 1733 E ActivityManager: Unable to freeze binder for 16741 com.android.providers.calendar
01-02 14:10:31.510 0 0 I binder : 1501:1733 ioctl 400c620e 73196005d8 returned -22
03-04 09:03:32.137 1501 1733 I ActivityManager: Killing 16741:com.android.providers.calendar/u0a24 (adj 915): Unable to freeze binder interface
01-02 14:10:31.512 0 0 I binder : 1501:1733 ioctl c00c620f 73196005b8 returned -22
01-02 14:10:36.090 0 0 E DTC_ETH,link_delay_work_func: 3003, SQI=0, link=0
01-02 14:10:41.210 0 0 E DTC_ETH,link_delay_work_func: 3003, SQI=0, link=0
01-02 14:10:46.330 0 0 E DTC_ETH,link_delay_work_func: 3003, SQI=0, link=0
01-02 14:10:51.450 0 0 E DTC_ETH,link_delay_work_func: 3003, SQI=0, link=0
01-02 14:10:56.570 0 0 E DTC_ETH,link_delay_work_func: 3003, SQI=0, link=0
01-02 14:11:01.691 0 0 E DTC_ETH,link_delay_work_func: 3003, SQI=0, link=0
01-02 14:11:06.810 0 0 E DTC_ETH,link_delay_work_func: 3003, SQI=0, link=0
01-02 14:11:11.930 0 0 E DTC_ETH,link_delay_work_func: 3003, SQI=0, link=0
01-02 14:11:17.050 0 0 E DTC_ETH,link_delay_work_func: 3003, SQI=0, link=0
03-04 09:04:21.158 1501 1501 I JobServiceContext: Letting 475a9dc #u0a102/250 com.kuaishou.nebula/androidx.work.impl.background.systemjob.SystemJobService continue to run past min execution time
01-02 14:11:22.170 0 0 E DTC_ETH,link_delay_work_func: 3003, SQI=0, link=0
03-04 09:04:24.290 1501 1501 I JobServiceContext: Letting adf87e0 #u0a115/244 com.smile.gifmaker/androidx.work.impl.background.systemjob.SystemJobService continue to run past min execution time
01-02 14:11:27.290 0 0 E DTC_ETH,link_delay_work_func: 3003, SQI=0, link=0
01-02 14:11:32.410 0 0 E DTC_ETH,link_delay_work_func: 3003, SQI=0, link=0
03-04 09:04:37.056 1501 1598 E DiscreteRegistry: Deleting file 1677804947120tl
03-04 09:04:37.368 1501 1600 W ActivityManager: Stopping service due to app idle: u0a115 -1d6h11m14s533ms com.smile.gifmaker/com.kwai.chat.kwailink.service.NewKwaiLinkService
01-02 14:11:37.530 0 0 E DTC_ETH,link_delay_work_func: 3003, SQI=0, link=0
01-02 14:11:42.650 0 0 E DTC_ETH,link_delay_work_func: 3003, SQI=0, link=0
01-02 14:11:47.770 0 0 E DTC_ETH,link_delay_work_func: 3003, SQI=0, link=0
01-02 14:11:52.890 0 0 E DTC_ETH,link_delay_work_func: 3003, SQI=0, link=0
01-02 14:11:58.010 0 0 E DTC_ETH,link_delay_work_func: 3003, SQI=0, link=0
01-02 14:12:03.130 0 0 E DTC_ETH,link_delay_work_func: 3003, SQI=0, link=0
