03-03 23:53:03.669 1501 1621 E KernelCpuSpeedReader: Failed to read cpu-freq: /sys/devices/system/cpu/cpu0/cpufreq/stats/time_in_state: open failed: ENOENT (No such file or directory)
01-02 05:00:03.053 0 0 W audit : audit_lost=4814 audit_rate_limit=5 audit_backlog_limit=64
01-02 05:00:03.053 0 0 E audit : rate limit exceeded
01-02 05:00:06.970 0 0 E DTC_ETH,link_delay_work_func: 3003, SQI=0, link=0
03-03 23:53:12.055 1501 1583 I EntropyMixer: Writing entropy...
01-02 05:00:12.090 0 0 E DTC_ETH,link_delay_work_func: 3003, SQI=0, link=0
03-03 23:53:16.708 1501 1598 I UsageStatsService: User[0] Flushing usage stats to disk
01-02 05:00:17.211 0 0 E DTC_ETH,link_delay_work_func: 3003, SQI=0, link=0
01-02 05:00:22.331 0 0 E DTC_ETH,link_delay_work_func: 3003, SQI=0, link=0
01-02 05:00:23.101 0 0 I init : Untracked pid 16585 exited with status 0
03-03 23:53:27.010 1501 1598 I ProcessStatsService: Pruning old procstats: /data/system/procstats/state-2023-03-03-11-53-25.bin
01-02 05:00:27.450 0 0 E DTC_ETH,link_delay_work_func: 3003, SQI=0, link=0
01-02 05:00:32.570 0 0 E DTC_ETH,link_delay_work_func: 3003, SQI=0, link=0
01-02 05:00:37.690 0 0 E DTC_ETH,link_delay_work_func: 3003, SQI=0, link=0
01-02 05:00:42.810 0 0 E DTC_ETH,link_delay_work_func: 3003, SQI=0, link=0
01-02 05:00:47.931 0 0 E DTC_ETH,link_delay_work_func: 3003, SQI=0, link=0
01-02 05:00:53.050 0 0 E DTC_ETH,link_delay_work_func: 3003, SQI=0, link=0
01-02 05:00:58.175 0 0 E DTC_ETH,link_delay_work_func: 3003, SQI=0, link=0
01-02 05:01:03.290 0 0 E DTC_ETH,link_delay_work_func: 3003, SQI=0, link=0
01-02 05:01:08.410 0 0 E DTC_ETH,link_delay_work_func: 3003, SQI=0, link=0
01-02 05:01:13.530 0 0 E DTC_ETH,link_delay_work_func: 3003, SQI=0, link=0
01-02 05:01:18.650 0 0 E DTC_ETH,link_delay_work_func: 3003, SQI=0, link=0
03-03 23:54:20.768 1501 1501 I JobServiceContext: Client timed out while executing (no jobFinished received). Sending onStop: 444a87d #u0a102/211 com.kuaishou.nebula/androidx.work.impl.background.systemjob.SystemJobService
03-03 23:54:23.873 1501 1501 I JobServiceContext: Client timed out while executing (no jobFinished received). Sending onStop: 706e4be #u0a115/207 com.smile.gifmaker/androidx.work.impl.background.systemjob.SystemJobService
01-02 05:01:23.771 0 0 E DTC_ETH,link_delay_work_func: 3003, SQI=0, link=0
01-02 05:01:28.890 0 0 E DTC_ETH,link_delay_work_func: 3003, SQI=0, link=0
01-02 05:01:34.010 0 0 E DTC_ETH,link_delay_work_func: 3003, SQI=0, link=0
03-03 23:54:36.522 1501 1600 W ActivityManager: Stopping service due to app idle: u0a115 -21h1m13s687ms com.smile.gifmaker/com.kwai.chat.kwailink.service.NewKwaiLinkService
01-02 05:01:39.130 0 0 E DTC_ETH,link_delay_work_func: 3003, SQI=0, link=0
01-02 05:01:44.251 0 0 E DTC_ETH,link_delay_work_func: 3003, SQI=0, link=0
01-02 05:01:49.370 0 0 E DTC_ETH,link_delay_work_func: 3003, SQI=0, link=0
01-02 05:01:54.490 0 0 E DTC_ETH,link_delay_work_func: 3003, SQI=0, link=0
01-02 05:01:57.819 0 0 D cnss : Host time = 75717819810 us, device time = 75689380250 us, offset = 28439560 us
01-02 05:01:57.819 0 0 D cnss : Updated time sync regs [0x984] = 0x1b1f408, [0x988] = 0x0
01-02 05:01:59.610 0 0 E DTC_ETH,link_delay_work_func: 3003, SQI=0, link=0
01-02 05:02:04.730 0 0 E DTC_ETH,link_delay_work_func: 3003, SQI=0, link=0
01-02 05:02:09.850 0 0 E DTC_ETH,link_delay_work_func: 3003, SQI=0, link=0
01-02 05:02:14.970 0 0 E DTC_ETH,link_delay_work_func: 3003, SQI=0, link=0
01-02 05:02:20.090 0 0 E DTC_ETH,link_delay_work_func: 3003, SQI=0, link=0
01-02 05:02:25.210 0 0 E DTC_ETH,link_delay_work_func: 3003, SQI=0, link=0
01-02 05:02:30.330 0 0 E DTC_ETH,link_delay_work_func: 3003, SQI=0, link=0
01-02 05:02:35.450 0 0 E DTC_ETH,link_delay_work_func: 3003, SQI=0, link=0
01-02 05:02:40.570 0 0 E DTC_ETH,link_delay_work_func: 3003, SQI=0, link=0
01-02 05:02:45.690 0 0 E DTC_ETH,link_delay_work_func: 3003, SQI=0, link=0
01-02 05:02:50.810 0 0 E DTC_ETH,link_delay_work_func: 3003, SQI=0, link=0
01-02 05:02:55.930 0 0 E DTC_ETH,link_delay_work_func: 3003, SQI=0, link=0
01-02 05:03:01.050 0 0 E DTC_ETH,link_delay_work_func: 3003, SQI=0, link=0
01-02 05:03:06.170 0 0 E DTC_ETH,link_delay_work_func: 3003, SQI=0, link=0
01-02 05:03:11.290 0 0 E DTC_ETH,link_delay_work_func: 3003, SQI=0, link=0
01-02 05:03:16.410 0 0 E DTC_ETH,link_delay_work_func: 3003, SQI=0, link=0
01-02 05:03:21.530 0 0 E DTC_ETH,link_delay_work_func: 3003, SQI=0, link=0
01-02 05:03:26.650 0 0 E DTC_ETH,link_delay_work_func: 3003, SQI=0, link=0
01-02 05:03:31.770 0 0 E DTC_ETH,link_delay_work_func: 3003, SQI=0, link=0
01-02 05:03:36.890 0 0 E DTC_ETH,link_delay_work_func: 3003, SQI=0, link=0
01-02 05:03:42.010 0 0 E DTC_ETH,link_delay_work_func: 3003, SQI=0, link=0
01-02 05:03:47.130 0 0 E DTC_ETH,link_delay_work_func: 3003, SQI=0, link=0
01-02 05:03:52.250 0 0 E DTC_ETH,link_delay_work_func: 3003, SQI=0, link=0
01-02 05:03:57.374 0 0 E DTC_ETH,link_delay_work_func: 3003, SQI=0, link=0
01-02 05:04:02.490 0 0 E DTC_ETH,link_delay_work_func: 3003, SQI=0, link=0
01-02 05:04:07.610 0 0 E DTC_ETH,link_delay_work_func: 3003, SQI=0, link=0
01-02 05:04:12.730 0 0 E DTC_ETH,link_delay_work_func: 3003, SQI=0, link=0
01-02 05:04:17.850 0 0 E DTC_ETH,link_delay_work_func: 3003, SQI=0, link=0
01-02 05:04:22.970 0 0 E DTC_ETH,link_delay_work_func: 3003, SQI=0, link=0
01-02 05:04:28.091 0 0 E DTC_ETH,link_delay_work_func: 3003, SQI=0, link=0
01-02 05:04:33.210 0 0 E DTC_ETH,link_delay_work_func: 3003, SQI=0, link=0
01-02 05:04:38.330 0 0 E DTC_ETH,link_delay_work_func: 3003, SQI=0, link=0
01-02 05:04:43.450 0 0 E DTC_ETH,link_delay_work_func: 3003, SQI=0, link=0
01-02 05:04:48.570 0 0 E DTC_ETH,link_delay_work_func: 3003, SQI=0, link=0
01-02 05:04:53.690 0 0 E DTC_ETH,link_delay_work_func: 3003, SQI=0, link=0
01-02 05:04:58.810 0 0 E DTC_ETH,link_delay_work_func: 3003, SQI=0, link=0
01-02 05:05:03.930 0 0 E DTC_ETH,link_delay_work_func: 3003, SQI=0, link=0
01-02 05:05:09.050 0 0 E DTC_ETH,link_delay_work_func: 3003, SQI=0, link=0
01-02 05:05:14.170 0 0 E DTC_ETH,link_delay_work_func: 3003, SQI=0, link=0
01-02 05:05:19.290 0 0 E DTC_ETH,link_delay_work_func: 3003, SQI=0, link=0
01-02 05:05:24.410 0 0 E DTC_ETH,link_delay_work_func: 3003, SQI=0, link=0
01-02 05:05:29.534 0 0 E DTC_ETH,link_delay_work_func: 3003, SQI=0, link=0
01-02 05:05:34.650 0 0 E DTC_ETH,link_delay_work_func: 3003, SQI=0, link=0
01-02 05:05:39.770 0 0 E DTC_ETH,link_delay_work_func: 3003, SQI=0, link=0
01-02 05:05:44.890 0 0 E DTC_ETH,link_delay_work_func: 3003, SQI=0, link=0
01-02 05:05:50.010 0 0 E DTC_ETH,link_delay_work_func: 3003, SQI=0, link=0
01-02 05:05:55.130 0 0 E DTC_ETH,link_delay_work_func: 3003, SQI=0, link=0
01-02 05:06:00.250 0 0 E DTC_ETH,link_delay_work_func: 3003, SQI=0, link=0
01-02 05:06:05.370 0 0 E DTC_ETH,link_delay_work_func: 3003, SQI=0, link=0
01-02 05:06:10.490 0 0 E DTC_ETH,link_delay_work_func: 3003, SQI=0, link=0
01-02 05:06:15.610 0 0 E DTC_ETH,link_delay_work_func: 3003, SQI=0, link=0
01-02 05:06:20.730 0 0 E DTC_ETH,link_delay_work_func: 3003, SQI=0, link=0
01-02 05:06:25.850 0 0 E DTC_ETH,link_delay_work_func: 3003, SQI=0, link=0
01-02 05:06:30.971 0 0 E DTC_ETH,link_delay_work_func: 3003, SQI=0, link=0
01-02 05:06:36.090 0 0 E DTC_ETH,link_delay_work_func: 3003, SQI=0, link=0
01-02 05:06:41.211 0 0 E DTC_ETH,link_delay_work_func: 3003, SQI=0, link=0
01-02 05:06:46.330 0 0 E DTC_ETH,link_delay_work_func: 3003, SQI=0, link=0
01-02 05:06:51.450 0 0 E DTC_ETH,link_delay_work_func: 3003, SQI=0, link=0
01-02 05:06:56.570 0 0 E DTC_ETH,link_delay_work_func: 3003, SQI=0, link=0
03-04 00:00:00.009 1501 1501 D DevicePolicyManager: updateSystemUpdateFreezePeriodsRecord
03-04 00:00:00.116 1501 6053 W BroadcastQueue: Background execution not allowed: receiving Intent { act=android.intent.action.DATE_CHANGED flg=0x20200010 } to com.android.inputmethod.latin/com.android.inputmethod.dictionarypack.EventHandler
01-02 05:07:01.690 0 0 E DTC_ETH,link_delay_work_func: 3003, SQI=0, link=0
01-02 05:07:06.810 0 0 E DTC_ETH,link_delay_work_func: 3003, SQI=0, link=0
01-02 05:07:11.930 0 0 E DTC_ETH,link_delay_work_func: 3003, SQI=0, link=0
01-02 05:07:17.050 0 0 E DTC_ETH,link_delay_work_func: 3003, SQI=0, link=0
01-02 05:07:22.170 0 0 E DTC_ETH,link_delay_work_func: 3003, SQI=0, link=0
01-02 05:07:27.290 0 0 E DTC_ETH,link_delay_work_func: 3003, SQI=0, link=0
01-02 05:07:32.410 0 0 E DTC_ETH,link_delay_work_func: 3003, SQI=0, link=0
01-02 05:07:37.530 0 0 E DTC_ETH,link_delay_work_func: 3003, SQI=0, link=0
01-02 05:07:42.650 0 0 E DTC_ETH,link_delay_work_func: 3003, SQI=0, link=0
01-02 05:07:47.770 0 0 E DTC_ETH,link_delay_work_func: 3003, SQI=0, link=0
01-02 05:07:52.890 0 0 E DTC_ETH,link_delay_work_func: 3003, SQI=0, link=0
01-02 05:07:58.010 0 0 E DTC_ETH,link_delay_work_func: 3003, SQI=0, link=0
01-02 05:08:03.130 0 0 E DTC_ETH,link_delay_work_func: 3003, SQI=0, link=0
01-02 05:08:08.250 0 0 E DTC_ETH,link_delay_work_func: 3003, SQI=0, link=0
01-02 05:08:13.370 0 0 E DTC_ETH,link_delay_work_func: 3003, SQI=0, link=0
01-02 05:08:18.490 0 0 E DTC_ETH,link_delay_work_func: 3003, SQI=0, link=0
01-02 05:08:23.610 0 0 E DTC_ETH,link_delay_work_func: 3003, SQI=0, link=0
01-02 05:08:25.869 0 0 I [dp_rx_][0x15438419435][00:01:26.493286] wlan: [3350:I:QDF] DHCP-R RX: SA:0e:79:35:c2:75:95 DA:ff:ff:ff:ff:ff:ff
01-02 05:08:28.730 0 0 E DTC_ETH,link_delay_work_func: 3003, SQI=0, link=0
01-02 05:08:33.850 0 0 E DTC_ETH,link_delay_work_func: 3003, SQI=0, link=0
01-02 05:08:38.970 0 0 E DTC_ETH,link_delay_work_func: 3003, SQI=0, link=0
01-02 05:08:44.091 0 0 E DTC_ETH,link_delay_work_func: 3003, SQI=0, link=0
01-02 05:08:49.210 0 0 E DTC_ETH,link_delay_work_func: 3003, SQI=0, link=0
01-02 05:08:54.330 0 0 E DTC_ETH,link_delay_work_func: 3003, SQI=0, link=0
01-02 05:08:59.450 0 0 E DTC_ETH,link_delay_work_func: 3003, SQI=0, link=0
01-02 05:09:04.570 0 0 E DTC_ETH,link_delay_work_func: 3003, SQI=0, link=0
01-02 05:09:09.690 0 0 E DTC_ETH,link_delay_work_func: 3003, SQI=0, link=0
01-02 05:09:14.810 0 0 E DTC_ETH,link_delay_work_func: 3003, SQI=0, link=0
01-02 05:09:19.930 0 0 E DTC_ETH,link_delay_work_func: 3003, SQI=0, link=0
01-02 05:09:25.050 0 0 E DTC_ETH,link_delay_work_func: 3003, SQI=0, link=0
01-02 05:09:30.170 0 0 E DTC_ETH,link_delay_work_func: 3003, SQI=0, link=0
01-02 05:09:35.290 0 0 E DTC_ETH,link_delay_work_func: 3003, SQI=0, link=0
01-02 05:09:40.410 0 0 E DTC_ETH,link_delay_work_func: 3003, SQI=0, link=0
01-02 05:09:45.530 0 0 E DTC_ETH,link_delay_work_func: 3003, SQI=0, link=0
01-02 05:09:50.650 0 0 E DTC_ETH,link_delay_work_func: 3003, SQI=0, link=0
01-02 05:09:55.770 0 0 E DTC_ETH,link_delay_work_func: 3003, SQI=0, link=0
01-02 05:10:00.890 0 0 E DTC_ETH,link_delay_work_func: 3003, SQI=0, link=0
01-02 05:10:06.010 0 0 E DTC_ETH,link_delay_work_func: 3003, SQI=0, link=0
01-02 05:10:11.130 0 0 E DTC_ETH,link_delay_work_func: 3003, SQI=0, link=0
01-02 05:10:16.250 0 0 E DTC_ETH,link_delay_work_func: 3003, SQI=0, link=0
01-02 05:10:21.370 0 0 E DTC_ETH,link_delay_work_func: 3003, SQI=0, link=0
01-02 05:10:26.490 0 0 E DTC_ETH,link_delay_work_func: 3003, SQI=0, link=0
01-02 05:10:31.610 0 0 E DTC_ETH,link_delay_work_func: 3003, SQI=0, link=0
01-02 05:10:35.896 0 0 I binder : 1501:1733 ioctl 400c620e 73196005d8 returned -22
03-04 00:03:36.520 1501 1733 D ActivityManager: freezing 15681 com.qti.diagservices
01-02 05:10:35.897 0 0 I binder : 1501:1733 ioctl c00c620f 73196005b8 returned -22
03-04 00:03:36.520 1501 1733 E ActivityManager: Unable to freeze binder for 15681 com.qti.diagservices
03-04 00:03:36.521 1501 1733 D ActivityManager: froze 15681 com.qti.diagservices
03-04 00:03:36.521 1501 1733 E ActivityManager: Unable to freeze binder for 15681 com.qti.diagservices
03-04 00:03:36.524 1501 1733 I ActivityManager: Killing 15681:com.qti.diagservices/1000 (adj 915): Unable to freeze binder interface
03-04 00:03:36.556 1501 1534 W ActivityManager: Scheduling restart of crashed service com.qti.diagservices/.QTIDiagServices in 1000ms for start-requested
01-02 05:10:36.730 0 0 E DTC_ETH,link_delay_work_func: 3003, SQI=0, link=0
03-04 00:03:37.560 1501 1600 D CompatibilityChangeReporter: Compat change id reported: 135634846; UID 1000; state: DISABLED
03-04 00:03:37.561 1501 1600 D CompatibilityChangeReporter: Compat change id reported: 177438394; UID 1000; state: DISABLED
03-04 00:03:37.561 1501 1600 D CompatibilityChangeReporter: Compat change id reported: 135772972; UID 1000; state: DISABLED
03-04 00:03:37.561 1501 1600 D CompatibilityChangeReporter: Compat change id reported: 135754954; UID 1000; state: ENABLED
03-04 00:03:37.584 1501 1601 I ActivityManager: Start proc 16938:com.qti.diagservices/1000 for service {com.qti.diagservices/com.qti.diagservices.QTIDiagServices}
01-02 05:10:36.997 0 0 I binder : 16938:16938 ioctl 40046210 7fe0d02fe4 returned -22
01-02 05:10:41.850 0 0 E DTC_ETH,link_delay_work_func: 3003, SQI=0, link=0
01-02 05:10:46.970 0 0 E DTC_ETH,link_delay_work_func: 3003, SQI=0, link=0
01-02 05:10:52.090 0 0 E DTC_ETH,link_delay_work_func: 3003, SQI=0, link=0
01-02 05:10:57.210 0 0 E DTC_ETH,link_delay_work_func: 3003, SQI=0, link=0
01-02 05:11:02.330 0 0 E DTC_ETH,link_delay_work_func: 3003, SQI=0, link=0
01-02 05:11:07.450 0 0 E DTC_ETH,link_delay_work_func: 3003, SQI=0, link=0
01-02 05:11:12.570 0 0 E DTC_ETH,link_delay_work_func: 3003, SQI=0, link=0
01-02 05:11:17.690 0 0 E DTC_ETH,link_delay_work_func: 3003, SQI=0, link=0
03-04 00:04:20.791 1501 1501 I JobServiceContext: Letting b3ad8e0 #u0a102/212 com.kuaishou.nebula/androidx.work.impl.background.systemjob.SystemJobService continue to run past min execution time
01-02 05:11:22.810 0 0 E DTC_ETH,link_delay_work_func: 3003, SQI=0, link=0
03-04 00:04:23.892 1501 1501 I JobServiceContext: Letting c8f4455 #u0a115/208 com.smile.gifmaker/androidx.work.impl.background.systemjob.SystemJobService continue to run past min execution time
01-02 05:11:27.930 0 0 E DTC_ETH,link_delay_work_func: 3003, SQI=0, link=0
01-02 05:11:33.050 0 0 E DTC_ETH,link_delay_work_func: 3003, SQI=0, link=0
03-04 00:04:36.514 1501 1600 W ActivityManager: Stopping service due to app idle: u0a115 -21h11m13s679ms com.smile.gifmaker/com.kwai.chat.kwailink.service.NewKwaiLinkService
01-02 05:11:38.170 0 0 E DTC_ETH,link_delay_work_func: 3003, SQI=0, link=0
01-02 05:11:43.290 0 0 E DTC_ETH,link_delay_work_func: 3003, SQI=0, link=0
01-02 05:11:48.410 0 0 E DTC_ETH,link_delay_work_func: 3003, SQI=0, link=0
01-02 05:11:53.530 0 0 E DTC_ETH,link_delay_work_func: 3003, SQI=0, link=0
01-02 05:11:58.650 0 0 E DTC_ETH,link_delay_work_func: 3003, SQI=0, link=0
01-02 05:12:03.770 0 0 E DTC_ETH,link_delay_work_func: 3003, SQI=0, link=0
01-02 05:12:08.890 0 0 E DTC_ETH,link_delay_work_func: 3003, SQI=0, link=0
01-02 05:12:14.010 0 0 E DTC_ETH,link_delay_work_func: 3003, SQI=0, link=0
01-02 05:12:19.130 0 0 E DTC_ETH,link_delay_work_func: 3003, SQI=0, link=0
01-02 05:12:24.250 0 0 E DTC_ETH,link_delay_work_func: 3003, SQI=0, link=0
01-02 05:12:29.370 0 0 E DTC_ETH,link_delay_work_func: 3003, SQI=0, link=0
01-02 05:12:34.490 0 0 E DTC_ETH,link_delay_work_func: 3003, SQI=0, link=0
01-02 05:12:39.610 0 0 E DTC_ETH,link_delay_work_func: 3003, SQI=0, link=0
01-02 05:12:44.730 0 0 E DTC_ETH,link_delay_work_func: 3003, SQI=0, link=0
01-02 05:12:49.850 0 0 E DTC_ETH,link_delay_work_func: 3003, SQI=0, link=0
01-02 05:12:54.970 0 0 E DTC_ETH,link_delay_work_func: 3003, SQI=0, link=0
01-02 05:13:00.090 0 0 E DTC_ETH,link_delay_work_func: 3003, SQI=0, link=0
01-02 05:13:05.210 0 0 E DTC_ETH,link_delay_work_func: 3003, SQI=0, link=0
01-02 05:13:10.330 0 0 E DTC_ETH,link_delay_work_func: 3003, SQI=0, link=0
01-02 05:13:15.450 0 0 E DTC_ETH,link_delay_work_func: 3003, SQI=0, link=0
01-02 05:13:20.570 0 0 E DTC_ETH,link_delay_work_func: 3003, SQI=0, link=0
01-02 05:13:25.690 0 0 E DTC_ETH,link_delay_work_func: 3003, SQI=0, link=0
01-02 05:13:30.810 0 0 E DTC_ETH,link_delay_work_func: 3003, SQI=0, link=0
01-02 05:13:35.930 0 0 E DTC_ETH,link_delay_work_func: 3003, SQI=0, link=0
01-02 05:13:36.562 0 0 I [dp_rx_][0x1559bd0d530][00:06:37.185993] wlan: [3350:I:QDF] DHCP-D RX: SA:0e:79:35:c2:75:95 DA:ff:ff:ff:ff:ff:ff
01-02 05:13:37.484 0 0 I [dp_rx_][0x1559cdf045a][00:06:38.108221] wlan: [3350:I:QDF] DHCP-D RX: SA:0e:79:35:c2:75:95 DA:ff:ff:ff:ff:ff:ff
01-02 05:13:41.050 0 0 E DTC_ETH,link_delay_work_func: 3003, SQI=0, link=0
01-02 05:13:45.983 0 0 I [dp_rx_][0x155a698f084][00:06:46.607156] wlan: [3350:I:QDF] DHCP-R RX: SA:0e:79:35:c2:75:95 DA:ff:ff:ff:ff:ff:ff
01-02 05:13:46.170 0 0 E DTC_ETH,link_delay_work_func: 3003, SQI=0, link=0
01-02 05:13:51.290 0 0 E DTC_ETH,link_delay_work_func: 3003, SQI=0, link=0
01-02 05:13:56.414 0 0 E DTC_ETH,link_delay_work_func: 3003, SQI=0, link=0
01-02 05:14:01.530 0 0 E DTC_ETH,link_delay_work_func: 3003, SQI=0, link=0
01-02 05:14:06.650 0 0 E DTC_ETH,link_delay_work_func: 3003, SQI=0, link=0
01-02 05:14:11.770 0 0 E DTC_ETH,link_delay_work_func: 3003, SQI=0, link=0
01-02 05:14:16.890 0 0 E DTC_ETH,link_delay_work_func: 3003, SQI=0, link=0
01-02 05:14:22.010 0 0 E DTC_ETH,link_delay_work_func: 3003, SQI=0, link=0
01-02 05:14:27.130 0 0 E DTC_ETH,link_delay_work_func: 3003, SQI=0, link=0
01-02 05:14:32.250 0 0 E DTC_ETH,link_delay_work_func: 3003, SQI=0, link=0
01-02 05:14:37.370 0 0 E DTC_ETH,link_delay_work_func: 3003, SQI=0, link=0
01-02 05:14:42.490 0 0 E DTC_ETH,link_delay_work_func: 3003, SQI=0, link=0
01-02 05:14:47.610 0 0 E DTC_ETH,link_delay_work_func: 3003, SQI=0, link=0
01-02 05:14:52.730 0 0 E DTC_ETH,link_delay_work_func: 3003, SQI=0, link=0
01-02 05:14:57.850 0 0 E DTC_ETH,link_delay_work_func: 3003, SQI=0, link=0
01-02 05:15:02.970 0 0 E DTC_ETH,link_delay_work_func: 3003, SQI=0, link=0
01-02 05:15:08.090 0 0 E DTC_ETH,link_delay_work_func: 3003, SQI=0, link=0
01-02 05:15:13.210 0 0 E DTC_ETH,link_delay_work_func: 3003, SQI=0, link=0
01-02 05:15:18.330 0 0 E DTC_ETH,link_delay_work_func: 3003, SQI=0, link=0
01-02 05:15:23.450 0 0 E DTC_ETH,link_delay_work_func: 3003, SQI=0, link=0
01-02 05:15:28.570 0 0 E DTC_ETH,link_delay_work_func: 3003, SQI=0, link=0
01-02 05:15:33.690 0 0 E DTC_ETH,link_delay_work_func: 3003, SQI=0, link=0
01-02 05:15:38.810 0 0 E DTC_ETH,link_delay_work_func: 3003, SQI=0, link=0
01-02 05:15:43.930 0 0 E DTC_ETH,link_delay_work_func: 3003, SQI=0, link=0
01-02 05:15:49.050 0 0 E DTC_ETH,link_delay_work_func: 3003, SQI=0, link=0
01-02 05:15:54.170 0 0 E DTC_ETH,link_delay_work_func: 3003, SQI=0, link=0
01-02 05:15:59.290 0 0 E DTC_ETH,link_delay_work_func: 3003, SQI=0, link=0
01-02 05:16:04.410 0 0 E DTC_ETH,link_delay_work_func: 3003, SQI=0, link=0
01-02 05:16:09.530 0 0 E DTC_ETH,link_delay_work_func: 3003, SQI=0, link=0
01-02 05:16:14.650 0 0 E DTC_ETH,link_delay_work_func: 3003, SQI=0, link=0
01-02 05:16:19.770 0 0 E DTC_ETH,link_delay_work_func: 3003, SQI=0, link=0
01-02 05:16:24.890 0 0 E DTC_ETH,link_delay_work_func: 3003, SQI=0, link=0
01-02 05:16:30.010 0 0 E DTC_ETH,link_delay_work_func: 3003, SQI=0, link=0
01-02 05:16:35.130 0 0 E DTC_ETH,link_delay_work_func: 3003, SQI=0, link=0
01-02 05:16:40.250 0 0 E DTC_ETH,link_delay_work_func: 3003, SQI=0, link=0
01-02 05:16:45.371 0 0 E DTC_ETH,link_delay_work_func: 3003, SQI=0, link=0
01-02 05:16:50.490 0 0 E DTC_ETH,link_delay_work_func: 3003, SQI=0, link=0
01-02 05:16:55.610 0 0 E DTC_ETH,link_delay_work_func: 3003, SQI=0, link=0
01-02 05:16:58.938 0 0 D cnss : Host time = 76618939450 us, device time = 76590336180 us, offset = 28603270 us
01-02 05:16:58.938 0 0 D cnss : Updated time sync regs [0x984] = 0x1b47386, [0x988] = 0x0
01-02 05:17:00.730 0 0 E DTC_ETH,link_delay_work_func: 3003, SQI=0, link=0
01-02 05:17:05.850 0 0 E DTC_ETH,link_delay_work_func: 3003, SQI=0, link=0
01-02 05:17:10.970 0 0 E DTC_ETH,link_delay_work_func: 3003, SQI=0, link=0
01-02 05:17:16.090 0 0 E DTC_ETH,link_delay_work_func: 3003, SQI=0, link=0
01-02 05:17:21.210 0 0 E DTC_ETH,link_delay_work_func: 3003, SQI=0, link=0
01-02 05:17:26.330 0 0 E DTC_ETH,link_delay_work_func: 3003, SQI=0, link=0
01-02 05:17:31.450 0 0 E DTC_ETH,link_delay_work_func: 3003, SQI=0, link=0
01-02 05:17:36.570 0 0 E DTC_ETH,link_delay_work_func: 3003, SQI=0, link=0
01-02 05:17:41.690 0 0 E DTC_ETH,link_delay_work_func: 3003, SQI=0, link=0
01-02 05:17:46.811 0 0 E DTC_ETH,link_delay_work_func: 3003, SQI=0, link=0
01-02 05:17:51.930 0 0 E DTC_ETH,link_delay_work_func: 3003, SQI=0, link=0
01-02 05:17:57.050 0 0 E DTC_ETH,link_delay_work_func: 3003, SQI=0, link=0
01-02 05:18:02.170 0 0 E DTC_ETH,link_delay_work_func: 3003, SQI=0, link=0
01-02 05:18:07.290 0 0 E DTC_ETH,link_delay_work_func: 3003, SQI=0, link=0
01-02 05:18:12.410 0 0 E DTC_ETH,link_delay_work_func: 3003, SQI=0, link=0
01-02 05:18:17.530 0 0 E DTC_ETH,link_delay_work_func: 3003, SQI=0, link=0
01-02 05:18:22.650 0 0 E DTC_ETH,link_delay_work_func: 3003, SQI=0, link=0
01-02 05:18:27.770 0 0 E DTC_ETH,link_delay_work_func: 3003, SQI=0, link=0
01-02 05:18:32.890 0 0 E DTC_ETH,link_delay_work_func: 3003, SQI=0, link=0
01-02 05:18:38.010 0 0 E DTC_ETH,link_delay_work_func: 3003, SQI=0, link=0
01-02 05:18:43.130 0 0 E DTC_ETH,link_delay_work_func: 3003, SQI=0, link=0
01-02 05:18:48.250 0 0 E DTC_ETH,link_delay_work_func: 3003, SQI=0, link=0
01-02 05:18:53.370 0 0 E DTC_ETH,link_delay_work_func: 3003, SQI=0, link=0
01-02 05:18:58.008 0 0 I [dp_rx_][0x1570bae7ad6][00:11:58.632041] wlan: [3350:I:QDF] DHCP-D RX: SA:0e:79:35:c2:75:95 DA:ff:ff:ff:ff:ff:ff
01-02 05:18:58.494 0 0 E DTC_ETH,link_delay_work_func: 3003, SQI=0, link=0
01-02 05:19:03.610 0 0 E DTC_ETH,link_delay_work_func: 3003, SQI=0, link=0
01-02 05:19:08.730 0 0 E DTC_ETH,link_delay_work_func: 3003, SQI=0, link=0
01-02 05:19:13.851 0 0 E DTC_ETH,link_delay_work_func: 3003, SQI=0, link=0
01-02 05:19:18.970 0 0 E DTC_ETH,link_delay_work_func: 3003, SQI=0, link=0
01-02 05:19:24.090 0 0 E DTC_ETH,link_delay_work_func: 3003, SQI=0, link=0
01-02 05:19:29.210 0 0 E DTC_ETH,link_delay_work_func: 3003, SQI=0, link=0
01-02 05:19:34.330 0 0 E DTC_ETH,link_delay_work_func: 3003, SQI=0, link=0
01-02 05:19:39.450 0 0 E DTC_ETH,link_delay_work_func: 3003, SQI=0, link=0
01-02 05:19:44.570 0 0 E DTC_ETH,link_delay_work_func: 3003, SQI=0, link=0
01-02 05:19:49.690 0 0 E DTC_ETH,link_delay_work_func: 3003, SQI=0, link=0
01-02 05:19:54.811 0 0 E DTC_ETH,link_delay_work_func: 3003, SQI=0, link=0
01-02 05:19:59.930 0 0 E DTC_ETH,link_delay_work_func: 3003, SQI=0, link=0
01-02 05:20:05.050 0 0 E DTC_ETH,link_delay_work_func: 3003, SQI=0, link=0
01-02 05:20:10.170 0 0 E DTC_ETH,link_delay_work_func: 3003, SQI=0, link=0
01-02 05:20:15.290 0 0 E DTC_ETH,link_delay_work_func: 3003, SQI=0, link=0
03-04 00:13:16.778 1501 1598 I UsageStatsService: User[0] Flushing usage stats to disk
01-02 05:20:20.410 0 0 E DTC_ETH,link_delay_work_func: 3003, SQI=0, link=0
01-02 05:20:25.530 0 0 E DTC_ETH,link_delay_work_func: 3003, SQI=0, link=0
01-02 05:20:30.650 0 0 E DTC_ETH,link_delay_work_func: 3003, SQI=0, link=0
01-02 05:20:35.770 0 0 E DTC_ETH,link_delay_work_func: 3003, SQI=0, link=0
01-02 05:20:40.890 0 0 E DTC_ETH,link_delay_work_func: 3003, SQI=0, link=0
01-02 05:20:46.010 0 0 E DTC_ETH,link_delay_work_func: 3003, SQI=0, link=0
01-02 05:20:51.130 0 0 E DTC_ETH,link_delay_work_func: 3003, SQI=0, link=0
01-02 05:20:56.250 0 0 E DTC_ETH,link_delay_work_func: 3003, SQI=0, link=0
01-02 05:21:01.370 0 0 E DTC_ETH,link_delay_work_func: 3003, SQI=0, link=0
01-02 05:21:06.490 0 0 E DTC_ETH,link_delay_work_func: 3003, SQI=0, link=0
01-02 05:21:11.610 0 0 E DTC_ETH,link_delay_work_func: 3003, SQI=0, link=0
01-02 05:21:16.730 0 0 E DTC_ETH,link_delay_work_func: 3003, SQI=0, link=0
01-02 05:21:21.850 0 0 E DTC_ETH,link_delay_work_func: 3003, SQI=0, link=0
01-02 05:21:26.970 0 0 E DTC_ETH,link_delay_work_func: 3003, SQI=0, link=0
01-02 05:21:32.090 0 0 E DTC_ETH,link_delay_work_func: 3003, SQI=0, link=0
03-04 00:14:36.574 1501 1600 W ActivityManager: Stopping service due to app idle: u0a115 -21h21m13s739ms com.smile.gifmaker/com.kwai.chat.kwailink.service.NewKwaiLinkService
01-02 05:21:37.210 0 0 E DTC_ETH,link_delay_work_func: 3003, SQI=0, link=0
01-02 05:21:42.330 0 0 E DTC_ETH,link_delay_work_func: 3003, SQI=0, link=0
01-02 05:21:47.450 0 0 E DTC_ETH,link_delay_work_func: 3003, SQI=0, link=0
01-02 05:21:52.570 0 0 E DTC_ETH,link_delay_work_func: 3003, SQI=0, link=0
01-02 05:21:57.690 0 0 E DTC_ETH,link_delay_work_func: 3003, SQI=0, link=0
01-02 05:22:02.810 0 0 E DTC_ETH,link_delay_work_func: 3003, SQI=0, link=0
01-02 05:22:07.930 0 0 E DTC_ETH,link_delay_work_func: 3003, SQI=0, link=0
01-02 05:22:13.050 0 0 E DTC_ETH,link_delay_work_func: 3003, SQI=0, link=0
01-02 05:22:18.170 0 0 E DTC_ETH,link_delay_work_func: 3003, SQI=0, link=0
01-02 05:22:23.290 0 0 E DTC_ETH,link_delay_work_func: 3003, SQI=0, link=0
01-02 05:22:28.410 0 0 E DTC_ETH,link_delay_work_func: 3003, SQI=0, link=0
01-02 05:22:33.530 0 0 E DTC_ETH,link_delay_work_func: 3003, SQI=0, link=0
01-02 05:22:38.650 0 0 E DTC_ETH,link_delay_work_func: 3003, SQI=0, link=0
01-02 05:22:43.770 0 0 E DTC_ETH,link_delay_work_func: 3003, SQI=0, link=0
01-02 05:22:48.890 0 0 E DTC_ETH,link_delay_work_func: 3003, SQI=0, link=0
01-02 05:22:54.010 0 0 E DTC_ETH,link_delay_work_func: 3003, SQI=0, link=0
01-02 05:22:59.134 0 0 E DTC_ETH,link_delay_work_func: 3003, SQI=0, link=0
01-02 05:23:04.250 0 0 E DTC_ETH,link_delay_work_func: 3003, SQI=0, link=0
01-02 05:23:09.370 0 0 E DTC_ETH,link_delay_work_func: 3003, SQI=0, link=0
01-02 05:23:14.490 0 0 E DTC_ETH,link_delay_work_func: 3003, SQI=0, link=0
01-02 05:23:19.610 0 0 E DTC_ETH,link_delay_work_func: 3003, SQI=0, link=0
01-02 05:23:24.730 0 0 E DTC_ETH,link_delay_work_func: 3003, SQI=0, link=0
01-02 05:23:29.850 0 0 E DTC_ETH,link_delay_work_func: 3003, SQI=0, link=0
01-02 05:23:34.970 0 0 E DTC_ETH,link_delay_work_func: 3003, SQI=0, link=0
01-02 05:23:40.091 0 0 E DTC_ETH,link_delay_work_func: 3003, SQI=0, link=0
01-02 05:23:45.211 0 0 E DTC_ETH,link_delay_work_func: 3003, SQI=0, link=0
01-02 05:23:50.330 0 0 E DTC_ETH,link_delay_work_func: 3003, SQI=0, link=0
01-02 05:23:55.450 0 0 E DTC_ETH,link_delay_work_func: 3003, SQI=0, link=0
01-02 05:24:00.570 0 0 E DTC_ETH,link_delay_work_func: 3003, SQI=0, link=0
01-02 05:24:05.690 0 0 E DTC_ETH,link_delay_work_func: 3003, SQI=0, link=0
01-02 05:24:10.810 0 0 E DTC_ETH,link_delay_work_func: 3003, SQI=0, link=0
01-02 05:24:15.930 0 0 E DTC_ETH,link_delay_work_func: 3003, SQI=0, link=0
01-02 05:24:21.050 0 0 E DTC_ETH,link_delay_work_func: 3003, SQI=0, link=0
01-02 05:24:26.170 0 0 E DTC_ETH,link_delay_work_func: 3003, SQI=0, link=0
01-02 05:24:26.928 0 0 I [dp_rx_][0x1588419fb39][00:17:27.552792] wlan: [3350:I:QDF] DHCP-R RX: SA:0e:79:35:c2:75:95 DA:ff:ff:ff:ff:ff:ff
01-02 05:24:31.290 0 0 E DTC_ETH,link_delay_work_func: 3003, SQI=0, link=0
01-02 05:24:36.410 0 0 E DTC_ETH,link_delay_work_func: 3003, SQI=0, link=0
01-02 05:24:41.530 0 0 E DTC_ETH,link_delay_work_func: 3003, SQI=0, link=0
01-02 05:24:46.650 0 0 E DTC_ETH,link_delay_work_func: 3003, SQI=0, link=0
01-02 05:24:51.770 0 0 E DTC_ETH,link_delay_work_func: 3003, SQI=0, link=0
01-02 05:24:56.890 0 0 E DTC_ETH,link_delay_work_func: 3003, SQI=0, link=0
01-02 05:25:02.010 0 0 E DTC_ETH,link_delay_work_func: 3003, SQI=0, link=0
01-02 05:25:07.130 0 0 E DTC_ETH,link_delay_work_func: 3003, SQI=0, link=0
01-02 05:25:12.250 0 0 E DTC_ETH,link_delay_work_func: 3003, SQI=0, link=0
01-02 05:25:17.370 0 0 E DTC_ETH,link_delay_work_func: 3003, SQI=0, link=0
01-02 05:25:22.490 0 0 E DTC_ETH,link_delay_work_func: 3003, SQI=0, link=0
01-02 05:25:27.610 0 0 E DTC_ETH,link_delay_work_func: 3003, SQI=0, link=0
01-02 05:25:32.730 0 0 E DTC_ETH,link_delay_work_func: 3003, SQI=0, link=0
01-02 05:25:37.850 0 0 E DTC_ETH,link_delay_work_func: 3003, SQI=0, link=0
01-02 05:25:42.970 0 0 E DTC_ETH,link_delay_work_func: 3003, SQI=0, link=0
01-02 05:25:48.090 0 0 E DTC_ETH,link_delay_work_func: 3003, SQI=0, link=0
01-02 05:25:53.211 0 0 E DTC_ETH,link_delay_work_func: 3003, SQI=0, link=0
01-02 05:25:58.331 0 0 E DTC_ETH,link_delay_work_func: 3003, SQI=0, link=0
01-02 05:26:03.450 0 0 E DTC_ETH,link_delay_work_func: 3003, SQI=0, link=0
01-02 05:26:08.570 0 0 E DTC_ETH,link_delay_work_func: 3003, SQI=0, link=0
01-02 05:26:13.690 0 0 E DTC_ETH,link_delay_work_func: 3003, SQI=0, link=0
01-02 05:26:18.810 0 0 E DTC_ETH,link_delay_work_func: 3003, SQI=0, link=0
01-02 05:26:23.930 0 0 E DTC_ETH,link_delay_work_func: 3003, SQI=0, link=0
01-02 05:26:29.050 0 0 E DTC_ETH,link_delay_work_func: 3003, SQI=0, link=0
01-02 05:26:34.170 0 0 E DTC_ETH,link_delay_work_func: 3003, SQI=0, link=0
01-02 05:26:39.290 0 0 E DTC_ETH,link_delay_work_func: 3003, SQI=0, link=0
01-02 05:26:44.410 0 0 E DTC_ETH,link_delay_work_func: 3003, SQI=0, link=0
01-02 05:26:49.530 0 0 E DTC_ETH,link_delay_work_func: 3003, SQI=0, link=0
01-02 05:26:54.650 0 0 E DTC_ETH,link_delay_work_func: 3003, SQI=0, link=0
01-02 05:26:59.770 0 0 E DTC_ETH,link_delay_work_func: 3003, SQI=0, link=0
01-02 05:27:04.890 0 0 E DTC_ETH,link_delay_work_func: 3003, SQI=0, link=0
01-02 05:27:10.010 0 0 E DTC_ETH,link_delay_work_func: 3003, SQI=0, link=0
01-02 05:27:15.130 0 0 E DTC_ETH,link_delay_work_func: 3003, SQI=0, link=0
01-02 05:27:20.250 0 0 E DTC_ETH,link_delay_work_func: 3003, SQI=0, link=0
01-02 05:27:25.370 0 0 E DTC_ETH,link_delay_work_func: 3003, SQI=0, link=0
01-02 05:27:30.490 0 0 E DTC_ETH,link_delay_work_func: 3003, SQI=0, link=0
01-02 05:27:35.610 0 0 E DTC_ETH,link_delay_work_func: 3003, SQI=0, link=0
01-02 05:27:40.730 0 0 E DTC_ETH,link_delay_work_func: 3003, SQI=0, link=0
01-02 05:27:45.850 0 0 E DTC_ETH,link_delay_work_func: 3003, SQI=0, link=0
01-02 05:27:50.970 0 0 E DTC_ETH,link_delay_work_func: 3003, SQI=0, link=0
01-02 05:27:56.091 0 0 E DTC_ETH,link_delay_work_func: 3003, SQI=0, link=0
01-02 05:28:01.210 0 0 E DTC_ETH,link_delay_work_func: 3003, SQI=0, link=0
01-02 05:28:06.331 0 0 E DTC_ETH,link_delay_work_func: 3003, SQI=0, link=0
01-02 05:28:11.450 0 0 E DTC_ETH,link_delay_work_func: 3003, SQI=0, link=0
01-02 05:28:16.570 0 0 E DTC_ETH,link_delay_work_func: 3003, SQI=0, link=0
01-02 05:28:21.690 0 0 E DTC_ETH,link_delay_work_func: 3003, SQI=0, link=0
01-02 05:28:26.810 0 0 E DTC_ETH,link_delay_work_func: 3003, SQI=0, link=0
01-02 05:28:31.930 0 0 E DTC_ETH,link_delay_work_func: 3003, SQI=0, link=0
01-02 05:28:37.050 0 0 E DTC_ETH,link_delay_work_func: 3003, SQI=0, link=0
01-02 05:28:42.170 0 0 E DTC_ETH,link_delay_work_func: 3003, SQI=0, link=0
01-02 05:28:47.290 0 0 E DTC_ETH,link_delay_work_func: 3003, SQI=0, link=0
01-02 05:28:52.410 0 0 E DTC_ETH,link_delay_work_func: 3003, SQI=0, link=0
01-02 05:28:57.530 0 0 E DTC_ETH,link_delay_work_func: 3003, SQI=0, link=0
01-02 05:29:02.650 0 0 E DTC_ETH,link_delay_work_func: 3003, SQI=0, link=0
01-02 05:29:07.770 0 0 E DTC_ETH,link_delay_work_func: 3003, SQI=0, link=0
01-02 05:29:12.890 0 0 E DTC_ETH,link_delay_work_func: 3003, SQI=0, link=0
01-02 05:29:18.010 0 0 E DTC_ETH,link_delay_work_func: 3003, SQI=0, link=0
01-02 05:29:23.130 0 0 E DTC_ETH,link_delay_work_func: 3003, SQI=0, link=0
01-02 05:29:28.250 0 0 E DTC_ETH,link_delay_work_func: 3003, SQI=0, link=0
01-02 05:29:33.370 0 0 E DTC_ETH,link_delay_work_func: 3003, SQI=0, link=0
01-02 05:29:38.490 0 0 E DTC_ETH,link_delay_work_func: 3003, SQI=0, link=0
01-02 05:29:43.610 0 0 E DTC_ETH,link_delay_work_func: 3003, SQI=0, link=0
01-02 05:29:46.428 0 0 I [dp_rx_][0x159f1bd81de][00:22:47.052827] wlan: [3350:I:QDF] DHCP-R RX: SA:0e:79:35:c2:75:95 DA:ff:ff:ff:ff:ff:ff
01-02 05:29:48.730 0 0 E DTC_ETH,link_delay_work_func: 3003, SQI=0, link=0
01-02 05:29:53.850 0 0 E DTC_ETH,link_delay_work_func: 3003, SQI=0, link=0
01-02 05:29:58.970 0 0 E DTC_ETH,link_delay_work_func: 3003, SQI=0, link=0
03-04 00:23:03.642 1501 1621 W BatteryExternalStatsWorker: error reading modem stats:ERROR_PHONE_NOT_AVAILABLE
03-04 00:23:03.674 1501 1621 E KernelCpuSpeedReader: Failed to read cpu-freq: /sys/devices/system/cpu/cpu4/cpufreq/stats/time_in_state: open failed: ENOENT (No such file or directory)
03-04 00:23:03.674 1501 1621 E KernelCpuSpeedReader: Failed to read cpu-freq: /sys/devices/system/cpu/cpu0/cpufreq/stats/time_in_state: open failed: ENOENT (No such file or directory)
01-02 05:30:03.057 0 0 W audit : audit_lost=4857 audit_rate_limit=5 audit_backlog_limit=64
01-02 05:30:03.057 0 0 E audit : rate limit exceeded
01-02 05:30:04.090 0 0 E DTC_ETH,link_delay_work_func: 3003, SQI=0, link=0
01-02 05:30:09.210 0 0 E DTC_ETH,link_delay_work_func: 3003, SQI=0, link=0
01-02 05:30:14.331 0 0 E DTC_ETH,link_delay_work_func: 3003, SQI=0, link=0
01-02 05:30:19.450 0 0 E DTC_ETH,link_delay_work_func: 3003, SQI=0, link=0
01-02 05:30:23.151 0 0 I init : Untracked pid 17558 exited with status 0
03-04 00:23:24.801 1501 1609 I ActivityManager: Process PhantomProcessRecord {5448b 17560:2190:sleep/1000} died
03-04 00:23:25.158 1501 1609 I ActivityManager: Process PhantomProcessRecord {ba2b968 17551:2190:sh/1000} died
01-02 05:30:24.570 0 0 E DTC_ETH,link_delay_work_func: 3003, SQI=0, link=0
01-02 05:30:29.690 0 0 E DTC_ETH,link_delay_work_func: 3003, SQI=0, link=0
01-02 05:30:34.810 0 0 E DTC_ETH,link_delay_work_func: 3003, SQI=0, link=0
01-02 05:30:39.930 0 0 E DTC_ETH,link_delay_work_func: 3003, SQI=0, link=0
01-02 05:30:45.050 0 0 E DTC_ETH,link_delay_work_func: 3003, SQI=0, link=0
01-02 05:30:50.170 0 0 E DTC_ETH,link_delay_work_func: 3003, SQI=0, link=0
01-02 05:30:55.290 0 0 E DTC_ETH,link_delay_work_func: 3003, SQI=0, link=0
01-02 05:31:00.414 0 0 E DTC_ETH,link_delay_work_func: 3003, SQI=0, link=0
01-02 05:31:05.530 0 0 E DTC_ETH,link_delay_work_func: 3003, SQI=0, link=0
01-02 05:31:10.650 0 0 E DTC_ETH,link_delay_work_func: 3003, SQI=0, link=0
01-02 05:31:15.770 0 0 E DTC_ETH,link_delay_work_func: 3003, SQI=0, link=0
03-04 00:24:20.792 1501 1501 I JobServiceContext: Client timed out while executing (no jobFinished received). Sending onStop: b3ad8e0 #u0a102/212 com.kuaishou.nebula/androidx.work.impl.background.systemjob.SystemJobService
01-02 05:31:20.890 0 0 E DTC_ETH,link_delay_work_func: 3003, SQI=0, link=0
03-04 00:24:23.892 1501 1501 I JobServiceContext: Client timed out while executing (no jobFinished received). Sending onStop: c8f4455 #u0a115/208 com.smile.gifmaker/androidx.work.impl.background.systemjob.SystemJobService
01-02 05:31:26.010 0 0 E DTC_ETH,link_delay_work_func: 3003, SQI=0, link=0
01-02 05:31:31.130 0 0 E DTC_ETH,link_delay_work_func: 3003, SQI=0, link=0
03-04 00:24:36.527 1501 1600 W ActivityManager: Stopping service due to app idle: u0a115 -21h31m13s692ms com.smile.gifmaker/com.kwai.chat.kwailink.service.NewKwaiLinkService
01-02 05:31:36.250 0 0 E DTC_ETH,link_delay_work_func: 3003, SQI=0, link=0
01-02 05:31:41.370 0 0 E DTC_ETH,link_delay_work_func: 3003, SQI=0, link=0
01-02 05:31:46.491 0 0 E DTC_ETH,link_delay_work_func: 3003, SQI=0, link=0
01-02 05:31:51.611 0 0 E DTC_ETH,link_delay_work_func: 3003, SQI=0, link=0
01-02 05:31:56.730 0 0 E DTC_ETH,link_delay_work_func: 3003, SQI=0, link=0
01-02 05:32:00.070 0 0 D cnss : Host time = 77520071010 us, device time = 77491331340 us, offset = 28739670 us
01-02 05:32:00.070 0 0 D cnss : Updated time sync regs [0x984] = 0x1b68856, [0x988] = 0x0
01-02 05:32:01.850 0 0 E DTC_ETH,link_delay_work_func: 3003, SQI=0, link=0
01-02 05:32:06.970 0 0 E DTC_ETH,link_delay_work_func: 3003, SQI=0, link=0
01-02 05:32:12.090 0 0 E DTC_ETH,link_delay_work_func: 3003, SQI=0, link=0
01-02 05:32:17.211 0 0 E DTC_ETH,link_delay_work_func: 3003, SQI=0, link=0
01-02 05:32:22.330 0 0 E DTC_ETH,link_delay_work_func: 3003, SQI=0, link=0
01-02 05:32:27.450 0 0 E DTC_ETH,link_delay_work_func: 3003, SQI=0, link=0
01-02 05:32:32.570 0 0 E DTC_ETH,link_delay_work_func: 3003, SQI=0, link=0
01-02 05:32:37.690 0 0 E DTC_ETH,link_delay_work_func: 3003, SQI=0, link=0
01-02 05:32:42.810 0 0 E DTC_ETH,link_delay_work_func: 3003, SQI=0, link=0
01-02 05:32:47.930 0 0 E DTC_ETH,link_delay_work_func: 3003, SQI=0, link=0
01-02 05:32:53.050 0 0 E DTC_ETH,link_delay_work_func: 3003, SQI=0, link=0
01-02 05:32:58.170 0 0 E DTC_ETH,link_delay_work_func: 3003, SQI=0, link=0
01-02 05:33:03.290 0 0 E DTC_ETH,link_delay_work_func: 3003, SQI=0, link=0
01-02 05:33:08.410 0 0 E DTC_ETH,link_delay_work_func: 3003, SQI=0, link=0
01-02 05:33:13.530 0 0 E DTC_ETH,link_delay_work_func: 3003, SQI=0, link=0
01-02 05:33:18.650 0 0 E DTC_ETH,link_delay_work_func: 3003, SQI=0, link=0
01-02 05:33:23.770 0 0 E DTC_ETH,link_delay_work_func: 3003, SQI=0, link=0
01-02 05:33:28.890 0 0 E DTC_ETH,link_delay_work_func: 3003, SQI=0, link=0
01-02 05:33:34.010 0 0 E DTC_ETH,link_delay_work_func: 3003, SQI=0, link=0
01-02 05:33:39.130 0 0 E DTC_ETH,link_delay_work_func: 3003, SQI=0, link=0
01-02 05:33:44.250 0 0 E DTC_ETH,link_delay_work_func: 3003, SQI=0, link=0
01-02 05:33:49.370 0 0 E DTC_ETH,link_delay_work_func: 3003, SQI=0, link=0
01-02 05:33:54.490 0 0 E DTC_ETH,link_delay_work_func: 3003, SQI=0, link=0
01-02 05:33:59.614 0 0 E DTC_ETH,link_delay_work_func: 3003, SQI=0, link=0
01-02 05:34:04.730 0 0 E DTC_ETH,link_delay_work_func: 3003, SQI=0, link=0
01-02 05:34:09.850 0 0 E DTC_ETH,link_delay_work_func: 3003, SQI=0, link=0
01-02 05:34:14.970 0 0 E DTC_ETH,link_delay_work_func: 3003, SQI=0, link=0
01-02 05:34:20.090 0 0 E DTC_ETH,link_delay_work_func: 3003, SQI=0, link=0
01-02 05:34:25.210 0 0 E DTC_ETH,link_delay_work_func: 3003, SQI=0, link=0
01-02 05:34:30.330 0 0 E DTC_ETH,link_delay_work_func: 3003, SQI=0, link=0
01-02 05:34:35.450 0 0 E DTC_ETH,link_delay_work_func: 3003, SQI=0, link=0
01-02 05:34:40.570 0 0 E DTC_ETH,link_delay_work_func: 3003, SQI=0, link=0
01-02 05:34:45.690 0 0 E DTC_ETH,link_delay_work_func: 3003, SQI=0, link=0
01-02 05:34:50.810 0 0 E DTC_ETH,link_delay_work_func: 3003, SQI=0, link=0
01-02 05:34:53.435 0 0 I [dp_rx_][0x15b5114db17][00:27:54.059457] wlan: [3350:I:QDF] DHCP-D RX: SA:0e:79:35:c2:75:95 DA:ff:ff:ff:ff:ff:ff
01-02 05:34:55.930 0 0 E DTC_ETH,link_delay_work_func: 3003, SQI=0, link=0
01-02 05:35:01.050 0 0 E DTC_ETH,link_delay_work_func: 3003, SQI=0, link=0
01-02 05:35:06.170 0 0 E DTC_ETH,link_delay_work_func: 3003, SQI=0, link=0
01-02 05:35:11.290 0 0 E DTC_ETH,link_delay_work_func: 3003, SQI=0, link=0
01-02 05:35:16.410 0 0 E DTC_ETH,link_delay_work_func: 3003, SQI=0, link=0
01-02 05:35:21.530 0 0 E DTC_ETH,link_delay_work_func: 3003, SQI=0, link=0
01-02 05:35:26.650 0 0 E DTC_ETH,link_delay_work_func: 3003, SQI=0, link=0
01-02 05:35:31.770 0 0 E DTC_ETH,link_delay_work_func: 3003, SQI=0, link=0
01-02 05:35:36.890 0 0 E DTC_ETH,link_delay_work_func: 3003, SQI=0, link=0
01-02 05:35:42.010 0 0 E DTC_ETH,link_delay_work_func: 3003, SQI=0, link=0
01-02 05:35:47.130 0 0 E DTC_ETH,link_delay_work_func: 3003, SQI=0, link=0
01-02 05:35:52.250 0 0 E DTC_ETH,link_delay_work_func: 3003, SQI=0, link=0
01-02 05:35:57.371 0 0 E DTC_ETH,link_delay_work_func: 3003, SQI=0, link=0
01-02 05:36:02.490 0 0 E DTC_ETH,link_delay_work_func: 3003, SQI=0, link=0
01-02 05:36:07.611 0 0 E DTC_ETH,link_delay_work_func: 3003, SQI=0, link=0
01-02 05:36:12.730 0 0 E DTC_ETH,link_delay_work_func: 3003, SQI=0, link=0
01-02 05:36:17.851 0 0 E DTC_ETH,link_delay_work_func: 3003, SQI=0, link=0
01-02 05:36:22.970 0 0 E DTC_ETH,link_delay_work_func: 3003, SQI=0, link=0
01-02 05:36:28.090 0 0 E DTC_ETH,link_delay_work_func: 3003, SQI=0, link=0
03-04 00:29:30.549 1501 1501 D CompatibilityChangeReporter: Compat change id reported: 135634846; UID 10090; state: DISABLED
03-04 00:29:30.550 1501 1501 D CompatibilityChangeReporter: Compat change id reported: 177438394; UID 10090; state: DISABLED
03-04 00:29:30.550 1501 1501 D CompatibilityChangeReporter: Compat change id reported: 135772972; UID 10090; state: DISABLED
03-04 00:29:30.551 1501 1501 D CompatibilityChangeReporter: Compat change id reported: 135754954; UID 10090; state: DISABLED
03-04 00:29:30.552 1501 1601 D CompatibilityChangeReporter: Compat change id reported: 143937733; UID 10090; state: DISABLED
03-04 00:29:30.555 1501 1501 D CompatibilityChangeReporter: Compat change id reported: 135634846; UID 1000; state: DISABLED
03-04 00:29:30.555 1501 1501 D CompatibilityChangeReporter: Compat change id reported: 177438394; UID 1000; state: DISABLED
03-04 00:29:30.555 1501 1501 D CompatibilityChangeReporter: Compat change id reported: 135772972; UID 1000; state: DISABLED
03-04 00:29:30.555 1501 1501 D CompatibilityChangeReporter: Compat change id reported: 135754954; UID 1000; state: ENABLED
03-04 00:29:30.573 1501 1601 I ActivityManager: Start proc 17747:com.android.permissioncontroller/u0a90 for service {com.android.permissioncontroller/com.android.permissioncontroller.permission.service.LocationAccessCheck$LocationAccessCheckJobService}
03-04 00:29:30.588 1501 1601 I ActivityManager: Start proc 17748:com.android.settings/1000 for service {com.android.settings/com.android.permissioncontroller.permission.service.LocationAccessCheck$LocationAccessCheckJobService}
01-02 05:36:29.970 0 0 I binder : 17747:17747 ioctl 40046210 7fe0d02fe4 returned -22
01-02 05:36:29.992 0 0 I binder : 17748:17748 ioctl 40046210 7fe0d02fe4 returned -22
03-04 00:29:30.626 1501 2852 D CompatibilityChangeReporter: Compat change id reported: 168419799; UID 1000; state: DISABLED
01-02 05:36:33.211 0 0 E DTC_ETH,link_delay_work_func: 3003, SQI=0, link=0
01-02 05:36:36.032 0 0 I qcom_rpmh DRV: apps_rsc TCS Busy, retrying RPMH message send: addr=0x41b08
01-02 05:36:38.330 0 0 E DTC_ETH,link_delay_work_func: 3003, SQI=0, link=0
01-02 05:36:43.450 0 0 E DTC_ETH,link_delay_work_func: 3003, SQI=0, link=0
01-02 05:36:48.570 0 0 E DTC_ETH,link_delay_work_func: 3003, SQI=0, link=0
01-02 05:36:53.690 0 0 E DTC_ETH,link_delay_work_func: 3003, SQI=0, link=0
01-02 05:36:58.810 0 0 E DTC_ETH,link_delay_work_func: 3003, SQI=0, link=0
01-02 05:37:03.930 0 0 E DTC_ETH,link_delay_work_func: 3003, SQI=0, link=0
01-02 05:37:09.050 0 0 E DTC_ETH,link_delay_work_func: 3003, SQI=0, link=0
01-02 05:37:14.174 0 0 E DTC_ETH,link_delay_work_func: 3003, SQI=0, link=0
01-02 05:37:19.290 0 0 E DTC_ETH,link_delay_work_func: 3003, SQI=0, link=0
01-02 05:37:24.410 0 0 E DTC_ETH,link_delay_work_func: 3003, SQI=0, link=0
01-02 05:37:29.530 0 0 E DTC_ETH,link_delay_work_func: 3003, SQI=0, link=0
01-02 05:37:34.650 0 0 E DTC_ETH,link_delay_work_func: 3003, SQI=0, link=0
01-02 05:37:39.770 0 0 E DTC_ETH,link_delay_work_func: 3003, SQI=0, link=0
01-02 05:37:44.890 0 0 E DTC_ETH,link_delay_work_func: 3003, SQI=0, link=0
01-02 05:37:50.010 0 0 E DTC_ETH,link_delay_work_func: 3003, SQI=0, link=0
01-02 05:37:55.130 0 0 E DTC_ETH,link_delay_work_func: 3003, SQI=0, link=0
01-02 05:38:00.250 0 0 E DTC_ETH,link_delay_work_func: 3003, SQI=0, link=0
01-02 05:38:05.370 0 0 E DTC_ETH,link_delay_work_func: 3003, SQI=0, link=0
01-02 05:38:10.490 0 0 E DTC_ETH,link_delay_work_func: 3003, SQI=0, link=0
01-02 05:38:15.610 0 0 E DTC_ETH,link_delay_work_func: 3003, SQI=0, link=0
01-02 05:38:20.730 0 0 E DTC_ETH,link_delay_work_func: 3003, SQI=0, link=0
01-02 05:38:25.850 0 0 E DTC_ETH,link_delay_work_func: 3003, SQI=0, link=0
01-02 05:38:30.970 0 0 E DTC_ETH,link_delay_work_func: 3003, SQI=0, link=0
01-02 05:38:36.090 0 0 E DTC_ETH,link_delay_work_func: 3003, SQI=0, link=0
01-02 05:38:41.210 0 0 E DTC_ETH,link_delay_work_func: 3003, SQI=0, link=0
01-02 05:38:46.330 0 0 E DTC_ETH,link_delay_work_func: 3003, SQI=0, link=0
01-02 05:38:51.450 0 0 E DTC_ETH,link_delay_work_func: 3003, SQI=0, link=0
01-02 05:38:56.570 0 0 E DTC_ETH,link_delay_work_func: 3003, SQI=0, link=0
01-02 05:39:01.690 0 0 E DTC_ETH,link_delay_work_func: 3003, SQI=0, link=0
01-02 05:39:06.810 0 0 E DTC_ETH,link_delay_work_func: 3003, SQI=0, link=0
01-02 05:39:11.930 0 0 E DTC_ETH,link_delay_work_func: 3003, SQI=0, link=0
01-02 05:39:17.050 0 0 E DTC_ETH,link_delay_work_func: 3003, SQI=0, link=0
01-02 05:39:22.170 0 0 E DTC_ETH,link_delay_work_func: 3003, SQI=0, link=0
01-02 05:39:27.290 0 0 E DTC_ETH,link_delay_work_func: 3003, SQI=0, link=0
01-02 05:39:32.410 0 0 E DTC_ETH,link_delay_work_func: 3003, SQI=0, link=0
01-02 05:39:37.530 0 0 E DTC_ETH,link_delay_work_func: 3003, SQI=0, link=0
01-02 05:39:42.650 0 0 E DTC_ETH,link_delay_work_func: 3003, SQI=0, link=0
01-02 05:39:47.770 0 0 E DTC_ETH,link_delay_work_func: 3003, SQI=0, link=0
01-02 05:39:52.890 0 0 E DTC_ETH,link_delay_work_func: 3003, SQI=0, link=0
01-02 05:39:58.010 0 0 E DTC_ETH,link_delay_work_func: 3003, SQI=0, link=0
01-02 05:40:03.131 0 0 E DTC_ETH,link_delay_work_func: 3003, SQI=0, link=0
01-02 05:40:08.250 0 0 E DTC_ETH,link_delay_work_func: 3003, SQI=0, link=0
01-02 05:40:10.173 0 0 I [dp_rx_][0x15cbb8f395a][00:33:10.797567] wlan: [3350:I:QDF] DHCP-D RX: SA:0e:79:35:c2:75:95 DA:ff:ff:ff:ff:ff:ff
01-02 05:40:11.401 0 0 I [dp_rx_][0x15cbcf6fb34][00:33:12.025538] wlan: [3350:I:QDF] DHCP-R RX: SA:0e:79:35:c2:75:95 DA:ff:ff:ff:ff:ff:ff
01-02 05:40:13.370 0 0 E DTC_ETH,link_delay_work_func: 3003, SQI=0, link=0
03-04 00:33:16.858 1501 1598 I UsageStatsService: User[0] Flushing usage stats to disk
01-02 05:40:18.363 0 0 I [dp_rx_][0x15cc4ee77a6][00:33:18.986984] wlan: [3350:I:QDF] DHCP-R RX: SA:0e:79:35:c2:75:95 DA:ff:ff:ff:ff:ff:ff
01-02 05:40:18.490 0 0 E DTC_ETH,link_delay_work_func: 3003, SQI=0, link=0
01-02 05:40:23.610 0 0 E DTC_ETH,link_delay_work_func: 3003, SQI=0, link=0
01-02 05:40:28.731 0 0 E DTC_ETH,link_delay_work_func: 3003, SQI=0, link=0
01-02 05:40:33.850 0 0 E DTC_ETH,link_delay_work_func: 3003, SQI=0, link=0
01-02 05:40:38.970 0 0 E DTC_ETH,link_delay_work_func: 3003, SQI=0, link=0
01-02 05:40:44.090 0 0 E DTC_ETH,link_delay_work_func: 3003, SQI=0, link=0
01-02 05:40:49.210 0 0 E DTC_ETH,link_delay_work_func: 3003, SQI=0, link=0
01-02 05:40:54.330 0 0 E DTC_ETH,link_delay_work_func: 3003, SQI=0, link=0
01-02 05:40:59.450 0 0 E DTC_ETH,link_delay_work_func: 3003, SQI=0, link=0
01-02 05:41:04.570 0 0 E DTC_ETH,link_delay_work_func: 3003, SQI=0, link=0
01-02 05:41:09.690 0 0 E DTC_ETH,link_delay_work_func: 3003, SQI=0, link=0
01-02 05:41:14.812 0 0 E DTC_ETH,link_delay_work_func: 3003, SQI=0, link=0
01-02 05:41:19.930 0 0 E DTC_ETH,link_delay_work_func: 3003, SQI=0, link=0
03-04 00:34:20.815 1501 1501 I JobServiceContext: Letting dd61cf1 #u0a102/214 com.kuaishou.nebula/androidx.work.impl.background.systemjob.SystemJobService continue to run past min execution time
03-04 00:34:23.916 1501 1501 I JobServiceContext: Letting 644462 #u0a115/210 com.smile.gifmaker/androidx.work.impl.background.systemjob.SystemJobService continue to run past min execution time
01-02 05:41:25.050 0 0 E DTC_ETH,link_delay_work_func: 3003, SQI=0, link=0
01-02 05:41:30.170 0 0 E DTC_ETH,link_delay_work_func: 3003, SQI=0, link=0
01-02 05:41:35.290 0 0 E DTC_ETH,link_delay_work_func: 3003, SQI=0, link=0
03-04 00:34:36.555 1501 1600 W ActivityManager: Stopping service due to app idle: u0a115 -21h41m13s720ms com.smile.gifmaker/com.kwai.chat.kwailink.service.NewKwaiLinkService
01-02 05:41:40.410 0 0 E DTC_ETH,link_delay_work_func: 3003, SQI=0, link=0
01-02 05:41:45.530 0 0 E DTC_ETH,link_delay_work_func: 3003, SQI=0, link=0
01-02 05:41:50.650 0 0 E DTC_ETH,link_delay_work_func: 3003, SQI=0, link=0
01-02 05:41:55.774 0 0 E DTC_ETH,link_delay_work_func: 3003, SQI=0, link=0
01-02 05:42:00.890 0 0 E DTC_ETH,link_delay_work_func: 3003, SQI=0, link=0
01-02 05:42:06.010 0 0 E DTC_ETH,link_delay_work_func: 3003, SQI=0, link=0
01-02 05:42:11.130 0 0 E DTC_ETH,link_delay_work_func: 3003, SQI=0, link=0
01-02 05:42:16.250 0 0 E DTC_ETH,link_delay_work_func: 3003, SQI=0, link=0
01-02 05:42:21.370 0 0 E DTC_ETH,link_delay_work_func: 3003, SQI=0, link=0
01-02 05:42:26.490 0 0 E DTC_ETH,link_delay_work_func: 3003, SQI=0, link=0
01-02 05:42:31.610 0 0 E DTC_ETH,link_delay_work_func: 3003, SQI=0, link=0
01-02 05:42:36.730 0 0 E DTC_ETH,link_delay_work_func: 3003, SQI=0, link=0
01-02 05:42:41.850 0 0 E DTC_ETH,link_delay_work_func: 3003, SQI=0, link=0
01-02 05:42:46.970 0 0 E DTC_ETH,link_delay_work_func: 3003, SQI=0, link=0
01-02 05:42:52.090 0 0 E DTC_ETH,link_delay_work_func: 3003, SQI=0, link=0
01-02 05:42:57.210 0 0 E DTC_ETH,link_delay_work_func: 3003, SQI=0, link=0
01-02 05:43:02.330 0 0 E DTC_ETH,link_delay_work_func: 3003, SQI=0, link=0
01-02 05:43:07.450 0 0 E DTC_ETH,link_delay_work_func: 3003, SQI=0, link=0
01-02 05:43:12.570 0 0 E DTC_ETH,link_delay_work_func: 3003, SQI=0, link=0
01-02 05:43:17.690 0 0 E DTC_ETH,link_delay_work_func: 3003, SQI=0, link=0
01-02 05:43:22.810 0 0 E DTC_ETH,link_delay_work_func: 3003, SQI=0, link=0
01-02 05:43:27.930 0 0 E DTC_ETH,link_delay_work_func: 3003, SQI=0, link=0
01-02 05:43:33.050 0 0 E DTC_ETH,link_delay_work_func: 3003, SQI=0, link=0
01-02 05:43:38.170 0 0 E DTC_ETH,link_delay_work_func: 3003, SQI=0, link=0
01-02 05:43:43.290 0 0 E DTC_ETH,link_delay_work_func: 3003, SQI=0, link=0
01-02 05:43:48.410 0 0 E DTC_ETH,link_delay_work_func: 3003, SQI=0, link=0
01-02 05:43:53.530 0 0 E DTC_ETH,link_delay_work_func: 3003, SQI=0, link=0
01-02 05:43:58.650 0 0 E DTC_ETH,link_delay_work_func: 3003, SQI=0, link=0
01-02 05:44:03.770 0 0 E DTC_ETH,link_delay_work_func: 3003, SQI=0, link=0
01-02 05:44:08.890 0 0 E DTC_ETH,link_delay_work_func: 3003, SQI=0, link=0
01-02 05:44:14.010 0 0 E DTC_ETH,link_delay_work_func: 3003, SQI=0, link=0
01-02 05:44:19.130 0 0 E DTC_ETH,link_delay_work_func: 3003, SQI=0, link=0
01-02 05:44:24.250 0 0 E DTC_ETH,link_delay_work_func: 3003, SQI=0, link=0
01-02 05:44:29.370 0 0 E DTC_ETH,link_delay_work_func: 3003, SQI=0, link=0
01-02 05:44:34.490 0 0 E DTC_ETH,link_delay_work_func: 3003, SQI=0, link=0
01-02 05:44:39.610 0 0 E DTC_ETH,link_delay_work_func: 3003, SQI=0, link=0
01-02 05:44:44.730 0 0 E DTC_ETH,link_delay_work_func: 3003, SQI=0, link=0
01-02 05:44:49.850 0 0 E DTC_ETH,link_delay_work_func: 3003, SQI=0, link=0
01-02 05:44:54.970 0 0 E DTC_ETH,link_delay_work_func: 3003, SQI=0, link=0
01-02 05:45:00.090 0 0 E DTC_ETH,link_delay_work_func: 3003, SQI=0, link=0
01-02 05:45:05.210 0 0 E DTC_ETH,link_delay_work_func: 3003, SQI=0, link=0
01-02 05:45:10.330 0 0 E DTC_ETH,link_delay_work_func: 3003, SQI=0, link=0
