03-03 16:34:35.856 1501 1600 W ActivityManager: Stopping service due to app idle: u0a115 -13h41m13s21ms com.smile.gifmaker/com.kwai.chat.kwailink.service.NewKwaiLinkService
03-03 16:44:35.858 1501 1600 W ActivityManager: Stopping service due to app idle: u0a115 -13h51m13s23ms com.smile.gifmaker/com.kwai.chat.kwailink.service.NewKwaiLinkService
03-03 16:53:03.447 1501 1621 W BatteryExternalStatsWorker: error reading modem stats:ERROR_PHONE_NOT_AVAILABLE
03-03 16:53:03.481 1501 1621 E KernelCpuSpeedReader: Failed to read cpu-freq: /sys/devices/system/cpu/cpu4/cpufreq/stats/time_in_state: open failed: ENOENT (No such file or directory)
03-03 16:53:03.481 1501 1621 E KernelCpuSpeedReader: Failed to read cpu-freq: /sys/devices/system/cpu/cpu0/cpufreq/stats/time_in_state: open failed: ENOENT (No such file or directory)
03-03 16:53:15.084 1501 1598 I UsageStatsService: User[0] Flushing usage stats to disk
03-03 16:53:24.995 1501 1600 W ProcessCpuTracker: Failed to stat(/proc/1360): android.system.ErrnoException: stat failed: ENOENT (No such file or directory)
03-03 16:53:24.995 1501 1600 W ProcessCpuTracker: Skipping unknown process pid 1360
03-03 16:53:25.003 1501 1609 I ActivityManager: Process PhantomProcessRecord {208177c 1361:2190:ls/1000} died
03-03 16:53:25.117 1501 1609 I ActivityManager: Process PhantomProcessRecord {a81f805 1331:2190:sh/1000} died
03-03 16:54:20.468 1501 1501 I JobServiceContext: Client timed out while executing (no jobFinished received). Sending onStop: 9f92e2d #u0a102/182 com.kuaishou.nebula/androidx.work.impl.background.systemjob.SystemJobService
03-03 16:54:23.584 1501 1501 I JobServiceContext: Client timed out while executing (no jobFinished received). Sending onStop: c543fae #u0a115/178 com.smile.gifmaker/androidx.work.impl.background.systemjob.SystemJobService
03-03 16:54:35.864 1501 1600 W ActivityManager: Stopping service due to app idle: u0a115 -14h1m13s29ms com.smile.gifmaker/com.kwai.chat.kwailink.service.NewKwaiLinkService
03-03 17:00:23.304 666 1705 W SocketClient: write error (Broken pipe)
03-03 17:00:26.431 666 1778 W SocketClient: write error (Broken pipe)
03-03 17:03:13.028 1501 1733 D ActivityManager: freezing 32257 com.qti.diagservices
03-03 17:03:13.028 1501 1733 E ActivityManager: Unable to freeze binder for 32257 com.qti.diagservices
03-03 17:03:13.030 1501 1733 D ActivityManager: froze 32257 com.qti.diagservices
03-03 17:03:13.031 1501 1733 E ActivityManager: Unable to freeze binder for 32257 com.qti.diagservices
03-03 17:03:13.033 1501 1733 I ActivityManager: Killing 32257:com.qti.diagservices/1000 (adj 925): Unable to freeze binder interface
03-03 17:03:13.063 1501 2849 W ActivityManager: Scheduling restart of crashed service com.qti.diagservices/.QTIDiagServices in 1000ms for start-requested
03-03 17:03:14.067 1501 1600 D CompatibilityChangeReporter: Compat change id reported: 135634846; UID 1000; state: DISABLED
03-03 17:03:14.067 1501 1600 D CompatibilityChangeReporter: Compat change id reported: 177438394; UID 1000; state: DISABLED
03-03 17:03:14.068 1501 1600 D CompatibilityChangeReporter: Compat change id reported: 135772972; UID 1000; state: DISABLED
03-03 17:03:14.068 1501 1600 D CompatibilityChangeReporter: Compat change id reported: 135754954; UID 1000; state: ENABLED
03-03 17:03:14.092 1501 1601 I ActivityManager: Start proc 1946:com.qti.diagservices/1000 for service {com.qti.diagservices/com.qti.diagservices.QTIDiagServices}
03-03 17:04:20.490 1501 1501 I JobServiceContext: Letting f548380 #u0a102/184 com.kuaishou.nebula/androidx.work.impl.background.systemjob.SystemJobService continue to run past min execution time
03-03 17:04:23.604 1501 1501 I JobServiceContext: Letting 401f044 #u0a115/180 com.smile.gifmaker/androidx.work.impl.background.systemjob.SystemJobService continue to run past min execution time
03-03 17:04:35.871 1501 1600 W ActivityManager: Stopping service due to app idle: u0a115 -14h11m13s36ms com.smile.gifmaker/com.kwai.chat.kwailink.service.NewKwaiLinkService
03-03 17:13:15.156 1501 1598 I UsageStatsService: User[0] Flushing usage stats to disk
03-03 17:14:35.906 1501 1600 W ActivityManager: Stopping service due to app idle: u0a115 -14h21m13s71ms com.smile.gifmaker/com.kwai.chat.kwailink.service.NewKwaiLinkService
03-03 17:23:03.469 1501 1621 W BatteryExternalStatsWorker: error reading modem stats:ERROR_PHONE_NOT_AVAILABLE
03-03 17:23:03.499 1501 1621 E KernelCpuSpeedReader: Failed to read cpu-freq: /sys/devices/system/cpu/cpu4/cpufreq/stats/time_in_state: open failed: ENOENT (No such file or directory)
03-03 17:23:03.499 1501 1621 E KernelCpuSpeedReader: Failed to read cpu-freq: /sys/devices/system/cpu/cpu0/cpufreq/stats/time_in_state: open failed: ENOENT (No such file or directory)
03-03 17:24:20.489 1501 1501 I JobServiceContext: Client timed out while executing (no jobFinished received). Sending onStop: f548380 #u0a102/184 com.kuaishou.nebula/androidx.work.impl.background.systemjob.SystemJobService
03-03 17:24:23.603 1501 1501 I JobServiceContext: Client timed out while executing (no jobFinished received). Sending onStop: 401f044 #u0a115/180 com.smile.gifmaker/androidx.work.impl.background.systemjob.SystemJobService
03-03 17:24:35.919 1501 1600 W ActivityManager: Stopping service due to app idle: u0a115 -14h31m13s84ms com.smile.gifmaker/com.kwai.chat.kwailink.service.NewKwaiLinkService
03-03 17:33:15.237 1501 1598 I UsageStatsService: User[0] Flushing usage stats to disk
03-03 17:34:20.510 1501 1501 I JobServiceContext: Letting 85d9749 #u0a102/187 com.kuaishou.nebula/androidx.work.impl.background.systemjob.SystemJobService continue to run past min execution time
03-03 17:34:23.628 1501 1501 I JobServiceContext: Letting 66d2b5a #u0a115/183 com.smile.gifmaker/androidx.work.impl.background.systemjob.SystemJobService continue to run past min execution time
03-03 17:34:35.907 1501 1600 W ActivityManager: Stopping service due to app idle: u0a115 -14h41m13s71ms com.smile.gifmaker/com.kwai.chat.kwailink.service.NewKwaiLinkService
03-03 17:43:25.905 1501 1733 D ActivityManager: freezing 1946 com.qti.diagservices
03-03 17:43:25.906 1501 1733 E ActivityManager: Unable to freeze binder for 1946 com.qti.diagservices
03-03 17:43:25.907 1501 1733 D ActivityManager: froze 1946 com.qti.diagservices
03-03 17:43:25.907 1501 1733 E ActivityManager: Unable to freeze binder for 1946 com.qti.diagservices
03-03 17:43:25.909 1501 1733 I ActivityManager: Killing 1946:com.qti.diagservices/1000 (adj 925): Unable to freeze binder interface
03-03 17:43:25.932 1501 6081 W ActivityManager: Scheduling restart of crashed service com.qti.diagservices/.QTIDiagServices in 1000ms for start-requested
03-03 17:43:26.936 1501 1600 D CompatibilityChangeReporter: Compat change id reported: 135634846; UID 1000; state: DISABLED
03-03 17:43:26.936 1501 1600 D CompatibilityChangeReporter: Compat change id reported: 177438394; UID 1000; state: DISABLED
03-03 17:43:26.936 1501 1600 D CompatibilityChangeReporter: Compat change id reported: 135772972; UID 1000; state: DISABLED
03-03 17:43:26.937 1501 1600 D CompatibilityChangeReporter: Compat change id reported: 135754954; UID 1000; state: ENABLED
03-03 17:43:26.960 1501 1601 I ActivityManager: Start proc 4167:com.qti.diagservices/1000 for service {com.qti.diagservices/com.qti.diagservices.QTIDiagServices}
03-03 17:44:35.901 1501 1600 W ActivityManager: Stopping service due to app idle: u0a115 -14h51m13s66ms com.smile.gifmaker/com.kwai.chat.kwailink.service.NewKwaiLinkService
03-03 17:53:03.491 1501 1621 W BatteryExternalStatsWorker: error reading modem stats:ERROR_PHONE_NOT_AVAILABLE
03-03 17:53:03.524 1501 1621 E KernelCpuSpeedReader: Failed to read cpu-freq: /sys/devices/system/cpu/cpu4/cpufreq/stats/time_in_state: open failed: ENOENT (No such file or directory)
03-03 17:53:03.524 1501 1621 E KernelCpuSpeedReader: Failed to read cpu-freq: /sys/devices/system/cpu/cpu0/cpufreq/stats/time_in_state: open failed: ENOENT (No such file or directory)
03-03 17:53:12.029 1501 1583 I EntropyMixer: Writing entropy...
03-03 17:53:15.315 1501 1598 I UsageStatsService: User[0] Flushing usage stats to disk
03-03 17:53:24.795 1501 1609 I ActivityManager: Process PhantomProcessRecord {4ec77b4 4693:2190:sleep/1000} died
03-03 17:53:25.112 1501 1609 I ActivityManager: Process PhantomProcessRecord {e5fffdd 4683:2190:sh/1000} died
03-03 17:53:26.261 1501 1598 I ProcessStatsService: Pruning old procstats: /data/system/procstats/state-2023-03-03-08-54-37.bin
03-03 17:54:20.509 1501 1501 I JobServiceContext: Client timed out while executing (no jobFinished received). Sending onStop: 85d9749 #u0a102/187 com.kuaishou.nebula/androidx.work.impl.background.systemjob.SystemJobService
03-03 17:54:23.626 1501 1501 I JobServiceContext: Client timed out while executing (no jobFinished received). Sending onStop: 66d2b5a #u0a115/183 com.smile.gifmaker/androidx.work.impl.background.systemjob.SystemJobService
03-03 17:54:35.969 1501 1600 W ActivityManager: Stopping service due to app idle: u0a115 -15h1m13s134ms com.smile.gifmaker/com.kwai.chat.kwailink.service.NewKwaiLinkService
03-03 18:04:20.531 1501 1501 I JobServiceContext: Letting c284d95 #u0a102/188 com.kuaishou.nebula/androidx.work.impl.background.systemjob.SystemJobService continue to run past min execution time
03-03 18:04:23.641 1501 1501 I JobServiceContext: Letting acbfb76 #u0a115/184 com.smile.gifmaker/androidx.work.impl.background.systemjob.SystemJobService continue to run past min execution time
03-03 18:04:35.977 1501 1600 W ActivityManager: Stopping service due to app idle: u0a115 -15h11m13s142ms com.smile.gifmaker/com.kwai.chat.kwailink.service.NewKwaiLinkService
03-03 18:07:22.548 1501 1907 I GameModeConfig: isGameModeOn = false
03-03 18:07:22.548 1501 1907 I GameModeConfig: isGameModeOn = false
03-03 18:07:22.548 1501 1907 I GameModeConfig: isGameModeOn = false
03-03 18:07:22.548 1501 1907 I GameModeConfig: isGameModeOn = false
03-03 18:07:22.549 1501 1907 I GameModeConfig: isGameModeOn = false
03-03 18:07:22.549 1501 1907 I GameModeConfig: isGameModeOn = false
03-03 18:07:22.549 1501 1907 I GameModeConfig: isGameModeOn = false
03-03 18:07:22.549 1501 1907 I GameModeConfig: isGameModeOn = false
03-03 18:07:22.550 1501 1907 I GameModeConfig: isGameModeOn = false
03-03 18:07:22.757 1501 1501 I GameModeConfig: isGameModeOn = false
03-03 18:07:22.764 1501 1501 W NotificationHistory: Attempted to add notif for locked/gone/disabled user 0
03-03 18:07:22.765 1501 1907 I GameModeConfig: isGameModeOn = false
03-03 18:07:22.766 1501 1907 I GameModeConfig: isGameModeOn = false
03-03 18:07:22.766 1501 1907 I GameModeConfig: isGameModeOn = false
03-03 18:07:22.766 1501 1907 I GameModeConfig: isGameModeOn = false
03-03 18:07:22.766 1501 1907 I GameModeConfig: isGameModeOn = false
03-03 18:07:22.766 1501 1907 I GameModeConfig: isGameModeOn = false
03-03 18:07:22.770 1501 1907 I GameModeConfig: isGameModeOn = false
03-03 18:07:22.770 1501 1907 I GameModeConfig: isGameModeOn = false
03-03 18:07:22.770 1501 1907 I GameModeConfig: isGameModeOn = false
03-03 18:07:22.770 1501 1907 I GameModeConfig: isGameModeOn = false
03-03 18:07:32.803 1501 1907 I GameModeConfig: isGameModeOn = false
03-03 18:07:32.807 1501 1907 I GameModeConfig: isGameModeOn = false
03-03 18:13:15.381 1501 1598 I UsageStatsService: User[0] Flushing usage stats to disk
03-03 18:14:35.954 1501 1600 W ActivityManager: Stopping service due to app idle: u0a115 -15h21m13s119ms com.smile.gifmaker/com.kwai.chat.kwailink.service.NewKwaiLinkService
03-03 18:23:03.545 1501 1621 W BatteryExternalStatsWorker: error reading modem stats:ERROR_PHONE_NOT_AVAILABLE
03-03 18:23:03.569 1501 1621 E KernelCpuSpeedReader: Failed to read cpu-freq: /sys/devices/system/cpu/cpu4/cpufreq/stats/time_in_state: open failed: ENOENT (No such file or directory)
03-03 18:23:03.569 1501 1621 E KernelCpuSpeedReader: Failed to read cpu-freq: /sys/devices/system/cpu/cpu0/cpufreq/stats/time_in_state: open failed: ENOENT (No such file or directory)
03-03 18:23:35.974 1501 1733 D ActivityManager: freezing 4167 com.qti.diagservices
03-03 18:23:35.975 1501 1733 E ActivityManager: Unable to freeze binder for 4167 com.qti.diagservices
03-03 18:23:35.976 1501 1733 D ActivityManager: froze 4167 com.qti.diagservices
03-03 18:23:35.977 1501 1733 E ActivityManager: Unable to freeze binder for 4167 com.qti.diagservices
03-03 18:23:35.979 1501 1733 I ActivityManager: Killing 4167:com.qti.diagservices/1000 (adj 925): Unable to freeze binder interface
03-03 18:23:36.010 1501 2984 W ActivityManager: Scheduling restart of crashed service com.qti.diagservices/.QTIDiagServices in 1000ms for start-requested
03-03 18:23:37.014 1501 1600 D CompatibilityChangeReporter: Compat change id reported: 135634846; UID 1000; state: DISABLED
03-03 18:23:37.014 1501 1600 D CompatibilityChangeReporter: Compat change id reported: 177438394; UID 1000; state: DISABLED
03-03 18:23:37.014 1501 1600 D CompatibilityChangeReporter: Compat change id reported: 135772972; UID 1000; state: DISABLED
03-03 18:23:37.015 1501 1600 D CompatibilityChangeReporter: Compat change id reported: 135754954; UID 1000; state: ENABLED
03-03 18:23:37.038 1501 1601 I ActivityManager: Start proc 5945:com.qti.diagservices/1000 for service {com.qti.diagservices/com.qti.diagservices.QTIDiagServices}
03-03 18:24:20.532 1501 1501 I JobServiceContext: Client timed out while executing (no jobFinished received). Sending onStop: c284d95 #u0a102/188 com.kuaishou.nebula/androidx.work.impl.background.systemjob.SystemJobService
03-03 18:24:23.640 1501 1501 I JobServiceContext: Client timed out while executing (no jobFinished received). Sending onStop: acbfb76 #u0a115/184 com.smile.gifmaker/androidx.work.impl.background.systemjob.SystemJobService
03-03 18:24:36.007 1501 1600 W ActivityManager: Stopping service due to app idle: u0a115 -15h31m13s172ms com.smile.gifmaker/com.kwai.chat.kwailink.service.NewKwaiLinkService
03-03 18:33:15.458 1501 1598 I UsageStatsService: User[0] Flushing usage stats to disk
03-03 18:34:20.557 1501 1501 I JobServiceContext: Letting a48fd33 #u0a102/190 com.kuaishou.nebula/androidx.work.impl.background.systemjob.SystemJobService continue to run past min execution time
03-03 18:34:23.659 1501 1501 I JobServiceContext: Letting 658441c #u0a115/186 com.smile.gifmaker/androidx.work.impl.background.systemjob.SystemJobService continue to run past min execution time
03-03 18:34:35.986 1501 1600 W ActivityManager: Stopping service due to app idle: u0a115 -15h41m13s151ms com.smile.gifmaker/com.kwai.chat.kwailink.service.NewKwaiLinkService
03-03 18:44:36.034 1501 1600 W ActivityManager: Stopping service due to app idle: u0a115 -15h51m13s199ms com.smile.gifmaker/com.kwai.chat.kwailink.service.NewKwaiLinkService --------- beginning of kernel
01-01 23:52:29.370 0 0 E DTC_ETH,link_delay_work_func: 3003, SQI=0, link=0
01-01 23:52:34.490 0 0 E DTC_ETH,link_delay_work_func: 3003, SQI=0, link=0
01-01 23:52:39.610 0 0 E DTC_ETH,link_delay_work_func: 3003, SQI=0, link=0
01-01 23:52:44.730 0 0 E DTC_ETH,link_delay_work_func: 3003, SQI=0, link=0
01-01 23:52:49.850 0 0 E DTC_ETH,link_delay_work_func: 3003, SQI=0, link=0
01-01 23:52:54.970 0 0 E DTC_ETH,link_delay_work_func: 3003, SQI=0, link=0
01-01 23:53:00.092 0 0 E DTC_ETH,link_delay_work_func: 3003, SQI=0, link=0
01-01 23:53:05.210 0 0 E DTC_ETH,link_delay_work_func: 3003, SQI=0, link=0
01-01 23:53:10.330 0 0 E DTC_ETH,link_delay_work_func: 3003, SQI=0, link=0
01-01 23:53:15.450 0 0 E DTC_ETH,link_delay_work_func: 3003, SQI=0, link=0
01-01 23:53:20.570 0 0 E DTC_ETH,link_delay_work_func: 3003, SQI=0, link=0
01-01 23:53:25.690 0 0 E DTC_ETH,link_delay_work_func: 3003, SQI=0, link=0
01-01 23:53:30.810 0 0 E DTC_ETH,link_delay_work_func: 3003, SQI=0, link=0
01-01 23:53:35.930 0 0 E DTC_ETH,link_delay_work_func: 3003, SQI=0, link=0
01-01 23:53:41.050 0 0 E DTC_ETH,link_delay_work_func: 3003, SQI=0, link=0
01-01 23:53:46.170 0 0 E DTC_ETH,link_delay_work_func: 3003, SQI=0, link=0
01-01 23:53:51.290 0 0 E DTC_ETH,link_delay_work_func: 3003, SQI=0, link=0
01-01 23:53:56.410 0 0 E DTC_ETH,link_delay_work_func: 3003, SQI=0, link=0
01-01 23:54:01.530 0 0 E DTC_ETH,link_delay_work_func: 3003, SQI=0, link=0
01-01 23:54:06.650 0 0 E DTC_ETH,link_delay_work_func: 3003, SQI=0, link=0
01-01 23:54:11.771 0 0 E DTC_ETH,link_delay_work_func: 3003, SQI=0, link=0
01-01 23:54:16.890 0 0 E DTC_ETH,link_delay_work_func: 3003, SQI=0, link=0
01-01 23:54:22.010 0 0 E DTC_ETH,link_delay_work_func: 3003, SQI=0, link=0
01-01 23:54:27.130 0 0 E DTC_ETH,link_delay_work_func: 3003, SQI=0, link=0
01-01 23:54:32.250 0 0 E DTC_ETH,link_delay_work_func: 3003, SQI=0, link=0
01-01 23:54:37.370 0 0 E DTC_ETH,link_delay_work_func: 3003, SQI=0, link=0
01-01 23:54:42.490 0 0 E DTC_ETH,link_delay_work_func: 3003, SQI=0, link=0
01-01 23:54:47.610 0 0 E DTC_ETH,link_delay_work_func: 3003, SQI=0, link=0
01-01 23:54:52.730 0 0 E DTC_ETH,link_delay_work_func: 3003, SQI=0, link=0
01-01 23:54:57.850 0 0 E DTC_ETH,link_delay_work_func: 3003, SQI=0, link=0
01-01 23:55:02.970 0 0 E DTC_ETH,link_delay_work_func: 3003, SQI=0, link=0
01-01 23:55:08.090 0 0 E DTC_ETH,link_delay_work_func: 3003, SQI=0, link=0
01-01 23:55:13.210 0 0 E DTC_ETH,link_delay_work_func: 3003, SQI=0, link=0
01-01 23:55:18.330 0 0 E DTC_ETH,link_delay_work_func: 3003, SQI=0, link=0
01-01 23:55:23.450 0 0 E DTC_ETH,link_delay_work_func: 3003, SQI=0, link=0
01-01 23:55:28.570 0 0 E DTC_ETH,link_delay_work_func: 3003, SQI=0, link=0
01-01 23:55:33.690 0 0 E DTC_ETH,link_delay_work_func: 3003, SQI=0, link=0
01-01 23:55:38.810 0 0 E DTC_ETH,link_delay_work_func: 3003, SQI=0, link=0
01-01 23:55:43.931 0 0 E DTC_ETH,link_delay_work_func: 3003, SQI=0, link=0
01-01 23:55:49.050 0 0 E DTC_ETH,link_delay_work_func: 3003, SQI=0, link=0
01-01 23:55:54.170 0 0 E DTC_ETH,link_delay_work_func: 3003, SQI=0, link=0
01-01 23:55:54.813 0 0 I [dp_rx_][0x100656049c5][18:48:55.437794] wlan: [3350:I:QDF] DHCP-R RX: SA:0e:79:35:c2:75:95 DA:ff:ff:ff:ff:ff:ff
01-01 23:55:59.290 0 0 E DTC_ETH,link_delay_work_func: 3003, SQI=0, link=0
01-01 23:56:04.410 0 0 E DTC_ETH,link_delay_work_func: 3003, SQI=0, link=0
01-01 23:56:09.530 0 0 E DTC_ETH,link_delay_work_func: 3003, SQI=0, link=0
01-01 23:56:14.650 0 0 E DTC_ETH,link_delay_work_func: 3003, SQI=0, link=0
01-01 23:56:19.770 0 0 E DTC_ETH,link_delay_work_func: 3003, SQI=0, link=0
01-01 23:56:24.890 0 0 E DTC_ETH,link_delay_work_func: 3003, SQI=0, link=0
01-01 23:56:30.010 0 0 E DTC_ETH,link_delay_work_func: 3003, SQI=0, link=0
01-01 23:56:35.130 0 0 E DTC_ETH,link_delay_work_func: 3003, SQI=0, link=0
01-01 23:56:40.250 0 0 E DTC_ETH,link_delay_work_func: 3003, SQI=0, link=0
01-01 23:56:45.370 0 0 E DTC_ETH,link_delay_work_func: 3003, SQI=0, link=0
01-01 23:56:50.490 0 0 E DTC_ETH,link_delay_work_func: 3003, SQI=0, link=0
01-01 23:56:55.610 0 0 E DTC_ETH,link_delay_work_func: 3003, SQI=0, link=0
01-01 23:57:00.730 0 0 E DTC_ETH,link_delay_work_func: 3003, SQI=0, link=0
01-01 23:57:05.850 0 0 E DTC_ETH,link_delay_work_func: 3003, SQI=0, link=0
01-01 23:57:10.970 0 0 E DTC_ETH,link_delay_work_func: 3003, SQI=0, link=0
01-01 23:57:16.090 0 0 E DTC_ETH,link_delay_work_func: 3003, SQI=0, link=0
01-01 23:57:21.210 0 0 E DTC_ETH,link_delay_work_func: 3003, SQI=0, link=0
01-01 23:57:26.330 0 0 E DTC_ETH,link_delay_work_func: 3003, SQI=0, link=0
01-01 23:57:31.450 0 0 E DTC_ETH,link_delay_work_func: 3003, SQI=0, link=0
01-01 23:57:36.570 0 0 E DTC_ETH,link_delay_work_func: 3003, SQI=0, link=0
01-01 23:57:41.690 0 0 E DTC_ETH,link_delay_work_func: 3003, SQI=0, link=0
01-01 23:57:46.810 0 0 E DTC_ETH,link_delay_work_func: 3003, SQI=0, link=0
01-01 23:57:51.930 0 0 E DTC_ETH,link_delay_work_func: 3003, SQI=0, link=0
01-01 23:57:57.055 0 0 E DTC_ETH,link_delay_work_func: 3003, SQI=0, link=0
01-01 23:58:02.170 0 0 E DTC_ETH,link_delay_work_func: 3003, SQI=0, link=0
01-01 23:58:07.290 0 0 E DTC_ETH,link_delay_work_func: 3003, SQI=0, link=0
01-01 23:58:12.410 0 0 E DTC_ETH,link_delay_work_func: 3003, SQI=0, link=0
01-01 23:58:17.530 0 0 E DTC_ETH,link_delay_work_func: 3003, SQI=0, link=0
01-01 23:58:22.650 0 0 E DTC_ETH,link_delay_work_func: 3003, SQI=0, link=0
01-01 23:58:27.771 0 0 E DTC_ETH,link_delay_work_func: 3003, SQI=0, link=0
01-01 23:58:32.890 0 0 E DTC_ETH,link_delay_work_func: 3003, SQI=0, link=0
01-01 23:58:38.010 0 0 E DTC_ETH,link_delay_work_func: 3003, SQI=0, link=0
01-01 23:58:43.130 0 0 E DTC_ETH,link_delay_work_func: 3003, SQI=0, link=0
01-01 23:58:48.250 0 0 E DTC_ETH,link_delay_work_func: 3003, SQI=0, link=0
01-01 23:58:53.370 0 0 E DTC_ETH,link_delay_work_func: 3003, SQI=0, link=0
01-01 23:58:58.490 0 0 E DTC_ETH,link_delay_work_func: 3003, SQI=0, link=0
01-01 23:59:03.610 0 0 E DTC_ETH,link_delay_work_func: 3003, SQI=0, link=0
01-01 23:59:08.730 0 0 E DTC_ETH,link_delay_work_func: 3003, SQI=0, link=0
01-01 23:59:13.850 0 0 E DTC_ETH,link_delay_work_func: 3003, SQI=0, link=0
01-01 23:59:18.970 0 0 E DTC_ETH,link_delay_work_func: 3003, SQI=0, link=0
01-01 23:59:24.090 0 0 E DTC_ETH,link_delay_work_func: 3003, SQI=0, link=0
01-01 23:59:29.210 0 0 E DTC_ETH,link_delay_work_func: 3003, SQI=0, link=0
01-01 23:59:34.330 0 0 E DTC_ETH,link_delay_work_func: 3003, SQI=0, link=0
01-01 23:59:39.450 0 0 E DTC_ETH,link_delay_work_func: 3003, SQI=0, link=0
01-01 23:59:44.570 0 0 E DTC_ETH,link_delay_work_func: 3003, SQI=0, link=0
01-01 23:59:49.691 0 0 E DTC_ETH,link_delay_work_func: 3003, SQI=0, link=0
01-01 23:59:54.810 0 0 E DTC_ETH,link_delay_work_func: 3003, SQI=0, link=0
01-01 23:59:59.930 0 0 E DTC_ETH,link_delay_work_func: 3003, SQI=0, link=0
03-03 18:53:03.541 1501 1621 W BatteryExternalStatsWorker: error reading modem stats:ERROR_PHONE_NOT_AVAILABLE
03-03 18:53:03.569 1501 1621 E KernelCpuSpeedReader: Failed to read cpu-freq: /sys/devices/system/cpu/cpu4/cpufreq/stats/time_in_state: open failed: ENOENT (No such file or directory)
03-03 18:53:03.570 1501 1621 E KernelCpuSpeedReader: Failed to read cpu-freq: /sys/devices/system/cpu/cpu0/cpufreq/stats/time_in_state: open failed: ENOENT (No such file or directory)
01-02 00:00:02.954 0 0 W audit : audit_lost=3694 audit_rate_limit=5 audit_backlog_limit=64
01-02 00:00:02.954 0 0 E audit : rate limit exceeded
01-02 00:00:05.050 0 0 E DTC_ETH,link_delay_work_func: 3003, SQI=0, link=0
01-02 00:00:10.170 0 0 E DTC_ETH,link_delay_work_func: 3003, SQI=0, link=0
03-03 18:53:15.538 1501 1598 I UsageStatsService: User[0] Flushing usage stats to disk
01-02 00:00:15.290 0 0 E DTC_ETH,link_delay_work_func: 3003, SQI=0, link=0
01-02 00:00:20.410 0 0 E DTC_ETH,link_delay_work_func: 3003, SQI=0, link=0
01-02 00:00:23.134 0 0 I init : Untracked pid 6862 exited with status 0
01-02 00:00:25.530 0 0 E DTC_ETH,link_delay_work_func: 3003, SQI=0, link=0
01-02 00:00:28.873 0 0 I logd : logdr: UID=1000 GID=1000 PID=1501 n tail=0 logMask=4 pid=0 start=0ns deadline=0ns
01-02 00:00:30.650 0 0 E DTC_ETH,link_delay_work_func: 3003, SQI=0, link=0
01-02 00:00:35.770 0 0 E DTC_ETH,link_delay_work_func: 3003, SQI=0, link=0
01-02 00:00:40.890 0 0 E DTC_ETH,link_delay_work_func: 3003, SQI=0, link=0
01-02 00:00:46.010 0 0 E DTC_ETH,link_delay_work_func: 3003, SQI=0, link=0
01-02 00:00:51.130 0 0 E DTC_ETH,link_delay_work_func: 3003, SQI=0, link=0
01-02 00:00:56.250 0 0 E DTC_ETH,link_delay_work_func: 3003, SQI=0, link=0
01-02 00:01:01.370 0 0 E DTC_ETH,link_delay_work_func: 3003, SQI=0, link=0
01-02 00:01:04.175 0 0 I [dp_rx_][0x101c7698a80][18:54:04.799297] wlan: [3350:I:QDF] DHCP-D RX: SA:0e:79:35:c2:75:95 DA:ff:ff:ff:ff:ff:ff
01-02 00:01:05.404 0 0 I [dp_rx_][0x101c8d1bc21][18:54:06.028758] wlan: [3350:I:QDF] DHCP-R RX: SA:0e:79:35:c2:75:95 DA:ff:ff:ff:ff:ff:ff
01-02 00:01:06.490 0 0 E DTC_ETH,link_delay_work_func: 3003, SQI=0, link=0
01-02 00:01:11.610 0 0 E DTC_ETH,link_delay_work_func: 3003, SQI=0, link=0
01-02 00:01:16.730 0 0 E DTC_ETH,link_delay_work_func: 3003, SQI=0, link=0
03-03 18:54:20.554 1501 1501 I JobServiceContext: Client timed out while executing (no jobFinished received). Sending onStop: a48fd33 #u0a102/190 com.kuaishou.nebula/androidx.work.impl.background.systemjob.SystemJobService
01-02 00:01:21.850 0 0 E DTC_ETH,link_delay_work_func: 3003, SQI=0, link=0
03-03 18:54:23.658 1501 1501 I JobServiceContext: Client timed out while executing (no jobFinished received). Sending onStop: 658441c #u0a115/186 com.smile.gifmaker/androidx.work.impl.background.systemjob.SystemJobService
01-02 00:01:26.970 0 0 E DTC_ETH,link_delay_work_func: 3003, SQI=0, link=0
01-02 00:01:32.090 0 0 E DTC_ETH,link_delay_work_func: 3003, SQI=0, link=0
03-03 18:54:36.018 1501 1600 W ActivityManager: Stopping service due to app idle: u0a115 -16h1m13s183ms com.smile.gifmaker/com.kwai.chat.kwailink.service.NewKwaiLinkService
01-02 00:01:35.419 0 0 D cnss : Host time = 57695419800 us, device time = 57670308450 us, offset = 25111350 us
01-02 00:01:35.419 0 0 D cnss : Updated time sync regs [0x984] = 0x17f2b36, [0x988] = 0x0
01-02 00:01:37.210 0 0 E DTC_ETH,link_delay_work_func: 3003, SQI=0, link=0
01-02 00:01:42.330 0 0 E DTC_ETH,link_delay_work_func: 3003, SQI=0, link=0
01-02 00:01:47.450 0 0 E DTC_ETH,link_delay_work_func: 3003, SQI=0, link=0
01-02 00:01:52.570 0 0 E DTC_ETH,link_delay_work_func: 3003, SQI=0, link=0
01-02 00:01:57.690 0 0 E DTC_ETH,link_delay_work_func: 3003, SQI=0, link=0
01-02 00:02:02.810 0 0 E DTC_ETH,link_delay_work_func: 3003, SQI=0, link=0
01-02 00:02:07.930 0 0 E DTC_ETH,link_delay_work_func: 3003, SQI=0, link=0
01-02 00:02:13.050 0 0 E DTC_ETH,link_delay_work_func: 3003, SQI=0, link=0
01-02 00:02:18.170 0 0 E DTC_ETH,link_delay_work_func: 3003, SQI=0, link=0
01-02 00:02:23.290 0 0 E DTC_ETH,link_delay_work_func: 3003, SQI=0, link=0
01-02 00:02:28.410 0 0 E DTC_ETH,link_delay_work_func: 3003, SQI=0, link=0
01-02 00:02:33.530 0 0 E DTC_ETH,link_delay_work_func: 3003, SQI=0, link=0
01-02 00:02:38.650 0 0 E DTC_ETH,link_delay_work_func: 3003, SQI=0, link=0
01-02 00:02:43.770 0 0 E DTC_ETH,link_delay_work_func: 3003, SQI=0, link=0
01-02 00:02:48.890 0 0 E DTC_ETH,link_delay_work_func: 3003, SQI=0, link=0
01-02 00:02:54.010 0 0 E DTC_ETH,link_delay_work_func: 3003, SQI=0, link=0
01-02 00:02:59.130 0 0 E DTC_ETH,link_delay_work_func: 3003, SQI=0, link=0
01-02 00:03:04.250 0 0 E DTC_ETH,link_delay_work_func: 3003, SQI=0, link=0
01-02 00:03:09.370 0 0 E DTC_ETH,link_delay_work_func: 3003, SQI=0, link=0
01-02 00:03:14.490 0 0 E DTC_ETH,link_delay_work_func: 3003, SQI=0, link=0
01-02 00:03:19.610 0 0 E DTC_ETH,link_delay_work_func: 3003, SQI=0, link=0
01-02 00:03:24.730 0 0 E DTC_ETH,link_delay_work_func: 3003, SQI=0, link=0
01-02 00:03:29.851 0 0 E DTC_ETH,link_delay_work_func: 3003, SQI=0, link=0
01-02 00:03:34.970 0 0 E DTC_ETH,link_delay_work_func: 3003, SQI=0, link=0
01-02 00:03:40.090 0 0 E DTC_ETH,link_delay_work_func: 3003, SQI=0, link=0
01-02 00:03:45.210 0 0 E DTC_ETH,link_delay_work_func: 3003, SQI=0, link=0
01-02 00:03:50.330 0 0 E DTC_ETH,link_delay_work_func: 3003, SQI=0, link=0
01-02 00:03:55.450 0 0 E DTC_ETH,link_delay_work_func: 3003, SQI=0, link=0
01-02 00:04:00.571 0 0 E DTC_ETH,link_delay_work_func: 3003, SQI=0, link=0
01-02 00:04:05.690 0 0 E DTC_ETH,link_delay_work_func: 3003, SQI=0, link=0
01-02 00:04:10.810 0 0 E DTC_ETH,link_delay_work_func: 3003, SQI=0, link=0
01-02 00:04:15.930 0 0 E DTC_ETH,link_delay_work_func: 3003, SQI=0, link=0
01-02 00:04:21.050 0 0 E DTC_ETH,link_delay_work_func: 3003, SQI=0, link=0
01-02 00:04:26.170 0 0 E DTC_ETH,link_delay_work_func: 3003, SQI=0, link=0
01-02 00:04:31.290 0 0 E DTC_ETH,link_delay_work_func: 3003, SQI=0, link=0
01-02 00:04:36.410 0 0 E DTC_ETH,link_delay_work_func: 3003, SQI=0, link=0
01-02 00:04:41.530 0 0 E DTC_ETH,link_delay_work_func: 3003, SQI=0, link=0
01-02 00:04:46.650 0 0 E DTC_ETH,link_delay_work_func: 3003, SQI=0, link=0
01-02 00:04:51.771 0 0 E DTC_ETH,link_delay_work_func: 3003, SQI=0, link=0
01-02 00:04:56.891 0 0 E DTC_ETH,link_delay_work_func: 3003, SQI=0, link=0
01-02 00:05:02.010 0 0 E DTC_ETH,link_delay_work_func: 3003, SQI=0, link=0
01-02 00:05:07.130 0 0 E DTC_ETH,link_delay_work_func: 3003, SQI=0, link=0
01-02 00:05:12.250 0 0 E DTC_ETH,link_delay_work_func: 3003, SQI=0, link=0
01-02 00:05:17.370 0 0 E DTC_ETH,link_delay_work_func: 3003, SQI=0, link=0
01-02 00:05:22.490 0 0 E DTC_ETH,link_delay_work_func: 3003, SQI=0, link=0
01-02 00:05:27.610 0 0 E DTC_ETH,link_delay_work_func: 3003, SQI=0, link=0
01-02 00:05:32.730 0 0 E DTC_ETH,link_delay_work_func: 3003, SQI=0, link=0
01-02 00:05:37.850 0 0 E DTC_ETH,link_delay_work_func: 3003, SQI=0, link=0
01-02 00:05:42.970 0 0 E DTC_ETH,link_delay_work_func: 3003, SQI=0, link=0
01-02 00:05:48.090 0 0 E DTC_ETH,link_delay_work_func: 3003, SQI=0, link=0
01-02 00:05:53.210 0 0 E DTC_ETH,link_delay_work_func: 3003, SQI=0, link=0
01-02 00:05:58.330 0 0 E DTC_ETH,link_delay_work_func: 3003, SQI=0, link=0
01-02 00:06:03.450 0 0 E DTC_ETH,link_delay_work_func: 3003, SQI=0, link=0
01-02 00:06:08.570 0 0 E DTC_ETH,link_delay_work_func: 3003, SQI=0, link=0
01-02 00:06:13.691 0 0 E DTC_ETH,link_delay_work_func: 3003, SQI=0, link=0
01-02 00:06:18.810 0 0 E DTC_ETH,link_delay_work_func: 3003, SQI=0, link=0
01-02 00:06:23.470 0 0 I [dp_rx_][0x10334d11b38][18:59:24.094666] wlan: [3350:I:QDF] DHCP-D RX: SA:0e:79:35:c2:75:95 DA:ff:ff:ff:ff:ff:ff
01-02 00:06:23.573 0 0 I [dp_rx_][0x10334ef2b52][18:59:24.197281] wlan: [3350:I:QDF] DHCP-R RX: SA:0e:79:35:c2:75:95 DA:ff:ff:ff:ff:ff:ff
01-02 00:06:23.930 0 0 E DTC_ETH,link_delay_work_func: 3003, SQI=0, link=0
01-02 00:06:24.598 0 0 I [dp_rx_][0x103361b9735][18:59:25.222719] wlan: [3350:I:QDF] DHCP-R RX: SA:0e:79:35:c2:75:95 DA:ff:ff:ff:ff:ff:ff
01-02 00:06:29.050 0 0 E DTC_ETH,link_delay_work_func: 3003, SQI=0, link=0
01-02 00:06:34.170 0 0 E DTC_ETH,link_delay_work_func: 3003, SQI=0, link=0
01-02 00:06:39.290 0 0 E DTC_ETH,link_delay_work_func: 3003, SQI=0, link=0
01-02 00:06:44.410 0 0 E DTC_ETH,link_delay_work_func: 3003, SQI=0, link=0
01-02 00:06:49.530 0 0 E DTC_ETH,link_delay_work_func: 3003, SQI=0, link=0
01-02 00:06:54.650 0 0 E DTC_ETH,link_delay_work_func: 3003, SQI=0, link=0
01-02 00:06:59.770 0 0 E DTC_ETH,link_delay_work_func: 3003, SQI=0, link=0
01-02 00:07:04.890 0 0 E DTC_ETH,link_delay_work_func: 3003, SQI=0, link=0
01-02 00:07:10.010 0 0 E DTC_ETH,link_delay_work_func: 3003, SQI=0, link=0
01-02 00:07:15.130 0 0 E DTC_ETH,link_delay_work_func: 3003, SQI=0, link=0
01-02 00:07:20.250 0 0 E DTC_ETH,link_delay_work_func: 3003, SQI=0, link=0
01-02 00:07:25.370 0 0 E DTC_ETH,link_delay_work_func: 3003, SQI=0, link=0
01-02 00:07:30.490 0 0 E DTC_ETH,link_delay_work_func: 3003, SQI=0, link=0
01-02 00:07:35.612 0 0 E DTC_ETH,link_delay_work_func: 3003, SQI=0, link=0
01-02 00:07:40.730 0 0 E DTC_ETH,link_delay_work_func: 3003, SQI=0, link=0
01-02 00:07:45.850 0 0 E DTC_ETH,link_delay_work_func: 3003, SQI=0, link=0
01-02 00:07:50.970 0 0 E DTC_ETH,link_delay_work_func: 3003, SQI=0, link=0
01-02 00:07:56.090 0 0 E DTC_ETH,link_delay_work_func: 3003, SQI=0, link=0
01-02 00:08:01.214 0 0 E DTC_ETH,link_delay_work_func: 3003, SQI=0, link=0
01-02 00:08:06.330 0 0 E DTC_ETH,link_delay_work_func: 3003, SQI=0, link=0
01-02 00:08:11.450 0 0 E DTC_ETH,link_delay_work_func: 3003, SQI=0, link=0
01-02 00:08:16.570 0 0 E DTC_ETH,link_delay_work_func: 3003, SQI=0, link=0
01-02 00:08:21.690 0 0 E DTC_ETH,link_delay_work_func: 3003, SQI=0, link=0
01-02 00:08:22.171 0 0 W audit : audit_lost=3739 audit_rate_limit=5 audit_backlog_limit=64
01-02 00:08:22.171 0 0 E audit : rate limit exceeded
03-03 19:01:23.350 666 7125 W SocketClient: write error (Broken pipe)
03-03 19:01:25.769 666 7168 W SocketClient: write error (Broken pipe)
01-02 00:08:25.228 0 0 W audit : audit_lost=3852 audit_rate_limit=5 audit_backlog_limit=64
01-02 00:08:25.228 0 0 E audit : rate limit exceeded
01-02 00:08:26.810 0 0 E DTC_ETH,link_delay_work_func: 3003, SQI=0, link=0
01-02 00:08:31.930 0 0 E DTC_ETH,link_delay_work_func: 3003, SQI=0, link=0
01-02 00:08:37.050 0 0 E DTC_ETH,link_delay_work_func: 3003, SQI=0, link=0
01-02 00:08:42.170 0 0 E DTC_ETH,link_delay_work_func: 3003, SQI=0, link=0
01-02 00:08:47.290 0 0 E DTC_ETH,link_delay_work_func: 3003, SQI=0, link=0
01-02 00:08:52.410 0 0 E DTC_ETH,link_delay_work_func: 3003, SQI=0, link=0
01-02 00:08:57.534 0 0 E DTC_ETH,link_delay_work_func: 3003, SQI=0, link=0
01-02 00:09:02.650 0 0 E DTC_ETH,link_delay_work_func: 3003, SQI=0, link=0
01-02 00:09:07.770 0 0 E DTC_ETH,link_delay_work_func: 3003, SQI=0, link=0
01-02 00:09:12.890 0 0 E DTC_ETH,link_delay_work_func: 3003, SQI=0, link=0
01-02 00:09:18.010 0 0 E DTC_ETH,link_delay_work_func: 3003, SQI=0, link=0
01-02 00:09:23.130 0 0 E DTC_ETH,link_delay_work_func: 3003, SQI=0, link=0
01-02 00:09:28.250 0 0 E DTC_ETH,link_delay_work_func: 3003, SQI=0, link=0
01-02 00:09:33.370 0 0 E DTC_ETH,link_delay_work_func: 3003, SQI=0, link=0
01-02 00:09:38.490 0 0 E DTC_ETH,link_delay_work_func: 3003, SQI=0, link=0
01-02 00:09:43.610 0 0 E DTC_ETH,link_delay_work_func: 3003, SQI=0, link=0
01-02 00:09:48.730 0 0 E DTC_ETH,link_delay_work_func: 3003, SQI=0, link=0
01-02 00:09:53.850 0 0 E DTC_ETH,link_delay_work_func: 3003, SQI=0, link=0
01-02 00:09:58.974 0 0 E DTC_ETH,link_delay_work_func: 3003, SQI=0, link=0
01-02 00:10:04.090 0 0 E DTC_ETH,link_delay_work_func: 3003, SQI=0, link=0
01-02 00:10:09.211 0 0 E DTC_ETH,link_delay_work_func: 3003, SQI=0, link=0
01-02 00:10:14.330 0 0 E DTC_ETH,link_delay_work_func: 3003, SQI=0, link=0
01-02 00:10:19.450 0 0 E DTC_ETH,link_delay_work_func: 3003, SQI=0, link=0
01-02 00:10:24.570 0 0 E DTC_ETH,link_delay_work_func: 3003, SQI=0, link=0
01-02 00:10:29.690 0 0 E DTC_ETH,link_delay_work_func: 3003, SQI=0, link=0
01-02 00:10:34.810 0 0 E DTC_ETH,link_delay_work_func: 3003, SQI=0, link=0
01-02 00:10:39.930 0 0 E DTC_ETH,link_delay_work_func: 3003, SQI=0, link=0
01-02 00:10:45.050 0 0 E DTC_ETH,link_delay_work_func: 3003, SQI=0, link=0
01-02 00:10:50.170 0 0 E DTC_ETH,link_delay_work_func: 3003, SQI=0, link=0
01-02 00:10:55.290 0 0 E DTC_ETH,link_delay_work_func: 3003, SQI=0, link=0
01-02 00:11:00.410 0 0 E DTC_ETH,link_delay_work_func: 3003, SQI=0, link=0
01-02 00:11:05.530 0 0 E DTC_ETH,link_delay_work_func: 3003, SQI=0, link=0
01-02 00:11:10.650 0 0 E DTC_ETH,link_delay_work_func: 3003, SQI=0, link=0
01-02 00:11:15.770 0 0 E DTC_ETH,link_delay_work_func: 3003, SQI=0, link=0
03-03 19:04:20.568 1501 1501 I JobServiceContext: Letting 7fae2c0 #u0a102/192 com.kuaishou.nebula/androidx.work.impl.background.systemjob.SystemJobService continue to run past min execution time
01-02 00:11:20.890 0 0 E DTC_ETH,link_delay_work_func: 3003, SQI=0, link=0
03-03 19:04:23.678 1501 1501 I JobServiceContext: Letting 7762b84 #u0a115/188 com.smile.gifmaker/androidx.work.impl.background.systemjob.SystemJobService continue to run past min execution time
01-02 00:11:26.010 0 0 E DTC_ETH,link_delay_work_func: 3003, SQI=0, link=0
01-02 00:11:31.131 0 0 E DTC_ETH,link_delay_work_func: 3003, SQI=0, link=0
03-03 19:04:36.026 1501 1600 W ActivityManager: Stopping service due to app idle: u0a115 -16h11m13s191ms com.smile.gifmaker/com.kwai.chat.kwailink.service.NewKwaiLinkService
01-02 00:11:36.250 0 0 E DTC_ETH,link_delay_work_func: 3003, SQI=0, link=0
01-02 00:11:41.370 0 0 E DTC_ETH,link_delay_work_func: 3003, SQI=0, link=0
01-02 00:11:42.870 0 0 I [dp_rx_][0x104a257260b][19:04:43.494064] wlan: [3350:I:QDF] DHCP-R RX: SA:0e:79:35:c2:75:95 DA:ff:ff:ff:ff:ff:ff
01-02 00:11:46.490 0 0 E DTC_ETH,link_delay_work_func: 3003, SQI=0, link=0
01-02 00:11:50.857 0 0 I [dp_rx_][0x104ab7b24e0][19:04:51.481248] wlan: [3350:I:QDF] DHCP-R RX: SA:0e:79:35:c2:75:95 DA:ff:ff:ff:ff:ff:ff
01-02 00:11:51.610 0 0 E DTC_ETH,link_delay_work_func: 3003, SQI=0, link=0
01-02 00:11:56.730 0 0 E DTC_ETH,link_delay_work_func: 3003, SQI=0, link=0
01-02 00:12:01.853 0 0 E DTC_ETH,link_delay_work_func: 3003, SQI=0, link=0
01-02 00:12:06.970 0 0 E DTC_ETH,link_delay_work_func: 3003, SQI=0, link=0
01-02 00:12:12.090 0 0 E DTC_ETH,link_delay_work_func: 3003, SQI=0, link=0
01-02 00:12:17.210 0 0 E DTC_ETH,link_delay_work_func: 3003, SQI=0, link=0
01-02 00:12:22.330 0 0 E DTC_ETH,link_delay_work_func: 3003, SQI=0, link=0
01-02 00:12:27.450 0 0 E DTC_ETH,link_delay_work_func: 3003, SQI=0, link=0
01-02 00:12:32.570 0 0 E DTC_ETH,link_delay_work_func: 3003, SQI=0, link=0
01-02 00:12:37.690 0 0 E DTC_ETH,link_delay_work_func: 3003, SQI=0, link=0
01-02 00:12:42.810 0 0 E DTC_ETH,link_delay_work_func: 3003, SQI=0, link=0
01-02 00:12:47.930 0 0 E DTC_ETH,link_delay_work_func: 3003, SQI=0, link=0
01-02 00:12:53.050 0 0 E DTC_ETH,link_delay_work_func: 3003, SQI=0, link=0
01-02 00:12:58.170 0 0 E DTC_ETH,link_delay_work_func: 3003, SQI=0, link=0
01-02 00:13:03.290 0 0 E DTC_ETH,link_delay_work_func: 3003, SQI=0, link=0
01-02 00:13:08.410 0 0 E DTC_ETH,link_delay_work_func: 3003, SQI=0, link=0
01-02 00:13:13.530 0 0 E DTC_ETH,link_delay_work_func: 3003, SQI=0, link=0
01-02 00:13:18.650 0 0 E DTC_ETH,link_delay_work_func: 3003, SQI=0, link=0
01-02 00:13:23.770 0 0 E DTC_ETH,link_delay_work_func: 3003, SQI=0, link=0
01-02 00:13:28.890 0 0 E DTC_ETH,link_delay_work_func: 3003, SQI=0, link=0
01-02 00:13:34.010 0 0 E DTC_ETH,link_delay_work_func: 3003, SQI=0, link=0
01-02 00:13:39.130 0 0 E DTC_ETH,link_delay_work_func: 3003, SQI=0, link=0
01-02 00:13:44.250 0 0 E DTC_ETH,link_delay_work_func: 3003, SQI=0, link=0
01-02 00:13:49.370 0 0 E DTC_ETH,link_delay_work_func: 3003, SQI=0, link=0
01-02 00:13:54.490 0 0 E DTC_ETH,link_delay_work_func: 3003, SQI=0, link=0
01-02 00:13:59.610 0 0 E DTC_ETH,link_delay_work_func: 3003, SQI=0, link=0
01-02 00:14:04.730 0 0 E DTC_ETH,link_delay_work_func: 3003, SQI=0, link=0
01-02 00:14:09.850 0 0 E DTC_ETH,link_delay_work_func: 3003, SQI=0, link=0
01-02 00:14:14.970 0 0 E DTC_ETH,link_delay_work_func: 3003, SQI=0, link=0
01-02 00:14:20.090 0 0 E DTC_ETH,link_delay_work_func: 3003, SQI=0, link=0
01-02 00:14:25.210 0 0 E DTC_ETH,link_delay_work_func: 3003, SQI=0, link=0
01-02 00:14:30.330 0 0 E DTC_ETH,link_delay_work_func: 3003, SQI=0, link=0
01-02 00:14:35.450 0 0 E DTC_ETH,link_delay_work_func: 3003, SQI=0, link=0
01-02 00:14:40.570 0 0 E DTC_ETH,link_delay_work_func: 3003, SQI=0, link=0
01-02 00:14:45.690 0 0 E DTC_ETH,link_delay_work_func: 3003, SQI=0, link=0
01-02 00:14:50.810 0 0 E DTC_ETH,link_delay_work_func: 3003, SQI=0, link=0
01-02 00:14:55.930 0 0 E DTC_ETH,link_delay_work_func: 3003, SQI=0, link=0
01-02 00:15:01.050 0 0 E DTC_ETH,link_delay_work_func: 3003, SQI=0, link=0
01-02 00:15:06.170 0 0 E DTC_ETH,link_delay_work_func: 3003, SQI=0, link=0
01-02 00:15:11.290 0 0 E DTC_ETH,link_delay_work_func: 3003, SQI=0, link=0
01-02 00:15:16.410 0 0 E DTC_ETH,link_delay_work_func: 3003, SQI=0, link=0
01-02 00:15:21.530 0 0 E DTC_ETH,link_delay_work_func: 3003, SQI=0, link=0
01-02 00:15:26.650 0 0 E DTC_ETH,link_delay_work_func: 3003, SQI=0, link=0
01-02 00:15:31.770 0 0 E DTC_ETH,link_delay_work_func: 3003, SQI=0, link=0
01-02 00:15:36.890 0 0 E DTC_ETH,link_delay_work_func: 3003, SQI=0, link=0
01-02 00:15:42.010 0 0 E DTC_ETH,link_delay_work_func: 3003, SQI=0, link=0
01-02 00:15:47.130 0 0 E DTC_ETH,link_delay_work_func: 3003, SQI=0, link=0
01-02 00:15:52.250 0 0 E DTC_ETH,link_delay_work_func: 3003, SQI=0, link=0
01-02 00:15:57.370 0 0 E DTC_ETH,link_delay_work_func: 3003, SQI=0, link=0
01-02 00:16:02.490 0 0 E DTC_ETH,link_delay_work_func: 3003, SQI=0, link=0
01-02 00:16:07.610 0 0 E DTC_ETH,link_delay_work_func: 3003, SQI=0, link=0
01-02 00:16:12.730 0 0 E DTC_ETH,link_delay_work_func: 3003, SQI=0, link=0
01-02 00:16:17.850 0 0 E DTC_ETH,link_delay_work_func: 3003, SQI=0, link=0
01-02 00:16:22.970 0 0 E DTC_ETH,link_delay_work_func: 3003, SQI=0, link=0
01-02 00:16:28.090 0 0 E DTC_ETH,link_delay_work_func: 3003, SQI=0, link=0
01-02 00:16:33.210 0 0 E DTC_ETH,link_delay_work_func: 3003, SQI=0, link=0
01-02 00:16:36.539 0 0 D cnss : Host time = 58596540080 us, device time = 58571262760 us, offset = 25277320 us
01-02 00:16:36.539 0 0 D cnss : Updated time sync regs [0x984] = 0x181b388, [0x988] = 0x0
01-02 00:16:38.330 0 0 E DTC_ETH,link_delay_work_func: 3003, SQI=0, link=0
01-02 00:16:43.450 0 0 E DTC_ETH,link_delay_work_func: 3003, SQI=0, link=0
01-02 00:16:48.570 0 0 E DTC_ETH,link_delay_work_func: 3003, SQI=0, link=0
01-02 00:16:53.690 0 0 E DTC_ETH,link_delay_work_func: 3003, SQI=0, link=0
01-02 00:16:58.810 0 0 E DTC_ETH,link_delay_work_func: 3003, SQI=0, link=0
01-02 00:17:01.550 0 0 I [dp_rx_][0x1060f0a9573][19:10:02.174589] wlan: [3350:I:QDF] DHCP-D RX: SA:0e:79:35:c2:75:95 DA:ff:ff:ff:ff:ff:ff
01-02 00:17:02.471 0 0 I [dp_rx_][0x10610183cab][19:10:03.095005] wlan: [3350:I:QDF] DHCP-D RX: SA:0e:79:35:c2:75:95 DA:ff:ff:ff:ff:ff:ff
01-02 00:17:02.572 0 0 I [dp_rx_][0x10610361e18][19:10:03.196998] wlan: [3350:I:QDF] DHCP-R RX: SA:0e:79:35:c2:75:95 DA:ff:ff:ff:ff:ff:ff
01-02 00:17:03.930 0 0 E DTC_ETH,link_delay_work_func: 3003, SQI=0, link=0
01-02 00:17:09.050 0 0 E DTC_ETH,link_delay_work_func: 3003, SQI=0, link=0
01-02 00:17:10.562 0 0 I [dp_rx_][0x106195ab8f6][19:10:11.186262] wlan: [3350:I:QDF] DHCP-R RX: SA:0e:79:35:c2:75:95 DA:ff:ff:ff:ff:ff:ff
01-02 00:17:14.170 0 0 E DTC_ETH,link_delay_work_func: 3003, SQI=0, link=0
01-02 00:17:19.290 0 0 E DTC_ETH,link_delay_work_func: 3003, SQI=0, link=0
01-02 00:17:24.410 0 0 E DTC_ETH,link_delay_work_func: 3003, SQI=0, link=0
01-02 00:17:29.530 0 0 E DTC_ETH,link_delay_work_func: 3003, SQI=0, link=0
01-02 00:17:34.650 0 0 E DTC_ETH,link_delay_work_func: 3003, SQI=0, link=0
01-02 00:17:39.770 0 0 E DTC_ETH,link_delay_work_func: 3003, SQI=0, link=0
01-02 00:17:44.890 0 0 E DTC_ETH,link_delay_work_func: 3003, SQI=0, link=0
01-02 00:17:50.010 0 0 E DTC_ETH,link_delay_work_func: 3003, SQI=0, link=0
01-02 00:17:55.130 0 0 E DTC_ETH,link_delay_work_func: 3003, SQI=0, link=0
01-02 00:18:00.250 0 0 E DTC_ETH,link_delay_work_func: 3003, SQI=0, link=0
01-02 00:18:05.370 0 0 E DTC_ETH,link_delay_work_func: 3003, SQI=0, link=0
01-02 00:18:10.490 0 0 E DTC_ETH,link_delay_work_func: 3003, SQI=0, link=0
01-02 00:18:15.610 0 0 E DTC_ETH,link_delay_work_func: 3003, SQI=0, link=0
01-02 00:18:20.730 0 0 E DTC_ETH,link_delay_work_func: 3003, SQI=0, link=0
01-02 00:18:25.850 0 0 E DTC_ETH,link_delay_work_func: 3003, SQI=0, link=0
01-02 00:18:30.970 0 0 E DTC_ETH,link_delay_work_func: 3003, SQI=0, link=0
01-02 00:18:36.090 0 0 E DTC_ETH,link_delay_work_func: 3003, SQI=0, link=0
01-02 00:18:41.210 0 0 E DTC_ETH,link_delay_work_func: 3003, SQI=0, link=0
01-02 00:18:46.330 0 0 E DTC_ETH,link_delay_work_func: 3003, SQI=0, link=0
01-02 00:18:51.450 0 0 E DTC_ETH,link_delay_work_func: 3003, SQI=0, link=0
01-02 00:18:56.570 0 0 E DTC_ETH,link_delay_work_func: 3003, SQI=0, link=0
01-02 00:19:01.690 0 0 E DTC_ETH,link_delay_work_func: 3003, SQI=0, link=0
01-02 00:19:06.810 0 0 E DTC_ETH,link_delay_work_func: 3003, SQI=0, link=0
01-02 00:19:11.930 0 0 E DTC_ETH,link_delay_work_func: 3003, SQI=0, link=0
01-02 00:19:17.050 0 0 E DTC_ETH,link_delay_work_func: 3003, SQI=0, link=0
01-02 00:19:22.170 0 0 E DTC_ETH,link_delay_work_func: 3003, SQI=0, link=0
01-02 00:19:27.290 0 0 E DTC_ETH,link_delay_work_func: 3003, SQI=0, link=0
01-02 00:19:32.410 0 0 E DTC_ETH,link_delay_work_func: 3003, SQI=0, link=0
01-02 00:19:37.530 0 0 E DTC_ETH,link_delay_work_func: 3003, SQI=0, link=0
01-02 00:19:42.650 0 0 E DTC_ETH,link_delay_work_func: 3003, SQI=0, link=0
01-02 00:19:47.770 0 0 E DTC_ETH,link_delay_work_func: 3003, SQI=0, link=0
01-02 00:19:52.890 0 0 E DTC_ETH,link_delay_work_func: 3003, SQI=0, link=0
01-02 00:19:58.010 0 0 E DTC_ETH,link_delay_work_func: 3003, SQI=0, link=0
01-02 00:20:02.369 0 0 I binder : 1501:1733 ioctl 400c620e 73196005d8 returned -22
03-03 19:13:02.993 1501 1733 D ActivityManager: freezing 5945 com.qti.diagservices
03-03 19:13:02.993 1501 1733 E ActivityManager: Unable to freeze binder for 5945 com.qti.diagservices
03-03 19:13:02.995 1501 1733 D ActivityManager: froze 5945 com.qti.diagservices
01-02 00:20:02.371 0 0 I binder : 1501:1733 ioctl c00c620f 73196005b8 returned -22
03-03 19:13:02.995 1501 1733 E ActivityManager: Unable to freeze binder for 5945 com.qti.diagservices
03-03 19:13:02.999 1501 1733 I ActivityManager: Killing 5945:com.qti.diagservices/1000 (adj 915): Unable to freeze binder interface
03-03 19:13:03.035 1501 17178 W ActivityManager: Scheduling restart of crashed service com.qti.diagservices/.QTIDiagServices in 1000ms for start-requested
01-02 00:20:03.131 0 0 E DTC_ETH,link_delay_work_func: 3003, SQI=0, link=0
03-03 19:13:04.039 1501 1600 D CompatibilityChangeReporter: Compat change id reported: 135634846; UID 1000; state: DISABLED
03-03 19:13:04.039 1501 1600 D CompatibilityChangeReporter: Compat change id reported: 177438394; UID 1000; state: DISABLED
03-03 19:13:04.040 1501 1600 D CompatibilityChangeReporter: Compat change id reported: 135772972; UID 1000; state: DISABLED
03-03 19:13:04.040 1501 1600 D CompatibilityChangeReporter: Compat change id reported: 135754954; UID 1000; state: ENABLED
03-03 19:13:04.064 1501 1601 I ActivityManager: Start proc 7543:com.qti.diagservices/1000 for service {com.qti.diagservices/com.qti.diagservices.QTIDiagServices}
01-02 00:20:03.476 0 0 I binder : 7543:7543 ioctl 40046210 7fe0d02fe4 returned -22
01-02 00:20:08.250 0 0 E DTC_ETH,link_delay_work_func: 3003, SQI=0, link=0
01-02 00:20:13.370 0 0 E DTC_ETH,link_delay_work_func: 3003, SQI=0, link=0
03-03 19:13:15.613 1501 1598 I UsageStatsService: User[0] Flushing usage stats to disk
01-02 00:20:18.490 0 0 E DTC_ETH,link_delay_work_func: 3003, SQI=0, link=0
01-02 00:20:23.610 0 0 E DTC_ETH,link_delay_work_func: 3003, SQI=0, link=0
01-02 00:20:28.730 0 0 E DTC_ETH,link_delay_work_func: 3003, SQI=0, link=0
01-02 00:20:33.850 0 0 E DTC_ETH,link_delay_work_func: 3003, SQI=0, link=0
01-02 00:20:38.970 0 0 E DTC_ETH,link_delay_work_func: 3003, SQI=0, link=0
01-02 00:20:44.090 0 0 E DTC_ETH,link_delay_work_func: 3003, SQI=0, link=0
01-02 00:20:49.211 0 0 E DTC_ETH,link_delay_work_func: 3003, SQI=0, link=0
01-02 00:20:54.330 0 0 E DTC_ETH,link_delay_work_func: 3003, SQI=0, link=0
01-02 00:20:59.450 0 0 E DTC_ETH,link_delay_work_func: 3003, SQI=0, link=0
01-02 00:21:04.570 0 0 E DTC_ETH,link_delay_work_func: 3003, SQI=0, link=0
01-02 00:21:09.690 0 0 E DTC_ETH,link_delay_work_func: 3003, SQI=0, link=0
01-02 00:21:14.810 0 0 E DTC_ETH,link_delay_work_func: 3003, SQI=0, link=0
01-02 00:21:19.930 0 0 E DTC_ETH,link_delay_work_func: 3003, SQI=0, link=0
01-02 00:21:25.050 0 0 E DTC_ETH,link_delay_work_func: 3003, SQI=0, link=0
01-02 00:21:30.170 0 0 E DTC_ETH,link_delay_work_func: 3003, SQI=0, link=0
01-02 00:21:35.290 0 0 E DTC_ETH,link_delay_work_func: 3003, SQI=0, link=0
03-03 19:14:36.057 1501 1600 W ActivityManager: Stopping service due to app idle: u0a115 -16h21m13s222ms com.smile.gifmaker/com.kwai.chat.kwailink.service.NewKwaiLinkService
01-02 00:21:40.410 0 0 E DTC_ETH,link_delay_work_func: 3003, SQI=0, link=0
01-02 00:21:45.530 0 0 E DTC_ETH,link_delay_work_func: 3003, SQI=0, link=0
01-02 00:21:50.650 0 0 E DTC_ETH,link_delay_work_func: 3003, SQI=0, link=0
01-02 00:21:55.770 0 0 E DTC_ETH,link_delay_work_func: 3003, SQI=0, link=0
01-02 00:22:00.890 0 0 E DTC_ETH,link_delay_work_func: 3003, SQI=0, link=0
01-02 00:22:06.010 0 0 E DTC_ETH,link_delay_work_func: 3003, SQI=0, link=0
01-02 00:22:11.130 0 0 E DTC_ETH,link_delay_work_func: 3003, SQI=0, link=0
01-02 00:22:16.250 0 0 E DTC_ETH,link_delay_work_func: 3003, SQI=0, link=0
01-02 00:22:20.024 0 0 I [dp_rx_][0x1077b8171de][19:15:20.648354] wlan: [3350:I:QDF] DHCP-D RX: SA:0e:79:35:c2:75:95 DA:ff:ff:ff:ff:ff:ff
01-02 00:22:21.371 0 0 E DTC_ETH,link_delay_work_func: 3003, SQI=0, link=0
01-02 00:22:26.490 0 0 E DTC_ETH,link_delay_work_func: 3003, SQI=0, link=0
01-02 00:22:31.610 0 0 E DTC_ETH,link_delay_work_func: 3003, SQI=0, link=0
01-02 00:22:36.730 0 0 E DTC_ETH,link_delay_work_func: 3003, SQI=0, link=0
01-02 00:22:41.850 0 0 E DTC_ETH,link_delay_work_func: 3003, SQI=0, link=0
01-02 00:22:46.970 0 0 E DTC_ETH,link_delay_work_func: 3003, SQI=0, link=0
01-02 00:22:52.090 0 0 E DTC_ETH,link_delay_work_func: 3003, SQI=0, link=0
01-02 00:22:57.210 0 0 E DTC_ETH,link_delay_work_func: 3003, SQI=0, link=0
01-02 00:23:02.330 0 0 E DTC_ETH,link_delay_work_func: 3003, SQI=0, link=0
01-02 00:23:07.450 0 0 E DTC_ETH,link_delay_work_func: 3003, SQI=0, link=0
01-02 00:23:12.570 0 0 E DTC_ETH,link_delay_work_func: 3003, SQI=0, link=0
01-02 00:23:17.690 0 0 E DTC_ETH,link_delay_work_func: 3003, SQI=0, link=0
01-02 00:23:22.810 0 0 E DTC_ETH,link_delay_work_func: 3003, SQI=0, link=0
01-02 00:23:27.930 0 0 E DTC_ETH,link_delay_work_func: 3003, SQI=0, link=0
01-02 00:23:33.050 0 0 E DTC_ETH,link_delay_work_func: 3003, SQI=0, link=0
01-02 00:23:38.170 0 0 E DTC_ETH,link_delay_work_func: 3003, SQI=0, link=0
01-02 00:23:43.290 0 0 E DTC_ETH,link_delay_work_func: 3003, SQI=0, link=0
01-02 00:23:48.411 0 0 E DTC_ETH,link_delay_work_func: 3003, SQI=0, link=0
01-02 00:23:53.530 0 0 E DTC_ETH,link_delay_work_func: 3003, SQI=0, link=0
01-02 00:23:58.650 0 0 E DTC_ETH,link_delay_work_func: 3003, SQI=0, link=0
01-02 00:24:03.770 0 0 E DTC_ETH,link_delay_work_func: 3003, SQI=0, link=0
01-02 00:24:08.890 0 0 E DTC_ETH,link_delay_work_func: 3003, SQI=0, link=0
01-02 00:24:14.010 0 0 E DTC_ETH,link_delay_work_func: 3003, SQI=0, link=0
01-02 00:24:19.130 0 0 E DTC_ETH,link_delay_work_func: 3003, SQI=0, link=0
01-02 00:24:24.250 0 0 E DTC_ETH,link_delay_work_func: 3003, SQI=0, link=0
01-02 00:24:29.370 0 0 E DTC_ETH,link_delay_work_func: 3003, SQI=0, link=0
01-02 00:24:34.490 0 0 E DTC_ETH,link_delay_work_func: 3003, SQI=0, link=0
01-02 00:24:39.610 0 0 E DTC_ETH,link_delay_work_func: 3003, SQI=0, link=0
01-02 00:24:44.730 0 0 E DTC_ETH,link_delay_work_func: 3003, SQI=0, link=0
01-02 00:24:49.850 0 0 E DTC_ETH,link_delay_work_func: 3003, SQI=0, link=0
01-02 00:24:54.970 0 0 E DTC_ETH,link_delay_work_func: 3003, SQI=0, link=0
01-02 00:25:00.090 0 0 E DTC_ETH,link_delay_work_func: 3003, SQI=0, link=0
