03-04 03:57:46.090 519 9425 D vold : Starting trim of /metadata
03-04 03:57:46.090 519 9425 I vold : Trimmed 0 bytes on /metadata in 0ms
03-04 03:57:46.090 519 9425 D vold : Starting trim of /data
03-04 03:57:46.111 519 9425 I vold : Trimmed 0 bytes on /data in 20ms
03-04 03:57:46.111 519 9425 D vold : Starting trim of /mnt/vendor/spunvm
03-04 03:57:46.112 519 9425 W vold : Failed to open /mnt/vendor/spunvm: Permission denied
03-04 03:57:46.112 519 9425 D vold : Starting trim of /mnt/vendor/persist
03-04 03:57:46.112 519 9425 I vold : Trimmed 0 bytes on /mnt/vendor/persist in 0ms
03-04 03:57:46.113 519 9425 D vold : Start Dev GC on /sys/devices/platform/soc/1d84000.ufshc/manual_gc
03-04 03:57:46.114 519 9425 W vold : Reading manual_gc failed in /sys/devices/platform/soc/1d84000.ufshc/manual_gc: No such file or directory
03-04 03:57:46.114 519 9425 D vold : Stop Dev GC on /sys/devices/platform/soc/1d84000.ufshc/manual_gc
03-04 03:57:46.114 519 9425 W vold : Stop Dev GC failed on /sys/devices/platform/soc/1d84000.ufshc/manual_gc: Permission denied
03-04 03:57:46.114 519 9425 D vold : idle maintenance completed
03-04 03:57:46.114 1501 1598 I MountServiceIdler: Got mount service completion callback
01-02 09:04:46.010 0 0 E DTC_ETH,link_delay_work_func: 3003, SQI=0, link=0
01-02 09:04:51.130 0 0 E DTC_ETH,link_delay_work_func: 3003, SQI=0, link=0
01-02 09:04:56.250 0 0 E DTC_ETH,link_delay_work_func: 3003, SQI=0, link=0
01-02 09:05:01.370 0 0 E DTC_ETH,link_delay_work_func: 3003, SQI=0, link=0
01-02 09:05:06.490 0 0 E DTC_ETH,link_delay_work_func: 3003, SQI=0, link=0
01-02 09:05:11.610 0 0 E DTC_ETH,link_delay_work_func: 3003, SQI=0, link=0
01-02 09:05:16.730 0 0 E DTC_ETH,link_delay_work_func: 3003, SQI=0, link=0
03-04 03:58:21.081 1501 1501 I ActivityManager: Idle maintenance over +34s997ms low RAM for 0
03-04 03:58:21.083 519 9849 D vold : idle maintenance started
03-04 03:58:21.085 519 9849 D vold : Start GC on /sys/fs/f2fs/dm-10
03-04 03:58:21.086 519 9849 D vold : Stop GC on /sys/fs/f2fs/dm-10
03-04 03:58:21.087 519 9849 D vold : Starting trim of /persist
03-04 03:58:21.087 519 9849 I vold : Trimmed 0 bytes on /persist in 0ms
03-04 03:58:21.087 519 9849 D vold : Starting trim of /metadata
03-04 03:58:21.087 519 9849 I vold : Trimmed 0 bytes on /metadata in 0ms
03-04 03:58:21.087 519 9849 D vold : Starting trim of /data
03-04 03:58:21.109 519 9849 I vold : Trimmed 0 bytes on /data in 22ms
03-04 03:58:21.110 519 9849 D vold : Starting trim of /mnt/vendor/spunvm
03-04 03:58:21.110 519 9849 W vold : Failed to open /mnt/vendor/spunvm: Permission denied
03-04 03:58:21.110 519 9849 D vold : Starting trim of /mnt/vendor/persist
03-04 03:58:21.110 519 9849 I vold : Trimmed 0 bytes on /mnt/vendor/persist in 0ms
03-04 03:58:21.113 519 9849 D vold : Start Dev GC on /sys/devices/platform/soc/1d84000.ufshc/manual_gc
03-04 03:58:21.113 519 9849 W vold : Reading manual_gc failed in /sys/devices/platform/soc/1d84000.ufshc/manual_gc: No such file or directory
03-04 03:58:21.113 519 9849 D vold : Stop Dev GC on /sys/devices/platform/soc/1d84000.ufshc/manual_gc
03-04 03:58:21.113 519 9849 W vold : Stop Dev GC failed on /sys/devices/platform/soc/1d84000.ufshc/manual_gc: Permission denied
03-04 03:58:21.113 519 9849 D vold : idle maintenance completed
03-04 03:58:21.113 1501 1598 I MountServiceIdler: Got mount service completion callback
01-02 09:05:21.850 0 0 E DTC_ETH,link_delay_work_func: 3003, SQI=0, link=0
01-02 09:05:26.970 0 0 E DTC_ETH,link_delay_work_func: 3003, SQI=0, link=0
03-04 03:58:32.290 1501 1501 I ActivityManager: Idle maintenance over +11s209ms low RAM for 0
03-04 03:58:32.291 519 9855 D vold : idle maintenance started
03-04 03:58:32.293 519 9855 D vold : Start GC on /sys/fs/f2fs/dm-10
03-04 03:58:32.293 519 9855 D vold : Stop GC on /sys/fs/f2fs/dm-10
03-04 03:58:32.294 519 9855 D vold : Starting trim of /persist
03-04 03:58:32.294 519 9855 I vold : Trimmed 0 bytes on /persist in 0ms
03-04 03:58:32.294 519 9855 D vold : Starting trim of /metadata
03-04 03:58:32.294 519 9855 I vold : Trimmed 0 bytes on /metadata in 0ms
03-04 03:58:32.294 519 9855 D vold : Starting trim of /data
03-04 03:58:32.304 519 9855 I vold : Trimmed 0 bytes on /data in 10ms
03-04 03:58:32.305 519 9855 D vold : Starting trim of /mnt/vendor/spunvm
03-04 03:58:32.305 519 9855 W vold : Failed to open /mnt/vendor/spunvm: Permission denied
03-04 03:58:32.305 519 9855 D vold : Starting trim of /mnt/vendor/persist
03-04 03:58:32.305 519 9855 I vold : Trimmed 0 bytes on /mnt/vendor/persist in 0ms
03-04 03:58:32.306 519 9855 D vold : Start Dev GC on /sys/devices/platform/soc/1d84000.ufshc/manual_gc
03-04 03:58:32.307 519 9855 W vold : Reading manual_gc failed in /sys/devices/platform/soc/1d84000.ufshc/manual_gc: No such file or directory
03-04 03:58:32.307 519 9855 D vold : Stop Dev GC on /sys/devices/platform/soc/1d84000.ufshc/manual_gc
03-04 03:58:32.307 519 9855 W vold : Stop Dev GC failed on /sys/devices/platform/soc/1d84000.ufshc/manual_gc: Permission denied
03-04 03:58:32.307 519 9855 D vold : idle maintenance completed
03-04 03:58:32.307 1501 1598 I MountServiceIdler: Got mount service completion callback
01-02 09:05:32.090 0 0 E DTC_ETH,link_delay_work_func: 3003, SQI=0, link=0
01-02 09:05:37.210 0 0 E DTC_ETH,link_delay_work_func: 3003, SQI=0, link=0
01-02 09:05:42.330 0 0 E DTC_ETH,link_delay_work_func: 3003, SQI=0, link=0
01-02 09:05:47.450 0 0 E DTC_ETH,link_delay_work_func: 3003, SQI=0, link=0
01-02 09:05:52.570 0 0 E DTC_ETH,link_delay_work_func: 3003, SQI=0, link=0
03-04 03:58:56.085 1501 1501 I ActivityManager: Idle maintenance over +23s795ms low RAM for 0
03-04 03:58:56.086 519 9871 D vold : idle maintenance started
03-04 03:58:56.088 519 9871 D vold : Start GC on /sys/fs/f2fs/dm-10
03-04 03:58:56.089 519 9871 D vold : Stop GC on /sys/fs/f2fs/dm-10
03-04 03:58:56.091 519 9871 D vold : Starting trim of /persist
03-04 03:58:56.091 519 9871 I vold : Trimmed 0 bytes on /persist in 0ms
03-04 03:58:56.091 519 9871 D vold : Starting trim of /metadata
03-04 03:58:56.091 519 9871 I vold : Trimmed 0 bytes on /metadata in 0ms
03-04 03:58:56.091 519 9871 D vold : Starting trim of /data
03-04 03:58:56.104 519 9871 I vold : Trimmed 0 bytes on /data in 13ms
03-04 03:58:56.104 519 9871 D vold : Starting trim of /mnt/vendor/spunvm
03-04 03:58:56.105 519 9871 W vold : Failed to open /mnt/vendor/spunvm: Permission denied
03-04 03:58:56.105 519 9871 D vold : Starting trim of /mnt/vendor/persist
03-04 03:58:56.105 519 9871 I vold : Trimmed 0 bytes on /mnt/vendor/persist in 0ms
03-04 03:58:56.107 519 9871 D vold : Start Dev GC on /sys/devices/platform/soc/1d84000.ufshc/manual_gc
03-04 03:58:56.107 519 9871 W vold : Reading manual_gc failed in /sys/devices/platform/soc/1d84000.ufshc/manual_gc: No such file or directory
03-04 03:58:56.107 519 9871 D vold : Stop Dev GC on /sys/devices/platform/soc/1d84000.ufshc/manual_gc
03-04 03:58:56.107 519 9871 W vold : Stop Dev GC failed on /sys/devices/platform/soc/1d84000.ufshc/manual_gc: Permission denied
03-04 03:58:56.107 519 9871 D vold : idle maintenance completed
03-04 03:58:56.108 1501 1598 I MountServiceIdler: Got mount service completion callback
01-02 09:05:57.693 0 0 E DTC_ETH,link_delay_work_func: 3003, SQI=0, link=0
01-02 09:06:02.810 0 0 E DTC_ETH,link_delay_work_func: 3003, SQI=0, link=0
01-02 09:06:07.931 0 0 E DTC_ETH,link_delay_work_func: 3003, SQI=0, link=0
01-02 09:06:13.050 0 0 E DTC_ETH,link_delay_work_func: 3003, SQI=0, link=0
03-04 03:59:15.483 1501 2824 D IntervalStats: Unable to parse usage stats packages: [108, 112, 115, 116]
01-02 09:06:17.163 0 0 I [dp_rx_][0x1940474d2e5][03:59:17.787556] wlan: [3350:I:QDF] DHCP-R RX: SA:0e:79:35:c2:75:95 DA:ff:ff:ff:ff:ff:ff
01-02 09:06:18.170 0 0 E DTC_ETH,link_delay_work_func: 3003, SQI=0, link=0
01-02 09:06:23.291 0 0 E DTC_ETH,link_delay_work_func: 3003, SQI=0, link=0
01-02 09:06:28.411 0 0 E DTC_ETH,link_delay_work_func: 3003, SQI=0, link=0
03-04 03:59:31.084 1501 1501 I ActivityManager: Idle maintenance over +34s999ms low RAM for 0
03-04 03:59:31.086 519 9886 D vold : idle maintenance started
03-04 03:59:31.088 519 9886 D vold : Start GC on /sys/fs/f2fs/dm-10
03-04 03:59:31.090 519 9886 D vold : Stop GC on /sys/fs/f2fs/dm-10
03-04 03:59:31.091 519 9886 D vold : Starting trim of /persist
03-04 03:59:31.091 519 9886 I vold : Trimmed 0 bytes on /persist in 0ms
03-04 03:59:31.091 519 9886 D vold : Starting trim of /metadata
03-04 03:59:31.091 519 9886 I vold : Trimmed 0 bytes on /metadata in 0ms
03-04 03:59:31.091 519 9886 D vold : Starting trim of /data
03-04 03:59:31.110 519 9886 I vold : Trimmed 0 bytes on /data in 18ms
03-04 03:59:31.110 519 9886 D vold : Starting trim of /mnt/vendor/spunvm
03-04 03:59:31.110 519 9886 W vold : Failed to open /mnt/vendor/spunvm: Permission denied
03-04 03:59:31.110 519 9886 D vold : Starting trim of /mnt/vendor/persist
03-04 03:59:31.111 519 9886 I vold : Trimmed 0 bytes on /mnt/vendor/persist in 0ms
03-04 03:59:31.112 519 9886 D vold : Start Dev GC on /sys/devices/platform/soc/1d84000.ufshc/manual_gc
03-04 03:59:31.112 519 9886 W vold : Reading manual_gc failed in /sys/devices/platform/soc/1d84000.ufshc/manual_gc: No such file or directory
03-04 03:59:31.112 519 9886 D vold : Stop Dev GC on /sys/devices/platform/soc/1d84000.ufshc/manual_gc
03-04 03:59:31.113 519 9886 W vold : Stop Dev GC failed on /sys/devices/platform/soc/1d84000.ufshc/manual_gc: Permission denied
03-04 03:59:31.113 519 9886 D vold : idle maintenance completed
03-04 03:59:31.113 1501 1598 I MountServiceIdler: Got mount service completion callback
01-02 09:06:33.531 0 0 E DTC_ETH,link_delay_work_func: 3003, SQI=0, link=0
01-02 09:06:38.650 0 0 E DTC_ETH,link_delay_work_func: 3003, SQI=0, link=0
01-02 09:06:43.770 0 0 E DTC_ETH,link_delay_work_func: 3003, SQI=0, link=0
01-02 09:06:48.890 0 0 E DTC_ETH,link_delay_work_func: 3003, SQI=0, link=0
01-02 09:06:54.010 0 0 E DTC_ETH,link_delay_work_func: 3003, SQI=0, link=0
01-02 09:06:59.130 0 0 E DTC_ETH,link_delay_work_func: 3003, SQI=0, link=0
01-02 09:07:04.251 0 0 E DTC_ETH,link_delay_work_func: 3003, SQI=0, link=0
03-04 04:00:06.087 1501 1501 I ActivityManager: Idle maintenance over +35s3ms low RAM for 0
03-04 04:00:06.088 519 9897 D vold : idle maintenance started
03-04 04:00:06.091 519 9897 D vold : Start GC on /sys/fs/f2fs/dm-10
03-04 04:00:06.092 519 9897 D vold : Stop GC on /sys/fs/f2fs/dm-10
03-04 04:00:06.092 519 9897 D vold : Starting trim of /persist
03-04 04:00:06.092 519 9897 I vold : Trimmed 0 bytes on /persist in 0ms
03-04 04:00:06.092 519 9897 D vold : Starting trim of /metadata
03-04 04:00:06.093 519 9897 I vold : Trimmed 0 bytes on /metadata in 0ms
03-04 04:00:06.093 519 9897 D vold : Starting trim of /data
03-04 04:00:06.109 519 9897 I vold : Trimmed 0 bytes on /data in 16ms
03-04 04:00:06.110 519 9897 D vold : Starting trim of /mnt/vendor/spunvm
03-04 04:00:06.110 519 9897 W vold : Failed to open /mnt/vendor/spunvm: Permission denied
03-04 04:00:06.110 519 9897 D vold : Starting trim of /mnt/vendor/persist
03-04 04:00:06.110 519 9897 I vold : Trimmed 0 bytes on /mnt/vendor/persist in 0ms
03-04 04:00:06.112 519 9897 D vold : Start Dev GC on /sys/devices/platform/soc/1d84000.ufshc/manual_gc
03-04 04:00:06.112 519 9897 W vold : Reading manual_gc failed in /sys/devices/platform/soc/1d84000.ufshc/manual_gc: No such file or directory
03-04 04:00:06.112 519 9897 D vold : Stop Dev GC on /sys/devices/platform/soc/1d84000.ufshc/manual_gc
03-04 04:00:06.112 519 9897 W vold : Stop Dev GC failed on /sys/devices/platform/soc/1d84000.ufshc/manual_gc: Permission denied
03-04 04:00:06.112 519 9897 D vold : idle maintenance completed
03-04 04:00:06.113 1501 1598 I MountServiceIdler: Got mount service completion callback
01-02 09:07:09.370 0 0 E DTC_ETH,link_delay_work_func: 3003, SQI=0, link=0
01-02 09:07:14.490 0 0 E DTC_ETH,link_delay_work_func: 3003, SQI=0, link=0
01-02 09:07:19.610 0 0 E DTC_ETH,link_delay_work_func: 3003, SQI=0, link=0
01-02 09:07:24.730 0 0 E DTC_ETH,link_delay_work_func: 3003, SQI=0, link=0
01-02 09:07:29.850 0 0 E DTC_ETH,link_delay_work_func: 3003, SQI=0, link=0
01-02 09:07:34.971 0 0 E DTC_ETH,link_delay_work_func: 3003, SQI=0, link=0
01-02 09:07:40.092 0 0 E DTC_ETH,link_delay_work_func: 3003, SQI=0, link=0
01-02 09:07:45.211 0 0 E DTC_ETH,link_delay_work_func: 3003, SQI=0, link=0
01-02 09:07:50.331 0 0 E DTC_ETH,link_delay_work_func: 3003, SQI=0, link=0
01-02 09:07:55.450 0 0 E DTC_ETH,link_delay_work_func: 3003, SQI=0, link=0
03-04 04:00:59.196 1501 1907 I GameModeConfig: isGameModeOn = false
03-04 04:00:59.196 1501 1907 I GameModeConfig: isGameModeOn = false
03-04 04:00:59.197 1501 1907 I GameModeConfig: isGameModeOn = false
03-04 04:00:59.197 1501 1907 I GameModeConfig: isGameModeOn = false
03-04 04:00:59.197 1501 1907 I GameModeConfig: isGameModeOn = false
03-04 04:00:59.197 1501 1907 I GameModeConfig: isGameModeOn = false
03-04 04:00:59.197 1501 1907 I GameModeConfig: isGameModeOn = false
03-04 04:00:59.198 1501 1907 I GameModeConfig: isGameModeOn = false
03-04 04:00:59.198 1501 1907 I GameModeConfig: isGameModeOn = false
03-04 04:00:59.198 1501 1907 I GameModeConfig: isGameModeOn = false
03-04 04:00:59.199 1501 1907 I GameModeConfig: isGameModeOn = false
03-04 04:00:59.199 1501 1907 I GameModeConfig: isGameModeOn = false
03-04 04:00:59.199 1501 1907 I GameModeConfig: isGameModeOn = false
03-04 04:00:59.200 1501 1907 I GameModeConfig: isGameModeOn = false
03-04 04:00:59.200 1501 1907 I GameModeConfig: isGameModeOn = false
03-04 04:00:59.415 1501 1501 I GameModeConfig: isGameModeOn = false
03-04 04:00:59.436 1501 1501 W NotificationHistory: Attempted to add notif for locked/gone/disabled user 0
03-04 04:00:59.440 1501 1907 I GameModeConfig: isGameModeOn = false
03-04 04:00:59.441 1501 1907 I GameModeConfig: isGameModeOn = false
03-04 04:00:59.441 1501 1907 I GameModeConfig: isGameModeOn = false
03-04 04:00:59.441 1501 1907 I GameModeConfig: isGameModeOn = false
03-04 04:00:59.441 1501 1907 I GameModeConfig: isGameModeOn = false
03-04 04:00:59.442 1501 1907 I GameModeConfig: isGameModeOn = false
03-04 04:00:59.442 1501 1907 I GameModeConfig: isGameModeOn = false
03-04 04:00:59.442 1501 1907 I GameModeConfig: isGameModeOn = false
03-04 04:00:59.442 1501 1907 I GameModeConfig: isGameModeOn = false
03-04 04:00:59.442 1501 1907 I GameModeConfig: isGameModeOn = false
03-04 04:00:59.443 1501 1907 I GameModeConfig: isGameModeOn = false
03-04 04:00:59.443 1501 1907 I GameModeConfig: isGameModeOn = false
03-04 04:00:59.443 1501 1907 I GameModeConfig: isGameModeOn = false
03-04 04:00:59.443 1501 1907 I GameModeConfig: isGameModeOn = false
03-04 04:00:59.443 1501 1907 I GameModeConfig: isGameModeOn = false
03-04 04:00:59.444 1501 1907 I GameModeConfig: isGameModeOn = false
01-02 09:08:00.570 0 0 E DTC_ETH,link_delay_work_func: 3003, SQI=0, link=0
01-02 09:08:05.694 0 0 E DTC_ETH,link_delay_work_func: 3003, SQI=0, link=0
03-04 04:01:09.429 1501 1907 I GameModeConfig: isGameModeOn = false
03-04 04:01:09.441 1501 1907 I GameModeConfig: isGameModeOn = false
01-02 09:08:10.810 0 0 E DTC_ETH,link_delay_work_func: 3003, SQI=0, link=0
03-04 04:01:15.486 1501 2824 D IntervalStats: Unable to parse usage stats packages: [108, 112, 115, 116]
01-02 09:08:15.930 0 0 E DTC_ETH,link_delay_work_func: 3003, SQI=0, link=0
01-02 09:08:21.050 0 0 E DTC_ETH,link_delay_work_func: 3003, SQI=0, link=0
01-02 09:08:26.170 0 0 E DTC_ETH,link_delay_work_func: 3003, SQI=0, link=0
01-02 09:08:31.290 0 0 E DTC_ETH,link_delay_work_func: 3003, SQI=0, link=0
01-02 09:08:36.410 0 0 E DTC_ETH,link_delay_work_func: 3003, SQI=0, link=0
01-02 09:08:41.530 0 0 E DTC_ETH,link_delay_work_func: 3003, SQI=0, link=0
01-02 09:08:46.650 0 0 E DTC_ETH,link_delay_work_func: 3003, SQI=0, link=0
01-02 09:08:51.771 0 0 E DTC_ETH,link_delay_work_func: 3003, SQI=0, link=0
01-02 09:08:56.890 0 0 E DTC_ETH,link_delay_work_func: 3003, SQI=0, link=0
01-02 09:09:02.010 0 0 E DTC_ETH,link_delay_work_func: 3003, SQI=0, link=0
01-02 09:09:07.131 0 0 E DTC_ETH,link_delay_work_func: 3003, SQI=0, link=0
01-02 09:09:12.250 0 0 E DTC_ETH,link_delay_work_func: 3003, SQI=0, link=0
01-02 09:09:17.370 0 0 E DTC_ETH,link_delay_work_func: 3003, SQI=0, link=0
01-02 09:09:22.490 0 0 E DTC_ETH,link_delay_work_func: 3003, SQI=0, link=0
01-02 09:09:27.611 0 0 E DTC_ETH,link_delay_work_func: 3003, SQI=0, link=0
01-02 09:09:32.730 0 0 E DTC_ETH,link_delay_work_func: 3003, SQI=0, link=0
01-02 09:09:37.850 0 0 E DTC_ETH,link_delay_work_func: 3003, SQI=0, link=0
01-02 09:09:42.970 0 0 E DTC_ETH,link_delay_work_func: 3003, SQI=0, link=0
01-02 09:09:48.090 0 0 E DTC_ETH,link_delay_work_func: 3003, SQI=0, link=0
01-02 09:09:53.210 0 0 E DTC_ETH,link_delay_work_func: 3003, SQI=0, link=0
01-02 09:09:58.330 0 0 E DTC_ETH,link_delay_work_func: 3003, SQI=0, link=0
01-02 09:10:03.450 0 0 E DTC_ETH,link_delay_work_func: 3003, SQI=0, link=0
01-02 09:10:08.570 0 0 E DTC_ETH,link_delay_work_func: 3003, SQI=0, link=0
01-02 09:10:13.690 0 0 E DTC_ETH,link_delay_work_func: 3003, SQI=0, link=0
01-02 09:10:18.810 0 0 E DTC_ETH,link_delay_work_func: 3003, SQI=0, link=0
01-02 09:10:23.930 0 0 E DTC_ETH,link_delay_work_func: 3003, SQI=0, link=0
01-02 09:10:29.050 0 0 E DTC_ETH,link_delay_work_func: 3003, SQI=0, link=0
01-02 09:10:34.170 0 0 E DTC_ETH,link_delay_work_func: 3003, SQI=0, link=0
01-02 09:10:39.291 0 0 E DTC_ETH,link_delay_work_func: 3003, SQI=0, link=0
01-02 09:10:44.410 0 0 E DTC_ETH,link_delay_work_func: 3003, SQI=0, link=0
01-02 09:10:49.531 0 0 E DTC_ETH,link_delay_work_func: 3003, SQI=0, link=0
01-02 09:10:54.650 0 0 E DTC_ETH,link_delay_work_func: 3003, SQI=0, link=0
01-02 09:10:59.770 0 0 E DTC_ETH,link_delay_work_func: 3003, SQI=0, link=0
01-02 09:11:04.890 0 0 E DTC_ETH,link_delay_work_func: 3003, SQI=0, link=0
01-02 09:11:10.011 0 0 E DTC_ETH,link_delay_work_func: 3003, SQI=0, link=0
01-02 09:11:15.130 0 0 E DTC_ETH,link_delay_work_func: 3003, SQI=0, link=0
01-02 09:11:20.250 0 0 E DTC_ETH,link_delay_work_func: 3003, SQI=0, link=0
03-04 04:04:20.961 1501 1501 I JobServiceContext: Letting 90760d #u0a102/230 com.kuaishou.nebula/androidx.work.impl.background.systemjob.SystemJobService continue to run past min execution time
01-02 09:11:23.248 0 0 I [dp_rx_][0x19562be2ed9][04:04:23.872622] wlan: [3350:I:QDF] DHCP-D RX: SA:0e:79:35:c2:75:95 DA:ff:ff:ff:ff:ff:ff
03-04 04:04:24.073 1501 1501 I JobServiceContext: Letting e77600e #u0a115/224 com.smile.gifmaker/androidx.work.impl.background.systemjob.SystemJobService continue to run past min execution time
01-02 09:11:25.370 0 0 E DTC_ETH,link_delay_work_func: 3003, SQI=0, link=0
01-02 09:11:25.399 0 0 I [dp_rx_][0x195653444de][04:04:26.023316] wlan: [3350:I:QDF] DHCP-R RX: SA:0e:79:35:c2:75:95 DA:ff:ff:ff:ff:ff:ff
01-02 09:11:30.490 0 0 E DTC_ETH,link_delay_work_func: 3003, SQI=0, link=0
01-02 09:11:32.464 0 0 I [dp_rx_][0x1956d4a3cae][04:04:33.088807] wlan: [3350:I:QDF] DHCP-R RX: SA:0e:79:35:c2:75:95 DA:ff:ff:ff:ff:ff:ff
01-02 09:11:35.610 0 0 E DTC_ETH,link_delay_work_func: 3003, SQI=0, link=0
03-04 04:04:36.906 1501 1600 W ActivityManager: Stopping service due to app idle: u0a115 -1d1h11m14s71ms com.smile.gifmaker/com.kwai.chat.kwailink.service.NewKwaiLinkService
01-02 09:11:40.730 0 0 E DTC_ETH,link_delay_work_func: 3003, SQI=0, link=0
01-02 09:11:45.851 0 0 E DTC_ETH,link_delay_work_func: 3003, SQI=0, link=0
01-02 09:11:50.970 0 0 E DTC_ETH,link_delay_work_func: 3003, SQI=0, link=0
01-02 09:11:56.090 0 0 E DTC_ETH,link_delay_work_func: 3003, SQI=0, link=0
01-02 09:12:01.210 0 0 E DTC_ETH,link_delay_work_func: 3003, SQI=0, link=0
01-02 09:12:06.330 0 0 E DTC_ETH,link_delay_work_func: 3003, SQI=0, link=0
01-02 09:12:11.450 0 0 E DTC_ETH,link_delay_work_func: 3003, SQI=0, link=0
01-02 09:12:16.571 0 0 E DTC_ETH,link_delay_work_func: 3003, SQI=0, link=0
01-02 09:12:21.690 0 0 E DTC_ETH,link_delay_work_func: 3003, SQI=0, link=0
01-02 09:12:26.810 0 0 E DTC_ETH,link_delay_work_func: 3003, SQI=0, link=0
01-02 09:12:29.119 0 0 I qcom_rpmh DRV: apps_rsc TCS Busy, retrying RPMH message send: addr=0x40d00
01-02 09:12:31.930 0 0 E DTC_ETH,link_delay_work_func: 3003, SQI=0, link=0
01-02 09:12:37.050 0 0 E DTC_ETH,link_delay_work_func: 3003, SQI=0, link=0
01-02 09:12:42.170 0 0 E DTC_ETH,link_delay_work_func: 3003, SQI=0, link=0
01-02 09:12:47.290 0 0 E DTC_ETH,link_delay_work_func: 3003, SQI=0, link=0
01-02 09:12:52.410 0 0 E DTC_ETH,link_delay_work_func: 3003, SQI=0, link=0
01-02 09:12:57.530 0 0 E DTC_ETH,link_delay_work_func: 3003, SQI=0, link=0
01-02 09:13:02.650 0 0 E DTC_ETH,link_delay_work_func: 3003, SQI=0, link=0
01-02 09:13:07.770 0 0 E DTC_ETH,link_delay_work_func: 3003, SQI=0, link=0
01-02 09:13:12.890 0 0 E DTC_ETH,link_delay_work_func: 3003, SQI=0, link=0
01-02 09:13:18.010 0 0 E DTC_ETH,link_delay_work_func: 3003, SQI=0, link=0
01-02 09:13:23.130 0 0 E DTC_ETH,link_delay_work_func: 3003, SQI=0, link=0
01-02 09:13:28.250 0 0 E DTC_ETH,link_delay_work_func: 3003, SQI=0, link=0
01-02 09:13:33.370 0 0 E DTC_ETH,link_delay_work_func: 3003, SQI=0, link=0
01-02 09:13:38.490 0 0 E DTC_ETH,link_delay_work_func: 3003, SQI=0, link=0
01-02 09:13:43.610 0 0 E DTC_ETH,link_delay_work_func: 3003, SQI=0, link=0
01-02 09:13:48.730 0 0 E DTC_ETH,link_delay_work_func: 3003, SQI=0, link=0
01-02 09:13:53.850 0 0 E DTC_ETH,link_delay_work_func: 3003, SQI=0, link=0
01-02 09:13:58.970 0 0 E DTC_ETH,link_delay_work_func: 3003, SQI=0, link=0
01-02 09:14:04.090 0 0 E DTC_ETH,link_delay_work_func: 3003, SQI=0, link=0
01-02 09:14:09.210 0 0 E DTC_ETH,link_delay_work_func: 3003, SQI=0, link=0
01-02 09:14:14.330 0 0 E DTC_ETH,link_delay_work_func: 3003, SQI=0, link=0
01-02 09:14:19.450 0 0 E DTC_ETH,link_delay_work_func: 3003, SQI=0, link=0
01-02 09:14:24.570 0 0 E DTC_ETH,link_delay_work_func: 3003, SQI=0, link=0
01-02 09:14:29.690 0 0 E DTC_ETH,link_delay_work_func: 3003, SQI=0, link=0
01-02 09:14:34.810 0 0 E DTC_ETH,link_delay_work_func: 3003, SQI=0, link=0
01-02 09:14:39.930 0 0 E DTC_ETH,link_delay_work_func: 3003, SQI=0, link=0
01-02 09:14:45.050 0 0 E DTC_ETH,link_delay_work_func: 3003, SQI=0, link=0
01-02 09:14:50.171 0 0 E DTC_ETH,link_delay_work_func: 3003, SQI=0, link=0
01-02 09:14:55.290 0 0 E DTC_ETH,link_delay_work_func: 3003, SQI=0, link=0
01-02 09:15:00.414 0 0 E DTC_ETH,link_delay_work_func: 3003, SQI=0, link=0
01-02 09:15:05.530 0 0 E DTC_ETH,link_delay_work_func: 3003, SQI=0, link=0
01-02 09:15:10.650 0 0 E DTC_ETH,link_delay_work_func: 3003, SQI=0, link=0
01-02 09:15:15.770 0 0 E DTC_ETH,link_delay_work_func: 3003, SQI=0, link=0
01-02 09:15:20.890 0 0 E DTC_ETH,link_delay_work_func: 3003, SQI=0, link=0
01-02 09:15:26.010 0 0 E DTC_ETH,link_delay_work_func: 3003, SQI=0, link=0
01-02 09:15:31.130 0 0 E DTC_ETH,link_delay_work_func: 3003, SQI=0, link=0
01-02 09:15:36.250 0 0 E DTC_ETH,link_delay_work_func: 3003, SQI=0, link=0
01-02 09:15:41.370 0 0 E DTC_ETH,link_delay_work_func: 3003, SQI=0, link=0
01-02 09:15:46.490 0 0 E DTC_ETH,link_delay_work_func: 3003, SQI=0, link=0
01-02 09:15:51.610 0 0 E DTC_ETH,link_delay_work_func: 3003, SQI=0, link=0
01-02 09:15:56.730 0 0 E DTC_ETH,link_delay_work_func: 3003, SQI=0, link=0
01-02 09:16:01.850 0 0 E DTC_ETH,link_delay_work_func: 3003, SQI=0, link=0
01-02 09:16:06.970 0 0 E DTC_ETH,link_delay_work_func: 3003, SQI=0, link=0
01-02 09:16:12.090 0 0 E DTC_ETH,link_delay_work_func: 3003, SQI=0, link=0
01-02 09:16:17.211 0 0 E DTC_ETH,link_delay_work_func: 3003, SQI=0, link=0
01-02 09:16:22.330 0 0 E DTC_ETH,link_delay_work_func: 3003, SQI=0, link=0
01-02 09:16:27.450 0 0 E DTC_ETH,link_delay_work_func: 3003, SQI=0, link=0
01-02 09:16:32.570 0 0 E DTC_ETH,link_delay_work_func: 3003, SQI=0, link=0
01-02 09:16:37.690 0 0 E DTC_ETH,link_delay_work_func: 3003, SQI=0, link=0
01-02 09:16:40.597 0 0 I [dp_rx_][0x196cdeb894b][04:09:41.221668] wlan: [3350:I:QDF] DHCP-D RX: SA:0e:79:35:c2:75:95 DA:ff:ff:ff:ff:ff:ff
01-02 09:16:42.810 0 0 E DTC_ETH,link_delay_work_func: 3003, SQI=0, link=0
01-02 09:16:47.930 0 0 E DTC_ETH,link_delay_work_func: 3003, SQI=0, link=0
01-02 09:16:49.712 0 0 I [dp_rx_][0x196d859fb8f][04:09:50.336791] wlan: [3350:I:QDF] DHCP-R RX: SA:0e:79:35:c2:75:95 DA:ff:ff:ff:ff:ff:ff
01-02 09:16:53.050 0 0 E DTC_ETH,link_delay_work_func: 3003, SQI=0, link=0
01-02 09:16:58.170 0 0 E DTC_ETH,link_delay_work_func: 3003, SQI=0, link=0
01-02 09:17:03.290 0 0 E DTC_ETH,link_delay_work_func: 3003, SQI=0, link=0
01-02 09:17:08.410 0 0 E DTC_ETH,link_delay_work_func: 3003, SQI=0, link=0
01-02 09:17:13.530 0 0 E DTC_ETH,link_delay_work_func: 3003, SQI=0, link=0
01-02 09:17:16.861 0 0 D cnss : Host time = 91036862060 us, device time = 91005586320 us, offset = 31275740 us
01-02 09:17:16.861 0 0 D cnss : Updated time sync regs [0x984] = 0x1dd3adc, [0x988] = 0x0
01-02 09:17:18.650 0 0 E DTC_ETH,link_delay_work_func: 3003, SQI=0, link=0
01-02 09:17:23.770 0 0 E DTC_ETH,link_delay_work_func: 3003, SQI=0, link=0
01-02 09:17:28.890 0 0 E DTC_ETH,link_delay_work_func: 3003, SQI=0, link=0
01-02 09:17:34.010 0 0 E DTC_ETH,link_delay_work_func: 3003, SQI=0, link=0
01-02 09:17:39.130 0 0 E DTC_ETH,link_delay_work_func: 3003, SQI=0, link=0
01-02 09:17:44.250 0 0 E DTC_ETH,link_delay_work_func: 3003, SQI=0, link=0
01-02 09:17:49.370 0 0 E DTC_ETH,link_delay_work_func: 3003, SQI=0, link=0
01-02 09:17:54.490 0 0 E DTC_ETH,link_delay_work_func: 3003, SQI=0, link=0
01-02 09:17:59.614 0 0 E DTC_ETH,link_delay_work_func: 3003, SQI=0, link=0
01-02 09:18:04.730 0 0 E DTC_ETH,link_delay_work_func: 3003, SQI=0, link=0
01-02 09:18:09.850 0 0 E DTC_ETH,link_delay_work_func: 3003, SQI=0, link=0
01-02 09:18:14.970 0 0 E DTC_ETH,link_delay_work_func: 3003, SQI=0, link=0
01-02 09:18:20.090 0 0 E DTC_ETH,link_delay_work_func: 3003, SQI=0, link=0
01-02 09:18:25.210 0 0 E DTC_ETH,link_delay_work_func: 3003, SQI=0, link=0
01-02 09:18:30.330 0 0 E DTC_ETH,link_delay_work_func: 3003, SQI=0, link=0
01-02 09:18:35.450 0 0 E DTC_ETH,link_delay_work_func: 3003, SQI=0, link=0
01-02 09:18:40.570 0 0 E DTC_ETH,link_delay_work_func: 3003, SQI=0, link=0
01-02 09:18:45.690 0 0 E DTC_ETH,link_delay_work_func: 3003, SQI=0, link=0
01-02 09:18:50.810 0 0 E DTC_ETH,link_delay_work_func: 3003, SQI=0, link=0
01-02 09:18:55.930 0 0 E DTC_ETH,link_delay_work_func: 3003, SQI=0, link=0
01-02 09:19:01.050 0 0 E DTC_ETH,link_delay_work_func: 3003, SQI=0, link=0
01-02 09:19:06.170 0 0 E DTC_ETH,link_delay_work_func: 3003, SQI=0, link=0
01-02 09:19:11.290 0 0 E DTC_ETH,link_delay_work_func: 3003, SQI=0, link=0
01-02 09:19:16.410 0 0 E DTC_ETH,link_delay_work_func: 3003, SQI=0, link=0
01-02 09:19:21.530 0 0 E DTC_ETH,link_delay_work_func: 3003, SQI=0, link=0
01-02 09:19:26.650 0 0 E DTC_ETH,link_delay_work_func: 3003, SQI=0, link=0
01-02 09:19:31.770 0 0 E DTC_ETH,link_delay_work_func: 3003, SQI=0, link=0
01-02 09:19:36.890 0 0 E DTC_ETH,link_delay_work_func: 3003, SQI=0, link=0
01-02 09:19:42.010 0 0 E DTC_ETH,link_delay_work_func: 3003, SQI=0, link=0
01-02 09:19:47.131 0 0 E DTC_ETH,link_delay_work_func: 3003, SQI=0, link=0
01-02 09:19:52.250 0 0 E DTC_ETH,link_delay_work_func: 3003, SQI=0, link=0
01-02 09:19:57.371 0 0 E DTC_ETH,link_delay_work_func: 3003, SQI=0, link=0
01-02 09:20:02.490 0 0 E DTC_ETH,link_delay_work_func: 3003, SQI=0, link=0
01-02 09:20:07.610 0 0 E DTC_ETH,link_delay_work_func: 3003, SQI=0, link=0
01-02 09:20:12.730 0 0 E DTC_ETH,link_delay_work_func: 3003, SQI=0, link=0
03-04 04:13:17.558 1501 1598 I UsageStatsService: User[0] Flushing usage stats to disk
01-02 09:20:17.850 0 0 E DTC_ETH,link_delay_work_func: 3003, SQI=0, link=0
01-02 09:20:22.970 0 0 E DTC_ETH,link_delay_work_func: 3003, SQI=0, link=0
01-02 09:20:28.090 0 0 E DTC_ETH,link_delay_work_func: 3003, SQI=0, link=0
01-02 09:20:33.210 0 0 E DTC_ETH,link_delay_work_func: 3003, SQI=0, link=0
01-02 09:20:38.330 0 0 E DTC_ETH,link_delay_work_func: 3003, SQI=0, link=0
01-02 09:20:43.450 0 0 E DTC_ETH,link_delay_work_func: 3003, SQI=0, link=0
01-02 09:20:48.570 0 0 E DTC_ETH,link_delay_work_func: 3003, SQI=0, link=0
01-02 09:20:53.690 0 0 E DTC_ETH,link_delay_work_func: 3003, SQI=0, link=0
01-02 09:20:58.810 0 0 E DTC_ETH,link_delay_work_func: 3003, SQI=0, link=0
01-02 09:21:03.930 0 0 E DTC_ETH,link_delay_work_func: 3003, SQI=0, link=0
01-02 09:21:09.050 0 0 E DTC_ETH,link_delay_work_func: 3003, SQI=0, link=0
01-02 09:21:14.170 0 0 E DTC_ETH,link_delay_work_func: 3003, SQI=0, link=0
01-02 09:21:19.290 0 0 E DTC_ETH,link_delay_work_func: 3003, SQI=0, link=0
01-02 09:21:24.410 0 0 E DTC_ETH,link_delay_work_func: 3003, SQI=0, link=0
01-02 09:21:29.530 0 0 E DTC_ETH,link_delay_work_func: 3003, SQI=0, link=0
01-02 09:21:34.651 0 0 E DTC_ETH,link_delay_work_func: 3003, SQI=0, link=0
03-04 04:14:36.915 1501 1600 W ActivityManager: Stopping service due to app idle: u0a115 -1d1h21m14s80ms com.smile.gifmaker/com.kwai.chat.kwailink.service.NewKwaiLinkService
01-02 09:21:39.771 0 0 E DTC_ETH,link_delay_work_func: 3003, SQI=0, link=0
01-02 09:21:44.891 0 0 E DTC_ETH,link_delay_work_func: 3003, SQI=0, link=0
01-02 09:21:50.010 0 0 E DTC_ETH,link_delay_work_func: 3003, SQI=0, link=0
01-02 09:21:55.131 0 0 E DTC_ETH,link_delay_work_func: 3003, SQI=0, link=0
01-02 09:21:55.694 0 0 I [dp_rx_][0x1983684f063][04:14:56.318082] wlan: [3350:I:QDF] DHCP-D RX: SA:0e:79:35:c2:75:95 DA:ff:ff:ff:ff:ff:ff
01-02 09:21:59.690 0 0 I [dp_rx_][0x1983b179fce][04:15:00.314021] wlan: [3350:I:QDF] DHCP-R RX: SA:0e:79:35:c2:75:95 DA:ff:ff:ff:ff:ff:ff
01-02 09:22:00.257 0 0 E DTC_ETH,link_delay_work_func: 3003, SQI=0, link=0
01-02 09:22:05.370 0 0 E DTC_ETH,link_delay_work_func: 3003, SQI=0, link=0
01-02 09:22:10.490 0 0 E DTC_ETH,link_delay_work_func: 3003, SQI=0, link=0
01-02 09:22:15.610 0 0 E DTC_ETH,link_delay_work_func: 3003, SQI=0, link=0
01-02 09:22:20.730 0 0 E DTC_ETH,link_delay_work_func: 3003, SQI=0, link=0
01-02 09:22:25.850 0 0 E DTC_ETH,link_delay_work_func: 3003, SQI=0, link=0
01-02 09:22:30.970 0 0 E DTC_ETH,link_delay_work_func: 3003, SQI=0, link=0
01-02 09:22:36.090 0 0 E DTC_ETH,link_delay_work_func: 3003, SQI=0, link=0
01-02 09:22:41.210 0 0 E DTC_ETH,link_delay_work_func: 3003, SQI=0, link=0
01-02 09:22:46.330 0 0 E DTC_ETH,link_delay_work_func: 3003, SQI=0, link=0
01-02 09:22:51.450 0 0 E DTC_ETH,link_delay_work_func: 3003, SQI=0, link=0
01-02 09:22:56.571 0 0 E DTC_ETH,link_delay_work_func: 3003, SQI=0, link=0
01-02 09:23:01.690 0 0 E DTC_ETH,link_delay_work_func: 3003, SQI=0, link=0
01-02 09:23:06.810 0 0 E DTC_ETH,link_delay_work_func: 3003, SQI=0, link=0
01-02 09:23:11.930 0 0 E DTC_ETH,link_delay_work_func: 3003, SQI=0, link=0
01-02 09:23:17.050 0 0 E DTC_ETH,link_delay_work_func: 3003, SQI=0, link=0
01-02 09:23:22.170 0 0 E DTC_ETH,link_delay_work_func: 3003, SQI=0, link=0
01-02 09:23:27.290 0 0 E DTC_ETH,link_delay_work_func: 3003, SQI=0, link=0
01-02 09:23:32.410 0 0 E DTC_ETH,link_delay_work_func: 3003, SQI=0, link=0
01-02 09:23:37.530 0 0 E DTC_ETH,link_delay_work_func: 3003, SQI=0, link=0
01-02 09:23:42.650 0 0 E DTC_ETH,link_delay_work_func: 3003, SQI=0, link=0
01-02 09:23:47.770 0 0 E DTC_ETH,link_delay_work_func: 3003, SQI=0, link=0
01-02 09:23:52.890 0 0 E DTC_ETH,link_delay_work_func: 3003, SQI=0, link=0
01-02 09:23:58.010 0 0 E DTC_ETH,link_delay_work_func: 3003, SQI=0, link=0
01-02 09:24:03.130 0 0 E DTC_ETH,link_delay_work_func: 3003, SQI=0, link=0
01-02 09:24:08.250 0 0 E DTC_ETH,link_delay_work_func: 3003, SQI=0, link=0
01-02 09:24:13.370 0 0 E DTC_ETH,link_delay_work_func: 3003, SQI=0, link=0
01-02 09:24:18.490 0 0 E DTC_ETH,link_delay_work_func: 3003, SQI=0, link=0
01-02 09:24:23.610 0 0 E DTC_ETH,link_delay_work_func: 3003, SQI=0, link=0
01-02 09:24:28.730 0 0 E DTC_ETH,link_delay_work_func: 3003, SQI=0, link=0
01-02 09:24:33.850 0 0 E DTC_ETH,link_delay_work_func: 3003, SQI=0, link=0
01-02 09:24:38.970 0 0 E DTC_ETH,link_delay_work_func: 3003, SQI=0, link=0
01-02 09:24:44.091 0 0 E DTC_ETH,link_delay_work_func: 3003, SQI=0, link=0
01-02 09:24:49.210 0 0 E DTC_ETH,link_delay_work_func: 3003, SQI=0, link=0
01-02 09:24:54.330 0 0 E DTC_ETH,link_delay_work_func: 3003, SQI=0, link=0
01-02 09:24:59.450 0 0 E DTC_ETH,link_delay_work_func: 3003, SQI=0, link=0
01-02 09:25:04.570 0 0 E DTC_ETH,link_delay_work_func: 3003, SQI=0, link=0
01-02 09:25:09.690 0 0 E DTC_ETH,link_delay_work_func: 3003, SQI=0, link=0
01-02 09:25:14.810 0 0 E DTC_ETH,link_delay_work_func: 3003, SQI=0, link=0
01-02 09:25:19.930 0 0 E DTC_ETH,link_delay_work_func: 3003, SQI=0, link=0
01-02 09:25:25.051 0 0 E DTC_ETH,link_delay_work_func: 3003, SQI=0, link=0
01-02 09:25:30.170 0 0 E DTC_ETH,link_delay_work_func: 3003, SQI=0, link=0
01-02 09:25:35.290 0 0 E DTC_ETH,link_delay_work_func: 3003, SQI=0, link=0
01-02 09:25:40.410 0 0 E DTC_ETH,link_delay_work_func: 3003, SQI=0, link=0
01-02 09:25:45.530 0 0 E DTC_ETH,link_delay_work_func: 3003, SQI=0, link=0
01-02 09:25:50.650 0 0 E DTC_ETH,link_delay_work_func: 3003, SQI=0, link=0
01-02 09:25:55.770 0 0 E DTC_ETH,link_delay_work_func: 3003, SQI=0, link=0
01-02 09:26:00.890 0 0 E DTC_ETH,link_delay_work_func: 3003, SQI=0, link=0
01-02 09:26:06.010 0 0 E DTC_ETH,link_delay_work_func: 3003, SQI=0, link=0
01-02 09:26:11.130 0 0 E DTC_ETH,link_delay_work_func: 3003, SQI=0, link=0
01-02 09:26:16.251 0 0 E DTC_ETH,link_delay_work_func: 3003, SQI=0, link=0
01-02 09:26:21.370 0 0 E DTC_ETH,link_delay_work_func: 3003, SQI=0, link=0
01-02 09:26:26.490 0 0 E DTC_ETH,link_delay_work_func: 3003, SQI=0, link=0
01-02 09:26:31.611 0 0 E DTC_ETH,link_delay_work_func: 3003, SQI=0, link=0
01-02 09:26:36.730 0 0 E DTC_ETH,link_delay_work_func: 3003, SQI=0, link=0
01-02 09:26:41.850 0 0 E DTC_ETH,link_delay_work_func: 3003, SQI=0, link=0
01-02 09:26:46.970 0 0 E DTC_ETH,link_delay_work_func: 3003, SQI=0, link=0
01-02 09:26:52.090 0 0 E DTC_ETH,link_delay_work_func: 3003, SQI=0, link=0
01-02 09:26:57.210 0 0 E DTC_ETH,link_delay_work_func: 3003, SQI=0, link=0
01-02 09:27:02.330 0 0 E DTC_ETH,link_delay_work_func: 3003, SQI=0, link=0
01-02 09:27:07.450 0 0 E DTC_ETH,link_delay_work_func: 3003, SQI=0, link=0
01-02 09:27:12.570 0 0 E DTC_ETH,link_delay_work_func: 3003, SQI=0, link=0
01-02 09:27:15.296 0 0 I [dp_rx_][0x199a4465c10][04:20:15.920158] wlan: [3350:I:QDF] DHCP-D RX: SA:0e:79:35:c2:75:95 DA:ff:ff:ff:ff:ff:ff
01-02 09:27:16.322 0 0 I [dp_rx_][0x199a572ea30][04:20:16.946053] wlan: [3350:I:QDF] DHCP-R RX: SA:0e:79:35:c2:75:95 DA:ff:ff:ff:ff:ff:ff
01-02 09:27:17.690 0 0 E DTC_ETH,link_delay_work_func: 3003, SQI=0, link=0
01-02 09:27:22.810 0 0 E DTC_ETH,link_delay_work_func: 3003, SQI=0, link=0
01-02 09:27:24.411 0 0 I [dp_rx_][0x199aeb4f5a2][04:20:25.035805] wlan: [3350:I:QDF] DHCP-R RX: SA:0e:79:35:c2:75:95 DA:ff:ff:ff:ff:ff:ff
01-02 09:27:27.930 0 0 E DTC_ETH,link_delay_work_func: 3003, SQI=0, link=0
01-02 09:27:33.050 0 0 E DTC_ETH,link_delay_work_func: 3003, SQI=0, link=0
01-02 09:27:38.170 0 0 E DTC_ETH,link_delay_work_func: 3003, SQI=0, link=0
01-02 09:27:43.290 0 0 E DTC_ETH,link_delay_work_func: 3003, SQI=0, link=0
01-02 09:27:48.410 0 0 E DTC_ETH,link_delay_work_func: 3003, SQI=0, link=0
01-02 09:27:53.530 0 0 E DTC_ETH,link_delay_work_func: 3003, SQI=0, link=0
01-02 09:27:58.654 0 0 E DTC_ETH,link_delay_work_func: 3003, SQI=0, link=0
01-02 09:28:03.770 0 0 E DTC_ETH,link_delay_work_func: 3003, SQI=0, link=0
01-02 09:28:08.890 0 0 E DTC_ETH,link_delay_work_func: 3003, SQI=0, link=0
01-02 09:28:14.010 0 0 E DTC_ETH,link_delay_work_func: 3003, SQI=0, link=0
01-02 09:28:19.130 0 0 E DTC_ETH,link_delay_work_func: 3003, SQI=0, link=0
01-02 09:28:24.250 0 0 E DTC_ETH,link_delay_work_func: 3003, SQI=0, link=0
01-02 09:28:29.370 0 0 E DTC_ETH,link_delay_work_func: 3003, SQI=0, link=0
01-02 09:28:34.490 0 0 E DTC_ETH,link_delay_work_func: 3003, SQI=0, link=0
01-02 09:28:39.610 0 0 E DTC_ETH,link_delay_work_func: 3003, SQI=0, link=0
01-02 09:28:44.730 0 0 E DTC_ETH,link_delay_work_func: 3003, SQI=0, link=0
01-02 09:28:49.850 0 0 E DTC_ETH,link_delay_work_func: 3003, SQI=0, link=0
01-02 09:28:54.970 0 0 E DTC_ETH,link_delay_work_func: 3003, SQI=0, link=0
01-02 09:29:00.090 0 0 E DTC_ETH,link_delay_work_func: 3003, SQI=0, link=0
01-02 09:29:05.210 0 0 E DTC_ETH,link_delay_work_func: 3003, SQI=0, link=0
01-02 09:29:10.330 0 0 E DTC_ETH,link_delay_work_func: 3003, SQI=0, link=0
01-02 09:29:15.450 0 0 E DTC_ETH,link_delay_work_func: 3003, SQI=0, link=0
01-02 09:29:20.570 0 0 E DTC_ETH,link_delay_work_func: 3003, SQI=0, link=0
01-02 09:29:25.690 0 0 E DTC_ETH,link_delay_work_func: 3003, SQI=0, link=0
01-02 09:29:30.810 0 0 E DTC_ETH,link_delay_work_func: 3003, SQI=0, link=0
01-02 09:29:35.930 0 0 E DTC_ETH,link_delay_work_func: 3003, SQI=0, link=0
01-02 09:29:41.050 0 0 E DTC_ETH,link_delay_work_func: 3003, SQI=0, link=0
01-02 09:29:46.170 0 0 E DTC_ETH,link_delay_work_func: 3003, SQI=0, link=0
01-02 09:29:51.290 0 0 E DTC_ETH,link_delay_work_func: 3003, SQI=0, link=0
01-02 09:29:56.410 0 0 E DTC_ETH,link_delay_work_func: 3003, SQI=0, link=0
01-02 09:30:01.530 0 0 E DTC_ETH,link_delay_work_func: 3003, SQI=0, link=0
01-02 09:30:02.320 0 0 I binder : 1501:1733 ioctl 400c620e 73196005d8 returned -22
01-02 09:30:02.321 0 0 I binder : 1501:1733 ioctl c00c620f 73196005b8 returned -22
03-04 04:23:02.943 1501 1733 D ActivityManager: freezing 6450 com.qti.diagservices
03-04 04:23:02.944 1501 1733 E ActivityManager: Unable to freeze binder for 6450 com.qti.diagservices
03-04 04:23:02.945 1501 1733 D ActivityManager: froze 6450 com.qti.diagservices
03-04 04:23:02.945 1501 1733 E ActivityManager: Unable to freeze binder for 6450 com.qti.diagservices
03-04 04:23:02.947 1501 1733 I ActivityManager: Killing 6450:com.qti.diagservices/1000 (adj 915): Unable to freeze binder interface
03-04 04:23:02.985 1501 2074 W ActivityManager: Scheduling restart of crashed service com.qti.diagservices/.QTIDiagServices in 1000ms for start-requested
03-04 04:23:03.896 1501 1621 W BatteryExternalStatsWorker: error reading modem stats:ERROR_PHONE_NOT_AVAILABLE
03-04 04:23:03.922 1501 1621 E KernelCpuSpeedReader: Failed to read cpu-freq: /sys/devices/system/cpu/cpu4/cpufreq/stats/time_in_state: open failed: ENOENT (No such file or directory)
03-04 04:23:03.923 1501 1621 E KernelCpuSpeedReader: Failed to read cpu-freq: /sys/devices/system/cpu/cpu0/cpufreq/stats/time_in_state: open failed: ENOENT (No such file or directory)
01-02 09:30:03.306 0 0 W audit : audit_lost=6018 audit_rate_limit=5 audit_backlog_limit=64
01-02 09:30:03.306 0 0 E audit : rate limit exceeded
03-04 04:23:03.988 1501 1600 D CompatibilityChangeReporter: Compat change id reported: 135634846; UID 1000; state: DISABLED
03-04 04:23:03.988 1501 1600 D CompatibilityChangeReporter: Compat change id reported: 177438394; UID 1000; state: DISABLED
03-04 04:23:03.988 1501 1600 D CompatibilityChangeReporter: Compat change id reported: 135772972; UID 1000; state: DISABLED
03-04 04:23:03.988 1501 1600 D CompatibilityChangeReporter: Compat change id reported: 135754954; UID 1000; state: ENABLED
03-04 04:23:04.011 1501 1601 I ActivityManager: Start proc 12717:com.qti.diagservices/1000 for service {com.qti.diagservices/com.qti.diagservices.QTIDiagServices}
01-02 09:30:03.427 0 0 I binder : 12717:12717 ioctl 40046210 7fe0d02fe4 returned -22
01-02 09:30:06.650 0 0 E DTC_ETH,link_delay_work_func: 3003, SQI=0, link=0
01-02 09:30:11.770 0 0 E DTC_ETH,link_delay_work_func: 3003, SQI=0, link=0
01-02 09:30:16.890 0 0 E DTC_ETH,link_delay_work_func: 3003, SQI=0, link=0
01-02 09:30:22.010 0 0 E DTC_ETH,link_delay_work_func: 3003, SQI=0, link=0
01-02 09:30:23.152 0 0 I init : Untracked pid 12756 exited with status 0
01-02 09:30:27.130 0 0 E DTC_ETH,link_delay_work_func: 3003, SQI=0, link=0
01-02 09:30:32.250 0 0 E DTC_ETH,link_delay_work_func: 3003, SQI=0, link=0
01-02 09:30:37.370 0 0 E DTC_ETH,link_delay_work_func: 3003, SQI=0, link=0
01-02 09:30:42.490 0 0 E DTC_ETH,link_delay_work_func: 3003, SQI=0, link=0
01-02 09:30:47.610 0 0 E DTC_ETH,link_delay_work_func: 3003, SQI=0, link=0
01-02 09:30:52.730 0 0 E DTC_ETH,link_delay_work_func: 3003, SQI=0, link=0
01-02 09:30:57.850 0 0 E DTC_ETH,link_delay_work_func: 3003, SQI=0, link=0
01-02 09:31:02.970 0 0 E DTC_ETH,link_delay_work_func: 3003, SQI=0, link=0
01-02 09:31:08.090 0 0 E DTC_ETH,link_delay_work_func: 3003, SQI=0, link=0
01-02 09:31:13.210 0 0 E DTC_ETH,link_delay_work_func: 3003, SQI=0, link=0
01-02 09:31:18.330 0 0 E DTC_ETH,link_delay_work_func: 3003, SQI=0, link=0
03-04 04:24:20.960 1501 1501 I JobServiceContext: Client timed out while executing (no jobFinished received). Sending onStop: 90760d #u0a102/230 com.kuaishou.nebula/androidx.work.impl.background.systemjob.SystemJobService
03-04 04:24:24.073 1501 1501 I JobServiceContext: Client timed out while executing (no jobFinished received). Sending onStop: e77600e #u0a115/224 com.smile.gifmaker/androidx.work.impl.background.systemjob.SystemJobService
01-02 09:31:23.450 0 0 E DTC_ETH,link_delay_work_func: 3003, SQI=0, link=0
01-02 09:31:28.570 0 0 E DTC_ETH,link_delay_work_func: 3003, SQI=0, link=0
01-02 09:31:33.690 0 0 E DTC_ETH,link_delay_work_func: 3003, SQI=0, link=0
03-04 04:24:36.902 1501 1600 W ActivityManager: Stopping service due to app idle: u0a115 -1d1h31m14s67ms com.smile.gifmaker/com.kwai.chat.kwailink.service.NewKwaiLinkService
01-02 09:31:38.810 0 0 E DTC_ETH,link_delay_work_func: 3003, SQI=0, link=0
01-02 09:31:43.930 0 0 E DTC_ETH,link_delay_work_func: 3003, SQI=0, link=0
01-02 09:31:49.050 0 0 E DTC_ETH,link_delay_work_func: 3003, SQI=0, link=0
01-02 09:31:54.170 0 0 E DTC_ETH,link_delay_work_func: 3003, SQI=0, link=0
01-02 09:31:59.294 0 0 E DTC_ETH,link_delay_work_func: 3003, SQI=0, link=0
01-02 09:32:04.410 0 0 E DTC_ETH,link_delay_work_func: 3003, SQI=0, link=0
01-02 09:32:09.530 0 0 E DTC_ETH,link_delay_work_func: 3003, SQI=0, link=0
01-02 09:32:14.650 0 0 E DTC_ETH,link_delay_work_func: 3003, SQI=0, link=0
01-02 09:32:17.979 0 0 D cnss : Host time = 91937980120 us, device time = 91906530460 us, offset = 31449660 us
01-02 09:32:17.979 0 0 D cnss : Updated time sync regs [0x984] = 0x1dfe23c, [0x988] = 0x0
01-02 09:32:19.770 0 0 E DTC_ETH,link_delay_work_func: 3003, SQI=0, link=0
01-02 09:32:24.891 0 0 E DTC_ETH,link_delay_work_func: 3003, SQI=0, link=0
01-02 09:32:30.010 0 0 E DTC_ETH,link_delay_work_func: 3003, SQI=0, link=0
01-02 09:32:31.416 0 0 I [dp_rx_][0x19b0e0bb3dc][04:25:32.040368] wlan: [3350:I:QDF] DHCP-D RX: SA:0e:79:35:c2:75:95 DA:ff:ff:ff:ff:ff:ff
01-02 09:32:32.442 0 0 I [dp_rx_][0x19b0f382ce9][04:25:33.065982] wlan: [3350:I:QDF] DHCP-R RX: SA:0e:79:35:c2:75:95 DA:ff:ff:ff:ff:ff:ff
01-02 09:32:34.386 0 0 I [dp_rx_][0x19b1171e8ab][04:25:35.010672] wlan: [3350:I:QDF] DHCP-R RX: SA:0e:79:35:c2:75:95 DA:ff:ff:ff:ff:ff:ff
01-02 09:32:35.130 0 0 E DTC_ETH,link_delay_work_func: 3003, SQI=0, link=0
01-02 09:32:39.405 0 0 I [dp_rx_][0x19b173054d1][04:25:40.029714] wlan: [3350:I:QDF] DHCP-R RX: SA:0e:79:35:c2:75:95 DA:ff:ff:ff:ff:ff:ff
01-02 09:32:40.250 0 0 E DTC_ETH,link_delay_work_func: 3003, SQI=0, link=0
01-02 09:32:45.370 0 0 E DTC_ETH,link_delay_work_func: 3003, SQI=0, link=0
01-02 09:32:50.490 0 0 E DTC_ETH,link_delay_work_func: 3003, SQI=0, link=0
01-02 09:32:55.610 0 0 E DTC_ETH,link_delay_work_func: 3003, SQI=0, link=0
01-02 09:33:00.734 0 0 E DTC_ETH,link_delay_work_func: 3003, SQI=0, link=0
01-02 09:33:05.850 0 0 E DTC_ETH,link_delay_work_func: 3003, SQI=0, link=0
01-02 09:33:10.970 0 0 E DTC_ETH,link_delay_work_func: 3003, SQI=0, link=0
01-02 09:33:16.090 0 0 E DTC_ETH,link_delay_work_func: 3003, SQI=0, link=0
01-02 09:33:21.210 0 0 E DTC_ETH,link_delay_work_func: 3003, SQI=0, link=0
01-02 09:33:26.330 0 0 E DTC_ETH,link_delay_work_func: 3003, SQI=0, link=0
01-02 09:33:31.450 0 0 E DTC_ETH,link_delay_work_func: 3003, SQI=0, link=0
01-02 09:33:36.570 0 0 E DTC_ETH,link_delay_work_func: 3003, SQI=0, link=0
01-02 09:33:41.690 0 0 E DTC_ETH,link_delay_work_func: 3003, SQI=0, link=0
01-02 09:33:46.810 0 0 E DTC_ETH,link_delay_work_func: 3003, SQI=0, link=0
01-02 09:33:51.930 0 0 E DTC_ETH,link_delay_work_func: 3003, SQI=0, link=0
01-02 09:33:57.050 0 0 E DTC_ETH,link_delay_work_func: 3003, SQI=0, link=0
01-02 09:34:02.175 0 0 E DTC_ETH,link_delay_work_func: 3003, SQI=0, link=0
01-02 09:34:07.290 0 0 E DTC_ETH,link_delay_work_func: 3003, SQI=0, link=0
01-02 09:34:12.410 0 0 E DTC_ETH,link_delay_work_func: 3003, SQI=0, link=0
01-02 09:34:17.530 0 0 E DTC_ETH,link_delay_work_func: 3003, SQI=0, link=0
01-02 09:34:22.651 0 0 E DTC_ETH,link_delay_work_func: 3003, SQI=0, link=0
01-02 09:34:27.770 0 0 E DTC_ETH,link_delay_work_func: 3003, SQI=0, link=0
01-02 09:34:32.890 0 0 E DTC_ETH,link_delay_work_func: 3003, SQI=0, link=0
01-02 09:34:38.010 0 0 E DTC_ETH,link_delay_work_func: 3003, SQI=0, link=0
01-02 09:34:43.130 0 0 E DTC_ETH,link_delay_work_func: 3003, SQI=0, link=0
01-02 09:34:48.250 0 0 E DTC_ETH,link_delay_work_func: 3003, SQI=0, link=0
01-02 09:34:53.370 0 0 E DTC_ETH,link_delay_work_func: 3003, SQI=0, link=0
01-02 09:34:58.495 0 0 E DTC_ETH,link_delay_work_func: 3003, SQI=0, link=0
01-02 09:35:03.610 0 0 E DTC_ETH,link_delay_work_func: 3003, SQI=0, link=0
01-02 09:35:08.730 0 0 E DTC_ETH,link_delay_work_func: 3003, SQI=0, link=0
01-02 09:35:13.850 0 0 E DTC_ETH,link_delay_work_func: 3003, SQI=0, link=0
01-02 09:35:18.970 0 0 E DTC_ETH,link_delay_work_func: 3003, SQI=0, link=0
01-02 09:35:24.090 0 0 E DTC_ETH,link_delay_work_func: 3003, SQI=0, link=0
01-02 09:35:29.210 0 0 E DTC_ETH,link_delay_work_func: 3003, SQI=0, link=0
01-02 09:35:34.330 0 0 E DTC_ETH,link_delay_work_func: 3003, SQI=0, link=0
01-02 09:35:39.450 0 0 E DTC_ETH,link_delay_work_func: 3003, SQI=0, link=0
01-02 09:35:44.570 0 0 E DTC_ETH,link_delay_work_func: 3003, SQI=0, link=0
01-02 09:35:49.690 0 0 E DTC_ETH,link_delay_work_func: 3003, SQI=0, link=0
01-02 09:35:54.810 0 0 E DTC_ETH,link_delay_work_func: 3003, SQI=0, link=0
01-02 09:35:59.930 0 0 E DTC_ETH,link_delay_work_func: 3003, SQI=0, link=0
01-02 09:36:05.050 0 0 E DTC_ETH,link_delay_work_func: 3003, SQI=0, link=0
01-02 09:36:10.170 0 0 E DTC_ETH,link_delay_work_func: 3003, SQI=0, link=0
01-02 09:36:15.290 0 0 E DTC_ETH,link_delay_work_func: 3003, SQI=0, link=0
01-02 09:36:20.410 0 0 E DTC_ETH,link_delay_work_func: 3003, SQI=0, link=0
01-02 09:36:25.530 0 0 E DTC_ETH,link_delay_work_func: 3003, SQI=0, link=0
01-02 09:36:30.650 0 0 E DTC_ETH,link_delay_work_func: 3003, SQI=0, link=0
01-02 09:36:35.770 0 0 E DTC_ETH,link_delay_work_func: 3003, SQI=0, link=0
01-02 09:36:40.890 0 0 E DTC_ETH,link_delay_work_func: 3003, SQI=0, link=0
01-02 09:36:46.010 0 0 E DTC_ETH,link_delay_work_func: 3003, SQI=0, link=0
01-02 09:36:51.130 0 0 E DTC_ETH,link_delay_work_func: 3003, SQI=0, link=0
01-02 09:36:56.250 0 0 E DTC_ETH,link_delay_work_func: 3003, SQI=0, link=0
01-02 09:37:01.370 0 0 E DTC_ETH,link_delay_work_func: 3003, SQI=0, link=0
01-02 09:37:06.490 0 0 E DTC_ETH,link_delay_work_func: 3003, SQI=0, link=0
01-02 09:37:11.610 0 0 E DTC_ETH,link_delay_work_func: 3003, SQI=0, link=0
01-02 09:37:16.730 0 0 E DTC_ETH,link_delay_work_func: 3003, SQI=0, link=0
01-02 09:37:21.850 0 0 E DTC_ETH,link_delay_work_func: 3003, SQI=0, link=0
01-02 09:37:26.970 0 0 E DTC_ETH,link_delay_work_func: 3003, SQI=0, link=0
01-02 09:37:32.090 0 0 E DTC_ETH,link_delay_work_func: 3003, SQI=0, link=0
01-02 09:37:37.210 0 0 E DTC_ETH,link_delay_work_func: 3003, SQI=0, link=0
01-02 09:37:42.330 0 0 E DTC_ETH,link_delay_work_func: 3003, SQI=0, link=0
01-02 09:37:45.181 0 0 I [dp_rx_][0x19c751f1432][04:30:45.805493] wlan: [3350:I:QDF] DHCP-D RX: SA:0e:79:35:c2:75:95 DA:ff:ff:ff:ff:ff:ff
01-02 09:37:47.450 0 0 E DTC_ETH,link_delay_work_func: 3003, SQI=0, link=0
01-02 09:37:52.570 0 0 E DTC_ETH,link_delay_work_func: 3003, SQI=0, link=0
01-02 09:37:54.297 0 0 I [dp_rx_][0x19c7f8da269][04:30:54.920989] wlan: [3350:I:QDF] DHCP-R RX: SA:0e:79:35:c2:75:95 DA:ff:ff:ff:ff:ff:ff
01-02 09:37:57.690 0 0 E DTC_ETH,link_delay_work_func: 3003, SQI=0, link=0
01-02 09:38:02.810 0 0 E DTC_ETH,link_delay_work_func: 3003, SQI=0, link=0
01-02 09:38:07.930 0 0 E DTC_ETH,link_delay_work_func: 3003, SQI=0, link=0
01-02 09:38:13.050 0 0 E DTC_ETH,link_delay_work_func: 3003, SQI=0, link=0
01-02 09:38:18.170 0 0 E DTC_ETH,link_delay_work_func: 3003, SQI=0, link=0
01-02 09:38:23.290 0 0 E DTC_ETH,link_delay_work_func: 3003, SQI=0, link=0
01-02 09:38:28.410 0 0 E DTC_ETH,link_delay_work_func: 3003, SQI=0, link=0
01-02 09:38:33.530 0 0 E DTC_ETH,link_delay_work_func: 3003, SQI=0, link=0
01-02 09:38:38.650 0 0 E DTC_ETH,link_delay_work_func: 3003, SQI=0, link=0
01-02 09:38:43.770 0 0 E DTC_ETH,link_delay_work_func: 3003, SQI=0, link=0
01-02 09:38:48.890 0 0 E DTC_ETH,link_delay_work_func: 3003, SQI=0, link=0
01-02 09:38:54.010 0 0 E DTC_ETH,link_delay_work_func: 3003, SQI=0, link=0
01-02 09:38:59.130 0 0 E DTC_ETH,link_delay_work_func: 3003, SQI=0, link=0
01-02 09:39:04.250 0 0 E DTC_ETH,link_delay_work_func: 3003, SQI=0, link=0
01-02 09:39:09.370 0 0 E DTC_ETH,link_delay_work_func: 3003, SQI=0, link=0
01-02 09:39:14.490 0 0 E DTC_ETH,link_delay_work_func: 3003, SQI=0, link=0
01-02 09:39:19.614 0 0 E DTC_ETH,link_delay_work_func: 3003, SQI=0, link=0
01-02 09:39:24.730 0 0 E DTC_ETH,link_delay_work_func: 3003, SQI=0, link=0
01-02 09:39:29.850 0 0 E DTC_ETH,link_delay_work_func: 3003, SQI=0, link=0
01-02 09:39:34.970 0 0 E DTC_ETH,link_delay_work_func: 3003, SQI=0, link=0
01-02 09:39:40.090 0 0 E DTC_ETH,link_delay_work_func: 3003, SQI=0, link=0
01-02 09:39:45.210 0 0 E DTC_ETH,link_delay_work_func: 3003, SQI=0, link=0
01-02 09:39:50.330 0 0 E DTC_ETH,link_delay_work_func: 3003, SQI=0, link=0
01-02 09:39:55.450 0 0 E DTC_ETH,link_delay_work_func: 3003, SQI=0, link=0
01-02 09:40:00.570 0 0 E DTC_ETH,link_delay_work_func: 3003, SQI=0, link=0
01-02 09:40:05.691 0 0 E DTC_ETH,link_delay_work_func: 3003, SQI=0, link=0
01-02 09:40:10.810 0 0 E DTC_ETH,link_delay_work_func: 3003, SQI=0, link=0
01-02 09:40:15.930 0 0 E DTC_ETH,link_delay_work_func: 3003, SQI=0, link=0
03-04 04:33:17.598 1501 1598 I UsageStatsService: User[0] Flushing usage stats to disk
