01-01 08:00:35.016 608 608 E sscrpcd : vendor/qcom/proprietary/adsprpc/src/fastrpc_apps_user.c:2968: Error 0x200: open_dev (-1) failed for domain 2 (errno Transport endpoint is not connected)
01-01 08:00:35.016 608 608 E sscrpcd : vendor/qcom/proprietary/adsprpc/src/fastrpc_apps_user.c:1348: Error 0x200: remote_handle_open failed for adsp_default_listener (errno Success)
01-01 08:00:35.016 608 608 E sscrpcd : vendor/qcom/proprietary/sensors-see/sscrpcd/src/sscrpcd.cpp:98:listener exits
01-01 08:00:35.016 608 608 I sscrpcd : vendor/qcom/proprietary/adsprpc/src/rpcmem_android.c:192: rpcmem_deinit_internal: closed ION fd 4
01-01 08:00:35.016 608 608 I sscrpcd : vendor/qcom/proprietary/adsprpc/src/fastrpc_pm.c:116: fastrpc_wake_lock_deinit done
01-01 08:00:35.016 608 608 I sscrpcd : vendor/qcom/proprietary/adsprpc/src/fastrpc_apps_user.c:3019: fastrpc_apps_user_deinit done
01-01 08:00:35.016 1052 1052 I pd-mapper-svc: Starting pd-mapper service
01-01 08:00:35.016 1052 1052 I pd-mapper-svc: Parsing file :/vendor/firmware_mnt/image/adspr.jsn:
01-01 08:00:35.017 608 608 E sscrpcd : vendor/qcom/proprietary/sensors-see/sscrpcd/src/sscrpcd.cpp:109:sscrpcd daemon will restart after 25ms...
01-01 08:00:35.018 935 935 I SDM : HWInfoDRM::GetHWPlanesInfo: Adding VIG Pipe : Id 55, master_pipe_id : Id 0 block_sec_ui: 1
01-01 08:00:35.019 935 935 I SDM : HWInfoDRM::GetHWPlanesInfo: Adding VIG Pipe : Id 76, master_pipe_id : Id 0 block_sec_ui: 1
01-01 08:00:35.019 935 935 I SDM : HWInfoDRM::GetHWPlanesInfo: Adding VIG Pipe : Id 79, master_pipe_id : Id 0 block_sec_ui: 1
01-01 08:00:35.019 935 935 I SDM : HWInfoDRM::GetHWPlanesInfo: Adding VIG Pipe : Id 82, master_pipe_id : Id 0 block_sec_ui: 1
01-01 08:00:35.019 935 935 I SDM : HWInfoDRM::GetHWPlanesInfo: Adding DMA Pipe : Id 85, master_pipe_id : Id 0 block_sec_ui: 0
01-01 08:00:35.019 935 935 I SDM : HWInfoDRM::GetHWPlanesInfo: Adding DMA Pipe : Id 91, master_pipe_id : Id 0 block_sec_ui: 1
01-01 08:00:35.019 935 935 I SDM : HWInfoDRM::GetHWPlanesInfo: Adding DMA Pipe : Id 94, master_pipe_id : Id 0 block_sec_ui: 1
01-01 08:00:35.019 935 935 I SDM : HWInfoDRM::GetHWPlanesInfo: Adding DMA Pipe : Id 97, master_pipe_id : Id 0 block_sec_ui: 1
01-01 08:00:35.019 935 935 I SDM : HWInfoDRM::GetHWPlanesInfo: Adding DMA Pipe : Id 100, master_pipe_id : Id 85 block_sec_ui: 0
01-01 08:00:35.019 935 935 I SDM : HWInfoDRM::GetHWPlanesInfo: Adding DMA Pipe : Id 104, master_pipe_id : Id 91 block_sec_ui: 1
01-01 08:00:35.019 935 935 I SDM : HWInfoDRM::GetHWPlanesInfo: Adding DMA Pipe : Id 107, master_pipe_id : Id 94 block_sec_ui: 1
01-01 08:00:35.019 935 935 I SDM : HWInfoDRM::GetHWPlanesInfo: Adding DMA Pipe : Id 110, master_pipe_id : Id 97 block_sec_ui: 1
01-01 08:00:35.019 935 935 I SDM : HWInfoDRM::GetHWPlanesInfo: Adding DMA Pipe : Id 113, master_pipe_id : Id 55 block_sec_ui: 1
01-01 08:00:35.019 935 935 I SDM : HWInfoDRM::GetHWPlanesInfo: Adding DMA Pipe : Id 116, master_pipe_id : Id 76 block_sec_ui: 1
01-01 08:00:35.019 935 935 I SDM : HWInfoDRM::GetHWPlanesInfo: Adding DMA Pipe : Id 119, master_pipe_id : Id 79 block_sec_ui: 1
01-01 08:00:35.019 935 935 I SDM : HWInfoDRM::GetHWPlanesInfo: Adding DMA Pipe : Id 122, master_pipe_id : Id 82 block_sec_ui: 1
01-01 08:00:35.019 1022 1022 I HidlServiceManagement: Registered vendor.qti.hardware.servicetracker@1.2::IServicetracker/default (start delay of 77ms)
01-01 08:00:35.019 1022 1022 I HidlServiceManagement: Removing namespace from process name vendor.qti.hardware.servicetracker@1.2-service to servicetracker@1.2-service.
01-01 08:00:35.019 1022 1022 I LegacySupport: Registration complete for vendor.qti.hardware.servicetracker@1.2::IServicetracker/default.
01-01 08:00:35.019 935 935 I SDM : HWInfoDRM::GetHWResourceInfo: Destination scaler found. Block count = 2.
01-01 08:00:35.019 935 935 I SDM : HWInfoDRM::GetHWResourceInfo: Max plane width = 4096
01-01 08:00:35.019 935 935 I SDM : HWInfoDRM::GetHWResourceInfo: Max cursor width = 128
01-01 08:00:35.019 935 935 I SDM : HWInfoDRM::GetHWResourceInfo: Max plane upscale = 20
01-01 08:00:35.019 935 935 I SDM : HWInfoDRM::GetHWResourceInfo: Max plane downscale = 4
01-01 08:00:35.019 935 935 I SDM : HWInfoDRM::GetHWResourceInfo: Has Decimation = 0
01-01 08:00:35.019 935 935 I SDM : HWInfoDRM::GetHWResourceInfo: Max Blending Stages = 11
01-01 08:00:35.019 935 935 I SDM : HWInfoDRM::GetHWResourceInfo: Has Source Split = 1
01-01 08:00:35.019 935 935 I SDM : HWInfoDRM::GetHWResourceInfo: Has QSEED3 = 1
01-01 08:00:35.019 935 935 I SDM : HWInfoDRM::GetHWResourceInfo: Has UBWC = 1
01-01 08:00:35.019 935 935 I SDM : HWInfoDRM::GetHWResourceInfo: Has Micro Idle = 1
01-01 08:00:35.019 935 935 I SDM : HWInfoDRM::GetHWResourceInfo: Has Concurrent Writeback = 1
01-01 08:00:35.019 935 935 I SDM : HWInfoDRM::GetHWResourceInfo: Has Src Tonemap = 6
01-01 08:00:35.019 935 935 I SDM : HWInfoDRM::GetHWResourceInfo: Max Low Bw = 13700000
01-01 08:00:35.019 935 935 I SDM : HWInfoDRM::GetHWResourceInfo: Max High Bw = 16600000
01-01 08:00:35.019 935 935 I SDM : HWInfoDRM::GetHWResourceInfo: Max Pipe Bw = 4400000 KBps
01-01 08:00:35.019 935 935 I SDM : HWInfoDRM::GetHWResourceInfo: Max Pipe Bw High= 5300000 KBps
01-01 08:00:35.019 935 935 I SDM : HWInfoDRM::GetHWResourceInfo: MaxSDEClock = 460000000 Hz
01-01 08:00:35.019 935 935 I SDM : HWInfoDRM::GetHWResourceInfo: Clock Fudge Factor = 1.050000
01-01 08:00:35.019 935 935 I SDM : HWInfoDRM::GetHWResourceInfo: Prefill factors:
01-01 08:00:35.019 935 935 I SDM : HWInfoDRM::GetHWResourceInfo: Tiled_NV12 = 8
01-01 08:00:35.019 935 935 I SDM : HWInfoDRM::GetHWResourceInfo: Tiled = 4
01-01 08:00:35.019 935 935 I SDM : HWInfoDRM::GetHWResourceInfo: Linear = 1
01-01 08:00:35.019 935 935 I SDM : HWInfoDRM::GetHWResourceInfo: Scale = 1
01-01 08:00:35.019 935 935 I SDM : HWInfoDRM::GetHWResourceInfo: Fudge_factor = 2
01-01 08:00:35.019 935 935 I SDM : HWInfoDRM::GetHWResourceInfo: ib_fudge_factor = 6.000000
01-01 08:00:35.019 1052 1052 I pd-mapper-svc: Parsing file :/vendor/firmware_mnt/image/adspua.jsn:
01-01 08:00:35.019 1052 1052 I pd-mapper-svc: Parsing file :/vendor/firmware_mnt/image/cdspr.jsn:
01-01 08:00:35.020 935 935 I SDM : HWInfoDRM::GetHWRotatorInfo: V4L2 Rotator: Count = 0, Downscale = 0, Min_downscale = 2.000000,Downscale_compression = 0, Max_line_width = 0
01-01 08:00:35.020 935 935 I SDM : HWInfoDRM::GetHWResourceInfo: Has Support for multiple bw limits shown below
01-01 08:00:35.020 935 935 I SDM : HWInfoDRM::GetHWResourceInfo: Mode-index=0 total_bw_limit=16600000 and pipe_bw_limit=5300000
01-01 08:00:35.020 935 935 I SDM : HWInfoDRM::GetHWResourceInfo: Mode-index=1 total_bw_limit=13700000 and pipe_bw_limit=4400000
01-01 08:00:35.020 1052 1052 I pd-mapper-svc: Parsing file :/vendor/firmware_mnt/image/slpir.jsn:
01-01 08:00:35.020 935 935 I SDM : PipeAllocDrm::Init: Smart DMA: Enabled
01-01 08:00:35.020 935 935 I SDM : PipeAllocDrm::Init: Pipe Priority Order: Disabled
01-01 08:00:35.020 935 935 I SDM : PipeAllocDrm::Init: Prefer multirect Disabled
01-01 08:00:35.020 935 935 I SDM : PipeAllocDrm::Init: pipe->type = 1 Real pipe_id = 55 priority = 0 tonemap = 1
01-01 08:00:35.020 935 935 I SDM : PipeAllocDrm::Init: pipe->type = 1 Real pipe_id = 76 priority = 1 tonemap = 1
01-01 08:00:35.020 935 935 I SDM : PipeAllocDrm::Init: pipe->type = 1 Real pipe_id = 79 priority = 2 tonemap = 1
01-01 08:00:35.020 935 935 I SDM : PipeAllocDrm::Init: pipe->type = 1 Real pipe_id = 82 priority = 3 tonemap = 1
01-01 08:00:35.020 935 935 I SDM : PipeAllocDrm::Init: pipe->type = 3 Real pipe_id = 85 priority = 4 tonemap = 2
01-01 08:00:35.020 935 935 I SDM : PipeAllocDrm::Init: pipe->type = 3 Real pipe_id = 91 priority = 5 tonemap = 2
01-01 08:00:35.020 935 935 I SDM : PipeAllocDrm::Init: pipe->type = 3 Real pipe_id = 94 priority = 6 tonemap = 2
01-01 08:00:35.020 935 935 I SDM : PipeAllocDrm::Init: pipe->type = 3 Real pipe_id = 97 priority = 7 tonemap = 2
01-01 08:00:35.020 935 935 I SDM : PipeAllocDrm::Init: pipe->type = 3 Virtual pipe_id = 100 priority = 8 tonemap = 2
01-01 08:00:35.020 1052 1052 I pd-mapper-svc: Parsing file :/vendor/firmware_mnt/image/slpius.jsn:
01-01 08:00:35.020 935 935 I SDM : PipeAllocDrm::Init: pipe->type = 3 Virtual pipe_id = 104 priority = 9 tonemap = 2
01-01 08:00:35.020 935 935 I SDM : PipeAllocDrm::Init: pipe->type = 3 Virtual pipe_id = 107 priority = 10 tonemap = 2
01-01 08:00:35.020 935 935 I SDM : PipeAllocDrm::Init: pipe->type = 3 Virtual pipe_id = 110 priority = 11 tonemap = 2
01-01 08:00:35.020 935 935 I SDM : PipeAllocDrm::Init: pipe->type = 3 Virtual pipe_id = 113 priority = 12 tonemap = 0
01-01 08:00:35.020 935 935 I SDM : PipeAllocDrm::Init: pipe->type = 3 Virtual pipe_id = 116 priority = 13 tonemap = 0
01-01 08:00:35.020 935 935 I SDM : PipeAllocDrm::Init: pipe->type = 3 Virtual pipe_id = 119 priority = 14 tonemap = 0
01-01 08:00:35.020 935 935 I SDM : PipeAllocDrm::Init: pipe->type = 3 Virtual pipe_id = 122 priority = 15 tonemap = 0
01-01 08:00:35.021 1052 1062 I pd-mapper-svc: Starting servloc server
01-01 08:00:35.022 935 935 I SDM : PipeAllocDrm::Init: Registered Total Pipes = 16 SDma/virtual_pipes = 8
01-01 08:00:35.022 935 935 I SDM : PipeAllocDrm::Init: pipe->type=3 Real pipe_id =97
01-01 08:00:35.022 935 935 I SDM : PipeAllocDrm::Init: pipe->type=3 Real pipe_id =94
01-01 08:00:35.022 935 935 I SDM : PipeAllocDrm::Init: pipe->type=3 Real pipe_id =91
01-01 08:00:35.022 935 935 I SDM : PipeAllocDrm::Init: pipe->type=3 Real pipe_id =85
01-01 08:00:35.022 935 935 I SDM : PipeAllocDrm::Init: pipe->type=1 Real pipe_id =82
01-01 08:00:35.022 935 935 I SDM : PipeAllocDrm::Init: pipe->type=1 Real pipe_id =79
01-01 08:00:35.022 935 935 I SDM : PipeAllocDrm::Init: pipe->type=1 Real pipe_id =76
01-01 08:00:35.022 935 935 I SDM : PipeAllocDrm::Init: pipe->type=1 Real pipe_id =55
01-01 08:00:35.022 935 935 I SDM : PipeAllocDrm::Init: pipe->type=3 Virtual pipe_id =100
01-01 08:00:35.022 935 935 I SDM : PipeAllocDrm::Init: pipe->type=3 Virtual pipe_id =104
01-01 08:00:35.022 935 935 I SDM : PipeAllocDrm::Init: pipe->type=3 Virtual pipe_id =107
01-01 08:00:35.022 935 935 I SDM : PipeAllocDrm::Init: pipe->type=3 Virtual pipe_id =110
01-01 08:00:35.022 935 935 I SDM : PipeAllocDrm::Init: pipe->type=3 Virtual pipe_id =113
01-01 08:00:35.022 935 935 I SDM : PipeAllocDrm::Init: pipe->type=3 Virtual pipe_id =116
01-01 08:00:35.022 935 935 I SDM : PipeAllocDrm::Init: pipe->type=3 Virtual pipe_id =119
01-01 08:00:35.022 935 935 I SDM : PipeAllocDrm::Init: pipe->type=3 Virtual pipe_id =122
01-01 08:00:35.024 1039 1039 D PASR-HAL: Initialize implementation
01-01 08:00:35.024 1039 1039 E PASR-HAL: /sys/devices/system/memory/memory0/valid_zones: No such file or directory
01-01 08:00:35.024 1039 1039 E PASR-HAL: /sys/devices/system/memory/memory0/removable: No such file or directory
01-01 08:00:35.024 1039 1039 E PASR-HAL: /sys/devices/system/memory/memory1/valid_zones: No such file or directory
01-01 08:00:35.024 1039 1039 E PASR-HAL: /sys/devices/system/memory/memory1/removable: No such file or directory
01-01 08:00:35.025 1039 1039 E PASR-HAL: /sys/devices/system/memory/memory2/valid_zones: No such file or directory
01-01 08:00:35.025 1039 1039 E PASR-HAL: /sys/devices/system/memory/memory2/removable: No such file or directory
01-01 08:00:35.025 1039 1039 E PASR-HAL: /sys/devices/system/memory/memory3/valid_zones: No such file or directory
01-01 08:00:35.025 1039 1039 E PASR-HAL: /sys/devices/system/memory/memory3/removable: No such file or directory
01-01 08:00:35.025 1050 1050 I sscrpcd : vendor/qcom/proprietary/adsprpc/src/rpcmem_android.c:159: rpcmem_init_internal: opened ION device fd 4, configured heap IDs: system (0x2000000), contig (0x400000), secure (0x200), secure flags (0x80080000)
01-01 08:00:35.026 1050 1050 I sscrpcd : vendor/qcom/proprietary/adsprpc/src/fastrpc_apps_user.c:3087: fastrpc_apps_user_init done with default domain:2 and &fastrpc_trace:0x765f1cefa0
01-01 08:00:35.026 1018 1018 I HidlServiceManagement: Registered vendor.qti.hardware.sensorscalibrate@1.0::ISensorsCalibrate/default (start delay of 84ms)
01-01 08:00:35.026 1018 1018 I HidlServiceManagement: Removing namespace from process name vendor.qti.hardware.sensorscalibrate@1.0-service to sensorscalibrate@1.0-service.
01-01 08:00:35.026 1050 1050 E sscrpcd : vendor/qcom/proprietary/sensors-see/sscrpcd/src/sscrpcd.cpp:94:adsp_default_listener_start called for [(null)]
01-01 08:00:35.026 1018 1018 I LegacySupport: Registration complete for vendor.qti.hardware.sensorscalibrate@1.0::ISensorsCalibrate/default.
01-01 08:00:35.026 1050 1050 I sscrpcd : vendor/qcom/proprietary/adsprpc/src/fastrpc_pm.c:85: fastrpc_wake_lock_init done for sscrpcd:1050
01-01 08:00:35.026 1050 1050 I sscrpcd : vendor/qcom/proprietary/adsprpc/src/fastrpc_apps_user.c:1733: wakelock_control: enabled wakelock control for domain 2
01-01 08:00:35.026 1050 1050 E sscrpcd : vendor/qcom/proprietary/sensors-see/sscrpcd/src/sscrpcd.cpp:65:fastrpc wakelock control is enabled
01-01 08:00:35.026 1050 1050 I sscrpcd : vendor/qcom/proprietary/adsprpc/src/fastrpc_apps_user.c:1345: remote_handle_open: Successfully opened handle 0x0 for '":;./\attachguestos on domain 2
01-01 08:00:35.026 935 935 I SDM : CpuHintsInterface::Init: cpu hint init done 1
01-01 08:00:35.026 935 935 D SDM : ToneMapConfigFactory::Create: Creating ToneMapConfigImpl
01-01 08:00:35.026 1050 1050 E sscrpcd : vendor/qcom/proprietary/adsprpc/src/fastrpc_apps_user.c:2870: Error 0x200: apps_dev_init failed for domain 2, errno Transport endpoint is not connected
01-01 08:00:35.026 1050 1050 E sscrpcd : vendor/qcom/proprietary/adsprpc/src/fastrpc_apps_user.c:2968: Error 0x200: open_dev (-1) failed for domain 2 (errno Transport endpoint is not connected)
01-01 08:00:35.026 935 935 I SDM : CpuHintsInterface::Init: cpu hint init done 1
01-01 08:00:35.026 1050 1050 E sscrpcd : vendor/qcom/proprietary/adsprpc/src/fastrpc_apps_user.c:1348: Error 0x200: remote_handle_open failed for adsp_default_listener (errno Success)
01-01 08:00:35.026 1050 1050 E sscrpcd : vendor/qcom/proprietary/sensors-see/sscrpcd/src/sscrpcd.cpp:98:listener exits
01-01 08:00:35.026 882 882 I HidlServiceManagement: Registered android.hardware.neuralnetworks@1.3::IDevice/qti-default (start delay of 225ms)
01-01 08:00:35.027 1050 1050 I sscrpcd : vendor/qcom/proprietary/adsprpc/src/rpcmem_android.c:192: rpcmem_deinit_internal: closed ION fd 4
01-01 08:00:35.027 882 882 I HidlServiceManagement: Removing namespace from process name android.hardware.neuralnetworks@1.3-service-qti to neuralnetworks@1.3-service-qti.
01-01 08:00:35.027 1050 1050 I sscrpcd : vendor/qcom/proprietary/adsprpc/src/fastrpc_pm.c:116: fastrpc_wake_lock_deinit done
01-01 08:00:35.027 1050 1050 I sscrpcd : vendor/qcom/proprietary/adsprpc/src/fastrpc_apps_user.c:3019: fastrpc_apps_user_deinit done
01-01 08:00:35.027 935 935 I SDM : HWInfoDRM::GetDisplaysStatus: display: 29-0, connected: true, primary: true
01-01 08:00:35.027 935 935 I SDM : HWInfoDRM::GetDisplaysStatus: display: 46-2, connected: true, primary: false
01-01 08:00:35.027 935 935 I SDM : CoreInterface::CreateCore: Open interface handle = 0xb400007138b54040
01-01 08:00:35.027 882 882 I HidlServiceManagement: Registered android.hardware.neuralnetworks@1.3::IDevice/qti-gpu (start delay of 225ms)
01-01 08:00:35.027 882 882 I HidlServiceManagement: Removing namespace from process name android.hardware.neuralnetworks@1.3-service-qti to neuralnetworks@1.3-service-qti.
01-01 08:00:35.027 1050 1050 E sscrpcd : vendor/qcom/proprietary/sensors-see/sscrpcd/src/sscrpcd.cpp:109:sscrpcd daemon will restart after 25ms...
01-01 08:00:35.027 935 935 I SDM : HWInfoDRM::GetMaxDisplaysSupported: Max 2 concurrent displays.
01-01 08:00:35.027 935 935 I SDM : HWInfoDRM::GetMaxDisplaysSupported: Max 1 concurrent displays of type 0 (BuiltIn).
01-01 08:00:35.027 935 935 I SDM : HWInfoDRM::GetMaxDisplaysSupported: Max 0 concurrent displays of type 1 (Pluggable).
01-01 08:00:35.027 935 935 I SDM : HWInfoDRM::GetMaxDisplaysSupported: Max 1 concurrent displays of type 2 (Virtual).
01-01 08:00:35.027 882 882 I HidlServiceManagement: Registered android.hardware.neuralnetworks@1.3::IDevice/qti-dsp (start delay of 226ms)
01-01 08:00:35.027 882 882 I HidlServiceManagement: Removing namespace from process name android.hardware.neuralnetworks@1.3-service-qti to neuralnetworks@1.3-service-qti.
01-01 08:00:35.028 882 882 I HidlServiceManagement: Registered android.hardware.neuralnetworks@1.3::IDevice/qti-hta (start delay of 226ms)
01-01 08:00:35.028 882 882 I HidlServiceManagement: Removing namespace from process name android.hardware.neuralnetworks@1.3-service-qti to neuralnetworks@1.3-service-qti.
01-01 08:00:35.029 1039 1039 D PASR-HAL: /sys/devices/system/memory/memory4/valid_zones: Normal
01-01 08:00:35.030 1039 1039 D PASR-HAL: /sys/devices/system/memory/memory4/removable: 0
01-01 08:00:35.030 935 935 I SDM : CPUHint::Init: Invalid CPU Hint Pre-enable Window -1
01-01 08:00:35.030 935 935 I SDM : HWDeviceDRM::InitializeConfigs: Updating current display mode 0 to preferred mode 0.
01-01 08:00:35.030 935 935 W SDM : HWDeviceDRM::PopulateDisplayAttributes: Driver doesn't report panel physical width and height - defaulting to 320dpi
01-01 08:00:35.030 935 935 I SDM : HWDeviceDRM::PopulateDisplayAttributes: Display attributes[0]: WxH: 2380x1020, DPI: 319.851837x319.851837, FPS: 60, LM_SPLIT: 0, V_BACK_PORCH: 15, V_FRONT_PORCH: 15, V_PULSE_WIDTH: 10, V_TOTAL: 1060, H_TOTAL: 2500, CLK: 159000KHZ, TOPOLOGY: 1, HW_SPLIT: 0
01-01 08:00:35.030 935 935 W SDM : HWDeviceDRM::PopulateDisplayAttributes: Driver doesn't report panel physical width and height - defaulting to 320dpi
01-01 08:00:35.030 935 935 I SDM : HWDeviceDRM::PopulateDisplayAttributes: Display attributes[1]: WxH: 2380x1020, DPI: 319.851837x319.851837, FPS: 45, LM_SPLIT: 0, V_BACK_PORCH: 15, V_FRONT_PORCH: 368, V_PULSE_WIDTH: 10, V_TOTAL: 1413, H_TOTAL: 2500, CLK: 159000KHZ, TOPOLOGY: 1, HW_SPLIT: 0
01-01 08:00:35.030 935 935 W SDM : HWDeviceDRM::PopulateDisplayAttributes: Driver doesn't report panel physical width and height - defaulting to 320dpi
01-01 08:00:35.030 935 935 I SDM : HWDeviceDRM::PopulateDisplayAttributes: Display attributes[2]: WxH: 2380x1020, DPI: 319.851837x319.851837, FPS: 30, LM_SPLIT: 0, V_BACK_PORCH: 15, V_FRONT_PORCH: 1075, V_PULSE_WIDTH: 10, V_TOTAL: 2120, H_TOTAL: 2500, CLK: 159000KHZ, TOPOLOGY: 1, HW_SPLIT: 0
01-01 08:00:35.030 935 935 I SDM : HWDeviceDRM::UpdateMixerAttributes: Mixer WxH 2380x1020-0 for Peripheral
01-01 08:00:35.030 935 935 I SDM : ColorManager::CreateColorManagerProxy: PAV2 version is versions = 11, version = 11
01-01 08:00:35.031 1039 1039 D PASR-HAL: /sys/devices/system/memory/memory5/valid_zones: Normal
01-01 08:00:35.031 1039 1039 D PASR-HAL: /sys/devices/system/memory/memory5/removable: 0
01-01 08:00:35.031 1039 1039 D PASR-HAL: /sys/devices/system/memory/memory6/valid_zones: Normal
01-01 08:00:35.031 1039 1039 D PASR-HAL: /sys/devices/system/memory/memory6/removable: 1
01-01 08:00:35.031 935 935 W SDM : ColorManager::Init: STC library is not present
01-01 08:00:35.031 935 935 W SDM : ColorManager::CreateColorManagerProxy: Failed to init StcInterface
01-01 08:00:35.031 1039 1039 D PASR-HAL: /sys/devices/system/memory/memory7/valid_zones: Normal
01-01 08:00:35.031 1039 1039 D PASR-HAL: /sys/devices/system/memory/memory7/removable: 0
01-01 08:00:35.031 935 935 W SDM : DisplayBase::Init: InitColorModes failed for display 29-0
01-01 08:00:35.032 1041 1041 W vendor.qti.qspmhal@1.0-service: libminijail[1041]: failed to get path of fd 3: No such file or directory
01-01 08:00:35.031 1039 1039 D PASR-HAL: /sys/devices/system/memory/memory8/valid_zones: Normal
01-01 08:00:35.032 1041 1041 W vendor.qti.qspmhal@1.0-service: libminijail[1041]: allowing syscall: connect
01-01 08:00:35.032 1041 1041 W vendor.qti.qspmhal@1.0-service: libminijail[1041]: allowing syscall: fcntl
01-01 08:00:35.032 1041 1041 W vendor.qti.qspmhal@1.0-service: libminijail[1041]: allowing syscall: sendto
01-01 08:00:35.032 1041 1041 W vendor.qti.qspmhal@1.0-service: libminijail[1041]: allowing syscall: socket
01-01 08:00:35.032 1041 1041 W vendor.qti.qspmhal@1.0-service: libminijail[1041]: allowing syscall: writev
01-01 08:00:35.032 1039 1039 D PASR-HAL: /sys/devices/system/memory/memory8/removable: 1
01-01 08:00:35.032 1041 1041 W vendor.qti.qspmhal@1.0-service: libminijail[1041]: compile_file: (69): nonexistent syscall 'sigreturn'
01-01 08:00:35.032 1041 1041 W vendor.qti.qspmhal@1.0-service: libminijail[1041]: compile_file: (75): nonexistent syscall 'geteuid32'
01-01 08:00:35.032 1039 1039 D PASR-HAL: /sys/devices/system/memory/memory9/valid_zones: Normal
01-01 08:00:35.032 1041 1041 W vendor.qti.qspmhal@1.0-service: libminijail[1041]: compile_file: (76): nonexistent syscall 'getgid32'
01-01 08:00:35.032 1041 1041 W vendor.qti.qspmhal@1.0-service: libminijail[1041]: compile_file: (77): nonexistent syscall 'getegid32'
01-01 08:00:35.032 1041 1041 W vendor.qti.qspmhal@1.0-service: libminijail[1041]: compile_file: (78): nonexistent syscall 'getgroups32'
01-01 08:00:35.032 1041 1041 W vendor.qti.qspmhal@1.0-service: libminijail[1041]: logging seccomp filter failures
01-01 08:00:35.032 1039 1039 D PASR-HAL: /sys/devices/system/memory/memory9/removable: 1
01-01 08:00:35.032 1039 1039 D PASR-HAL: /sys/devices/system/memory/memory10/valid_zones: Normal
01-01 08:00:35.032 1039 1039 D PASR-HAL: /sys/devices/system/memory/memory10/removable: 1
01-01 08:00:35.032 1039 1039 D PASR-HAL: /sys/devices/system/memory/memory11/valid_zones: Normal
01-01 08:00:35.032 1039 1039 D PASR-HAL: /sys/devices/system/memory/memory11/removable: 1
01-01 08:00:35.032 1039 1039 D PASR-HAL: /sys/devices/system/memory/memory12/valid_zones: Normal
01-01 08:00:35.033 1039 1039 D PASR-HAL: /sys/devices/system/memory/memory12/removable: 1
01-01 08:00:35.033 1039 1039 D PASR-HAL: /sys/devices/system/memory/memory13/valid_zones: Normal
01-01 08:00:35.033 1039 1039 D PASR-HAL: /sys/devices/system/memory/memory13/removable: 0
01-01 08:00:35.033 1039 1039 D PASR-HAL: /sys/devices/system/memory/memory14/valid_zones: Normal
01-01 08:00:35.033 1039 1039 D PASR-HAL: /sys/devices/system/memory/memory14/removable: 0
01-01 08:00:35.033 1039 1039 D PASR-HAL: /sys/devices/system/memory/memory15/valid_zones: Normal
01-01 08:00:35.033 1039 1039 D PASR-HAL: /sys/devices/system/memory/memory15/removable: 0
01-01 08:00:35.033 1039 1039 D PASR-HAL: /sys/devices/system/memory/memory16/valid_zones: Movable
01-01 08:00:34.993 333 333 I auditd : type=1400 audit(0.0:383): avc: denied { create } for comm="kworker/u16:13" scontext=u:r:kernel:s0 tcontext=u:r:kernel:s0 tclass=qipcrtr_socket permissive=1
01-01 08:00:34.993 333 333 I kworker/u16:13: type=1400 audit(0.0:383): avc: denied { create } for scontext=u:r:kernel:s0 tcontext=u:r:kernel:s0 tclass=qipcrtr_socket permissive=1
01-01 08:00:35.036 1027 1027 D vendor.qti.vibrator: not a qcom/qti haptics device
01-01 08:00:35.543 0 0 I init : starting service 'vendor.mdm_launcher'...
01-01 08:00:35.036 935 935 I SDM : Hdr10PlusModule():37 in the HDR10 Plus module
01-01 08:00:35.037 935 935 I SDM : InitHDRinterface():127 HDR init done
01-01 08:00:35.037 935 935 I SDM : HDRIntfClient::GetParameter: Version info is: 2.0
01-01 08:00:35.037 935 935 I SDM : StrategyImpl::InitializeHdrInfo: HDRLib version = 2.0
01-01 08:00:35.037 935 935 I SDM : Deinit():195 HDR De-init done
01-01 08:00:35.039 935 935 I SDM : ColorIntfClient::Init: Init successful
01-01 08:00:35.039 935 935 I SDM : StrategyImpl::InitLayerStitch: disable_layer_stitch: 1
01-01 08:00:35.039 935 935 I SDM : ResourceImpl::RegisterDisplay: Registering display 29-0 with hw_block 29-0
01-01 08:00:35.042 935 935 I SDM : Hdr10PlusModule():37 in the HDR10 Plus module
01-01 08:00:35.042 935 935 I SDM : InitHDRinterface():127 HDR init done
01-01 08:00:35.043 935 935 I SDM : HDRIntfClient::GetParameter: Version info is: 2.0
01-01 08:00:35.044 935 935 I SDM : ColorIntfClient::Init: Init successful
01-01 08:00:35.044 935 935 I SDM : DisplayBase::Init: disable_hw_recovery_dump_ set to 1
01-01 08:00:35.044 935 935 I SDM : HWEventsDRM::Init: Setup event handler for display 29-0, CRTC 125, Connector 29
01-01 08:00:35.044 935 935 I SDM : HWEventsDRM::RegisterIdlePowerCollapse: idle power collapse is not supported event
01-01 08:00:35.044 935 935 I SDM : HWEventsDRM::Init: disable_hw_recovery_ set to 0
01-01 08:00:35.044 935 935 I SDM : HWEventsDRM::Init: enable_hist_interrupt_ set to 0
01-01 08:00:35.045 935 935 I SDM : HWCDisplay::UpdateConfigs: num_configs = 3
01-01 08:00:35.045 935 935 I SDM : ColorManager::ColorIntfGameEnhancementSupported: Game feature supported 0
01-01 08:00:35.045 935 935 I SDM : HWCDisplay::Init: Display created with id: 0, game_supported_: 0
01-01 08:00:35.045 935 935 W SDM : HWCDisplay::PopulateColorModes: GetColorModeCount failed, use native color mode
01-01 08:00:35.045 935 935 I SDM : HWCDisplayBuiltIn::Init: Drop redundant drawcycles 0
01-01 08:00:35.045 935 935 I SDM : HWCDisplayBuiltIn::Init: Window rect : [0.000000 0.000000 0.000000 0.000000]
01-01 08:00:35.045 935 935 I SDM : HWCDisplayBuiltIn::Init: active_refresh_rate: 60
01-01 08:00:35.045 935 935 I SDM : DisplayBase::SetFrameBufferConfig: New framebuffer resolution (2380x1020)
01-01 08:00:35.045 935 935 I SDM : HWCDisplay::SetFrameBufferConfig: New framebuffer resolution (2380x1020)
01-01 08:00:35.051 608 608 I sscrpcd : vendor/qcom/proprietary/adsprpc/src/rpcmem_android.c:159: rpcmem_init_internal: opened ION device fd 4, configured heap IDs: system (0x2000000), contig (0x400000), secure (0x200), secure flags (0x80080000)
01-01 08:00:35.051 608 608 I sscrpcd : vendor/qcom/proprietary/adsprpc/src/fastrpc_apps_user.c:3087: fastrpc_apps_user_init done with default domain:2 and &fastrpc_trace:0x7c0e256fa0
01-01 08:00:35.051 608 608 E sscrpcd : vendor/qcom/proprietary/sensors-see/sscrpcd/src/sscrpcd.cpp:94:adsp_default_listener_start called for [sensorspd]
01-01 08:00:35.051 935 935 I SDM : HWCSession::CreatePrimaryDisplay: Created primary display type = 0, sdm id = 29, client id = 0
01-01 08:00:35.055 608 608 I sscrpcd : vendor/qcom/proprietary/adsprpc/src/fastrpc_pm.c:85: fastrpc_wake_lock_init done for sscrpcd:608
01-01 08:00:35.055 608 608 I sscrpcd : vendor/qcom/proprietary/adsprpc/src/fastrpc_apps_user.c:1733: wakelock_control: enabled wakelock control for domain 2
01-01 08:00:35.055 608 608 E sscrpcd : vendor/qcom/proprietary/sensors-see/sscrpcd/src/sscrpcd.cpp:65:fastrpc wakelock control is enabled
01-01 08:00:35.055 608 608 I sscrpcd : vendor/qcom/proprietary/adsprpc/src/fastrpc_apps_user.c:1345: remote_handle_open: Successfully opened handle 0x0 for '":;./\createstaticpd:sensorspd on domain 2
01-01 08:00:35.055 608 608 E sscrpcd : vendor/qcom/proprietary/adsprpc/src/fastrpc_apps_user.c:2870: Error 0x200: apps_dev_init failed for domain 2, errno Transport endpoint is not connected
01-01 08:00:35.055 608 608 E sscrpcd : vendor/qcom/proprietary/adsprpc/src/fastrpc_apps_user.c:2968: Error 0x200: open_dev (-1) failed for domain 2 (errno Transport endpoint is not connected)
01-01 08:00:35.055 608 608 E sscrpcd : vendor/qcom/proprietary/adsprpc/src/fastrpc_apps_user.c:1348: Error 0x200: remote_handle_open failed for adsp_default_listener (errno Success)
01-01 08:00:35.055 608 608 E sscrpcd : vendor/qcom/proprietary/sensors-see/sscrpcd/src/sscrpcd.cpp:98:listener exits
01-01 08:00:35.055 935 935 I SDM : HWCColorManager::CreateColorManager: Successfully loaded libsdm-disp-vndapis.so
01-01 08:00:35.055 608 608 I sscrpcd : vendor/qcom/proprietary/adsprpc/src/rpcmem_android.c:192: rpcmem_deinit_internal: closed ION fd 4
01-01 08:00:35.055 608 608 I sscrpcd : vendor/qcom/proprietary/adsprpc/src/fastrpc_pm.c:116: fastrpc_wake_lock_deinit done
01-01 08:00:35.055 608 608 I sscrpcd : vendor/qcom/proprietary/adsprpc/src/fastrpc_apps_user.c:3019: fastrpc_apps_user_deinit done
01-01 08:00:35.056 879 1031 W LocSvc_LocIpc: send:66] failed reason: No such file or directory
01-01 08:00:35.564 0 0 E diag : In diag_send_peripheral_buffering_mode, buffering flag not set for 6
01-01 08:00:35.565 0 0 I init : starting service 'audioserver'...
01-01 08:00:35.568 0 0 I subsys-pil-tz 5c00000.qcom,ssc: slpi: Brought out of reset
01-01 08:00:35.569 0 0 I init : starting service 'credstore'...
01-01 08:00:34.993 290 290 I auditd : type=1400 audit(0.0:384): avc: denied { create } for comm="kworker/u16:8" scontext=u:r:kernel:s0 tcontext=u:r:kernel:s0 tclass=qipcrtr_socket permissive=1
01-01 08:00:34.993 290 290 I kworker/u16:8: type=1400 audit(0.0:384): avc: denied { create } for scontext=u:r:kernel:s0 tcontext=u:r:kernel:s0 tclass=qipcrtr_socket permissive=1
01-01 08:00:35.056 1039 1039 D PASR-HAL: /sys/devices/system/memory/memory17/valid_zones: Movable
01-01 08:00:35.056 1061 1061 I PerMgrSrv: Adding entry for SDX55M : offTimeout : 500 ackTimeout : 200
01-01 08:00:35.057 608 608 E sscrpcd : vendor/qcom/proprietary/sensors-see/sscrpcd/src/sscrpcd.cpp:109:sscrpcd daemon will restart after 25ms...
01-01 08:00:35.057 1061 1061 I PerMgrSrv: Adding entry for slpi : offTimeout : 5000 ackTimeout : 200
01-01 08:00:35.057 1061 1061 I PerMgrSrv: Adding entry for spss : offTimeout : 5000 ackTimeout : 200
01-01 08:00:35.057 1039 1039 D PASR-HAL: /sys/devices/system/memory/memory17/removable: 1
01-01 08:00:35.057 1039 1039 D PASR-HAL: /sys/devices/system/memory/memory18/valid_zones: Movable
01-01 08:00:35.057 1050 1050 I sscrpcd : vendor/qcom/proprietary/adsprpc/src/rpcmem_android.c:159: rpcmem_init_internal: opened ION device fd 4, configured heap IDs: system (0x2000000), contig (0x400000), secure (0x200), secure flags (0x80080000)
01-01 08:00:35.057 1050 1050 I sscrpcd : vendor/qcom/proprietary/adsprpc/src/fastrpc_apps_user.c:3087: fastrpc_apps_user_init done with default domain:2 and &fastrpc_trace:0x765c533fa0
01-01 08:00:35.057 1050 1050 E sscrpcd : vendor/qcom/proprietary/sensors-see/sscrpcd/src/sscrpcd.cpp:94:adsp_default_listener_start called for [(null)]
01-01 08:00:35.057 1050 1050 I sscrpcd : vendor/qcom/proprietary/adsprpc/src/fastrpc_pm.c:85: fastrpc_wake_lock_init done for sscrpcd:1050
01-01 08:00:35.057 1050 1050 I sscrpcd : vendor/qcom/proprietary/adsprpc/src/fastrpc_apps_user.c:1733: wakelock_control: enabled wakelock control for domain 2
01-01 08:00:35.057 1050 1050 E sscrpcd : vendor/qcom/proprietary/sensors-see/sscrpcd/src/sscrpcd.cpp:65:fastrpc wakelock control is enabled
01-01 08:00:35.057 1050 1050 I sscrpcd : vendor/qcom/proprietary/adsprpc/src/fastrpc_apps_user.c:1345: remote_handle_open: Successfully opened handle 0x0 for '":;./\attachguestos on domain 2
01-01 08:00:35.058 1050 1050 E sscrpcd : vendor/qcom/proprietary/adsprpc/src/fastrpc_apps_user.c:2870: Error 0x200: apps_dev_init failed for domain 2, errno Transport endpoint is not connected
01-01 08:00:35.058 1050 1050 E sscrpcd : vendor/qcom/proprietary/adsprpc/src/fastrpc_apps_user.c:2968: Error 0x200: open_dev (-1) failed for domain 2 (errno Transport endpoint is not connected)
01-01 08:00:35.058 1050 1050 E sscrpcd : vendor/qcom/proprietary/adsprpc/src/fastrpc_apps_user.c:1348: Error 0x200: remote_handle_open failed for adsp_default_listener (errno Success)
01-01 08:00:35.058 1050 1050 E sscrpcd : vendor/qcom/proprietary/sensors-see/sscrpcd/src/sscrpcd.cpp:98:listener exits
01-01 08:00:35.058 1050 1050 I sscrpcd : vendor/qcom/proprietary/adsprpc/src/rpcmem_android.c:192: rpcmem_deinit_internal: closed ION fd 4
01-01 08:00:35.058 1061 1061 I PerMgrSrv: Peripheral Mananager service start
01-01 08:00:35.058 1050 1050 I sscrpcd : vendor/qcom/proprietary/adsprpc/src/fastrpc_pm.c:116: fastrpc_wake_lock_deinit done
01-01 08:00:35.058 1061 1061 I PerMgrSrv: power-off timeout 500,ms; event-ack timeout 200,ms; debug-mode false
01-01 08:00:35.058 1061 1061 I PerMgrSrv: Statistics for : SDX55M
01-01 08:00:35.058 1061 1061 I PerMgrSrv: SDX55M: Current State : is off-line
01-01 08:00:35.058 1061 1061 I PerMgrSrv: SDX55M: Voter/Listener count : 0/0
01-01 08:00:35.058 1050 1050 I sscrpcd : vendor/qcom/proprietary/adsprpc/src/fastrpc_apps_user.c:3019: fastrpc_apps_user_deinit done
01-01 08:00:35.058 1061 1061 I PerMgrSrv: SDX55M: Power on count : 0
01-01 08:00:35.058 1061 1061 I PerMgrSrv: SDX55M: Power off count: 0
01-01 08:00:35.058 1061 1061 I PerMgrSrv: SDX55M: Client list:
01-01 08:00:35.058 1061 1061 I PerMgrSrv: Statistics for : slpi
01-01 08:00:35.058 1061 1061 I PerMgrSrv: slpi: Current State : is off-line
01-01 08:00:35.058 1061 1061 I PerMgrSrv: slpi: Voter/Listener count : 0/0
01-01 08:00:35.058 1061 1061 I PerMgrSrv: slpi: Power on count : 0
01-01 08:00:35.058 1061 1061 I PerMgrSrv: slpi: Power off count: 0
01-01 08:00:35.058 1061 1061 I PerMgrSrv: slpi: Client list:
01-01 08:00:35.058 1061 1061 I PerMgrSrv: Statistics for : spss
01-01 08:00:35.058 1061 1061 I PerMgrSrv: spss: Current State : is off-line
01-01 08:00:35.058 1061 1061 I PerMgrSrv: spss: Voter/Listener count : 0/0
01-01 08:00:35.058 1061 1061 I PerMgrSrv: spss: Power on count : 0
01-01 08:00:35.058 1061 1061 I PerMgrSrv: spss: Power off count: 0
01-01 08:00:35.058 1061 1061 I PerMgrSrv: spss: Client list:
01-01 08:00:35.058 1061 1074 I PerMgrSrv: QMI service start
01-01 08:00:35.058 1041 1041 I HidlServiceManagement: Registered vendor.qti.qspmhal@1.0::IQspmhal/default (start delay of 96ms)
01-01 08:00:35.058 1041 1041 I HidlServiceManagement: Removing namespace from process name vendor.qti.qspmhal@1.0-service to qspmhal@1.0-service.
01-01 08:00:35.058 1050 1050 E sscrpcd : vendor/qcom/proprietary/sensors-see/sscrpcd/src/sscrpcd.cpp:109:sscrpcd daemon will restart after 25ms...
01-01 08:00:35.060 1039 1039 D PASR-HAL: /sys/devices/system/memory/memory18/removable: 1
01-01 08:00:35.060 1039 1039 D PASR-HAL: /sys/devices/system/memory/memory19/valid_zones: Movable
01-01 08:00:35.061 935 935 I SDM : HWCColorManager::CreateColorManager: Successfully loaded libsdm-disp-vndapis.so and libsdm-diag.so and diag_init'ed
01-01 08:00:35.053 935 935 I auditd : type=1400 audit(0.0:385): avc: denied { read write } for comm="vendor.qti.hard" name="diag" dev="tmpfs" ino=1145 scontext=u:r:hal_graphics_composer_default:s0 tcontext=u:object_r:vendor_diag_device:s0 tclass=chr_file permissive=1
01-01 08:00:35.061 1039 1039 D PASR-HAL: /sys/devices/system/memory/memory19/removable: 1
01-01 08:00:35.061 1039 1039 E PASR-HAL: /sys/devices/system/memory/memory20/valid_zones: No such file or directory
01-01 08:00:35.061 1039 1039 E PASR-HAL: /sys/devices/system/memory/memory20/removable: No such file or directory
01-01 08:00:35.061 1039 1039 E PASR-HAL: /sys/devices/system/memory/memory21/valid_zones: No such file or directory
01-01 08:00:35.053 935 935 I vendor.qti.hard: type=1400 audit(0.0:385): avc: denied { read write } for name="diag" dev="tmpfs" ino=1145 scontext=u:r:hal_graphics_composer_default:s0 tcontext=u:object_r:vendor_diag_device:s0 tclass=chr_file permissive=1
01-01 08:00:35.061 1039 1039 E PASR-HAL: /sys/devices/system/memory/memory21/removable: No such file or directory
01-01 08:00:35.061 1039 1039 E PASR-HAL: /sys/devices/system/memory/memory22/valid_zones: No such file or directory
01-01 08:00:35.061 1039 1039 E PASR-HAL: /sys/devices/system/memory/memory22/removable: No such file or directory
01-01 08:00:35.061 1039 1039 E PASR-HAL: /sys/devices/system/memory/memory23/valid_zones: No such file or directory
01-01 08:00:35.061 1039 1039 E PASR-HAL: /sys/devices/system/memory/memory23/removable: No such file or directory
01-01 08:00:35.061 1039 1039 E PASR-HAL: /sys/devices/system/memory/memory24/valid_zones: No such file or directory
01-01 08:00:35.061 1039 1039 E PASR-HAL: /sys/devices/system/memory/memory24/removable: No such file or directory
01-01 08:00:35.061 1039 1039 E PASR-HAL: /sys/devices/system/memory/memory25/valid_zones: No such file or directory
01-01 08:00:35.061 1039 1039 E PASR-HAL: /sys/devices/system/memory/memory25/removable: No such file or directory
01-01 08:00:35.061 1039 1039 E PASR-HAL: /sys/devices/system/memory/memory26/valid_zones: No such file or directory
01-01 08:00:35.061 1039 1039 E PASR-HAL: /sys/devices/system/memory/memory26/removable: No such file or directory
01-01 08:00:35.061 1039 1039 E PASR-HAL: /sys/devices/system/memory/memory27/valid_zones: No such file or directory
01-01 08:00:35.061 1039 1039 E PASR-HAL: /sys/devices/system/memory/memory27/removable: No such file or directory
01-01 08:00:35.061 1039 1039 E PASR-HAL: /sys/devices/system/memory/memory28/valid_zones: No such file or directory
01-01 08:00:35.061 1039 1039 E PASR-HAL: /sys/devices/system/memory/memory28/removable: No such file or directory
01-01 08:00:35.061 1039 1039 E PASR-HAL: /sys/devices/system/memory/memory29/valid_zones: No such file or directory
01-01 08:00:35.061 1039 1039 E PASR-HAL: /sys/devices/system/memory/memory29/removable: No such file or directory
01-01 08:00:35.061 1039 1039 E PASR-HAL: /sys/devices/system/memory/memory30/valid_zones: No such file or directory
01-01 08:00:35.061 1039 1039 E PASR-HAL: /sys/devices/system/memory/memory30/removable: No such file or directory
01-01 08:00:35.061 1039 1039 D PASR-HAL: Init complete: validzones_blocks: 0xF0000, removable_blocks: 0xF1F40, offlineable_blocks: 0xF0000
01-01 08:00:35.061 935 935 I HidlServiceManagement: Registered vendor.display.config@2.0::IDisplayConfig/default (start delay of 170ms)
01-01 08:00:35.061 935 935 I SDM : HWCSession::StartServices: IDisplayConfig service registration completed.
01-01 08:00:35.061 935 935 I SDM : HWCDisplayBuiltIn::InitLayerStitch: Layer Stitch Disabled !!!
01-01 08:00:35.062 935 935 I HidlServiceManagement: Registered vendor.qti.hardware.display.composer@2.1::IQtiComposer/default (start delay of 170ms)
01-01 08:00:35.062 935 935 I HidlServiceManagement: Removing namespace from process name vendor.qti.hardware.display.composer-service to composer-service.
01-01 08:00:35.062 1039 1039 I HidlServiceManagement: Registered vendor.qti.power.pasrmanager@1.0::IPasrManager/default (start delay of 110ms)
01-01 08:00:35.062 935 935 I SDM : Initialized qti-composer
01-01 08:00:35.062 1039 1039 I HidlServiceManagement: Removing namespace from process name vendor.qti.power.pasrmanager@1.0-service to pasrmanager@1.0-service.
01-01 08:00:35.062 1039 1039 D vendor.qti.power.pasrmanager@1.0-service: Registered IPasrManager HAL service success!
01-01 08:00:35.053 935 935 I auditd : type=1400 audit(0.0:386): avc: denied { open } for comm="vendor.qti.hard" path="/dev/diag" dev="tmpfs" ino=1145 scontext=u:r:hal_graphics_composer_default:s0 tcontext=u:object_r:vendor_diag_device:s0 tclass=chr_file permissive=1
01-01 08:00:35.053 935 935 I vendor.qti.hard: type=1400 audit(0.0:386): avc: denied { open } for path="/dev/diag" dev="tmpfs" ino=1145 scontext=u:r:hal_graphics_composer_default:s0 tcontext=u:object_r:vendor_diag_device:s0 tclass=chr_file permissive=1
01-01 08:00:35.053 935 935 I auditd : type=1400 audit(0.0:387): avc: denied { ioctl } for comm="vendor.qti.hard" path="/dev/diag" dev="tmpfs" ino=1145 ioctlcmd=0x0 scontext=u:r:hal_graphics_composer_default:s0 tcontext=u:object_r:vendor_diag_device:s0 tclass=chr_file permissive=1
01-01 08:00:35.053 935 935 I vendor.qti.hard: type=1400 audit(0.0:387): avc: denied { ioctl } for path="/dev/diag" dev="tmpfs" ino=1145 ioctlcmd=0x0 scontext=u:r:hal_graphics_composer_default:s0 tcontext=u:object_r:vendor_diag_device:s0 tclass=chr_file permissive=1
01-01 08:00:35.572 0 0 I init : starting service 'gpu'...
01-01 08:00:35.575 0 0 I init : starting service 'surfaceflinger'...
01-01 08:00:35.578 0 0 E diag : In diag_send_feature_mask_update, control channel is not open, p: 1, 0000000000000000
01-01 08:00:35.067 1027 1027 D vendor.qti.vibrator: not a qcom/qti haptics device
01-01 08:00:35.069 646 1084 D QC-time-services: Daemon: Time-services: All initializations done
01-01 08:00:35.069 646 1084 E QC-time-services: Daemon: Time-services: Waiting to acceptconnection
01-01 08:00:35.583 0 0 I sysmon-qmi: ssctl_new_server: Connection established between QMI handle and adsp's SSCTL service
01-01 08:00:35.583 0 0 I sysmon-qmi: ssctl_new_server: Connection established between QMI handle and cdsp's SSCTL service
01-01 08:00:35.584 0 0 I sysmon-qmi: ssctl_new_server: Connection established between QMI handle and slpi's SSCTL service
01-01 08:00:35.584 0 0 D cnss : WLFW server arriving: node 7 port 1
01-01 08:00:35.584 0 0 D cnss : Posting event: SERVER_ARRIVE(0), state: 0x8 flags: 0x0
01-01 08:00:35.071 1027 1027 E vendor.qti.vibrator: open /sys/class/leds/vibrator/activate failed, errno = 2
01-01 08:00:35.584 0 0 D cnss : PM stay awake, state: 0x8, count: 1
01-01 08:00:35.584 0 0 D cnss : PM relax, state: 0x8, count: 0
01-01 08:00:35.584 0 0 D cnss : PM stay awake, state: 0x8, count: 1
01-01 08:00:35.584 0 0 D cnss : Processing driver event: SERVER_ARRIVE(0), state: 0x8
01-01 08:00:35.584 0 0 I cnss : QMI WLFW service connected, state: 0x9
01-01 08:00:35.584 0 0 D cnss : Sending indication register message, state: 0x9
01-01 08:00:35.584 0 0 I init : Could not create socket 'pdx/system/vr/display/client': Failed to bind socket 'pdx/system/vr/display/client': No such file or directory
01-01 08:00:35.071 511 511 I servicemanager: Found android.hardware.vibrator.IVibrator/default in device VINTF manifest.
01-01 08:00:35.065 290 290 I auditd : type=1400 audit(0.0:388): avc: denied { create } for comm="kworker/u16:8" scontext=u:r:kernel:s0 tcontext=u:r:kernel:s0 tclass=qipcrtr_socket permissive=1
01-01 08:00:35.065 290 290 I kworker/u16:8: type=1400 audit(0.0:388): avc: denied { create } for scontext=u:r:kernel:s0 tcontext=u:r:kernel:s0 tclass=qipcrtr_socket permissive=1
01-01 08:00:35.585 0 0 I servloc : service_locator_new_server: Connection established with the Service locator
01-01 08:00:35.072 1046 1046 I vppservice: vendor/qcom/proprietary/adsprpc/src/rpcmem_android.c:159: rpcmem_init_internal: opened ION device fd 3, configured heap IDs: system (0x2000000), contig (0x400000), secure (0x200), secure flags (0x80080000)
01-01 08:00:35.072 1046 1046 I vppservice: vendor/qcom/proprietary/adsprpc/src/fastrpc_apps_user.c:3087: fastrpc_apps_user_init done with default domain:3 and &fastrpc_trace:0x76c3a66fa0
01-01 08:00:35.072 1046 1046 I vpp-ipc_service: Starting vppservice...
01-01 08:00:35.076 1046 1046 I vppservice: vendor/qcom/proprietary/adsprpc/src/fastrpc_apps_user.c:2636: Successfully opened /vendor/dsp/cdsp/fastrpc_shell_33
01-01 08:00:35.076 1046 1046 I vppservice: vendor/qcom/proprietary/adsprpc/src/fastrpc_config.c:200: Reading configuration file: vppservice.debugconfig
01-01 08:00:35.589 0 0 D cnss : Sending host capability message, state: 0x9
01-01 08:00:35.589 0 0 D cnss : Number of clients is 2
01-01 08:00:35.589 0 0 D cnss : Assign MSI to user: WAKE, num_vectors: 1, user_base_data: 813, base_vector: 13
01-01 08:00:35.589 0 0 D cnss : WAKE MSI base data is 813
01-01 08:00:35.589 0 0 D cnss : Calibration done is 0
01-01 08:00:35.589 0 0 D cnss : Sending iova starting 0xa0000000 with size 0x10010000
01-01 08:00:35.077 1046 1046 E ion : ioctl c0044901 failed with code -1: Inappropriate ioctl for device
01-01 08:00:35.591 0 0 D cnss : PM relax, state: 0x9, count: 0
01-01 08:00:35.592 0 0 I servloc : init_service_locator: Service locator initialized
01-01 08:00:35.595 0 0 E diag : In diag_send_feature_mask_update, control channel is not open, p: 5, 0000000000000000
01-01 08:00:35.595 0 0 E diag : In diag_send_peripheral_buffering_mode, buffering flag not set for 5
01-01 08:00:35.595 0 0 E diag : In diag_send_peripheral_buffering_mode, buffering flag not set for 1
01-01 08:00:35.085 1050 1050 I sscrpcd : vendor/qcom/proprietary/adsprpc/src/rpcmem_android.c:159: rpcmem_init_internal: opened ION device fd 4, configured heap IDs: system (0x2000000), contig (0x400000), secure (0x200), secure flags (0x80080000)
01-01 08:00:35.085 1050 1050 I sscrpcd : vendor/qcom/proprietary/adsprpc/src/fastrpc_apps_user.c:3087: fastrpc_apps_user_init done with default domain:2 and &fastrpc_trace:0x765f1b2fa0
01-01 08:00:35.085 1050 1050 E sscrpcd : vendor/qcom/proprietary/sensors-see/sscrpcd/src/sscrpcd.cpp:94:adsp_default_listener_start called for [(null)]
01-01 08:00:35.085 1050 1050 I sscrpcd : vendor/qcom/proprietary/adsprpc/src/fastrpc_pm.c:85: fastrpc_wake_lock_init done for sscrpcd:1050
01-01 08:00:35.085 1050 1050 I sscrpcd : vendor/qcom/proprietary/adsprpc/src/fastrpc_apps_user.c:1733: wakelock_control: enabled wakelock control for domain 2
01-01 08:00:35.085 1050 1050 E sscrpcd : vendor/qcom/proprietary/sensors-see/sscrpcd/src/sscrpcd.cpp:65:fastrpc wakelock control is enabled
01-01 08:00:35.085 1050 1050 I sscrpcd : vendor/qcom/proprietary/adsprpc/src/fastrpc_apps_user.c:1345: remote_handle_open: Successfully opened handle 0x0 for '":;./\attachguestos on domain 2
01-01 08:00:35.085 1050 1050 E sscrpcd : vendor/qcom/proprietary/adsprpc/src/fastrpc_apps_user.c:2870: Error 0x200: apps_dev_init failed for domain 2, errno Transport endpoint is not connected
01-01 08:00:35.085 1050 1050 E sscrpcd : vendor/qcom/proprietary/adsprpc/src/fastrpc_apps_user.c:2968: Error 0x200: open_dev (-1) failed for domain 2 (errno Transport endpoint is not connected)
01-01 08:00:35.086 1050 1050 E sscrpcd : vendor/qcom/proprietary/adsprpc/src/fastrpc_apps_user.c:1348: Error 0x200: remote_handle_open failed for adsp_default_listener (errno Success)
01-01 08:00:35.086 1050 1050 E sscrpcd : vendor/qcom/proprietary/sensors-see/sscrpcd/src/sscrpcd.cpp:98:listener exits
01-01 08:00:35.086 1050 1050 I sscrpcd : vendor/qcom/proprietary/adsprpc/src/rpcmem_android.c:192: rpcmem_deinit_internal: closed ION fd 4
01-01 08:00:35.086 1050 1050 I sscrpcd : vendor/qcom/proprietary/adsprpc/src/fastrpc_pm.c:116: fastrpc_wake_lock_deinit done
01-01 08:00:35.086 1050 1050 I sscrpcd : vendor/qcom/proprietary/adsprpc/src/fastrpc_apps_user.c:3019: fastrpc_apps_user_deinit done
01-01 08:00:35.086 1050 1050 E sscrpcd : vendor/qcom/proprietary/sensors-see/sscrpcd/src/sscrpcd.cpp:109:sscrpcd daemon will restart after 25ms...
01-01 08:00:35.089 608 608 I sscrpcd : vendor/qcom/proprietary/adsprpc/src/rpcmem_android.c:159: rpcmem_init_internal: opened ION device fd 4, configured heap IDs: system (0x2000000), contig (0x400000), secure (0x200), secure flags (0x80080000)
01-01 08:00:35.089 608 608 I sscrpcd : vendor/qcom/proprietary/adsprpc/src/fastrpc_apps_user.c:3087: fastrpc_apps_user_init done with default domain:2 and &fastrpc_trace:0x7c0e941fa0
01-01 08:00:35.089 608 608 E sscrpcd : vendor/qcom/proprietary/sensors-see/sscrpcd/src/sscrpcd.cpp:94:adsp_default_listener_start called for [sensorspd]
01-01 08:00:35.089 608 608 I sscrpcd : vendor/qcom/proprietary/adsprpc/src/fastrpc_pm.c:85: fastrpc_wake_lock_init done for sscrpcd:608
01-01 08:00:35.089 608 608 I sscrpcd : vendor/qcom/proprietary/adsprpc/src/fastrpc_apps_user.c:1733: wakelock_control: enabled wakelock control for domain 2
01-01 08:00:35.089 608 608 E sscrpcd : vendor/qcom/proprietary/sensors-see/sscrpcd/src/sscrpcd.cpp:65:fastrpc wakelock control is enabled
01-01 08:00:35.089 608 608 I sscrpcd : vendor/qcom/proprietary/adsprpc/src/fastrpc_apps_user.c:1345: remote_handle_open: Successfully opened handle 0x0 for '":;./\createstaticpd:sensorspd on domain 2
01-01 08:00:35.089 608 608 E sscrpcd : vendor/qcom/proprietary/adsprpc/src/fastrpc_apps_user.c:2870: Error 0x200: apps_dev_init failed for domain 2, errno Transport endpoint is not connected
01-01 08:00:35.089 608 608 E sscrpcd : vendor/qcom/proprietary/adsprpc/src/fastrpc_apps_user.c:2968: Error 0x200: open_dev (-1) failed for domain 2 (errno Transport endpoint is not connected)
01-01 08:00:35.089 608 608 E sscrpcd : vendor/qcom/proprietary/adsprpc/src/fastrpc_apps_user.c:1348: Error 0x200: remote_handle_open failed for adsp_default_listener (errno Success)
01-01 08:00:35.089 608 608 E sscrpcd : vendor/qcom/proprietary/sensors-see/sscrpcd/src/sscrpcd.cpp:98:listener exits
01-01 08:00:35.089 608 608 I sscrpcd : vendor/qcom/proprietary/adsprpc/src/rpcmem_android.c:192: rpcmem_deinit_internal: closed ION fd 4
01-01 08:00:35.089 608 608 I sscrpcd : vendor/qcom/proprietary/adsprpc/src/fastrpc_pm.c:116: fastrpc_wake_lock_deinit done
01-01 08:00:35.089 608 608 I sscrpcd : vendor/qcom/proprietary/adsprpc/src/fastrpc_apps_user.c:3019: fastrpc_apps_user_deinit done
01-01 08:00:35.090 608 608 E sscrpcd : vendor/qcom/proprietary/sensors-see/sscrpcd/src/sscrpcd.cpp:109:sscrpcd daemon will restart after 25ms...
01-01 08:00:35.091 1042 1042 D GPTEE : [TEE_client_api.cpp:42 initTEEC] initTEEC
01-01 08:00:35.091 1042 1042 E GPQeSE-HAL: vendor::qti::secure_element V1.2 service starts
01-01 08:00:35.092 1042 1042 I HidlServiceManagement: Registered android.hardware.secure_element@1.2::ISecureElement/eSE1 (start delay of 130ms)
01-01 08:00:35.092 879 879 I HidlServiceManagement: Registered vendor.qti.gnss@4.0::ILocHidlGnss/gnss_vendor (start delay of 290ms)
01-01 08:00:35.092 879 879 I LegacySupport: Registration complete for vendor.qti.gnss@4.0::ILocHidlGnss/gnss_vendor.
01-01 08:00:35.600 0 0 I init : Could not create socket 'pdx/system/vr/display/manager': Failed to bind socket 'pdx/system/vr/display/manager': No such file or directory
01-01 08:00:35.096 1046 1046 I vppservice: vendor/qcom/proprietary/adsprpc/src/fastrpc_apps_user.c:2843: Created user PD on domain 3 (attrs 0x0, debug_trace 0x0)
01-01 08:00:35.096 1046 1046 I vppservice: vendor/qcom/proprietary/adsprpc/src/fastrpc_perf.c:273: fastrpc_perf_init: enabled systrace 0x0 and RPC traces (kernel 0, dsp 0) with frequency 1000
01-01 08:00:35.096 1046 1091 I vppservice: vendor/qcom/proprietary/adsprpc/src/log_config.c:345: file_watcher_thread starting for domain 3
01-01 08:00:35.096 1046 1091 E vppservice: vendor/qcom/proprietary/adsprpc/src/log_config.c:268:Error 0x200: fopen failed for /vendor/lib/rfsa/adsp/vppservice.farf. (No such file or directory)
