01-01 08:00:35.407 0 0 I init : starting service 'vendor.qti.hardware.display.composer'...
01-01 08:00:35.407 0 0 I init : Created socket '/dev/socket/pps', mode 660, user 1000, group 1000
01-01 08:00:34.896 873 873 I HidlServiceManagement: Registered android.hardware.audio.effect@6.0::IEffectsFactory/default (start delay of 114ms)
01-01 08:00:34.896 873 873 I LegacySupport: Registration complete for android.hardware.audio.effect@6.0::IEffectsFactory/default.
01-01 08:00:34.896 872 944 E qwesd : /data/vendor already exist!!!
01-01 08:00:35.410 0 0 I init : starting service 'vendor.dspservice'...
01-01 08:00:35.411 0 0 I init : starting service 'iop-hal-2-0'...
01-01 08:00:35.411 0 0 I ueventd : firmware: loading 'slpi.b07' for '/devices/platform/soc/5c00000.qcom,ssc/firmware/slpi.b07'
01-01 08:00:34.899 872 872 I ssgtzd : Serving TZD interface
01-01 08:00:34.900 882 882 I android.hardware.neuralnetworks@1.3-service-qti: vendor/qcom/proprietary/adsprpc/src/rpcmem_android.c:159: rpcmem_init_internal: opened ION device fd 5, configured heap IDs: system (0x2000000), contig (0x400000), secure (0x200), secure flags (0x80080000)
01-01 08:00:34.900 882 882 I android.hardware.neuralnetworks@1.3-service-qti: vendor/qcom/proprietary/adsprpc/src/fastrpc_apps_user.c:3087: fastrpc_apps_user_init done with default domain:3 and &fastrpc_trace:0x78f7a9ffa0
01-01 08:00:34.901 922 922 D vendor.qti.esepowermanager@1.1-service: loading eseservice
01-01 08:00:34.901 922 922 D QSEECOMAPI: QSEECom_get_handle sb_length = 0x400
01-01 08:00:34.901 922 922 D QSEECOMAPI: App is not loaded in QSEE
01-01 08:00:34.901 922 922 E QSEECOMAPI: Error::Cannot open the file /vendor/firmware_mnt/image/eseservice.mdt errno = 2
01-01 08:00:34.901 922 922 E QSEECOMAPI: Error::Loading image failed with ret = -1
01-01 08:00:34.901 922 922 D vendor.qti.esepowermanager@1.1-service: loading eseservice failed
01-01 08:00:34.901 922 922 D vendor.qti.esepowermanager@1.1-service: eSEPowerManager V1.1 is starting
01-01 08:00:34.902 608 608 I sscrpcd : vendor/qcom/proprietary/adsprpc/src/rpcmem_android.c:159: rpcmem_init_internal: opened ION device fd 4, configured heap IDs: system (0x2000000), contig (0x400000), secure (0x200), secure flags (0x80080000)
01-01 08:00:34.902 608 608 I sscrpcd : vendor/qcom/proprietary/adsprpc/src/fastrpc_apps_user.c:3087: fastrpc_apps_user_init done with default domain:2 and &fastrpc_trace:0x7c0fcaefa0
01-01 08:00:34.903 608 608 E sscrpcd : vendor/qcom/proprietary/sensors-see/sscrpcd/src/sscrpcd.cpp:94:adsp_default_listener_start called for [sensorspd]
01-01 08:00:34.903 608 608 I sscrpcd : vendor/qcom/proprietary/adsprpc/src/fastrpc_pm.c:85: fastrpc_wake_lock_init done for sscrpcd:608
01-01 08:00:34.903 608 608 I sscrpcd : vendor/qcom/proprietary/adsprpc/src/fastrpc_apps_user.c:1733: wakelock_control: enabled wakelock control for domain 2
01-01 08:00:34.903 608 608 E sscrpcd : vendor/qcom/proprietary/sensors-see/sscrpcd/src/sscrpcd.cpp:65:fastrpc wakelock control is enabled
01-01 08:00:35.413 0 0 I init : starting service 'vendor.limits-hal'...
01-01 08:00:35.415 0 0 I ueventd : loading /devices/platform/soc/5c00000.qcom,ssc/firmware/slpi.b06 took 9ms
01-01 08:00:34.903 608 608 I sscrpcd : vendor/qcom/proprietary/adsprpc/src/fastrpc_apps_user.c:1345: remote_handle_open: Successfully opened handle 0x0 for '":;./\createstaticpd:sensorspd on domain 2
01-01 08:00:34.903 608 608 E sscrpcd : vendor/qcom/proprietary/adsprpc/src/fastrpc_apps_user.c:2870: Error 0x200: apps_dev_init failed for domain 2, errno Transport endpoint is not connected
01-01 08:00:34.903 608 608 E sscrpcd : vendor/qcom/proprietary/adsprpc/src/fastrpc_apps_user.c:2968: Error 0x200: open_dev (-1) failed for domain 2 (errno Transport endpoint is not connected)
01-01 08:00:34.903 608 608 E sscrpcd : vendor/qcom/proprietary/adsprpc/src/fastrpc_apps_user.c:1348: Error 0x200: remote_handle_open failed for adsp_default_listener (errno Success)
01-01 08:00:34.903 608 608 E sscrpcd : vendor/qcom/proprietary/sensors-see/sscrpcd/src/sscrpcd.cpp:98:listener exits
01-01 08:00:34.903 608 608 I sscrpcd : vendor/qcom/proprietary/adsprpc/src/rpcmem_android.c:192: rpcmem_deinit_internal: closed ION fd 4
01-01 08:00:34.903 608 608 I sscrpcd : vendor/qcom/proprietary/adsprpc/src/fastrpc_pm.c:116: fastrpc_wake_lock_deinit done
01-01 08:00:34.903 608 608 I sscrpcd : vendor/qcom/proprietary/adsprpc/src/fastrpc_apps_user.c:3019: fastrpc_apps_user_deinit done
01-01 08:00:34.903 608 608 E sscrpcd : vendor/qcom/proprietary/sensors-see/sscrpcd/src/sscrpcd.cpp:109:sscrpcd daemon will restart after 25ms...
01-01 08:00:35.416 0 0 I ueventd : firmware: loading 'slpi.b08' for '/devices/platform/soc/5c00000.qcom,ssc/firmware/slpi.b08'
01-01 08:00:34.907 872 944 E qwes : Failed to stat /vendor/etc/qwesd.rc
01-01 08:00:34.907 872 944 E qwesd : isLegacy 0
01-01 08:00:35.420 0 0 I ueventd : loading /devices/platform/soc/5c00000.qcom,ssc/firmware/slpi.b04 took 17ms
01-01 08:00:34.907 783 783 I rescue_note: [0,1,32645]
01-01 08:00:34.908 783 783 I SystemServerTiming: StartLightsService
01-01 08:00:34.908 783 783 I SystemServiceManager: Starting com.android.server.lights.LightsService
01-01 08:00:34.909 872 944 E qwes : Failed to stat /vendor/etc/qwesd.rc
01-01 08:00:34.909 872 944 E qwes : Failed to stat /vendor/etc/qwesd.rc
01-01 08:00:35.422 0 0 I ueventd : loading /devices/platform/soc/5c00000.qcom,ssc/firmware/slpi.b08 took 5ms
01-01 08:00:35.423 0 0 I ueventd : firmware: loading 'slpi.b09' for '/devices/platform/soc/5c00000.qcom,ssc/firmware/slpi.b09'
01-01 08:00:34.910 511 511 I servicemanager: Found android.hardware.light.ILights/default in device VINTF manifest.
01-01 08:00:34.911 783 783 I SystemServerTiming: StartSidekickService
01-01 08:00:34.911 783 783 I SystemServerTiming: StartDisplayManager
01-01 08:00:34.911 783 783 I SystemServiceManager: Starting com.android.server.display.DisplayManagerService
01-01 08:00:35.425 0 0 I ueventd : loading /devices/platform/soc/5c00000.qcom,ssc/firmware/slpi.b09 took 2ms
01-01 08:00:35.425 0 0 I ueventd : loading /devices/platform/soc/5c00000.qcom,ssc/firmware/slpi.b07 took 13ms
01-01 08:00:35.425 0 0 I ueventd : firmware: loading 'slpi.b11' for '/devices/platform/soc/5c00000.qcom,ssc/firmware/slpi.b11'
01-01 08:00:35.426 0 0 I ueventd : loading /devices/platform/soc/5c00000.qcom,ssc/firmware/slpi.b11 took 1ms
01-01 08:00:34.914 902 902 I HidlServiceManagement: Registered android.hardware.usb@1.2::IUsb/default (start delay of 52ms)
01-01 08:00:34.914 902 902 I HidlServiceManagement: Removing namespace from process name android.hardware.usb@1.2-service-qti to usb@1.2-service-qti.
01-01 08:00:34.914 872 944 E qwesd : Unable to check Feature configs: 2
01-01 08:00:34.914 511 511 I servicemanager: Since 'SurfaceFlinger' could not be found, trying to start it as a lazy AIDL service
01-01 08:00:34.914 902 902 I android.hardware.usb@1.2-service-qti: QTI USB HAL Ready.
01-01 08:00:34.915 872 944 E qwesd : Sync status is: 0
01-01 08:00:34.915 872 981 E SmcInvoke_MinkDescriptor: cbthread[tid 521748040880] return -1, errno 4: has_response 0, txn_id 0, result 0, cbobj_id 0, op 0x0, counts 0x0,
01-01 08:00:34.915 872 981 D SmcInvoke_MinkDescriptor: cbthread[tid 521748040880] continue with errno 4
01-01 08:00:34.915 872 981 E SmcInvoke_MinkDescriptor: cbthread[tid 521748040880] exit
01-01 08:00:34.916 922 922 I HidlServiceManagement: Registered vendor.qti.esepowermanager@1.1::IEsePowerManager/default (start delay of 34ms)
01-01 08:00:34.916 922 922 I HidlServiceManagement: Removing namespace from process name vendor.qti.esepowermanager@1.1-service to esepowermanager@1.1-service.
01-01 08:00:34.916 922 922 I LegacySupport: Registration complete for vendor.qti.esepowermanager@1.1::IEsePowerManager/default.
01-01 08:00:34.916 872 980 E SmcInvoke_MinkDescriptor: cbthread[tid 521749081264] return -1, errno 4: has_response 1, txn_id 3, result 0, cbobj_id -2, op 0xffff, counts 0x0,
01-01 08:00:34.916 872 980 D SmcInvoke_MinkDescriptor: cbthread[tid 521749081264] continue with errno 4
01-01 08:00:34.916 872 980 E SmcInvoke_MinkDescriptor: cbthread[tid 521749081264] exit
01-01 08:00:34.916 872 979 E SmcInvoke_MinkDescriptor: cbthread[tid 521750121648] return -1, errno 4: has_response 1, txn_id 2, result 0, cbobj_id -2, op 0x1, counts 0x11,
01-01 08:00:34.916 872 979 D SmcInvoke_MinkDescriptor: cbthread[tid 521750121648] continue with errno 4
01-01 08:00:34.916 872 979 E SmcInvoke_MinkDescriptor: cbthread[tid 521750121648] exit
01-01 08:00:34.916 872 978 E SmcInvoke_MinkDescriptor: cbthread[tid 521751162032] return -1, errno 4: has_response 0, txn_id 0, result 0, cbobj_id 0, op 0x0, counts 0x0,
01-01 08:00:34.916 872 978 D SmcInvoke_MinkDescriptor: cbthread[tid 521751162032] continue with errno 4
01-01 08:00:34.916 872 978 E SmcInvoke_MinkDescriptor: cbthread[tid 521751162032] exit
01-01 08:00:34.916 872 977 E SmcInvoke_MinkDescriptor: cbthread[tid 521752202416] return -1, errno 4: has_response 0, txn_id 0, result 0, cbobj_id 0, op 0x0, counts 0x0,
01-01 08:00:34.916 872 977 D SmcInvoke_MinkDescriptor: cbthread[tid 521752202416] continue with errno 4
01-01 08:00:34.916 872 977 E SmcInvoke_MinkDescriptor: cbthread[tid 521752202416] exit
01-01 08:00:34.919 872 976 E SmcInvoke_MinkDescriptor: cbthread[tid 521753242800] return -1, errno 4: has_response 0, txn_id 0, result 0, cbobj_id 0, op 0x0, counts 0x0,
01-01 08:00:34.919 872 976 D SmcInvoke_MinkDescriptor: cbthread[tid 521753242800] continue with errno 4
01-01 08:00:34.919 872 976 E SmcInvoke_MinkDescriptor: cbthread[tid 521753242800] exit
01-01 08:00:34.919 872 975 E SmcInvoke_MinkDescriptor: cbthread[tid 521771060400] return -1, errno 4: has_response 0, txn_id 0, result 0, cbobj_id 0, op 0x0, counts 0x0,
01-01 08:00:34.919 872 975 D SmcInvoke_MinkDescriptor: cbthread[tid 521771060400] continue with errno 4
01-01 08:00:34.919 872 975 E SmcInvoke_MinkDescriptor: cbthread[tid 521771060400] exit
01-01 08:00:34.920 872 974 E SmcInvoke_MinkDescriptor: cbthread[tid 521772100784] return -1, errno 4: has_response 1, txn_id 1, result 0, cbobj_id -2, op 0x0, counts 0x10,
01-01 08:00:34.920 872 974 D SmcInvoke_MinkDescriptor: cbthread[tid 521772100784] continue with errno 4
01-01 08:00:34.920 872 974 E SmcInvoke_MinkDescriptor: cbthread[tid 521772100784] exit
01-01 08:00:35.431 0 0 I ueventd : firmware: loading 'slpi.b12' for '/devices/platform/soc/5c00000.qcom,ssc/firmware/slpi.b12'
01-01 08:00:34.920 872 973 E SmcInvoke_MinkDescriptor: cbthread[tid 521789918384] return -1, errno 4: has_response 0, txn_id 0, result 0, cbobj_id 0, op 0x0, counts 0x0,
01-01 08:00:34.920 872 973 D SmcInvoke_MinkDescriptor: cbthread[tid 521789918384] continue with errno 4
01-01 08:00:34.920 872 973 E SmcInvoke_MinkDescriptor: cbthread[tid 521789918384] exit
01-01 08:00:34.920 872 972 E SmcInvoke_MinkDescriptor: cbthread[tid 521790958768] return -1, errno 4: has_response 0, txn_id 0, result 0, cbobj_id 0, op 0x0, counts 0x0,
01-01 08:00:34.920 872 972 D SmcInvoke_MinkDescriptor: cbthread[tid 521790958768] continue with errno 4
01-01 08:00:34.920 872 972 E SmcInvoke_MinkDescriptor: cbthread[tid 521790958768] exit
01-01 08:00:34.920 924 924 I capabilityconfigstorehal: vendor::qti::hardware::capabilityconfigstore service starts
01-01 08:00:34.920 872 971 E SmcInvoke_MinkDescriptor: cbthread[tid 521791999152] return -1, errno 4: has_response 0, txn_id 0, result 0, cbobj_id 0, op 0x0, counts 0x0,
01-01 08:00:34.920 872 971 D SmcInvoke_MinkDescriptor: cbthread[tid 521791999152] continue with errno 4
01-01 08:00:34.920 872 971 E SmcInvoke_MinkDescriptor: cbthread[tid 521791999152] exit
01-01 08:00:34.920 872 970 E SmcInvoke_MinkDescriptor: cbthread[tid 521793039536] return -1, errno 4: has_response 0, txn_id 0, result 0, cbobj_id 0, op 0x0, counts 0x0,
01-01 08:00:34.920 872 970 D SmcInvoke_MinkDescriptor: cbthread[tid 521793039536] continue with errno 4
01-01 08:00:34.920 872 970 E SmcInvoke_MinkDescriptor: cbthread[tid 521793039536] exit
01-01 08:00:34.920 872 969 E SmcInvoke_MinkDescriptor: cbthread[tid 521894743216] return -1, errno 4: has_response 0, txn_id 0, result 0, cbobj_id 0, op 0x0, counts 0x0,
01-01 08:00:34.920 872 969 D SmcInvoke_MinkDescriptor: cbthread[tid 521894743216] continue with errno 4
01-01 08:00:34.920 872 969 E SmcInvoke_MinkDescriptor: cbthread[tid 521894743216] exit
01-01 08:00:34.920 872 967 E SmcInvoke_MinkDescriptor: cbthread[tid 521912560816] return -1, errno 4: has_response 0, txn_id 0, result 0, cbobj_id 0, op 0x0, counts 0x0,
01-01 08:00:34.920 872 967 D SmcInvoke_MinkDescriptor: cbthread[tid 521912560816] continue with errno 4
01-01 08:00:34.920 872 967 E SmcInvoke_MinkDescriptor: cbthread[tid 521912560816] exit
01-01 08:00:34.921 872 966 E SmcInvoke_MinkDescriptor: cbthread[tid 521913601200] return -1, errno 4: has_response 0, txn_id 0, result 0, cbobj_id 0, op 0x0, counts 0x0,
01-01 08:00:34.921 872 966 D SmcInvoke_MinkDescriptor: cbthread[tid 521913601200] continue with errno 4
01-01 08:00:34.921 872 966 E SmcInvoke_MinkDescriptor: cbthread[tid 521913601200] exit
01-01 08:00:34.921 921 921 I HidlServiceManagement: Registered vendor.display.color@1.5::IDisplayColor/default (start delay of 39ms)
01-01 08:00:34.921 921 921 I HidlServiceManagement: Removing namespace from process name vendor.display.color@1.0-service to color@1.0-service.
01-01 08:00:34.921 872 965 E SmcInvoke_MinkDescriptor: cbthread[tid 521931418800] return -1, errno 4: has_response 0, txn_id 0, result 0, cbobj_id 0, op 0x0, counts 0x0,
01-01 08:00:34.921 872 965 D SmcInvoke_MinkDescriptor: cbthread[tid 521931418800] continue with errno 4
01-01 08:00:34.921 872 965 E SmcInvoke_MinkDescriptor: cbthread[tid 521931418800] exit
01-01 08:00:34.921 872 944 E qwes : Failed to stat /vendor/etc/qwesd.rc
01-01 08:00:35.434 0 0 I ueventd : firmware: loading 'slpi.b13' for '/devices/platform/soc/5c00000.qcom,ssc/firmware/slpi.b13'
01-01 08:00:34.921 921 921 I HidlServiceManagement: Registered vendor.display.postproc@1.0::IDisplayPostproc/default (start delay of 40ms)
01-01 08:00:34.923 924 924 I capabilityconfigstorehal: start HIDL_FETCH_ICapabilityConfigStore
01-01 08:00:34.923 924 924 I capabilityconfigstorehal: Init of QTI configstorehal
01-01 08:00:34.923 915 915 I android.hardware.wifi@1.0-service: Wifi Hal is booting up...
01-01 08:00:34.924 915 915 I HidlServiceManagement: Registered android.hardware.wifi@1.4::IWifi/default (start delay of 52ms)
01-01 08:00:34.924 915 915 I HidlServiceManagement: Removing namespace from process name android.hardware.wifi@1.0-service to wifi@1.0-service.
01-01 08:00:35.437 0 0 I ueventd : loading /devices/platform/soc/5c00000.qcom,ssc/firmware/slpi.b05 took 37ms
01-01 08:00:35.438 0 0 I init : starting service 'perf-hal-2-2'...
01-01 08:00:35.438 0 0 I ueventd : firmware: loading 'slpi.b14' for '/devices/platform/soc/5c00000.qcom,ssc/firmware/slpi.b14'
01-01 08:00:35.439 0 0 I ueventd : loading /devices/platform/soc/5c00000.qcom,ssc/firmware/slpi.b13 took 1ms
01-01 08:00:35.440 0 0 I ueventd : firmware: loading 'slpi.b15' for '/devices/platform/soc/5c00000.qcom,ssc/firmware/slpi.b15'
01-01 08:00:34.928 924 924 I capabilityconfigstorehal: Parsing config for /vendor/etc/configstore/wigig.xml
01-01 08:00:34.928 924 924 E capabilityconfigstorehal: starting to load xml file: '/vendor/etc/configstore/wigig.xml'
01-01 08:00:34.931 959 959 E vendor.qti.hardware.iop@2.0-service: IIop HAL service main
01-01 08:00:34.932 872 1010 E SmcInvoke_MinkDescriptor: cbthread[tid 521543593136] return -1, errno 4: has_response 0, txn_id 0, result 0, cbobj_id 0, op 0x0, counts 0x0,
01-01 08:00:34.932 872 1010 D SmcInvoke_MinkDescriptor: cbthread[tid 521543593136] continue with errno 4
01-01 08:00:34.932 872 1010 E SmcInvoke_MinkDescriptor: cbthread[tid 521543593136] exit
01-01 08:00:34.932 872 1009 E SmcInvoke_MinkDescriptor: cbthread[tid 521561410736] return -1, errno 4: has_response 0, txn_id 0, result 0, cbobj_id 0, op 0x0, counts 0x0,
01-01 08:00:34.932 872 1009 D SmcInvoke_MinkDescriptor: cbthread[tid 521561410736] continue with errno 4
01-01 08:00:34.932 872 1009 E SmcInvoke_MinkDescriptor: cbthread[tid 521561410736] exit
01-01 08:00:35.442 0 0 I ueventd : loading /devices/platform/soc/5c00000.qcom,ssc/firmware/slpi.b14 took 3ms
01-01 08:00:35.445 0 0 I ueventd : firmware: loading 'slpi.b17' for '/devices/platform/soc/5c00000.qcom,ssc/firmware/slpi.b17'
01-01 08:00:35.445 0 0 I ueventd : firmware: loading 'slpi.b16' for '/devices/platform/soc/5c00000.qcom,ssc/firmware/slpi.b16'
01-01 08:00:34.933 872 1008 E SmcInvoke_MinkDescriptor: cbthread[tid 521579228336] return -1, errno 4: has_response 1, txn_id 1, result 0, cbobj_id -2, op 0x0, counts 0x10,
01-01 08:00:34.933 872 1008 D SmcInvoke_MinkDescriptor: cbthread[tid 521579228336] continue with errno 4
01-01 08:00:34.933 872 1008 E SmcInvoke_MinkDescriptor: cbthread[tid 521579228336] exit
01-01 08:00:34.933 872 1007 E SmcInvoke_MinkDescriptor: cbthread[tid 521764818096] return -1, errno 4: has_response 0, txn_id 0, result 0, cbobj_id 0, op 0x0, counts 0x0,
01-01 08:00:34.933 872 1007 D SmcInvoke_MinkDescriptor: cbthread[tid 521764818096] continue with errno 4
01-01 08:00:34.933 872 1007 E SmcInvoke_MinkDescriptor: cbthread[tid 521764818096] exit
01-01 08:00:34.933 872 1006 E SmcInvoke_MinkDescriptor: cbthread[tid 521782635696] return -1, errno 4: has_response 1, txn_id 3, result 0, cbobj_id -2, op 0xffff, counts 0x0,
01-01 08:00:34.933 872 1006 D SmcInvoke_MinkDescriptor: cbthread[tid 521782635696] continue with errno 4
01-01 08:00:34.933 872 1006 E SmcInvoke_MinkDescriptor: cbthread[tid 521782635696] exit
01-01 08:00:34.933 872 1000 E SmcInvoke_MinkDescriptor: cbthread[tid 521783676080] return -1, errno 4: has_response 0, txn_id 0, result 0, cbobj_id 0, op 0x0, counts 0x0,
01-01 08:00:34.933 872 1000 D SmcInvoke_MinkDescriptor: cbthread[tid 521783676080] continue with errno 4
01-01 08:00:34.933 872 1000 E SmcInvoke_MinkDescriptor: cbthread[tid 521783676080] exit
01-01 08:00:34.933 872 999 E SmcInvoke_MinkDescriptor: cbthread[tid 521784716464] return -1, errno 4: has_response 0, txn_id 0, result 0, cbobj_id 0, op 0x0, counts 0x0,
01-01 08:00:34.933 872 999 D SmcInvoke_MinkDescriptor: cbthread[tid 521784716464] continue with errno 4
01-01 08:00:34.933 872 999 E SmcInvoke_MinkDescriptor: cbthread[tid 521784716464] exit
01-01 08:00:34.933 872 998 E SmcInvoke_MinkDescriptor: cbthread[tid 521785756848] return -1, errno 4: has_response 0, txn_id 0, result 0, cbobj_id 0, op 0x0, counts 0x0,
01-01 08:00:34.933 872 998 D SmcInvoke_MinkDescriptor: cbthread[tid 521785756848] continue with errno 4
01-01 08:00:34.933 872 998 E SmcInvoke_MinkDescriptor: cbthread[tid 521785756848] exit
01-01 08:00:34.933 872 997 E SmcInvoke_MinkDescriptor: cbthread[tid 521786797232] return -1, errno 4: has_response 0, txn_id 0, result 0, cbobj_id 0, op 0x0, counts 0x0,
01-01 08:00:34.933 872 997 D SmcInvoke_MinkDescriptor: cbthread[tid 521786797232] continue with errno 4
01-01 08:00:34.933 872 997 E SmcInvoke_MinkDescriptor: cbthread[tid 521786797232] exit
01-01 08:00:34.934 872 996 E SmcInvoke_MinkDescriptor: cbthread[tid 521787837616] return -1, errno 4: has_response 0, txn_id 0, result 0, cbobj_id 0, op 0x0, counts 0x0,
01-01 08:00:34.934 872 996 D SmcInvoke_MinkDescriptor: cbthread[tid 521787837616] continue with errno 4
01-01 08:00:34.934 872 996 E SmcInvoke_MinkDescriptor: cbthread[tid 521787837616] exit
01-01 08:00:34.934 872 995 E SmcInvoke_MinkDescriptor: cbthread[tid 521788878000] return -1, errno 4: has_response 1, txn_id 2, result 0, cbobj_id -2, op 0x1, counts 0x11,
01-01 08:00:34.934 872 995 D SmcInvoke_MinkDescriptor: cbthread[tid 521788878000] continue with errno 4
01-01 08:00:34.934 872 995 E SmcInvoke_MinkDescriptor: cbthread[tid 521788878000] exit
01-01 08:00:34.934 872 994 E SmcInvoke_MinkDescriptor: cbthread[tid 521789918384] return -1, errno 4: has_response 0, txn_id 0, result 0, cbobj_id 0, op 0x0, counts 0x0,
01-01 08:00:34.934 872 994 D SmcInvoke_MinkDescriptor: cbthread[tid 521789918384] continue with errno 4
01-01 08:00:34.934 872 994 E SmcInvoke_MinkDescriptor: cbthread[tid 521789918384] exit
01-01 08:00:34.934 872 993 E SmcInvoke_MinkDescriptor: cbthread[tid 521790958768] return -1, errno 4: has_response 0, txn_id 0, result 0, cbobj_id 0, op 0x0, counts 0x0,
01-01 08:00:34.934 872 993 D SmcInvoke_MinkDescriptor: cbthread[tid 521790958768] continue with errno 4
01-01 08:00:34.934 872 993 E SmcInvoke_MinkDescriptor: cbthread[tid 521790958768] exit
01-01 08:00:34.934 872 992 E SmcInvoke_MinkDescriptor: cbthread[tid 521791999152] return -1, errno 4: has_response 0, txn_id 0, result 0, cbobj_id 0, op 0x0, counts 0x0,
01-01 08:00:34.934 872 992 D SmcInvoke_MinkDescriptor: cbthread[tid 521791999152] continue with errno 4
01-01 08:00:34.934 872 992 E SmcInvoke_MinkDescriptor: cbthread[tid 521791999152] exit
01-01 08:00:34.934 872 991 E SmcInvoke_MinkDescriptor: cbthread[tid 521793039536] return -1, errno 4: has_response 0, txn_id 0, result 0, cbobj_id 0, op 0x0, counts 0x0,
01-01 08:00:34.934 872 991 D SmcInvoke_MinkDescriptor: cbthread[tid 521793039536] continue with errno 4
01-01 08:00:34.934 872 991 E SmcInvoke_MinkDescriptor: cbthread[tid 521793039536] exit
01-01 08:00:34.934 872 990 E SmcInvoke_MinkDescriptor: cbthread[tid 521894743216] return -1, errno 4: has_response 0, txn_id 0, result 0, cbobj_id 0, op 0x0, counts 0x0,
01-01 08:00:34.934 872 990 D SmcInvoke_MinkDescriptor: cbthread[tid 521894743216] continue with errno 4
01-01 08:00:34.934 872 990 E SmcInvoke_MinkDescriptor: cbthread[tid 521894743216] exit
01-01 08:00:35.447 0 0 I init : starting service 'qccvndhalservice'...
01-01 08:00:34.917 924 924 I auditd : type=1400 audit(0.0:379): avc: denied { read } for comm="vendor.qti.hard" name="u:object_r:vendor_cap_configstore_dbg_prop:s0" dev="tmpfs" ino=2478 scontext=u:r:vendor_hal_capabilityconfigstore_qti_default:s0 tcontext=u:object_r:vendor_cap_configstore_dbg_prop:s0 tclass=file permissive=1
01-01 08:00:34.917 924 924 I vendor.qti.hard: type=1400 audit(0.0:379): avc: denied { read } for name="u:object_r:vendor_cap_configstore_dbg_prop:s0" dev="tmpfs" ino=2478 scontext=u:r:vendor_hal_capabilityconfigstore_qti_default:s0 tcontext=u:object_r:vendor_cap_configstore_dbg_prop:s0 tclass=file permissive=1
01-01 08:00:35.449 0 0 I init : starting service 'qteeconnector-hal-1-0'...
01-01 08:00:34.935 608 608 I sscrpcd : vendor/qcom/proprietary/adsprpc/src/rpcmem_android.c:159: rpcmem_init_internal: opened ION device fd 4, configured heap IDs: system (0x2000000), contig (0x400000), secure (0x200), secure flags (0x80080000)
01-01 08:00:34.935 608 608 I sscrpcd : vendor/qcom/proprietary/adsprpc/src/fastrpc_apps_user.c:3087: fastrpc_apps_user_init done with default domain:2 and &fastrpc_trace:0x7c0fc5efa0
01-01 08:00:34.935 608 608 E sscrpcd : vendor/qcom/proprietary/sensors-see/sscrpcd/src/sscrpcd.cpp:94:adsp_default_listener_start called for [sensorspd]
01-01 08:00:34.935 608 608 I sscrpcd : vendor/qcom/proprietary/adsprpc/src/fastrpc_pm.c:85: fastrpc_wake_lock_init done for sscrpcd:608
01-01 08:00:34.935 608 608 I sscrpcd : vendor/qcom/proprietary/adsprpc/src/fastrpc_apps_user.c:1733: wakelock_control: enabled wakelock control for domain 2
01-01 08:00:34.935 608 608 E sscrpcd : vendor/qcom/proprietary/sensors-see/sscrpcd/src/sscrpcd.cpp:65:fastrpc wakelock control is enabled
01-01 08:00:34.935 608 608 I sscrpcd : vendor/qcom/proprietary/adsprpc/src/fastrpc_apps_user.c:1345: remote_handle_open: Successfully opened handle 0x0 for '":;./\createstaticpd:sensorspd on domain 2
01-01 08:00:34.935 608 608 E sscrpcd : vendor/qcom/proprietary/adsprpc/src/fastrpc_apps_user.c:2870: Error 0x200: apps_dev_init failed for domain 2, errno Transport endpoint is not connected
01-01 08:00:34.935 608 608 E sscrpcd : vendor/qcom/proprietary/adsprpc/src/fastrpc_apps_user.c:2968: Error 0x200: open_dev (-1) failed for domain 2 (errno Transport endpoint is not connected)
01-01 08:00:34.935 608 608 E sscrpcd : vendor/qcom/proprietary/adsprpc/src/fastrpc_apps_user.c:1348: Error 0x200: remote_handle_open failed for adsp_default_listener (errno Success)
01-01 08:00:34.935 608 608 E sscrpcd : vendor/qcom/proprietary/sensors-see/sscrpcd/src/sscrpcd.cpp:98:listener exits
01-01 08:00:34.935 608 608 I sscrpcd : vendor/qcom/proprietary/adsprpc/src/rpcmem_android.c:192: rpcmem_deinit_internal: closed ION fd 4
01-01 08:00:34.935 608 608 I sscrpcd : vendor/qcom/proprietary/adsprpc/src/fastrpc_pm.c:116: fastrpc_wake_lock_deinit done
01-01 08:00:34.935 608 608 I sscrpcd : vendor/qcom/proprietary/adsprpc/src/fastrpc_apps_user.c:3019: fastrpc_apps_user_deinit done
01-01 08:00:34.935 608 608 E sscrpcd : vendor/qcom/proprietary/sensors-see/sscrpcd/src/sscrpcd.cpp:109:sscrpcd daemon will restart after 25ms...
01-01 08:00:34.935 924 924 I capabilityconfigstorehal: Parsing config for /vendor/etc/configstore/vpp.configstore.xml
01-01 08:00:34.935 924 924 E capabilityconfigstorehal: starting to load xml file: '/vendor/etc/configstore/vpp.configstore.xml'
01-01 08:00:34.936 924 924 I HidlServiceManagement: Registered vendor.qti.hardware.capabilityconfigstore@1.0::ICapabilityConfigStore/default (start delay of 54ms)
01-01 08:00:34.936 924 924 I HidlServiceManagement: Removing namespace from process name vendor.qti.hardware.capabilityconfigstore@1.0-service to capabilityconfigstore@1.0-service.
01-01 08:00:34.936 924 924 I LegacySupport: Registration complete for vendor.qti.hardware.capabilityconfigstore@1.0::ICapabilityConfigStore/default.
01-01 08:00:34.939 925 925 I HidlServiceManagement: Registered vendor.qti.hardware.display.allocator@3.0::IQtiAllocator/default (start delay of 57ms)
01-01 08:00:34.939 925 925 I HidlServiceManagement: Removing namespace from process name vendor.qti.hardware.display.allocator-service to allocator-service.
01-01 08:00:34.939 925 925 I qdgralloc: Initialized qti-allocator
01-01 08:00:34.941 1001 1001 I vendor.qti.hardware.limits: Limits HAL Service 1.0 starting...
01-01 08:00:35.452 0 0 I ueventd : loading /devices/platform/soc/5c00000.qcom,ssc/firmware/slpi.b12 took 21ms
01-01 08:00:35.453 0 0 I ueventd : loading /devices/platform/soc/5c00000.qcom,ssc/firmware/slpi.b15 took 13ms
01-01 08:00:35.453 0 0 I init : starting service 'sensorscal-hal-1-0'...
01-01 08:00:35.456 0 0 I ueventd : loading /devices/platform/soc/5c00000.qcom,ssc/firmware/slpi.b16 took 11ms
01-01 08:00:35.457 0 0 I ueventd : firmware: loading 'slpi.b18' for '/devices/platform/soc/5c00000.qcom,ssc/firmware/slpi.b18'
01-01 08:00:34.944 894 894 E android.hardware.thermal@2.0-service.qti: ThermalHAL not initialized properly.
01-01 08:00:34.944 1001 1001 E vendor.qti.hardware.limits@1.0-service: Failed to get temperature threshold from ThermalHAL. Status:ThermalHAL not initialized properly.
01-01 08:00:34.944 894 894 E android.hardware.thermal@2.0-service.qti: ThermalHAL not initialized properly.
01-01 08:00:34.944 1001 1001 E vendor.qti.hardware.limits@1.0-service: Failed to get temperature threshold from ThermalHAL. Status:ThermalHAL not initialized properly.
01-01 08:00:34.944 894 894 E android.hardware.thermal@2.0-service.qti: ThermalHAL not initialized properly.
01-01 08:00:34.944 1001 1001 E vendor.qti.hardware.limits@1.0-service: Failed to get temperature threshold from ThermalHAL. Status:ThermalHAL not initialized properly.
01-01 08:00:34.944 894 894 E android.hardware.thermal@2.0-service.qti: ThermalHAL not initialized properly.
01-01 08:00:34.944 1001 1001 E vendor.qti.hardware.limits@1.0-service: Failed to get temperature threshold from ThermalHAL. Status:ThermalHAL not initialized properly.
01-01 08:00:34.944 894 894 E android.hardware.thermal@2.0-service.qti: ThermalHAL not initialized properly.
01-01 08:00:34.944 1001 1001 E vendor.qti.hardware.limits@1.0-service: Failed to get temperature threshold from ThermalHAL. Status:ThermalHAL not initialized properly.
01-01 08:00:35.458 0 0 I ueventd : firmware: loading 'slpi.b19' for '/devices/platform/soc/5c00000.qcom,ssc/firmware/slpi.b19'
01-01 08:00:35.458 0 0 I init : starting service 'vendor.servicetracker-1-2'...
01-01 08:00:35.459 0 0 I ueventd : loading /devices/platform/soc/5c00000.qcom,ssc/firmware/slpi.b18 took 3ms
01-01 08:00:34.947 1001 1001 I HidlServiceManagement: Registered vendor.qti.hardware.limits@1.0::ILimits/default (start delay of 26ms)
01-01 08:00:34.947 1001 1001 I HidlServiceManagement: Removing namespace from process name vendor.qti.hardware.limits@1.0-service to limits@1.0-service.
01-01 08:00:34.948 1001 1001 I vendor.qti.hardware.limits: Limits HAL Service 1.0 started successfully.
01-01 08:00:35.461 0 0 I ueventd : loading /devices/platform/soc/5c00000.qcom,ssc/firmware/slpi.b19 took 3ms
01-01 08:00:35.461 0 0 I init : starting service 'soter-1-0'...
01-01 08:00:35.463 0 0 I ueventd : firmware: loading 'slpi.b20' for '/devices/platform/soc/5c00000.qcom,ssc/firmware/slpi.b20'
01-01 08:00:35.463 0 0 I init : starting service 'tui_comm-1-0'...
01-01 08:00:34.950 882 882 E android.hardware.neuralnetworks@1.3-service: cannot load function CreateAccelerator for unnhal-acc-adreno.so
01-01 08:00:35.467 0 0 I init : starting service 'vendor.qti.vibrator'...
01-01 08:00:35.468 0 0 I ueventd : firmware: loading 'slpi.b02' for '/devices/platform/soc/5c00000.qcom,ssc/firmware/slpi.b02'
01-01 08:00:34.917 924 924 I auditd : type=1400 audit(0.0:380): avc: denied { open } for comm="vendor.qti.hard" path="/dev/__properties__/u:object_r:vendor_cap_configstore_dbg_prop:s0" dev="tmpfs" ino=2478 scontext=u:r:vendor_hal_capabilityconfigstore_qti_default:s0 tcontext=u:object_r:vendor_cap_configstore_dbg_prop:s0 tclass=file permissive=1
01-01 08:00:34.917 924 924 I vendor.qti.hard: type=1400 audit(0.0:380): avc: denied { open } for path="/dev/__properties__/u:object_r:vendor_cap_configstore_dbg_prop:s0" dev="tmpfs" ino=2478 scontext=u:r:vendor_hal_capabilityconfigstore_qti_default:s0 tcontext=u:object_r:vendor_cap_configstore_dbg_prop:s0 tclass=file permissive=1
01-01 08:00:34.953 946 946 W dspservice: libminijail[946]: failed to get path of fd 3: No such file or directory
01-01 08:00:34.953 946 946 W dspservice: libminijail[946]: allowing syscall: connect
01-01 08:00:34.953 946 946 W dspservice: libminijail[946]: allowing syscall: fcntl
01-01 08:00:34.953 946 946 W dspservice: libminijail[946]: allowing syscall: sendto
01-01 08:00:34.953 946 946 W dspservice: libminijail[946]: allowing syscall: socket
01-01 08:00:34.953 946 946 W dspservice: libminijail[946]: allowing syscall: writev
01-01 08:00:34.953 946 946 W dspservice: libminijail[946]: logging seccomp filter failures
01-01 08:00:34.953 873 873 D sound_trigger_hw: stdev_open: Enter
01-01 08:00:34.953 879 879 D LocSvc_LBSProxy: checkIfLocationExtendedClientExists] File does not Exist
01-01 08:00:34.955 879 879 E android.hardware.gnss@2.1-service-qti: cannot open file:/data/vendor/location/gps.prop
01-01 08:00:34.956 879 879 E LocSvc_misc_utils: logDlError:129] dlopen error: dlopen failed: library "liblocdiagiface.so" not found
01-01 08:00:34.957 879 1002 E LocSvc_misc_utils: logDlError:129] dlopen error: dlopen failed: library "libloc_net_iface.so" not found
01-01 08:00:34.958 879 879 I HidlServiceManagement: Registered android.hardware.gnss@2.1::IGnss/default (start delay of 156ms)
01-01 08:00:34.958 879 879 I HidlServiceManagement: Removing namespace from process name android.hardware.gnss@2.1-service-qti to gnss@2.1-service-qti.
01-01 08:00:34.958 879 879 I LegacySupport: Registration complete for android.hardware.gnss@2.1::IGnss/default.
01-01 08:00:34.959 512 512 I hwservicemanager: Since android.hardware.health@2.1::IHealth/default is not registered, trying to start it as a lazy HAL.
01-01 08:00:34.959 512 512 I hwservicemanager: Since android.hardware.health@2.1::IHealth/default is not registered, trying to start it as a lazy HAL.
01-01 08:00:35.472 0 0 I init : starting service 'vendor-qti-media-c2-hal-1-0'...
01-01 08:00:34.960 879 1032 I HidlServiceManagement: getService: Trying again for android.hardware.health@2.1::IHealth/default...
01-01 08:00:34.961 608 608 I sscrpcd : vendor/qcom/proprietary/adsprpc/src/rpcmem_android.c:159: rpcmem_init_internal: opened ION device fd 4, configured heap IDs: system (0x2000000), contig (0x400000), secure (0x200), secure flags (0x80080000)
01-01 08:00:34.961 608 608 I sscrpcd : vendor/qcom/proprietary/adsprpc/src/fastrpc_apps_user.c:3087: fastrpc_apps_user_init done with default domain:2 and &fastrpc_trace:0x7c0fc41fa0
01-01 08:00:34.961 608 608 E sscrpcd : vendor/qcom/proprietary/sensors-see/sscrpcd/src/sscrpcd.cpp:94:adsp_default_listener_start called for [sensorspd]
01-01 08:00:34.961 608 608 I sscrpcd : vendor/qcom/proprietary/adsprpc/src/fastrpc_pm.c:85: fastrpc_wake_lock_init done for sscrpcd:608
01-01 08:00:34.961 608 608 I sscrpcd : vendor/qcom/proprietary/adsprpc/src/fastrpc_apps_user.c:1733: wakelock_control: enabled wakelock control for domain 2
01-01 08:00:34.961 608 608 E sscrpcd : vendor/qcom/proprietary/sensors-see/sscrpcd/src/sscrpcd.cpp:65:fastrpc wakelock control is enabled
01-01 08:00:34.961 608 608 I sscrpcd : vendor/qcom/proprietary/adsprpc/src/fastrpc_apps_user.c:1345: remote_handle_open: Successfully opened handle 0x0 for '":;./\createstaticpd:sensorspd on domain 2
01-01 08:00:34.961 608 608 E sscrpcd : vendor/qcom/proprietary/adsprpc/src/fastrpc_apps_user.c:2870: Error 0x200: apps_dev_init failed for domain 2, errno Transport endpoint is not connected
01-01 08:00:34.961 608 608 E sscrpcd : vendor/qcom/proprietary/adsprpc/src/fastrpc_apps_user.c:2968: Error 0x200: open_dev (-1) failed for domain 2 (errno Transport endpoint is not connected)
01-01 08:00:34.961 608 608 E sscrpcd : vendor/qcom/proprietary/adsprpc/src/fastrpc_apps_user.c:1348: Error 0x200: remote_handle_open failed for adsp_default_listener (errno Success)
01-01 08:00:34.961 608 608 E sscrpcd : vendor/qcom/proprietary/sensors-see/sscrpcd/src/sscrpcd.cpp:98:listener exits
01-01 08:00:34.961 608 608 I sscrpcd : vendor/qcom/proprietary/adsprpc/src/rpcmem_android.c:192: rpcmem_deinit_internal: closed ION fd 4
01-01 08:00:34.961 608 608 I sscrpcd : vendor/qcom/proprietary/adsprpc/src/fastrpc_pm.c:116: fastrpc_wake_lock_deinit done
01-01 08:00:34.961 608 608 I sscrpcd : vendor/qcom/proprietary/adsprpc/src/fastrpc_apps_user.c:3019: fastrpc_apps_user_deinit done
01-01 08:00:34.961 608 608 E sscrpcd : vendor/qcom/proprietary/sensors-see/sscrpcd/src/sscrpcd.cpp:109:sscrpcd daemon will restart after 25ms...
01-01 08:00:34.961 946 946 I HidlServiceManagement: Registered vendor.qti.hardware.dsp@1.0::IDspService/dspservice (start delay of 70ms)
01-01 08:00:35.474 0 0 I init : starting service 'pasr-hal-1-0'...
01-01 08:00:35.475 0 0 I ueventd : firmware: loading 'slpi.b03' for '/devices/platform/soc/5c00000.qcom,ssc/firmware/slpi.b03'
01-01 08:00:35.477 0 0 I ueventd : firmware: loading 'slpi.b10' for '/devices/platform/soc/5c00000.qcom,ssc/firmware/slpi.b10'
01-01 08:00:35.478 0 0 I init : starting service 'qspmhal'...
01-01 08:00:35.479 0 0 I ueventd : loading /devices/platform/soc/5c00000.qcom,ssc/firmware/slpi.b20 took 16ms
01-01 08:00:35.481 0 0 I init : starting service 'secureelement-hal_1_2'...
01-01 08:00:35.482 0 0 I ueventd : loading /devices/platform/soc/5c00000.qcom,ssc/firmware/slpi.b02 took 13ms
01-01 08:00:35.483 0 0 I init : starting service 'tsnv-1-0'...
01-01 08:00:35.484 0 0 I ueventd : loading /devices/platform/soc/5c00000.qcom,ssc/firmware/slpi.b17 took 39ms
01-01 08:00:34.967 1023 1023 D QSEECOMAPI: QSEECom_get_handle sb_length = 0x2800
01-01 08:00:34.967 1023 1023 D QSEECOMAPI: App is not loaded in QSEE
01-01 08:00:34.968 1023 1023 D QSEECOMAPI: app_arch = 2, total_files = 9
01-01 08:00:34.968 1023 1023 E ion : ioctl c0044901 failed with code -1: Inappropriate ioctl for device
01-01 08:00:34.969 873 873 D sound_trigger_hw: load_audio_hal: ahal is using proprietary API version 0x0200
01-01 08:00:34.969 873 873 I sound_trigger_platform: platform_stdev_init: Enter
01-01 08:00:34.969 1025 1025 D vendor.qti.hardware.tui_comm@1.0-service-qti: tui_comm: svc service starting :)
01-01 08:00:34.971 1025 1025 I HidlServiceManagement: Registered vendor.qti.hardware.tui_comm@1.0::ITuiComm/default (start delay of 20ms)
01-01 08:00:34.971 1025 1025 I HidlServiceManagement: Removing namespace from process name vendor.qti.hardware.tui_comm@1.0-service-qti to tui_comm@1.0-service-qti.
01-01 08:00:34.972 1025 1025 E vendor.qti.hardware.tui_comm@1.0-service-qti: Registered ITuiComm HAL service success!
01-01 08:00:34.972 1015 1015 I HidlServiceManagement: Registered vendor.qti.hardware.qteeconnector@1.0::IAppConnector/default (start delay of 40ms)
01-01 08:00:34.972 1015 1015 I HidlServiceManagement: Removing namespace from process name vendor.qti.hardware.qteeconnector@1.0-service to qteeconnector@1.0-service.
01-01 08:00:34.973 1015 1015 I HidlServiceManagement: Registered vendor.qti.hardware.qteeconnector@1.0::IGPAppConnector/default (start delay of 41ms)
01-01 08:00:34.973 1015 1015 I HidlServiceManagement: Removing namespace from process name vendor.qti.hardware.qteeconnector@1.0-service to qteeconnector@1.0-service.
01-01 08:00:35.487 0 0 I ueventd : loading /devices/platform/soc/5c00000.qcom,ssc/firmware/slpi.b03 took 2ms
01-01 08:00:35.487 0 0 I ueventd : loading /devices/platform/soc/5c00000.qcom,ssc/firmware/slpi.b10 took 9ms
01-01 08:00:35.487 0 0 I init : starting service 'vendor.vppservice'...
01-01 08:00:34.975 648 657 I mpu_uart: [MSG-P:RECV]:No message received in 1000 ms
01-01 08:00:34.978 1013 1013 I vendor.qti.hardware.qccvndhal@1.0-service: Start with vendor binder
01-01 08:00:34.978 1013 1013 I vendor.qti.hardware.qccvndhal@1.0-service: Registering qccvndhal service...
01-01 08:00:34.980 512 914 W libc : Unable to set property "ctl.interface_start" to "vendor.qti.hardware.perf@2.2::IPerf/default": error code: 0x20
01-01 08:00:34.980 512 914 I hwservicemanager: Tried to start vendor.qti.hardware.perf@2.2::IPerf/default as a lazy service, but was unable to. Usually this happens when a service is not installed, but if the service is intended to be used as a lazy service, then it may be configured incorrectly.
01-01 08:00:34.981 1004 1004 I vendor.qti.hardware.perf@2.2-service: TargetConfig Init Complete
01-01 08:00:35.492 0 0 I init : Command 'class_start hal' action=boot (/system/etc/init/hw/init.rc:1113) took 190ms and succeeded
01-01 08:00:35.492 0 0 E init : Control message: Could not find 'vendor.qti.hardware.perf@2.2::IPerf/default' for ctl.interface_start from pid: 512 (/system/bin/hwservicemanager)
01-01 08:00:35.492 0 0 I init : starting service 'qcom-c_core-sh'...
01-01 08:00:35.494 0 0 I init : starting service 'vendor.qrtr-ns'...
01-01 08:00:34.984 1015 1015 D UIDLookupListener: start
01-01 08:00:34.984 1015 1015 D QSEECOMAPI: QSEECom_register_listener 8194 sb_length = 0x14
01-01 08:00:34.984 1015 1015 E ion : ioctl c0044901 failed with code -1: Inappropriate ioctl for device
01-01 08:00:35.495 0 0 I init : starting service 'irsc_util'...
01-01 08:00:35.496 0 0 E init : Could not start service 'esepmdaemon' as part of class 'core': Cannot find '/system/vendor/bin/esepmdaemon': No such file or directory
01-01 08:00:35.496 0 0 I init : starting service 'vendor.lowi'...
01-01 08:00:34.984 1013 1013 I HidlServiceManagement: Registered vendor.qti.hardware.qccvndhal@1.0::IQccvndhal/qccvndhal (start delay of 53ms)
01-01 08:00:34.984 1013 1013 I HidlServiceManagement: Removing namespace from process name vendor.qti.hardware.qccvndhal@1.0-service to qccvndhal@1.0-service.
01-01 08:00:34.917 924 924 I auditd : type=1400 audit(0.0:381): avc: denied { getattr } for comm="vendor.qti.hard" path="/dev/__properties__/u:object_r:vendor_cap_configstore_dbg_prop:s0" dev="tmpfs" ino=2478 scontext=u:r:vendor_hal_capabilityconfigstore_qti_default:s0 tcontext=u:object_r:vendor_cap_configstore_dbg_prop:s0 tclass=file permissive=1
01-01 08:00:34.917 924 924 I vendor.qti.hard: type=1400 audit(0.0:381): avc: denied { getattr } for path="/dev/__properties__/u:object_r:vendor_cap_configstore_dbg_prop:s0" dev="tmpfs" ino=2478 scontext=u:r:vendor_hal_capabilityconfigstore_qti_default:s0 tcontext=u:object_r:vendor_cap_configstore_dbg_prop:s0 tclass=file permissive=1
01-01 08:00:34.987 608 608 I sscrpcd : vendor/qcom/proprietary/adsprpc/src/rpcmem_android.c:159: rpcmem_init_internal: opened ION device fd 4, configured heap IDs: system (0x2000000), contig (0x400000), secure (0x200), secure flags (0x80080000)
01-01 08:00:34.987 608 608 I sscrpcd : vendor/qcom/proprietary/adsprpc/src/fastrpc_apps_user.c:3087: fastrpc_apps_user_init done with default domain:2 and &fastrpc_trace:0x7c0fc9afa0
01-01 08:00:34.987 608 608 E sscrpcd : vendor/qcom/proprietary/sensors-see/sscrpcd/src/sscrpcd.cpp:94:adsp_default_listener_start called for [sensorspd]
01-01 08:00:34.987 608 608 I sscrpcd : vendor/qcom/proprietary/adsprpc/src/fastrpc_pm.c:85: fastrpc_wake_lock_init done for sscrpcd:608
01-01 08:00:34.987 608 608 I sscrpcd : vendor/qcom/proprietary/adsprpc/src/fastrpc_apps_user.c:1733: wakelock_control: enabled wakelock control for domain 2
01-01 08:00:34.987 608 608 E sscrpcd : vendor/qcom/proprietary/sensors-see/sscrpcd/src/sscrpcd.cpp:65:fastrpc wakelock control is enabled
01-01 08:00:34.987 608 608 I sscrpcd : vendor/qcom/proprietary/adsprpc/src/fastrpc_apps_user.c:1345: remote_handle_open: Successfully opened handle 0x0 for '":;./\createstaticpd:sensorspd on domain 2
01-01 08:00:34.987 608 608 E sscrpcd : vendor/qcom/proprietary/adsprpc/src/fastrpc_apps_user.c:2870: Error 0x200: apps_dev_init failed for domain 2, errno Transport endpoint is not connected
01-01 08:00:34.987 608 608 E sscrpcd : vendor/qcom/proprietary/adsprpc/src/fastrpc_apps_user.c:2968: Error 0x200: open_dev (-1) failed for domain 2 (errno Transport endpoint is not connected)
01-01 08:00:34.987 608 608 E sscrpcd : vendor/qcom/proprietary/adsprpc/src/fastrpc_apps_user.c:1348: Error 0x200: remote_handle_open failed for adsp_default_listener (errno Success)
01-01 08:00:34.987 608 608 E sscrpcd : vendor/qcom/proprietary/sensors-see/sscrpcd/src/sscrpcd.cpp:98:listener exits
01-01 08:00:34.987 608 608 I sscrpcd : vendor/qcom/proprietary/adsprpc/src/rpcmem_android.c:192: rpcmem_deinit_internal: closed ION fd 4
01-01 08:00:34.987 608 608 I sscrpcd : vendor/qcom/proprietary/adsprpc/src/fastrpc_pm.c:116: fastrpc_wake_lock_deinit done
01-01 08:00:34.987 608 608 I sscrpcd : vendor/qcom/proprietary/adsprpc/src/fastrpc_apps_user.c:3019: fastrpc_apps_user_deinit done
01-01 08:00:34.987 608 608 E sscrpcd : vendor/qcom/proprietary/sensors-see/sscrpcd/src/sscrpcd.cpp:109:sscrpcd daemon will restart after 25ms...
01-01 08:00:35.501 0 0 I init : starting service 'vendor.pd_mapper'...
01-01 08:00:34.990 1027 1027 D ProcessState: Binder ioctl to enable oneway spam detection failed: Invalid argument
01-01 08:00:34.990 1027 1027 D vendor.qti.vibrator: not a qcom/qti haptics device
01-01 08:00:35.503 0 0 I binder : 1027:1027 ioctl 40046210 7fc8096984 returned -22
01-01 08:00:34.991 1027 1027 D vendor.qti.vibrator: not a qcom/qti haptics device
01-01 08:00:34.996 1050 1050 E sscrpcd : vendor/qcom/proprietary/sensors-see/sscrpcd/src/sscrpcd.cpp:88:sscrpcd daemon starting
01-01 08:00:35.504 0 0 I init : starting service 'vendor.per_mgr'...
01-01 08:00:34.997 935 935 I SDM : HWCSession::Register: Set uevent listener = 0xb400007138b573c0
01-01 08:00:34.997 935 935 I SDM : HWCSession::Init: builtin_powermode_override: 0
01-01 08:00:34.997 935 935 I SDM : HWCSession::Init: async_vds_creation: 0
01-01 08:00:34.998 1050 1050 I sscrpcd : vendor/qcom/proprietary/adsprpc/src/rpcmem_android.c:159: rpcmem_init_internal: opened ION device fd 4, configured heap IDs: system (0x2000000), contig (0x400000), secure (0x200), secure flags (0x80080000)
01-01 08:00:34.998 1050 1050 I sscrpcd : vendor/qcom/proprietary/adsprpc/src/fastrpc_apps_user.c:3087: fastrpc_apps_user_init done with default domain:2 and &fastrpc_trace:0x765f133fa0
01-01 08:00:34.998 1050 1050 E sscrpcd : vendor/qcom/proprietary/sensors-see/sscrpcd/src/sscrpcd.cpp:94:adsp_default_listener_start called for [(null)]
01-01 08:00:34.998 1050 1050 I sscrpcd : vendor/qcom/proprietary/adsprpc/src/fastrpc_pm.c:85: fastrpc_wake_lock_init done for sscrpcd:1050
01-01 08:00:34.998 1050 1050 I sscrpcd : vendor/qcom/proprietary/adsprpc/src/fastrpc_apps_user.c:1733: wakelock_control: enabled wakelock control for domain 2
01-01 08:00:34.998 1050 1050 E sscrpcd : vendor/qcom/proprietary/sensors-see/sscrpcd/src/sscrpcd.cpp:65:fastrpc wakelock control is enabled
01-01 08:00:34.998 1050 1050 I sscrpcd : vendor/qcom/proprietary/adsprpc/src/fastrpc_apps_user.c:1345: remote_handle_open: Successfully opened handle 0x0 for '":;./\attachguestos on domain 2
01-01 08:00:34.998 1050 1050 E sscrpcd : vendor/qcom/proprietary/adsprpc/src/fastrpc_apps_user.c:2870: Error 0x200: apps_dev_init failed for domain 2, errno Transport endpoint is not connected
01-01 08:00:34.998 1050 1050 E sscrpcd : vendor/qcom/proprietary/adsprpc/src/fastrpc_apps_user.c:2968: Error 0x200: open_dev (-1) failed for domain 2 (errno Transport endpoint is not connected)
01-01 08:00:34.998 1050 1050 E sscrpcd : vendor/qcom/proprietary/adsprpc/src/fastrpc_apps_user.c:1348: Error 0x200: remote_handle_open failed for adsp_default_listener (errno Success)
01-01 08:00:34.998 1050 1050 E sscrpcd : vendor/qcom/proprietary/sensors-see/sscrpcd/src/sscrpcd.cpp:98:listener exits
01-01 08:00:34.998 1050 1050 I sscrpcd : vendor/qcom/proprietary/adsprpc/src/rpcmem_android.c:192: rpcmem_deinit_internal: closed ION fd 4
01-01 08:00:34.998 1050 1050 I sscrpcd : vendor/qcom/proprietary/adsprpc/src/fastrpc_pm.c:116: fastrpc_wake_lock_deinit done
01-01 08:00:34.998 1050 1050 I sscrpcd : vendor/qcom/proprietary/adsprpc/src/fastrpc_apps_user.c:3019: fastrpc_apps_user_deinit done
01-01 08:00:34.998 1050 1050 E sscrpcd : vendor/qcom/proprietary/sensors-see/sscrpcd/src/sscrpcd.cpp:109:sscrpcd daemon will restart after 25ms...
01-01 08:00:35.001 885 885 E QMI_FW : xport_lookup: No RX for lookup -1
01-01 08:00:35.001 646 660 E QMI_FW : ctrl_msg_reader_thread: control thread received ENETRESET 102
01-01 08:00:35.001 885 913 E QMI_FW : ctrl_msg_reader_thread: control thread received ENETRESET 102
01-01 08:00:35.001 879 1033 E QMI_FW : ctrl_msg_reader_thread: control thread received ENETRESET 102
01-01 08:00:35.001 879 1028 E QMI_FW : xport_lookup: No RX for lookup -1
01-01 08:00:35.001 646 646 E QMI_FW : xport_lookup: No RX for lookup -1
01-01 08:00:35.001 646 646 D QC-time-services: Daemon:genoff_modem_qmi_init: Initializing QMI
01-01 08:00:34.917 924 924 I auditd : type=1400 audit(0.0:382): avc: denied { map } for comm="vendor.qti.hard" path="/dev/__properties__/u:object_r:vendor_cap_configstore_dbg_prop:s0" dev="tmpfs" ino=2478 scontext=u:r:vendor_hal_capabilityconfigstore_qti_default:s0 tcontext=u:object_r:vendor_cap_configstore_dbg_prop:s0 tclass=file permissive=1
01-01 08:00:34.917 924 924 I vendor.qti.hard: type=1400 audit(0.0:382): avc: denied { map } for path="/dev/__properties__/u:object_r:vendor_cap_configstore_dbg_prop:s0" dev="tmpfs" ino=2478 scontext=u:r:vendor_hal_capabilityconfigstore_qti_default:s0 tcontext=u:object_r:vendor_cap_configstore_dbg_prop:s0 tclass=file permissive=1
01-01 08:00:35.003 1049 1049 I irsc_util: Starting irsc tool
01-01 08:00:35.007 1004 1004 E vendor.qti.hardware.perf@2.2-service: LM enabled : Loading liblearningmodule.so
01-01 08:00:35.008 1044 1044 I HidlServiceManagement: Registered vendor.thundercomm.hardware.tsnv@1.0::ITsnv/default (start delay of 36ms)
01-01 08:00:35.008 1044 1044 I HidlServiceManagement: Removing namespace from process name vendor.thundercomm.hardware.tsnv@1.0-service to tsnv@1.0-service.
01-01 08:00:35.009 879 879 I LocSvc_HIDL_vendor.qti.gnss@4.0-service: main
01-01 08:00:35.010 1049 1049 I irsc_util: Num of entries:298
01-01 08:00:35.010 1049 1049 E irsc_util: irsc_feed_config: Security config ioctl failed
01-01 08:00:35.010 1049 1049 I irsc_util: Ending irsc tool
01-01 08:00:35.012 1004 1004 I HidlServiceManagement: Registered vendor.qti.hardware.perf@2.2::IPerf/default (start delay of 91ms)
01-01 08:00:35.012 1004 1004 I HidlServiceManagement: Removing namespace from process name vendor.qti.hardware.perf@2.2-service to perf@2.2-service.
01-01 08:00:35.012 1004 1004 E vendor.qti.hardware.perf@2.2-service: Registered IPerf HAL service success!
01-01 08:00:35.015 608 608 I sscrpcd : vendor/qcom/proprietary/adsprpc/src/rpcmem_android.c:159: rpcmem_init_internal: opened ION device fd 4, configured heap IDs: system (0x2000000), contig (0x400000), secure (0x200), secure flags (0x80080000)
01-01 08:00:35.016 608 608 I sscrpcd : vendor/qcom/proprietary/adsprpc/src/fastrpc_apps_user.c:3087: fastrpc_apps_user_init done with default domain:2 and &fastrpc_trace:0x7c0fc9ffa0
01-01 08:00:35.016 608 608 E sscrpcd : vendor/qcom/proprietary/sensors-see/sscrpcd/src/sscrpcd.cpp:94:adsp_default_listener_start called for [sensorspd]
01-01 08:00:35.016 608 608 I sscrpcd : vendor/qcom/proprietary/adsprpc/src/fastrpc_pm.c:85: fastrpc_wake_lock_init done for sscrpcd:608
01-01 08:00:35.016 608 608 I sscrpcd : vendor/qcom/proprietary/adsprpc/src/fastrpc_apps_user.c:1733: wakelock_control: enabled wakelock control for domain 2
01-01 08:00:35.016 608 608 E sscrpcd : vendor/qcom/proprietary/sensors-see/sscrpcd/src/sscrpcd.cpp:65:fastrpc wakelock control is enabled
01-01 08:00:35.016 608 608 I sscrpcd : vendor/qcom/proprietary/adsprpc/src/fastrpc_apps_user.c:1345: remote_handle_open: Successfully opened handle 0x0 for '":;./\createstaticpd:sensorspd on domain 2
01-01 08:00:35.016 608 608 E sscrpcd : vendor/qcom/proprietary/adsprpc/src/fastrpc_apps_user.c:2870: Error 0x200: apps_dev_init failed for domain 2, errno Transport endpoint is not connected
