01-01 08:00:26.722 608 608 I sscrpcd : vendor/qcom/proprietary/adsprpc/src/fastrpc_apps_user.c:1345: remote_handle_open: Successfully opened handle 0x0 for '":;./\createstaticpd:sensorspd on domain 2
01-01 08:00:26.722 608 608 E sscrpcd : vendor/qcom/proprietary/adsprpc/src/fastrpc_apps_user.c:2870: Error 0x200: apps_dev_init failed for domain 2, errno Transport endpoint is not connected
01-01 08:00:26.722 608 608 E sscrpcd : vendor/qcom/proprietary/adsprpc/src/fastrpc_apps_user.c:2968: Error 0x200: open_dev (-1) failed for domain 2 (errno Transport endpoint is not connected)
01-01 08:00:26.722 608 608 E sscrpcd : vendor/qcom/proprietary/adsprpc/src/fastrpc_apps_user.c:1348: Error 0x200: remote_handle_open failed for adsp_default_listener (errno Success)
01-01 08:00:26.722 608 608 E sscrpcd : vendor/qcom/proprietary/sensors-see/sscrpcd/src/sscrpcd.cpp:98:listener exits
01-01 08:00:26.722 608 608 I sscrpcd : vendor/qcom/proprietary/adsprpc/src/rpcmem_android.c:192: rpcmem_deinit_internal: closed ION fd 4
01-01 08:00:26.722 608 608 I sscrpcd : vendor/qcom/proprietary/adsprpc/src/fastrpc_pm.c:116: fastrpc_wake_lock_deinit done
01-01 08:00:26.722 608 608 I sscrpcd : vendor/qcom/proprietary/adsprpc/src/fastrpc_apps_user.c:3019: fastrpc_apps_user_deinit done
01-01 08:00:26.723 608 608 E sscrpcd : vendor/qcom/proprietary/sensors-see/sscrpcd/src/sscrpcd.cpp:109:sscrpcd daemon will restart after 25ms...
01-01 08:00:26.689 0 0 I init : Command 'init_user0' action=post-fs-data (/system/etc/init/hw/init.rc:922) took 64ms and succeeded
01-01 08:00:22.459 594 594 I auditd : type=1400 audit(0.0:264): avc: denied { open } for comm="spdaemon" path="/dev/__properties__/u:object_r:audio_config_prop:s0" dev="tmpfs" ino=2257 scontext=u:r:vendor_spdaemon:s0 tcontext=u:object_r:audio_config_prop:s0 tclass=file permissive=1
01-01 08:00:22.459 594 594 I spdaemon: type=1400 audit(0.0:264): avc: denied { open } for path="/dev/__properties__/u:object_r:audio_config_prop:s0" dev="tmpfs" ino=2257 scontext=u:r:vendor_spdaemon:s0 tcontext=u:object_r:audio_config_prop:s0 tclass=file permissive=1
01-01 08:00:26.748 608 608 I sscrpcd : vendor/qcom/proprietary/adsprpc/src/rpcmem_android.c:159: rpcmem_init_internal: opened ION device fd 4, configured heap IDs: system (0x2000000), contig (0x400000), secure (0x200), secure flags (0x80080000)
01-01 08:00:26.748 608 608 I sscrpcd : vendor/qcom/proprietary/adsprpc/src/fastrpc_apps_user.c:3087: fastrpc_apps_user_init done with default domain:2 and &fastrpc_trace:0x7c0fd30fa0
01-01 08:00:26.748 608 608 E sscrpcd : vendor/qcom/proprietary/sensors-see/sscrpcd/src/sscrpcd.cpp:94:adsp_default_listener_start called for [sensorspd]
01-01 08:00:26.748 608 608 I sscrpcd : vendor/qcom/proprietary/adsprpc/src/fastrpc_pm.c:85: fastrpc_wake_lock_init done for sscrpcd:608
01-01 08:00:26.748 608 608 I sscrpcd : vendor/qcom/proprietary/adsprpc/src/fastrpc_apps_user.c:1733: wakelock_control: enabled wakelock control for domain 2
01-01 08:00:26.748 608 608 E sscrpcd : vendor/qcom/proprietary/sensors-see/sscrpcd/src/sscrpcd.cpp:65:fastrpc wakelock control is enabled
01-01 08:00:26.748 608 608 I sscrpcd : vendor/qcom/proprietary/adsprpc/src/fastrpc_apps_user.c:1345: remote_handle_open: Successfully opened handle 0x0 for '":;./\createstaticpd:sensorspd on domain 2
01-01 08:00:26.748 608 608 E sscrpcd : vendor/qcom/proprietary/adsprpc/src/fastrpc_apps_user.c:2870: Error 0x200: apps_dev_init failed for domain 2, errno Transport endpoint is not connected
01-01 08:00:26.748 608 608 E sscrpcd : vendor/qcom/proprietary/adsprpc/src/fastrpc_apps_user.c:2968: Error 0x200: open_dev (-1) failed for domain 2 (errno Transport endpoint is not connected)
01-01 08:00:26.748 608 608 E sscrpcd : vendor/qcom/proprietary/adsprpc/src/fastrpc_apps_user.c:1348: Error 0x200: remote_handle_open failed for adsp_default_listener (errno Success)
01-01 08:00:26.748 608 608 E sscrpcd : vendor/qcom/proprietary/sensors-see/sscrpcd/src/sscrpcd.cpp:98:listener exits
01-01 08:00:26.748 608 608 I sscrpcd : vendor/qcom/proprietary/adsprpc/src/rpcmem_android.c:192: rpcmem_deinit_internal: closed ION fd 4
01-01 08:00:26.748 608 608 I sscrpcd : vendor/qcom/proprietary/adsprpc/src/fastrpc_pm.c:116: fastrpc_wake_lock_deinit done
01-01 08:00:26.748 608 608 I sscrpcd : vendor/qcom/proprietary/adsprpc/src/fastrpc_apps_user.c:3019: fastrpc_apps_user_deinit done
01-01 08:00:26.748 608 608 E sscrpcd : vendor/qcom/proprietary/sensors-see/sscrpcd/src/sscrpcd.cpp:109:sscrpcd daemon will restart after 25ms...
01-01 08:00:26.724 0 0 I init : Service 'exec 13 (/system/bin/vdc --wait cryptfs init_user0)' (pid 638) exited with status 0 waiting took 0.069000 seconds
01-01 08:00:26.754 0 0 I init : Sending signal 9 to service 'exec 13 (/system/bin/vdc --wait cryptfs init_user0)' (pid 638) process group...
01-01 08:00:22.459 594 594 I auditd : type=1400 audit(0.0:265): avc: denied { getattr } for comm="spdaemon" path="/dev/__properties__/u:object_r:audio_config_prop:s0" dev="tmpfs" ino=2257 scontext=u:r:vendor_spdaemon:s0 tcontext=u:object_r:audio_config_prop:s0 tclass=file permissive=1
01-01 08:00:22.459 594 594 I spdaemon: type=1400 audit(0.0:265): avc: denied { getattr } for path="/dev/__properties__/u:object_r:audio_config_prop:s0" dev="tmpfs" ino=2257 scontext=u:r:vendor_spdaemon:s0 tcontext=u:object_r:audio_config_prop:s0 tclass=file permissive=1
01-01 08:00:26.774 608 608 I sscrpcd : vendor/qcom/proprietary/adsprpc/src/rpcmem_android.c:159: rpcmem_init_internal: opened ION device fd 4, configured heap IDs: system (0x2000000), contig (0x400000), secure (0x200), secure flags (0x80080000)
01-01 08:00:26.774 608 608 I sscrpcd : vendor/qcom/proprietary/adsprpc/src/fastrpc_apps_user.c:3087: fastrpc_apps_user_init done with default domain:2 and &fastrpc_trace:0x7c0fce1fa0
01-01 08:00:26.774 608 608 E sscrpcd : vendor/qcom/proprietary/sensors-see/sscrpcd/src/sscrpcd.cpp:94:adsp_default_listener_start called for [sensorspd]
01-01 08:00:26.774 608 608 I sscrpcd : vendor/qcom/proprietary/adsprpc/src/fastrpc_pm.c:85: fastrpc_wake_lock_init done for sscrpcd:608
01-01 08:00:26.774 608 608 I sscrpcd : vendor/qcom/proprietary/adsprpc/src/fastrpc_apps_user.c:1733: wakelock_control: enabled wakelock control for domain 2
01-01 08:00:26.774 608 608 E sscrpcd : vendor/qcom/proprietary/sensors-see/sscrpcd/src/sscrpcd.cpp:65:fastrpc wakelock control is enabled
01-01 08:00:26.774 608 608 I sscrpcd : vendor/qcom/proprietary/adsprpc/src/fastrpc_apps_user.c:1345: remote_handle_open: Successfully opened handle 0x0 for '":;./\createstaticpd:sensorspd on domain 2
01-01 08:00:26.774 608 608 E sscrpcd : vendor/qcom/proprietary/adsprpc/src/fastrpc_apps_user.c:2870: Error 0x200: apps_dev_init failed for domain 2, errno Transport endpoint is not connected
01-01 08:00:26.774 608 608 E sscrpcd : vendor/qcom/proprietary/adsprpc/src/fastrpc_apps_user.c:2968: Error 0x200: open_dev (-1) failed for domain 2 (errno Transport endpoint is not connected)
01-01 08:00:26.774 608 608 E sscrpcd : vendor/qcom/proprietary/adsprpc/src/fastrpc_apps_user.c:1348: Error 0x200: remote_handle_open failed for adsp_default_listener (errno Success)
01-01 08:00:26.774 608 608 E sscrpcd : vendor/qcom/proprietary/sensors-see/sscrpcd/src/sscrpcd.cpp:98:listener exits
01-01 08:00:26.774 608 608 I sscrpcd : vendor/qcom/proprietary/adsprpc/src/rpcmem_android.c:192: rpcmem_deinit_internal: closed ION fd 4
01-01 08:00:26.774 608 608 I sscrpcd : vendor/qcom/proprietary/adsprpc/src/fastrpc_pm.c:116: fastrpc_wake_lock_deinit done
01-01 08:00:26.774 608 608 I sscrpcd : vendor/qcom/proprietary/adsprpc/src/fastrpc_apps_user.c:3019: fastrpc_apps_user_deinit done
01-01 08:00:26.774 608 608 E sscrpcd : vendor/qcom/proprietary/sensors-see/sscrpcd/src/sscrpcd.cpp:109:sscrpcd daemon will restart after 25ms...
01-01 08:00:22.459 594 594 I auditd : type=1400 audit(0.0:266): avc: denied { map } for comm="spdaemon" path="/dev/__properties__/u:object_r:audio_config_prop:s0" dev="tmpfs" ino=2257 scontext=u:r:vendor_spdaemon:s0 tcontext=u:object_r:audio_config_prop:s0 tclass=file permissive=1
01-01 08:00:22.459 594 594 I spdaemon: type=1400 audit(0.0:266): avc: denied { map } for path="/dev/__properties__/u:object_r:audio_config_prop:s0" dev="tmpfs" ino=2257 scontext=u:r:vendor_spdaemon:s0 tcontext=u:object_r:audio_config_prop:s0 tclass=file permissive=1
01-01 08:00:26.800 608 608 I sscrpcd : vendor/qcom/proprietary/adsprpc/src/rpcmem_android.c:159: rpcmem_init_internal: opened ION device fd 4, configured heap IDs: system (0x2000000), contig (0x400000), secure (0x200), secure flags (0x80080000)
01-01 08:00:26.800 608 608 I sscrpcd : vendor/qcom/proprietary/adsprpc/src/fastrpc_apps_user.c:3087: fastrpc_apps_user_init done with default domain:2 and &fastrpc_trace:0x7c0fc7ffa0
01-01 08:00:26.800 608 608 E sscrpcd : vendor/qcom/proprietary/sensors-see/sscrpcd/src/sscrpcd.cpp:94:adsp_default_listener_start called for [sensorspd]
01-01 08:00:26.800 608 608 I sscrpcd : vendor/qcom/proprietary/adsprpc/src/fastrpc_pm.c:85: fastrpc_wake_lock_init done for sscrpcd:608
01-01 08:00:26.800 608 608 I sscrpcd : vendor/qcom/proprietary/adsprpc/src/fastrpc_apps_user.c:1733: wakelock_control: enabled wakelock control for domain 2
01-01 08:00:26.800 608 608 E sscrpcd : vendor/qcom/proprietary/sensors-see/sscrpcd/src/sscrpcd.cpp:65:fastrpc wakelock control is enabled
01-01 08:00:26.800 608 608 I sscrpcd : vendor/qcom/proprietary/adsprpc/src/fastrpc_apps_user.c:1345: remote_handle_open: Successfully opened handle 0x0 for '":;./\createstaticpd:sensorspd on domain 2
01-01 08:00:26.800 608 608 E sscrpcd : vendor/qcom/proprietary/adsprpc/src/fastrpc_apps_user.c:2870: Error 0x200: apps_dev_init failed for domain 2, errno Transport endpoint is not connected
01-01 08:00:26.800 608 608 E sscrpcd : vendor/qcom/proprietary/adsprpc/src/fastrpc_apps_user.c:2968: Error 0x200: open_dev (-1) failed for domain 2 (errno Transport endpoint is not connected)
01-01 08:00:26.800 608 608 E sscrpcd : vendor/qcom/proprietary/adsprpc/src/fastrpc_apps_user.c:1348: Error 0x200: remote_handle_open failed for adsp_default_listener (errno Success)
01-01 08:00:26.800 608 608 E sscrpcd : vendor/qcom/proprietary/sensors-see/sscrpcd/src/sscrpcd.cpp:98:listener exits
01-01 08:00:26.800 608 608 I sscrpcd : vendor/qcom/proprietary/adsprpc/src/rpcmem_android.c:192: rpcmem_deinit_internal: closed ION fd 4
01-01 08:00:26.800 608 608 I sscrpcd : vendor/qcom/proprietary/adsprpc/src/fastrpc_pm.c:116: fastrpc_wake_lock_deinit done
01-01 08:00:26.800 608 608 I sscrpcd : vendor/qcom/proprietary/adsprpc/src/fastrpc_apps_user.c:3019: fastrpc_apps_user_deinit done
01-01 08:00:26.800 608 608 E sscrpcd : vendor/qcom/proprietary/sensors-see/sscrpcd/src/sscrpcd.cpp:109:sscrpcd daemon will restart after 25ms...
01-01 08:00:26.787 0 0 I libprocessgroup: Successfully killed process cgroup uid 0 pid 638 in 0ms
01-01 08:00:26.825 608 608 I sscrpcd : vendor/qcom/proprietary/adsprpc/src/rpcmem_android.c:159: rpcmem_init_internal: opened ION device fd 4, configured heap IDs: system (0x2000000), contig (0x400000), secure (0x200), secure flags (0x80080000)
01-01 08:00:26.825 608 608 I sscrpcd : vendor/qcom/proprietary/adsprpc/src/fastrpc_apps_user.c:3087: fastrpc_apps_user_init done with default domain:2 and &fastrpc_trace:0x7c0e547fa0
01-01 08:00:26.825 608 608 E sscrpcd : vendor/qcom/proprietary/sensors-see/sscrpcd/src/sscrpcd.cpp:94:adsp_default_listener_start called for [sensorspd]
01-01 08:00:26.825 608 608 I sscrpcd : vendor/qcom/proprietary/adsprpc/src/fastrpc_pm.c:85: fastrpc_wake_lock_init done for sscrpcd:608
01-01 08:00:26.825 608 608 I sscrpcd : vendor/qcom/proprietary/adsprpc/src/fastrpc_apps_user.c:1733: wakelock_control: enabled wakelock control for domain 2
01-01 08:00:26.825 608 608 E sscrpcd : vendor/qcom/proprietary/sensors-see/sscrpcd/src/sscrpcd.cpp:65:fastrpc wakelock control is enabled
01-01 08:00:26.825 608 608 I sscrpcd : vendor/qcom/proprietary/adsprpc/src/fastrpc_apps_user.c:1345: remote_handle_open: Successfully opened handle 0x0 for '":;./\createstaticpd:sensorspd on domain 2
01-01 08:00:26.825 608 608 E sscrpcd : vendor/qcom/proprietary/adsprpc/src/fastrpc_apps_user.c:2870: Error 0x200: apps_dev_init failed for domain 2, errno Transport endpoint is not connected
01-01 08:00:26.825 608 608 E sscrpcd : vendor/qcom/proprietary/adsprpc/src/fastrpc_apps_user.c:2968: Error 0x200: open_dev (-1) failed for domain 2 (errno Transport endpoint is not connected)
01-01 08:00:26.825 608 608 E sscrpcd : vendor/qcom/proprietary/adsprpc/src/fastrpc_apps_user.c:1348: Error 0x200: remote_handle_open failed for adsp_default_listener (errno Success)
01-01 08:00:26.825 608 608 E sscrpcd : vendor/qcom/proprietary/sensors-see/sscrpcd/src/sscrpcd.cpp:98:listener exits
01-01 08:00:26.825 608 608 I sscrpcd : vendor/qcom/proprietary/adsprpc/src/rpcmem_android.c:192: rpcmem_deinit_internal: closed ION fd 4
01-01 08:00:26.825 608 608 I sscrpcd : vendor/qcom/proprietary/adsprpc/src/fastrpc_pm.c:116: fastrpc_wake_lock_deinit done
01-01 08:00:26.825 608 608 I sscrpcd : vendor/qcom/proprietary/adsprpc/src/fastrpc_apps_user.c:3019: fastrpc_apps_user_deinit done
01-01 08:00:26.826 608 608 E sscrpcd : vendor/qcom/proprietary/sensors-see/sscrpcd/src/sscrpcd.cpp:109:sscrpcd daemon will restart after 25ms...
01-01 08:00:22.459 594 594 I auditd : type=1400 audit(0.0:267): avc: denied { open } for comm="spdaemon" path="/dev/__properties__/u:object_r:audio_prop:s0" dev="tmpfs" ino=2258 scontext=u:r:vendor_spdaemon:s0 tcontext=u:object_r:audio_prop:s0 tclass=file permissive=1
01-01 08:00:22.459 594 594 I spdaemon: type=1400 audit(0.0:267): avc: denied { open } for path="/dev/__properties__/u:object_r:audio_prop:s0" dev="tmpfs" ino=2258 scontext=u:r:vendor_spdaemon:s0 tcontext=u:object_r:audio_prop:s0 tclass=file permissive=1
01-01 08:00:26.851 608 608 I sscrpcd : vendor/qcom/proprietary/adsprpc/src/rpcmem_android.c:159: rpcmem_init_internal: opened ION device fd 4, configured heap IDs: system (0x2000000), contig (0x400000), secure (0x200), secure flags (0x80080000)
01-01 08:00:26.851 608 608 I sscrpcd : vendor/qcom/proprietary/adsprpc/src/fastrpc_apps_user.c:3087: fastrpc_apps_user_init done with default domain:2 and &fastrpc_trace:0x7c0fcf8fa0
01-01 08:00:26.851 608 608 E sscrpcd : vendor/qcom/proprietary/sensors-see/sscrpcd/src/sscrpcd.cpp:94:adsp_default_listener_start called for [sensorspd]
01-01 08:00:26.851 608 608 I sscrpcd : vendor/qcom/proprietary/adsprpc/src/fastrpc_pm.c:85: fastrpc_wake_lock_init done for sscrpcd:608
01-01 08:00:26.851 608 608 I sscrpcd : vendor/qcom/proprietary/adsprpc/src/fastrpc_apps_user.c:1733: wakelock_control: enabled wakelock control for domain 2
01-01 08:00:26.851 608 608 E sscrpcd : vendor/qcom/proprietary/sensors-see/sscrpcd/src/sscrpcd.cpp:65:fastrpc wakelock control is enabled
01-01 08:00:26.851 608 608 I sscrpcd : vendor/qcom/proprietary/adsprpc/src/fastrpc_apps_user.c:1345: remote_handle_open: Successfully opened handle 0x0 for '":;./\createstaticpd:sensorspd on domain 2
01-01 08:00:26.851 608 608 E sscrpcd : vendor/qcom/proprietary/adsprpc/src/fastrpc_apps_user.c:2870: Error 0x200: apps_dev_init failed for domain 2, errno Transport endpoint is not connected
01-01 08:00:26.851 608 608 E sscrpcd : vendor/qcom/proprietary/adsprpc/src/fastrpc_apps_user.c:2968: Error 0x200: open_dev (-1) failed for domain 2 (errno Transport endpoint is not connected)
01-01 08:00:26.851 608 608 E sscrpcd : vendor/qcom/proprietary/adsprpc/src/fastrpc_apps_user.c:1348: Error 0x200: remote_handle_open failed for adsp_default_listener (errno Success)
01-01 08:00:26.851 608 608 E sscrpcd : vendor/qcom/proprietary/sensors-see/sscrpcd/src/sscrpcd.cpp:98:listener exits
01-01 08:00:26.851 608 608 I sscrpcd : vendor/qcom/proprietary/adsprpc/src/rpcmem_android.c:192: rpcmem_deinit_internal: closed ION fd 4
01-01 08:00:26.851 608 608 I sscrpcd : vendor/qcom/proprietary/adsprpc/src/fastrpc_pm.c:116: fastrpc_wake_lock_deinit done
01-01 08:00:26.851 608 608 I sscrpcd : vendor/qcom/proprietary/adsprpc/src/fastrpc_apps_user.c:3019: fastrpc_apps_user_deinit done
01-01 08:00:26.851 608 608 E sscrpcd : vendor/qcom/proprietary/sensors-see/sscrpcd/src/sscrpcd.cpp:109:sscrpcd daemon will restart after 25ms...
01-01 08:00:26.822 0 0 I selinux : SELinux: Skipping restorecon on directory(/data)
01-01 08:00:26.854 0 0 I selinux :
01-01 08:00:22.459 594 594 I auditd : type=1400 audit(0.0:268): avc: denied { getattr } for comm="spdaemon" path="/dev/__properties__/u:object_r:audio_prop:s0" dev="tmpfs" ino=2258 scontext=u:r:vendor_spdaemon:s0 tcontext=u:object_r:audio_prop:s0 tclass=file permissive=1
01-01 08:00:22.459 594 594 I spdaemon: type=1400 audit(0.0:268): avc: denied { getattr } for path="/dev/__properties__/u:object_r:audio_prop:s0" dev="tmpfs" ino=2258 scontext=u:r:vendor_spdaemon:s0 tcontext=u:object_r:audio_prop:s0 tclass=file permissive=1
01-01 08:00:26.877 608 608 I sscrpcd : vendor/qcom/proprietary/adsprpc/src/rpcmem_android.c:159: rpcmem_init_internal: opened ION device fd 4, configured heap IDs: system (0x2000000), contig (0x400000), secure (0x200), secure flags (0x80080000)
01-01 08:00:26.877 608 608 I sscrpcd : vendor/qcom/proprietary/adsprpc/src/fastrpc_apps_user.c:3087: fastrpc_apps_user_init done with default domain:2 and &fastrpc_trace:0x7c0c965fa0
01-01 08:00:26.877 608 608 E sscrpcd : vendor/qcom/proprietary/sensors-see/sscrpcd/src/sscrpcd.cpp:94:adsp_default_listener_start called for [sensorspd]
01-01 08:00:26.877 608 608 I sscrpcd : vendor/qcom/proprietary/adsprpc/src/fastrpc_pm.c:85: fastrpc_wake_lock_init done for sscrpcd:608
01-01 08:00:26.877 608 608 I sscrpcd : vendor/qcom/proprietary/adsprpc/src/fastrpc_apps_user.c:1733: wakelock_control: enabled wakelock control for domain 2
01-01 08:00:26.877 608 608 E sscrpcd : vendor/qcom/proprietary/sensors-see/sscrpcd/src/sscrpcd.cpp:65:fastrpc wakelock control is enabled
01-01 08:00:26.877 608 608 I sscrpcd : vendor/qcom/proprietary/adsprpc/src/fastrpc_apps_user.c:1345: remote_handle_open: Successfully opened handle 0x0 for '":;./\createstaticpd:sensorspd on domain 2
01-01 08:00:26.877 608 608 E sscrpcd : vendor/qcom/proprietary/adsprpc/src/fastrpc_apps_user.c:2870: Error 0x200: apps_dev_init failed for domain 2, errno Transport endpoint is not connected
01-01 08:00:26.877 608 608 E sscrpcd : vendor/qcom/proprietary/adsprpc/src/fastrpc_apps_user.c:2968: Error 0x200: open_dev (-1) failed for domain 2 (errno Transport endpoint is not connected)
01-01 08:00:26.877 608 608 E sscrpcd : vendor/qcom/proprietary/adsprpc/src/fastrpc_apps_user.c:1348: Error 0x200: remote_handle_open failed for adsp_default_listener (errno Success)
01-01 08:00:26.877 608 608 E sscrpcd : vendor/qcom/proprietary/sensors-see/sscrpcd/src/sscrpcd.cpp:98:listener exits
01-01 08:00:26.877 608 608 I sscrpcd : vendor/qcom/proprietary/adsprpc/src/rpcmem_android.c:192: rpcmem_deinit_internal: closed ION fd 4
01-01 08:00:26.877 608 608 I sscrpcd : vendor/qcom/proprietary/adsprpc/src/fastrpc_pm.c:116: fastrpc_wake_lock_deinit done
01-01 08:00:26.877 608 608 I sscrpcd : vendor/qcom/proprietary/adsprpc/src/fastrpc_apps_user.c:3019: fastrpc_apps_user_deinit done
01-01 08:00:26.877 608 608 E sscrpcd : vendor/qcom/proprietary/sensors-see/sscrpcd/src/sscrpcd.cpp:109:sscrpcd daemon will restart after 25ms...
01-01 08:00:26.854 0 0 I init : starting service 'derive_classpath'...
01-01 08:00:26.893 640 640 I derive_classpath: ParseFragments for bootclasspath
01-01 08:00:22.459 594 594 I auditd : type=1400 audit(0.0:269): avc: denied { map } for comm="spdaemon" path="/dev/__properties__/u:object_r:audio_prop:s0" dev="tmpfs" ino=2258 scontext=u:r:vendor_spdaemon:s0 tcontext=u:object_r:audio_prop:s0 tclass=file permissive=1
01-01 08:00:22.459 594 594 I spdaemon: type=1400 audit(0.0:269): avc: denied { map } for path="/dev/__properties__/u:object_r:audio_prop:s0" dev="tmpfs" ino=2258 scontext=u:r:vendor_spdaemon:s0 tcontext=u:object_r:audio_prop:s0 tclass=file permissive=1
01-01 08:00:26.896 640 640 I derive_classpath: ReadClasspathFragment /apex/com.android.art/etc/classpaths/bootclasspath.pb
01-01 08:00:26.896 640 640 I derive_classpath: ReadClasspathFragment /system/etc/classpaths/bootclasspath.pb
01-01 08:00:26.896 640 640 I derive_classpath: ReadClasspathFragment /apex/com.android.appsearch/etc/classpaths/bootclasspath.pb
01-01 08:00:26.897 640 640 I derive_classpath: ReadClasspathFragment /apex/com.android.conscrypt/etc/classpaths/bootclasspath.pb
01-01 08:00:26.897 640 640 I derive_classpath: ReadClasspathFragment /apex/com.android.i18n/etc/classpaths/bootclasspath.pb
01-01 08:00:26.897 640 640 I derive_classpath: ReadClasspathFragment /apex/com.android.ipsec/etc/classpaths/bootclasspath.pb
01-01 08:00:26.897 640 640 I derive_classpath: ReadClasspathFragment /apex/com.android.media/etc/classpaths/bootclasspath.pb
01-01 08:00:26.897 640 640 I derive_classpath: ReadClasspathFragment /apex/com.android.mediaprovider/etc/classpaths/bootclasspath.pb
01-01 08:00:26.897 640 640 I derive_classpath: ReadClasspathFragment /apex/com.android.os.statsd/etc/classpaths/bootclasspath.pb
01-01 08:00:26.897 640 640 I derive_classpath: ReadClasspathFragment /apex/com.android.permission/etc/classpaths/bootclasspath.pb
01-01 08:00:26.898 640 640 I derive_classpath: ReadClasspathFragment /apex/com.android.scheduling/etc/classpaths/bootclasspath.pb
01-01 08:00:26.898 640 640 I derive_classpath: ReadClasspathFragment /apex/com.android.sdkext/etc/classpaths/bootclasspath.pb
01-01 08:00:26.898 640 640 I derive_classpath: ReadClasspathFragment /apex/com.android.tethering/etc/classpaths/bootclasspath.pb
01-01 08:00:26.898 640 640 I derive_classpath: ReadClasspathFragment /apex/com.android.wifi/etc/classpaths/bootclasspath.pb
01-01 08:00:26.898 640 640 I derive_classpath: ParseFragments for systemserverclasspath
01-01 08:00:26.898 640 640 I derive_classpath: ReadClasspathFragment /system/etc/classpaths/systemserverclasspath.pb
01-01 08:00:26.899 640 640 I derive_classpath: ReadClasspathFragment /apex/com.android.appsearch/etc/classpaths/systemserverclasspath.pb
01-01 08:00:26.899 640 640 I derive_classpath: ReadClasspathFragment /apex/com.android.media/etc/classpaths/systemserverclasspath.pb
01-01 08:00:26.899 640 640 I derive_classpath: ReadClasspathFragment /apex/com.android.permission/etc/classpaths/systemserverclasspath.pb
01-01 08:00:26.899 640 640 I derive_classpath: WriteClasspathExports /data/system/environ/classpath
01-01 08:00:26.899 640 640 I derive_classpath: WriteClasspathExports content
01-01 08:00:26.899 640 640 I derive_classpath: export BOOTCLASSPATH /apex/com.android.art/javalib/core-oj.jar:/apex/com.android.art/javalib/core-libart.jar:/apex/com.android.art/javalib/okhttp.jar:/apex/com.android.art/javalib/bouncycastle.jar:/apex/com.android.art/javalib/apache-xml.jar:/system/framework/framework.jar:/system/framework/framework-graphics.jar:/system/framework/ext.jar:/system/framework/telephony-common.jar:/system/framework/voip-common.jar:/system/framework/ims-common.jar:/apex/com.android.i18n/javalib/core-icu4j.jar:/system/framework/tcmiface.jar:/system/framework/telephony-ext.jar:/system/framework/qcom.fmradio.jar:/system/framework/QPerformance.jar:/system/framework/UxPerformance.jar:/system/framework/WfdCommon.jar:/apex/com.android.appsearch/javalib/framework-appsearch.jar:/apex/com.android.conscrypt/javalib/conscrypt.jar:/apex/com.android.ipsec/javalib/android.net.ipsec.ike.jar:/apex/com.android.media/javalib/updatable-media.jar:/apex/com.android.mediaprovider/javalib/framework-mediaprovider.jar:/apex/com.android.os.statsd/javalib/framework-statsd.jar:/apex/com.android.permission/javalib/framework-permission.jar:/apex/com.android.permission/javalib/framework-permission-s.jar:/apex/com.android.scheduling/javalib/framework-scheduling.jar:/apex/com.android.sdkext/javalib/framework-sdkextensions.jar:/apex/com.android.tethering/javalib/framework-connectivity.jar:/apex/com.android.tethering/javalib/framework-tethering.jar:/apex/com.android.wifi/javalib/framework-wifi.jar
01-01 08:00:26.899 640 640 I derive_classpath: export DEX2OATBOOTCLASSPATH /apex/com.android.art/javalib/core-oj.jar:/apex/com.android.art/javalib/core-libart.jar:/apex/com.android.art/javalib/okhttp.jar:/apex/com.android.art/javalib/bouncycastle.jar:/apex/com.android.art/javalib/apache-xml.jar:/system/framework/framework.jar:/system/framework/framework-graphics.jar:/system/framework/ext.jar:/system/framework/telephony-common.jar:/system/framework/voip-common.jar:/system/framework/ims-common.jar:/apex/com.android.i18n/javalib/core-icu4j.jar:/system/framework/tcmiface.jar:/system/framework/telephony-ext.jar:/system/framework/qcom.fmradio.jar:/system/framework/QPerformance.jar:/system/framework/UxPerformance.jar:/system/framework/WfdCommon.jar
01-01 08:00:26.899 640 640 I derive_classpath: export SYSTEMSERVERCLASSPATH /system/framework/com.android.location.provider.jar:/system/framework/services.jar:/system/framework/ethernet-service.jar:/apex/com.android.appsearch/javalib/service-appsearch.jar:/apex/com.android.media/javalib/service-media-s.jar:/apex/com.android.permission/javalib/service-permission.jar
01-01 08:00:26.903 608 608 I sscrpcd : vendor/qcom/proprietary/adsprpc/src/rpcmem_android.c:159: rpcmem_init_internal: opened ION device fd 4, configured heap IDs: system (0x2000000), contig (0x400000), secure (0x200), secure flags (0x80080000)
01-01 08:00:26.903 608 608 I sscrpcd : vendor/qcom/proprietary/adsprpc/src/fastrpc_apps_user.c:3087: fastrpc_apps_user_init done with default domain:2 and &fastrpc_trace:0x7c0c078fa0
01-01 08:00:26.903 608 608 E sscrpcd : vendor/qcom/proprietary/sensors-see/sscrpcd/src/sscrpcd.cpp:94:adsp_default_listener_start called for [sensorspd]
01-01 08:00:26.903 608 608 I sscrpcd : vendor/qcom/proprietary/adsprpc/src/fastrpc_pm.c:85: fastrpc_wake_lock_init done for sscrpcd:608
01-01 08:00:26.903 608 608 I sscrpcd : vendor/qcom/proprietary/adsprpc/src/fastrpc_apps_user.c:1733: wakelock_control: enabled wakelock control for domain 2
01-01 08:00:26.903 608 608 E sscrpcd : vendor/qcom/proprietary/sensors-see/sscrpcd/src/sscrpcd.cpp:65:fastrpc wakelock control is enabled
01-01 08:00:26.903 608 608 I sscrpcd : vendor/qcom/proprietary/adsprpc/src/fastrpc_apps_user.c:1345: remote_handle_open: Successfully opened handle 0x0 for '":;./\createstaticpd:sensorspd on domain 2
01-01 08:00:26.903 608 608 E sscrpcd : vendor/qcom/proprietary/adsprpc/src/fastrpc_apps_user.c:2870: Error 0x200: apps_dev_init failed for domain 2, errno Transport endpoint is not connected
01-01 08:00:26.903 608 608 E sscrpcd : vendor/qcom/proprietary/adsprpc/src/fastrpc_apps_user.c:2968: Error 0x200: open_dev (-1) failed for domain 2 (errno Transport endpoint is not connected)
01-01 08:00:26.903 608 608 E sscrpcd : vendor/qcom/proprietary/adsprpc/src/fastrpc_apps_user.c:1348: Error 0x200: remote_handle_open failed for adsp_default_listener (errno Success)
01-01 08:00:26.903 608 608 E sscrpcd : vendor/qcom/proprietary/sensors-see/sscrpcd/src/sscrpcd.cpp:98:listener exits
01-01 08:00:26.903 608 608 I sscrpcd : vendor/qcom/proprietary/adsprpc/src/rpcmem_android.c:192: rpcmem_deinit_internal: closed ION fd 4
01-01 08:00:26.903 608 608 I sscrpcd : vendor/qcom/proprietary/adsprpc/src/fastrpc_pm.c:116: fastrpc_wake_lock_deinit done
01-01 08:00:26.903 608 608 I sscrpcd : vendor/qcom/proprietary/adsprpc/src/fastrpc_apps_user.c:3019: fastrpc_apps_user_deinit done
01-01 08:00:26.903 608 608 E sscrpcd : vendor/qcom/proprietary/sensors-see/sscrpcd/src/sscrpcd.cpp:109:sscrpcd daemon will restart after 25ms...
01-01 08:00:26.889 0 0 I init : SVC_EXEC service 'derive_classpath' pid 640 (uid 1000 gid 1000+1 context default) started; waiting...
01-01 08:00:22.459 594 594 I auditd : type=1400 audit(0.0:270): avc: denied { open } for comm="spdaemon" path="/dev/__properties__/u:object_r:bluetooth_a2dp_offload_prop:s0" dev="tmpfs" ino=2262 scontext=u:r:vendor_spdaemon:s0 tcontext=u:object_r:bluetooth_a2dp_offload_prop:s0 tclass=file permissive=1
01-01 08:00:22.459 594 594 I spdaemon: type=1400 audit(0.0:270): avc: denied { open } for path="/dev/__properties__/u:object_r:bluetooth_a2dp_offload_prop:s0" dev="tmpfs" ino=2262 scontext=u:r:vendor_spdaemon:s0 tcontext=u:object_r:bluetooth_a2dp_offload_prop:s0 tclass=file permissive=1
01-01 08:00:26.917 0 0 I init : Command 'exec_start derive_classpath' action=post-fs-data (/system/etc/init/hw/init.rc:929) took 63ms and succeeded
01-01 08:00:26.928 608 608 I sscrpcd : vendor/qcom/proprietary/adsprpc/src/rpcmem_android.c:159: rpcmem_init_internal: opened ION device fd 4, configured heap IDs: system (0x2000000), contig (0x400000), secure (0x200), secure flags (0x80080000)
01-01 08:00:26.929 608 608 I sscrpcd : vendor/qcom/proprietary/adsprpc/src/fastrpc_apps_user.c:3087: fastrpc_apps_user_init done with default domain:2 and &fastrpc_trace:0x7c0fccefa0
01-01 08:00:26.929 608 608 E sscrpcd : vendor/qcom/proprietary/sensors-see/sscrpcd/src/sscrpcd.cpp:94:adsp_default_listener_start called for [sensorspd]
01-01 08:00:26.929 608 608 I sscrpcd : vendor/qcom/proprietary/adsprpc/src/fastrpc_pm.c:85: fastrpc_wake_lock_init done for sscrpcd:608
01-01 08:00:26.929 608 608 I sscrpcd : vendor/qcom/proprietary/adsprpc/src/fastrpc_apps_user.c:1733: wakelock_control: enabled wakelock control for domain 2
01-01 08:00:26.929 608 608 E sscrpcd : vendor/qcom/proprietary/sensors-see/sscrpcd/src/sscrpcd.cpp:65:fastrpc wakelock control is enabled
01-01 08:00:26.929 608 608 I sscrpcd : vendor/qcom/proprietary/adsprpc/src/fastrpc_apps_user.c:1345: remote_handle_open: Successfully opened handle 0x0 for '":;./\createstaticpd:sensorspd on domain 2
01-01 08:00:26.929 608 608 E sscrpcd : vendor/qcom/proprietary/adsprpc/src/fastrpc_apps_user.c:2870: Error 0x200: apps_dev_init failed for domain 2, errno Transport endpoint is not connected
01-01 08:00:26.929 608 608 E sscrpcd : vendor/qcom/proprietary/adsprpc/src/fastrpc_apps_user.c:2968: Error 0x200: open_dev (-1) failed for domain 2 (errno Transport endpoint is not connected)
01-01 08:00:26.929 608 608 E sscrpcd : vendor/qcom/proprietary/adsprpc/src/fastrpc_apps_user.c:1348: Error 0x200: remote_handle_open failed for adsp_default_listener (errno Success)
01-01 08:00:26.929 608 608 E sscrpcd : vendor/qcom/proprietary/sensors-see/sscrpcd/src/sscrpcd.cpp:98:listener exits
01-01 08:00:26.929 608 608 I sscrpcd : vendor/qcom/proprietary/adsprpc/src/rpcmem_android.c:192: rpcmem_deinit_internal: closed ION fd 4
01-01 08:00:26.929 608 608 I sscrpcd : vendor/qcom/proprietary/adsprpc/src/fastrpc_pm.c:116: fastrpc_wake_lock_deinit done
01-01 08:00:26.929 608 608 I sscrpcd : vendor/qcom/proprietary/adsprpc/src/fastrpc_apps_user.c:3019: fastrpc_apps_user_deinit done
01-01 08:00:26.929 608 608 E sscrpcd : vendor/qcom/proprietary/sensors-see/sscrpcd/src/sscrpcd.cpp:109:sscrpcd daemon will restart after 25ms...
01-01 08:00:26.951 0 0 I init : Service 'derive_classpath' (pid 640) exited with status 0 waiting took 0.062000 seconds
01-01 08:00:26.954 608 608 I sscrpcd : vendor/qcom/proprietary/adsprpc/src/rpcmem_android.c:159: rpcmem_init_internal: opened ION device fd 4, configured heap IDs: system (0x2000000), contig (0x400000), secure (0x200), secure flags (0x80080000)
01-01 08:00:26.954 608 608 I sscrpcd : vendor/qcom/proprietary/adsprpc/src/fastrpc_apps_user.c:3087: fastrpc_apps_user_init done with default domain:2 and &fastrpc_trace:0x7c0f659fa0
01-01 08:00:26.954 608 608 E sscrpcd : vendor/qcom/proprietary/sensors-see/sscrpcd/src/sscrpcd.cpp:94:adsp_default_listener_start called for [sensorspd]
01-01 08:00:26.954 608 608 I sscrpcd : vendor/qcom/proprietary/adsprpc/src/fastrpc_pm.c:85: fastrpc_wake_lock_init done for sscrpcd:608
01-01 08:00:26.954 608 608 I sscrpcd : vendor/qcom/proprietary/adsprpc/src/fastrpc_apps_user.c:1733: wakelock_control: enabled wakelock control for domain 2
01-01 08:00:26.954 608 608 E sscrpcd : vendor/qcom/proprietary/sensors-see/sscrpcd/src/sscrpcd.cpp:65:fastrpc wakelock control is enabled
01-01 08:00:26.954 608 608 I sscrpcd : vendor/qcom/proprietary/adsprpc/src/fastrpc_apps_user.c:1345: remote_handle_open: Successfully opened handle 0x0 for '":;./\createstaticpd:sensorspd on domain 2
01-01 08:00:26.954 608 608 E sscrpcd : vendor/qcom/proprietary/adsprpc/src/fastrpc_apps_user.c:2870: Error 0x200: apps_dev_init failed for domain 2, errno Transport endpoint is not connected
01-01 08:00:26.954 608 608 E sscrpcd : vendor/qcom/proprietary/adsprpc/src/fastrpc_apps_user.c:2968: Error 0x200: open_dev (-1) failed for domain 2 (errno Transport endpoint is not connected)
01-01 08:00:26.954 608 608 E sscrpcd : vendor/qcom/proprietary/adsprpc/src/fastrpc_apps_user.c:1348: Error 0x200: remote_handle_open failed for adsp_default_listener (errno Success)
01-01 08:00:26.954 608 608 E sscrpcd : vendor/qcom/proprietary/sensors-see/sscrpcd/src/sscrpcd.cpp:98:listener exits
01-01 08:00:26.954 608 608 I sscrpcd : vendor/qcom/proprietary/adsprpc/src/rpcmem_android.c:192: rpcmem_deinit_internal: closed ION fd 4
01-01 08:00:26.954 608 608 I sscrpcd : vendor/qcom/proprietary/adsprpc/src/fastrpc_pm.c:116: fastrpc_wake_lock_deinit done
01-01 08:00:26.954 608 608 I sscrpcd : vendor/qcom/proprietary/adsprpc/src/fastrpc_apps_user.c:3019: fastrpc_apps_user_deinit done
01-01 08:00:26.955 608 608 E sscrpcd : vendor/qcom/proprietary/sensors-see/sscrpcd/src/sscrpcd.cpp:109:sscrpcd daemon will restart after 25ms...
01-01 08:00:22.459 594 594 I auditd : type=1400 audit(0.0:271): avc: denied { getattr } for comm="spdaemon" path="/dev/__properties__/u:object_r:bluetooth_a2dp_offload_prop:s0" dev="tmpfs" ino=2262 scontext=u:r:vendor_spdaemon:s0 tcontext=u:object_r:bluetooth_a2dp_offload_prop:s0 tclass=file permissive=1
01-01 08:00:22.459 594 594 I spdaemon: type=1400 audit(0.0:271): avc: denied { getattr } for path="/dev/__properties__/u:object_r:bluetooth_a2dp_offload_prop:s0" dev="tmpfs" ino=2262 scontext=u:r:vendor_spdaemon:s0 tcontext=u:object_r:bluetooth_a2dp_offload_prop:s0 tclass=file permissive=1
01-01 08:00:26.980 608 608 I sscrpcd : vendor/qcom/proprietary/adsprpc/src/rpcmem_android.c:159: rpcmem_init_internal: opened ION device fd 4, configured heap IDs: system (0x2000000), contig (0x400000), secure (0x200), secure flags (0x80080000)
01-01 08:00:26.980 608 608 I sscrpcd : vendor/qcom/proprietary/adsprpc/src/fastrpc_apps_user.c:3087: fastrpc_apps_user_init done with default domain:2 and &fastrpc_trace:0x7c0fc9cfa0
01-01 08:00:26.980 608 608 E sscrpcd : vendor/qcom/proprietary/sensors-see/sscrpcd/src/sscrpcd.cpp:94:adsp_default_listener_start called for [sensorspd]
01-01 08:00:26.980 608 608 I sscrpcd : vendor/qcom/proprietary/adsprpc/src/fastrpc_pm.c:85: fastrpc_wake_lock_init done for sscrpcd:608
01-01 08:00:26.980 608 608 I sscrpcd : vendor/qcom/proprietary/adsprpc/src/fastrpc_apps_user.c:1733: wakelock_control: enabled wakelock control for domain 2
01-01 08:00:26.980 608 608 E sscrpcd : vendor/qcom/proprietary/sensors-see/sscrpcd/src/sscrpcd.cpp:65:fastrpc wakelock control is enabled
01-01 08:00:26.980 608 608 I sscrpcd : vendor/qcom/proprietary/adsprpc/src/fastrpc_apps_user.c:1345: remote_handle_open: Successfully opened handle 0x0 for '":;./\createstaticpd:sensorspd on domain 2
01-01 08:00:26.980 608 608 E sscrpcd : vendor/qcom/proprietary/adsprpc/src/fastrpc_apps_user.c:2870: Error 0x200: apps_dev_init failed for domain 2, errno Transport endpoint is not connected
01-01 08:00:26.980 608 608 E sscrpcd : vendor/qcom/proprietary/adsprpc/src/fastrpc_apps_user.c:2968: Error 0x200: open_dev (-1) failed for domain 2 (errno Transport endpoint is not connected)
01-01 08:00:26.980 608 608 E sscrpcd : vendor/qcom/proprietary/adsprpc/src/fastrpc_apps_user.c:1348: Error 0x200: remote_handle_open failed for adsp_default_listener (errno Success)
01-01 08:00:26.980 608 608 E sscrpcd : vendor/qcom/proprietary/sensors-see/sscrpcd/src/sscrpcd.cpp:98:listener exits
01-01 08:00:26.980 608 608 I sscrpcd : vendor/qcom/proprietary/adsprpc/src/rpcmem_android.c:192: rpcmem_deinit_internal: closed ION fd 4
01-01 08:00:26.980 608 608 I sscrpcd : vendor/qcom/proprietary/adsprpc/src/fastrpc_pm.c:116: fastrpc_wake_lock_deinit done
01-01 08:00:26.980 608 608 I sscrpcd : vendor/qcom/proprietary/adsprpc/src/fastrpc_apps_user.c:3019: fastrpc_apps_user_deinit done
01-01 08:00:26.980 608 608 E sscrpcd : vendor/qcom/proprietary/sensors-see/sscrpcd/src/sscrpcd.cpp:109:sscrpcd daemon will restart after 25ms...
01-01 08:00:26.983 0 0 I init : Sending signal 9 to service 'derive_classpath' (pid 640) process group...
01-01 08:00:22.459 594 594 I auditd : type=1400 audit(0.0:272): avc: denied { map } for comm="spdaemon" path="/dev/__properties__/u:object_r:bluetooth_a2dp_offload_prop:s0" dev="tmpfs" ino=2262 scontext=u:r:vendor_spdaemon:s0 tcontext=u:object_r:bluetooth_a2dp_offload_prop:s0 tclass=file permissive=1
01-01 08:00:22.459 594 594 I spdaemon: type=1400 audit(0.0:272): avc: denied { map } for path="/dev/__properties__/u:object_r:bluetooth_a2dp_offload_prop:s0" dev="tmpfs" ino=2262 scontext=u:r:vendor_spdaemon:s0 tcontext=u:object_r:bluetooth_a2dp_offload_prop:s0 tclass=file permissive=1
01-01 08:00:22.459 594 594 I auditd : type=1400 audit(0.0:273): avc: denied { open } for comm="spdaemon" path="/dev/__properties__/u:object_r:bluetooth_audio_hal_prop:s0" dev="tmpfs" ino=2263 scontext=u:r:vendor_spdaemon:s0 tcontext=u:object_r:bluetooth_audio_hal_prop:s0 tclass=file permissive=1
01-01 08:00:22.459 594 594 I spdaemon: type=1400 audit(0.0:273): avc: denied { open } for path="/dev/__properties__/u:object_r:bluetooth_audio_hal_prop:s0" dev="tmpfs" ino=2263 scontext=u:r:vendor_spdaemon:s0 tcontext=u:object_r:bluetooth_audio_hal_prop:s0 tclass=file permissive=1
01-01 08:00:22.459 594 594 I auditd : type=1400 audit(0.0:274): avc: denied { getattr } for comm="spdaemon" path="/dev/__properties__/u:object_r:bluetooth_audio_hal_prop:s0" dev="tmpfs" ino=2263 scontext=u:r:vendor_spdaemon:s0 tcontext=u:object_r:bluetooth_audio_hal_prop:s0 tclass=file permissive=1
01-01 08:00:22.459 594 594 I spdaemon: type=1400 audit(0.0:274): avc: denied { getattr } for path="/dev/__properties__/u:object_r:bluetooth_audio_hal_prop:s0" dev="tmpfs" ino=2263 scontext=u:r:vendor_spdaemon:s0 tcontext=u:object_r:bluetooth_audio_hal_prop:s0 tclass=file permissive=1
01-01 08:00:27.004 0 0 I libprocessgroup: Successfully killed process cgroup uid 1000 pid 640 in 0ms
01-01 08:00:27.027 608 608 I sscrpcd : vendor/qcom/proprietary/adsprpc/src/rpcmem_android.c:159: rpcmem_init_internal: opened ION device fd 4, configured heap IDs: system (0x2000000), contig (0x400000), secure (0x200), secure flags (0x80080000)
01-01 08:00:27.027 608 608 I sscrpcd : vendor/qcom/proprietary/adsprpc/src/fastrpc_apps_user.c:3087: fastrpc_apps_user_init done with default domain:2 and &fastrpc_trace:0x7c0f454fa0
01-01 08:00:27.027 608 608 E sscrpcd : vendor/qcom/proprietary/sensors-see/sscrpcd/src/sscrpcd.cpp:94:adsp_default_listener_start called for [sensorspd]
01-01 08:00:27.027 608 608 I sscrpcd : vendor/qcom/proprietary/adsprpc/src/fastrpc_pm.c:85: fastrpc_wake_lock_init done for sscrpcd:608
01-01 08:00:27.027 608 608 I sscrpcd : vendor/qcom/proprietary/adsprpc/src/fastrpc_apps_user.c:1733: wakelock_control: enabled wakelock control for domain 2
01-01 08:00:27.027 608 608 E sscrpcd : vendor/qcom/proprietary/sensors-see/sscrpcd/src/sscrpcd.cpp:65:fastrpc wakelock control is enabled
01-01 08:00:27.027 608 608 I sscrpcd : vendor/qcom/proprietary/adsprpc/src/fastrpc_apps_user.c:1345: remote_handle_open: Successfully opened handle 0x0 for '":;./\createstaticpd:sensorspd on domain 2
01-01 08:00:27.027 608 608 E sscrpcd : vendor/qcom/proprietary/adsprpc/src/fastrpc_apps_user.c:2870: Error 0x200: apps_dev_init failed for domain 2, errno Transport endpoint is not connected
01-01 08:00:27.027 608 608 E sscrpcd : vendor/qcom/proprietary/adsprpc/src/fastrpc_apps_user.c:2968: Error 0x200: open_dev (-1) failed for domain 2 (errno Transport endpoint is not connected)
01-01 08:00:27.027 608 608 E sscrpcd : vendor/qcom/proprietary/adsprpc/src/fastrpc_apps_user.c:1348: Error 0x200: remote_handle_open failed for adsp_default_listener (errno Success)
01-01 08:00:27.027 608 608 E sscrpcd : vendor/qcom/proprietary/sensors-see/sscrpcd/src/sscrpcd.cpp:98:listener exits
01-01 08:00:27.027 608 608 I sscrpcd : vendor/qcom/proprietary/adsprpc/src/rpcmem_android.c:192: rpcmem_deinit_internal: closed ION fd 4
01-01 08:00:27.027 608 608 I sscrpcd : vendor/qcom/proprietary/adsprpc/src/fastrpc_pm.c:116: fastrpc_wake_lock_deinit done
01-01 08:00:27.027 608 608 I sscrpcd : vendor/qcom/proprietary/adsprpc/src/fastrpc_apps_user.c:3019: fastrpc_apps_user_deinit done
01-01 08:00:27.027 608 608 E sscrpcd : vendor/qcom/proprietary/sensors-see/sscrpcd/src/sscrpcd.cpp:109:sscrpcd daemon will restart after 25ms...
01-01 08:00:27.053 608 608 I sscrpcd : vendor/qcom/proprietary/adsprpc/src/rpcmem_android.c:159: rpcmem_init_internal: opened ION device fd 4, configured heap IDs: system (0x2000000), contig (0x400000), secure (0x200), secure flags (0x80080000)
01-01 08:00:27.053 608 608 I sscrpcd : vendor/qcom/proprietary/adsprpc/src/fastrpc_apps_user.c:3087: fastrpc_apps_user_init done with default domain:2 and &fastrpc_trace:0x7c0fc77fa0
01-01 08:00:27.053 608 608 E sscrpcd : vendor/qcom/proprietary/sensors-see/sscrpcd/src/sscrpcd.cpp:94:adsp_default_listener_start called for [sensorspd]
01-01 08:00:27.053 608 608 I sscrpcd : vendor/qcom/proprietary/adsprpc/src/fastrpc_pm.c:85: fastrpc_wake_lock_init done for sscrpcd:608
01-01 08:00:27.053 608 608 I sscrpcd : vendor/qcom/proprietary/adsprpc/src/fastrpc_apps_user.c:1733: wakelock_control: enabled wakelock control for domain 2
01-01 08:00:27.053 608 608 E sscrpcd : vendor/qcom/proprietary/sensors-see/sscrpcd/src/sscrpcd.cpp:65:fastrpc wakelock control is enabled
01-01 08:00:27.053 608 608 I sscrpcd : vendor/qcom/proprietary/adsprpc/src/fastrpc_apps_user.c:1345: remote_handle_open: Successfully opened handle 0x0 for '":;./\createstaticpd:sensorspd on domain 2
01-01 08:00:27.053 608 608 E sscrpcd : vendor/qcom/proprietary/adsprpc/src/fastrpc_apps_user.c:2870: Error 0x200: apps_dev_init failed for domain 2, errno Transport endpoint is not connected
01-01 08:00:27.053 608 608 E sscrpcd : vendor/qcom/proprietary/adsprpc/src/fastrpc_apps_user.c:2968: Error 0x200: open_dev (-1) failed for domain 2 (errno Transport endpoint is not connected)
01-01 08:00:27.053 608 608 E sscrpcd : vendor/qcom/proprietary/adsprpc/src/fastrpc_apps_user.c:1348: Error 0x200: remote_handle_open failed for adsp_default_listener (errno Success)
01-01 08:00:27.053 608 608 E sscrpcd : vendor/qcom/proprietary/sensors-see/sscrpcd/src/sscrpcd.cpp:98:listener exits
01-01 08:00:27.053 608 608 I sscrpcd : vendor/qcom/proprietary/adsprpc/src/rpcmem_android.c:192: rpcmem_deinit_internal: closed ION fd 4
01-01 08:00:27.053 608 608 I sscrpcd : vendor/qcom/proprietary/adsprpc/src/fastrpc_pm.c:116: fastrpc_wake_lock_deinit done
01-01 08:00:27.053 608 608 I sscrpcd : vendor/qcom/proprietary/adsprpc/src/fastrpc_apps_user.c:3019: fastrpc_apps_user_deinit done
01-01 08:00:27.053 608 608 E sscrpcd : vendor/qcom/proprietary/sensors-see/sscrpcd/src/sscrpcd.cpp:109:sscrpcd daemon will restart after 25ms...
01-01 08:00:22.459 594 594 I auditd : type=1400 audit(0.0:275): avc: denied { map } for comm="spdaemon" path="/dev/__properties__/u:object_r:bluetooth_audio_hal_prop:s0" dev="tmpfs" ino=2263 scontext=u:r:vendor_spdaemon:s0 tcontext=u:object_r:bluetooth_audio_hal_prop:s0 tclass=file permissive=1
01-01 08:00:22.459 594 594 I spdaemon: type=1400 audit(0.0:275): avc: denied { map } for path="/dev/__properties__/u:object_r:bluetooth_audio_hal_prop:s0" dev="tmpfs" ino=2263 scontext=u:r:vendor_spdaemon:s0 tcontext=u:object_r:bluetooth_audio_hal_prop:s0 tclass=file permissive=1
01-01 08:00:27.040 0 0 I init : starting service 'odsign'...
01-01 08:00:27.063 0 0 E DTC_ETH,link_delay_work_func: 3003, SQI=0, link=0
01-01 08:00:27.079 608 608 I sscrpcd : vendor/qcom/proprietary/adsprpc/src/rpcmem_android.c:159: rpcmem_init_internal: opened ION device fd 4, configured heap IDs: system (0x2000000), contig (0x400000), secure (0x200), secure flags (0x80080000)
01-01 08:00:27.079 608 608 I sscrpcd : vendor/qcom/proprietary/adsprpc/src/fastrpc_apps_user.c:3087: fastrpc_apps_user_init done with default domain:2 and &fastrpc_trace:0x7c0c67afa0
01-01 08:00:27.079 608 608 E sscrpcd : vendor/qcom/proprietary/sensors-see/sscrpcd/src/sscrpcd.cpp:94:adsp_default_listener_start called for [sensorspd]
01-01 08:00:27.079 608 608 I sscrpcd : vendor/qcom/proprietary/adsprpc/src/fastrpc_pm.c:85: fastrpc_wake_lock_init done for sscrpcd:608
01-01 08:00:27.079 608 608 I sscrpcd : vendor/qcom/proprietary/adsprpc/src/fastrpc_apps_user.c:1733: wakelock_control: enabled wakelock control for domain 2
01-01 08:00:27.079 608 608 E sscrpcd : vendor/qcom/proprietary/sensors-see/sscrpcd/src/sscrpcd.cpp:65:fastrpc wakelock control is enabled
01-01 08:00:27.079 608 608 I sscrpcd : vendor/qcom/proprietary/adsprpc/src/fastrpc_apps_user.c:1345: remote_handle_open: Successfully opened handle 0x0 for '":;./\createstaticpd:sensorspd on domain 2
01-01 08:00:27.079 608 608 E sscrpcd : vendor/qcom/proprietary/adsprpc/src/fastrpc_apps_user.c:2870: Error 0x200: apps_dev_init failed for domain 2, errno Transport endpoint is not connected
01-01 08:00:27.079 608 608 E sscrpcd : vendor/qcom/proprietary/adsprpc/src/fastrpc_apps_user.c:2968: Error 0x200: open_dev (-1) failed for domain 2 (errno Transport endpoint is not connected)
01-01 08:00:27.079 608 608 E sscrpcd : vendor/qcom/proprietary/adsprpc/src/fastrpc_apps_user.c:1348: Error 0x200: remote_handle_open failed for adsp_default_listener (errno Success)
01-01 08:00:27.079 608 608 E sscrpcd : vendor/qcom/proprietary/sensors-see/sscrpcd/src/sscrpcd.cpp:98:listener exits
01-01 08:00:27.079 608 608 I sscrpcd : vendor/qcom/proprietary/adsprpc/src/rpcmem_android.c:192: rpcmem_deinit_internal: closed ION fd 4
01-01 08:00:27.079 608 608 I sscrpcd : vendor/qcom/proprietary/adsprpc/src/fastrpc_pm.c:116: fastrpc_wake_lock_deinit done
01-01 08:00:27.079 608 608 I sscrpcd : vendor/qcom/proprietary/adsprpc/src/fastrpc_apps_user.c:3019: fastrpc_apps_user_deinit done
01-01 08:00:27.079 608 608 E sscrpcd : vendor/qcom/proprietary/sensors-see/sscrpcd/src/sscrpcd.cpp:109:sscrpcd daemon will restart after 25ms...
01-01 08:00:27.087 641 641 I odsign : Device doesn't support updatable APEX, exiting.
01-01 08:00:22.459 594 594 I auditd : type=1400 audit(0.0:276): avc: denied { open } for comm="spdaemon" path="/dev/__properties__/u:object_r:bluetooth_prop:s0" dev="tmpfs" ino=2264 scontext=u:r:vendor_spdaemon:s0 tcontext=u:object_r:bluetooth_prop:s0 tclass=file permissive=1
01-01 08:00:22.459 594 594 I spdaemon: type=1400 audit(0.0:276): avc: denied { open } for path="/dev/__properties__/u:object_r:bluetooth_prop:s0" dev="tmpfs" ino=2264 scontext=u:r:vendor_spdaemon:s0 tcontext=u:object_r:bluetooth_prop:s0 tclass=file permissive=1
01-01 08:00:27.087 0 0 I init : Wait for property 'odsign.key.done=1' took 9ms
01-01 08:00:27.111 608 608 I sscrpcd : vendor/qcom/proprietary/adsprpc/src/rpcmem_android.c:159: rpcmem_init_internal: opened ION device fd 4, configured heap IDs: system (0x2000000), contig (0x400000), secure (0x200), secure flags (0x80080000)
01-01 08:00:27.111 608 608 I sscrpcd : vendor/qcom/proprietary/adsprpc/src/fastrpc_apps_user.c:3087: fastrpc_apps_user_init done with default domain:2 and &fastrpc_trace:0x7c0d4f8fa0
01-01 08:00:27.111 608 608 E sscrpcd : vendor/qcom/proprietary/sensors-see/sscrpcd/src/sscrpcd.cpp:94:adsp_default_listener_start called for [sensorspd]
01-01 08:00:27.111 608 608 I sscrpcd : vendor/qcom/proprietary/adsprpc/src/fastrpc_pm.c:85: fastrpc_wake_lock_init done for sscrpcd:608
01-01 08:00:27.111 608 608 I sscrpcd : vendor/qcom/proprietary/adsprpc/src/fastrpc_apps_user.c:1733: wakelock_control: enabled wakelock control for domain 2
01-01 08:00:27.111 608 608 E sscrpcd : vendor/qcom/proprietary/sensors-see/sscrpcd/src/sscrpcd.cpp:65:fastrpc wakelock control is enabled
01-01 08:00:27.111 608 608 I sscrpcd : vendor/qcom/proprietary/adsprpc/src/fastrpc_apps_user.c:1345: remote_handle_open: Successfully opened handle 0x0 for '":;./\createstaticpd:sensorspd on domain 2
01-01 08:00:27.111 608 608 E sscrpcd : vendor/qcom/proprietary/adsprpc/src/fastrpc_apps_user.c:2870: Error 0x200: apps_dev_init failed for domain 2, errno Transport endpoint is not connected
01-01 08:00:27.111 608 608 E sscrpcd : vendor/qcom/proprietary/adsprpc/src/fastrpc_apps_user.c:2968: Error 0x200: open_dev (-1) failed for domain 2 (errno Transport endpoint is not connected)
01-01 08:00:27.111 608 608 E sscrpcd : vendor/qcom/proprietary/adsprpc/src/fastrpc_apps_user.c:1348: Error 0x200: remote_handle_open failed for adsp_default_listener (errno Success)
01-01 08:00:27.111 608 608 E sscrpcd : vendor/qcom/proprietary/sensors-see/sscrpcd/src/sscrpcd.cpp:98:listener exits
01-01 08:00:27.111 608 608 I sscrpcd : vendor/qcom/proprietary/adsprpc/src/rpcmem_android.c:192: rpcmem_deinit_internal: closed ION fd 4
01-01 08:00:27.111 608 608 I sscrpcd : vendor/qcom/proprietary/adsprpc/src/fastrpc_pm.c:116: fastrpc_wake_lock_deinit done
01-01 08:00:27.111 608 608 I sscrpcd : vendor/qcom/proprietary/adsprpc/src/fastrpc_apps_user.c:3019: fastrpc_apps_user_deinit done
01-01 08:00:27.111 608 608 E sscrpcd : vendor/qcom/proprietary/sensors-see/sscrpcd/src/sscrpcd.cpp:109:sscrpcd daemon will restart after 25ms...
01-01 08:00:22.459 594 594 I auditd : type=1400 audit(0.0:277): avc: denied { getattr } for comm="spdaemon" path="/dev/__properties__/u:object_r:bluetooth_prop:s0" dev="tmpfs" ino=2264 scontext=u:r:vendor_spdaemon:s0 tcontext=u:object_r:bluetooth_prop:s0 tclass=file permissive=1
