01-01 08:00:30.376 608 608 I sscrpcd : vendor/qcom/proprietary/adsprpc/src/fastrpc_apps_user.c:1733: wakelock_control: enabled wakelock control for domain 2
01-01 08:00:30.376 608 608 E sscrpcd : vendor/qcom/proprietary/sensors-see/sscrpcd/src/sscrpcd.cpp:65:fastrpc wakelock control is enabled
01-01 08:00:30.376 608 608 I sscrpcd : vendor/qcom/proprietary/adsprpc/src/fastrpc_apps_user.c:1345: remote_handle_open: Successfully opened handle 0x0 for '":;./\createstaticpd:sensorspd on domain 2
01-01 08:00:30.376 608 608 E sscrpcd : vendor/qcom/proprietary/adsprpc/src/fastrpc_apps_user.c:2870: Error 0x200: apps_dev_init failed for domain 2, errno Transport endpoint is not connected
01-01 08:00:30.376 608 608 E sscrpcd : vendor/qcom/proprietary/adsprpc/src/fastrpc_apps_user.c:2968: Error 0x200: open_dev (-1) failed for domain 2 (errno Transport endpoint is not connected)
01-01 08:00:30.376 608 608 E sscrpcd : vendor/qcom/proprietary/adsprpc/src/fastrpc_apps_user.c:1348: Error 0x200: remote_handle_open failed for adsp_default_listener (errno Success)
01-01 08:00:30.376 608 608 E sscrpcd : vendor/qcom/proprietary/sensors-see/sscrpcd/src/sscrpcd.cpp:98:listener exits
01-01 08:00:30.376 608 608 I sscrpcd : vendor/qcom/proprietary/adsprpc/src/rpcmem_android.c:192: rpcmem_deinit_internal: closed ION fd 4
01-01 08:00:30.376 608 608 I sscrpcd : vendor/qcom/proprietary/adsprpc/src/fastrpc_pm.c:116: fastrpc_wake_lock_deinit done
01-01 08:00:30.376 608 608 I sscrpcd : vendor/qcom/proprietary/adsprpc/src/fastrpc_apps_user.c:3019: fastrpc_apps_user_deinit done
01-01 08:00:30.376 608 608 E sscrpcd : vendor/qcom/proprietary/sensors-see/sscrpcd/src/sscrpcd.cpp:109:sscrpcd daemon will restart after 25ms...
01-01 08:00:30.387 682 682 W Zygote : Class not found for preloading: com.android.internal.telephony.imsphone.ImsPhone$3
01-01 08:00:30.387 682 682 W Zygote : Class not found for preloading: com.android.internal.telephony.imsphone.ImsPhone$4
01-01 08:00:30.402 608 608 I sscrpcd : vendor/qcom/proprietary/adsprpc/src/rpcmem_android.c:159: rpcmem_init_internal: opened ION device fd 4, configured heap IDs: system (0x2000000), contig (0x400000), secure (0x200), secure flags (0x80080000)
01-01 08:00:30.402 608 608 I sscrpcd : vendor/qcom/proprietary/adsprpc/src/fastrpc_apps_user.c:3087: fastrpc_apps_user_init done with default domain:2 and &fastrpc_trace:0x7c0fc74fa0
01-01 08:00:30.402 608 608 E sscrpcd : vendor/qcom/proprietary/sensors-see/sscrpcd/src/sscrpcd.cpp:94:adsp_default_listener_start called for [sensorspd]
01-01 08:00:30.402 608 608 I sscrpcd : vendor/qcom/proprietary/adsprpc/src/fastrpc_pm.c:85: fastrpc_wake_lock_init done for sscrpcd:608
01-01 08:00:30.402 608 608 I sscrpcd : vendor/qcom/proprietary/adsprpc/src/fastrpc_apps_user.c:1733: wakelock_control: enabled wakelock control for domain 2
01-01 08:00:30.402 608 608 E sscrpcd : vendor/qcom/proprietary/sensors-see/sscrpcd/src/sscrpcd.cpp:65:fastrpc wakelock control is enabled
01-01 08:00:30.402 608 608 I sscrpcd : vendor/qcom/proprietary/adsprpc/src/fastrpc_apps_user.c:1345: remote_handle_open: Successfully opened handle 0x0 for '":;./\createstaticpd:sensorspd on domain 2
01-01 08:00:30.402 608 608 E sscrpcd : vendor/qcom/proprietary/adsprpc/src/fastrpc_apps_user.c:2870: Error 0x200: apps_dev_init failed for domain 2, errno Transport endpoint is not connected
01-01 08:00:30.402 608 608 E sscrpcd : vendor/qcom/proprietary/adsprpc/src/fastrpc_apps_user.c:2968: Error 0x200: open_dev (-1) failed for domain 2 (errno Transport endpoint is not connected)
01-01 08:00:30.402 608 608 E sscrpcd : vendor/qcom/proprietary/adsprpc/src/fastrpc_apps_user.c:1348: Error 0x200: remote_handle_open failed for adsp_default_listener (errno Success)
01-01 08:00:30.402 608 608 E sscrpcd : vendor/qcom/proprietary/sensors-see/sscrpcd/src/sscrpcd.cpp:98:listener exits
01-01 08:00:30.402 608 608 I sscrpcd : vendor/qcom/proprietary/adsprpc/src/rpcmem_android.c:192: rpcmem_deinit_internal: closed ION fd 4
01-01 08:00:30.402 608 608 I sscrpcd : vendor/qcom/proprietary/adsprpc/src/fastrpc_pm.c:116: fastrpc_wake_lock_deinit done
01-01 08:00:30.402 608 608 I sscrpcd : vendor/qcom/proprietary/adsprpc/src/fastrpc_apps_user.c:3019: fastrpc_apps_user_deinit done
01-01 08:00:30.402 608 608 E sscrpcd : vendor/qcom/proprietary/sensors-see/sscrpcd/src/sscrpcd.cpp:109:sscrpcd daemon will restart after 25ms...
01-01 08:00:30.420 682 682 I Zygote : ...preloaded 13900 classes in 537ms.
01-01 08:00:30.424 682 682 D ApplicationLoaders: Created zygote-cached class loader: /system/framework/android.hidl.base-V1.0-java.jar
01-01 08:00:30.425 682 682 D ApplicationLoaders: Created zygote-cached class loader: /system/framework/android.hidl.manager-V1.0-java.jar
01-01 08:00:30.428 682 682 D ApplicationLoaders: Created zygote-cached class loader: /system/framework/android.test.base.jar
01-01 08:00:30.428 682 682 I Zygote : Preloading resources...
01-01 08:00:30.428 608 608 I sscrpcd : vendor/qcom/proprietary/adsprpc/src/rpcmem_android.c:159: rpcmem_init_internal: opened ION device fd 4, configured heap IDs: system (0x2000000), contig (0x400000), secure (0x200), secure flags (0x80080000)
01-01 08:00:30.428 608 608 I sscrpcd : vendor/qcom/proprietary/adsprpc/src/fastrpc_apps_user.c:3087: fastrpc_apps_user_init done with default domain:2 and &fastrpc_trace:0x7c0fd2afa0
01-01 08:00:30.428 608 608 E sscrpcd : vendor/qcom/proprietary/sensors-see/sscrpcd/src/sscrpcd.cpp:94:adsp_default_listener_start called for [sensorspd]
01-01 08:00:30.428 608 608 I sscrpcd : vendor/qcom/proprietary/adsprpc/src/fastrpc_pm.c:85: fastrpc_wake_lock_init done for sscrpcd:608
01-01 08:00:30.428 608 608 I sscrpcd : vendor/qcom/proprietary/adsprpc/src/fastrpc_apps_user.c:1733: wakelock_control: enabled wakelock control for domain 2
01-01 08:00:30.428 608 608 E sscrpcd : vendor/qcom/proprietary/sensors-see/sscrpcd/src/sscrpcd.cpp:65:fastrpc wakelock control is enabled
01-01 08:00:30.428 608 608 I sscrpcd : vendor/qcom/proprietary/adsprpc/src/fastrpc_apps_user.c:1345: remote_handle_open: Successfully opened handle 0x0 for '":;./\createstaticpd:sensorspd on domain 2
01-01 08:00:30.428 608 608 E sscrpcd : vendor/qcom/proprietary/adsprpc/src/fastrpc_apps_user.c:2870: Error 0x200: apps_dev_init failed for domain 2, errno Transport endpoint is not connected
01-01 08:00:30.428 608 608 E sscrpcd : vendor/qcom/proprietary/adsprpc/src/fastrpc_apps_user.c:2968: Error 0x200: open_dev (-1) failed for domain 2 (errno Transport endpoint is not connected)
01-01 08:00:30.428 608 608 E sscrpcd : vendor/qcom/proprietary/adsprpc/src/fastrpc_apps_user.c:1348: Error 0x200: remote_handle_open failed for adsp_default_listener (errno Success)
01-01 08:00:30.428 608 608 E sscrpcd : vendor/qcom/proprietary/sensors-see/sscrpcd/src/sscrpcd.cpp:98:listener exits
01-01 08:00:30.428 608 608 I sscrpcd : vendor/qcom/proprietary/adsprpc/src/rpcmem_android.c:192: rpcmem_deinit_internal: closed ION fd 4
01-01 08:00:30.428 608 608 I sscrpcd : vendor/qcom/proprietary/adsprpc/src/fastrpc_pm.c:116: fastrpc_wake_lock_deinit done
01-01 08:00:30.428 608 608 I sscrpcd : vendor/qcom/proprietary/adsprpc/src/fastrpc_apps_user.c:3019: fastrpc_apps_user_deinit done
01-01 08:00:30.428 608 608 E sscrpcd : vendor/qcom/proprietary/sensors-see/sscrpcd/src/sscrpcd.cpp:109:sscrpcd daemon will restart after 25ms...
01-01 08:00:30.435 682 682 W Resources: Preloaded drawable resource #0x108028d (android:drawable/dialog_background_material) that varies with configuration!!
01-01 08:00:30.442 682 682 I Zygote : ...preloaded 64 resources in 14ms.
01-01 08:00:30.444 682 682 I Zygote : ...preloaded 41 resources in 2ms.
01-01 08:00:30.454 608 608 I sscrpcd : vendor/qcom/proprietary/adsprpc/src/rpcmem_android.c:159: rpcmem_init_internal: opened ION device fd 4, configured heap IDs: system (0x2000000), contig (0x400000), secure (0x200), secure flags (0x80080000)
01-01 08:00:30.454 608 608 I sscrpcd : vendor/qcom/proprietary/adsprpc/src/fastrpc_apps_user.c:3087: fastrpc_apps_user_init done with default domain:2 and &fastrpc_trace:0x7c0fd39fa0
01-01 08:00:30.454 608 608 E sscrpcd : vendor/qcom/proprietary/sensors-see/sscrpcd/src/sscrpcd.cpp:94:adsp_default_listener_start called for [sensorspd]
01-01 08:00:30.454 608 608 I sscrpcd : vendor/qcom/proprietary/adsprpc/src/fastrpc_pm.c:85: fastrpc_wake_lock_init done for sscrpcd:608
01-01 08:00:30.454 608 608 I sscrpcd : vendor/qcom/proprietary/adsprpc/src/fastrpc_apps_user.c:1733: wakelock_control: enabled wakelock control for domain 2
01-01 08:00:30.454 608 608 E sscrpcd : vendor/qcom/proprietary/sensors-see/sscrpcd/src/sscrpcd.cpp:65:fastrpc wakelock control is enabled
01-01 08:00:30.454 608 608 I sscrpcd : vendor/qcom/proprietary/adsprpc/src/fastrpc_apps_user.c:1345: remote_handle_open: Successfully opened handle 0x0 for '":;./\createstaticpd:sensorspd on domain 2
01-01 08:00:30.454 608 608 E sscrpcd : vendor/qcom/proprietary/adsprpc/src/fastrpc_apps_user.c:2870: Error 0x200: apps_dev_init failed for domain 2, errno Transport endpoint is not connected
01-01 08:00:30.454 608 608 E sscrpcd : vendor/qcom/proprietary/adsprpc/src/fastrpc_apps_user.c:2968: Error 0x200: open_dev (-1) failed for domain 2 (errno Transport endpoint is not connected)
01-01 08:00:30.454 608 608 E sscrpcd : vendor/qcom/proprietary/adsprpc/src/fastrpc_apps_user.c:1348: Error 0x200: remote_handle_open failed for adsp_default_listener (errno Success)
01-01 08:00:30.454 608 608 E sscrpcd : vendor/qcom/proprietary/sensors-see/sscrpcd/src/sscrpcd.cpp:98:listener exits
01-01 08:00:30.454 608 608 I sscrpcd : vendor/qcom/proprietary/adsprpc/src/rpcmem_android.c:192: rpcmem_deinit_internal: closed ION fd 4
01-01 08:00:30.454 608 608 I sscrpcd : vendor/qcom/proprietary/adsprpc/src/fastrpc_pm.c:116: fastrpc_wake_lock_deinit done
01-01 08:00:30.454 608 608 I sscrpcd : vendor/qcom/proprietary/adsprpc/src/fastrpc_apps_user.c:3019: fastrpc_apps_user_deinit done
01-01 08:00:30.454 608 608 E sscrpcd : vendor/qcom/proprietary/sensors-see/sscrpcd/src/sscrpcd.cpp:109:sscrpcd daemon will restart after 25ms...
01-01 08:00:30.461 682 682 D libEGL : loaded /vendor/lib64/egl/libEGL_adreno.so
01-01 08:00:30.461 648 656 I mpu_uart: [MSG-P:R]:recv sync frame timeout
01-01 08:00:30.465 648 657 I mpu_uart: [MSG-P:RECV]:No message received in 1000 ms
01-01 08:00:30.480 608 608 I sscrpcd : vendor/qcom/proprietary/adsprpc/src/rpcmem_android.c:159: rpcmem_init_internal: opened ION device fd 4, configured heap IDs: system (0x2000000), contig (0x400000), secure (0x200), secure flags (0x80080000)
01-01 08:00:30.480 608 608 I sscrpcd : vendor/qcom/proprietary/adsprpc/src/fastrpc_apps_user.c:3087: fastrpc_apps_user_init done with default domain:2 and &fastrpc_trace:0x7c0fc6bfa0
01-01 08:00:30.480 608 608 E sscrpcd : vendor/qcom/proprietary/sensors-see/sscrpcd/src/sscrpcd.cpp:94:adsp_default_listener_start called for [sensorspd]
01-01 08:00:30.480 608 608 I sscrpcd : vendor/qcom/proprietary/adsprpc/src/fastrpc_pm.c:85: fastrpc_wake_lock_init done for sscrpcd:608
01-01 08:00:30.480 608 608 I sscrpcd : vendor/qcom/proprietary/adsprpc/src/fastrpc_apps_user.c:1733: wakelock_control: enabled wakelock control for domain 2
01-01 08:00:30.480 608 608 E sscrpcd : vendor/qcom/proprietary/sensors-see/sscrpcd/src/sscrpcd.cpp:65:fastrpc wakelock control is enabled
01-01 08:00:30.480 608 608 I sscrpcd : vendor/qcom/proprietary/adsprpc/src/fastrpc_apps_user.c:1345: remote_handle_open: Successfully opened handle 0x0 for '":;./\createstaticpd:sensorspd on domain 2
01-01 08:00:30.480 608 608 E sscrpcd : vendor/qcom/proprietary/adsprpc/src/fastrpc_apps_user.c:2870: Error 0x200: apps_dev_init failed for domain 2, errno Transport endpoint is not connected
01-01 08:00:30.480 608 608 E sscrpcd : vendor/qcom/proprietary/adsprpc/src/fastrpc_apps_user.c:2968: Error 0x200: open_dev (-1) failed for domain 2 (errno Transport endpoint is not connected)
01-01 08:00:30.480 608 608 E sscrpcd : vendor/qcom/proprietary/adsprpc/src/fastrpc_apps_user.c:1348: Error 0x200: remote_handle_open failed for adsp_default_listener (errno Success)
01-01 08:00:30.480 608 608 E sscrpcd : vendor/qcom/proprietary/sensors-see/sscrpcd/src/sscrpcd.cpp:98:listener exits
01-01 08:00:30.480 608 608 I sscrpcd : vendor/qcom/proprietary/adsprpc/src/rpcmem_android.c:192: rpcmem_deinit_internal: closed ION fd 4
01-01 08:00:30.480 608 608 I sscrpcd : vendor/qcom/proprietary/adsprpc/src/fastrpc_pm.c:116: fastrpc_wake_lock_deinit done
01-01 08:00:30.480 608 608 I sscrpcd : vendor/qcom/proprietary/adsprpc/src/fastrpc_apps_user.c:3019: fastrpc_apps_user_deinit done
01-01 08:00:30.481 608 608 E sscrpcd : vendor/qcom/proprietary/sensors-see/sscrpcd/src/sscrpcd.cpp:109:sscrpcd daemon will restart after 25ms...
01-01 08:00:30.497 682 682 D libEGL : loaded /vendor/lib64/egl/libGLESv1_CM_adreno.so
01-01 08:00:30.499 682 682 D libEGL : loaded /vendor/lib64/egl/libGLESv2_adreno.so
01-01 08:00:30.506 608 608 I sscrpcd : vendor/qcom/proprietary/adsprpc/src/rpcmem_android.c:159: rpcmem_init_internal: opened ION device fd 4, configured heap IDs: system (0x2000000), contig (0x400000), secure (0x200), secure flags (0x80080000)
01-01 08:00:30.506 608 608 I sscrpcd : vendor/qcom/proprietary/adsprpc/src/fastrpc_apps_user.c:3087: fastrpc_apps_user_init done with default domain:2 and &fastrpc_trace:0x7c0fd1cfa0
01-01 08:00:30.506 608 608 E sscrpcd : vendor/qcom/proprietary/sensors-see/sscrpcd/src/sscrpcd.cpp:94:adsp_default_listener_start called for [sensorspd]
01-01 08:00:30.506 608 608 I sscrpcd : vendor/qcom/proprietary/adsprpc/src/fastrpc_pm.c:85: fastrpc_wake_lock_init done for sscrpcd:608
01-01 08:00:30.506 608 608 I sscrpcd : vendor/qcom/proprietary/adsprpc/src/fastrpc_apps_user.c:1733: wakelock_control: enabled wakelock control for domain 2
01-01 08:00:30.506 608 608 E sscrpcd : vendor/qcom/proprietary/sensors-see/sscrpcd/src/sscrpcd.cpp:65:fastrpc wakelock control is enabled
01-01 08:00:30.506 608 608 I sscrpcd : vendor/qcom/proprietary/adsprpc/src/fastrpc_apps_user.c:1345: remote_handle_open: Successfully opened handle 0x0 for '":;./\createstaticpd:sensorspd on domain 2
01-01 08:00:30.506 608 608 E sscrpcd : vendor/qcom/proprietary/adsprpc/src/fastrpc_apps_user.c:2870: Error 0x200: apps_dev_init failed for domain 2, errno Transport endpoint is not connected
01-01 08:00:30.506 608 608 E sscrpcd : vendor/qcom/proprietary/adsprpc/src/fastrpc_apps_user.c:2968: Error 0x200: open_dev (-1) failed for domain 2 (errno Transport endpoint is not connected)
01-01 08:00:30.506 608 608 E sscrpcd : vendor/qcom/proprietary/adsprpc/src/fastrpc_apps_user.c:1348: Error 0x200: remote_handle_open failed for adsp_default_listener (errno Success)
01-01 08:00:30.506 608 608 E sscrpcd : vendor/qcom/proprietary/sensors-see/sscrpcd/src/sscrpcd.cpp:98:listener exits
01-01 08:00:30.506 608 608 I sscrpcd : vendor/qcom/proprietary/adsprpc/src/rpcmem_android.c:192: rpcmem_deinit_internal: closed ION fd 4
01-01 08:00:30.506 608 608 I sscrpcd : vendor/qcom/proprietary/adsprpc/src/fastrpc_pm.c:116: fastrpc_wake_lock_deinit done
01-01 08:00:30.506 608 608 I sscrpcd : vendor/qcom/proprietary/adsprpc/src/fastrpc_apps_user.c:3019: fastrpc_apps_user_deinit done
01-01 08:00:30.506 608 608 E sscrpcd : vendor/qcom/proprietary/sensors-see/sscrpcd/src/sscrpcd.cpp:109:sscrpcd daemon will restart after 25ms...
01-01 08:00:30.519 682 682 I Zygote : Preloading shared libraries...
01-01 08:00:30.524 682 682 I Zygote : Called ZygoteHooks.endPreload()
01-01 08:00:30.525 682 682 I Zygote : Installed AndroidKeyStoreProvider in 0ms.
01-01 08:00:30.526 682 682 I Zygote : Warmed up JCA providers in 2ms.
01-01 08:00:30.526 682 682 D Zygote : end preload
01-01 08:00:30.526 682 682 I boot_progress_preload_end: 28265
01-01 08:00:30.532 608 608 I sscrpcd : vendor/qcom/proprietary/adsprpc/src/rpcmem_android.c:159: rpcmem_init_internal: opened ION device fd 4, configured heap IDs: system (0x2000000), contig (0x400000), secure (0x200), secure flags (0x80080000)
01-01 08:00:30.532 608 608 I sscrpcd : vendor/qcom/proprietary/adsprpc/src/fastrpc_apps_user.c:3087: fastrpc_apps_user_init done with default domain:2 and &fastrpc_trace:0x7c0fcf5fa0
01-01 08:00:30.532 608 608 E sscrpcd : vendor/qcom/proprietary/sensors-see/sscrpcd/src/sscrpcd.cpp:94:adsp_default_listener_start called for [sensorspd]
01-01 08:00:30.532 608 608 I sscrpcd : vendor/qcom/proprietary/adsprpc/src/fastrpc_pm.c:85: fastrpc_wake_lock_init done for sscrpcd:608
01-01 08:00:30.532 608 608 I sscrpcd : vendor/qcom/proprietary/adsprpc/src/fastrpc_apps_user.c:1733: wakelock_control: enabled wakelock control for domain 2
01-01 08:00:30.532 608 608 E sscrpcd : vendor/qcom/proprietary/sensors-see/sscrpcd/src/sscrpcd.cpp:65:fastrpc wakelock control is enabled
01-01 08:00:30.532 608 608 I sscrpcd : vendor/qcom/proprietary/adsprpc/src/fastrpc_apps_user.c:1345: remote_handle_open: Successfully opened handle 0x0 for '":;./\createstaticpd:sensorspd on domain 2
01-01 08:00:30.532 608 608 E sscrpcd : vendor/qcom/proprietary/adsprpc/src/fastrpc_apps_user.c:2870: Error 0x200: apps_dev_init failed for domain 2, errno Transport endpoint is not connected
01-01 08:00:30.532 608 608 E sscrpcd : vendor/qcom/proprietary/adsprpc/src/fastrpc_apps_user.c:2968: Error 0x200: open_dev (-1) failed for domain 2 (errno Transport endpoint is not connected)
01-01 08:00:30.532 608 608 E sscrpcd : vendor/qcom/proprietary/adsprpc/src/fastrpc_apps_user.c:1348: Error 0x200: remote_handle_open failed for adsp_default_listener (errno Success)
01-01 08:00:30.532 608 608 E sscrpcd : vendor/qcom/proprietary/sensors-see/sscrpcd/src/sscrpcd.cpp:98:listener exits
01-01 08:00:30.532 608 608 I sscrpcd : vendor/qcom/proprietary/adsprpc/src/rpcmem_android.c:192: rpcmem_deinit_internal: closed ION fd 4
01-01 08:00:30.532 608 608 I sscrpcd : vendor/qcom/proprietary/adsprpc/src/fastrpc_pm.c:116: fastrpc_wake_lock_deinit done
01-01 08:00:30.532 608 608 I sscrpcd : vendor/qcom/proprietary/adsprpc/src/fastrpc_apps_user.c:3019: fastrpc_apps_user_deinit done
01-01 08:00:30.532 608 608 E sscrpcd : vendor/qcom/proprietary/sensors-see/sscrpcd/src/sscrpcd.cpp:109:sscrpcd daemon will restart after 25ms...
01-01 08:00:30.551 682 682 I zygote64: Explicit concurrent copying GC freed 53525(2691KB) AllocSpace objects, 0(0B) LOS objects, 49% free, 9152KB/17MB, paused 25us,9us total 24.797ms
01-01 08:00:30.558 608 608 I sscrpcd : vendor/qcom/proprietary/adsprpc/src/rpcmem_android.c:159: rpcmem_init_internal: opened ION device fd 4, configured heap IDs: system (0x2000000), contig (0x400000), secure (0x200), secure flags (0x80080000)
01-01 08:00:30.558 608 608 I sscrpcd : vendor/qcom/proprietary/adsprpc/src/fastrpc_apps_user.c:3087: fastrpc_apps_user_init done with default domain:2 and &fastrpc_trace:0x7c0fd27fa0
01-01 08:00:30.558 608 608 E sscrpcd : vendor/qcom/proprietary/sensors-see/sscrpcd/src/sscrpcd.cpp:94:adsp_default_listener_start called for [sensorspd]
01-01 08:00:30.558 608 608 I sscrpcd : vendor/qcom/proprietary/adsprpc/src/fastrpc_pm.c:85: fastrpc_wake_lock_init done for sscrpcd:608
01-01 08:00:30.558 608 608 I sscrpcd : vendor/qcom/proprietary/adsprpc/src/fastrpc_apps_user.c:1733: wakelock_control: enabled wakelock control for domain 2
01-01 08:00:30.558 608 608 E sscrpcd : vendor/qcom/proprietary/sensors-see/sscrpcd/src/sscrpcd.cpp:65:fastrpc wakelock control is enabled
01-01 08:00:30.558 608 608 I sscrpcd : vendor/qcom/proprietary/adsprpc/src/fastrpc_apps_user.c:1345: remote_handle_open: Successfully opened handle 0x0 for '":;./\createstaticpd:sensorspd on domain 2
01-01 08:00:30.558 608 608 E sscrpcd : vendor/qcom/proprietary/adsprpc/src/fastrpc_apps_user.c:2870: Error 0x200: apps_dev_init failed for domain 2, errno Transport endpoint is not connected
01-01 08:00:30.558 608 608 E sscrpcd : vendor/qcom/proprietary/adsprpc/src/fastrpc_apps_user.c:2968: Error 0x200: open_dev (-1) failed for domain 2 (errno Transport endpoint is not connected)
01-01 08:00:30.558 608 608 E sscrpcd : vendor/qcom/proprietary/adsprpc/src/fastrpc_apps_user.c:1348: Error 0x200: remote_handle_open failed for adsp_default_listener (errno Success)
01-01 08:00:30.558 608 608 E sscrpcd : vendor/qcom/proprietary/sensors-see/sscrpcd/src/sscrpcd.cpp:98:listener exits
01-01 08:00:30.558 608 608 I sscrpcd : vendor/qcom/proprietary/adsprpc/src/rpcmem_android.c:192: rpcmem_deinit_internal: closed ION fd 4
01-01 08:00:30.558 608 608 I sscrpcd : vendor/qcom/proprietary/adsprpc/src/fastrpc_pm.c:116: fastrpc_wake_lock_deinit done
01-01 08:00:30.558 608 608 I sscrpcd : vendor/qcom/proprietary/adsprpc/src/fastrpc_apps_user.c:3019: fastrpc_apps_user_deinit done
01-01 08:00:30.558 608 608 E sscrpcd : vendor/qcom/proprietary/sensors-see/sscrpcd/src/sscrpcd.cpp:109:sscrpcd daemon will restart after 25ms...
01-01 08:00:30.573 682 682 I zygote64: Explicit concurrent copying GC freed 2461(129KB) AllocSpace objects, 1(28KB) LOS objects, 49% free, 9026KB/17MB, paused 15us,7us total 21.103ms
01-01 08:00:30.584 608 608 I sscrpcd : vendor/qcom/proprietary/adsprpc/src/rpcmem_android.c:159: rpcmem_init_internal: opened ION device fd 4, configured heap IDs: system (0x2000000), contig (0x400000), secure (0x200), secure flags (0x80080000)
01-01 08:00:30.584 608 608 I sscrpcd : vendor/qcom/proprietary/adsprpc/src/fastrpc_apps_user.c:3087: fastrpc_apps_user_init done with default domain:2 and &fastrpc_trace:0x7c0cb1ffa0
01-01 08:00:30.584 608 608 E sscrpcd : vendor/qcom/proprietary/sensors-see/sscrpcd/src/sscrpcd.cpp:94:adsp_default_listener_start called for [sensorspd]
01-01 08:00:30.584 608 608 I sscrpcd : vendor/qcom/proprietary/adsprpc/src/fastrpc_pm.c:85: fastrpc_wake_lock_init done for sscrpcd:608
01-01 08:00:30.584 608 608 I sscrpcd : vendor/qcom/proprietary/adsprpc/src/fastrpc_apps_user.c:1733: wakelock_control: enabled wakelock control for domain 2
01-01 08:00:30.584 608 608 E sscrpcd : vendor/qcom/proprietary/sensors-see/sscrpcd/src/sscrpcd.cpp:65:fastrpc wakelock control is enabled
01-01 08:00:30.584 608 608 I sscrpcd : vendor/qcom/proprietary/adsprpc/src/fastrpc_apps_user.c:1345: remote_handle_open: Successfully opened handle 0x0 for '":;./\createstaticpd:sensorspd on domain 2
01-01 08:00:30.584 608 608 E sscrpcd : vendor/qcom/proprietary/adsprpc/src/fastrpc_apps_user.c:2870: Error 0x200: apps_dev_init failed for domain 2, errno Transport endpoint is not connected
01-01 08:00:30.584 608 608 E sscrpcd : vendor/qcom/proprietary/adsprpc/src/fastrpc_apps_user.c:2968: Error 0x200: open_dev (-1) failed for domain 2 (errno Transport endpoint is not connected)
01-01 08:00:30.584 608 608 E sscrpcd : vendor/qcom/proprietary/adsprpc/src/fastrpc_apps_user.c:1348: Error 0x200: remote_handle_open failed for adsp_default_listener (errno Success)
01-01 08:00:30.584 608 608 E sscrpcd : vendor/qcom/proprietary/sensors-see/sscrpcd/src/sscrpcd.cpp:98:listener exits
01-01 08:00:30.584 608 608 I sscrpcd : vendor/qcom/proprietary/adsprpc/src/rpcmem_android.c:192: rpcmem_deinit_internal: closed ION fd 4
01-01 08:00:30.584 608 608 I sscrpcd : vendor/qcom/proprietary/adsprpc/src/fastrpc_pm.c:116: fastrpc_wake_lock_deinit done
01-01 08:00:30.584 608 608 I sscrpcd : vendor/qcom/proprietary/adsprpc/src/fastrpc_apps_user.c:3019: fastrpc_apps_user_deinit done
01-01 08:00:30.584 608 608 E sscrpcd : vendor/qcom/proprietary/sensors-see/sscrpcd/src/sscrpcd.cpp:109:sscrpcd daemon will restart after 25ms...
01-01 08:00:30.610 608 608 I sscrpcd : vendor/qcom/proprietary/adsprpc/src/rpcmem_android.c:159: rpcmem_init_internal: opened ION device fd 4, configured heap IDs: system (0x2000000), contig (0x400000), secure (0x200), secure flags (0x80080000)
01-01 08:00:30.610 608 608 I sscrpcd : vendor/qcom/proprietary/adsprpc/src/fastrpc_apps_user.c:3087: fastrpc_apps_user_init done with default domain:2 and &fastrpc_trace:0x7c0fcb4fa0
01-01 08:00:30.610 608 608 E sscrpcd : vendor/qcom/proprietary/sensors-see/sscrpcd/src/sscrpcd.cpp:94:adsp_default_listener_start called for [sensorspd]
01-01 08:00:30.610 608 608 I sscrpcd : vendor/qcom/proprietary/adsprpc/src/fastrpc_pm.c:85: fastrpc_wake_lock_init done for sscrpcd:608
01-01 08:00:30.610 608 608 I sscrpcd : vendor/qcom/proprietary/adsprpc/src/fastrpc_apps_user.c:1733: wakelock_control: enabled wakelock control for domain 2
01-01 08:00:30.610 608 608 E sscrpcd : vendor/qcom/proprietary/sensors-see/sscrpcd/src/sscrpcd.cpp:65:fastrpc wakelock control is enabled
01-01 08:00:30.610 608 608 I sscrpcd : vendor/qcom/proprietary/adsprpc/src/fastrpc_apps_user.c:1345: remote_handle_open: Successfully opened handle 0x0 for '":;./\createstaticpd:sensorspd on domain 2
01-01 08:00:30.610 608 608 E sscrpcd : vendor/qcom/proprietary/adsprpc/src/fastrpc_apps_user.c:2870: Error 0x200: apps_dev_init failed for domain 2, errno Transport endpoint is not connected
01-01 08:00:30.610 608 608 E sscrpcd : vendor/qcom/proprietary/adsprpc/src/fastrpc_apps_user.c:2968: Error 0x200: open_dev (-1) failed for domain 2 (errno Transport endpoint is not connected)
01-01 08:00:30.610 608 608 E sscrpcd : vendor/qcom/proprietary/adsprpc/src/fastrpc_apps_user.c:1348: Error 0x200: remote_handle_open failed for adsp_default_listener (errno Success)
01-01 08:00:30.610 608 608 E sscrpcd : vendor/qcom/proprietary/sensors-see/sscrpcd/src/sscrpcd.cpp:98:listener exits
01-01 08:00:30.610 608 608 I sscrpcd : vendor/qcom/proprietary/adsprpc/src/rpcmem_android.c:192: rpcmem_deinit_internal: closed ION fd 4
01-01 08:00:30.610 608 608 I sscrpcd : vendor/qcom/proprietary/adsprpc/src/fastrpc_pm.c:116: fastrpc_wake_lock_deinit done
01-01 08:00:30.610 608 608 I sscrpcd : vendor/qcom/proprietary/adsprpc/src/fastrpc_apps_user.c:3019: fastrpc_apps_user_deinit done
01-01 08:00:30.611 608 608 E sscrpcd : vendor/qcom/proprietary/sensors-see/sscrpcd/src/sscrpcd.cpp:109:sscrpcd daemon will restart after 25ms...
01-01 08:00:30.636 608 608 I sscrpcd : vendor/qcom/proprietary/adsprpc/src/rpcmem_android.c:159: rpcmem_init_internal: opened ION device fd 4, configured heap IDs: system (0x2000000), contig (0x400000), secure (0x200), secure flags (0x80080000)
01-01 08:00:30.636 608 608 I sscrpcd : vendor/qcom/proprietary/adsprpc/src/fastrpc_apps_user.c:3087: fastrpc_apps_user_init done with default domain:2 and &fastrpc_trace:0x7c0fc9dfa0
01-01 08:00:30.636 608 608 E sscrpcd : vendor/qcom/proprietary/sensors-see/sscrpcd/src/sscrpcd.cpp:94:adsp_default_listener_start called for [sensorspd]
01-01 08:00:30.636 608 608 I sscrpcd : vendor/qcom/proprietary/adsprpc/src/fastrpc_pm.c:85: fastrpc_wake_lock_init done for sscrpcd:608
01-01 08:00:30.636 608 608 I sscrpcd : vendor/qcom/proprietary/adsprpc/src/fastrpc_apps_user.c:1733: wakelock_control: enabled wakelock control for domain 2
01-01 08:00:30.636 608 608 E sscrpcd : vendor/qcom/proprietary/sensors-see/sscrpcd/src/sscrpcd.cpp:65:fastrpc wakelock control is enabled
01-01 08:00:30.636 608 608 I sscrpcd : vendor/qcom/proprietary/adsprpc/src/fastrpc_apps_user.c:1345: remote_handle_open: Successfully opened handle 0x0 for '":;./\createstaticpd:sensorspd on domain 2
01-01 08:00:30.636 608 608 E sscrpcd : vendor/qcom/proprietary/adsprpc/src/fastrpc_apps_user.c:2870: Error 0x200: apps_dev_init failed for domain 2, errno Transport endpoint is not connected
01-01 08:00:30.636 608 608 E sscrpcd : vendor/qcom/proprietary/adsprpc/src/fastrpc_apps_user.c:2968: Error 0x200: open_dev (-1) failed for domain 2 (errno Transport endpoint is not connected)
01-01 08:00:30.636 608 608 E sscrpcd : vendor/qcom/proprietary/adsprpc/src/fastrpc_apps_user.c:1348: Error 0x200: remote_handle_open failed for adsp_default_listener (errno Success)
01-01 08:00:30.636 608 608 E sscrpcd : vendor/qcom/proprietary/sensors-see/sscrpcd/src/sscrpcd.cpp:98:listener exits
01-01 08:00:30.637 608 608 I sscrpcd : vendor/qcom/proprietary/adsprpc/src/rpcmem_android.c:192: rpcmem_deinit_internal: closed ION fd 4
01-01 08:00:30.637 608 608 I sscrpcd : vendor/qcom/proprietary/adsprpc/src/fastrpc_pm.c:116: fastrpc_wake_lock_deinit done
01-01 08:00:30.637 608 608 I sscrpcd : vendor/qcom/proprietary/adsprpc/src/fastrpc_apps_user.c:3019: fastrpc_apps_user_deinit done
01-01 08:00:30.637 608 608 E sscrpcd : vendor/qcom/proprietary/sensors-see/sscrpcd/src/sscrpcd.cpp:109:sscrpcd daemon will restart after 25ms...
01-01 08:00:30.642 682 682 D Zygote : Forked child process 783
01-01 08:00:30.642 682 682 I Zygote : System server process 783 has been created
01-01 08:00:30.643 682 682 I Zygote : Accepting command socket connections
01-01 08:00:30.662 608 608 I sscrpcd : vendor/qcom/proprietary/adsprpc/src/rpcmem_android.c:159: rpcmem_init_internal: opened ION device fd 4, configured heap IDs: system (0x2000000), contig (0x400000), secure (0x200), secure flags (0x80080000)
01-01 08:00:30.662 608 608 I sscrpcd : vendor/qcom/proprietary/adsprpc/src/fastrpc_apps_user.c:3087: fastrpc_apps_user_init done with default domain:2 and &fastrpc_trace:0x7c0fd04fa0
01-01 08:00:30.662 608 608 E sscrpcd : vendor/qcom/proprietary/sensors-see/sscrpcd/src/sscrpcd.cpp:94:adsp_default_listener_start called for [sensorspd]
01-01 08:00:30.663 608 608 I sscrpcd : vendor/qcom/proprietary/adsprpc/src/fastrpc_pm.c:85: fastrpc_wake_lock_init done for sscrpcd:608
01-01 08:00:30.663 608 608 I sscrpcd : vendor/qcom/proprietary/adsprpc/src/fastrpc_apps_user.c:1733: wakelock_control: enabled wakelock control for domain 2
01-01 08:00:30.663 608 608 E sscrpcd : vendor/qcom/proprietary/sensors-see/sscrpcd/src/sscrpcd.cpp:65:fastrpc wakelock control is enabled
01-01 08:00:30.663 608 608 I sscrpcd : vendor/qcom/proprietary/adsprpc/src/fastrpc_apps_user.c:1345: remote_handle_open: Successfully opened handle 0x0 for '":;./\createstaticpd:sensorspd on domain 2
01-01 08:00:30.663 608 608 E sscrpcd : vendor/qcom/proprietary/adsprpc/src/fastrpc_apps_user.c:2870: Error 0x200: apps_dev_init failed for domain 2, errno Transport endpoint is not connected
01-01 08:00:30.663 608 608 E sscrpcd : vendor/qcom/proprietary/adsprpc/src/fastrpc_apps_user.c:2968: Error 0x200: open_dev (-1) failed for domain 2 (errno Transport endpoint is not connected)
01-01 08:00:30.663 608 608 E sscrpcd : vendor/qcom/proprietary/adsprpc/src/fastrpc_apps_user.c:1348: Error 0x200: remote_handle_open failed for adsp_default_listener (errno Success)
01-01 08:00:30.663 608 608 E sscrpcd : vendor/qcom/proprietary/sensors-see/sscrpcd/src/sscrpcd.cpp:98:listener exits
01-01 08:00:30.663 608 608 I sscrpcd : vendor/qcom/proprietary/adsprpc/src/rpcmem_android.c:192: rpcmem_deinit_internal: closed ION fd 4
01-01 08:00:30.663 608 608 I sscrpcd : vendor/qcom/proprietary/adsprpc/src/fastrpc_pm.c:116: fastrpc_wake_lock_deinit done
01-01 08:00:30.663 608 608 I sscrpcd : vendor/qcom/proprietary/adsprpc/src/fastrpc_apps_user.c:3019: fastrpc_apps_user_deinit done
01-01 08:00:30.663 608 608 E sscrpcd : vendor/qcom/proprietary/sensors-see/sscrpcd/src/sscrpcd.cpp:109:sscrpcd daemon will restart after 25ms...
01-01 08:00:30.688 608 608 I sscrpcd : vendor/qcom/proprietary/adsprpc/src/rpcmem_android.c:159: rpcmem_init_internal: opened ION device fd 4, configured heap IDs: system (0x2000000), contig (0x400000), secure (0x200), secure flags (0x80080000)
01-01 08:00:30.689 608 608 I sscrpcd : vendor/qcom/proprietary/adsprpc/src/fastrpc_apps_user.c:3087: fastrpc_apps_user_init done with default domain:2 and &fastrpc_trace:0x7c0fd12fa0
01-01 08:00:30.689 608 608 E sscrpcd : vendor/qcom/proprietary/sensors-see/sscrpcd/src/sscrpcd.cpp:94:adsp_default_listener_start called for [sensorspd]
01-01 08:00:30.689 608 608 I sscrpcd : vendor/qcom/proprietary/adsprpc/src/fastrpc_pm.c:85: fastrpc_wake_lock_init done for sscrpcd:608
01-01 08:00:30.689 608 608 I sscrpcd : vendor/qcom/proprietary/adsprpc/src/fastrpc_apps_user.c:1733: wakelock_control: enabled wakelock control for domain 2
01-01 08:00:30.689 608 608 E sscrpcd : vendor/qcom/proprietary/sensors-see/sscrpcd/src/sscrpcd.cpp:65:fastrpc wakelock control is enabled
01-01 08:00:30.689 608 608 I sscrpcd : vendor/qcom/proprietary/adsprpc/src/fastrpc_apps_user.c:1345: remote_handle_open: Successfully opened handle 0x0 for '":;./\createstaticpd:sensorspd on domain 2
01-01 08:00:30.689 608 608 E sscrpcd : vendor/qcom/proprietary/adsprpc/src/fastrpc_apps_user.c:2870: Error 0x200: apps_dev_init failed for domain 2, errno Transport endpoint is not connected
01-01 08:00:30.689 608 608 E sscrpcd : vendor/qcom/proprietary/adsprpc/src/fastrpc_apps_user.c:2968: Error 0x200: open_dev (-1) failed for domain 2 (errno Transport endpoint is not connected)
01-01 08:00:30.689 608 608 E sscrpcd : vendor/qcom/proprietary/adsprpc/src/fastrpc_apps_user.c:1348: Error 0x200: remote_handle_open failed for adsp_default_listener (errno Success)
01-01 08:00:30.689 608 608 E sscrpcd : vendor/qcom/proprietary/sensors-see/sscrpcd/src/sscrpcd.cpp:98:listener exits
01-01 08:00:30.689 608 608 I sscrpcd : vendor/qcom/proprietary/adsprpc/src/rpcmem_android.c:192: rpcmem_deinit_internal: closed ION fd 4
01-01 08:00:30.689 608 608 I sscrpcd : vendor/qcom/proprietary/adsprpc/src/fastrpc_pm.c:116: fastrpc_wake_lock_deinit done
01-01 08:00:30.689 608 608 I sscrpcd : vendor/qcom/proprietary/adsprpc/src/fastrpc_apps_user.c:3019: fastrpc_apps_user_deinit done
01-01 08:00:30.689 608 608 E sscrpcd : vendor/qcom/proprietary/sensors-see/sscrpcd/src/sscrpcd.cpp:109:sscrpcd daemon will restart after 25ms...
01-01 08:00:30.711 783 783 I Zygote : seccomp disabled by setenforce 0
01-01 08:00:30.715 608 608 I sscrpcd : vendor/qcom/proprietary/adsprpc/src/rpcmem_android.c:159: rpcmem_init_internal: opened ION device fd 4, configured heap IDs: system (0x2000000), contig (0x400000), secure (0x200), secure flags (0x80080000)
01-01 08:00:30.715 608 608 I sscrpcd : vendor/qcom/proprietary/adsprpc/src/fastrpc_apps_user.c:3087: fastrpc_apps_user_init done with default domain:2 and &fastrpc_trace:0x7c0fc8afa0
01-01 08:00:30.715 608 608 E sscrpcd : vendor/qcom/proprietary/sensors-see/sscrpcd/src/sscrpcd.cpp:94:adsp_default_listener_start called for [sensorspd]
01-01 08:00:30.715 608 608 I sscrpcd : vendor/qcom/proprietary/adsprpc/src/fastrpc_pm.c:85: fastrpc_wake_lock_init done for sscrpcd:608
01-01 08:00:30.715 608 608 I sscrpcd : vendor/qcom/proprietary/adsprpc/src/fastrpc_apps_user.c:1733: wakelock_control: enabled wakelock control for domain 2
01-01 08:00:30.715 608 608 E sscrpcd : vendor/qcom/proprietary/sensors-see/sscrpcd/src/sscrpcd.cpp:65:fastrpc wakelock control is enabled
01-01 08:00:30.715 608 608 I sscrpcd : vendor/qcom/proprietary/adsprpc/src/fastrpc_apps_user.c:1345: remote_handle_open: Successfully opened handle 0x0 for '":;./\createstaticpd:sensorspd on domain 2
01-01 08:00:30.715 608 608 E sscrpcd : vendor/qcom/proprietary/adsprpc/src/fastrpc_apps_user.c:2870: Error 0x200: apps_dev_init failed for domain 2, errno Transport endpoint is not connected
01-01 08:00:30.715 608 608 E sscrpcd : vendor/qcom/proprietary/adsprpc/src/fastrpc_apps_user.c:2968: Error 0x200: open_dev (-1) failed for domain 2 (errno Transport endpoint is not connected)
01-01 08:00:30.715 608 608 E sscrpcd : vendor/qcom/proprietary/adsprpc/src/fastrpc_apps_user.c:1348: Error 0x200: remote_handle_open failed for adsp_default_listener (errno Success)
01-01 08:00:30.715 608 608 E sscrpcd : vendor/qcom/proprietary/sensors-see/sscrpcd/src/sscrpcd.cpp:98:listener exits
01-01 08:00:30.715 608 608 I sscrpcd : vendor/qcom/proprietary/adsprpc/src/rpcmem_android.c:192: rpcmem_deinit_internal: closed ION fd 4
01-01 08:00:30.715 608 608 I sscrpcd : vendor/qcom/proprietary/adsprpc/src/fastrpc_pm.c:116: fastrpc_wake_lock_deinit done
01-01 08:00:30.715 608 608 I sscrpcd : vendor/qcom/proprietary/adsprpc/src/fastrpc_apps_user.c:3019: fastrpc_apps_user_deinit done
01-01 08:00:30.715 608 608 E sscrpcd : vendor/qcom/proprietary/sensors-see/sscrpcd/src/sscrpcd.cpp:109:sscrpcd daemon will restart after 25ms...
01-01 08:00:30.717 783 783 W system_server: Failed to upload odrefresh metrics: metrics file '/data/misc/odrefresh/odrefresh-metrics.txt' could not be opened: No such file or directory
01-01 08:00:31.235 0 0 I binder : 783:783 ioctl 40046210 7fcbd2b7d4 returned -22
01-01 08:00:30.741 608 608 I sscrpcd : vendor/qcom/proprietary/adsprpc/src/rpcmem_android.c:159: rpcmem_init_internal: opened ION device fd 4, configured heap IDs: system (0x2000000), contig (0x400000), secure (0x200), secure flags (0x80080000)
01-01 08:00:30.741 608 608 I sscrpcd : vendor/qcom/proprietary/adsprpc/src/fastrpc_apps_user.c:3087: fastrpc_apps_user_init done with default domain:2 and &fastrpc_trace:0x7c0fd26fa0
01-01 08:00:30.741 608 608 E sscrpcd : vendor/qcom/proprietary/sensors-see/sscrpcd/src/sscrpcd.cpp:94:adsp_default_listener_start called for [sensorspd]
01-01 08:00:30.741 608 608 I sscrpcd : vendor/qcom/proprietary/adsprpc/src/fastrpc_pm.c:85: fastrpc_wake_lock_init done for sscrpcd:608
01-01 08:00:30.741 608 608 I sscrpcd : vendor/qcom/proprietary/adsprpc/src/fastrpc_apps_user.c:1733: wakelock_control: enabled wakelock control for domain 2
01-01 08:00:30.741 608 608 E sscrpcd : vendor/qcom/proprietary/sensors-see/sscrpcd/src/sscrpcd.cpp:65:fastrpc wakelock control is enabled
01-01 08:00:30.741 608 608 I sscrpcd : vendor/qcom/proprietary/adsprpc/src/fastrpc_apps_user.c:1345: remote_handle_open: Successfully opened handle 0x0 for '":;./\createstaticpd:sensorspd on domain 2
01-01 08:00:30.741 608 608 E sscrpcd : vendor/qcom/proprietary/adsprpc/src/fastrpc_apps_user.c:2870: Error 0x200: apps_dev_init failed for domain 2, errno Transport endpoint is not connected
01-01 08:00:30.741 608 608 E sscrpcd : vendor/qcom/proprietary/adsprpc/src/fastrpc_apps_user.c:2968: Error 0x200: open_dev (-1) failed for domain 2 (errno Transport endpoint is not connected)
01-01 08:00:30.741 608 608 E sscrpcd : vendor/qcom/proprietary/adsprpc/src/fastrpc_apps_user.c:1348: Error 0x200: remote_handle_open failed for adsp_default_listener (errno Success)
01-01 08:00:30.741 608 608 E sscrpcd : vendor/qcom/proprietary/sensors-see/sscrpcd/src/sscrpcd.cpp:98:listener exits
01-01 08:00:30.741 608 608 I sscrpcd : vendor/qcom/proprietary/adsprpc/src/rpcmem_android.c:192: rpcmem_deinit_internal: closed ION fd 4
01-01 08:00:30.741 608 608 I sscrpcd : vendor/qcom/proprietary/adsprpc/src/fastrpc_pm.c:116: fastrpc_wake_lock_deinit done
01-01 08:00:30.741 608 608 I sscrpcd : vendor/qcom/proprietary/adsprpc/src/fastrpc_apps_user.c:3019: fastrpc_apps_user_deinit done
01-01 08:00:30.741 608 608 E sscrpcd : vendor/qcom/proprietary/sensors-see/sscrpcd/src/sscrpcd.cpp:109:sscrpcd daemon will restart after 25ms...
01-01 08:00:30.748 783 783 D ProcessState: Binder ioctl to enable oneway spam detection failed: Invalid argument
01-01 08:00:31.249 0 0 I msmdrm_smmu ae00000.qcom,mdss_mdp: qcom,smmu_sde_unsec_cb: Linked as a consumer to 15000000.apps-smmu
01-01 08:00:30.766 608 608 I sscrpcd : vendor/qcom/proprietary/adsprpc/src/rpcmem_android.c:159: rpcmem_init_internal: opened ION device fd 4, configured heap IDs: system (0x2000000), contig (0x400000), secure (0x200), secure flags (0x80080000)
01-01 08:00:30.766 608 608 I sscrpcd : vendor/qcom/proprietary/adsprpc/src/fastrpc_apps_user.c:3087: fastrpc_apps_user_init done with default domain:2 and &fastrpc_trace:0x7c0fcc4fa0
01-01 08:00:30.767 608 608 E sscrpcd : vendor/qcom/proprietary/sensors-see/sscrpcd/src/sscrpcd.cpp:94:adsp_default_listener_start called for [sensorspd]
01-01 08:00:30.767 608 608 I sscrpcd : vendor/qcom/proprietary/adsprpc/src/fastrpc_pm.c:85: fastrpc_wake_lock_init done for sscrpcd:608
01-01 08:00:30.767 608 608 I sscrpcd : vendor/qcom/proprietary/adsprpc/src/fastrpc_apps_user.c:1733: wakelock_control: enabled wakelock control for domain 2
01-01 08:00:30.767 608 608 E sscrpcd : vendor/qcom/proprietary/sensors-see/sscrpcd/src/sscrpcd.cpp:65:fastrpc wakelock control is enabled
01-01 08:00:30.767 608 608 I sscrpcd : vendor/qcom/proprietary/adsprpc/src/fastrpc_apps_user.c:1345: remote_handle_open: Successfully opened handle 0x0 for '":;./\createstaticpd:sensorspd on domain 2
01-01 08:00:30.767 608 608 E sscrpcd : vendor/qcom/proprietary/adsprpc/src/fastrpc_apps_user.c:2870: Error 0x200: apps_dev_init failed for domain 2, errno Transport endpoint is not connected
01-01 08:00:30.767 608 608 E sscrpcd : vendor/qcom/proprietary/adsprpc/src/fastrpc_apps_user.c:2968: Error 0x200: open_dev (-1) failed for domain 2 (errno Transport endpoint is not connected)
01-01 08:00:30.767 608 608 E sscrpcd : vendor/qcom/proprietary/adsprpc/src/fastrpc_apps_user.c:1348: Error 0x200: remote_handle_open failed for adsp_default_listener (errno Success)
01-01 08:00:30.767 608 608 E sscrpcd : vendor/qcom/proprietary/sensors-see/sscrpcd/src/sscrpcd.cpp:98:listener exits
01-01 08:00:30.767 608 608 I sscrpcd : vendor/qcom/proprietary/adsprpc/src/rpcmem_android.c:192: rpcmem_deinit_internal: closed ION fd 4
01-01 08:00:30.767 608 608 I sscrpcd : vendor/qcom/proprietary/adsprpc/src/fastrpc_pm.c:116: fastrpc_wake_lock_deinit done
01-01 08:00:30.767 608 608 I sscrpcd : vendor/qcom/proprietary/adsprpc/src/fastrpc_apps_user.c:3019: fastrpc_apps_user_deinit done
01-01 08:00:30.767 608 608 E sscrpcd : vendor/qcom/proprietary/sensors-see/sscrpcd/src/sscrpcd.cpp:109:sscrpcd daemon will restart after 25ms...
01-01 08:00:30.790 783 783 I SystemServerTiming: InitBeforeStartServices
01-01 08:00:30.791 783 783 I system_server_start: [1,28528,28528]
01-01 08:00:30.791 783 783 I SystemServer: Entered the Android system server!
01-01 08:00:30.791 783 783 I boot_progress_system_run: 28529
01-01 08:00:30.792 608 608 I sscrpcd : vendor/qcom/proprietary/adsprpc/src/rpcmem_android.c:159: rpcmem_init_internal: opened ION device fd 4, configured heap IDs: system (0x2000000), contig (0x400000), secure (0x200), secure flags (0x80080000)
01-01 08:00:30.792 608 608 I sscrpcd : vendor/qcom/proprietary/adsprpc/src/fastrpc_apps_user.c:3087: fastrpc_apps_user_init done with default domain:2 and &fastrpc_trace:0x7c0e737fa0
01-01 08:00:30.792 608 608 E sscrpcd : vendor/qcom/proprietary/sensors-see/sscrpcd/src/sscrpcd.cpp:94:adsp_default_listener_start called for [sensorspd]
01-01 08:00:30.792 608 608 I sscrpcd : vendor/qcom/proprietary/adsprpc/src/fastrpc_pm.c:85: fastrpc_wake_lock_init done for sscrpcd:608
01-01 08:00:30.792 608 608 I sscrpcd : vendor/qcom/proprietary/adsprpc/src/fastrpc_apps_user.c:1733: wakelock_control: enabled wakelock control for domain 2
01-01 08:00:30.792 608 608 E sscrpcd : vendor/qcom/proprietary/sensors-see/sscrpcd/src/sscrpcd.cpp:65:fastrpc wakelock control is enabled
01-01 08:00:30.792 608 608 I sscrpcd : vendor/qcom/proprietary/adsprpc/src/fastrpc_apps_user.c:1345: remote_handle_open: Successfully opened handle 0x0 for '":;./\createstaticpd:sensorspd on domain 2
01-01 08:00:30.792 608 608 E sscrpcd : vendor/qcom/proprietary/adsprpc/src/fastrpc_apps_user.c:2870: Error 0x200: apps_dev_init failed for domain 2, errno Transport endpoint is not connected
01-01 08:00:30.792 608 608 E sscrpcd : vendor/qcom/proprietary/adsprpc/src/fastrpc_apps_user.c:2968: Error 0x200: open_dev (-1) failed for domain 2 (errno Transport endpoint is not connected)
01-01 08:00:30.792 608 608 E sscrpcd : vendor/qcom/proprietary/adsprpc/src/fastrpc_apps_user.c:1348: Error 0x200: remote_handle_open failed for adsp_default_listener (errno Success)
01-01 08:00:30.792 608 608 E sscrpcd : vendor/qcom/proprietary/sensors-see/sscrpcd/src/sscrpcd.cpp:98:listener exits
01-01 08:00:30.793 608 608 I sscrpcd : vendor/qcom/proprietary/adsprpc/src/rpcmem_android.c:192: rpcmem_deinit_internal: closed ION fd 4
01-01 08:00:30.793 608 608 I sscrpcd : vendor/qcom/proprietary/adsprpc/src/fastrpc_pm.c:116: fastrpc_wake_lock_deinit done
01-01 08:00:30.793 608 608 I sscrpcd : vendor/qcom/proprietary/adsprpc/src/fastrpc_apps_user.c:3019: fastrpc_apps_user_deinit done
01-01 08:00:30.793 608 608 E sscrpcd : vendor/qcom/proprietary/sensors-see/sscrpcd/src/sscrpcd.cpp:109:sscrpcd daemon will restart after 25ms...
01-01 08:00:30.818 608 608 I sscrpcd : vendor/qcom/proprietary/adsprpc/src/rpcmem_android.c:159: rpcmem_init_internal: opened ION device fd 4, configured heap IDs: system (0x2000000), contig (0x400000), secure (0x200), secure flags (0x80080000)
01-01 08:00:30.818 608 608 I sscrpcd : vendor/qcom/proprietary/adsprpc/src/fastrpc_apps_user.c:3087: fastrpc_apps_user_init done with default domain:2 and &fastrpc_trace:0x7c0fd26fa0
01-01 08:00:30.818 608 608 E sscrpcd : vendor/qcom/proprietary/sensors-see/sscrpcd/src/sscrpcd.cpp:94:adsp_default_listener_start called for [sensorspd]
01-01 08:00:30.818 608 608 I sscrpcd : vendor/qcom/proprietary/adsprpc/src/fastrpc_pm.c:85: fastrpc_wake_lock_init done for sscrpcd:608
01-01 08:00:30.818 608 608 I sscrpcd : vendor/qcom/proprietary/adsprpc/src/fastrpc_apps_user.c:1733: wakelock_control: enabled wakelock control for domain 2
01-01 08:00:30.818 608 608 E sscrpcd : vendor/qcom/proprietary/sensors-see/sscrpcd/src/sscrpcd.cpp:65:fastrpc wakelock control is enabled
01-01 08:00:30.818 608 608 I sscrpcd : vendor/qcom/proprietary/adsprpc/src/fastrpc_apps_user.c:1345: remote_handle_open: Successfully opened handle 0x0 for '":;./\createstaticpd:sensorspd on domain 2
01-01 08:00:30.818 608 608 E sscrpcd : vendor/qcom/proprietary/adsprpc/src/fastrpc_apps_user.c:2870: Error 0x200: apps_dev_init failed for domain 2, errno Transport endpoint is not connected
01-01 08:00:30.818 608 608 E sscrpcd : vendor/qcom/proprietary/adsprpc/src/fastrpc_apps_user.c:2968: Error 0x200: open_dev (-1) failed for domain 2 (errno Transport endpoint is not connected)
01-01 08:00:30.818 608 608 E sscrpcd : vendor/qcom/proprietary/adsprpc/src/fastrpc_apps_user.c:1348: Error 0x200: remote_handle_open failed for adsp_default_listener (errno Success)
01-01 08:00:30.818 608 608 E sscrpcd : vendor/qcom/proprietary/sensors-see/sscrpcd/src/sscrpcd.cpp:98:listener exits
01-01 08:00:30.818 608 608 I sscrpcd : vendor/qcom/proprietary/adsprpc/src/rpcmem_android.c:192: rpcmem_deinit_internal: closed ION fd 4
01-01 08:00:30.818 608 608 I sscrpcd : vendor/qcom/proprietary/adsprpc/src/fastrpc_pm.c:116: fastrpc_wake_lock_deinit done
01-01 08:00:30.818 608 608 I sscrpcd : vendor/qcom/proprietary/adsprpc/src/fastrpc_apps_user.c:3019: fastrpc_apps_user_deinit done
01-01 08:00:30.819 608 608 E sscrpcd : vendor/qcom/proprietary/sensors-see/sscrpcd/src/sscrpcd.cpp:109:sscrpcd daemon will restart after 25ms...
01-01 08:00:30.844 608 608 I sscrpcd : vendor/qcom/proprietary/adsprpc/src/rpcmem_android.c:159: rpcmem_init_internal: opened ION device fd 4, configured heap IDs: system (0x2000000), contig (0x400000), secure (0x200), secure flags (0x80080000)
01-01 08:00:30.844 608 608 I sscrpcd : vendor/qcom/proprietary/adsprpc/src/fastrpc_apps_user.c:3087: fastrpc_apps_user_init done with default domain:2 and &fastrpc_trace:0x7c0fccafa0
01-01 08:00:30.844 608 608 E sscrpcd : vendor/qcom/proprietary/sensors-see/sscrpcd/src/sscrpcd.cpp:94:adsp_default_listener_start called for [sensorspd]
01-01 08:00:30.844 608 608 I sscrpcd : vendor/qcom/proprietary/adsprpc/src/fastrpc_pm.c:85: fastrpc_wake_lock_init done for sscrpcd:608
01-01 08:00:30.844 608 608 I sscrpcd : vendor/qcom/proprietary/adsprpc/src/fastrpc_apps_user.c:1733: wakelock_control: enabled wakelock control for domain 2
01-01 08:00:30.844 608 608 E sscrpcd : vendor/qcom/proprietary/sensors-see/sscrpcd/src/sscrpcd.cpp:65:fastrpc wakelock control is enabled
01-01 08:00:30.844 608 608 I sscrpcd : vendor/qcom/proprietary/adsprpc/src/fastrpc_apps_user.c:1345: remote_handle_open: Successfully opened handle 0x0 for '":;./\createstaticpd:sensorspd on domain 2
01-01 08:00:30.844 608 608 E sscrpcd : vendor/qcom/proprietary/adsprpc/src/fastrpc_apps_user.c:2870: Error 0x200: apps_dev_init failed for domain 2, errno Transport endpoint is not connected
01-01 08:00:30.844 608 608 E sscrpcd : vendor/qcom/proprietary/adsprpc/src/fastrpc_apps_user.c:2968: Error 0x200: open_dev (-1) failed for domain 2 (errno Transport endpoint is not connected)
01-01 08:00:30.844 608 608 E sscrpcd : vendor/qcom/proprietary/adsprpc/src/fastrpc_apps_user.c:1348: Error 0x200: remote_handle_open failed for adsp_default_listener (errno Success)
01-01 08:00:30.844 608 608 E sscrpcd : vendor/qcom/proprietary/sensors-see/sscrpcd/src/sscrpcd.cpp:98:listener exits
01-01 08:00:30.844 608 608 I sscrpcd : vendor/qcom/proprietary/adsprpc/src/rpcmem_android.c:192: rpcmem_deinit_internal: closed ION fd 4
01-01 08:00:30.844 608 608 I sscrpcd : vendor/qcom/proprietary/adsprpc/src/fastrpc_pm.c:116: fastrpc_wake_lock_deinit done
01-01 08:00:30.844 608 608 I sscrpcd : vendor/qcom/proprietary/adsprpc/src/fastrpc_apps_user.c:3019: fastrpc_apps_user_deinit done
01-01 08:00:30.844 608 608 E sscrpcd : vendor/qcom/proprietary/sensors-see/sscrpcd/src/sscrpcd.cpp:109:sscrpcd daemon will restart after 25ms...
01-01 08:00:30.870 608 608 I sscrpcd : vendor/qcom/proprietary/adsprpc/src/rpcmem_android.c:159: rpcmem_init_internal: opened ION device fd 4, configured heap IDs: system (0x2000000), contig (0x400000), secure (0x200), secure flags (0x80080000)
01-01 08:00:30.870 608 608 I sscrpcd : vendor/qcom/proprietary/adsprpc/src/fastrpc_apps_user.c:3087: fastrpc_apps_user_init done with default domain:2 and &fastrpc_trace:0x7c0f2a9fa0
01-01 08:00:30.870 608 608 E sscrpcd : vendor/qcom/proprietary/sensors-see/sscrpcd/src/sscrpcd.cpp:94:adsp_default_listener_start called for [sensorspd]
01-01 08:00:30.870 608 608 I sscrpcd : vendor/qcom/proprietary/adsprpc/src/fastrpc_pm.c:85: fastrpc_wake_lock_init done for sscrpcd:608
01-01 08:00:30.870 608 608 I sscrpcd : vendor/qcom/proprietary/adsprpc/src/fastrpc_apps_user.c:1733: wakelock_control: enabled wakelock control for domain 2
01-01 08:00:30.870 608 608 E sscrpcd : vendor/qcom/proprietary/sensors-see/sscrpcd/src/sscrpcd.cpp:65:fastrpc wakelock control is enabled
01-01 08:00:30.870 608 608 I sscrpcd : vendor/qcom/proprietary/adsprpc/src/fastrpc_apps_user.c:1345: remote_handle_open: Successfully opened handle 0x0 for '":;./\createstaticpd:sensorspd on domain 2
