01-01 08:00:27.926 0 0 I init : Verified that /data/tlog_package has the encryption policy a417609c6fae0df5ff93e6892990e103 v2 modes 1/4 flags 0xa
01-01 08:00:27.928 0 0 I init : processing action (post-fs-data) from (/system/etc/init/wifi.rc:18)
01-01 08:00:27.928 0 0 I selinux : SELinux: Skipping restorecon on directory(/data/misc/apexdata/com.android.wifi)
01-01 08:00:27.928 0 0 I selinux :
01-01 08:00:27.928 0 0 I init : processing action (post-fs-data) from (/system_ext/etc/init/activate.rc:1)
01-01 08:00:27.928 0 0 I init : processing action (post-fs-data) from (/system_ext/etc/init/dpmd.rc:7)
01-01 08:00:27.928 0 0 W init : Top-level directory needs encryption action, eg mkdir /data/dpm encryption=Require
01-01 08:00:27.928 0 0 I init : Verified that /data/dpm has the encryption policy a417609c6fae0df5ff93e6892990e103 v2 modes 1/4 flags 0xa
01-01 08:00:27.928 0 0 I init : processing action (post-fs-data) from (/system_ext/etc/init/sxrauxd_ext.rc:7)
01-01 08:00:27.929 0 0 I init : processing action (post-fs-data) from (/system_ext/etc/init/vendor.qti.hardware.qccsyshal@1.1-service.rc:7)
01-01 08:00:27.929 0 0 I init : processing action (post-fs-data) from (/vendor/etc/init/android.hardware.neuralnetworks@1.3-service-qti.rc:13)
01-01 08:00:27.929 0 0 I init : processing action (post-fs-data) from (/vendor/etc/init/android.hardware.wifi.supplicant-service.rc:20)
01-01 08:00:27.929 0 0 I init : processing action (post-fs-data) from (/vendor/etc/init/dataqti.rc:8)
01-01 08:00:22.459 594 594 I auditd : type=1400 audit(0.0:308): avc: denied { map } for comm="spdaemon" path="/dev/__properties__/u:object_r:camera_config_prop:s0" dev="tmpfs" ino=2281 scontext=u:r:vendor_spdaemon:s0 tcontext=u:object_r:camera_config_prop:s0 tclass=file permissive=1
01-01 08:00:22.459 594 594 I spdaemon: type=1400 audit(0.0:308): avc: denied { map } for path="/dev/__properties__/u:object_r:camera_config_prop:s0" dev="tmpfs" ino=2281 scontext=u:r:vendor_spdaemon:s0 tcontext=u:object_r:camera_config_prop:s0 tclass=file permissive=1
01-01 08:00:27.930 0 0 I init : processing action (post-fs-data) from (/vendor/etc/init/feature_enabler_client.rc:1)
01-01 08:00:27.930 0 0 I init : processing action (post-fs-data) from (/vendor/etc/init/hostapd.android.rc:9)
01-01 08:00:27.931 0 0 I init : processing action (post-fs-data) from (/vendor/etc/init/init.qdmastats.rc:6)
01-01 08:00:27.931 0 0 I init : processing action (post-fs-data) from (/vendor/etc/init/init.qti.media.rc:43)
01-01 08:00:27.931 0 0 I init : Command 'setprop vendor.sys.media.target.version ${vendor.media.target.version}' action=post-fs-data (/vendor/etc/init/init.qti.media.rc:44) took 0ms and failed: property 'vendor.media.target.version' doesn't exist while expanding '${vendor.media.target.version}'
01-01 08:00:27.931 0 0 I init : processing action (ro.crypto.state=encrypted && ro.crypto.type=file && post-fs-data) from (/vendor/etc/init/init.time_daemon.rc:7)
01-01 08:00:27.931 0 0 I init : starting service 'time_daemon'...
01-01 08:00:27.932 0 0 I init : processing action (post-fs-data) from (/vendor/etc/init/init_qfp_daemon.rc:11)
01-01 08:00:27.933 0 0 I init : processing action (post-fs-data) from (/vendor/etc/init/ipacm-diag.rc:7)
01-01 08:00:27.933 0 0 I init : processing action (post-fs-data) from (/vendor/etc/init/ipacm.rc:33)
01-01 08:00:27.933 0 0 I init : starting service 'vendor.ipacm'...
01-01 08:00:27.934 0 0 I init : processing action (post-fs-data) from (/vendor/etc/init/netmgrd.rc:22)
01-01 08:00:27.935 0 0 I init : processing action (post-fs-data) from (/vendor/etc/init/port-bridge.rc:11)
01-01 08:00:27.935 0 0 I init : processing action (post-fs-data) from (/vendor/etc/init/qmipriod.rc:17)
01-01 08:00:27.935 0 0 I init : processing action (post-fs-data) from (/vendor/etc/init/qvrd_vndr.rc:7)
01-01 08:00:27.935 0 0 I init : processing action (post-fs-data) from (/vendor/etc/init/shsusrd.rc:11)
01-01 08:00:27.935 0 0 I init : processing action (post-fs-data) from (/vendor/etc/init/ssgtzd.rc:7)
01-01 08:00:27.936 0 0 I init : processing action (post-fs-data) from (/vendor/etc/init/sxrd.rc:7)
01-01 08:00:27.936 0 0 I init : processing action (post-fs-data) from (/vendor/etc/init/tloc_daemon.rc:8)
01-01 08:00:27.936 0 0 I init : processing action (post-fs-data) from (/vendor/etc/init/vendor.qti.hardware.qccvndhal@1.0-service.rc:7)
01-01 08:00:27.936 0 0 I init : processing action (post-fs-data) from (/vendor/etc/init/vendor.qti.qspmhal@1.0-service.rc:13)
01-01 08:00:27.936 0 0 I init : processing action (post-fs-data) from (/vendor/etc/init/vendor.qti.tftp.rc:8)
01-01 08:00:27.937 0 0 I init : processing action (post-fs-data) from (/vendor/etc/init/vendor.thundercomm.hardware.tsnv@1.0-service.rc:1)
01-01 08:00:27.937 0 0 I init : processing action (post-fs-data) from (/vendor/etc/init/vendor.ts.uart@1.0-service.rc:8)
01-01 08:00:27.937 0 0 I init : starting service 'uart-1-0@service'...
01-01 08:00:27.938 0 0 I init : processing action (post-fs-data) from (/product/etc/init/init.qti.display.rc:16)
01-01 08:00:27.949 608 608 I sscrpcd : vendor/qcom/proprietary/adsprpc/src/rpcmem_android.c:159: rpcmem_init_internal: opened ION device fd 4, configured heap IDs: system (0x2000000), contig (0x400000), secure (0x200), secure flags (0x80080000)
01-01 08:00:27.949 608 608 I sscrpcd : vendor/qcom/proprietary/adsprpc/src/fastrpc_apps_user.c:3087: fastrpc_apps_user_init done with default domain:2 and &fastrpc_trace:0x7c0fca7fa0
01-01 08:00:27.949 608 608 E sscrpcd : vendor/qcom/proprietary/sensors-see/sscrpcd/src/sscrpcd.cpp:94:adsp_default_listener_start called for [sensorspd]
01-01 08:00:27.949 608 608 I sscrpcd : vendor/qcom/proprietary/adsprpc/src/fastrpc_pm.c:85: fastrpc_wake_lock_init done for sscrpcd:608
01-01 08:00:27.949 608 608 I sscrpcd : vendor/qcom/proprietary/adsprpc/src/fastrpc_apps_user.c:1733: wakelock_control: enabled wakelock control for domain 2
01-01 08:00:27.949 608 608 E sscrpcd : vendor/qcom/proprietary/sensors-see/sscrpcd/src/sscrpcd.cpp:65:fastrpc wakelock control is enabled
01-01 08:00:27.949 608 608 I sscrpcd : vendor/qcom/proprietary/adsprpc/src/fastrpc_apps_user.c:1345: remote_handle_open: Successfully opened handle 0x0 for '":;./\createstaticpd:sensorspd on domain 2
01-01 08:00:27.949 608 608 E sscrpcd : vendor/qcom/proprietary/adsprpc/src/fastrpc_apps_user.c:2870: Error 0x200: apps_dev_init failed for domain 2, errno Transport endpoint is not connected
01-01 08:00:27.949 608 608 E sscrpcd : vendor/qcom/proprietary/adsprpc/src/fastrpc_apps_user.c:2968: Error 0x200: open_dev (-1) failed for domain 2 (errno Transport endpoint is not connected)
01-01 08:00:27.949 608 608 E sscrpcd : vendor/qcom/proprietary/adsprpc/src/fastrpc_apps_user.c:1348: Error 0x200: remote_handle_open failed for adsp_default_listener (errno Success)
01-01 08:00:27.949 608 608 E sscrpcd : vendor/qcom/proprietary/sensors-see/sscrpcd/src/sscrpcd.cpp:98:listener exits
01-01 08:00:27.949 608 608 I sscrpcd : vendor/qcom/proprietary/adsprpc/src/rpcmem_android.c:192: rpcmem_deinit_internal: closed ION fd 4
01-01 08:00:27.949 608 608 I sscrpcd : vendor/qcom/proprietary/adsprpc/src/fastrpc_pm.c:116: fastrpc_wake_lock_deinit done
01-01 08:00:27.949 608 608 I sscrpcd : vendor/qcom/proprietary/adsprpc/src/fastrpc_apps_user.c:3019: fastrpc_apps_user_deinit done
01-01 08:00:27.949 608 608 E sscrpcd : vendor/qcom/proprietary/sensors-see/sscrpcd/src/sscrpcd.cpp:109:sscrpcd daemon will restart after 25ms...
01-01 08:00:27.950 0 0 I init : starting service 'vendor_sys_qti_display'...
01-01 08:00:27.953 0 0 I init : processing action (load_persist_props_action) from (/system/etc/init/hw/init.rc:473)
01-01 08:00:22.459 594 594 I auditd : type=1400 audit(0.0:309): avc: denied { open } for comm="spdaemon" path="/dev/__properties__/u:object_r:camerax_extensions_prop:s0" dev="tmpfs" ino=2282 scontext=u:r:vendor_spdaemon:s0 tcontext=u:object_r:camerax_extensions_prop:s0 tclass=file permissive=1
01-01 08:00:22.459 594 594 I spdaemon: type=1400 audit(0.0:309): avc: denied { open } for path="/dev/__properties__/u:object_r:camerax_extensions_prop:s0" dev="tmpfs" ino=2282 scontext=u:r:vendor_spdaemon:s0 tcontext=u:object_r:camerax_extensions_prop:s0 tclass=file permissive=1
01-01 08:00:27.960 646 646 D QC-time-services: Daemon:genoff_pre_init::Base = 0
01-01 08:00:27.960 646 646 D QC-time-services: Daemon:ats_rtc_init: Time read from RTC -- year = 70, month = 0,day = 1
01-01 08:00:27.961 646 646 D QC-time-services: Daemon ats_rtc_init: seconds = 27
01-01 08:00:27.961 646 646 D QC-time-services: Daemon:Value read from RTC seconds = 27000
01-01 08:00:27.961 646 646 D QC-time-services: Daemon:genoff_init_config: ATS_RTC initialized with rc: 0
01-01 08:00:27.961 646 646 D QC-time-services: Daemon:genoff_pre_init::Base = 1
01-01 08:00:27.961 646 646 D QC-time-services: Daemon: Storage Name: ats_1
01-01 08:00:27.961 646 646 D QC-time-services: Daemon:Opening File: /mnt/vendor/persist/time/ats_1 /data/vendor/time/ats_1
01-01 08:00:27.961 646 646 D QC-time-services: Daemon:time_persistent_memory_opr:Genoff Read operation
01-01 08:00:27.961 646 646 D QC-time-services: Daemon:Open File: /data/vendor/time/ats_1
01-01 08:00:27.961 646 646 D QC-time-services: Daemon:Unable to open filefor read
01-01 08:00:27.961 646 646 D QC-time-services: Daemon:genoff_post_init:Error in accessing storage
01-01 08:00:27.961 646 646 D QC-time-services: Daemon:genoff_pre_init::Base = 2
01-01 08:00:27.961 646 646 D QC-time-services: Daemon: Storage Name: ats_2
01-01 08:00:27.961 646 646 D QC-time-services: Daemon:Opening File: /mnt/vendor/persist/time/ats_2 /data/vendor/time/ats_2
01-01 08:00:27.961 646 646 D QC-time-services: Daemon:time_persistent_memory_opr:Genoff Read operation
01-01 08:00:27.961 646 646 D QC-time-services: Daemon:Open File: /data/vendor/time/ats_2
01-01 08:00:27.961 646 646 D QC-time-services: Daemon:Unable to open filefor read
01-01 08:00:27.961 646 646 D QC-time-services: Daemon:genoff_post_init:Error in accessing storage
01-01 08:00:27.961 646 646 D QC-time-services: Daemon:genoff_pre_init::Base = 3
01-01 08:00:27.961 646 646 D QC-time-services: Daemon: Storage Name: ats_3
01-01 08:00:27.961 646 646 D QC-time-services: Daemon:Opening File: /mnt/vendor/persist/time/ats_3 /data/vendor/time/ats_3
01-01 08:00:27.961 646 646 D QC-time-services: Daemon:time_persistent_memory_opr:Genoff Read operation
01-01 08:00:27.961 646 646 D QC-time-services: Daemon:Open File: /data/vendor/time/ats_3
01-01 08:00:27.961 646 646 D QC-time-services: Daemon:Unable to open filefor read
01-01 08:00:27.961 646 646 D QC-time-services: Daemon:genoff_post_init:Error in accessing storage
01-01 08:00:27.961 646 646 D QC-time-services: Daemon:genoff_pre_init::Base = 4
01-01 08:00:27.961 646 646 D QC-time-services: Daemon: Storage Name: ats_4
01-01 08:00:27.961 646 646 D QC-time-services: Daemon:Opening File: /mnt/vendor/persist/time/ats_4 /data/vendor/time/ats_4
01-01 08:00:27.961 646 646 D QC-time-services: Daemon:time_persistent_memory_opr:Genoff Read operation
01-01 08:00:27.961 646 646 D QC-time-services: Daemon:Open File: /data/vendor/time/ats_4
01-01 08:00:27.961 646 646 D QC-time-services: Daemon:Unable to open filefor read
01-01 08:00:27.961 646 646 D QC-time-services: Daemon:genoff_post_init:Error in accessing storage
01-01 08:00:27.961 646 646 D QC-time-services: Daemon:genoff_pre_init::Base = 5
01-01 08:00:27.961 646 646 D QC-time-services: Daemon: Storage Name: ats_5
01-01 08:00:27.961 646 646 D QC-time-services: Daemon:Opening File: /mnt/vendor/persist/time/ats_5 /data/vendor/time/ats_5
01-01 08:00:27.961 646 646 D QC-time-services: Daemon:time_persistent_memory_opr:Genoff Read operation
01-01 08:00:27.961 646 646 D QC-time-services: Daemon:Open File: /data/vendor/time/ats_5
01-01 08:00:27.961 646 646 D QC-time-services: Daemon:Unable to open filefor read
01-01 08:00:27.961 646 646 D QC-time-services: Daemon:genoff_post_init:Error in accessing storage
01-01 08:00:27.961 646 646 D QC-time-services: Daemon:genoff_pre_init::Base = 6
01-01 08:00:27.961 646 646 D QC-time-services: Daemon: Storage Name: ats_6
01-01 08:00:27.961 646 646 D QC-time-services: Daemon:Opening File: /mnt/vendor/persist/time/ats_6 /data/vendor/time/ats_6
01-01 08:00:27.961 646 646 D QC-time-services: Daemon:time_persistent_memory_opr:Genoff Read operation
01-01 08:00:27.961 646 646 D QC-time-services: Daemon:Open File: /data/vendor/time/ats_6
01-01 08:00:27.961 646 646 D QC-time-services: Daemon:Unable to open filefor read
01-01 08:00:27.961 646 646 D QC-time-services: Daemon:genoff_post_init:Error in accessing storage
01-01 08:00:27.961 646 646 D QC-time-services: Daemon:genoff_pre_init::Base = 7
01-01 08:00:27.961 646 646 D QC-time-services: Daemon: Storage Name: ats_7
01-01 08:00:27.961 646 646 D QC-time-services: Daemon:Opening File: /mnt/vendor/persist/time/ats_7 /data/vendor/time/ats_7
01-01 08:00:27.961 646 646 D QC-time-services: Daemon:time_persistent_memory_opr:Genoff Read operation
01-01 08:00:27.961 646 646 D QC-time-services: Daemon:Open File: /data/vendor/time/ats_7
01-01 08:00:27.961 646 646 D QC-time-services: Daemon:Unable to open filefor read
01-01 08:00:27.961 646 646 D QC-time-services: Daemon:genoff_post_init:Error in accessing storage
01-01 08:00:27.961 646 646 D QC-time-services: Daemon:genoff_pre_init::Base = 8
01-01 08:00:27.961 646 646 D QC-time-services: Daemon: Storage Name: ats_8
01-01 08:00:27.961 646 646 D QC-time-services: Daemon:Opening File: /mnt/vendor/persist/time/ats_8 /data/vendor/time/ats_8
01-01 08:00:27.961 646 646 D QC-time-services: Daemon:time_persistent_memory_opr:Genoff Read operation
01-01 08:00:27.961 646 646 D QC-time-services: Daemon:Open File: /data/vendor/time/ats_8
01-01 08:00:27.961 646 646 D QC-time-services: Daemon:Unable to open filefor read
01-01 08:00:27.961 646 646 D QC-time-services: Daemon:genoff_post_init:Error in accessing storage
01-01 08:00:27.961 648 648 I mpu_uart: [MSG-M]:start
01-01 08:00:27.961 646 646 D QC-time-services: Daemon:genoff_pre_init::Base = 9
01-01 08:00:27.961 646 646 D QC-time-services: Daemon: Storage Name: ats_9
01-01 08:00:27.961 646 646 D QC-time-services: Daemon:Opening File: /mnt/vendor/persist/time/ats_9 /data/vendor/time/ats_9
01-01 08:00:27.961 646 646 D QC-time-services: Daemon:time_persistent_memory_opr:Genoff Read operation
01-01 08:00:27.961 646 646 D QC-time-services: Daemon:Open File: /data/vendor/time/ats_9
01-01 08:00:27.961 646 646 D QC-time-services: Daemon:Unable to open filefor read
01-01 08:00:27.961 646 646 D QC-time-services: Daemon:genoff_post_init:Error in accessing storage
01-01 08:00:27.961 646 646 D QC-time-services: Daemon:genoff_pre_init::Base = 10
01-01 08:00:27.961 646 646 D QC-time-services: Daemon: Storage Name: ats_10
01-01 08:00:27.961 646 646 D QC-time-services: Daemon:Opening File: /mnt/vendor/persist/time/ats_10 /data/vendor/time/ats_10
01-01 08:00:27.961 646 646 D QC-time-services: Daemon:time_persistent_memory_opr:Genoff Read operation
01-01 08:00:27.961 646 646 D QC-time-services: Daemon:Open File: /data/vendor/time/ats_10
01-01 08:00:27.961 648 648 I mpu_uart: [MSG-P]:create
01-01 08:00:27.961 646 646 D QC-time-services: Daemon:Unable to open filefor read
01-01 08:00:27.961 646 646 D QC-time-services: Daemon:genoff_post_init:Error in accessing storage
01-01 08:00:27.961 648 648 I mpu_uart: [MSG-P:STOP]:MessageProcesser stop
01-01 08:00:27.961 646 646 D QC-time-services: Daemon:genoff_pre_init::Base = 11
01-01 08:00:27.961 646 646 D QC-time-services: Daemon: Storage Name: ats_11
01-01 08:00:27.961 648 648 I mpu_uart: [DEV]:Clsoe serial port:-1
01-01 08:00:27.961 646 646 D QC-time-services: Daemon:Opening File: /mnt/vendor/persist/time/ats_11 /data/vendor/time/ats_11
01-01 08:00:27.961 648 648 I mpu_uart: [MSG-P:STOP]:MessageProcesser stop end
01-01 08:00:27.961 646 646 D QC-time-services: Daemon:time_persistent_memory_opr:Genoff Read operation
01-01 08:00:27.961 648 648 I mpu_uart: [MSG-P:STOP]:MessageProcesser stop
01-01 08:00:27.961 648 648 I mpu_uart: [DEV]:Clsoe serial port:-1
01-01 08:00:27.961 646 646 D QC-time-services: Daemon:Open File: /data/vendor/time/ats_11
01-01 08:00:27.961 648 648 I mpu_uart: [MSG-P:STOP]:MessageProcesser stop end
01-01 08:00:27.961 646 646 D QC-time-services: Daemon:Unable to open filefor read
01-01 08:00:27.961 648 648 I mpu_uart: [MSG-P:start]:Start
01-01 08:00:27.961 646 646 D QC-time-services: Daemon:genoff_post_init:Error in accessing storage
01-01 08:00:27.961 648 648 I mpu_uart: [DEV:OPEN]:try open dev: dev_name=/dev/ttyHS1
01-01 08:00:27.961 646 646 D QC-time-services: Daemon:genoff_pre_init::Base = 12
01-01 08:00:27.961 646 646 D QC-time-services: Daemon: Storage Name: ats_12
01-01 08:00:27.961 646 646 D QC-time-services: Daemon:Opening File: /mnt/vendor/persist/time/ats_12 /data/vendor/time/ats_12
01-01 08:00:27.961 646 646 D QC-time-services: Daemon:time_persistent_memory_opr:Genoff Read operation
01-01 08:00:27.961 646 646 D QC-time-services: Daemon:Open File: /data/vendor/time/ats_12
01-01 08:00:27.961 646 646 D QC-time-services: Daemon:Unable to open filefor read
01-01 08:00:27.961 646 646 D QC-time-services: Daemon:genoff_post_init:Error in accessing storage
01-01 08:00:27.961 646 646 D QC-time-services: Daemon:genoff_pre_init::Base = 13
01-01 08:00:27.961 646 646 D QC-time-services: Daemon: Storage Name: ats_13
01-01 08:00:27.961 646 646 D QC-time-services: Daemon:Opening File: /mnt/vendor/persist/time/ats_13 /data/vendor/time/ats_13
01-01 08:00:27.961 646 646 D QC-time-services: Daemon:time_persistent_memory_opr:Genoff Read operation
01-01 08:00:27.961 646 646 D QC-time-services: Daemon:Open File: /data/vendor/time/ats_13
01-01 08:00:27.961 646 646 D QC-time-services: Daemon:Unable to open filefor read
01-01 08:00:27.961 646 646 D QC-time-services: Daemon:genoff_post_init:Error in accessing storage
01-01 08:00:27.961 646 646 D QC-time-services: Daemon:genoff_pre_init::Base = 14
01-01 08:00:27.961 646 646 D QC-time-services: Daemon: Storage Name: ats_14
01-01 08:00:27.961 646 646 D QC-time-services: Daemon:Opening File: /mnt/vendor/persist/time/ats_14 /data/vendor/time/ats_14
01-01 08:00:27.961 646 646 D QC-time-services: Daemon:time_persistent_memory_opr:Genoff Read operation
01-01 08:00:27.961 646 646 D QC-time-services: Daemon:Open File: /data/vendor/time/ats_14
01-01 08:00:27.961 646 646 D QC-time-services: Daemon:Unable to open filefor read
01-01 08:00:27.961 646 646 D QC-time-services: Daemon:genoff_post_init:Error in accessing storage
01-01 08:00:27.961 646 646 D QC-time-services: Daemon:genoff_pre_init::Base = 15
01-01 08:00:27.961 646 646 D QC-time-services: Daemon: Storage Name: ats_15
01-01 08:00:27.961 646 646 D QC-time-services: Daemon:Opening File: /mnt/vendor/persist/time/ats_15 /data/vendor/time/ats_15
01-01 08:00:27.961 646 646 D QC-time-services: Daemon:time_persistent_memory_opr:Genoff Read operation
01-01 08:00:27.961 646 646 D QC-time-services: Daemon:Open File: /data/vendor/time/ats_15
01-01 08:00:27.961 646 646 D QC-time-services: Daemon:Unable to open filefor read
01-01 08:00:27.961 646 646 D QC-time-services: Daemon:genoff_post_init:Error in accessing storage
01-01 08:00:27.961 646 646 D QC-time-services: Daemon:genoff_pre_init::Base = 16
01-01 08:00:27.961 646 646 D QC-time-services: Daemon: Storage Name: ats_16
01-01 08:00:27.961 646 646 D QC-time-services: Daemon:Opening File: /mnt/vendor/persist/time/ats_16 /data/vendor/time/ats_16
01-01 08:00:27.961 646 646 D QC-time-services: Daemon:time_persistent_memory_opr:Genoff Read operation
01-01 08:00:27.961 646 646 D QC-time-services: Daemon:Open File: /data/vendor/time/ats_16
01-01 08:00:27.961 646 646 D QC-time-services: Daemon:Unable to open filefor read
01-01 08:00:27.961 646 646 D QC-time-services: Daemon:genoff_post_init:Error in accessing storage
01-01 08:00:27.961 646 646 D QC-time-services: Daemon:genoff_pre_init::Base = 17
01-01 08:00:27.961 646 646 D QC-time-services: Daemon: Storage Name: ats_17
01-01 08:00:27.961 646 646 D QC-time-services: Daemon:Opening File: /mnt/vendor/persist/time/ats_17 /data/vendor/time/ats_17
01-01 08:00:27.961 646 646 D QC-time-services: Daemon:time_persistent_memory_opr:Genoff Read operation
01-01 08:00:27.961 646 646 D QC-time-services: Daemon:Open File: /data/vendor/time/ats_17
01-01 08:00:27.961 646 646 D QC-time-services: Daemon:Unable to open filefor read
01-01 08:00:27.961 646 646 D QC-time-services: Daemon:genoff_post_init:Error in accessing storage
01-01 08:00:27.961 646 646 D QC-time-services: Daemon:genoff_pre_init::Base = 18
01-01 08:00:27.961 646 646 D QC-time-services: Daemon: Storage Name: ats_18
01-01 08:00:27.961 646 646 D QC-time-services: Daemon:Opening File: /mnt/vendor/persist/time/ats_18 /data/vendor/time/ats_18
01-01 08:00:27.961 646 646 D QC-time-services: Daemon:time_persistent_memory_opr:Genoff Read operation
01-01 08:00:27.961 646 646 D QC-time-services: Daemon:Open File: /data/vendor/time/ats_18
01-01 08:00:27.961 646 646 D QC-time-services: Daemon:Unable to open filefor read
01-01 08:00:27.961 646 646 D QC-time-services: Daemon:genoff_post_init:Error in accessing storage
01-01 08:00:27.961 646 646 D QC-time-services: Daemon:genoff_init_config: Other bases initilized, exiting genoff_init
01-01 08:00:27.961 646 646 D QC-time-services: Daemon:rtc_get: Time read from RTC -- MM/DD/YY HH:MM:SS0/1/70 0:0:27
01-01 08:00:27.961 648 648 I mpu_uart: [DEV:OPEN]:fcntl=0
01-01 08:00:27.961 648 648 I mpu_uart: [DEV:OPEN]:dev open success: dev_name=/dev/ttyHS1, fd=5
01-01 08:00:27.961 648 648 E mpu_uart: [DEV:CONFIG:SET]:Enum:115200 ,Baudrate:4098
01-01 08:00:27.961 648 648 I mpu_uart: [DEV:CONFIG:SET]:Parity:69
01-01 08:00:27.961 648 648 I mpu_uart: [DEV:CONFIG:SET]:DataBits:8
01-01 08:00:27.961 648 648 I mpu_uart: [DEV:CONFIG:SET]:Stopbits:0
01-01 08:00:27.961 648 648 I mpu_uart: [DEV:CONFIG:SET]:FlowControl:0
01-01 08:00:27.971 646 646 D QC-time-services: Daemon rtc_get: seconds = 27
01-01 08:00:27.971 646 646 D QC-time-services: Daemon:Value read from RTC mseconds = 27000
01-01 08:00:27.971 646 646 D QC-time-services: Daemon:Value read from QTimer mseconds = 27458
01-01 08:00:27.971 646 646 D QC-time-services: Daemon:genoff_opr: Base = 1, val = 0, operation = 1
01-01 08:00:27.971 646 646 D QC-time-services: Daemon: genoff get for 1
01-01 08:00:27.971 646 646 D QC-time-services: Daemon:Value read from QTimer mseconds = 27458
01-01 08:00:27.971 646 646 D QC-time-services: Daemon:Value read from RTC mseconds on boot = 27000
01-01 08:00:27.971 646 646 D QC-time-services: Daemon:Value read from QTimer mseconds = 27458
01-01 08:00:27.971 646 646 D QC-time-services: Daemon:Value read from generic offset = 0
01-01 08:00:27.971 646 646 D QC-time-services: Daemon:Delta read on boot mseconds = 0
01-01 08:00:27.971 646 646 D QC-time-services: Daemon:Final Time = 27458
01-01 08:00:27.971 646 646 D QC-time-services: Daemon:genoff_opr: Base = 18, val = 27458, operation = 1
01-01 08:00:27.971 646 646 D QC-time-services: Daemon: genoff get for 18
01-01 08:00:27.971 646 646 D QC-time-services: Daemon:Value read from QTimer mseconds = 27458
01-01 08:00:27.971 646 646 D QC-time-services: Daemon:Value read from RTC mseconds on boot = 27000
01-01 08:00:27.971 646 646 D QC-time-services: Daemon:Value read from QTimer mseconds = 27458
01-01 08:00:27.971 646 646 D QC-time-services: Daemon:Value read from generic offset = 0
01-01 08:00:27.971 646 646 D QC-time-services: Daemon:Delta read on boot mseconds = 0
01-01 08:00:27.971 646 646 D QC-time-services: Daemon:Final Time = 27458
01-01 08:00:27.971 646 646 D QC-time-services: Daemon:genoff_boot_tod_init: Updating system time to sec=27, usec=458000
01-01 08:00:27.970 0 0 I msm_pcie_link_train: PCIe RC0 link initialized
01-01 08:00:27.458 648 648 I mpu_uart: [DEV:CONFIG]:setUartConfig success:res=0
01-01 08:00:27.458 648 648 I mpu_uart: [DEV:CONFIG]:BaudRate: 115200
01-01 08:00:27.458 648 648 I mpu_uart: [DEV:CONFIG]:Parity: 69 [char]:E
01-01 08:00:27.458 648 648 I mpu_uart: [DEV:CONFIG]:DataBits: 8
01-01 08:00:27.458 648 648 I mpu_uart: [DEV:CONFIG]:StopBits: 0
01-01 08:00:27.458 648 648 I mpu_uart: [DEV:CONFIG]:FlowControl: 0
01-01 08:00:27.458 648 648 I mpu_uart: [DEV:CONFIG]:end -----
01-01 08:00:27.458 648 648 E mpu_uart: [MSG-P:start]:config success
01-01 08:00:27.458 648 648 I mpu_uart: [MSG-P]:start
01-01 08:00:27.458 648 648 D mpu_uart: [SERVICE]:startUart:start uart Success
01-01 08:00:27.459 648 648 I HidlServiceManagement: Registered vendor.ts.uart@1.0::IUartServer/vendor.ts.uart (start delay of 37ms)
01-01 08:00:27.459 648 657 I mpu_uart: [MSG-M]:start waitMessageLoop thread
01-01 08:00:27.461 648 648 I mpu_uart: [SERVICE]:registerAsService success
01-01 08:00:27.461 648 648 I mpu_uart: [SERVICE]:Ready
01-01 08:00:27.470 608 608 I sscrpcd : vendor/qcom/proprietary/adsprpc/src/rpcmem_android.c:159: rpcmem_init_internal: opened ION device fd 4, configured heap IDs: system (0x2000000), contig (0x400000), secure (0x200), secure flags (0x80080000)
01-01 08:00:27.470 608 608 I sscrpcd : vendor/qcom/proprietary/adsprpc/src/fastrpc_apps_user.c:3087: fastrpc_apps_user_init done with default domain:2 and &fastrpc_trace:0x7c0fc53fa0
01-01 08:00:27.470 608 608 E sscrpcd : vendor/qcom/proprietary/sensors-see/sscrpcd/src/sscrpcd.cpp:94:adsp_default_listener_start called for [sensorspd]
01-01 08:00:27.470 608 608 I sscrpcd : vendor/qcom/proprietary/adsprpc/src/fastrpc_pm.c:85: fastrpc_wake_lock_init done for sscrpcd:608
01-01 08:00:27.470 608 608 I sscrpcd : vendor/qcom/proprietary/adsprpc/src/fastrpc_apps_user.c:1733: wakelock_control: enabled wakelock control for domain 2
01-01 08:00:27.470 608 608 E sscrpcd : vendor/qcom/proprietary/sensors-see/sscrpcd/src/sscrpcd.cpp:65:fastrpc wakelock control is enabled
01-01 08:00:27.470 608 608 I sscrpcd : vendor/qcom/proprietary/adsprpc/src/fastrpc_apps_user.c:1345: remote_handle_open: Successfully opened handle 0x0 for '":;./\createstaticpd:sensorspd on domain 2
01-01 08:00:27.470 608 608 E sscrpcd : vendor/qcom/proprietary/adsprpc/src/fastrpc_apps_user.c:2870: Error 0x200: apps_dev_init failed for domain 2, errno Transport endpoint is not connected
01-01 08:00:27.470 608 608 E sscrpcd : vendor/qcom/proprietary/adsprpc/src/fastrpc_apps_user.c:2968: Error 0x200: open_dev (-1) failed for domain 2 (errno Transport endpoint is not connected)
01-01 08:00:27.471 608 608 E sscrpcd : vendor/qcom/proprietary/adsprpc/src/fastrpc_apps_user.c:1348: Error 0x200: remote_handle_open failed for adsp_default_listener (errno Success)
01-01 08:00:27.471 608 608 E sscrpcd : vendor/qcom/proprietary/sensors-see/sscrpcd/src/sscrpcd.cpp:98:listener exits
01-01 08:00:27.471 608 608 I sscrpcd : vendor/qcom/proprietary/adsprpc/src/rpcmem_android.c:192: rpcmem_deinit_internal: closed ION fd 4
01-01 08:00:27.471 608 608 I sscrpcd : vendor/qcom/proprietary/adsprpc/src/fastrpc_pm.c:116: fastrpc_wake_lock_deinit done
01-01 08:00:27.471 608 608 I sscrpcd : vendor/qcom/proprietary/adsprpc/src/fastrpc_apps_user.c:3019: fastrpc_apps_user_deinit done
01-01 08:00:27.471 608 608 E sscrpcd : vendor/qcom/proprietary/sensors-see/sscrpcd/src/sscrpcd.cpp:109:sscrpcd daemon will restart after 25ms...
01-01 08:00:27.983 0 0 I init : Service 'exec 16 (/system/bin/recovery-persist)' (pid 645) exited with status 0 oneshot service took 0.058000 seconds in background
01-01 08:00:27.985 0 0 I init : Wait for property 'ro.persistent_properties.ready=true' took 1ms
01-01 08:00:27.473 647 647 I IPAHALService: makeIPAHAL(1, provided)
01-01 08:00:27.475 647 647 I HidlServiceManagement: Registered android.hardware.tetheroffload.control@1.0::IOffloadControl/default (start delay of 64ms)
01-01 08:00:27.476 647 647 I IPAHALService: Successfully registered IOffloadControl
01-01 08:00:27.476 647 647 I HidlServiceManagement: Registered android.hardware.tetheroffload.config@1.0::IOffloadConfig/default (start delay of 64ms)
01-01 08:00:27.476 647 647 I IPAHALService: Successfully registered IOffloadConfig
01-01 08:00:27.987 0 0 I cnss_pci 0000: 01:00.0: enabling device (0000 -> 0002)
01-01 08:00:22.459 594 594 I auditd : type=1400 audit(0.0:310): avc: denied { getattr } for comm="spdaemon" path="/dev/__properties__/u:object_r:camerax_extensions_prop:s0" dev="tmpfs" ino=2282 scontext=u:r:vendor_spdaemon:s0 tcontext=u:object_r:camerax_extensions_prop:s0 tclass=file permissive=1
01-01 08:00:22.459 594 594 I spdaemon: type=1400 audit(0.0:310): avc: denied { getattr } for path="/dev/__properties__/u:object_r:camerax_extensions_prop:s0" dev="tmpfs" ino=2282 scontext=u:r:vendor_spdaemon:s0 tcontext=u:object_r:camerax_extensions_prop:s0 tclass=file permissive=1
01-01 08:00:27.987 0 0 D cnss : Read register offset 0x1f8031c, val = 0x6
01-01 08:00:27.987 0 0 D cnss : Write val 0x2 to register offset 0x1f8031c
01-01 08:00:27.987 0 0 D cnss : Setting MHI state: INIT(0)
01-01 08:00:27.496 608 608 I sscrpcd : vendor/qcom/proprietary/adsprpc/src/rpcmem_android.c:159: rpcmem_init_internal: opened ION device fd 4, configured heap IDs: system (0x2000000), contig (0x400000), secure (0x200), secure flags (0x80080000)
01-01 08:00:27.496 608 608 I sscrpcd : vendor/qcom/proprietary/adsprpc/src/fastrpc_apps_user.c:3087: fastrpc_apps_user_init done with default domain:2 and &fastrpc_trace:0x7c0fcf6fa0
01-01 08:00:27.496 608 608 E sscrpcd : vendor/qcom/proprietary/sensors-see/sscrpcd/src/sscrpcd.cpp:94:adsp_default_listener_start called for [sensorspd]
01-01 08:00:27.496 608 608 I sscrpcd : vendor/qcom/proprietary/adsprpc/src/fastrpc_pm.c:85: fastrpc_wake_lock_init done for sscrpcd:608
01-01 08:00:27.496 608 608 I sscrpcd : vendor/qcom/proprietary/adsprpc/src/fastrpc_apps_user.c:1733: wakelock_control: enabled wakelock control for domain 2
01-01 08:00:27.496 608 608 E sscrpcd : vendor/qcom/proprietary/sensors-see/sscrpcd/src/sscrpcd.cpp:65:fastrpc wakelock control is enabled
01-01 08:00:27.496 608 608 I sscrpcd : vendor/qcom/proprietary/adsprpc/src/fastrpc_apps_user.c:1345: remote_handle_open: Successfully opened handle 0x0 for '":;./\createstaticpd:sensorspd on domain 2
01-01 08:00:27.496 608 608 E sscrpcd : vendor/qcom/proprietary/adsprpc/src/fastrpc_apps_user.c:2870: Error 0x200: apps_dev_init failed for domain 2, errno Transport endpoint is not connected
01-01 08:00:27.496 608 608 E sscrpcd : vendor/qcom/proprietary/adsprpc/src/fastrpc_apps_user.c:2968: Error 0x200: open_dev (-1) failed for domain 2 (errno Transport endpoint is not connected)
01-01 08:00:27.496 608 608 E sscrpcd : vendor/qcom/proprietary/adsprpc/src/fastrpc_apps_user.c:1348: Error 0x200: remote_handle_open failed for adsp_default_listener (errno Success)
01-01 08:00:27.496 608 608 E sscrpcd : vendor/qcom/proprietary/sensors-see/sscrpcd/src/sscrpcd.cpp:98:listener exits
01-01 08:00:27.497 608 608 I sscrpcd : vendor/qcom/proprietary/adsprpc/src/rpcmem_android.c:192: rpcmem_deinit_internal: closed ION fd 4
01-01 08:00:27.497 608 608 I sscrpcd : vendor/qcom/proprietary/adsprpc/src/fastrpc_pm.c:116: fastrpc_wake_lock_deinit done
01-01 08:00:27.497 608 608 I sscrpcd : vendor/qcom/proprietary/adsprpc/src/fastrpc_apps_user.c:3019: fastrpc_apps_user_deinit done
01-01 08:00:27.497 608 608 E sscrpcd : vendor/qcom/proprietary/sensors-see/sscrpcd/src/sscrpcd.cpp:109:sscrpcd daemon will restart after 25ms...
01-01 08:00:28.014 0 0 I init : Sending signal 9 to service 'exec 16 (/system/bin/recovery-persist)' (pid 645) process group...
01-01 08:00:22.459 594 594 I auditd : type=1400 audit(0.0:311): avc: denied { map } for comm="spdaemon" path="/dev/__properties__/u:object_r:camerax_extensions_prop:s0" dev="tmpfs" ino=2282 scontext=u:r:vendor_spdaemon:s0 tcontext=u:object_r:camerax_extensions_prop:s0 tclass=file permissive=1
01-01 08:00:22.459 594 594 I spdaemon: type=1400 audit(0.0:311): avc: denied { map } for path="/dev/__properties__/u:object_r:camerax_extensions_prop:s0" dev="tmpfs" ino=2282 scontext=u:r:vendor_spdaemon:s0 tcontext=u:object_r:camerax_extensions_prop:s0 tclass=file permissive=1
01-01 08:00:27.533 608 608 I sscrpcd : vendor/qcom/proprietary/adsprpc/src/rpcmem_android.c:159: rpcmem_init_internal: opened ION device fd 4, configured heap IDs: system (0x2000000), contig (0x400000), secure (0x200), secure flags (0x80080000)
01-01 08:00:27.533 608 608 I sscrpcd : vendor/qcom/proprietary/adsprpc/src/fastrpc_apps_user.c:3087: fastrpc_apps_user_init done with default domain:2 and &fastrpc_trace:0x7c0fcb9fa0
01-01 08:00:27.533 608 608 E sscrpcd : vendor/qcom/proprietary/sensors-see/sscrpcd/src/sscrpcd.cpp:94:adsp_default_listener_start called for [sensorspd]
01-01 08:00:27.533 608 608 I sscrpcd : vendor/qcom/proprietary/adsprpc/src/fastrpc_pm.c:85: fastrpc_wake_lock_init done for sscrpcd:608
01-01 08:00:27.533 608 608 I sscrpcd : vendor/qcom/proprietary/adsprpc/src/fastrpc_apps_user.c:1733: wakelock_control: enabled wakelock control for domain 2
01-01 08:00:27.533 608 608 E sscrpcd : vendor/qcom/proprietary/sensors-see/sscrpcd/src/sscrpcd.cpp:65:fastrpc wakelock control is enabled
01-01 08:00:27.533 608 608 I sscrpcd : vendor/qcom/proprietary/adsprpc/src/fastrpc_apps_user.c:1345: remote_handle_open: Successfully opened handle 0x0 for '":;./\createstaticpd:sensorspd on domain 2
01-01 08:00:27.533 608 608 E sscrpcd : vendor/qcom/proprietary/adsprpc/src/fastrpc_apps_user.c:2870: Error 0x200: apps_dev_init failed for domain 2, errno Transport endpoint is not connected
01-01 08:00:27.533 608 608 E sscrpcd : vendor/qcom/proprietary/adsprpc/src/fastrpc_apps_user.c:2968: Error 0x200: open_dev (-1) failed for domain 2 (errno Transport endpoint is not connected)
01-01 08:00:27.533 608 608 E sscrpcd : vendor/qcom/proprietary/adsprpc/src/fastrpc_apps_user.c:1348: Error 0x200: remote_handle_open failed for adsp_default_listener (errno Success)
01-01 08:00:27.533 608 608 E sscrpcd : vendor/qcom/proprietary/sensors-see/sscrpcd/src/sscrpcd.cpp:98:listener exits
01-01 08:00:27.533 608 608 I sscrpcd : vendor/qcom/proprietary/adsprpc/src/rpcmem_android.c:192: rpcmem_deinit_internal: closed ION fd 4
01-01 08:00:27.533 608 608 I sscrpcd : vendor/qcom/proprietary/adsprpc/src/fastrpc_pm.c:116: fastrpc_wake_lock_deinit done
01-01 08:00:27.533 608 608 I sscrpcd : vendor/qcom/proprietary/adsprpc/src/fastrpc_apps_user.c:3019: fastrpc_apps_user_deinit done
01-01 08:00:27.533 608 608 E sscrpcd : vendor/qcom/proprietary/sensors-see/sscrpcd/src/sscrpcd.cpp:109:sscrpcd daemon will restart after 25ms...
01-01 08:00:28.046 0 0 I libprocessgroup: Successfully killed process cgroup uid 1000 pid 645 in 0ms
01-01 08:00:28.047 0 0 D cnss : Setting MHI state: POWER_ON(2)
01-01 08:00:28.047 0 0 W cnss_pci 0000: 01:00.0: Falling back to syfs fallback for: qca6390/amss20.bin
01-01 08:00:28.048 0 0 I ueventd : firmware: loading 'qca6390/amss20.bin' for '/devices/platform/soc/1c00000.qcom,pcie/pci0000:00/0000:00:00.0/0000:01:00.0/firmware/qca6390!amss20.bin'
01-01 08:00:22.459 594 594 I auditd : type=1400 audit(0.0:312): avc: denied { open } for comm="spdaemon" path="/dev/__properties__/u:object_r:charger_config_prop:s0" dev="tmpfs" ino=2283 scontext=u:r:vendor_spdaemon:s0 tcontext=u:object_r:charger_config_prop:s0 tclass=file permissive=1
01-01 08:00:22.459 594 594 I spdaemon: type=1400 audit(0.0:312): avc: denied { open } for path="/dev/__properties__/u:object_r:charger_config_prop:s0" dev="tmpfs" ino=2283 scontext=u:r:vendor_spdaemon:s0 tcontext=u:object_r:charger_config_prop:s0 tclass=file permissive=1
01-01 08:00:28.054 0 0 I ueventd : loading /devices/platform/soc/1c00000.qcom,pcie/pci0000:00/0000:00:00.0/0000:01:00.0/firmware/qca6390!amss20.bin took 5ms
01-01 08:00:27.559 608 608 I sscrpcd : vendor/qcom/proprietary/adsprpc/src/rpcmem_android.c:159: rpcmem_init_internal: opened ION device fd 4, configured heap IDs: system (0x2000000), contig (0x400000), secure (0x200), secure flags (0x80080000)
01-01 08:00:27.559 608 608 I sscrpcd : vendor/qcom/proprietary/adsprpc/src/fastrpc_apps_user.c:3087: fastrpc_apps_user_init done with default domain:2 and &fastrpc_trace:0x7c0fca2fa0
01-01 08:00:27.559 608 608 E sscrpcd : vendor/qcom/proprietary/sensors-see/sscrpcd/src/sscrpcd.cpp:94:adsp_default_listener_start called for [sensorspd]
01-01 08:00:27.559 608 608 I sscrpcd : vendor/qcom/proprietary/adsprpc/src/fastrpc_pm.c:85: fastrpc_wake_lock_init done for sscrpcd:608
01-01 08:00:27.559 608 608 I sscrpcd : vendor/qcom/proprietary/adsprpc/src/fastrpc_apps_user.c:1733: wakelock_control: enabled wakelock control for domain 2
01-01 08:00:27.559 608 608 E sscrpcd : vendor/qcom/proprietary/sensors-see/sscrpcd/src/sscrpcd.cpp:65:fastrpc wakelock control is enabled
01-01 08:00:27.559 608 608 I sscrpcd : vendor/qcom/proprietary/adsprpc/src/fastrpc_apps_user.c:1345: remote_handle_open: Successfully opened handle 0x0 for '":;./\createstaticpd:sensorspd on domain 2
01-01 08:00:27.559 608 608 E sscrpcd : vendor/qcom/proprietary/adsprpc/src/fastrpc_apps_user.c:2870: Error 0x200: apps_dev_init failed for domain 2, errno Transport endpoint is not connected
01-01 08:00:27.559 608 608 E sscrpcd : vendor/qcom/proprietary/adsprpc/src/fastrpc_apps_user.c:2968: Error 0x200: open_dev (-1) failed for domain 2 (errno Transport endpoint is not connected)
01-01 08:00:27.559 608 608 E sscrpcd : vendor/qcom/proprietary/adsprpc/src/fastrpc_apps_user.c:1348: Error 0x200: remote_handle_open failed for adsp_default_listener (errno Success)
01-01 08:00:27.559 608 608 E sscrpcd : vendor/qcom/proprietary/sensors-see/sscrpcd/src/sscrpcd.cpp:98:listener exits
01-01 08:00:27.559 608 608 I sscrpcd : vendor/qcom/proprietary/adsprpc/src/rpcmem_android.c:192: rpcmem_deinit_internal: closed ION fd 4
01-01 08:00:27.559 608 608 I sscrpcd : vendor/qcom/proprietary/adsprpc/src/fastrpc_pm.c:116: fastrpc_wake_lock_deinit done
01-01 08:00:27.559 608 608 I sscrpcd : vendor/qcom/proprietary/adsprpc/src/fastrpc_apps_user.c:3019: fastrpc_apps_user_deinit done
01-01 08:00:27.559 608 608 E sscrpcd : vendor/qcom/proprietary/sensors-see/sscrpcd/src/sscrpcd.cpp:109:sscrpcd daemon will restart after 25ms...
01-01 08:00:22.459 594 594 I auditd : type=1400 audit(0.0:313): avc: denied { getattr } for comm="spdaemon" path="/dev/__properties__/u:object_r:charger_config_prop:s0" dev="tmpfs" ino=2283 scontext=u:r:vendor_spdaemon:s0 tcontext=u:object_r:charger_config_prop:s0 tclass=file permissive=1
01-01 08:00:22.459 594 594 I spdaemon: type=1400 audit(0.0:313): avc: denied { getattr } for path="/dev/__properties__/u:object_r:charger_config_prop:s0" dev="tmpfs" ino=2283 scontext=u:r:vendor_spdaemon:s0 tcontext=u:object_r:charger_config_prop:s0 tclass=file permissive=1
01-01 08:00:28.077 0 0 I init : Service 'vendor_sys_qti_display' (pid 649) exited with status 0 oneshot service took 0.126000 seconds in background
01-01 08:00:27.584 608 608 I sscrpcd : vendor/qcom/proprietary/adsprpc/src/rpcmem_android.c:159: rpcmem_init_internal: opened ION device fd 4, configured heap IDs: system (0x2000000), contig (0x400000), secure (0x200), secure flags (0x80080000)
01-01 08:00:27.584 608 608 I sscrpcd : vendor/qcom/proprietary/adsprpc/src/fastrpc_apps_user.c:3087: fastrpc_apps_user_init done with default domain:2 and &fastrpc_trace:0x7c0fc76fa0
01-01 08:00:27.584 608 608 E sscrpcd : vendor/qcom/proprietary/sensors-see/sscrpcd/src/sscrpcd.cpp:94:adsp_default_listener_start called for [sensorspd]
01-01 08:00:27.584 608 608 I sscrpcd : vendor/qcom/proprietary/adsprpc/src/fastrpc_pm.c:85: fastrpc_wake_lock_init done for sscrpcd:608
01-01 08:00:27.584 608 608 I sscrpcd : vendor/qcom/proprietary/adsprpc/src/fastrpc_apps_user.c:1733: wakelock_control: enabled wakelock control for domain 2
01-01 08:00:27.584 608 608 E sscrpcd : vendor/qcom/proprietary/sensors-see/sscrpcd/src/sscrpcd.cpp:65:fastrpc wakelock control is enabled
01-01 08:00:27.584 608 608 I sscrpcd : vendor/qcom/proprietary/adsprpc/src/fastrpc_apps_user.c:1345: remote_handle_open: Successfully opened handle 0x0 for '":;./\createstaticpd:sensorspd on domain 2
01-01 08:00:27.584 608 608 E sscrpcd : vendor/qcom/proprietary/adsprpc/src/fastrpc_apps_user.c:2870: Error 0x200: apps_dev_init failed for domain 2, errno Transport endpoint is not connected
01-01 08:00:27.584 608 608 E sscrpcd : vendor/qcom/proprietary/adsprpc/src/fastrpc_apps_user.c:2968: Error 0x200: open_dev (-1) failed for domain 2 (errno Transport endpoint is not connected)
01-01 08:00:27.584 608 608 E sscrpcd : vendor/qcom/proprietary/adsprpc/src/fastrpc_apps_user.c:1348: Error 0x200: remote_handle_open failed for adsp_default_listener (errno Success)
01-01 08:00:27.584 608 608 E sscrpcd : vendor/qcom/proprietary/sensors-see/sscrpcd/src/sscrpcd.cpp:98:listener exits
01-01 08:00:27.585 608 608 I sscrpcd : vendor/qcom/proprietary/adsprpc/src/rpcmem_android.c:192: rpcmem_deinit_internal: closed ION fd 4
01-01 08:00:27.585 608 608 I sscrpcd : vendor/qcom/proprietary/adsprpc/src/fastrpc_pm.c:116: fastrpc_wake_lock_deinit done
01-01 08:00:27.585 608 608 I sscrpcd : vendor/qcom/proprietary/adsprpc/src/fastrpc_apps_user.c:3019: fastrpc_apps_user_deinit done
01-01 08:00:27.585 608 608 E sscrpcd : vendor/qcom/proprietary/sensors-see/sscrpcd/src/sscrpcd.cpp:109:sscrpcd daemon will restart after 25ms...
01-01 08:00:28.107 0 0 I init : Sending signal 9 to service 'vendor_sys_qti_display' (pid 649) process group...
01-01 08:00:22.459 594 594 I auditd : type=1400 audit(0.0:314): avc: denied { map } for comm="spdaemon" path="/dev/__properties__/u:object_r:charger_config_prop:s0" dev="tmpfs" ino=2283 scontext=u:r:vendor_spdaemon:s0 tcontext=u:object_r:charger_config_prop:s0 tclass=file permissive=1
01-01 08:00:22.459 594 594 I spdaemon: type=1400 audit(0.0:314): avc: denied { map } for path="/dev/__properties__/u:object_r:charger_config_prop:s0" dev="tmpfs" ino=2283 scontext=u:r:vendor_spdaemon:s0 tcontext=u:object_r:charger_config_prop:s0 tclass=file permissive=1
01-01 08:00:27.610 608 608 I sscrpcd : vendor/qcom/proprietary/adsprpc/src/rpcmem_android.c:159: rpcmem_init_internal: opened ION device fd 4, configured heap IDs: system (0x2000000), contig (0x400000), secure (0x200), secure flags (0x80080000)
01-01 08:00:27.610 608 608 I sscrpcd : vendor/qcom/proprietary/adsprpc/src/fastrpc_apps_user.c:3087: fastrpc_apps_user_init done with default domain:2 and &fastrpc_trace:0x7c0fd21fa0
01-01 08:00:27.610 608 608 E sscrpcd : vendor/qcom/proprietary/sensors-see/sscrpcd/src/sscrpcd.cpp:94:adsp_default_listener_start called for [sensorspd]
01-01 08:00:27.610 608 608 I sscrpcd : vendor/qcom/proprietary/adsprpc/src/fastrpc_pm.c:85: fastrpc_wake_lock_init done for sscrpcd:608
01-01 08:00:27.610 608 608 I sscrpcd : vendor/qcom/proprietary/adsprpc/src/fastrpc_apps_user.c:1733: wakelock_control: enabled wakelock control for domain 2
01-01 08:00:27.610 608 608 E sscrpcd : vendor/qcom/proprietary/sensors-see/sscrpcd/src/sscrpcd.cpp:65:fastrpc wakelock control is enabled
01-01 08:00:27.610 608 608 I sscrpcd : vendor/qcom/proprietary/adsprpc/src/fastrpc_apps_user.c:1345: remote_handle_open: Successfully opened handle 0x0 for '":;./\createstaticpd:sensorspd on domain 2
01-01 08:00:27.610 608 608 E sscrpcd : vendor/qcom/proprietary/adsprpc/src/fastrpc_apps_user.c:2870: Error 0x200: apps_dev_init failed for domain 2, errno Transport endpoint is not connected
01-01 08:00:27.610 608 608 E sscrpcd : vendor/qcom/proprietary/adsprpc/src/fastrpc_apps_user.c:2968: Error 0x200: open_dev (-1) failed for domain 2 (errno Transport endpoint is not connected)
01-01 08:00:27.610 608 608 E sscrpcd : vendor/qcom/proprietary/adsprpc/src/fastrpc_apps_user.c:1348: Error 0x200: remote_handle_open failed for adsp_default_listener (errno Success)
01-01 08:00:27.610 608 608 E sscrpcd : vendor/qcom/proprietary/sensors-see/sscrpcd/src/sscrpcd.cpp:98:listener exits
01-01 08:00:27.610 608 608 I sscrpcd : vendor/qcom/proprietary/adsprpc/src/rpcmem_android.c:192: rpcmem_deinit_internal: closed ION fd 4
01-01 08:00:27.610 608 608 I sscrpcd : vendor/qcom/proprietary/adsprpc/src/fastrpc_pm.c:116: fastrpc_wake_lock_deinit done
01-01 08:00:27.610 608 608 I sscrpcd : vendor/qcom/proprietary/adsprpc/src/fastrpc_apps_user.c:3019: fastrpc_apps_user_deinit done
01-01 08:00:27.610 608 608 E sscrpcd : vendor/qcom/proprietary/sensors-see/sscrpcd/src/sscrpcd.cpp:109:sscrpcd daemon will restart after 25ms...
01-01 08:00:22.459 594 594 I auditd : type=1400 audit(0.0:315): avc: denied { open } for comm="spdaemon" path="/dev/__properties__/u:object_r:charger_prop:s0" dev="tmpfs" ino=2284 scontext=u:r:vendor_spdaemon:s0 tcontext=u:object_r:charger_prop:s0 tclass=file permissive=1
01-01 08:00:22.459 594 594 I spdaemon: type=1400 audit(0.0:315): avc: denied { open } for path="/dev/__properties__/u:object_r:charger_prop:s0" dev="tmpfs" ino=2284 scontext=u:r:vendor_spdaemon:s0 tcontext=u:object_r:charger_prop:s0 tclass=file permissive=1
01-01 08:00:28.137 0 0 I libprocessgroup: Successfully killed process cgroup uid 1000 pid 649 in 0ms
01-01 08:00:27.636 608 608 I sscrpcd : vendor/qcom/proprietary/adsprpc/src/rpcmem_android.c:159: rpcmem_init_internal: opened ION device fd 4, configured heap IDs: system (0x2000000), contig (0x400000), secure (0x200), secure flags (0x80080000)
01-01 08:00:27.636 608 608 I sscrpcd : vendor/qcom/proprietary/adsprpc/src/fastrpc_apps_user.c:3087: fastrpc_apps_user_init done with default domain:2 and &fastrpc_trace:0x7c0fd16fa0
01-01 08:00:27.636 608 608 E sscrpcd : vendor/qcom/proprietary/sensors-see/sscrpcd/src/sscrpcd.cpp:94:adsp_default_listener_start called for [sensorspd]
01-01 08:00:27.636 608 608 I sscrpcd : vendor/qcom/proprietary/adsprpc/src/fastrpc_pm.c:85: fastrpc_wake_lock_init done for sscrpcd:608
01-01 08:00:27.636 608 608 I sscrpcd : vendor/qcom/proprietary/adsprpc/src/fastrpc_apps_user.c:1733: wakelock_control: enabled wakelock control for domain 2
01-01 08:00:27.636 608 608 E sscrpcd : vendor/qcom/proprietary/sensors-see/sscrpcd/src/sscrpcd.cpp:65:fastrpc wakelock control is enabled
01-01 08:00:27.636 608 608 I sscrpcd : vendor/qcom/proprietary/adsprpc/src/fastrpc_apps_user.c:1345: remote_handle_open: Successfully opened handle 0x0 for '":;./\createstaticpd:sensorspd on domain 2
01-01 08:00:27.636 608 608 E sscrpcd : vendor/qcom/proprietary/adsprpc/src/fastrpc_apps_user.c:2870: Error 0x200: apps_dev_init failed for domain 2, errno Transport endpoint is not connected
01-01 08:00:27.636 608 608 E sscrpcd : vendor/qcom/proprietary/adsprpc/src/fastrpc_apps_user.c:2968: Error 0x200: open_dev (-1) failed for domain 2 (errno Transport endpoint is not connected)
01-01 08:00:27.636 608 608 E sscrpcd : vendor/qcom/proprietary/adsprpc/src/fastrpc_apps_user.c:1348: Error 0x200: remote_handle_open failed for adsp_default_listener (errno Success)
01-01 08:00:27.636 608 608 E sscrpcd : vendor/qcom/proprietary/sensors-see/sscrpcd/src/sscrpcd.cpp:98:listener exits
01-01 08:00:27.636 608 608 I sscrpcd : vendor/qcom/proprietary/adsprpc/src/rpcmem_android.c:192: rpcmem_deinit_internal: closed ION fd 4
01-01 08:00:27.636 608 608 I sscrpcd : vendor/qcom/proprietary/adsprpc/src/fastrpc_pm.c:116: fastrpc_wake_lock_deinit done
01-01 08:00:27.636 608 608 I sscrpcd : vendor/qcom/proprietary/adsprpc/src/fastrpc_apps_user.c:3019: fastrpc_apps_user_deinit done
01-01 08:00:27.636 608 608 E sscrpcd : vendor/qcom/proprietary/sensors-see/sscrpcd/src/sscrpcd.cpp:109:sscrpcd daemon will restart after 25ms...
01-01 08:00:28.161 0 0 I init : starting service 'logd-reinit'...
01-01 08:00:22.459 594 594 I auditd : type=1400 audit(0.0:316): avc: denied { getattr } for comm="spdaemon" path="/dev/__properties__/u:object_r:charger_prop:s0" dev="tmpfs" ino=2284 scontext=u:r:vendor_spdaemon:s0 tcontext=u:object_r:charger_prop:s0 tclass=file permissive=1
01-01 08:00:22.459 594 594 I spdaemon: type=1400 audit(0.0:316): avc: denied { getattr } for path="/dev/__properties__/u:object_r:charger_prop:s0" dev="tmpfs" ino=2284 scontext=u:r:vendor_spdaemon:s0 tcontext=u:object_r:charger_prop:s0 tclass=file permissive=1
01-01 08:00:27.674 608 608 I sscrpcd : vendor/qcom/proprietary/adsprpc/src/rpcmem_android.c:159: rpcmem_init_internal: opened ION device fd 4, configured heap IDs: system (0x2000000), contig (0x400000), secure (0x200), secure flags (0x80080000)
01-01 08:00:27.674 608 608 I sscrpcd : vendor/qcom/proprietary/adsprpc/src/fastrpc_apps_user.c:3087: fastrpc_apps_user_init done with default domain:2 and &fastrpc_trace:0x7c0fcc5fa0
01-01 08:00:27.674 608 608 E sscrpcd : vendor/qcom/proprietary/sensors-see/sscrpcd/src/sscrpcd.cpp:94:adsp_default_listener_start called for [sensorspd]
01-01 08:00:27.674 608 608 I sscrpcd : vendor/qcom/proprietary/adsprpc/src/fastrpc_pm.c:85: fastrpc_wake_lock_init done for sscrpcd:608
01-01 08:00:27.674 608 608 I sscrpcd : vendor/qcom/proprietary/adsprpc/src/fastrpc_apps_user.c:1733: wakelock_control: enabled wakelock control for domain 2
01-01 08:00:27.674 608 608 E sscrpcd : vendor/qcom/proprietary/sensors-see/sscrpcd/src/sscrpcd.cpp:65:fastrpc wakelock control is enabled
01-01 08:00:27.674 608 608 I sscrpcd : vendor/qcom/proprietary/adsprpc/src/fastrpc_apps_user.c:1345: remote_handle_open: Successfully opened handle 0x0 for '":;./\createstaticpd:sensorspd on domain 2
01-01 08:00:27.674 608 608 E sscrpcd : vendor/qcom/proprietary/adsprpc/src/fastrpc_apps_user.c:2870: Error 0x200: apps_dev_init failed for domain 2, errno Transport endpoint is not connected
01-01 08:00:27.674 608 608 E sscrpcd : vendor/qcom/proprietary/adsprpc/src/fastrpc_apps_user.c:2968: Error 0x200: open_dev (-1) failed for domain 2 (errno Transport endpoint is not connected)
01-01 08:00:27.674 608 608 E sscrpcd : vendor/qcom/proprietary/adsprpc/src/fastrpc_apps_user.c:1348: Error 0x200: remote_handle_open failed for adsp_default_listener (errno Success)
01-01 08:00:27.674 608 608 E sscrpcd : vendor/qcom/proprietary/sensors-see/sscrpcd/src/sscrpcd.cpp:98:listener exits
01-01 08:00:27.674 608 608 I sscrpcd : vendor/qcom/proprietary/adsprpc/src/rpcmem_android.c:192: rpcmem_deinit_internal: closed ION fd 4
