01-01 08:00:27.947 649 649 I init : type=1400 audit(0.0:352): avc: denied { transition } for path="/product/bin/init.qti.display.sh" dev="dm-7" ino=56 scontext=u:r:init:s0 tcontext=u:r:vendor_sys_qti_display:s0 tclass=process permissive=1
01-01 08:00:29.640 0 0 I init : starting service 'zygote_secondary'...
01-01 08:00:29.153 608 608 I sscrpcd : vendor/qcom/proprietary/adsprpc/src/rpcmem_android.c:159: rpcmem_init_internal: opened ION device fd 4, configured heap IDs: system (0x2000000), contig (0x400000), secure (0x200), secure flags (0x80080000)
01-01 08:00:29.153 608 608 I sscrpcd : vendor/qcom/proprietary/adsprpc/src/fastrpc_apps_user.c:3087: fastrpc_apps_user_init done with default domain:2 and &fastrpc_trace:0x7c0fcf8fa0
01-01 08:00:29.153 608 608 E sscrpcd : vendor/qcom/proprietary/sensors-see/sscrpcd/src/sscrpcd.cpp:94:adsp_default_listener_start called for [sensorspd]
01-01 08:00:29.153 608 608 I sscrpcd : vendor/qcom/proprietary/adsprpc/src/fastrpc_pm.c:85: fastrpc_wake_lock_init done for sscrpcd:608
01-01 08:00:29.153 608 608 I sscrpcd : vendor/qcom/proprietary/adsprpc/src/fastrpc_apps_user.c:1733: wakelock_control: enabled wakelock control for domain 2
01-01 08:00:29.153 608 608 E sscrpcd : vendor/qcom/proprietary/sensors-see/sscrpcd/src/sscrpcd.cpp:65:fastrpc wakelock control is enabled
01-01 08:00:29.153 608 608 I sscrpcd : vendor/qcom/proprietary/adsprpc/src/fastrpc_apps_user.c:1345: remote_handle_open: Successfully opened handle 0x0 for '":;./\createstaticpd:sensorspd on domain 2
01-01 08:00:29.153 608 608 E sscrpcd : vendor/qcom/proprietary/adsprpc/src/fastrpc_apps_user.c:2870: Error 0x200: apps_dev_init failed for domain 2, errno Transport endpoint is not connected
01-01 08:00:29.153 608 608 E sscrpcd : vendor/qcom/proprietary/adsprpc/src/fastrpc_apps_user.c:2968: Error 0x200: open_dev (-1) failed for domain 2 (errno Transport endpoint is not connected)
01-01 08:00:29.153 608 608 E sscrpcd : vendor/qcom/proprietary/adsprpc/src/fastrpc_apps_user.c:1348: Error 0x200: remote_handle_open failed for adsp_default_listener (errno Success)
01-01 08:00:29.153 608 608 E sscrpcd : vendor/qcom/proprietary/sensors-see/sscrpcd/src/sscrpcd.cpp:98:listener exits
01-01 08:00:29.153 608 608 I sscrpcd : vendor/qcom/proprietary/adsprpc/src/rpcmem_android.c:192: rpcmem_deinit_internal: closed ION fd 4
01-01 08:00:29.153 608 608 I sscrpcd : vendor/qcom/proprietary/adsprpc/src/fastrpc_pm.c:116: fastrpc_wake_lock_deinit done
01-01 08:00:29.153 608 608 I sscrpcd : vendor/qcom/proprietary/adsprpc/src/fastrpc_apps_user.c:3019: fastrpc_apps_user_deinit done
01-01 08:00:29.153 608 608 E sscrpcd : vendor/qcom/proprietary/sensors-see/sscrpcd/src/sscrpcd.cpp:109:sscrpcd daemon will restart after 25ms...
01-01 08:00:27.947 649 649 I auditd : type=1400 audit(0.0:353): avc: denied { entrypoint } for comm="init" path="/product/bin/init.qti.display.sh" dev="dm-7" ino=56 scontext=u:r:vendor_sys_qti_display:s0 tcontext=u:object_r:vendor_sys_qti_display_exec:s0 tclass=file permissive=1
01-01 08:00:29.672 0 0 I init : Created socket '/dev/socket/zygote_secondary', mode 660, user 0, group 1000
01-01 08:00:27.947 649 649 I init : type=1400 audit(0.0:353): avc: denied { entrypoint } for path="/product/bin/init.qti.display.sh" dev="dm-7" ino=56 scontext=u:r:vendor_sys_qti_display:s0 tcontext=u:object_r:vendor_sys_qti_display_exec:s0 tclass=file permissive=1
01-01 08:00:29.167 677 677 D XfrmController: Sending Netlink XFRM Message: XFRM_MSG_FLUSHSA
01-01 08:00:29.167 677 677 D XfrmController: Sending Netlink XFRM Message: XFRM_MSG_FLUSHPOLICY
01-01 08:00:29.167 677 677 I netd : Initializing XfrmController: 147259us
01-01 08:00:29.168 677 677 I libnetd_resolv: resolv_init: Initializing resolver
01-01 08:00:29.681 0 0 I binder : 677:677 ioctl 40046210 7fc1a81654 returned -22
01-01 08:00:29.682 0 0 I binder : 677:677 ioctl 40046210 7fc1a81864 returned -22
01-01 08:00:29.179 608 608 I sscrpcd : vendor/qcom/proprietary/adsprpc/src/rpcmem_android.c:159: rpcmem_init_internal: opened ION device fd 4, configured heap IDs: system (0x2000000), contig (0x400000), secure (0x200), secure flags (0x80080000)
01-01 08:00:29.179 608 608 I sscrpcd : vendor/qcom/proprietary/adsprpc/src/fastrpc_apps_user.c:3087: fastrpc_apps_user_init done with default domain:2 and &fastrpc_trace:0x7c0fca9fa0
01-01 08:00:29.179 608 608 E sscrpcd : vendor/qcom/proprietary/sensors-see/sscrpcd/src/sscrpcd.cpp:94:adsp_default_listener_start called for [sensorspd]
01-01 08:00:29.179 608 608 I sscrpcd : vendor/qcom/proprietary/adsprpc/src/fastrpc_pm.c:85: fastrpc_wake_lock_init done for sscrpcd:608
01-01 08:00:29.179 608 608 I sscrpcd : vendor/qcom/proprietary/adsprpc/src/fastrpc_apps_user.c:1733: wakelock_control: enabled wakelock control for domain 2
01-01 08:00:29.179 608 608 E sscrpcd : vendor/qcom/proprietary/sensors-see/sscrpcd/src/sscrpcd.cpp:65:fastrpc wakelock control is enabled
01-01 08:00:29.179 608 608 I sscrpcd : vendor/qcom/proprietary/adsprpc/src/fastrpc_apps_user.c:1345: remote_handle_open: Successfully opened handle 0x0 for '":;./\createstaticpd:sensorspd on domain 2
01-01 08:00:29.179 608 608 E sscrpcd : vendor/qcom/proprietary/adsprpc/src/fastrpc_apps_user.c:2870: Error 0x200: apps_dev_init failed for domain 2, errno Transport endpoint is not connected
01-01 08:00:29.179 608 608 E sscrpcd : vendor/qcom/proprietary/adsprpc/src/fastrpc_apps_user.c:2968: Error 0x200: open_dev (-1) failed for domain 2 (errno Transport endpoint is not connected)
01-01 08:00:29.179 608 608 E sscrpcd : vendor/qcom/proprietary/adsprpc/src/fastrpc_apps_user.c:1348: Error 0x200: remote_handle_open failed for adsp_default_listener (errno Success)
01-01 08:00:29.179 608 608 E sscrpcd : vendor/qcom/proprietary/sensors-see/sscrpcd/src/sscrpcd.cpp:98:listener exits
01-01 08:00:29.179 608 608 I sscrpcd : vendor/qcom/proprietary/adsprpc/src/rpcmem_android.c:192: rpcmem_deinit_internal: closed ION fd 4
01-01 08:00:29.179 608 608 I sscrpcd : vendor/qcom/proprietary/adsprpc/src/fastrpc_pm.c:116: fastrpc_wake_lock_deinit done
01-01 08:00:29.179 608 608 I sscrpcd : vendor/qcom/proprietary/adsprpc/src/fastrpc_apps_user.c:3019: fastrpc_apps_user_deinit done
01-01 08:00:29.179 608 608 E sscrpcd : vendor/qcom/proprietary/sensors-see/sscrpcd/src/sscrpcd.cpp:109:sscrpcd daemon will restart after 25ms...
01-01 08:00:27.947 649 649 I auditd : type=1400 audit(0.0:354): avc: denied { noatsecure } for comm="init" scontext=u:r:init:s0 tcontext=u:r:vendor_sys_qti_display:s0 tclass=process permissive=1
01-01 08:00:29.689 0 0 I init : Created socket '/dev/socket/usap_pool_secondary', mode 660, user 0, group 1000
01-01 08:00:27.947 649 649 I init : type=1400 audit(0.0:354): avc: denied { noatsecure } for scontext=u:r:init:s0 tcontext=u:r:vendor_sys_qti_display:s0 tclass=process permissive=1
01-01 08:00:29.205 608 608 I sscrpcd : vendor/qcom/proprietary/adsprpc/src/rpcmem_android.c:159: rpcmem_init_internal: opened ION device fd 4, configured heap IDs: system (0x2000000), contig (0x400000), secure (0x200), secure flags (0x80080000)
01-01 08:00:29.205 608 608 I sscrpcd : vendor/qcom/proprietary/adsprpc/src/fastrpc_apps_user.c:3087: fastrpc_apps_user_init done with default domain:2 and &fastrpc_trace:0x7c0fcb9fa0
01-01 08:00:29.205 608 608 E sscrpcd : vendor/qcom/proprietary/sensors-see/sscrpcd/src/sscrpcd.cpp:94:adsp_default_listener_start called for [sensorspd]
01-01 08:00:29.205 608 608 I sscrpcd : vendor/qcom/proprietary/adsprpc/src/fastrpc_pm.c:85: fastrpc_wake_lock_init done for sscrpcd:608
01-01 08:00:29.205 608 608 I sscrpcd : vendor/qcom/proprietary/adsprpc/src/fastrpc_apps_user.c:1733: wakelock_control: enabled wakelock control for domain 2
01-01 08:00:29.205 608 608 E sscrpcd : vendor/qcom/proprietary/sensors-see/sscrpcd/src/sscrpcd.cpp:65:fastrpc wakelock control is enabled
01-01 08:00:29.205 608 608 I sscrpcd : vendor/qcom/proprietary/adsprpc/src/fastrpc_apps_user.c:1345: remote_handle_open: Successfully opened handle 0x0 for '":;./\createstaticpd:sensorspd on domain 2
01-01 08:00:29.205 608 608 E sscrpcd : vendor/qcom/proprietary/adsprpc/src/fastrpc_apps_user.c:2870: Error 0x200: apps_dev_init failed for domain 2, errno Transport endpoint is not connected
01-01 08:00:29.205 608 608 E sscrpcd : vendor/qcom/proprietary/adsprpc/src/fastrpc_apps_user.c:2968: Error 0x200: open_dev (-1) failed for domain 2 (errno Transport endpoint is not connected)
01-01 08:00:29.205 608 608 E sscrpcd : vendor/qcom/proprietary/adsprpc/src/fastrpc_apps_user.c:1348: Error 0x200: remote_handle_open failed for adsp_default_listener (errno Success)
01-01 08:00:29.205 608 608 E sscrpcd : vendor/qcom/proprietary/sensors-see/sscrpcd/src/sscrpcd.cpp:98:listener exits
01-01 08:00:29.205 608 608 I sscrpcd : vendor/qcom/proprietary/adsprpc/src/rpcmem_android.c:192: rpcmem_deinit_internal: closed ION fd 4
01-01 08:00:29.205 608 608 I sscrpcd : vendor/qcom/proprietary/adsprpc/src/fastrpc_pm.c:116: fastrpc_wake_lock_deinit done
01-01 08:00:29.205 608 608 I sscrpcd : vendor/qcom/proprietary/adsprpc/src/fastrpc_apps_user.c:3019: fastrpc_apps_user_deinit done
01-01 08:00:29.205 608 608 E sscrpcd : vendor/qcom/proprietary/sensors-see/sscrpcd/src/sscrpcd.cpp:109:sscrpcd daemon will restart after 25ms...
01-01 08:00:29.231 608 608 I sscrpcd : vendor/qcom/proprietary/adsprpc/src/rpcmem_android.c:159: rpcmem_init_internal: opened ION device fd 4, configured heap IDs: system (0x2000000), contig (0x400000), secure (0x200), secure flags (0x80080000)
01-01 08:00:29.231 608 608 I sscrpcd : vendor/qcom/proprietary/adsprpc/src/fastrpc_apps_user.c:3087: fastrpc_apps_user_init done with default domain:2 and &fastrpc_trace:0x7c0e90efa0
01-01 08:00:29.231 608 608 E sscrpcd : vendor/qcom/proprietary/sensors-see/sscrpcd/src/sscrpcd.cpp:94:adsp_default_listener_start called for [sensorspd]
01-01 08:00:29.231 608 608 I sscrpcd : vendor/qcom/proprietary/adsprpc/src/fastrpc_pm.c:85: fastrpc_wake_lock_init done for sscrpcd:608
01-01 08:00:29.231 608 608 I sscrpcd : vendor/qcom/proprietary/adsprpc/src/fastrpc_apps_user.c:1733: wakelock_control: enabled wakelock control for domain 2
01-01 08:00:29.231 608 608 E sscrpcd : vendor/qcom/proprietary/sensors-see/sscrpcd/src/sscrpcd.cpp:65:fastrpc wakelock control is enabled
01-01 08:00:29.231 608 608 I sscrpcd : vendor/qcom/proprietary/adsprpc/src/fastrpc_apps_user.c:1345: remote_handle_open: Successfully opened handle 0x0 for '":;./\createstaticpd:sensorspd on domain 2
01-01 08:00:29.231 608 608 E sscrpcd : vendor/qcom/proprietary/adsprpc/src/fastrpc_apps_user.c:2870: Error 0x200: apps_dev_init failed for domain 2, errno Transport endpoint is not connected
01-01 08:00:29.231 608 608 E sscrpcd : vendor/qcom/proprietary/adsprpc/src/fastrpc_apps_user.c:2968: Error 0x200: open_dev (-1) failed for domain 2 (errno Transport endpoint is not connected)
01-01 08:00:29.231 608 608 E sscrpcd : vendor/qcom/proprietary/adsprpc/src/fastrpc_apps_user.c:1348: Error 0x200: remote_handle_open failed for adsp_default_listener (errno Success)
01-01 08:00:29.231 608 608 E sscrpcd : vendor/qcom/proprietary/sensors-see/sscrpcd/src/sscrpcd.cpp:98:listener exits
01-01 08:00:29.231 608 608 I sscrpcd : vendor/qcom/proprietary/adsprpc/src/rpcmem_android.c:192: rpcmem_deinit_internal: closed ION fd 4
01-01 08:00:29.231 608 608 I sscrpcd : vendor/qcom/proprietary/adsprpc/src/fastrpc_pm.c:116: fastrpc_wake_lock_deinit done
01-01 08:00:29.231 608 608 I sscrpcd : vendor/qcom/proprietary/adsprpc/src/fastrpc_apps_user.c:3019: fastrpc_apps_user_deinit done
01-01 08:00:29.231 608 608 E sscrpcd : vendor/qcom/proprietary/sensors-see/sscrpcd/src/sscrpcd.cpp:109:sscrpcd daemon will restart after 25ms...
01-01 08:00:27.947 649 649 I auditd : type=1400 audit(0.0:355): avc: denied { rlimitinh } for comm="init.qti.displa" scontext=u:r:init:s0 tcontext=u:r:vendor_sys_qti_display:s0 tclass=process permissive=1
01-01 08:00:27.947 649 649 I init.qti.displa: type=1400 audit(0.0:355): avc: denied { rlimitinh } for scontext=u:r:init:s0 tcontext=u:r:vendor_sys_qti_display:s0 tclass=process permissive=1
01-01 08:00:29.727 0 0 I init : Command 'start zygote_secondary' action=ro.crypto.state=encrypted && ro.crypto.type=file && zygote-start (/system/etc/init/hw/init.rc:1004) took 87ms and succeeded
01-01 08:00:27.947 649 649 I auditd : type=1400 audit(0.0:356): avc: denied { siginh } for comm="init.qti.displa" scontext=u:r:init:s0 tcontext=u:r:vendor_sys_qti_display:s0 tclass=process permissive=1
01-01 08:00:27.947 649 649 I init.qti.displa: type=1400 audit(0.0:356): avc: denied { siginh } for scontext=u:r:init:s0 tcontext=u:r:vendor_sys_qti_display:s0 tclass=process permissive=1
01-01 08:00:27.947 649 649 I auditd : type=1400 audit(0.0:357): avc: denied { map } for comm="init.qti.displa" path="/system/bin/sh" dev="dm-5" ino=1335 scontext=u:r:vendor_sys_qti_display:s0 tcontext=u:object_r:shell_exec:s0 tclass=file permissive=1
01-01 08:00:27.947 649 649 I init.qti.displa: type=1400 audit(0.0:357): avc: denied { map } for path="/system/bin/sh" dev="dm-5" ino=1335 scontext=u:r:vendor_sys_qti_display:s0 tcontext=u:object_r:shell_exec:s0 tclass=file permissive=1
01-01 08:00:29.766 0 0 I init : processing action (firmware_mounts_complete) from (/system/etc/init/hw/init.rc:479)
01-01 08:00:29.277 608 608 I sscrpcd : vendor/qcom/proprietary/adsprpc/src/rpcmem_android.c:159: rpcmem_init_internal: opened ION device fd 4, configured heap IDs: system (0x2000000), contig (0x400000), secure (0x200), secure flags (0x80080000)
01-01 08:00:29.277 608 608 I sscrpcd : vendor/qcom/proprietary/adsprpc/src/fastrpc_apps_user.c:3087: fastrpc_apps_user_init done with default domain:2 and &fastrpc_trace:0x7c0e946fa0
01-01 08:00:29.277 608 608 E sscrpcd : vendor/qcom/proprietary/sensors-see/sscrpcd/src/sscrpcd.cpp:94:adsp_default_listener_start called for [sensorspd]
01-01 08:00:29.277 608 608 I sscrpcd : vendor/qcom/proprietary/adsprpc/src/fastrpc_pm.c:85: fastrpc_wake_lock_init done for sscrpcd:608
01-01 08:00:29.277 608 608 I sscrpcd : vendor/qcom/proprietary/adsprpc/src/fastrpc_apps_user.c:1733: wakelock_control: enabled wakelock control for domain 2
01-01 08:00:29.277 608 608 E sscrpcd : vendor/qcom/proprietary/sensors-see/sscrpcd/src/sscrpcd.cpp:65:fastrpc wakelock control is enabled
01-01 08:00:29.277 608 608 I sscrpcd : vendor/qcom/proprietary/adsprpc/src/fastrpc_apps_user.c:1345: remote_handle_open: Successfully opened handle 0x0 for '":;./\createstaticpd:sensorspd on domain 2
01-01 08:00:29.277 608 608 E sscrpcd : vendor/qcom/proprietary/adsprpc/src/fastrpc_apps_user.c:2870: Error 0x200: apps_dev_init failed for domain 2, errno Transport endpoint is not connected
01-01 08:00:29.277 608 608 E sscrpcd : vendor/qcom/proprietary/adsprpc/src/fastrpc_apps_user.c:2968: Error 0x200: open_dev (-1) failed for domain 2 (errno Transport endpoint is not connected)
01-01 08:00:29.277 608 608 E sscrpcd : vendor/qcom/proprietary/adsprpc/src/fastrpc_apps_user.c:1348: Error 0x200: remote_handle_open failed for adsp_default_listener (errno Success)
01-01 08:00:29.277 608 608 E sscrpcd : vendor/qcom/proprietary/sensors-see/sscrpcd/src/sscrpcd.cpp:98:listener exits
01-01 08:00:29.278 608 608 I sscrpcd : vendor/qcom/proprietary/adsprpc/src/rpcmem_android.c:192: rpcmem_deinit_internal: closed ION fd 4
01-01 08:00:29.278 608 608 I sscrpcd : vendor/qcom/proprietary/adsprpc/src/fastrpc_pm.c:116: fastrpc_wake_lock_deinit done
01-01 08:00:29.278 608 608 I sscrpcd : vendor/qcom/proprietary/adsprpc/src/fastrpc_apps_user.c:3019: fastrpc_apps_user_deinit done
01-01 08:00:29.278 608 608 E sscrpcd : vendor/qcom/proprietary/sensors-see/sscrpcd/src/sscrpcd.cpp:109:sscrpcd daemon will restart after 25ms...
01-01 08:00:29.806 0 0 I init : processing action (early-boot) from (/vendor/etc/init/hw/init.qcom.rc:83)
01-01 08:00:29.303 682 682 D AndroidRuntime: >>>>>> START com.android.internal.os.ZygoteInit uid 0 <<<<<<
01-01 08:00:29.303 682 682 I boot_progress_start: 27041
01-01 08:00:29.303 608 608 I sscrpcd : vendor/qcom/proprietary/adsprpc/src/rpcmem_android.c:159: rpcmem_init_internal: opened ION device fd 4, configured heap IDs: system (0x2000000), contig (0x400000), secure (0x200), secure flags (0x80080000)
01-01 08:00:29.303 608 608 I sscrpcd : vendor/qcom/proprietary/adsprpc/src/fastrpc_apps_user.c:3087: fastrpc_apps_user_init done with default domain:2 and &fastrpc_trace:0x7c0d3f6fa0
01-01 08:00:29.303 608 608 E sscrpcd : vendor/qcom/proprietary/sensors-see/sscrpcd/src/sscrpcd.cpp:94:adsp_default_listener_start called for [sensorspd]
01-01 08:00:29.303 608 608 I sscrpcd : vendor/qcom/proprietary/adsprpc/src/fastrpc_pm.c:85: fastrpc_wake_lock_init done for sscrpcd:608
01-01 08:00:29.303 608 608 I sscrpcd : vendor/qcom/proprietary/adsprpc/src/fastrpc_apps_user.c:1733: wakelock_control: enabled wakelock control for domain 2
01-01 08:00:29.303 608 608 E sscrpcd : vendor/qcom/proprietary/sensors-see/sscrpcd/src/sscrpcd.cpp:65:fastrpc wakelock control is enabled
01-01 08:00:29.303 608 608 I sscrpcd : vendor/qcom/proprietary/adsprpc/src/fastrpc_apps_user.c:1345: remote_handle_open: Successfully opened handle 0x0 for '":;./\createstaticpd:sensorspd on domain 2
01-01 08:00:29.304 608 608 E sscrpcd : vendor/qcom/proprietary/adsprpc/src/fastrpc_apps_user.c:2870: Error 0x200: apps_dev_init failed for domain 2, errno Transport endpoint is not connected
01-01 08:00:29.304 608 608 E sscrpcd : vendor/qcom/proprietary/adsprpc/src/fastrpc_apps_user.c:2968: Error 0x200: open_dev (-1) failed for domain 2 (errno Transport endpoint is not connected)
01-01 08:00:29.304 608 608 E sscrpcd : vendor/qcom/proprietary/adsprpc/src/fastrpc_apps_user.c:1348: Error 0x200: remote_handle_open failed for adsp_default_listener (errno Success)
01-01 08:00:29.304 608 608 E sscrpcd : vendor/qcom/proprietary/sensors-see/sscrpcd/src/sscrpcd.cpp:98:listener exits
01-01 08:00:29.304 608 608 I sscrpcd : vendor/qcom/proprietary/adsprpc/src/rpcmem_android.c:192: rpcmem_deinit_internal: closed ION fd 4
01-01 08:00:29.304 608 608 I sscrpcd : vendor/qcom/proprietary/adsprpc/src/fastrpc_pm.c:116: fastrpc_wake_lock_deinit done
01-01 08:00:29.304 608 608 I sscrpcd : vendor/qcom/proprietary/adsprpc/src/fastrpc_apps_user.c:3019: fastrpc_apps_user_deinit done
01-01 08:00:29.304 608 608 E sscrpcd : vendor/qcom/proprietary/sensors-see/sscrpcd/src/sscrpcd.cpp:109:sscrpcd daemon will restart after 25ms...
01-01 08:00:27.947 649 649 I auditd : type=1400 audit(0.0:358): avc: denied { read } for comm="init.qti.displa" path="/system/bin/sh" dev="dm-5" ino=1335 scontext=u:r:vendor_sys_qti_display:s0 tcontext=u:object_r:shell_exec:s0 tclass=file permissive=1
01-01 08:00:27.947 649 649 I init.qti.displa: type=1400 audit(0.0:358): avc: denied { read } for path="/system/bin/sh" dev="dm-5" ino=1335 scontext=u:r:vendor_sys_qti_display:s0 tcontext=u:object_r:shell_exec:s0 tclass=file permissive=1
01-01 08:00:29.322 682 682 I AndroidRuntime: Using default boot image
01-01 08:00:29.322 682 682 I AndroidRuntime: Leaving lock profiling enabled
01-01 08:00:29.325 682 682 I zygote64: option[0]=-Xzygote
01-01 08:00:29.325 682 682 I zygote64: option[1]=-Xdeny-art-apex-data-files
01-01 08:00:29.325 682 682 I zygote64: option[2]=exit
01-01 08:00:29.325 682 682 I zygote64: option[3]=vfprintf
01-01 08:00:29.325 682 682 I zygote64: option[4]=sensitiveThread
01-01 08:00:29.325 682 682 I zygote64: option[5]=-verbose:gc
01-01 08:00:29.325 682 682 I zygote64: option[6]=-XX:PerfettoHprof=true
01-01 08:00:29.325 682 682 I zygote64: option[7]=-XX:PerfettoJavaHeapStackProf=true
01-01 08:00:29.325 682 682 I zygote64: option[8]=-Xprimaryzygote
01-01 08:00:29.325 682 682 I zygote64: option[9]=-Xms8m
01-01 08:00:29.325 682 682 I zygote64: option[10]=-Xmx512m
01-01 08:00:29.325 682 682 I zygote64: option[11]=-XX:HeapGrowthLimit=256m
01-01 08:00:29.325 682 682 I zygote64: option[12]=-XX:HeapMinFree=512k
01-01 08:00:29.325 682 682 I zygote64: option[13]=-XX:HeapMaxFree=8m
01-01 08:00:29.325 682 682 I zygote64: option[14]=-XX:HeapTargetUtilization=0.75
01-01 08:00:29.325 682 682 I zygote64: option[15]=-Xusejit:true
01-01 08:00:29.325 682 682 I zygote64: option[16]=-Xjitsaveprofilinginfo
01-01 08:00:29.325 682 682 I zygote64: option[17]=-XMadviseWillNeedVdexFileSize:104857600
01-01 08:00:29.325 682 682 I zygote64: option[18]=-XMadviseWillNeedOdexFileSize:104857600
01-01 08:00:29.325 682 682 I zygote64: option[19]=-XMadviseWillNeedArtFileSize:4294967295
01-01 08:00:29.325 682 682 I zygote64: option[20]=-XjdwpOptions:suspend=n,server=y
01-01 08:00:29.325 682 682 I zygote64: option[21]=-XjdwpProvider:default
01-01 08:00:29.325 682 682 I zygote64: option[22]=-Xopaque-jni-ids:swapable
01-01 08:00:29.325 682 682 I zygote64: option[23]=-Xcompiler-option
01-01 08:00:29.325 682 682 I zygote64: option[24]=--instruction-set-variant=generic
01-01 08:00:29.325 682 682 I zygote64: option[25]=-Xcompiler-option
01-01 08:00:29.325 682 682 I zygote64: option[26]=--instruction-set-features=default
01-01 08:00:29.325 682 682 I zygote64: option[27]=-Xcompiler-option
01-01 08:00:29.325 682 682 I zygote64: option[28]=--generate-mini-debug-info
01-01 08:00:29.325 682 682 I zygote64: option[29]=-Ximage-compiler-option
01-01 08:00:29.325 682 682 I zygote64: option[30]=--runtime-arg
01-01 08:00:29.325 682 682 I zygote64: option[31]=-Ximage-compiler-option
01-01 08:00:29.325 682 682 I zygote64: option[32]=-Xms64m
01-01 08:00:29.325 682 682 I zygote64: option[33]=-Ximage-compiler-option
01-01 08:00:29.325 682 682 I zygote64: option[34]=--runtime-arg
01-01 08:00:29.325 682 682 I zygote64: option[35]=-Ximage-compiler-option
01-01 08:00:29.325 682 682 I zygote64: option[36]=-Xmx64m
01-01 08:00:29.325 682 682 I zygote64: option[37]=-Ximage-compiler-option
01-01 08:00:29.325 682 682 I zygote64: option[38]=--dirty-image-objects=/system/etc/dirty-image-objects
01-01 08:00:29.325 682 682 I zygote64: option[39]=-Ximage-compiler-option
01-01 08:00:29.325 682 682 I zygote64: option[40]=--instruction-set-variant=generic
01-01 08:00:29.325 682 682 I zygote64: option[41]=-Ximage-compiler-option
01-01 08:00:29.325 682 682 I zygote64: option[42]=--instruction-set-features=default
01-01 08:00:29.325 682 682 I zygote64: option[43]=-Ximage-compiler-option
01-01 08:00:29.325 682 682 I zygote64: option[44]=--generate-mini-debug-info
01-01 08:00:29.325 682 682 I zygote64: option[45]=-Duser.locale=zh-CN
01-01 08:00:29.325 682 682 I zygote64: option[46]=--cpu-abilist=arm64-v8a
01-01 08:00:29.325 682 682 I zygote64: option[47]=-Xfingerprint:TC/figure_CN/figure:12/SKQ1.220201.001/2277:user/test-keys
01-01 08:00:29.329 682 682 W zygote64: ART APEX data files are untrusted.
01-01 08:00:29.329 608 608 I sscrpcd : vendor/qcom/proprietary/adsprpc/src/rpcmem_android.c:159: rpcmem_init_internal: opened ION device fd 4, configured heap IDs: system (0x2000000), contig (0x400000), secure (0x200), secure flags (0x80080000)
01-01 08:00:29.329 608 608 I sscrpcd : vendor/qcom/proprietary/adsprpc/src/fastrpc_apps_user.c:3087: fastrpc_apps_user_init done with default domain:2 and &fastrpc_trace:0x7c0fcc2fa0
01-01 08:00:29.329 608 608 E sscrpcd : vendor/qcom/proprietary/sensors-see/sscrpcd/src/sscrpcd.cpp:94:adsp_default_listener_start called for [sensorspd]
01-01 08:00:29.330 608 608 I sscrpcd : vendor/qcom/proprietary/adsprpc/src/fastrpc_pm.c:85: fastrpc_wake_lock_init done for sscrpcd:608
01-01 08:00:29.330 608 608 I sscrpcd : vendor/qcom/proprietary/adsprpc/src/fastrpc_apps_user.c:1733: wakelock_control: enabled wakelock control for domain 2
01-01 08:00:29.330 608 608 E sscrpcd : vendor/qcom/proprietary/sensors-see/sscrpcd/src/sscrpcd.cpp:65:fastrpc wakelock control is enabled
01-01 08:00:29.330 608 608 I sscrpcd : vendor/qcom/proprietary/adsprpc/src/fastrpc_apps_user.c:1345: remote_handle_open: Successfully opened handle 0x0 for '":;./\createstaticpd:sensorspd on domain 2
01-01 08:00:29.330 608 608 E sscrpcd : vendor/qcom/proprietary/adsprpc/src/fastrpc_apps_user.c:2870: Error 0x200: apps_dev_init failed for domain 2, errno Transport endpoint is not connected
01-01 08:00:29.330 608 608 E sscrpcd : vendor/qcom/proprietary/adsprpc/src/fastrpc_apps_user.c:2968: Error 0x200: open_dev (-1) failed for domain 2 (errno Transport endpoint is not connected)
01-01 08:00:29.330 608 608 E sscrpcd : vendor/qcom/proprietary/adsprpc/src/fastrpc_apps_user.c:1348: Error 0x200: remote_handle_open failed for adsp_default_listener (errno Success)
01-01 08:00:29.330 608 608 E sscrpcd : vendor/qcom/proprietary/sensors-see/sscrpcd/src/sscrpcd.cpp:98:listener exits
01-01 08:00:29.330 608 608 I sscrpcd : vendor/qcom/proprietary/adsprpc/src/rpcmem_android.c:192: rpcmem_deinit_internal: closed ION fd 4
01-01 08:00:29.330 608 608 I sscrpcd : vendor/qcom/proprietary/adsprpc/src/fastrpc_pm.c:116: fastrpc_wake_lock_deinit done
01-01 08:00:29.330 608 608 I sscrpcd : vendor/qcom/proprietary/adsprpc/src/fastrpc_apps_user.c:3019: fastrpc_apps_user_deinit done
01-01 08:00:29.330 608 608 E sscrpcd : vendor/qcom/proprietary/sensors-see/sscrpcd/src/sscrpcd.cpp:109:sscrpcd daemon will restart after 25ms...
01-01 08:00:29.845 0 0 E ueventd : firmware: could not find firmware for dsi_prop
01-01 08:00:29.845 0 0 W subsys-pil-tz 17300000.qcom,lpass: Falling back to syfs fallback for: adsp.mdt
01-01 08:00:29.846 0 0 W subsys-pil-tz 8300000.qcom,turing: Falling back to syfs fallback for: cdsp.mdt
01-01 08:00:29.847 0 0 I ueventd : firmware: loading 'adsp.mdt' for '/devices/platform/soc/17300000.qcom,lpass/firmware/adsp.mdt'
01-01 08:00:29.847 0 0 I ueventd : firmware: loading 'cdsp.mdt' for '/devices/platform/soc/8300000.qcom,turing/firmware/cdsp.mdt'
01-01 08:00:29.848 0 0 I subsys-pil-tz 17300000.qcom,lpass: adsp: loading from 0x000000008a100000 to 0x000000008be00000
01-01 08:00:29.848 0 0 I ueventd : loading /devices/platform/soc/17300000.qcom,lpass/firmware/adsp.mdt took 1ms
01-01 08:00:29.850 0 0 W subsys-pil-tz 17300000.qcom,lpass: Falling back to syfs fallback for: adsp.b02
01-01 08:00:29.850 0 0 I ueventd : loading /devices/platform/soc/8300000.qcom,turing/firmware/cdsp.mdt took 3ms
01-01 08:00:29.850 0 0 W subsys-pil-tz 17300000.qcom,lpass: Falling back to syfs fallback for: adsp.b03
01-01 08:00:29.850 0 0 W subsys-pil-tz 17300000.qcom,lpass: Falling back to syfs fallback for: adsp.b04
01-01 08:00:29.850 0 0 I subsys-pil-tz 8300000.qcom,turing: cdsp: loading from 0x0000000087800000 to 0x0000000088c00000
01-01 08:00:27.947 649 649 I auditd : type=1400 audit(0.0:359): avc: denied { execute } for comm="init.qti.displa" path="/system/bin/sh" dev="dm-5" ino=1335 scontext=u:r:vendor_sys_qti_display:s0 tcontext=u:object_r:shell_exec:s0 tclass=file permissive=1
01-01 08:00:27.947 649 649 I init.qti.displa: type=1400 audit(0.0:359): avc: denied { execute } for path="/system/bin/sh" dev="dm-5" ino=1335 scontext=u:r:vendor_sys_qti_display:s0 tcontext=u:object_r:shell_exec:s0 tclass=file permissive=1
01-01 08:00:29.851 0 0 W subsys-pil-tz 17300000.qcom,lpass: Falling back to syfs fallback for: adsp.b05
01-01 08:00:29.851 0 0 W subsys-pil-tz 17300000.qcom,lpass: Falling back to syfs fallback for: adsp.b06
01-01 08:00:29.851 0 0 W subsys-pil-tz 17300000.qcom,lpass: Falling back to syfs fallback for: adsp.b07
01-01 08:00:29.851 0 0 W subsys-pil-tz 17300000.qcom,lpass: Falling back to syfs fallback for: adsp.b08
01-01 08:00:29.851 0 0 W subsys-pil-tz 17300000.qcom,lpass: Falling back to syfs fallback for: adsp.b09
01-01 08:00:29.851 0 0 W subsys-pil-tz 17300000.qcom,lpass: Falling back to syfs fallback for: adsp.b10
01-01 08:00:29.851 0 0 W subsys-pil-tz 17300000.qcom,lpass: Falling back to syfs fallback for: adsp.b11
01-01 08:00:29.851 0 0 W subsys-pil-tz 17300000.qcom,lpass: Falling back to syfs fallback for: adsp.b12
01-01 08:00:29.851 0 0 W subsys-pil-tz 17300000.qcom,lpass: Falling back to syfs fallback for: adsp.b13
01-01 08:00:29.852 0 0 W subsys-pil-tz 17300000.qcom,lpass: Falling back to syfs fallback for: adsp.b14
01-01 08:00:29.852 0 0 W subsys-pil-tz 17300000.qcom,lpass: Falling back to syfs fallback for: adsp.b15
01-01 08:00:29.852 0 0 W subsys-pil-tz 17300000.qcom,lpass: Falling back to syfs fallback for: adsp.b16
01-01 08:00:29.852 0 0 W subsys-pil-tz 17300000.qcom,lpass: Falling back to syfs fallback for: adsp.b17
01-01 08:00:29.852 0 0 W subsys-pil-tz 17300000.qcom,lpass: Falling back to syfs fallback for: adsp.b18
01-01 08:00:29.855 0 0 W subsys-pil-tz 8300000.qcom,turing: Falling back to syfs fallback for: cdsp.b02
01-01 08:00:29.855 0 0 W subsys-pil-tz 8300000.qcom,turing: Falling back to syfs fallback for: cdsp.b03
01-01 08:00:29.856 0 0 W subsys-pil-tz 8300000.qcom,turing: Falling back to syfs fallback for: cdsp.b04
01-01 08:00:29.856 0 0 W subsys-pil-tz 8300000.qcom,turing: Falling back to syfs fallback for: cdsp.b05
01-01 08:00:29.856 0 0 W subsys-pil-tz 8300000.qcom,turing: Falling back to syfs fallback for: cdsp.b06
01-01 08:00:29.856 0 0 W subsys-pil-tz 8300000.qcom,turing: Falling back to syfs fallback for: cdsp.b08
01-01 08:00:29.856 0 0 W subsys-pil-tz 8300000.qcom,turing: Falling back to syfs fallback for: cdsp.b09
01-01 08:00:29.856 0 0 W subsys-pil-tz 8300000.qcom,turing: Falling back to syfs fallback for: cdsp.b11
01-01 08:00:29.859 0 0 I ueventd : firmware: loading 'adsp.b03' for '/devices/platform/soc/17300000.qcom,lpass/firmware/adsp.b03'
01-01 08:00:29.859 0 0 I ueventd : firmware: loading 'adsp.b04' for '/devices/platform/soc/17300000.qcom,lpass/firmware/adsp.b04'
01-01 08:00:29.859 0 0 I ueventd : firmware: loading 'adsp.b02' for '/devices/platform/soc/17300000.qcom,lpass/firmware/adsp.b02'
01-01 08:00:29.859 0 0 I ueventd : firmware: loading 'adsp.b05' for '/devices/platform/soc/17300000.qcom,lpass/firmware/adsp.b05'
01-01 08:00:29.859 0 0 I ueventd : firmware: loading 'adsp.b06' for '/devices/platform/soc/17300000.qcom,lpass/firmware/adsp.b06'
01-01 08:00:29.859 0 0 I ueventd : firmware: loading 'adsp.b07' for '/devices/platform/soc/17300000.qcom,lpass/firmware/adsp.b07'
01-01 08:00:29.860 0 0 I ueventd : firmware: loading 'adsp.b08' for '/devices/platform/soc/17300000.qcom,lpass/firmware/adsp.b08'
01-01 08:00:29.860 0 0 I ueventd : firmware: loading 'adsp.b09' for '/devices/platform/soc/17300000.qcom,lpass/firmware/adsp.b09'
01-01 08:00:29.860 0 0 I ueventd : firmware: loading 'adsp.b10' for '/devices/platform/soc/17300000.qcom,lpass/firmware/adsp.b10'
01-01 08:00:29.860 0 0 I ueventd : loading /devices/platform/soc/17300000.qcom,lpass/firmware/adsp.b02 took 1ms
01-01 08:00:29.861 0 0 I ueventd : firmware: loading 'adsp.b11' for '/devices/platform/soc/17300000.qcom,lpass/firmware/adsp.b11'
01-01 08:00:29.861 0 0 I ueventd : loading /devices/platform/soc/17300000.qcom,lpass/firmware/adsp.b03 took 2ms
01-01 08:00:29.861 0 0 I ueventd : loading /devices/platform/soc/17300000.qcom,lpass/firmware/adsp.b06 took 1ms
01-01 08:00:29.861 0 0 I ueventd : loading /devices/platform/soc/17300000.qcom,lpass/firmware/adsp.b07 took 1ms
01-01 08:00:29.861 0 0 I ueventd : loading /devices/platform/soc/17300000.qcom,lpass/firmware/adsp.b08 took 1ms
01-01 08:00:29.862 0 0 I ueventd : loading /devices/platform/soc/17300000.qcom,lpass/firmware/adsp.b09 took 1ms
01-01 08:00:29.863 0 0 I ueventd : loading /devices/platform/soc/17300000.qcom,lpass/firmware/adsp.b04 took 4ms
01-01 08:00:29.864 0 0 I ueventd : loading /devices/platform/soc/17300000.qcom,lpass/firmware/adsp.b10 took 3ms
01-01 08:00:29.865 0 0 I ueventd : loading /devices/platform/soc/17300000.qcom,lpass/firmware/adsp.b05 took 5ms
01-01 08:00:29.865 0 0 I ueventd : firmware: loading 'adsp.b15' for '/devices/platform/soc/17300000.qcom,lpass/firmware/adsp.b15'
01-01 08:00:29.865 0 0 I ueventd : firmware: loading 'adsp.b13' for '/devices/platform/soc/17300000.qcom,lpass/firmware/adsp.b13'
01-01 08:00:29.866 0 0 I ueventd : firmware: loading 'adsp.b14' for '/devices/platform/soc/17300000.qcom,lpass/firmware/adsp.b14'
01-01 08:00:29.866 0 0 I ueventd : firmware: loading 'adsp.b12' for '/devices/platform/soc/17300000.qcom,lpass/firmware/adsp.b12'
01-01 08:00:29.870 0 0 I ueventd : firmware: loading 'cdsp.b03' for '/devices/platform/soc/8300000.qcom,turing/firmware/cdsp.b03'
01-01 08:00:29.870 0 0 I ueventd : loading /devices/platform/soc/17300000.qcom,lpass/firmware/adsp.b12 took 4ms
01-01 08:00:29.870 0 0 I ueventd : firmware: loading 'cdsp.b02' for '/devices/platform/soc/8300000.qcom,turing/firmware/cdsp.b02'
01-01 08:00:29.871 0 0 I ueventd : firmware: loading 'adsp.b17' for '/devices/platform/soc/17300000.qcom,lpass/firmware/adsp.b17'
01-01 08:00:29.871 0 0 I ueventd : loading /devices/platform/soc/17300000.qcom,lpass/firmware/adsp.b13 took 5ms
01-01 08:00:29.872 0 0 I ueventd : loading /devices/platform/soc/17300000.qcom,lpass/firmware/adsp.b15 took 6ms
01-01 08:00:29.872 0 0 I ueventd : firmware: loading 'cdsp.b04' for '/devices/platform/soc/8300000.qcom,turing/firmware/cdsp.b04'
01-01 08:00:29.873 0 0 I ueventd : firmware: loading 'cdsp.b05' for '/devices/platform/soc/8300000.qcom,turing/firmware/cdsp.b05'
01-01 08:00:29.873 0 0 I ueventd : loading /devices/platform/soc/8300000.qcom,turing/firmware/cdsp.b04 took 1ms
01-01 08:00:29.873 0 0 I ueventd : loading /devices/platform/soc/8300000.qcom,turing/firmware/cdsp.b03 took 3ms
01-01 08:00:29.874 0 0 I ueventd : loading /devices/platform/soc/8300000.qcom,turing/firmware/cdsp.b02 took 3ms
01-01 08:00:29.875 0 0 I ueventd : firmware: loading 'adsp.b18' for '/devices/platform/soc/17300000.qcom,lpass/firmware/adsp.b18'
01-01 08:00:29.876 0 0 I ueventd : firmware: loading 'adsp.b16' for '/devices/platform/soc/17300000.qcom,lpass/firmware/adsp.b16'
01-01 08:00:29.877 0 0 I ueventd : firmware: loading 'cdsp.b09' for '/devices/platform/soc/8300000.qcom,turing/firmware/cdsp.b09'
01-01 08:00:29.877 0 0 I ueventd : loading /devices/platform/soc/17300000.qcom,lpass/firmware/adsp.b18 took 2ms
01-01 08:00:29.877 0 0 I ueventd : firmware: loading 'cdsp.b08' for '/devices/platform/soc/8300000.qcom,turing/firmware/cdsp.b08'
01-01 08:00:29.878 0 0 I ueventd : loading /devices/platform/soc/17300000.qcom,lpass/firmware/adsp.b16 took 2ms
01-01 08:00:29.878 0 0 E ueventd : firmware: attempted /etc/firmware/dsi_prop, open failed: No such file or directory
01-01 08:00:29.878 0 0 E ueventd : firmware: attempted /odm/firmware/dsi_prop, open failed: No such file or directory
01-01 08:00:29.878 0 0 E ueventd : firmware: attempted /vendor/firmware/dsi_prop, open failed: No such file or directory
01-01 08:00:29.878 0 0 E ueventd : firmware: attempted /firmware/image/dsi_prop, open failed: No such file or directory
01-01 08:00:29.878 0 0 E ueventd : firmware: attempted /vendor/firmware_mnt/image/dsi_prop, open failed: No such file or directory
01-01 08:00:29.878 0 0 I ueventd : loading /devices/platform/soc/soc:qcom,dsi-display-primary/firmware/dsi_prop took 12323ms
01-01 08:00:29.878 0 0 I ueventd : loading /devices/platform/soc/17300000.qcom,lpass/firmware/adsp.b14 took 12ms
01-01 08:00:29.365 608 608 I sscrpcd : vendor/qcom/proprietary/adsprpc/src/rpcmem_android.c:159: rpcmem_init_internal: opened ION device fd 4, configured heap IDs: system (0x2000000), contig (0x400000), secure (0x200), secure flags (0x80080000)
01-01 08:00:29.365 608 608 I sscrpcd : vendor/qcom/proprietary/adsprpc/src/fastrpc_apps_user.c:3087: fastrpc_apps_user_init done with default domain:2 and &fastrpc_trace:0x7c0bf14fa0
01-01 08:00:29.365 608 608 E sscrpcd : vendor/qcom/proprietary/sensors-see/sscrpcd/src/sscrpcd.cpp:94:adsp_default_listener_start called for [sensorspd]
01-01 08:00:29.365 608 608 I sscrpcd : vendor/qcom/proprietary/adsprpc/src/fastrpc_pm.c:85: fastrpc_wake_lock_init done for sscrpcd:608
01-01 08:00:29.365 608 608 I sscrpcd : vendor/qcom/proprietary/adsprpc/src/fastrpc_apps_user.c:1733: wakelock_control: enabled wakelock control for domain 2
01-01 08:00:29.365 608 608 E sscrpcd : vendor/qcom/proprietary/sensors-see/sscrpcd/src/sscrpcd.cpp:65:fastrpc wakelock control is enabled
01-01 08:00:29.365 608 608 I sscrpcd : vendor/qcom/proprietary/adsprpc/src/fastrpc_apps_user.c:1345: remote_handle_open: Successfully opened handle 0x0 for '":;./\createstaticpd:sensorspd on domain 2
01-01 08:00:29.365 608 608 E sscrpcd : vendor/qcom/proprietary/adsprpc/src/fastrpc_apps_user.c:2870: Error 0x200: apps_dev_init failed for domain 2, errno Transport endpoint is not connected
01-01 08:00:29.365 608 608 E sscrpcd : vendor/qcom/proprietary/adsprpc/src/fastrpc_apps_user.c:2968: Error 0x200: open_dev (-1) failed for domain 2 (errno Transport endpoint is not connected)
01-01 08:00:29.365 608 608 E sscrpcd : vendor/qcom/proprietary/adsprpc/src/fastrpc_apps_user.c:1348: Error 0x200: remote_handle_open failed for adsp_default_listener (errno Success)
01-01 08:00:29.365 608 608 E sscrpcd : vendor/qcom/proprietary/sensors-see/sscrpcd/src/sscrpcd.cpp:98:listener exits
01-01 08:00:29.365 608 608 I sscrpcd : vendor/qcom/proprietary/adsprpc/src/rpcmem_android.c:192: rpcmem_deinit_internal: closed ION fd 4
01-01 08:00:29.365 608 608 I sscrpcd : vendor/qcom/proprietary/adsprpc/src/fastrpc_pm.c:116: fastrpc_wake_lock_deinit done
01-01 08:00:29.365 608 608 I sscrpcd : vendor/qcom/proprietary/adsprpc/src/fastrpc_apps_user.c:3019: fastrpc_apps_user_deinit done
01-01 08:00:29.365 608 608 E sscrpcd : vendor/qcom/proprietary/sensors-see/sscrpcd/src/sscrpcd.cpp:109:sscrpcd daemon will restart after 25ms...
01-01 08:00:29.879 0 0 I ueventd : firmware: loading 'cdsp.b06' for '/devices/platform/soc/8300000.qcom,turing/firmware/cdsp.b06'
01-01 08:00:29.879 0 0 I ueventd : loading /devices/platform/soc/8300000.qcom,turing/firmware/cdsp.b09 took 2ms
01-01 08:00:29.880 0 0 I ueventd : loading /devices/platform/soc/8300000.qcom,turing/firmware/cdsp.b06 took 0ms
01-01 08:00:29.880 0 0 I ueventd : firmware: loading 'cdsp.b11' for '/devices/platform/soc/8300000.qcom,turing/firmware/cdsp.b11'
01-01 08:00:29.881 0 0 I ueventd : loading /devices/platform/soc/8300000.qcom,turing/firmware/cdsp.b11 took 0ms
01-01 08:00:29.881 0 0 I ueventd : loading /devices/platform/soc/8300000.qcom,turing/firmware/cdsp.b08 took 3ms
01-01 08:00:27.947 649 649 I auditd : type=1400 audit(0.0:360): avc: denied { getattr } for comm="init.qti.displa" path="/system/bin/sh" dev="dm-5" ino=1335 scontext=u:r:vendor_sys_qti_display:s0 tcontext=u:object_r:shell_exec:s0 tclass=file permissive=1
01-01 08:00:27.947 649 649 I init.qti.displa: type=1400 audit(0.0:360): avc: denied { getattr } for path="/system/bin/sh" dev="dm-5" ino=1335 scontext=u:r:vendor_sys_qti_display:s0 tcontext=u:object_r:shell_exec:s0 tclass=file permissive=1
01-01 08:00:27.955 649 649 I auditd : type=1400 audit(0.0:361): avc: denied { read } for comm="init.qti.displa" name="init.qti.display.sh" dev="dm-7" ino=56 scontext=u:r:vendor_sys_qti_display:s0 tcontext=u:object_r:vendor_sys_qti_display_exec:s0 tclass=file permissive=1
01-01 08:00:27.955 649 649 I init.qti.displa: type=1400 audit(0.0:361): avc: denied { read } for name="init.qti.display.sh" dev="dm-7" ino=56 scontext=u:r:vendor_sys_qti_display:s0 tcontext=u:object_r:vendor_sys_qti_display_exec:s0 tclass=file permissive=1
01-01 08:00:27.967 649 649 I auditd : type=1400 audit(0.0:362): avc: denied { open } for comm="init.qti.displa" path="/product/bin/init.qti.display.sh" dev="dm-7" ino=56 scontext=u:r:vendor_sys_qti_display:s0 tcontext=u:object_r:vendor_sys_qti_display_exec:s0 tclass=file permissive=1
01-01 08:00:27.967 649 649 I init.qti.displa: type=1400 audit(0.0:362): avc: denied { open } for path="/product/bin/init.qti.display.sh" dev="dm-7" ino=56 scontext=u:r:vendor_sys_qti_display:s0 tcontext=u:object_r:vendor_sys_qti_display_exec:s0 tclass=file permissive=1
01-01 08:00:27.458 654 654 I auditd : type=1400 audit(0.0:363): avc: denied { getattr } for comm="init.qti.displa" path="/system/bin/toybox" dev="dm-5" ino=1388 scontext=u:r:vendor_sys_qti_display:s0 tcontext=u:object_r:toolbox_exec:s0 tclass=file permissive=1
01-01 08:00:27.458 654 654 I init.qti.displa: type=1400 audit(0.0:363): avc: denied { getattr } for path="/system/bin/toybox" dev="dm-5" ino=1388 scontext=u:r:vendor_sys_qti_display:s0 tcontext=u:object_r:toolbox_exec:s0 tclass=file permissive=1
01-01 08:00:27.458 654 654 I auditd : type=1400 audit(0.0:364): avc: denied { execute } for comm="init.qti.displa" name="toybox" dev="dm-5" ino=1388 scontext=u:r:vendor_sys_qti_display:s0 tcontext=u:object_r:toolbox_exec:s0 tclass=file permissive=1
01-01 08:00:29.886 0 0 E OF : graph: no port node found in /soc/qcom,dsi-display-primary
01-01 08:00:27.458 654 654 I init.qti.displa: type=1400 audit(0.0:364): avc: denied { execute } for name="toybox" dev="dm-5" ino=1388 scontext=u:r:vendor_sys_qti_display:s0 tcontext=u:object_r:toolbox_exec:s0 tclass=file permissive=1
01-01 08:00:29.886 0 0 I ueventd : loading /devices/platform/soc/17300000.qcom,lpass/firmware/adsp.b17 took 15ms
01-01 08:00:29.886 0 0 I ueventd : loading /devices/platform/soc/17300000.qcom,lpass/firmware/adsp.b11 took 25ms
01-01 08:00:27.458 654 654 I auditd : type=1400 audit(0.0:365): avc: denied { read open } for comm="init.qti.displa" path="/system/bin/toybox" dev="dm-5" ino=1388 scontext=u:r:vendor_sys_qti_display:s0 tcontext=u:object_r:toolbox_exec:s0 tclass=file permissive=1
01-01 08:00:27.458 654 654 I init.qti.displa: type=1400 audit(0.0:365): avc: denied { read open } for path="/system/bin/toybox" dev="dm-5" ino=1388 scontext=u:r:vendor_sys_qti_display:s0 tcontext=u:object_r:toolbox_exec:s0 tclass=file permissive=1
01-01 08:00:27.458 654 654 I auditd : type=1400 audit(0.0:366): avc: denied { execute_no_trans } for comm="init.qti.displa" path="/system/bin/toybox" dev="dm-5" ino=1388 scontext=u:r:vendor_sys_qti_display:s0 tcontext=u:object_r:toolbox_exec:s0 tclass=file permissive=1
01-01 08:00:27.458 654 654 I init.qti.displa: type=1400 audit(0.0:366): avc: denied { execute_no_trans } for path="/system/bin/toybox" dev="dm-5" ino=1388 scontext=u:r:vendor_sys_qti_display:s0 tcontext=u:object_r:toolbox_exec:s0 tclass=file permissive=1
01-01 08:00:27.458 654 654 I auditd : type=1400 audit(0.0:367): avc: denied { map } for comm="cat" path="/system/bin/toybox" dev="dm-5" ino=1388 scontext=u:r:vendor_sys_qti_display:s0 tcontext=u:object_r:toolbox_exec:s0 tclass=file permissive=1
01-01 08:00:27.458 654 654 I cat : type=1400 audit(0.0:367): avc: denied { map } for path="/system/bin/toybox" dev="dm-5" ino=1388 scontext=u:r:vendor_sys_qti_display:s0 tcontext=u:object_r:toolbox_exec:s0 tclass=file permissive=1
01-01 08:00:29.325 475 475 I auditd : type=1400 audit(0.0:368): avc: denied { add_name } for comm="init" name="boot" scontext=u:r:vendor_init:s0 tcontext=u:object_r:sysfs:s0 tclass=dir permissive=1
01-01 08:00:29.325 475 475 I init : type=1400 audit(0.0:368): avc: denied { add_name } for name="boot" scontext=u:r:vendor_init:s0 tcontext=u:object_r:sysfs:s0 tclass=dir permissive=1
01-01 08:00:29.325 475 475 I auditd : type=1400 audit(0.0:369): avc: denied { create } for comm="init" name="boot" scontext=u:r:vendor_init:s0 tcontext=u:object_r:sysfs:s0 tclass=file permissive=1
01-01 08:00:29.325 475 475 I init : type=1400 audit(0.0:369): avc: denied { create } for name="boot" scontext=u:r:vendor_init:s0 tcontext=u:object_r:sysfs:s0 tclass=file permissive=1
01-01 08:00:29.887 0 0 I ueventd : loading /devices/platform/soc/8300000.qcom,turing/firmware/cdsp.b05 took 14ms
01-01 08:00:29.392 608 608 I sscrpcd : vendor/qcom/proprietary/adsprpc/src/rpcmem_android.c:159: rpcmem_init_internal: opened ION device fd 4, configured heap IDs: system (0x2000000), contig (0x400000), secure (0x200), secure flags (0x80080000)
01-01 08:00:29.392 608 608 I sscrpcd : vendor/qcom/proprietary/adsprpc/src/fastrpc_apps_user.c:3087: fastrpc_apps_user_init done with default domain:2 and &fastrpc_trace:0x7c0fd2dfa0
01-01 08:00:29.392 608 608 E sscrpcd : vendor/qcom/proprietary/sensors-see/sscrpcd/src/sscrpcd.cpp:94:adsp_default_listener_start called for [sensorspd]
01-01 08:00:29.392 608 608 I sscrpcd : vendor/qcom/proprietary/adsprpc/src/fastrpc_pm.c:85: fastrpc_wake_lock_init done for sscrpcd:608
01-01 08:00:29.392 608 608 I sscrpcd : vendor/qcom/proprietary/adsprpc/src/fastrpc_apps_user.c:1733: wakelock_control: enabled wakelock control for domain 2
01-01 08:00:29.392 608 608 E sscrpcd : vendor/qcom/proprietary/sensors-see/sscrpcd/src/sscrpcd.cpp:65:fastrpc wakelock control is enabled
01-01 08:00:29.392 608 608 I sscrpcd : vendor/qcom/proprietary/adsprpc/src/fastrpc_apps_user.c:1345: remote_handle_open: Successfully opened handle 0x0 for '":;./\createstaticpd:sensorspd on domain 2
01-01 08:00:29.392 608 608 E sscrpcd : vendor/qcom/proprietary/adsprpc/src/fastrpc_apps_user.c:2870: Error 0x200: apps_dev_init failed for domain 2, errno Transport endpoint is not connected
01-01 08:00:29.392 608 608 E sscrpcd : vendor/qcom/proprietary/adsprpc/src/fastrpc_apps_user.c:2968: Error 0x200: open_dev (-1) failed for domain 2 (errno Transport endpoint is not connected)
01-01 08:00:29.392 608 608 E sscrpcd : vendor/qcom/proprietary/adsprpc/src/fastrpc_apps_user.c:1348: Error 0x200: remote_handle_open failed for adsp_default_listener (errno Success)
01-01 08:00:29.392 608 608 E sscrpcd : vendor/qcom/proprietary/sensors-see/sscrpcd/src/sscrpcd.cpp:98:listener exits
01-01 08:00:29.392 608 608 I sscrpcd : vendor/qcom/proprietary/adsprpc/src/rpcmem_android.c:192: rpcmem_deinit_internal: closed ION fd 4
01-01 08:00:29.392 608 608 I sscrpcd : vendor/qcom/proprietary/adsprpc/src/fastrpc_pm.c:116: fastrpc_wake_lock_deinit done
01-01 08:00:29.392 608 608 I sscrpcd : vendor/qcom/proprietary/adsprpc/src/fastrpc_apps_user.c:3019: fastrpc_apps_user_deinit done
01-01 08:00:29.392 608 608 E sscrpcd : vendor/qcom/proprietary/sensors-see/sscrpcd/src/sscrpcd.cpp:109:sscrpcd daemon will restart after 25ms...
01-01 08:00:29.915 0 0 I subsys-pil-tz 8300000.qcom,turing: cdsp: Brought out of reset
01-01 08:00:29.922 0 0 W [drm] [msm-dsi-warn]: [hx82101+hx8692 video mode dsi truly panel] fallback to default te-pin-select
01-01 08:00:29.924 0 0 I subsys-pil-tz 8300000.qcom,turing: cdsp: Power/Clock ready interrupt received
01-01 08:00:29.945 0 0 I subsys-pil-tz 8300000.qcom,turing: Subsystem error monitoring/handling services are up
01-01 08:00:29.434 608 608 I sscrpcd : vendor/qcom/proprietary/adsprpc/src/rpcmem_android.c:159: rpcmem_init_internal: opened ION device fd 4, configured heap IDs: system (0x2000000), contig (0x400000), secure (0x200), secure flags (0x80080000)
01-01 08:00:29.434 608 608 I sscrpcd : vendor/qcom/proprietary/adsprpc/src/fastrpc_apps_user.c:3087: fastrpc_apps_user_init done with default domain:2 and &fastrpc_trace:0x7c0fc90fa0
01-01 08:00:29.434 608 608 E sscrpcd : vendor/qcom/proprietary/sensors-see/sscrpcd/src/sscrpcd.cpp:94:adsp_default_listener_start called for [sensorspd]
01-01 08:00:29.434 608 608 I sscrpcd : vendor/qcom/proprietary/adsprpc/src/fastrpc_pm.c:85: fastrpc_wake_lock_init done for sscrpcd:608
01-01 08:00:29.434 608 608 I sscrpcd : vendor/qcom/proprietary/adsprpc/src/fastrpc_apps_user.c:1733: wakelock_control: enabled wakelock control for domain 2
01-01 08:00:29.434 608 608 E sscrpcd : vendor/qcom/proprietary/sensors-see/sscrpcd/src/sscrpcd.cpp:65:fastrpc wakelock control is enabled
01-01 08:00:29.434 608 608 I sscrpcd : vendor/qcom/proprietary/adsprpc/src/fastrpc_apps_user.c:1345: remote_handle_open: Successfully opened handle 0x0 for '":;./\createstaticpd:sensorspd on domain 2
01-01 08:00:29.434 608 608 E sscrpcd : vendor/qcom/proprietary/adsprpc/src/fastrpc_apps_user.c:2870: Error 0x200: apps_dev_init failed for domain 2, errno Transport endpoint is not connected
01-01 08:00:29.434 608 608 E sscrpcd : vendor/qcom/proprietary/adsprpc/src/fastrpc_apps_user.c:2968: Error 0x200: open_dev (-1) failed for domain 2 (errno Transport endpoint is not connected)
01-01 08:00:29.434 608 608 E sscrpcd : vendor/qcom/proprietary/adsprpc/src/fastrpc_apps_user.c:1348: Error 0x200: remote_handle_open failed for adsp_default_listener (errno Success)
01-01 08:00:29.434 608 608 E sscrpcd : vendor/qcom/proprietary/sensors-see/sscrpcd/src/sscrpcd.cpp:98:listener exits
01-01 08:00:29.434 608 608 I sscrpcd : vendor/qcom/proprietary/adsprpc/src/rpcmem_android.c:192: rpcmem_deinit_internal: closed ION fd 4
01-01 08:00:29.434 608 608 I sscrpcd : vendor/qcom/proprietary/adsprpc/src/fastrpc_pm.c:116: fastrpc_wake_lock_deinit done
01-01 08:00:29.434 608 608 I sscrpcd : vendor/qcom/proprietary/adsprpc/src/fastrpc_apps_user.c:3019: fastrpc_apps_user_deinit done
01-01 08:00:29.434 608 608 E sscrpcd : vendor/qcom/proprietary/sensors-see/sscrpcd/src/sscrpcd.cpp:109:sscrpcd daemon will restart after 25ms...
01-01 08:00:29.460 608 608 I sscrpcd : vendor/qcom/proprietary/adsprpc/src/rpcmem_android.c:159: rpcmem_init_internal: opened ION device fd 4, configured heap IDs: system (0x2000000), contig (0x400000), secure (0x200), secure flags (0x80080000)
01-01 08:00:29.460 608 608 I sscrpcd : vendor/qcom/proprietary/adsprpc/src/fastrpc_apps_user.c:3087: fastrpc_apps_user_init done with default domain:2 and &fastrpc_trace:0x7c0fd23fa0
01-01 08:00:29.460 608 608 E sscrpcd : vendor/qcom/proprietary/sensors-see/sscrpcd/src/sscrpcd.cpp:94:adsp_default_listener_start called for [sensorspd]
01-01 08:00:29.460 608 608 I sscrpcd : vendor/qcom/proprietary/adsprpc/src/fastrpc_pm.c:85: fastrpc_wake_lock_init done for sscrpcd:608
01-01 08:00:29.460 608 608 I sscrpcd : vendor/qcom/proprietary/adsprpc/src/fastrpc_apps_user.c:1733: wakelock_control: enabled wakelock control for domain 2
01-01 08:00:29.460 608 608 E sscrpcd : vendor/qcom/proprietary/sensors-see/sscrpcd/src/sscrpcd.cpp:65:fastrpc wakelock control is enabled
01-01 08:00:29.460 608 608 I sscrpcd : vendor/qcom/proprietary/adsprpc/src/fastrpc_apps_user.c:1345: remote_handle_open: Successfully opened handle 0x0 for '":;./\createstaticpd:sensorspd on domain 2
