01-01 08:00:27.674 608 608 I sscrpcd : vendor/qcom/proprietary/adsprpc/src/fastrpc_pm.c:116: fastrpc_wake_lock_deinit done
01-01 08:00:27.674 608 608 I sscrpcd : vendor/qcom/proprietary/adsprpc/src/fastrpc_apps_user.c:3019: fastrpc_apps_user_deinit done
01-01 08:00:27.674 608 608 E sscrpcd : vendor/qcom/proprietary/sensors-see/sscrpcd/src/sscrpcd.cpp:109:sscrpcd daemon will restart after 25ms...
01-01 08:00:28.187 0 0 I init : processing action (load_persist_props_action) from (/system/etc/init/flags_health_check.rc:1)
01-01 08:00:28.191 0 0 I logd : logd reinit
01-01 08:00:22.459 594 594 I auditd : type=1400 audit(0.0:317): avc: denied { map } for comm="spdaemon" path="/dev/__properties__/u:object_r:charger_prop:s0" dev="tmpfs" ino=2284 scontext=u:r:vendor_spdaemon:s0 tcontext=u:object_r:charger_prop:s0 tclass=file permissive=1
01-01 08:00:22.459 594 594 I spdaemon: type=1400 audit(0.0:317): avc: denied { map } for path="/dev/__properties__/u:object_r:charger_prop:s0" dev="tmpfs" ino=2284 scontext=u:r:vendor_spdaemon:s0 tcontext=u:object_r:charger_prop:s0 tclass=file permissive=1
01-01 08:00:28.191 0 0 E logd : Cannot read /data/misc/logd/event-log-tags
01-01 08:00:28.191 0 0 E logd : FrameworkListener: read() failed (Connection reset by peer)
01-01 08:00:27.703 608 608 I sscrpcd : vendor/qcom/proprietary/adsprpc/src/rpcmem_android.c:159: rpcmem_init_internal: opened ION device fd 4, configured heap IDs: system (0x2000000), contig (0x400000), secure (0x200), secure flags (0x80080000)
01-01 08:00:27.703 608 608 I sscrpcd : vendor/qcom/proprietary/adsprpc/src/fastrpc_apps_user.c:3087: fastrpc_apps_user_init done with default domain:2 and &fastrpc_trace:0x7c0f2fefa0
01-01 08:00:27.704 608 608 E sscrpcd : vendor/qcom/proprietary/sensors-see/sscrpcd/src/sscrpcd.cpp:94:adsp_default_listener_start called for [sensorspd]
01-01 08:00:27.704 608 608 I sscrpcd : vendor/qcom/proprietary/adsprpc/src/fastrpc_pm.c:85: fastrpc_wake_lock_init done for sscrpcd:608
01-01 08:00:27.704 608 608 I sscrpcd : vendor/qcom/proprietary/adsprpc/src/fastrpc_apps_user.c:1733: wakelock_control: enabled wakelock control for domain 2
01-01 08:00:27.704 608 608 E sscrpcd : vendor/qcom/proprietary/sensors-see/sscrpcd/src/sscrpcd.cpp:65:fastrpc wakelock control is enabled
01-01 08:00:27.704 608 608 I sscrpcd : vendor/qcom/proprietary/adsprpc/src/fastrpc_apps_user.c:1345: remote_handle_open: Successfully opened handle 0x0 for '":;./\createstaticpd:sensorspd on domain 2
01-01 08:00:27.704 608 608 E sscrpcd : vendor/qcom/proprietary/adsprpc/src/fastrpc_apps_user.c:2870: Error 0x200: apps_dev_init failed for domain 2, errno Transport endpoint is not connected
01-01 08:00:27.704 608 608 E sscrpcd : vendor/qcom/proprietary/adsprpc/src/fastrpc_apps_user.c:2968: Error 0x200: open_dev (-1) failed for domain 2 (errno Transport endpoint is not connected)
01-01 08:00:27.704 608 608 E sscrpcd : vendor/qcom/proprietary/adsprpc/src/fastrpc_apps_user.c:1348: Error 0x200: remote_handle_open failed for adsp_default_listener (errno Success)
01-01 08:00:27.704 608 608 E sscrpcd : vendor/qcom/proprietary/sensors-see/sscrpcd/src/sscrpcd.cpp:98:listener exits
01-01 08:00:27.704 608 608 I sscrpcd : vendor/qcom/proprietary/adsprpc/src/rpcmem_android.c:192: rpcmem_deinit_internal: closed ION fd 4
01-01 08:00:27.704 608 608 I sscrpcd : vendor/qcom/proprietary/adsprpc/src/fastrpc_pm.c:116: fastrpc_wake_lock_deinit done
01-01 08:00:27.704 608 608 I sscrpcd : vendor/qcom/proprietary/adsprpc/src/fastrpc_apps_user.c:3019: fastrpc_apps_user_deinit done
01-01 08:00:27.704 608 608 E sscrpcd : vendor/qcom/proprietary/sensors-see/sscrpcd/src/sscrpcd.cpp:109:sscrpcd daemon will restart after 25ms...
01-01 08:00:22.459 594 594 I auditd : type=1400 audit(0.0:318): avc: denied { open } for comm="spdaemon" path="/dev/__properties__/u:object_r:codec2_config_prop:s0" dev="tmpfs" ino=2286 scontext=u:r:vendor_spdaemon:s0 tcontext=u:object_r:codec2_config_prop:s0 tclass=file permissive=1
01-01 08:00:22.459 594 594 I spdaemon: type=1400 audit(0.0:318): avc: denied { open } for path="/dev/__properties__/u:object_r:codec2_config_prop:s0" dev="tmpfs" ino=2286 scontext=u:r:vendor_spdaemon:s0 tcontext=u:object_r:codec2_config_prop:s0 tclass=file permissive=1
01-01 08:00:28.216 0 0 W init : Top-level directory needs encryption action, eg mkdir /data/server_configurable_flags encryption=Require
01-01 08:00:27.729 608 608 I sscrpcd : vendor/qcom/proprietary/adsprpc/src/rpcmem_android.c:159: rpcmem_init_internal: opened ION device fd 4, configured heap IDs: system (0x2000000), contig (0x400000), secure (0x200), secure flags (0x80080000)
01-01 08:00:27.729 608 608 I sscrpcd : vendor/qcom/proprietary/adsprpc/src/fastrpc_apps_user.c:3087: fastrpc_apps_user_init done with default domain:2 and &fastrpc_trace:0x7c0c0d4fa0
01-01 08:00:27.729 608 608 E sscrpcd : vendor/qcom/proprietary/sensors-see/sscrpcd/src/sscrpcd.cpp:94:adsp_default_listener_start called for [sensorspd]
01-01 08:00:27.729 608 608 I sscrpcd : vendor/qcom/proprietary/adsprpc/src/fastrpc_pm.c:85: fastrpc_wake_lock_init done for sscrpcd:608
01-01 08:00:27.729 608 608 I sscrpcd : vendor/qcom/proprietary/adsprpc/src/fastrpc_apps_user.c:1733: wakelock_control: enabled wakelock control for domain 2
01-01 08:00:27.729 608 608 E sscrpcd : vendor/qcom/proprietary/sensors-see/sscrpcd/src/sscrpcd.cpp:65:fastrpc wakelock control is enabled
01-01 08:00:27.729 608 608 I sscrpcd : vendor/qcom/proprietary/adsprpc/src/fastrpc_apps_user.c:1345: remote_handle_open: Successfully opened handle 0x0 for '":;./\createstaticpd:sensorspd on domain 2
01-01 08:00:27.729 608 608 E sscrpcd : vendor/qcom/proprietary/adsprpc/src/fastrpc_apps_user.c:2870: Error 0x200: apps_dev_init failed for domain 2, errno Transport endpoint is not connected
01-01 08:00:27.729 608 608 E sscrpcd : vendor/qcom/proprietary/adsprpc/src/fastrpc_apps_user.c:2968: Error 0x200: open_dev (-1) failed for domain 2 (errno Transport endpoint is not connected)
01-01 08:00:27.729 608 608 E sscrpcd : vendor/qcom/proprietary/adsprpc/src/fastrpc_apps_user.c:1348: Error 0x200: remote_handle_open failed for adsp_default_listener (errno Success)
01-01 08:00:27.729 608 608 E sscrpcd : vendor/qcom/proprietary/sensors-see/sscrpcd/src/sscrpcd.cpp:98:listener exits
01-01 08:00:27.729 608 608 I sscrpcd : vendor/qcom/proprietary/adsprpc/src/rpcmem_android.c:192: rpcmem_deinit_internal: closed ION fd 4
01-01 08:00:27.729 608 608 I sscrpcd : vendor/qcom/proprietary/adsprpc/src/fastrpc_pm.c:116: fastrpc_wake_lock_deinit done
01-01 08:00:27.729 608 608 I sscrpcd : vendor/qcom/proprietary/adsprpc/src/fastrpc_apps_user.c:3019: fastrpc_apps_user_deinit done
01-01 08:00:27.730 608 608 E sscrpcd : vendor/qcom/proprietary/sensors-see/sscrpcd/src/sscrpcd.cpp:109:sscrpcd daemon will restart after 25ms...
01-01 08:00:22.459 594 594 I auditd : type=1400 audit(0.0:319): avc: denied { getattr } for comm="spdaemon" path="/dev/__properties__/u:object_r:codec2_config_prop:s0" dev="tmpfs" ino=2286 scontext=u:r:vendor_spdaemon:s0 tcontext=u:object_r:codec2_config_prop:s0 tclass=file permissive=1
01-01 08:00:22.459 594 594 I spdaemon: type=1400 audit(0.0:319): avc: denied { getattr } for path="/dev/__properties__/u:object_r:codec2_config_prop:s0" dev="tmpfs" ino=2286 scontext=u:r:vendor_spdaemon:s0 tcontext=u:object_r:codec2_config_prop:s0 tclass=file permissive=1
01-01 08:00:27.755 608 608 I sscrpcd : vendor/qcom/proprietary/adsprpc/src/rpcmem_android.c:159: rpcmem_init_internal: opened ION device fd 4, configured heap IDs: system (0x2000000), contig (0x400000), secure (0x200), secure flags (0x80080000)
01-01 08:00:27.755 608 608 I sscrpcd : vendor/qcom/proprietary/adsprpc/src/fastrpc_apps_user.c:3087: fastrpc_apps_user_init done with default domain:2 and &fastrpc_trace:0x7c0e7e6fa0
01-01 08:00:27.755 608 608 E sscrpcd : vendor/qcom/proprietary/sensors-see/sscrpcd/src/sscrpcd.cpp:94:adsp_default_listener_start called for [sensorspd]
01-01 08:00:27.755 608 608 I sscrpcd : vendor/qcom/proprietary/adsprpc/src/fastrpc_pm.c:85: fastrpc_wake_lock_init done for sscrpcd:608
01-01 08:00:27.755 608 608 I sscrpcd : vendor/qcom/proprietary/adsprpc/src/fastrpc_apps_user.c:1733: wakelock_control: enabled wakelock control for domain 2
01-01 08:00:27.755 608 608 E sscrpcd : vendor/qcom/proprietary/sensors-see/sscrpcd/src/sscrpcd.cpp:65:fastrpc wakelock control is enabled
01-01 08:00:27.755 608 608 I sscrpcd : vendor/qcom/proprietary/adsprpc/src/fastrpc_apps_user.c:1345: remote_handle_open: Successfully opened handle 0x0 for '":;./\createstaticpd:sensorspd on domain 2
01-01 08:00:27.755 608 608 E sscrpcd : vendor/qcom/proprietary/adsprpc/src/fastrpc_apps_user.c:2870: Error 0x200: apps_dev_init failed for domain 2, errno Transport endpoint is not connected
01-01 08:00:27.755 608 608 E sscrpcd : vendor/qcom/proprietary/adsprpc/src/fastrpc_apps_user.c:2968: Error 0x200: open_dev (-1) failed for domain 2 (errno Transport endpoint is not connected)
01-01 08:00:27.755 608 608 E sscrpcd : vendor/qcom/proprietary/adsprpc/src/fastrpc_apps_user.c:1348: Error 0x200: remote_handle_open failed for adsp_default_listener (errno Success)
01-01 08:00:27.755 608 608 E sscrpcd : vendor/qcom/proprietary/sensors-see/sscrpcd/src/sscrpcd.cpp:98:listener exits
01-01 08:00:27.755 608 608 I sscrpcd : vendor/qcom/proprietary/adsprpc/src/rpcmem_android.c:192: rpcmem_deinit_internal: closed ION fd 4
01-01 08:00:27.755 608 608 I sscrpcd : vendor/qcom/proprietary/adsprpc/src/fastrpc_pm.c:116: fastrpc_wake_lock_deinit done
01-01 08:00:27.755 608 608 I sscrpcd : vendor/qcom/proprietary/adsprpc/src/fastrpc_apps_user.c:3019: fastrpc_apps_user_deinit done
01-01 08:00:27.755 608 608 E sscrpcd : vendor/qcom/proprietary/sensors-see/sscrpcd/src/sscrpcd.cpp:109:sscrpcd daemon will restart after 25ms...
01-01 08:00:28.249 0 0 I init : Verified that /data/server_configurable_flags has the encryption policy a417609c6fae0df5ff93e6892990e103 v2 modes 1/4 flags 0xa
01-01 08:00:28.285 0 0 I init : Command 'mkdir /data/server_configurable_flags 0775 system system' action=load_persist_props_action (/system/etc/init/flags_health_check.rc:4) took 68ms and succeeded
01-01 08:00:28.285 0 0 I init : Service 'logd-reinit' (pid 668) exited with status 0 oneshot service took 0.098000 seconds in background
01-01 08:00:27.781 608 608 I sscrpcd : vendor/qcom/proprietary/adsprpc/src/rpcmem_android.c:159: rpcmem_init_internal: opened ION device fd 4, configured heap IDs: system (0x2000000), contig (0x400000), secure (0x200), secure flags (0x80080000)
01-01 08:00:27.781 608 608 I sscrpcd : vendor/qcom/proprietary/adsprpc/src/fastrpc_apps_user.c:3087: fastrpc_apps_user_init done with default domain:2 and &fastrpc_trace:0x7c0fc51fa0
01-01 08:00:27.781 608 608 E sscrpcd : vendor/qcom/proprietary/sensors-see/sscrpcd/src/sscrpcd.cpp:94:adsp_default_listener_start called for [sensorspd]
01-01 08:00:27.781 608 608 I sscrpcd : vendor/qcom/proprietary/adsprpc/src/fastrpc_pm.c:85: fastrpc_wake_lock_init done for sscrpcd:608
01-01 08:00:27.781 608 608 I sscrpcd : vendor/qcom/proprietary/adsprpc/src/fastrpc_apps_user.c:1733: wakelock_control: enabled wakelock control for domain 2
01-01 08:00:27.781 608 608 E sscrpcd : vendor/qcom/proprietary/sensors-see/sscrpcd/src/sscrpcd.cpp:65:fastrpc wakelock control is enabled
01-01 08:00:27.781 608 608 I sscrpcd : vendor/qcom/proprietary/adsprpc/src/fastrpc_apps_user.c:1345: remote_handle_open: Successfully opened handle 0x0 for '":;./\createstaticpd:sensorspd on domain 2
01-01 08:00:27.781 608 608 E sscrpcd : vendor/qcom/proprietary/adsprpc/src/fastrpc_apps_user.c:2870: Error 0x200: apps_dev_init failed for domain 2, errno Transport endpoint is not connected
01-01 08:00:27.781 608 608 E sscrpcd : vendor/qcom/proprietary/adsprpc/src/fastrpc_apps_user.c:2968: Error 0x200: open_dev (-1) failed for domain 2 (errno Transport endpoint is not connected)
01-01 08:00:27.781 608 608 E sscrpcd : vendor/qcom/proprietary/adsprpc/src/fastrpc_apps_user.c:1348: Error 0x200: remote_handle_open failed for adsp_default_listener (errno Success)
01-01 08:00:27.781 608 608 E sscrpcd : vendor/qcom/proprietary/sensors-see/sscrpcd/src/sscrpcd.cpp:98:listener exits
01-01 08:00:27.781 608 608 I sscrpcd : vendor/qcom/proprietary/adsprpc/src/rpcmem_android.c:192: rpcmem_deinit_internal: closed ION fd 4
01-01 08:00:27.781 608 608 I sscrpcd : vendor/qcom/proprietary/adsprpc/src/fastrpc_pm.c:116: fastrpc_wake_lock_deinit done
01-01 08:00:27.781 608 608 I sscrpcd : vendor/qcom/proprietary/adsprpc/src/fastrpc_apps_user.c:3019: fastrpc_apps_user_deinit done
01-01 08:00:27.781 608 608 E sscrpcd : vendor/qcom/proprietary/sensors-see/sscrpcd/src/sscrpcd.cpp:109:sscrpcd daemon will restart after 25ms...
01-01 08:00:22.459 594 594 I auditd : type=1400 audit(0.0:320): avc: denied { map } for comm="spdaemon" path="/dev/__properties__/u:object_r:codec2_config_prop:s0" dev="tmpfs" ino=2286 scontext=u:r:vendor_spdaemon:s0 tcontext=u:object_r:codec2_config_prop:s0 tclass=file permissive=1
01-01 08:00:22.459 594 594 I spdaemon: type=1400 audit(0.0:320): avc: denied { map } for path="/dev/__properties__/u:object_r:codec2_config_prop:s0" dev="tmpfs" ino=2286 scontext=u:r:vendor_spdaemon:s0 tcontext=u:object_r:codec2_config_prop:s0 tclass=file permissive=1
01-01 08:00:28.324 0 0 I init : Sending signal 9 to service 'logd-reinit' (pid 668) process group...
01-01 08:00:27.811 608 608 I sscrpcd : vendor/qcom/proprietary/adsprpc/src/rpcmem_android.c:159: rpcmem_init_internal: opened ION device fd 4, configured heap IDs: system (0x2000000), contig (0x400000), secure (0x200), secure flags (0x80080000)
01-01 08:00:27.811 608 608 I sscrpcd : vendor/qcom/proprietary/adsprpc/src/fastrpc_apps_user.c:3087: fastrpc_apps_user_init done with default domain:2 and &fastrpc_trace:0x7c0fd37fa0
01-01 08:00:27.811 608 608 E sscrpcd : vendor/qcom/proprietary/sensors-see/sscrpcd/src/sscrpcd.cpp:94:adsp_default_listener_start called for [sensorspd]
01-01 08:00:27.811 608 608 I sscrpcd : vendor/qcom/proprietary/adsprpc/src/fastrpc_pm.c:85: fastrpc_wake_lock_init done for sscrpcd:608
01-01 08:00:27.811 608 608 I sscrpcd : vendor/qcom/proprietary/adsprpc/src/fastrpc_apps_user.c:1733: wakelock_control: enabled wakelock control for domain 2
01-01 08:00:27.811 608 608 E sscrpcd : vendor/qcom/proprietary/sensors-see/sscrpcd/src/sscrpcd.cpp:65:fastrpc wakelock control is enabled
01-01 08:00:27.811 608 608 I sscrpcd : vendor/qcom/proprietary/adsprpc/src/fastrpc_apps_user.c:1345: remote_handle_open: Successfully opened handle 0x0 for '":;./\createstaticpd:sensorspd on domain 2
01-01 08:00:27.811 608 608 E sscrpcd : vendor/qcom/proprietary/adsprpc/src/fastrpc_apps_user.c:2870: Error 0x200: apps_dev_init failed for domain 2, errno Transport endpoint is not connected
01-01 08:00:27.811 608 608 E sscrpcd : vendor/qcom/proprietary/adsprpc/src/fastrpc_apps_user.c:2968: Error 0x200: open_dev (-1) failed for domain 2 (errno Transport endpoint is not connected)
01-01 08:00:27.811 608 608 E sscrpcd : vendor/qcom/proprietary/adsprpc/src/fastrpc_apps_user.c:1348: Error 0x200: remote_handle_open failed for adsp_default_listener (errno Success)
01-01 08:00:27.811 608 608 E sscrpcd : vendor/qcom/proprietary/sensors-see/sscrpcd/src/sscrpcd.cpp:98:listener exits
01-01 08:00:27.811 608 608 I sscrpcd : vendor/qcom/proprietary/adsprpc/src/rpcmem_android.c:192: rpcmem_deinit_internal: closed ION fd 4
01-01 08:00:27.811 608 608 I sscrpcd : vendor/qcom/proprietary/adsprpc/src/fastrpc_pm.c:116: fastrpc_wake_lock_deinit done
01-01 08:00:27.811 608 608 I sscrpcd : vendor/qcom/proprietary/adsprpc/src/fastrpc_apps_user.c:3019: fastrpc_apps_user_deinit done
01-01 08:00:27.811 608 608 E sscrpcd : vendor/qcom/proprietary/sensors-see/sscrpcd/src/sscrpcd.cpp:109:sscrpcd daemon will restart after 25ms...
01-01 08:00:28.324 0 0 I libprocessgroup: Successfully killed process cgroup uid 1036 pid 668 in 0ms
01-01 08:00:22.459 594 594 I auditd : type=1400 audit(0.0:321): avc: denied { open } for comm="spdaemon" path="/dev/__properties__/u:object_r:cold_boot_done_prop:s0" dev="tmpfs" ino=2287 scontext=u:r:vendor_spdaemon:s0 tcontext=u:object_r:cold_boot_done_prop:s0 tclass=file permissive=1
01-01 08:00:22.459 594 594 I spdaemon: type=1400 audit(0.0:321): avc: denied { open } for path="/dev/__properties__/u:object_r:cold_boot_done_prop:s0" dev="tmpfs" ino=2287 scontext=u:r:vendor_spdaemon:s0 tcontext=u:object_r:cold_boot_done_prop:s0 tclass=file permissive=1
01-01 08:00:27.837 608 608 I sscrpcd : vendor/qcom/proprietary/adsprpc/src/rpcmem_android.c:159: rpcmem_init_internal: opened ION device fd 4, configured heap IDs: system (0x2000000), contig (0x400000), secure (0x200), secure flags (0x80080000)
01-01 08:00:27.837 608 608 I sscrpcd : vendor/qcom/proprietary/adsprpc/src/fastrpc_apps_user.c:3087: fastrpc_apps_user_init done with default domain:2 and &fastrpc_trace:0x7c0fc4afa0
01-01 08:00:27.837 608 608 E sscrpcd : vendor/qcom/proprietary/sensors-see/sscrpcd/src/sscrpcd.cpp:94:adsp_default_listener_start called for [sensorspd]
01-01 08:00:27.837 608 608 I sscrpcd : vendor/qcom/proprietary/adsprpc/src/fastrpc_pm.c:85: fastrpc_wake_lock_init done for sscrpcd:608
01-01 08:00:27.837 608 608 I sscrpcd : vendor/qcom/proprietary/adsprpc/src/fastrpc_apps_user.c:1733: wakelock_control: enabled wakelock control for domain 2
01-01 08:00:27.837 608 608 E sscrpcd : vendor/qcom/proprietary/sensors-see/sscrpcd/src/sscrpcd.cpp:65:fastrpc wakelock control is enabled
01-01 08:00:27.837 608 608 I sscrpcd : vendor/qcom/proprietary/adsprpc/src/fastrpc_apps_user.c:1345: remote_handle_open: Successfully opened handle 0x0 for '":;./\createstaticpd:sensorspd on domain 2
01-01 08:00:27.837 608 608 E sscrpcd : vendor/qcom/proprietary/adsprpc/src/fastrpc_apps_user.c:2870: Error 0x200: apps_dev_init failed for domain 2, errno Transport endpoint is not connected
01-01 08:00:27.837 608 608 E sscrpcd : vendor/qcom/proprietary/adsprpc/src/fastrpc_apps_user.c:2968: Error 0x200: open_dev (-1) failed for domain 2 (errno Transport endpoint is not connected)
01-01 08:00:27.837 608 608 E sscrpcd : vendor/qcom/proprietary/adsprpc/src/fastrpc_apps_user.c:1348: Error 0x200: remote_handle_open failed for adsp_default_listener (errno Success)
01-01 08:00:27.837 608 608 E sscrpcd : vendor/qcom/proprietary/sensors-see/sscrpcd/src/sscrpcd.cpp:98:listener exits
01-01 08:00:27.837 608 608 I sscrpcd : vendor/qcom/proprietary/adsprpc/src/rpcmem_android.c:192: rpcmem_deinit_internal: closed ION fd 4
01-01 08:00:27.837 608 608 I sscrpcd : vendor/qcom/proprietary/adsprpc/src/fastrpc_pm.c:116: fastrpc_wake_lock_deinit done
01-01 08:00:27.837 608 608 I sscrpcd : vendor/qcom/proprietary/adsprpc/src/fastrpc_apps_user.c:3019: fastrpc_apps_user_deinit done
01-01 08:00:27.837 608 608 E sscrpcd : vendor/qcom/proprietary/sensors-see/sscrpcd/src/sscrpcd.cpp:109:sscrpcd daemon will restart after 25ms...
01-01 08:00:27.863 608 608 I sscrpcd : vendor/qcom/proprietary/adsprpc/src/rpcmem_android.c:159: rpcmem_init_internal: opened ION device fd 4, configured heap IDs: system (0x2000000), contig (0x400000), secure (0x200), secure flags (0x80080000)
01-01 08:00:27.863 608 608 I sscrpcd : vendor/qcom/proprietary/adsprpc/src/fastrpc_apps_user.c:3087: fastrpc_apps_user_init done with default domain:2 and &fastrpc_trace:0x7c0fc77fa0
01-01 08:00:27.863 608 608 E sscrpcd : vendor/qcom/proprietary/sensors-see/sscrpcd/src/sscrpcd.cpp:94:adsp_default_listener_start called for [sensorspd]
01-01 08:00:27.863 608 608 I sscrpcd : vendor/qcom/proprietary/adsprpc/src/fastrpc_pm.c:85: fastrpc_wake_lock_init done for sscrpcd:608
01-01 08:00:27.863 608 608 I sscrpcd : vendor/qcom/proprietary/adsprpc/src/fastrpc_apps_user.c:1733: wakelock_control: enabled wakelock control for domain 2
01-01 08:00:27.863 608 608 E sscrpcd : vendor/qcom/proprietary/sensors-see/sscrpcd/src/sscrpcd.cpp:65:fastrpc wakelock control is enabled
01-01 08:00:27.863 608 608 I sscrpcd : vendor/qcom/proprietary/adsprpc/src/fastrpc_apps_user.c:1345: remote_handle_open: Successfully opened handle 0x0 for '":;./\createstaticpd:sensorspd on domain 2
01-01 08:00:27.863 608 608 E sscrpcd : vendor/qcom/proprietary/adsprpc/src/fastrpc_apps_user.c:2870: Error 0x200: apps_dev_init failed for domain 2, errno Transport endpoint is not connected
01-01 08:00:27.863 608 608 E sscrpcd : vendor/qcom/proprietary/adsprpc/src/fastrpc_apps_user.c:2968: Error 0x200: open_dev (-1) failed for domain 2 (errno Transport endpoint is not connected)
01-01 08:00:27.863 608 608 E sscrpcd : vendor/qcom/proprietary/adsprpc/src/fastrpc_apps_user.c:1348: Error 0x200: remote_handle_open failed for adsp_default_listener (errno Success)
01-01 08:00:27.863 608 608 E sscrpcd : vendor/qcom/proprietary/sensors-see/sscrpcd/src/sscrpcd.cpp:98:listener exits
01-01 08:00:27.863 608 608 I sscrpcd : vendor/qcom/proprietary/adsprpc/src/rpcmem_android.c:192: rpcmem_deinit_internal: closed ION fd 4
01-01 08:00:27.863 608 608 I sscrpcd : vendor/qcom/proprietary/adsprpc/src/fastrpc_pm.c:116: fastrpc_wake_lock_deinit done
01-01 08:00:27.863 608 608 I sscrpcd : vendor/qcom/proprietary/adsprpc/src/fastrpc_apps_user.c:3019: fastrpc_apps_user_deinit done
01-01 08:00:27.863 608 608 E sscrpcd : vendor/qcom/proprietary/sensors-see/sscrpcd/src/sscrpcd.cpp:109:sscrpcd daemon will restart after 25ms...
01-01 08:00:22.459 594 594 I auditd : type=1400 audit(0.0:322): avc: denied { getattr } for comm="spdaemon" path="/dev/__properties__/u:object_r:cold_boot_done_prop:s0" dev="tmpfs" ino=2287 scontext=u:r:vendor_spdaemon:s0 tcontext=u:object_r:cold_boot_done_prop:s0 tclass=file permissive=1
01-01 08:00:22.459 594 594 I spdaemon: type=1400 audit(0.0:322): avc: denied { getattr } for path="/dev/__properties__/u:object_r:cold_boot_done_prop:s0" dev="tmpfs" ino=2287 scontext=u:r:vendor_spdaemon:s0 tcontext=u:object_r:cold_boot_done_prop:s0 tclass=file permissive=1
01-01 08:00:28.360 0 0 I init : starting service 'exec 17 (/system/bin/flags_health_check BOOT_FAILURE)'...
01-01 08:00:27.887 669 669 I flags_health_check: ServerConfigurableFlagsReset reset_mode value: 0
01-01 08:00:27.887 669 669 I flags_health_check: ServerConfigurableFlagsReset attempted boot count is under threshold, skipping reset.
01-01 08:00:22.459 594 594 I auditd : type=1400 audit(0.0:323): avc: denied { map } for comm="spdaemon" path="/dev/__properties__/u:object_r:cold_boot_done_prop:s0" dev="tmpfs" ino=2287 scontext=u:r:vendor_spdaemon:s0 tcontext=u:object_r:cold_boot_done_prop:s0 tclass=file permissive=1
01-01 08:00:22.459 594 594 I spdaemon: type=1400 audit(0.0:323): avc: denied { map } for path="/dev/__properties__/u:object_r:cold_boot_done_prop:s0" dev="tmpfs" ino=2287 scontext=u:r:vendor_spdaemon:s0 tcontext=u:object_r:cold_boot_done_prop:s0 tclass=file permissive=1
01-01 08:00:27.903 608 608 I sscrpcd : vendor/qcom/proprietary/adsprpc/src/rpcmem_android.c:159: rpcmem_init_internal: opened ION device fd 4, configured heap IDs: system (0x2000000), contig (0x400000), secure (0x200), secure flags (0x80080000)
01-01 08:00:27.903 608 608 I sscrpcd : vendor/qcom/proprietary/adsprpc/src/fastrpc_apps_user.c:3087: fastrpc_apps_user_init done with default domain:2 and &fastrpc_trace:0x7c0fd08fa0
01-01 08:00:27.903 608 608 E sscrpcd : vendor/qcom/proprietary/sensors-see/sscrpcd/src/sscrpcd.cpp:94:adsp_default_listener_start called for [sensorspd]
01-01 08:00:27.903 608 608 I sscrpcd : vendor/qcom/proprietary/adsprpc/src/fastrpc_pm.c:85: fastrpc_wake_lock_init done for sscrpcd:608
01-01 08:00:27.903 608 608 I sscrpcd : vendor/qcom/proprietary/adsprpc/src/fastrpc_apps_user.c:1733: wakelock_control: enabled wakelock control for domain 2
01-01 08:00:27.903 608 608 E sscrpcd : vendor/qcom/proprietary/sensors-see/sscrpcd/src/sscrpcd.cpp:65:fastrpc wakelock control is enabled
01-01 08:00:27.903 608 608 I sscrpcd : vendor/qcom/proprietary/adsprpc/src/fastrpc_apps_user.c:1345: remote_handle_open: Successfully opened handle 0x0 for '":;./\createstaticpd:sensorspd on domain 2
01-01 08:00:27.903 608 608 E sscrpcd : vendor/qcom/proprietary/adsprpc/src/fastrpc_apps_user.c:2870: Error 0x200: apps_dev_init failed for domain 2, errno Transport endpoint is not connected
01-01 08:00:27.903 608 608 E sscrpcd : vendor/qcom/proprietary/adsprpc/src/fastrpc_apps_user.c:2968: Error 0x200: open_dev (-1) failed for domain 2 (errno Transport endpoint is not connected)
01-01 08:00:27.903 608 608 E sscrpcd : vendor/qcom/proprietary/adsprpc/src/fastrpc_apps_user.c:1348: Error 0x200: remote_handle_open failed for adsp_default_listener (errno Success)
01-01 08:00:27.903 608 608 E sscrpcd : vendor/qcom/proprietary/sensors-see/sscrpcd/src/sscrpcd.cpp:98:listener exits
01-01 08:00:27.904 608 608 I sscrpcd : vendor/qcom/proprietary/adsprpc/src/rpcmem_android.c:192: rpcmem_deinit_internal: closed ION fd 4
01-01 08:00:27.904 608 608 I sscrpcd : vendor/qcom/proprietary/adsprpc/src/fastrpc_pm.c:116: fastrpc_wake_lock_deinit done
01-01 08:00:27.904 608 608 I sscrpcd : vendor/qcom/proprietary/adsprpc/src/fastrpc_apps_user.c:3019: fastrpc_apps_user_deinit done
01-01 08:00:27.904 608 608 E sscrpcd : vendor/qcom/proprietary/sensors-see/sscrpcd/src/sscrpcd.cpp:109:sscrpcd daemon will restart after 25ms...
01-01 08:00:28.395 0 0 I init : SVC_EXEC service 'exec 17 (/system/bin/flags_health_check BOOT_FAILURE)' pid 669 (uid 1000 gid 1000+0 context default) started; waiting...
01-01 08:00:28.424 0 0 I init : Command 'exec - system system -- /system/bin/flags_health_check BOOT_FAILURE' action=load_persist_props_action (/system/etc/init/flags_health_check.rc:5) took 64ms and succeeded
01-01 08:00:27.929 608 608 I sscrpcd : vendor/qcom/proprietary/adsprpc/src/rpcmem_android.c:159: rpcmem_init_internal: opened ION device fd 4, configured heap IDs: system (0x2000000), contig (0x400000), secure (0x200), secure flags (0x80080000)
01-01 08:00:27.929 608 608 I sscrpcd : vendor/qcom/proprietary/adsprpc/src/fastrpc_apps_user.c:3087: fastrpc_apps_user_init done with default domain:2 and &fastrpc_trace:0x7c0fc56fa0
01-01 08:00:27.929 608 608 E sscrpcd : vendor/qcom/proprietary/sensors-see/sscrpcd/src/sscrpcd.cpp:94:adsp_default_listener_start called for [sensorspd]
01-01 08:00:27.929 608 608 I sscrpcd : vendor/qcom/proprietary/adsprpc/src/fastrpc_pm.c:85: fastrpc_wake_lock_init done for sscrpcd:608
01-01 08:00:27.929 608 608 I sscrpcd : vendor/qcom/proprietary/adsprpc/src/fastrpc_apps_user.c:1733: wakelock_control: enabled wakelock control for domain 2
01-01 08:00:27.929 608 608 E sscrpcd : vendor/qcom/proprietary/sensors-see/sscrpcd/src/sscrpcd.cpp:65:fastrpc wakelock control is enabled
01-01 08:00:27.929 608 608 I sscrpcd : vendor/qcom/proprietary/adsprpc/src/fastrpc_apps_user.c:1345: remote_handle_open: Successfully opened handle 0x0 for '":;./\createstaticpd:sensorspd on domain 2
01-01 08:00:27.929 608 608 E sscrpcd : vendor/qcom/proprietary/adsprpc/src/fastrpc_apps_user.c:2870: Error 0x200: apps_dev_init failed for domain 2, errno Transport endpoint is not connected
01-01 08:00:27.929 608 608 E sscrpcd : vendor/qcom/proprietary/adsprpc/src/fastrpc_apps_user.c:2968: Error 0x200: open_dev (-1) failed for domain 2 (errno Transport endpoint is not connected)
01-01 08:00:27.929 608 608 E sscrpcd : vendor/qcom/proprietary/adsprpc/src/fastrpc_apps_user.c:1348: Error 0x200: remote_handle_open failed for adsp_default_listener (errno Success)
01-01 08:00:27.929 608 608 E sscrpcd : vendor/qcom/proprietary/sensors-see/sscrpcd/src/sscrpcd.cpp:98:listener exits
01-01 08:00:27.929 608 608 I sscrpcd : vendor/qcom/proprietary/adsprpc/src/rpcmem_android.c:192: rpcmem_deinit_internal: closed ION fd 4
01-01 08:00:27.929 608 608 I sscrpcd : vendor/qcom/proprietary/adsprpc/src/fastrpc_pm.c:116: fastrpc_wake_lock_deinit done
01-01 08:00:27.929 608 608 I sscrpcd : vendor/qcom/proprietary/adsprpc/src/fastrpc_apps_user.c:3019: fastrpc_apps_user_deinit done
01-01 08:00:27.929 608 608 E sscrpcd : vendor/qcom/proprietary/sensors-see/sscrpcd/src/sscrpcd.cpp:109:sscrpcd daemon will restart after 25ms...
01-01 08:00:22.459 594 594 I auditd : type=1400 audit(0.0:324): avc: denied { open } for comm="spdaemon" path="/dev/__properties__/u:object_r:config_prop:s0" dev="tmpfs" ino=2288 scontext=u:r:vendor_spdaemon:s0 tcontext=u:object_r:config_prop:s0 tclass=file permissive=1
01-01 08:00:22.459 594 594 I spdaemon: type=1400 audit(0.0:324): avc: denied { open } for path="/dev/__properties__/u:object_r:config_prop:s0" dev="tmpfs" ino=2288 scontext=u:r:vendor_spdaemon:s0 tcontext=u:object_r:config_prop:s0 tclass=file permissive=1
01-01 08:00:27.955 608 608 I sscrpcd : vendor/qcom/proprietary/adsprpc/src/rpcmem_android.c:159: rpcmem_init_internal: opened ION device fd 4, configured heap IDs: system (0x2000000), contig (0x400000), secure (0x200), secure flags (0x80080000)
01-01 08:00:27.955 608 608 I sscrpcd : vendor/qcom/proprietary/adsprpc/src/fastrpc_apps_user.c:3087: fastrpc_apps_user_init done with default domain:2 and &fastrpc_trace:0x7c0d54dfa0
01-01 08:00:27.955 608 608 E sscrpcd : vendor/qcom/proprietary/sensors-see/sscrpcd/src/sscrpcd.cpp:94:adsp_default_listener_start called for [sensorspd]
01-01 08:00:27.955 608 608 I sscrpcd : vendor/qcom/proprietary/adsprpc/src/fastrpc_pm.c:85: fastrpc_wake_lock_init done for sscrpcd:608
01-01 08:00:27.955 608 608 I sscrpcd : vendor/qcom/proprietary/adsprpc/src/fastrpc_apps_user.c:1733: wakelock_control: enabled wakelock control for domain 2
01-01 08:00:27.955 608 608 E sscrpcd : vendor/qcom/proprietary/sensors-see/sscrpcd/src/sscrpcd.cpp:65:fastrpc wakelock control is enabled
01-01 08:00:27.955 608 608 I sscrpcd : vendor/qcom/proprietary/adsprpc/src/fastrpc_apps_user.c:1345: remote_handle_open: Successfully opened handle 0x0 for '":;./\createstaticpd:sensorspd on domain 2
01-01 08:00:27.955 608 608 E sscrpcd : vendor/qcom/proprietary/adsprpc/src/fastrpc_apps_user.c:2870: Error 0x200: apps_dev_init failed for domain 2, errno Transport endpoint is not connected
01-01 08:00:27.955 608 608 E sscrpcd : vendor/qcom/proprietary/adsprpc/src/fastrpc_apps_user.c:2968: Error 0x200: open_dev (-1) failed for domain 2 (errno Transport endpoint is not connected)
01-01 08:00:27.955 608 608 E sscrpcd : vendor/qcom/proprietary/adsprpc/src/fastrpc_apps_user.c:1348: Error 0x200: remote_handle_open failed for adsp_default_listener (errno Success)
01-01 08:00:27.955 608 608 E sscrpcd : vendor/qcom/proprietary/sensors-see/sscrpcd/src/sscrpcd.cpp:98:listener exits
01-01 08:00:27.955 608 608 I sscrpcd : vendor/qcom/proprietary/adsprpc/src/rpcmem_android.c:192: rpcmem_deinit_internal: closed ION fd 4
01-01 08:00:27.955 608 608 I sscrpcd : vendor/qcom/proprietary/adsprpc/src/fastrpc_pm.c:116: fastrpc_wake_lock_deinit done
01-01 08:00:27.955 608 608 I sscrpcd : vendor/qcom/proprietary/adsprpc/src/fastrpc_apps_user.c:3019: fastrpc_apps_user_deinit done
01-01 08:00:27.955 608 608 E sscrpcd : vendor/qcom/proprietary/sensors-see/sscrpcd/src/sscrpcd.cpp:109:sscrpcd daemon will restart after 25ms...
01-01 08:00:22.459 594 594 I auditd : type=1400 audit(0.0:325): avc: denied { getattr } for comm="spdaemon" path="/dev/__properties__/u:object_r:config_prop:s0" dev="tmpfs" ino=2288 scontext=u:r:vendor_spdaemon:s0 tcontext=u:object_r:config_prop:s0 tclass=file permissive=1
01-01 08:00:22.459 594 594 I spdaemon: type=1400 audit(0.0:325): avc: denied { getattr } for path="/dev/__properties__/u:object_r:config_prop:s0" dev="tmpfs" ino=2288 scontext=u:r:vendor_spdaemon:s0 tcontext=u:object_r:config_prop:s0 tclass=file permissive=1
01-01 08:00:27.981 608 608 I sscrpcd : vendor/qcom/proprietary/adsprpc/src/rpcmem_android.c:159: rpcmem_init_internal: opened ION device fd 4, configured heap IDs: system (0x2000000), contig (0x400000), secure (0x200), secure flags (0x80080000)
01-01 08:00:27.981 608 608 I sscrpcd : vendor/qcom/proprietary/adsprpc/src/fastrpc_apps_user.c:3087: fastrpc_apps_user_init done with default domain:2 and &fastrpc_trace:0x7c0fcd1fa0
01-01 08:00:27.981 608 608 E sscrpcd : vendor/qcom/proprietary/sensors-see/sscrpcd/src/sscrpcd.cpp:94:adsp_default_listener_start called for [sensorspd]
01-01 08:00:27.981 608 608 I sscrpcd : vendor/qcom/proprietary/adsprpc/src/fastrpc_pm.c:85: fastrpc_wake_lock_init done for sscrpcd:608
01-01 08:00:27.981 608 608 I sscrpcd : vendor/qcom/proprietary/adsprpc/src/fastrpc_apps_user.c:1733: wakelock_control: enabled wakelock control for domain 2
01-01 08:00:27.981 608 608 E sscrpcd : vendor/qcom/proprietary/sensors-see/sscrpcd/src/sscrpcd.cpp:65:fastrpc wakelock control is enabled
01-01 08:00:27.981 608 608 I sscrpcd : vendor/qcom/proprietary/adsprpc/src/fastrpc_apps_user.c:1345: remote_handle_open: Successfully opened handle 0x0 for '":;./\createstaticpd:sensorspd on domain 2
01-01 08:00:27.981 608 608 E sscrpcd : vendor/qcom/proprietary/adsprpc/src/fastrpc_apps_user.c:2870: Error 0x200: apps_dev_init failed for domain 2, errno Transport endpoint is not connected
01-01 08:00:27.981 608 608 E sscrpcd : vendor/qcom/proprietary/adsprpc/src/fastrpc_apps_user.c:2968: Error 0x200: open_dev (-1) failed for domain 2 (errno Transport endpoint is not connected)
01-01 08:00:27.981 608 608 E sscrpcd : vendor/qcom/proprietary/adsprpc/src/fastrpc_apps_user.c:1348: Error 0x200: remote_handle_open failed for adsp_default_listener (errno Success)
01-01 08:00:27.981 608 608 E sscrpcd : vendor/qcom/proprietary/sensors-see/sscrpcd/src/sscrpcd.cpp:98:listener exits
01-01 08:00:27.981 608 608 I sscrpcd : vendor/qcom/proprietary/adsprpc/src/rpcmem_android.c:192: rpcmem_deinit_internal: closed ION fd 4
01-01 08:00:27.981 608 608 I sscrpcd : vendor/qcom/proprietary/adsprpc/src/fastrpc_pm.c:116: fastrpc_wake_lock_deinit done
01-01 08:00:27.981 608 608 I sscrpcd : vendor/qcom/proprietary/adsprpc/src/fastrpc_apps_user.c:3019: fastrpc_apps_user_deinit done
01-01 08:00:27.981 608 608 E sscrpcd : vendor/qcom/proprietary/sensors-see/sscrpcd/src/sscrpcd.cpp:109:sscrpcd daemon will restart after 25ms...
01-01 08:00:28.469 0 0 I init : Service 'exec 17 (/system/bin/flags_health_check BOOT_FAILURE)' (pid 669) exited with status 0 waiting took 0.074000 seconds
01-01 08:00:28.497 0 0 D cnss : MHI status cb is called with reason MISSION_MODE(6)
01-01 08:00:28.497 0 0 D cnss : Notify MHI to use already allocated images
01-01 08:00:28.497 0 0 D cnss : PM relax, state: 0x8, count: 0
01-01 08:00:28.500 0 0 E register_client_adhoc: find path.src 1 dest 589
01-01 08:00:28.500 0 0 E register_client_adhoc: Failed to find path.src 1 dest 589
01-01 08:00:28.501 0 0 E : [drm:dp_display_init_aux_switch][msm-dp-err][79 ]failed to register notifier (-22)
01-01 08:00:28.501 0 0 E register_client_adhoc: find path.src 1 dest 589
01-01 08:00:28.501 0 0 E register_client_adhoc: Failed to find path.src 1 dest 589
01-01 08:00:28.502 0 0 E : [drm:dp_display_init_aux_switch][msm-dp-err][78 ]failed to register notifier (-22)
01-01 08:00:28.502 0 0 E register_client_adhoc: find path.src 1 dest 589
01-01 08:00:22.459 594 594 I auditd : type=1400 audit(0.0:326): avc: denied { map } for comm="spdaemon" path="/dev/__properties__/u:object_r:config_prop:s0" dev="tmpfs" ino=2288 scontext=u:r:vendor_spdaemon:s0 tcontext=u:object_r:config_prop:s0 tclass=file permissive=1
01-01 08:00:22.459 594 594 I spdaemon: type=1400 audit(0.0:326): avc: denied { map } for path="/dev/__properties__/u:object_r:config_prop:s0" dev="tmpfs" ino=2288 scontext=u:r:vendor_spdaemon:s0 tcontext=u:object_r:config_prop:s0 tclass=file permissive=1
01-01 08:00:28.502 0 0 E register_client_adhoc: Failed to find path.src 1 dest 589
01-01 08:00:28.504 0 0 I init : Sending signal 9 to service 'exec 17 (/system/bin/flags_health_check BOOT_FAILURE)' (pid 669) process group...
01-01 08:00:28.007 608 608 I sscrpcd : vendor/qcom/proprietary/adsprpc/src/rpcmem_android.c:159: rpcmem_init_internal: opened ION device fd 4, configured heap IDs: system (0x2000000), contig (0x400000), secure (0x200), secure flags (0x80080000)
01-01 08:00:28.007 608 608 I sscrpcd : vendor/qcom/proprietary/adsprpc/src/fastrpc_apps_user.c:3087: fastrpc_apps_user_init done with default domain:2 and &fastrpc_trace:0x7c0fc75fa0
01-01 08:00:28.007 608 608 E sscrpcd : vendor/qcom/proprietary/sensors-see/sscrpcd/src/sscrpcd.cpp:94:adsp_default_listener_start called for [sensorspd]
01-01 08:00:28.007 608 608 I sscrpcd : vendor/qcom/proprietary/adsprpc/src/fastrpc_pm.c:85: fastrpc_wake_lock_init done for sscrpcd:608
01-01 08:00:28.007 608 608 I sscrpcd : vendor/qcom/proprietary/adsprpc/src/fastrpc_apps_user.c:1733: wakelock_control: enabled wakelock control for domain 2
01-01 08:00:28.007 608 608 E sscrpcd : vendor/qcom/proprietary/sensors-see/sscrpcd/src/sscrpcd.cpp:65:fastrpc wakelock control is enabled
01-01 08:00:28.007 608 608 I sscrpcd : vendor/qcom/proprietary/adsprpc/src/fastrpc_apps_user.c:1345: remote_handle_open: Successfully opened handle 0x0 for '":;./\createstaticpd:sensorspd on domain 2
01-01 08:00:28.007 608 608 E sscrpcd : vendor/qcom/proprietary/adsprpc/src/fastrpc_apps_user.c:2870: Error 0x200: apps_dev_init failed for domain 2, errno Transport endpoint is not connected
01-01 08:00:28.007 608 608 E sscrpcd : vendor/qcom/proprietary/adsprpc/src/fastrpc_apps_user.c:2968: Error 0x200: open_dev (-1) failed for domain 2 (errno Transport endpoint is not connected)
01-01 08:00:28.007 608 608 E sscrpcd : vendor/qcom/proprietary/adsprpc/src/fastrpc_apps_user.c:1348: Error 0x200: remote_handle_open failed for adsp_default_listener (errno Success)
01-01 08:00:28.007 608 608 E sscrpcd : vendor/qcom/proprietary/sensors-see/sscrpcd/src/sscrpcd.cpp:98:listener exits
01-01 08:00:28.007 608 608 I sscrpcd : vendor/qcom/proprietary/adsprpc/src/rpcmem_android.c:192: rpcmem_deinit_internal: closed ION fd 4
01-01 08:00:28.007 608 608 I sscrpcd : vendor/qcom/proprietary/adsprpc/src/fastrpc_pm.c:116: fastrpc_wake_lock_deinit done
01-01 08:00:28.007 608 608 I sscrpcd : vendor/qcom/proprietary/adsprpc/src/fastrpc_apps_user.c:3019: fastrpc_apps_user_deinit done
01-01 08:00:28.007 608 608 E sscrpcd : vendor/qcom/proprietary/sensors-see/sscrpcd/src/sscrpcd.cpp:109:sscrpcd daemon will restart after 25ms...
01-01 08:00:22.459 594 594 I auditd : type=1400 audit(0.0:327): avc: denied { open } for comm="spdaemon" path="/dev/__properties__/u:object_r:cppreopt_prop:s0" dev="tmpfs" ino=2289 scontext=u:r:vendor_spdaemon:s0 tcontext=u:object_r:cppreopt_prop:s0 tclass=file permissive=1
01-01 08:00:22.459 594 594 I spdaemon: type=1400 audit(0.0:327): avc: denied { open } for path="/dev/__properties__/u:object_r:cppreopt_prop:s0" dev="tmpfs" ino=2289 scontext=u:r:vendor_spdaemon:s0 tcontext=u:object_r:cppreopt_prop:s0 tclass=file permissive=1
01-01 08:00:28.533 0 0 I libprocessgroup: Successfully killed process cgroup uid 1000 pid 669 in 0ms
01-01 08:00:28.054 608 608 I sscrpcd : vendor/qcom/proprietary/adsprpc/src/rpcmem_android.c:159: rpcmem_init_internal: opened ION device fd 4, configured heap IDs: system (0x2000000), contig (0x400000), secure (0x200), secure flags (0x80080000)
01-01 08:00:28.054 608 608 I sscrpcd : vendor/qcom/proprietary/adsprpc/src/fastrpc_apps_user.c:3087: fastrpc_apps_user_init done with default domain:2 and &fastrpc_trace:0x7c0fd25fa0
01-01 08:00:28.054 608 608 E sscrpcd : vendor/qcom/proprietary/sensors-see/sscrpcd/src/sscrpcd.cpp:94:adsp_default_listener_start called for [sensorspd]
01-01 08:00:28.054 608 608 I sscrpcd : vendor/qcom/proprietary/adsprpc/src/fastrpc_pm.c:85: fastrpc_wake_lock_init done for sscrpcd:608
01-01 08:00:28.054 608 608 I sscrpcd : vendor/qcom/proprietary/adsprpc/src/fastrpc_apps_user.c:1733: wakelock_control: enabled wakelock control for domain 2
01-01 08:00:28.054 608 608 E sscrpcd : vendor/qcom/proprietary/sensors-see/sscrpcd/src/sscrpcd.cpp:65:fastrpc wakelock control is enabled
01-01 08:00:28.054 608 608 I sscrpcd : vendor/qcom/proprietary/adsprpc/src/fastrpc_apps_user.c:1345: remote_handle_open: Successfully opened handle 0x0 for '":;./\createstaticpd:sensorspd on domain 2
01-01 08:00:28.054 608 608 E sscrpcd : vendor/qcom/proprietary/adsprpc/src/fastrpc_apps_user.c:2870: Error 0x200: apps_dev_init failed for domain 2, errno Transport endpoint is not connected
01-01 08:00:28.054 608 608 E sscrpcd : vendor/qcom/proprietary/adsprpc/src/fastrpc_apps_user.c:2968: Error 0x200: open_dev (-1) failed for domain 2 (errno Transport endpoint is not connected)
01-01 08:00:28.054 608 608 E sscrpcd : vendor/qcom/proprietary/adsprpc/src/fastrpc_apps_user.c:1348: Error 0x200: remote_handle_open failed for adsp_default_listener (errno Success)
01-01 08:00:28.054 608 608 E sscrpcd : vendor/qcom/proprietary/sensors-see/sscrpcd/src/sscrpcd.cpp:98:listener exits
01-01 08:00:28.054 608 608 I sscrpcd : vendor/qcom/proprietary/adsprpc/src/rpcmem_android.c:192: rpcmem_deinit_internal: closed ION fd 4
01-01 08:00:28.054 608 608 I sscrpcd : vendor/qcom/proprietary/adsprpc/src/fastrpc_pm.c:116: fastrpc_wake_lock_deinit done
01-01 08:00:28.054 608 608 I sscrpcd : vendor/qcom/proprietary/adsprpc/src/fastrpc_apps_user.c:3019: fastrpc_apps_user_deinit done
01-01 08:00:28.054 608 608 E sscrpcd : vendor/qcom/proprietary/sensors-see/sscrpcd/src/sscrpcd.cpp:109:sscrpcd daemon will restart after 25ms...
01-01 08:00:22.459 594 594 I auditd : type=1400 audit(0.0:328): avc: denied { getattr } for comm="spdaemon" path="/dev/__properties__/u:object_r:cppreopt_prop:s0" dev="tmpfs" ino=2289 scontext=u:r:vendor_spdaemon:s0 tcontext=u:object_r:cppreopt_prop:s0 tclass=file permissive=1
01-01 08:00:22.459 594 594 I spdaemon: type=1400 audit(0.0:328): avc: denied { getattr } for path="/dev/__properties__/u:object_r:cppreopt_prop:s0" dev="tmpfs" ino=2289 scontext=u:r:vendor_spdaemon:s0 tcontext=u:object_r:cppreopt_prop:s0 tclass=file permissive=1
01-01 08:00:28.567 0 0 I init : processing action (load_bpf_programs) from (/system/etc/init/bpfloader.rc:17)
01-01 08:00:28.080 608 608 I sscrpcd : vendor/qcom/proprietary/adsprpc/src/rpcmem_android.c:159: rpcmem_init_internal: opened ION device fd 4, configured heap IDs: system (0x2000000), contig (0x400000), secure (0x200), secure flags (0x80080000)
01-01 08:00:28.080 608 608 I sscrpcd : vendor/qcom/proprietary/adsprpc/src/fastrpc_apps_user.c:3087: fastrpc_apps_user_init done with default domain:2 and &fastrpc_trace:0x7c0fcf2fa0
01-01 08:00:28.080 608 608 E sscrpcd : vendor/qcom/proprietary/sensors-see/sscrpcd/src/sscrpcd.cpp:94:adsp_default_listener_start called for [sensorspd]
01-01 08:00:28.080 608 608 I sscrpcd : vendor/qcom/proprietary/adsprpc/src/fastrpc_pm.c:85: fastrpc_wake_lock_init done for sscrpcd:608
01-01 08:00:28.080 608 608 I sscrpcd : vendor/qcom/proprietary/adsprpc/src/fastrpc_apps_user.c:1733: wakelock_control: enabled wakelock control for domain 2
01-01 08:00:28.080 608 608 E sscrpcd : vendor/qcom/proprietary/sensors-see/sscrpcd/src/sscrpcd.cpp:65:fastrpc wakelock control is enabled
01-01 08:00:28.080 608 608 I sscrpcd : vendor/qcom/proprietary/adsprpc/src/fastrpc_apps_user.c:1345: remote_handle_open: Successfully opened handle 0x0 for '":;./\createstaticpd:sensorspd on domain 2
01-01 08:00:28.080 608 608 E sscrpcd : vendor/qcom/proprietary/adsprpc/src/fastrpc_apps_user.c:2870: Error 0x200: apps_dev_init failed for domain 2, errno Transport endpoint is not connected
01-01 08:00:28.080 608 608 E sscrpcd : vendor/qcom/proprietary/adsprpc/src/fastrpc_apps_user.c:2968: Error 0x200: open_dev (-1) failed for domain 2 (errno Transport endpoint is not connected)
01-01 08:00:28.080 608 608 E sscrpcd : vendor/qcom/proprietary/adsprpc/src/fastrpc_apps_user.c:1348: Error 0x200: remote_handle_open failed for adsp_default_listener (errno Success)
01-01 08:00:28.080 608 608 E sscrpcd : vendor/qcom/proprietary/sensors-see/sscrpcd/src/sscrpcd.cpp:98:listener exits
01-01 08:00:28.080 608 608 I sscrpcd : vendor/qcom/proprietary/adsprpc/src/rpcmem_android.c:192: rpcmem_deinit_internal: closed ION fd 4
01-01 08:00:28.080 608 608 I sscrpcd : vendor/qcom/proprietary/adsprpc/src/fastrpc_pm.c:116: fastrpc_wake_lock_deinit done
01-01 08:00:28.080 608 608 I sscrpcd : vendor/qcom/proprietary/adsprpc/src/fastrpc_apps_user.c:3019: fastrpc_apps_user_deinit done
01-01 08:00:28.080 608 608 E sscrpcd : vendor/qcom/proprietary/sensors-see/sscrpcd/src/sscrpcd.cpp:109:sscrpcd daemon will restart after 25ms...
01-01 08:00:22.459 594 594 I auditd : type=1400 audit(0.0:329): avc: denied { map } for comm="spdaemon" path="/dev/__properties__/u:object_r:cppreopt_prop:s0" dev="tmpfs" ino=2289 scontext=u:r:vendor_spdaemon:s0 tcontext=u:object_r:cppreopt_prop:s0 tclass=file permissive=1
01-01 08:00:22.459 594 594 I spdaemon: type=1400 audit(0.0:329): avc: denied { map } for path="/dev/__properties__/u:object_r:cppreopt_prop:s0" dev="tmpfs" ino=2289 scontext=u:r:vendor_spdaemon:s0 tcontext=u:object_r:cppreopt_prop:s0 tclass=file permissive=1
01-01 08:00:28.601 0 0 I init : starting service 'bpfloader'...
01-01 08:00:28.106 608 608 I sscrpcd : vendor/qcom/proprietary/adsprpc/src/rpcmem_android.c:159: rpcmem_init_internal: opened ION device fd 4, configured heap IDs: system (0x2000000), contig (0x400000), secure (0x200), secure flags (0x80080000)
01-01 08:00:28.106 608 608 I sscrpcd : vendor/qcom/proprietary/adsprpc/src/fastrpc_apps_user.c:3087: fastrpc_apps_user_init done with default domain:2 and &fastrpc_trace:0x7c0fc92fa0
01-01 08:00:28.106 608 608 E sscrpcd : vendor/qcom/proprietary/sensors-see/sscrpcd/src/sscrpcd.cpp:94:adsp_default_listener_start called for [sensorspd]
01-01 08:00:28.106 608 608 I sscrpcd : vendor/qcom/proprietary/adsprpc/src/fastrpc_pm.c:85: fastrpc_wake_lock_init done for sscrpcd:608
01-01 08:00:28.106 608 608 I sscrpcd : vendor/qcom/proprietary/adsprpc/src/fastrpc_apps_user.c:1733: wakelock_control: enabled wakelock control for domain 2
01-01 08:00:28.106 608 608 E sscrpcd : vendor/qcom/proprietary/sensors-see/sscrpcd/src/sscrpcd.cpp:65:fastrpc wakelock control is enabled
01-01 08:00:28.106 608 608 I sscrpcd : vendor/qcom/proprietary/adsprpc/src/fastrpc_apps_user.c:1345: remote_handle_open: Successfully opened handle 0x0 for '":;./\createstaticpd:sensorspd on domain 2
01-01 08:00:28.106 608 608 E sscrpcd : vendor/qcom/proprietary/adsprpc/src/fastrpc_apps_user.c:2870: Error 0x200: apps_dev_init failed for domain 2, errno Transport endpoint is not connected
01-01 08:00:28.106 608 608 E sscrpcd : vendor/qcom/proprietary/adsprpc/src/fastrpc_apps_user.c:2968: Error 0x200: open_dev (-1) failed for domain 2 (errno Transport endpoint is not connected)
01-01 08:00:28.106 608 608 E sscrpcd : vendor/qcom/proprietary/adsprpc/src/fastrpc_apps_user.c:1348: Error 0x200: remote_handle_open failed for adsp_default_listener (errno Success)
01-01 08:00:28.106 608 608 E sscrpcd : vendor/qcom/proprietary/sensors-see/sscrpcd/src/sscrpcd.cpp:98:listener exits
01-01 08:00:28.106 608 608 I sscrpcd : vendor/qcom/proprietary/adsprpc/src/rpcmem_android.c:192: rpcmem_deinit_internal: closed ION fd 4
01-01 08:00:28.106 608 608 I sscrpcd : vendor/qcom/proprietary/adsprpc/src/fastrpc_pm.c:116: fastrpc_wake_lock_deinit done
01-01 08:00:28.106 608 608 I sscrpcd : vendor/qcom/proprietary/adsprpc/src/fastrpc_apps_user.c:3019: fastrpc_apps_user_deinit done
01-01 08:00:28.106 608 608 E sscrpcd : vendor/qcom/proprietary/sensors-see/sscrpcd/src/sscrpcd.cpp:109:sscrpcd daemon will restart after 25ms...
01-01 08:00:28.634 0 0 I init : SVC_EXEC service 'bpfloader' pid 671 (uid 0 gid 0+0 context default) started; waiting...
01-01 08:00:22.459 594 594 I auditd : type=1400 audit(0.0:330): avc: denied { open } for comm="spdaemon" path="/dev/__properties__/u:object_r:cpu_variant_prop:s0" dev="tmpfs" ino=2290 scontext=u:r:vendor_spdaemon:s0 tcontext=u:object_r:cpu_variant_prop:s0 tclass=file permissive=1
01-01 08:00:22.459 594 594 I spdaemon: type=1400 audit(0.0:330): avc: denied { open } for path="/dev/__properties__/u:object_r:cpu_variant_prop:s0" dev="tmpfs" ino=2290 scontext=u:r:vendor_spdaemon:s0 tcontext=u:object_r:cpu_variant_prop:s0 tclass=file permissive=1
01-01 08:00:28.128 671 671 D LibBpfLoader: Loading optional ELF object /apex/com.android.tethering/etc/bpf/test.o with license Apache 2.0
01-01 08:00:28.128 671 671 I LibBpfLoader: Section bpfloader_min_ver value is 0 [0x0]
01-01 08:00:28.128 671 671 I LibBpfLoader: Section bpfloader_max_ver value is 65536 [0x10000]
01-01 08:00:28.128 671 671 I LibBpfLoader: Section size_of_bpf_map_def value is 48 [0x30]
01-01 08:00:28.128 671 671 I LibBpfLoader: Section size_of_bpf_prog_def value is 28 [0x1c]
01-01 08:00:28.128 671 671 I LibBpfLoader: BpfLoader version 0x00002 processing ELF object /apex/com.android.tethering/etc/bpf/test.o with ver [0x00000,0x10000)
01-01 08:00:28.128 671 671 D LibBpfLoader: Loaded code section 3 (xdp_drop_ipv4_udp_ether)
01-01 08:00:28.128 671 671 D LibBpfLoader: Adding section 3 to cs list
01-01 08:00:28.128 671 671 D LibBpfLoader: bpf_create_map name tether_downstream6_map, ret: 6
01-01 08:00:28.128 671 671 D LibBpfLoader: map_fd found at 0 is 6 in /apex/com.android.tethering/etc/bpf/test.o
01-01 08:00:28.128 671 671 D LibBpfLoader: cs[0].name:xdp_drop_ipv4_udp_ether min_kver:5090000 .max_kver:ffffffff (kvers:413009d)
01-01 08:00:28.128 671 671 I bpfloader: Loaded object: /apex/com.android.tethering/etc/bpf/test.o
01-01 08:00:28.129 671 671 D LibBpfLoader: Loading critical for tethering ELF object /apex/com.android.tethering/etc/bpf/offload.o with license Apache 2.0
01-01 08:00:28.129 671 671 I LibBpfLoader: Section bpfloader_min_ver value is 0 [0x0]
01-01 08:00:28.129 671 671 I LibBpfLoader: Section bpfloader_max_ver value is 65536 [0x10000]
01-01 08:00:28.129 671 671 I LibBpfLoader: Section size_of_bpf_map_def value is 48 [0x30]
01-01 08:00:28.129 671 671 I LibBpfLoader: Section size_of_bpf_prog_def value is 28 [0x1c]
01-01 08:00:28.129 671 671 I LibBpfLoader: BpfLoader version 0x00002 processing ELF object /apex/com.android.tethering/etc/bpf/offload.o with ver [0x00000,0x10000)
