01-01 08:00:24.612 608 608 E sscrpcd : vendor/qcom/proprietary/sensors-see/sscrpcd/src/sscrpcd.cpp:109:sscrpcd daemon will restart after 25ms...
01-01 08:00:19.295 543 543 I auditd : type=1400 audit(0.0:191): avc: denied { open } for comm="crash_dump64" path="/dev/__properties__/u:object_r:vendor_mdm_helper_prop:s0" dev="tmpfs" ino=2520 scontext=u:r:crash_dump:s0 tcontext=u:object_r:vendor_mdm_helper_prop:s0 tclass=file permissive=1
01-01 08:00:19.295 543 543 I crash_dump64: type=1400 audit(0.0:191): avc: denied { open } for path="/dev/__properties__/u:object_r:vendor_mdm_helper_prop:s0" dev="tmpfs" ino=2520 scontext=u:r:crash_dump:s0 tcontext=u:object_r:vendor_mdm_helper_prop:s0 tclass=file permissive=1
01-01 08:00:24.639 562 566 I Checkpoint: cp_prepareCheckpoint called
01-01 08:00:24.636 0 0 I init : SVC_EXEC service 'exec 9 (/system/bin/vdc checkpoint prepareCheckpoint)' pid 621 (uid 1000 gid 1000+0 context default) started; waiting...
01-01 08:00:24.639 0 0 I binder : 621:621 ioctl 40046210 7fe80ab544 returned -22
01-01 08:00:24.639 0 0 D ProcessState: Binder ioctl to enable oneway spam detection failed: Invalid argument
01-01 08:00:24.639 0 0 D vdc : Waited 0ms for vold
01-01 08:00:19.295 543 543 I auditd : type=1400 audit(0.0:192): avc: denied { getattr } for comm="crash_dump64" path="/dev/__properties__/u:object_r:vendor_mdm_helper_prop:s0" dev="tmpfs" ino=2520 scontext=u:r:crash_dump:s0 tcontext=u:object_r:vendor_mdm_helper_prop:s0 tclass=file permissive=1
01-01 08:00:19.295 543 543 I crash_dump64: type=1400 audit(0.0:192): avc: denied { getattr } for path="/dev/__properties__/u:object_r:vendor_mdm_helper_prop:s0" dev="tmpfs" ino=2520 scontext=u:r:crash_dump:s0 tcontext=u:object_r:vendor_mdm_helper_prop:s0 tclass=file permissive=1
01-01 08:00:24.658 608 608 I sscrpcd : vendor/qcom/proprietary/adsprpc/src/rpcmem_android.c:159: rpcmem_init_internal: opened ION device fd 4, configured heap IDs: system (0x2000000), contig (0x400000), secure (0x200), secure flags (0x80080000)
01-01 08:00:24.658 608 608 I sscrpcd : vendor/qcom/proprietary/adsprpc/src/fastrpc_apps_user.c:3087: fastrpc_apps_user_init done with default domain:2 and &fastrpc_trace:0x7c0fceefa0
01-01 08:00:24.659 608 608 E sscrpcd : vendor/qcom/proprietary/sensors-see/sscrpcd/src/sscrpcd.cpp:94:adsp_default_listener_start called for [sensorspd]
01-01 08:00:24.659 608 608 I sscrpcd : vendor/qcom/proprietary/adsprpc/src/fastrpc_pm.c:85: fastrpc_wake_lock_init done for sscrpcd:608
01-01 08:00:24.659 608 608 I sscrpcd : vendor/qcom/proprietary/adsprpc/src/fastrpc_apps_user.c:1733: wakelock_control: enabled wakelock control for domain 2
01-01 08:00:24.659 608 608 E sscrpcd : vendor/qcom/proprietary/sensors-see/sscrpcd/src/sscrpcd.cpp:65:fastrpc wakelock control is enabled
01-01 08:00:24.659 608 608 I sscrpcd : vendor/qcom/proprietary/adsprpc/src/fastrpc_apps_user.c:1345: remote_handle_open: Successfully opened handle 0x0 for '":;./\createstaticpd:sensorspd on domain 2
01-01 08:00:24.659 608 608 E sscrpcd : vendor/qcom/proprietary/adsprpc/src/fastrpc_apps_user.c:2870: Error 0x200: apps_dev_init failed for domain 2, errno Transport endpoint is not connected
01-01 08:00:24.659 608 608 E sscrpcd : vendor/qcom/proprietary/adsprpc/src/fastrpc_apps_user.c:2968: Error 0x200: open_dev (-1) failed for domain 2 (errno Transport endpoint is not connected)
01-01 08:00:24.659 608 608 E sscrpcd : vendor/qcom/proprietary/adsprpc/src/fastrpc_apps_user.c:1348: Error 0x200: remote_handle_open failed for adsp_default_listener (errno Success)
01-01 08:00:24.659 608 608 E sscrpcd : vendor/qcom/proprietary/sensors-see/sscrpcd/src/sscrpcd.cpp:98:listener exits
01-01 08:00:24.659 608 608 I sscrpcd : vendor/qcom/proprietary/adsprpc/src/rpcmem_android.c:192: rpcmem_deinit_internal: closed ION fd 4
01-01 08:00:24.659 608 608 I sscrpcd : vendor/qcom/proprietary/adsprpc/src/fastrpc_pm.c:116: fastrpc_wake_lock_deinit done
01-01 08:00:24.659 608 608 I sscrpcd : vendor/qcom/proprietary/adsprpc/src/fastrpc_apps_user.c:3019: fastrpc_apps_user_deinit done
01-01 08:00:24.659 608 608 E sscrpcd : vendor/qcom/proprietary/sensors-see/sscrpcd/src/sscrpcd.cpp:109:sscrpcd daemon will restart after 25ms...
01-01 08:00:24.667 0 0 I init : Command 'exec - system system -- /system/bin/vdc checkpoint prepareCheckpoint' action=post-fs-data (/system/etc/init/hw/init.rc:638) took 63ms and succeeded
01-01 08:00:19.295 543 543 I auditd : type=1400 audit(0.0:193): avc: denied { map } for comm="crash_dump64" path="/dev/__properties__/u:object_r:vendor_mdm_helper_prop:s0" dev="tmpfs" ino=2520 scontext=u:r:crash_dump:s0 tcontext=u:object_r:vendor_mdm_helper_prop:s0 tclass=file permissive=1
01-01 08:00:19.295 543 543 I crash_dump64: type=1400 audit(0.0:193): avc: denied { map } for path="/dev/__properties__/u:object_r:vendor_mdm_helper_prop:s0" dev="tmpfs" ino=2520 scontext=u:r:crash_dump:s0 tcontext=u:object_r:vendor_mdm_helper_prop:s0 tclass=file permissive=1
01-01 08:00:24.677 619 620 E KeymasterUtils: TA API Major Version: 4
01-01 08:00:24.677 619 620 E KeymasterUtils: TA API Minor Version: 1
01-01 08:00:24.677 619 620 E KeymasterUtils: TA Major Version: 4
01-01 08:00:24.677 619 620 E KeymasterUtils: TA Minor Version: 558
01-01 08:00:24.684 608 608 I sscrpcd : vendor/qcom/proprietary/adsprpc/src/rpcmem_android.c:159: rpcmem_init_internal: opened ION device fd 4, configured heap IDs: system (0x2000000), contig (0x400000), secure (0x200), secure flags (0x80080000)
01-01 08:00:24.684 608 608 I sscrpcd : vendor/qcom/proprietary/adsprpc/src/fastrpc_apps_user.c:3087: fastrpc_apps_user_init done with default domain:2 and &fastrpc_trace:0x7c0fc6cfa0
01-01 08:00:24.684 608 608 E sscrpcd : vendor/qcom/proprietary/sensors-see/sscrpcd/src/sscrpcd.cpp:94:adsp_default_listener_start called for [sensorspd]
01-01 08:00:24.684 608 608 I sscrpcd : vendor/qcom/proprietary/adsprpc/src/fastrpc_pm.c:85: fastrpc_wake_lock_init done for sscrpcd:608
01-01 08:00:24.684 608 608 I sscrpcd : vendor/qcom/proprietary/adsprpc/src/fastrpc_apps_user.c:1733: wakelock_control: enabled wakelock control for domain 2
01-01 08:00:24.684 608 608 E sscrpcd : vendor/qcom/proprietary/sensors-see/sscrpcd/src/sscrpcd.cpp:65:fastrpc wakelock control is enabled
01-01 08:00:24.684 608 608 I sscrpcd : vendor/qcom/proprietary/adsprpc/src/fastrpc_apps_user.c:1345: remote_handle_open: Successfully opened handle 0x0 for '":;./\createstaticpd:sensorspd on domain 2
01-01 08:00:24.684 608 608 E sscrpcd : vendor/qcom/proprietary/adsprpc/src/fastrpc_apps_user.c:2870: Error 0x200: apps_dev_init failed for domain 2, errno Transport endpoint is not connected
01-01 08:00:24.684 608 608 E sscrpcd : vendor/qcom/proprietary/adsprpc/src/fastrpc_apps_user.c:2968: Error 0x200: open_dev (-1) failed for domain 2 (errno Transport endpoint is not connected)
01-01 08:00:24.684 608 608 E sscrpcd : vendor/qcom/proprietary/adsprpc/src/fastrpc_apps_user.c:1348: Error 0x200: remote_handle_open failed for adsp_default_listener (errno Success)
01-01 08:00:24.684 608 608 E sscrpcd : vendor/qcom/proprietary/sensors-see/sscrpcd/src/sscrpcd.cpp:98:listener exits
01-01 08:00:24.684 608 608 I sscrpcd : vendor/qcom/proprietary/adsprpc/src/rpcmem_android.c:192: rpcmem_deinit_internal: closed ION fd 4
01-01 08:00:24.684 608 608 I sscrpcd : vendor/qcom/proprietary/adsprpc/src/fastrpc_pm.c:116: fastrpc_wake_lock_deinit done
01-01 08:00:24.684 608 608 I sscrpcd : vendor/qcom/proprietary/adsprpc/src/fastrpc_apps_user.c:3019: fastrpc_apps_user_deinit done
01-01 08:00:24.685 608 608 E sscrpcd : vendor/qcom/proprietary/sensors-see/sscrpcd/src/sscrpcd.cpp:109:sscrpcd daemon will restart after 25ms...
01-01 08:00:19.295 543 543 I auditd : type=1400 audit(0.0:194): avc: denied { open } for comm="crash_dump64" path="/dev/__properties__/u:object_r:vendor_location_prop:s0" dev="tmpfs" ino=2519 scontext=u:r:crash_dump:s0 tcontext=u:object_r:vendor_location_prop:s0 tclass=file permissive=1
01-01 08:00:19.295 543 543 I crash_dump64: type=1400 audit(0.0:194): avc: denied { open } for path="/dev/__properties__/u:object_r:vendor_location_prop:s0" dev="tmpfs" ino=2519 scontext=u:r:crash_dump:s0 tcontext=u:object_r:vendor_location_prop:s0 tclass=file permissive=1
01-01 08:00:24.684 0 0 I init : Service 'exec 9 (/system/bin/vdc checkpoint prepareCheckpoint)' (pid 621) exited with status 0 waiting took 0.048000 seconds
01-01 08:00:24.698 619 620 D spcomlib: [spcom_register_service] spcom_register_service() name [sp_keymaster_ssr] pid [497052552368]
01-01 08:00:24.698 619 620 D spcomlib: [spcom_open] ch [sp_keymaster_ssr] doesn't exist, create it.
01-01 08:00:24.698 619 620 D spcomlib: [spcom_create_channel] Create Channel [sp_keymaster_ssr].
01-01 08:00:19.295 543 543 I auditd : type=1400 audit(0.0:195): avc: denied { getattr } for comm="crash_dump64" path="/dev/__properties__/u:object_r:vendor_location_prop:s0" dev="tmpfs" ino=2519 scontext=u:r:crash_dump:s0 tcontext=u:object_r:vendor_location_prop:s0 tclass=file permissive=1
01-01 08:00:19.295 543 543 I crash_dump64: type=1400 audit(0.0:195): avc: denied { getattr } for path="/dev/__properties__/u:object_r:vendor_location_prop:s0" dev="tmpfs" ino=2519 scontext=u:r:crash_dump:s0 tcontext=u:object_r:vendor_location_prop:s0 tclass=file permissive=1
01-01 08:00:24.700 0 0 I init : Sending signal 9 to service 'exec 9 (/system/bin/vdc checkpoint prepareCheckpoint)' (pid 621) process group...
01-01 08:00:24.710 619 620 D spcomlib: [add_ssr_cb] ssr cb added!
01-01 08:00:24.710 619 620 D spcomlib: [start_ssr_thread] ch [spcom] ready!
01-01 08:00:24.710 619 620 D spcomlib: [start_ssr_thread] main pthread self_id [0xbaa40cb0].
01-01 08:00:24.710 619 620 D spcomlib: [start_ssr_thread] pthread_create() ret [0] thread-id [0xb9942cb0].
01-01 08:00:24.710 619 620 D spcomlib: [start_ssr_thread] Wait for SSR thread to run.
01-01 08:00:24.710 619 622 D spcomlib: [notify_ssr_thread] SSR pthread self_id [0xb9942cb0].
01-01 08:00:24.710 608 608 I sscrpcd : vendor/qcom/proprietary/adsprpc/src/rpcmem_android.c:159: rpcmem_init_internal: opened ION device fd 4, configured heap IDs: system (0x2000000), contig (0x400000), secure (0x200), secure flags (0x80080000)
01-01 08:00:24.710 608 608 I sscrpcd : vendor/qcom/proprietary/adsprpc/src/fastrpc_apps_user.c:3087: fastrpc_apps_user_init done with default domain:2 and &fastrpc_trace:0x7c0fc4afa0
01-01 08:00:24.710 608 608 E sscrpcd : vendor/qcom/proprietary/sensors-see/sscrpcd/src/sscrpcd.cpp:94:adsp_default_listener_start called for [sensorspd]
01-01 08:00:24.710 608 608 I sscrpcd : vendor/qcom/proprietary/adsprpc/src/fastrpc_pm.c:85: fastrpc_wake_lock_init done for sscrpcd:608
01-01 08:00:24.710 608 608 I sscrpcd : vendor/qcom/proprietary/adsprpc/src/fastrpc_apps_user.c:1733: wakelock_control: enabled wakelock control for domain 2
01-01 08:00:24.710 608 608 E sscrpcd : vendor/qcom/proprietary/sensors-see/sscrpcd/src/sscrpcd.cpp:65:fastrpc wakelock control is enabled
01-01 08:00:24.710 608 608 I sscrpcd : vendor/qcom/proprietary/adsprpc/src/fastrpc_apps_user.c:1345: remote_handle_open: Successfully opened handle 0x0 for '":;./\createstaticpd:sensorspd on domain 2
01-01 08:00:24.710 608 608 E sscrpcd : vendor/qcom/proprietary/adsprpc/src/fastrpc_apps_user.c:2870: Error 0x200: apps_dev_init failed for domain 2, errno Transport endpoint is not connected
01-01 08:00:24.710 608 608 E sscrpcd : vendor/qcom/proprietary/adsprpc/src/fastrpc_apps_user.c:2968: Error 0x200: open_dev (-1) failed for domain 2 (errno Transport endpoint is not connected)
01-01 08:00:24.710 608 608 E sscrpcd : vendor/qcom/proprietary/adsprpc/src/fastrpc_apps_user.c:1348: Error 0x200: remote_handle_open failed for adsp_default_listener (errno Success)
01-01 08:00:24.710 608 608 E sscrpcd : vendor/qcom/proprietary/sensors-see/sscrpcd/src/sscrpcd.cpp:98:listener exits
01-01 08:00:24.710 608 608 I sscrpcd : vendor/qcom/proprietary/adsprpc/src/rpcmem_android.c:192: rpcmem_deinit_internal: closed ION fd 4
01-01 08:00:24.710 608 608 I sscrpcd : vendor/qcom/proprietary/adsprpc/src/fastrpc_pm.c:116: fastrpc_wake_lock_deinit done
01-01 08:00:24.710 608 608 I sscrpcd : vendor/qcom/proprietary/adsprpc/src/fastrpc_apps_user.c:3019: fastrpc_apps_user_deinit done
01-01 08:00:24.710 608 608 E sscrpcd : vendor/qcom/proprietary/sensors-see/sscrpcd/src/sscrpcd.cpp:109:sscrpcd daemon will restart after 25ms...
01-01 08:00:24.710 619 620 D spcomlib: [start_ssr_thread] pthread_cond_wait() ret [0].
01-01 08:00:24.710 619 620 D spcomlib: [start_ssr_thread] done.
01-01 08:00:24.710 619 620 D spcomlib: [add_ch] add ch [sp_keymaster_ssr].
01-01 08:00:24.710 619 620 D spcomlib: [spcom_register_service] spcom_register_service() name [sp_keymaster_ssr] pid [497052552368] done
01-01 08:00:24.710 619 620 D keymasterd: spcom server re-registered after SSR
01-01 08:00:24.710 619 620 D keymasterd: SSRHandlingThread is waiting
01-01 08:00:24.717 0 0 I libprocessgroup: Successfully killed process cgroup uid 1000 pid 621 in 0ms
01-01 08:00:19.295 543 543 I auditd : type=1400 audit(0.0:196): avc: denied { map } for comm="crash_dump64" path="/dev/__properties__/u:object_r:vendor_location_prop:s0" dev="tmpfs" ino=2519 scontext=u:r:crash_dump:s0 tcontext=u:object_r:vendor_location_prop:s0 tclass=file permissive=1
01-01 08:00:19.295 543 543 I crash_dump64: type=1400 audit(0.0:196): avc: denied { map } for path="/dev/__properties__/u:object_r:vendor_location_prop:s0" dev="tmpfs" ino=2519 scontext=u:r:crash_dump:s0 tcontext=u:object_r:vendor_location_prop:s0 tclass=file permissive=1
01-01 08:00:24.736 608 608 I sscrpcd : vendor/qcom/proprietary/adsprpc/src/rpcmem_android.c:159: rpcmem_init_internal: opened ION device fd 4, configured heap IDs: system (0x2000000), contig (0x400000), secure (0x200), secure flags (0x80080000)
01-01 08:00:24.736 608 608 I sscrpcd : vendor/qcom/proprietary/adsprpc/src/fastrpc_apps_user.c:3087: fastrpc_apps_user_init done with default domain:2 and &fastrpc_trace:0x7c0fd15fa0
01-01 08:00:24.736 608 608 E sscrpcd : vendor/qcom/proprietary/sensors-see/sscrpcd/src/sscrpcd.cpp:94:adsp_default_listener_start called for [sensorspd]
01-01 08:00:24.736 608 608 I sscrpcd : vendor/qcom/proprietary/adsprpc/src/fastrpc_pm.c:85: fastrpc_wake_lock_init done for sscrpcd:608
01-01 08:00:24.736 608 608 I sscrpcd : vendor/qcom/proprietary/adsprpc/src/fastrpc_apps_user.c:1733: wakelock_control: enabled wakelock control for domain 2
01-01 08:00:24.736 608 608 E sscrpcd : vendor/qcom/proprietary/sensors-see/sscrpcd/src/sscrpcd.cpp:65:fastrpc wakelock control is enabled
01-01 08:00:24.736 608 608 I sscrpcd : vendor/qcom/proprietary/adsprpc/src/fastrpc_apps_user.c:1345: remote_handle_open: Successfully opened handle 0x0 for '":;./\createstaticpd:sensorspd on domain 2
01-01 08:00:24.736 608 608 E sscrpcd : vendor/qcom/proprietary/adsprpc/src/fastrpc_apps_user.c:2870: Error 0x200: apps_dev_init failed for domain 2, errno Transport endpoint is not connected
01-01 08:00:24.736 608 608 E sscrpcd : vendor/qcom/proprietary/adsprpc/src/fastrpc_apps_user.c:2968: Error 0x200: open_dev (-1) failed for domain 2 (errno Transport endpoint is not connected)
01-01 08:00:24.736 608 608 E sscrpcd : vendor/qcom/proprietary/adsprpc/src/fastrpc_apps_user.c:1348: Error 0x200: remote_handle_open failed for adsp_default_listener (errno Success)
01-01 08:00:24.736 608 608 E sscrpcd : vendor/qcom/proprietary/sensors-see/sscrpcd/src/sscrpcd.cpp:98:listener exits
01-01 08:00:24.736 608 608 I sscrpcd : vendor/qcom/proprietary/adsprpc/src/rpcmem_android.c:192: rpcmem_deinit_internal: closed ION fd 4
01-01 08:00:24.736 608 608 I sscrpcd : vendor/qcom/proprietary/adsprpc/src/fastrpc_pm.c:116: fastrpc_wake_lock_deinit done
01-01 08:00:24.736 608 608 I sscrpcd : vendor/qcom/proprietary/adsprpc/src/fastrpc_apps_user.c:3019: fastrpc_apps_user_deinit done
01-01 08:00:24.736 608 608 E sscrpcd : vendor/qcom/proprietary/sensors-see/sscrpcd/src/sscrpcd.cpp:109:sscrpcd daemon will restart after 25ms...
01-01 08:00:19.295 543 543 I auditd : type=1400 audit(0.0:197): avc: denied { open } for comm="crash_dump64" path="/dev/__properties__/u:object_r:vendor_km_strongbox_version_prop:s0" dev="tmpfs" ino=2518 scontext=u:r:crash_dump:s0 tcontext=u:object_r:vendor_km_strongbox_version_prop:s0 tclass=file permissive=1
01-01 08:00:19.295 543 543 I crash_dump64: type=1400 audit(0.0:197): avc: denied { open } for path="/dev/__properties__/u:object_r:vendor_km_strongbox_version_prop:s0" dev="tmpfs" ino=2518 scontext=u:r:crash_dump:s0 tcontext=u:object_r:vendor_km_strongbox_version_prop:s0 tclass=file permissive=1
01-01 08:00:24.736 0 0 I init : starting service 'exec 10 (/system/bin/vdc --wait cryptfs enablefilecrypto)'...
01-01 08:00:24.768 608 608 I sscrpcd : vendor/qcom/proprietary/adsprpc/src/rpcmem_android.c:159: rpcmem_init_internal: opened ION device fd 4, configured heap IDs: system (0x2000000), contig (0x400000), secure (0x200), secure flags (0x80080000)
01-01 08:00:24.768 608 608 I sscrpcd : vendor/qcom/proprietary/adsprpc/src/fastrpc_apps_user.c:3087: fastrpc_apps_user_init done with default domain:2 and &fastrpc_trace:0x7c0fc44fa0
01-01 08:00:24.768 608 608 E sscrpcd : vendor/qcom/proprietary/sensors-see/sscrpcd/src/sscrpcd.cpp:94:adsp_default_listener_start called for [sensorspd]
01-01 08:00:24.768 608 608 I sscrpcd : vendor/qcom/proprietary/adsprpc/src/fastrpc_pm.c:85: fastrpc_wake_lock_init done for sscrpcd:608
01-01 08:00:24.768 608 608 I sscrpcd : vendor/qcom/proprietary/adsprpc/src/fastrpc_apps_user.c:1733: wakelock_control: enabled wakelock control for domain 2
01-01 08:00:24.768 608 608 E sscrpcd : vendor/qcom/proprietary/sensors-see/sscrpcd/src/sscrpcd.cpp:65:fastrpc wakelock control is enabled
01-01 08:00:24.768 608 608 I sscrpcd : vendor/qcom/proprietary/adsprpc/src/fastrpc_apps_user.c:1345: remote_handle_open: Successfully opened handle 0x0 for '":;./\createstaticpd:sensorspd on domain 2
01-01 08:00:24.768 608 608 E sscrpcd : vendor/qcom/proprietary/adsprpc/src/fastrpc_apps_user.c:2870: Error 0x200: apps_dev_init failed for domain 2, errno Transport endpoint is not connected
01-01 08:00:24.768 608 608 E sscrpcd : vendor/qcom/proprietary/adsprpc/src/fastrpc_apps_user.c:2968: Error 0x200: open_dev (-1) failed for domain 2 (errno Transport endpoint is not connected)
01-01 08:00:24.768 608 608 E sscrpcd : vendor/qcom/proprietary/adsprpc/src/fastrpc_apps_user.c:1348: Error 0x200: remote_handle_open failed for adsp_default_listener (errno Success)
01-01 08:00:24.768 608 608 E sscrpcd : vendor/qcom/proprietary/sensors-see/sscrpcd/src/sscrpcd.cpp:98:listener exits
01-01 08:00:24.768 608 608 I sscrpcd : vendor/qcom/proprietary/adsprpc/src/rpcmem_android.c:192: rpcmem_deinit_internal: closed ION fd 4
01-01 08:00:24.768 608 608 I sscrpcd : vendor/qcom/proprietary/adsprpc/src/fastrpc_pm.c:116: fastrpc_wake_lock_deinit done
01-01 08:00:24.768 608 608 I sscrpcd : vendor/qcom/proprietary/adsprpc/src/fastrpc_apps_user.c:3019: fastrpc_apps_user_deinit done
01-01 08:00:24.768 608 608 E sscrpcd : vendor/qcom/proprietary/sensors-see/sscrpcd/src/sscrpcd.cpp:109:sscrpcd daemon will restart after 25ms...
01-01 08:00:24.772 562 566 I vold : fscrypt_initialize_systemwide_keys
01-01 08:00:24.768 0 0 I init : SVC_EXEC service 'exec 10 (/system/bin/vdc --wait cryptfs enablefilecrypto)' pid 623 (uid 0 gid 0+0 context default) started; waiting...
01-01 08:00:24.771 0 0 I binder : 623:623 ioctl 40046210 7fdeebfa74 returned -22
01-01 08:00:24.771 0 0 D ProcessState: Binder ioctl to enable oneway spam detection failed: Invalid argument
01-01 08:00:24.772 0 0 D vdc : Waited 0ms for vold
01-01 08:00:24.773 562 566 D vold : Key exists, using: /data/unencrypted/key
01-01 08:00:24.782 562 566 D vold : Installed fscrypt key with ref a417609c6fae0df5ff93e6892990e103 to /data
01-01 08:00:24.782 562 566 D vold : Added fscrypt-provisioning key for a417609c6fae0df5ff93e6892990e103 to session keyring
01-01 08:00:24.783 562 566 I vold : Wrote system DE key reference to:/data/unencrypted/ref
01-01 08:00:24.783 562 566 D vold : Generating wrapped storage key
01-01 08:00:24.784 548 548 E KeymasterUtils: rsp_header->status: -67
01-01 08:00:24.784 599 603 E keystore2: keystore2::error: In generate_key.
01-01 08:00:24.784 599 603 E keystore2:
01-01 08:00:24.784 599 603 E keystore2: Caused by:
01-01 08:00:24.784 599 603 E keystore2: 0: While generating Key without explicit attestation key.
01-01 08:00:24.784 599 603 E keystore2: 1: Error::Km(ErrorCode(-67))
01-01 08:00:24.784 562 566 E vold : keystore2 Keystore generateKey returned service specific error: -67
01-01 08:00:24.784 562 566 W vold : Failed to generate rollback-resistant key. This is expected if keymaster doesn't support rollback resistance. Falling back to non-rollback-resistant key.
01-01 08:00:24.784 549 555 D DrmLibTime: got the req here! ret=0
01-01 08:00:24.784 549 555 D DrmLibTime: command id, time_cmd_id = 770
01-01 08:00:24.784 549 555 D DrmLibTime: time_getutcsec starts!
01-01 08:00:24.785 549 555 D DrmLibTime: QSEE Time Listener: time_getutcsec
01-01 08:00:24.785 549 555 D DrmLibTime: QSEE Time Listener: get_utc_seconds
01-01 08:00:24.785 549 555 D DrmLibTime: QSEE Time Listener: time_get_modem_time
01-01 08:00:24.785 549 555 D DrmLibTime: QSEE Time Listener: Checking if ATS_MODEM is set or not.
01-01 08:00:24.785 549 555 D QC-time-services: Lib:time_genoff_operation: pargs->base = 13
01-01 08:00:24.785 549 555 D QC-time-services: Lib:time_genoff_operation: pargs->operation = 2
01-01 08:00:24.785 549 555 D QC-time-services: Lib:time_genoff_operation: pargs->ts_val = 0
01-01 08:00:24.785 549 555 E QC-time-services: Lib:time_genoff_operation: Connection failed !!
01-01 08:00:24.785 549 555 D DrmLibTime: QSEE Time Listener: ATS_MODEM is not set. Fallback to Android system time.
01-01 08:00:24.785 549 555 D DrmLibTime: QSEE Time Listener: Retrieved Android system time: 24
01-01 08:00:24.785 549 555 D DrmLibTime: time_getutcsec returns 0, sec = 24; nsec = 0
01-01 08:00:24.785 549 555 D DrmLibTime: time_getutcsec finished!
01-01 08:00:24.785 549 555 D DrmLibTime: iotcl_continue_command finished! and return 0
01-01 08:00:24.785 549 555 D DrmLibTime: before calling ioctl to read the next time_cmd
01-01 08:00:24.790 562 566 D vold : Installed fscrypt key with ref e382868ac17ac8624cda37e9b7f6c9c3 to /data
01-01 08:00:24.790 562 566 D vold : Added fscrypt-provisioning key for e382868ac17ac8624cda37e9b7f6c9c3 to session keyring
01-01 08:00:24.791 562 566 I vold : Wrote per boot key reference to:/data/unencrypted/per_boot_ref
01-01 08:00:19.295 543 543 I auditd : type=1400 audit(0.0:198): avc: denied { getattr } for comm="crash_dump64" path="/dev/__properties__/u:object_r:vendor_km_strongbox_version_prop:s0" dev="tmpfs" ino=2518 scontext=u:r:crash_dump:s0 tcontext=u:object_r:vendor_km_strongbox_version_prop:s0 tclass=file permissive=1
01-01 08:00:19.295 543 543 I crash_dump64: type=1400 audit(0.0:198): avc: denied { getattr } for path="/dev/__properties__/u:object_r:vendor_km_strongbox_version_prop:s0" dev="tmpfs" ino=2518 scontext=u:r:crash_dump:s0 tcontext=u:object_r:vendor_km_strongbox_version_prop:s0 tclass=file permissive=1
01-01 08:00:24.793 608 608 I sscrpcd : vendor/qcom/proprietary/adsprpc/src/rpcmem_android.c:159: rpcmem_init_internal: opened ION device fd 4, configured heap IDs: system (0x2000000), contig (0x400000), secure (0x200), secure flags (0x80080000)
01-01 08:00:24.794 608 608 I sscrpcd : vendor/qcom/proprietary/adsprpc/src/fastrpc_apps_user.c:3087: fastrpc_apps_user_init done with default domain:2 and &fastrpc_trace:0x7c0fccefa0
01-01 08:00:24.794 608 608 E sscrpcd : vendor/qcom/proprietary/sensors-see/sscrpcd/src/sscrpcd.cpp:94:adsp_default_listener_start called for [sensorspd]
01-01 08:00:24.794 608 608 I sscrpcd : vendor/qcom/proprietary/adsprpc/src/fastrpc_pm.c:85: fastrpc_wake_lock_init done for sscrpcd:608
01-01 08:00:24.794 608 608 I sscrpcd : vendor/qcom/proprietary/adsprpc/src/fastrpc_apps_user.c:1733: wakelock_control: enabled wakelock control for domain 2
01-01 08:00:24.794 608 608 E sscrpcd : vendor/qcom/proprietary/sensors-see/sscrpcd/src/sscrpcd.cpp:65:fastrpc wakelock control is enabled
01-01 08:00:24.794 608 608 I sscrpcd : vendor/qcom/proprietary/adsprpc/src/fastrpc_apps_user.c:1345: remote_handle_open: Successfully opened handle 0x0 for '":;./\createstaticpd:sensorspd on domain 2
01-01 08:00:24.794 608 608 E sscrpcd : vendor/qcom/proprietary/adsprpc/src/fastrpc_apps_user.c:2870: Error 0x200: apps_dev_init failed for domain 2, errno Transport endpoint is not connected
01-01 08:00:24.794 608 608 E sscrpcd : vendor/qcom/proprietary/adsprpc/src/fastrpc_apps_user.c:2968: Error 0x200: open_dev (-1) failed for domain 2 (errno Transport endpoint is not connected)
01-01 08:00:24.794 608 608 E sscrpcd : vendor/qcom/proprietary/adsprpc/src/fastrpc_apps_user.c:1348: Error 0x200: remote_handle_open failed for adsp_default_listener (errno Success)
01-01 08:00:24.794 608 608 E sscrpcd : vendor/qcom/proprietary/sensors-see/sscrpcd/src/sscrpcd.cpp:98:listener exits
01-01 08:00:24.794 608 608 I sscrpcd : vendor/qcom/proprietary/adsprpc/src/rpcmem_android.c:192: rpcmem_deinit_internal: closed ION fd 4
01-01 08:00:24.794 608 608 I sscrpcd : vendor/qcom/proprietary/adsprpc/src/fastrpc_pm.c:116: fastrpc_wake_lock_deinit done
01-01 08:00:24.794 608 608 I sscrpcd : vendor/qcom/proprietary/adsprpc/src/fastrpc_apps_user.c:3019: fastrpc_apps_user_deinit done
01-01 08:00:24.794 608 608 E sscrpcd : vendor/qcom/proprietary/sensors-see/sscrpcd/src/sscrpcd.cpp:109:sscrpcd daemon will restart after 25ms...
01-01 08:00:19.295 543 543 I auditd : type=1400 audit(0.0:199): avc: denied { map } for comm="crash_dump64" path="/dev/__properties__/u:object_r:vendor_km_strongbox_version_prop:s0" dev="tmpfs" ino=2518 scontext=u:r:crash_dump:s0 tcontext=u:object_r:vendor_km_strongbox_version_prop:s0 tclass=file permissive=1
01-01 08:00:19.295 543 543 I crash_dump64: type=1400 audit(0.0:199): avc: denied { map } for path="/dev/__properties__/u:object_r:vendor_km_strongbox_version_prop:s0" dev="tmpfs" ino=2518 scontext=u:r:crash_dump:s0 tcontext=u:object_r:vendor_km_strongbox_version_prop:s0 tclass=file permissive=1
01-01 08:00:24.800 0 0 I init : Command 'installkey /data' action=post-fs-data (/system/etc/init/hw/init.rc:647) took 65ms and succeeded
01-01 08:00:24.819 608 608 I sscrpcd : vendor/qcom/proprietary/adsprpc/src/rpcmem_android.c:159: rpcmem_init_internal: opened ION device fd 4, configured heap IDs: system (0x2000000), contig (0x400000), secure (0x200), secure flags (0x80080000)
01-01 08:00:24.819 608 608 I sscrpcd : vendor/qcom/proprietary/adsprpc/src/fastrpc_apps_user.c:3087: fastrpc_apps_user_init done with default domain:2 and &fastrpc_trace:0x7c0fcb4fa0
01-01 08:00:24.819 608 608 E sscrpcd : vendor/qcom/proprietary/sensors-see/sscrpcd/src/sscrpcd.cpp:94:adsp_default_listener_start called for [sensorspd]
01-01 08:00:24.819 608 608 I sscrpcd : vendor/qcom/proprietary/adsprpc/src/fastrpc_pm.c:85: fastrpc_wake_lock_init done for sscrpcd:608
01-01 08:00:24.819 608 608 I sscrpcd : vendor/qcom/proprietary/adsprpc/src/fastrpc_apps_user.c:1733: wakelock_control: enabled wakelock control for domain 2
01-01 08:00:24.819 608 608 E sscrpcd : vendor/qcom/proprietary/sensors-see/sscrpcd/src/sscrpcd.cpp:65:fastrpc wakelock control is enabled
01-01 08:00:24.819 608 608 I sscrpcd : vendor/qcom/proprietary/adsprpc/src/fastrpc_apps_user.c:1345: remote_handle_open: Successfully opened handle 0x0 for '":;./\createstaticpd:sensorspd on domain 2
01-01 08:00:24.819 608 608 E sscrpcd : vendor/qcom/proprietary/adsprpc/src/fastrpc_apps_user.c:2870: Error 0x200: apps_dev_init failed for domain 2, errno Transport endpoint is not connected
01-01 08:00:24.819 608 608 E sscrpcd : vendor/qcom/proprietary/adsprpc/src/fastrpc_apps_user.c:2968: Error 0x200: open_dev (-1) failed for domain 2 (errno Transport endpoint is not connected)
01-01 08:00:24.819 608 608 E sscrpcd : vendor/qcom/proprietary/adsprpc/src/fastrpc_apps_user.c:1348: Error 0x200: remote_handle_open failed for adsp_default_listener (errno Success)
01-01 08:00:24.819 608 608 E sscrpcd : vendor/qcom/proprietary/sensors-see/sscrpcd/src/sscrpcd.cpp:98:listener exits
01-01 08:00:24.819 608 608 I sscrpcd : vendor/qcom/proprietary/adsprpc/src/rpcmem_android.c:192: rpcmem_deinit_internal: closed ION fd 4
01-01 08:00:24.819 608 608 I sscrpcd : vendor/qcom/proprietary/adsprpc/src/fastrpc_pm.c:116: fastrpc_wake_lock_deinit done
01-01 08:00:24.819 608 608 I sscrpcd : vendor/qcom/proprietary/adsprpc/src/fastrpc_apps_user.c:3019: fastrpc_apps_user_deinit done
01-01 08:00:24.820 608 608 E sscrpcd : vendor/qcom/proprietary/sensors-see/sscrpcd/src/sscrpcd.cpp:109:sscrpcd daemon will restart after 25ms...
01-01 08:00:19.295 543 543 I auditd : type=1400 audit(0.0:200): avc: denied { open } for comm="crash_dump64" path="/dev/__properties__/u:object_r:vendor_ipacm_prop:s0" dev="tmpfs" ino=2517 scontext=u:r:crash_dump:s0 tcontext=u:object_r:vendor_ipacm_prop:s0 tclass=file permissive=1
01-01 08:00:19.295 543 543 I crash_dump64: type=1400 audit(0.0:200): avc: denied { open } for path="/dev/__properties__/u:object_r:vendor_ipacm_prop:s0" dev="tmpfs" ino=2517 scontext=u:r:crash_dump:s0 tcontext=u:object_r:vendor_ipacm_prop:s0 tclass=file permissive=1
01-01 08:00:24.817 0 0 I init : Service 'exec 10 (/system/bin/vdc --wait cryptfs enablefilecrypto)' (pid 623) exited with status 0 waiting took 0.049000 seconds
01-01 08:00:24.834 0 0 I init : Sending signal 9 to service 'exec 10 (/system/bin/vdc --wait cryptfs enablefilecrypto)' (pid 623) process group...
01-01 08:00:24.845 608 608 I sscrpcd : vendor/qcom/proprietary/adsprpc/src/rpcmem_android.c:159: rpcmem_init_internal: opened ION device fd 4, configured heap IDs: system (0x2000000), contig (0x400000), secure (0x200), secure flags (0x80080000)
01-01 08:00:24.845 608 608 I sscrpcd : vendor/qcom/proprietary/adsprpc/src/fastrpc_apps_user.c:3087: fastrpc_apps_user_init done with default domain:2 and &fastrpc_trace:0x7c0fcc4fa0
01-01 08:00:24.845 608 608 E sscrpcd : vendor/qcom/proprietary/sensors-see/sscrpcd/src/sscrpcd.cpp:94:adsp_default_listener_start called for [sensorspd]
01-01 08:00:24.845 608 608 I sscrpcd : vendor/qcom/proprietary/adsprpc/src/fastrpc_pm.c:85: fastrpc_wake_lock_init done for sscrpcd:608
01-01 08:00:24.845 608 608 I sscrpcd : vendor/qcom/proprietary/adsprpc/src/fastrpc_apps_user.c:1733: wakelock_control: enabled wakelock control for domain 2
01-01 08:00:24.845 608 608 E sscrpcd : vendor/qcom/proprietary/sensors-see/sscrpcd/src/sscrpcd.cpp:65:fastrpc wakelock control is enabled
01-01 08:00:24.845 608 608 I sscrpcd : vendor/qcom/proprietary/adsprpc/src/fastrpc_apps_user.c:1345: remote_handle_open: Successfully opened handle 0x0 for '":;./\createstaticpd:sensorspd on domain 2
01-01 08:00:24.845 608 608 E sscrpcd : vendor/qcom/proprietary/adsprpc/src/fastrpc_apps_user.c:2870: Error 0x200: apps_dev_init failed for domain 2, errno Transport endpoint is not connected
01-01 08:00:24.845 608 608 E sscrpcd : vendor/qcom/proprietary/adsprpc/src/fastrpc_apps_user.c:2968: Error 0x200: open_dev (-1) failed for domain 2 (errno Transport endpoint is not connected)
01-01 08:00:24.845 608 608 E sscrpcd : vendor/qcom/proprietary/adsprpc/src/fastrpc_apps_user.c:1348: Error 0x200: remote_handle_open failed for adsp_default_listener (errno Success)
01-01 08:00:24.845 608 608 E sscrpcd : vendor/qcom/proprietary/sensors-see/sscrpcd/src/sscrpcd.cpp:98:listener exits
01-01 08:00:24.845 608 608 I sscrpcd : vendor/qcom/proprietary/adsprpc/src/rpcmem_android.c:192: rpcmem_deinit_internal: closed ION fd 4
01-01 08:00:24.845 608 608 I sscrpcd : vendor/qcom/proprietary/adsprpc/src/fastrpc_pm.c:116: fastrpc_wake_lock_deinit done
01-01 08:00:24.845 608 608 I sscrpcd : vendor/qcom/proprietary/adsprpc/src/fastrpc_apps_user.c:3019: fastrpc_apps_user_deinit done
01-01 08:00:24.845 608 608 E sscrpcd : vendor/qcom/proprietary/sensors-see/sscrpcd/src/sscrpcd.cpp:109:sscrpcd daemon will restart after 25ms...
01-01 08:00:19.295 543 543 I auditd : type=1400 audit(0.0:201): avc: denied { getattr } for comm="crash_dump64" path="/dev/__properties__/u:object_r:vendor_ipacm_prop:s0" dev="tmpfs" ino=2517 scontext=u:r:crash_dump:s0 tcontext=u:object_r:vendor_ipacm_prop:s0 tclass=file permissive=1
01-01 08:00:19.295 543 543 I crash_dump64: type=1400 audit(0.0:201): avc: denied { getattr } for path="/dev/__properties__/u:object_r:vendor_ipacm_prop:s0" dev="tmpfs" ino=2517 scontext=u:r:crash_dump:s0 tcontext=u:object_r:vendor_ipacm_prop:s0 tclass=file permissive=1
01-01 08:00:24.871 608 608 I sscrpcd : vendor/qcom/proprietary/adsprpc/src/rpcmem_android.c:159: rpcmem_init_internal: opened ION device fd 4, configured heap IDs: system (0x2000000), contig (0x400000), secure (0x200), secure flags (0x80080000)
01-01 08:00:24.871 608 608 I sscrpcd : vendor/qcom/proprietary/adsprpc/src/fastrpc_apps_user.c:3087: fastrpc_apps_user_init done with default domain:2 and &fastrpc_trace:0x7c0fcf3fa0
01-01 08:00:24.871 608 608 E sscrpcd : vendor/qcom/proprietary/sensors-see/sscrpcd/src/sscrpcd.cpp:94:adsp_default_listener_start called for [sensorspd]
01-01 08:00:24.871 608 608 I sscrpcd : vendor/qcom/proprietary/adsprpc/src/fastrpc_pm.c:85: fastrpc_wake_lock_init done for sscrpcd:608
01-01 08:00:24.871 608 608 I sscrpcd : vendor/qcom/proprietary/adsprpc/src/fastrpc_apps_user.c:1733: wakelock_control: enabled wakelock control for domain 2
01-01 08:00:24.871 608 608 E sscrpcd : vendor/qcom/proprietary/sensors-see/sscrpcd/src/sscrpcd.cpp:65:fastrpc wakelock control is enabled
01-01 08:00:24.871 608 608 I sscrpcd : vendor/qcom/proprietary/adsprpc/src/fastrpc_apps_user.c:1345: remote_handle_open: Successfully opened handle 0x0 for '":;./\createstaticpd:sensorspd on domain 2
01-01 08:00:24.871 608 608 E sscrpcd : vendor/qcom/proprietary/adsprpc/src/fastrpc_apps_user.c:2870: Error 0x200: apps_dev_init failed for domain 2, errno Transport endpoint is not connected
01-01 08:00:24.871 608 608 E sscrpcd : vendor/qcom/proprietary/adsprpc/src/fastrpc_apps_user.c:2968: Error 0x200: open_dev (-1) failed for domain 2 (errno Transport endpoint is not connected)
01-01 08:00:24.871 608 608 E sscrpcd : vendor/qcom/proprietary/adsprpc/src/fastrpc_apps_user.c:1348: Error 0x200: remote_handle_open failed for adsp_default_listener (errno Success)
01-01 08:00:24.871 608 608 E sscrpcd : vendor/qcom/proprietary/sensors-see/sscrpcd/src/sscrpcd.cpp:98:listener exits
01-01 08:00:24.871 608 608 I sscrpcd : vendor/qcom/proprietary/adsprpc/src/rpcmem_android.c:192: rpcmem_deinit_internal: closed ION fd 4
01-01 08:00:24.871 608 608 I sscrpcd : vendor/qcom/proprietary/adsprpc/src/fastrpc_pm.c:116: fastrpc_wake_lock_deinit done
01-01 08:00:24.871 608 608 I sscrpcd : vendor/qcom/proprietary/adsprpc/src/fastrpc_apps_user.c:3019: fastrpc_apps_user_deinit done
01-01 08:00:24.871 608 608 E sscrpcd : vendor/qcom/proprietary/sensors-see/sscrpcd/src/sscrpcd.cpp:109:sscrpcd daemon will restart after 25ms...
01-01 08:00:19.295 543 543 I auditd : type=1400 audit(0.0:202): avc: denied { map } for comm="crash_dump64" path="/dev/__properties__/u:object_r:vendor_ipacm_prop:s0" dev="tmpfs" ino=2517 scontext=u:r:crash_dump:s0 tcontext=u:object_r:vendor_ipacm_prop:s0 tclass=file permissive=1
01-01 08:00:19.295 543 543 I crash_dump64: type=1400 audit(0.0:202): avc: denied { map } for path="/dev/__properties__/u:object_r:vendor_ipacm_prop:s0" dev="tmpfs" ino=2517 scontext=u:r:crash_dump:s0 tcontext=u:object_r:vendor_ipacm_prop:s0 tclass=file permissive=1
01-01 08:00:24.867 0 0 I libprocessgroup: Successfully killed process cgroup uid 0 pid 623 in 0ms
01-01 08:00:19.295 543 543 I auditd : type=1400 audit(0.0:203): avc: denied { open } for comm="crash_dump64" path="/dev/__properties__/u:object_r:vendor_ipacm-diag_prop:s0" dev="tmpfs" ino=2516 scontext=u:r:crash_dump:s0 tcontext=u:object_r:vendor_ipacm-diag_prop:s0 tclass=file permissive=1
01-01 08:00:19.295 543 543 I crash_dump64: type=1400 audit(0.0:203): avc: denied { open } for path="/dev/__properties__/u:object_r:vendor_ipacm-diag_prop:s0" dev="tmpfs" ino=2516 scontext=u:r:crash_dump:s0 tcontext=u:object_r:vendor_ipacm-diag_prop:s0 tclass=file permissive=1
01-01 08:00:24.908 608 608 I sscrpcd : vendor/qcom/proprietary/adsprpc/src/rpcmem_android.c:159: rpcmem_init_internal: opened ION device fd 4, configured heap IDs: system (0x2000000), contig (0x400000), secure (0x200), secure flags (0x80080000)
01-01 08:00:24.908 608 608 I sscrpcd : vendor/qcom/proprietary/adsprpc/src/fastrpc_apps_user.c:3087: fastrpc_apps_user_init done with default domain:2 and &fastrpc_trace:0x7c0e4e0fa0
01-01 08:00:24.908 608 608 E sscrpcd : vendor/qcom/proprietary/sensors-see/sscrpcd/src/sscrpcd.cpp:94:adsp_default_listener_start called for [sensorspd]
01-01 08:00:24.908 608 608 I sscrpcd : vendor/qcom/proprietary/adsprpc/src/fastrpc_pm.c:85: fastrpc_wake_lock_init done for sscrpcd:608
01-01 08:00:24.908 608 608 I sscrpcd : vendor/qcom/proprietary/adsprpc/src/fastrpc_apps_user.c:1733: wakelock_control: enabled wakelock control for domain 2
01-01 08:00:24.908 608 608 E sscrpcd : vendor/qcom/proprietary/sensors-see/sscrpcd/src/sscrpcd.cpp:65:fastrpc wakelock control is enabled
01-01 08:00:24.908 608 608 I sscrpcd : vendor/qcom/proprietary/adsprpc/src/fastrpc_apps_user.c:1345: remote_handle_open: Successfully opened handle 0x0 for '":;./\createstaticpd:sensorspd on domain 2
01-01 08:00:24.908 608 608 E sscrpcd : vendor/qcom/proprietary/adsprpc/src/fastrpc_apps_user.c:2870: Error 0x200: apps_dev_init failed for domain 2, errno Transport endpoint is not connected
01-01 08:00:24.908 608 608 E sscrpcd : vendor/qcom/proprietary/adsprpc/src/fastrpc_apps_user.c:2968: Error 0x200: open_dev (-1) failed for domain 2 (errno Transport endpoint is not connected)
01-01 08:00:24.908 608 608 E sscrpcd : vendor/qcom/proprietary/adsprpc/src/fastrpc_apps_user.c:1348: Error 0x200: remote_handle_open failed for adsp_default_listener (errno Success)
01-01 08:00:24.908 608 608 E sscrpcd : vendor/qcom/proprietary/sensors-see/sscrpcd/src/sscrpcd.cpp:98:listener exits
01-01 08:00:24.908 608 608 I sscrpcd : vendor/qcom/proprietary/adsprpc/src/rpcmem_android.c:192: rpcmem_deinit_internal: closed ION fd 4
01-01 08:00:24.908 608 608 I sscrpcd : vendor/qcom/proprietary/adsprpc/src/fastrpc_pm.c:116: fastrpc_wake_lock_deinit done
01-01 08:00:24.908 608 608 I sscrpcd : vendor/qcom/proprietary/adsprpc/src/fastrpc_apps_user.c:3019: fastrpc_apps_user_deinit done
01-01 08:00:24.908 608 608 E sscrpcd : vendor/qcom/proprietary/sensors-see/sscrpcd/src/sscrpcd.cpp:109:sscrpcd daemon will restart after 25ms...
01-01 08:00:24.885 0 0 I fscrypt : AES-256-CTS-CBC using implementation "cts(cbc-aes-ce)"
01-01 08:00:19.295 543 543 I auditd : type=1400 audit(0.0:204): avc: denied { getattr } for comm="crash_dump64" path="/dev/__properties__/u:object_r:vendor_ipacm-diag_prop:s0" dev="tmpfs" ino=2516 scontext=u:r:crash_dump:s0 tcontext=u:object_r:vendor_ipacm-diag_prop:s0 tclass=file permissive=1
01-01 08:00:19.295 543 543 I crash_dump64: type=1400 audit(0.0:204): avc: denied { getattr } for path="/dev/__properties__/u:object_r:vendor_ipacm-diag_prop:s0" dev="tmpfs" ino=2516 scontext=u:r:crash_dump:s0 tcontext=u:object_r:vendor_ipacm-diag_prop:s0 tclass=file permissive=1
01-01 08:00:24.934 608 608 I sscrpcd : vendor/qcom/proprietary/adsprpc/src/rpcmem_android.c:159: rpcmem_init_internal: opened ION device fd 4, configured heap IDs: system (0x2000000), contig (0x400000), secure (0x200), secure flags (0x80080000)
01-01 08:00:24.934 608 608 I sscrpcd : vendor/qcom/proprietary/adsprpc/src/fastrpc_apps_user.c:3087: fastrpc_apps_user_init done with default domain:2 and &fastrpc_trace:0x7c0fcb6fa0
01-01 08:00:24.934 608 608 E sscrpcd : vendor/qcom/proprietary/sensors-see/sscrpcd/src/sscrpcd.cpp:94:adsp_default_listener_start called for [sensorspd]
01-01 08:00:24.934 608 608 I sscrpcd : vendor/qcom/proprietary/adsprpc/src/fastrpc_pm.c:85: fastrpc_wake_lock_init done for sscrpcd:608
01-01 08:00:24.934 608 608 I sscrpcd : vendor/qcom/proprietary/adsprpc/src/fastrpc_apps_user.c:1733: wakelock_control: enabled wakelock control for domain 2
01-01 08:00:24.934 608 608 E sscrpcd : vendor/qcom/proprietary/sensors-see/sscrpcd/src/sscrpcd.cpp:65:fastrpc wakelock control is enabled
01-01 08:00:24.934 608 608 I sscrpcd : vendor/qcom/proprietary/adsprpc/src/fastrpc_apps_user.c:1345: remote_handle_open: Successfully opened handle 0x0 for '":;./\createstaticpd:sensorspd on domain 2
01-01 08:00:24.934 608 608 E sscrpcd : vendor/qcom/proprietary/adsprpc/src/fastrpc_apps_user.c:2870: Error 0x200: apps_dev_init failed for domain 2, errno Transport endpoint is not connected
01-01 08:00:24.934 608 608 E sscrpcd : vendor/qcom/proprietary/adsprpc/src/fastrpc_apps_user.c:2968: Error 0x200: open_dev (-1) failed for domain 2 (errno Transport endpoint is not connected)
01-01 08:00:24.934 608 608 E sscrpcd : vendor/qcom/proprietary/adsprpc/src/fastrpc_apps_user.c:1348: Error 0x200: remote_handle_open failed for adsp_default_listener (errno Success)
01-01 08:00:24.934 608 608 E sscrpcd : vendor/qcom/proprietary/sensors-see/sscrpcd/src/sscrpcd.cpp:98:listener exits
01-01 08:00:24.934 608 608 I sscrpcd : vendor/qcom/proprietary/adsprpc/src/rpcmem_android.c:192: rpcmem_deinit_internal: closed ION fd 4
01-01 08:00:24.934 608 608 I sscrpcd : vendor/qcom/proprietary/adsprpc/src/fastrpc_pm.c:116: fastrpc_wake_lock_deinit done
01-01 08:00:24.934 608 608 I sscrpcd : vendor/qcom/proprietary/adsprpc/src/fastrpc_apps_user.c:3019: fastrpc_apps_user_deinit done
01-01 08:00:24.934 608 608 E sscrpcd : vendor/qcom/proprietary/sensors-see/sscrpcd/src/sscrpcd.cpp:109:sscrpcd daemon will restart after 25ms...
01-01 08:00:24.916 0 0 I init : Verified that /data/bootchart has the encryption policy a417609c6fae0df5ff93e6892990e103 v2 modes 1/4 flags 0xa
01-01 08:00:24.948 0 0 I init : Command 'mkdir /data/bootchart 0755 shell shell encryption=Require' action=post-fs-data (/system/etc/init/hw/init.rc:651) took 64ms and succeeded
01-01 08:00:19.295 543 543 I auditd : type=1400 audit(0.0:205): avc: denied { map } for comm="crash_dump64" path="/dev/__properties__/u:object_r:vendor_ipacm-diag_prop:s0" dev="tmpfs" ino=2516 scontext=u:r:crash_dump:s0 tcontext=u:object_r:vendor_ipacm-diag_prop:s0 tclass=file permissive=1
01-01 08:00:19.295 543 543 I crash_dump64: type=1400 audit(0.0:205): avc: denied { map } for path="/dev/__properties__/u:object_r:vendor_ipacm-diag_prop:s0" dev="tmpfs" ino=2516 scontext=u:r:crash_dump:s0 tcontext=u:object_r:vendor_ipacm-diag_prop:s0 tclass=file permissive=1
01-01 08:00:24.966 608 608 I sscrpcd : vendor/qcom/proprietary/adsprpc/src/rpcmem_android.c:159: rpcmem_init_internal: opened ION device fd 4, configured heap IDs: system (0x2000000), contig (0x400000), secure (0x200), secure flags (0x80080000)
01-01 08:00:24.966 608 608 I sscrpcd : vendor/qcom/proprietary/adsprpc/src/fastrpc_apps_user.c:3087: fastrpc_apps_user_init done with default domain:2 and &fastrpc_trace:0x7c0fd19fa0
01-01 08:00:24.966 608 608 E sscrpcd : vendor/qcom/proprietary/sensors-see/sscrpcd/src/sscrpcd.cpp:94:adsp_default_listener_start called for [sensorspd]
01-01 08:00:24.966 608 608 I sscrpcd : vendor/qcom/proprietary/adsprpc/src/fastrpc_pm.c:85: fastrpc_wake_lock_init done for sscrpcd:608
01-01 08:00:24.966 608 608 I sscrpcd : vendor/qcom/proprietary/adsprpc/src/fastrpc_apps_user.c:1733: wakelock_control: enabled wakelock control for domain 2
01-01 08:00:24.966 608 608 E sscrpcd : vendor/qcom/proprietary/sensors-see/sscrpcd/src/sscrpcd.cpp:65:fastrpc wakelock control is enabled
01-01 08:00:24.966 608 608 I sscrpcd : vendor/qcom/proprietary/adsprpc/src/fastrpc_apps_user.c:1345: remote_handle_open: Successfully opened handle 0x0 for '":;./\createstaticpd:sensorspd on domain 2
01-01 08:00:24.966 608 608 E sscrpcd : vendor/qcom/proprietary/adsprpc/src/fastrpc_apps_user.c:2870: Error 0x200: apps_dev_init failed for domain 2, errno Transport endpoint is not connected
01-01 08:00:24.966 608 608 E sscrpcd : vendor/qcom/proprietary/adsprpc/src/fastrpc_apps_user.c:2968: Error 0x200: open_dev (-1) failed for domain 2 (errno Transport endpoint is not connected)
01-01 08:00:24.966 608 608 E sscrpcd : vendor/qcom/proprietary/adsprpc/src/fastrpc_apps_user.c:1348: Error 0x200: remote_handle_open failed for adsp_default_listener (errno Success)
01-01 08:00:24.966 608 608 E sscrpcd : vendor/qcom/proprietary/sensors-see/sscrpcd/src/sscrpcd.cpp:98:listener exits
01-01 08:00:24.966 608 608 I sscrpcd : vendor/qcom/proprietary/adsprpc/src/rpcmem_android.c:192: rpcmem_deinit_internal: closed ION fd 4
01-01 08:00:24.966 608 608 I sscrpcd : vendor/qcom/proprietary/adsprpc/src/fastrpc_pm.c:116: fastrpc_wake_lock_deinit done
01-01 08:00:24.966 608 608 I sscrpcd : vendor/qcom/proprietary/adsprpc/src/fastrpc_apps_user.c:3019: fastrpc_apps_user_deinit done
01-01 08:00:24.966 608 608 E sscrpcd : vendor/qcom/proprietary/sensors-see/sscrpcd/src/sscrpcd.cpp:109:sscrpcd daemon will restart after 25ms...
01-01 08:00:19.295 543 543 I auditd : type=1400 audit(0.0:206): avc: denied { open } for comm="crash_dump64" path="/dev/__properties__/u:object_r:vendor_iop_prop:s0" dev="tmpfs" ino=2515 scontext=u:r:crash_dump:s0 tcontext=u:object_r:vendor_iop_prop:s0 tclass=file permissive=1
01-01 08:00:19.295 543 543 I crash_dump64: type=1400 audit(0.0:206): avc: denied { open } for path="/dev/__properties__/u:object_r:vendor_iop_prop:s0" dev="tmpfs" ino=2515 scontext=u:r:crash_dump:s0 tcontext=u:object_r:vendor_iop_prop:s0 tclass=file permissive=1
01-01 08:00:24.991 608 608 I sscrpcd : vendor/qcom/proprietary/adsprpc/src/rpcmem_android.c:159: rpcmem_init_internal: opened ION device fd 4, configured heap IDs: system (0x2000000), contig (0x400000), secure (0x200), secure flags (0x80080000)
01-01 08:00:24.991 608 608 I sscrpcd : vendor/qcom/proprietary/adsprpc/src/fastrpc_apps_user.c:3087: fastrpc_apps_user_init done with default domain:2 and &fastrpc_trace:0x7c0fcd1fa0
01-01 08:00:24.991 608 608 E sscrpcd : vendor/qcom/proprietary/sensors-see/sscrpcd/src/sscrpcd.cpp:94:adsp_default_listener_start called for [sensorspd]
01-01 08:00:24.991 608 608 I sscrpcd : vendor/qcom/proprietary/adsprpc/src/fastrpc_pm.c:85: fastrpc_wake_lock_init done for sscrpcd:608
01-01 08:00:24.991 608 608 I sscrpcd : vendor/qcom/proprietary/adsprpc/src/fastrpc_apps_user.c:1733: wakelock_control: enabled wakelock control for domain 2
01-01 08:00:24.991 608 608 E sscrpcd : vendor/qcom/proprietary/sensors-see/sscrpcd/src/sscrpcd.cpp:65:fastrpc wakelock control is enabled
01-01 08:00:24.991 608 608 I sscrpcd : vendor/qcom/proprietary/adsprpc/src/fastrpc_apps_user.c:1345: remote_handle_open: Successfully opened handle 0x0 for '":;./\createstaticpd:sensorspd on domain 2
01-01 08:00:24.991 608 608 E sscrpcd : vendor/qcom/proprietary/adsprpc/src/fastrpc_apps_user.c:2870: Error 0x200: apps_dev_init failed for domain 2, errno Transport endpoint is not connected
01-01 08:00:24.991 608 608 E sscrpcd : vendor/qcom/proprietary/adsprpc/src/fastrpc_apps_user.c:2968: Error 0x200: open_dev (-1) failed for domain 2 (errno Transport endpoint is not connected)
01-01 08:00:24.991 608 608 E sscrpcd : vendor/qcom/proprietary/adsprpc/src/fastrpc_apps_user.c:1348: Error 0x200: remote_handle_open failed for adsp_default_listener (errno Success)
01-01 08:00:24.991 608 608 E sscrpcd : vendor/qcom/proprietary/sensors-see/sscrpcd/src/sscrpcd.cpp:98:listener exits
01-01 08:00:24.992 608 608 I sscrpcd : vendor/qcom/proprietary/adsprpc/src/rpcmem_android.c:192: rpcmem_deinit_internal: closed ION fd 4
01-01 08:00:24.992 608 608 I sscrpcd : vendor/qcom/proprietary/adsprpc/src/fastrpc_pm.c:116: fastrpc_wake_lock_deinit done
01-01 08:00:24.992 608 608 I sscrpcd : vendor/qcom/proprietary/adsprpc/src/fastrpc_apps_user.c:3019: fastrpc_apps_user_deinit done
01-01 08:00:24.992 608 608 E sscrpcd : vendor/qcom/proprietary/sensors-see/sscrpcd/src/sscrpcd.cpp:109:sscrpcd daemon will restart after 25ms...
01-01 08:00:24.969 0 0 I init : Verified that /data/vendor has the encryption policy a417609c6fae0df5ff93e6892990e103 v2 modes 1/4 flags 0xa
01-01 08:00:24.998 0 0 I init : Not setting encryption policy on: /data/vendor_ce
01-01 08:00:25.017 608 608 I sscrpcd : vendor/qcom/proprietary/adsprpc/src/rpcmem_android.c:159: rpcmem_init_internal: opened ION device fd 4, configured heap IDs: system (0x2000000), contig (0x400000), secure (0x200), secure flags (0x80080000)
01-01 08:00:25.017 608 608 I sscrpcd : vendor/qcom/proprietary/adsprpc/src/fastrpc_apps_user.c:3087: fastrpc_apps_user_init done with default domain:2 and &fastrpc_trace:0x7c0df39fa0
01-01 08:00:25.017 608 608 E sscrpcd : vendor/qcom/proprietary/sensors-see/sscrpcd/src/sscrpcd.cpp:94:adsp_default_listener_start called for [sensorspd]
01-01 08:00:25.017 608 608 I sscrpcd : vendor/qcom/proprietary/adsprpc/src/fastrpc_pm.c:85: fastrpc_wake_lock_init done for sscrpcd:608
01-01 08:00:25.017 608 608 I sscrpcd : vendor/qcom/proprietary/adsprpc/src/fastrpc_apps_user.c:1733: wakelock_control: enabled wakelock control for domain 2
01-01 08:00:25.017 608 608 E sscrpcd : vendor/qcom/proprietary/sensors-see/sscrpcd/src/sscrpcd.cpp:65:fastrpc wakelock control is enabled
01-01 08:00:25.017 608 608 I sscrpcd : vendor/qcom/proprietary/adsprpc/src/fastrpc_apps_user.c:1345: remote_handle_open: Successfully opened handle 0x0 for '":;./\createstaticpd:sensorspd on domain 2
01-01 08:00:25.017 608 608 E sscrpcd : vendor/qcom/proprietary/adsprpc/src/fastrpc_apps_user.c:2870: Error 0x200: apps_dev_init failed for domain 2, errno Transport endpoint is not connected
01-01 08:00:25.017 608 608 E sscrpcd : vendor/qcom/proprietary/adsprpc/src/fastrpc_apps_user.c:2968: Error 0x200: open_dev (-1) failed for domain 2 (errno Transport endpoint is not connected)
