01-01 08:00:28.198 671 671 W LibBpfLoader: 44: safe
01-01 08:00:28.198 671 671 W LibBpfLoader:
01-01 08:00:28.198 671 671 W LibBpfLoader: from 108 to 44: safe
01-01 08:00:28.198 671 671 W LibBpfLoader:
01-01 08:00:28.198 671 671 W LibBpfLoader: from 79 to 81: R0=inv(id=0,umax_value=1,var_off=(0x0; 0x1)) R1=pkt_end(id=0,off=0,imm=0) R2=inv(id=0,umax_value=65535,var_off=(0x0; 0xffff)) R3=inv(id=0,umax_value=65535,var_off=(0x0; 0xffff)) R4=inv(id=0,umax_value=65535,var_off=(0x0; 0xffff)) R5=inv65535 R6=ctx(id=0,off=0,imm=0) R7=inv0 R8=inv(id=0,umax_value=9,var_off=(0x0; 0xf)) R9=pkt(id=0,off=0,r=34,imm=0) R10=fp0,call_-1
01-01 08:00:28.198 671 671 W LibBpfLoader: 81: (dc) r3 = be16 r3
01-01 08:00:28.198 671 671 W LibBpfLoader: 82: (25) if r3 > 0x13 goto pc+27
01-01 08:00:28.198 671 671 W LibBpfLoader: R0=inv(id=0,umax_value=1,var_off=(0x0; 0x1)) R1=pkt_end(id=0,off=0,imm=0) R2=inv(id=0,umax_value=65535,var_off=(0x0; 0xffff)) R3=inv(id=0,umax_value=19,var_off=(0x0; 0x1f)) R4=inv(id=0,umax_value=65535,var_off=(0x0; 0xffff)) R5=inv65535 R6=ctx(id=0,off=0,imm=0) R7=inv0 R8=inv(id=0,umax_value=9,var_off=(0x0; 0xf)) R9=pkt(id=0,off=0,r=34,imm=0) R10=fp0,call_-1
01-01 08:00:28.198 671 671 W LibBpfLoader: 83: (b7) r1 = 23
01-01 08:00:28.198 671 671 W LibBpfLoader: 84: (63) *(u32 *)(r10 -24) = r1
01-01 08:00:28.198 671 671 W LibBpfLoader: 85: (bf) r2 = r10
01-01 08:00:28.198 671 671 W LibBpfLoader: 86: (07) r2 += -24
01-01 08:00:28.198 671 671 W LibBpfLoader: 87: (18) r1 = 0xffffffe30aa9a600
01-01 08:00:28.198 671 671 W LibBpfLoader: 89: (85) call bpf_map_lookup_elem#1
01-01 08:00:28.198 671 671 W LibBpfLoader: 90: (15) if r0 == 0x0 goto pc-47
01-01 08:00:28.198 671 671 W LibBpfLoader: R0=map_value(id=0,off=0,ks=4,vs=4,imm=0) R6=ctx(id=0,off=0,imm=0) R7=inv0 R8=inv(id=0,umax_value=9,var_off=(0x0; 0xf)) R9=pkt(id=0,off=0,r=34,imm=0) R10=fp0,call_-1
01-01 08:00:28.198 671 671 W LibBpfLoader: 91: (05) goto pc-50
01-01 08:00:28.198 671 671 W LibBpfLoader: 42: (b7) r1 = 1
01-01 08:00:28.198 671 671 W LibBpfLoader: 43: (c3) lock *(u32 *)(r0 +0) += r1
01-01 08:00:28.198 671 671 W LibBpfLoader: R0=map_value(id=0,off=0,ks=4,vs=4,imm=0) R1_w=inv1 R6=ctx(id=0,off=0,imm=0) R7=inv0 R8=inv(id=0,umax_value=9,var_off=(0x0; 0xf)) R9=pkt(id=0,off=0,r=34,imm=0) R10=fp0,call_-1
01-01 08:00:28.198 671 671 W LibBpfLoader: R0=map_value(id=0,off=0,ks=4,vs=4,imm=0) R1_w=inv1 R6=ctx(id=0,off=0,imm=0) R7=inv0 R8=inv(id=0,umax_value=9,var_off=(0x0; 0xf)) R9=pkt(id=0,off=0,r=34,imm=0) R10=fp0,call_-1
01-01 08:00:28.198 671 671 W LibBpfLoader: 44: safe
01-01 08:00:28.198 671 671 W LibBpfLoader:
01-01 08:00:28.198 671 671 W LibBpfLoader: from 90 to 44: safe
01-01 08:00:28.198 671 671 W LibBpfLoader:
01-01 08:00:28.198 671 671 W LibBpfLoader: from 82 to 110: R0=inv(id=0,umax_value=1,var_off=(0x0; 0x1)) R1=pkt_end(id=0,off=0,imm=0) R2=inv(id=0,umax_value=65535,var_off=(0x0; 0xffff)) R3=inv(id=0,umin_value=20) R4=inv(id=0,umax_value=65535,var_off=(0x0; 0xffff)) R5=inv65535 R6=ctx(id=0,off=0,imm=0) R7=inv0 R8=inv(id=0,umax_value=9,var_off=(0x0; 0xf)) R9=pkt(id=0,off=0,r=34,imm=0) R10=fp0,call_-1
01-01 08:00:28.198 671 671 W LibBpfLoader: 110: (57) r4 &= 65471
01-01 08:00:28.198 671 671 W LibBpfLoader: 111: (15) if r4 == 0x0 goto pc+9
01-01 08:00:28.198 671 671 W LibBpfLoader: R0=inv(id=0,umax_value=1,var_off=(0x0; 0x1)) R1=pkt_end(id=0,off=0,imm=0) R2=inv(id=0,umax_value=65535,var_off=(0x0; 0xffff)) R3=inv(id=0,umin_value=20) R4=inv(id=0,umax_value=65471,var_off=(0x0; 0xffbf)) R5=inv65535 R6=ctx(id=0,off=0,imm=0) R7=inv0 R8=inv(id=0,umax_value=9,var_off=(0x0; 0xf)) R9=pkt(id=0,off=0,r=34,imm=0) R10=fp0,call_-1
01-01 08:00:28.198 671 671 W LibBpfLoader: 112: (b7) r1 = 15
01-01 08:00:28.198 671 671 W LibBpfLoader: 113: (63) *(u32 *)(r10 -24) = r1
01-01 08:00:28.198 671 671 W LibBpfLoader: 114: (bf) r2 = r10
01-01 08:00:28.198 671 671 W LibBpfLoader: 115: (07) r2 += -24
01-01 08:00:28.198 671 671 W LibBpfLoader: 116: (18) r1 = 0xffffffe30aa9a600
01-01 08:00:28.198 671 671 W LibBpfLoader: 118: (85) call bpf_map_lookup_elem#1
01-01 08:00:28.198 671 671 W LibBpfLoader: 119: (15) if r0 == 0x0 goto pc-76
01-01 08:00:28.198 671 671 W LibBpfLoader: R0=map_value(id=0,off=0,ks=4,vs=4,imm=0) R6=ctx(id=0,off=0,imm=0) R7=inv0 R8=inv(id=0,umax_value=9,var_off=(0x0; 0xf)) R9=pkt(id=0,off=0,r=34,imm=0) R10=fp0,call_-1
01-01 08:00:28.198 671 671 W LibBpfLoader: 120: (05) goto pc-79
01-01 08:00:28.198 671 671 W LibBpfLoader: 42: (b7) r1 = 1
01-01 08:00:28.198 671 671 W LibBpfLoader: 43: (c3) lock *(u32 *)(r0 +0) += r1
01-01 08:00:28.198 671 671 W LibBpfLoader: R0=map_value(id=0,off=0,ks=4,vs=4,imm=0) R1_w=inv1 R6=ctx(id=0,off=0,imm=0) R7=inv0 R8=inv(id=0,umax_value=9,var_off=(0x0; 0xf)) R9=pkt(id=0,off=0,r=34,imm=0) R10=fp0,call_-1
01-01 08:00:28.198 671 671 W LibBpfLoader: R0=map_value(id=0,off=0,ks=4,vs=4,imm=0) R1_w=inv1 R6=ctx(id=0,off=0,imm=0) R7=inv0 R8=inv(id=0,umax_value=9,var_off=(0x0; 0xf)) R9=pkt(id=0,off=0,r=34,imm=0) R10=fp0,call_-1
01-01 08:00:28.198 671 671 W LibBpfLoader: 44: safe
01-01 08:00:28.198 671 671 W LibBpfLoader:
01-01 08:00:28.198 671 671 W LibBpfLoader: from 119 to 44: safe
01-01 08:00:28.198 671 671 W LibBpfLoader:
01-01 08:00:28.198 671 671 W LibBpfLoader: from 111 to 121: R0=inv(id=0,umax_value=1,var_off=(0x0; 0x1)) R1=pkt_end(id=0,off=0,imm=0) R2=inv(id=0,umax_value=65535,var_off=(0x0; 0xffff)) R3=inv(id=0,umin_value=20) R4=inv0 R5=inv65535 R6=ctx(id=0,off=0,imm=0) R7=inv0 R8=inv(id=0,umax_value=9,var_off=(0x0; 0xf)) R9=pkt(id=0,off=0,r=34,imm=0) R10=fp0,call_-1
01-01 08:00:28.198 671 671 W LibBpfLoader: 121: (57) r2 &= 255
01-01 08:00:28.198 671 671 W LibBpfLoader: 122: (25) if r2 > 0x1 goto pc+10
01-01 08:00:28.198 671 671 W LibBpfLoader: R0=inv(id=0,umax_value=1,var_off=(0x0; 0x1)) R1=pkt_end(id=0,off=0,imm=0) R2=inv(id=0,umax_value=1,var_off=(0x0; 0x1)) R3=inv(id=0,umin_value=20) R4=inv0 R5=inv65535 R6=ctx(id=0,off=0,imm=0) R7=inv0 R8=inv(id=0,umax_value=9,var_off=(0x0; 0xf)) R9=pkt(id=0,off=0,r=34,imm=0) R10=fp0,call_-1
01-01 08:00:28.198 671 671 W LibBpfLoader: 123: (b7) r6 = 1
01-01 08:00:28.198 671 671 W LibBpfLoader: 124: (63) *(u32 *)(r10 -24) = r6
01-01 08:00:28.198 671 671 W LibBpfLoader: 125: (bf) r2 = r10
01-01 08:00:28.198 671 671 W LibBpfLoader: 126: (07) r2 += -24
01-01 08:00:28.198 671 671 W LibBpfLoader: 127: (18) r1 = 0xffffffe30aa9a600
01-01 08:00:28.198 671 671 W LibBpfLoader: 129: (85) call bpf_map_lookup_elem#1
01-01 08:00:28.198 671 671 W LibBpfLoader: 130: (15) if r0 == 0x0 goto pc-87
01-01 08:00:28.198 671 671 W LibBpfLoader: R0=map_value(id=0,off=0,ks=4,vs=4,imm=0) R6=inv1 R7=inv0 R8=inv(id=0,umax_value=9,var_off=(0x0; 0xf)) R9=pkt(id=0,off=0,r=34,imm=0) R10=fp0,call_-1
01-01 08:00:28.198 671 671 W LibBpfLoader: 131: (c3) lock *(u32 *)(r0 +0) += r6
01-01 08:00:28.198 671 671 W LibBpfLoader: R0=map_value(id=0,off=0,ks=4,vs=4,imm=0) R6=inv1 R7=inv0 R8=inv(id=0,umax_value=9,var_off=(0x0; 0xf)) R9=pkt(id=0,off=0,r=34,imm=0) R10=fp0,call_-1
01-01 08:00:28.198 671 671 W LibBpfLoader: R0=map_value(id=0,off=0,ks=4,vs=4,imm=0) R6=inv1 R7=inv0 R8=inv(id=0,umax_value=9,var_off=(0x0; 0xf)) R9=pkt(id=0,off=0,r=34,imm=0) R10=fp0,call_-1
01-01 08:00:28.198 671 671 W LibBpfLoader: 132: (05) goto pc-89
01-01 08:00:28.198 671 671 W LibBpfLoader: 44: safe
01-01 08:00:28.198 671 671 W LibBpfLoader:
01-01 08:00:28.198 671 671 W LibBpfLoader: from 130 to 44: safe
01-01 08:00:28.198 671 671 W LibBpfLoader:
01-01 08:00:28.198 671 671 W LibBpfLoader: from 122 to 133: R0=inv(id=0,umax_value=1,var_off=(0x0; 0x1)) R1=pkt_end(id=0,off=0,imm=0) R2=inv(id=0,umin_value=2,umax_value=255,var_off=(0x0; 0xff)) R3=inv(id=0,umin_value=20) R4=inv0 R5=inv65535 R6=ctx(id=0,off=0,imm=0) R7=inv0 R8=inv(id=0,umax_value=9,var_off=(0x0; 0xf)) R9=pkt(id=0,off=0,r=34,imm=0) R10=fp0,call_-1
01-01 08:00:28.198 671 671 W LibBpfLoader: 133: (71) r2 = *(u8 *)(r9 +23)
01-01 08:00:28.198 671 671 W LibBpfLoader: 134: (15) if r2 == 0x6 goto pc+10
01-01 08:00:28.198 671 671 W LibBpfLoader: R0=inv(id=0,umax_value=1,var_off=(0x0; 0x1)) R1=pkt_end(id=0,off=0,imm=0) R2=inv(id=0,umax_value=255,var_off=(0x0; 0xff)) R3=inv(id=0,umin_value=20) R4=inv0 R5=inv65535 R6=ctx(id=0,off=0,imm=0) R7=inv0 R8=inv(id=0,umax_value=9,var_off=(0x0; 0xf)) R9=pkt(id=0,off=0,r=34,imm=0) R10=fp0,call_-1
01-01 08:00:28.198 671 671 W LibBpfLoader: 135: (15) if r2 == 0x11 goto pc+9
01-01 08:00:28.198 671 671 W LibBpfLoader: R0=inv(id=0,umax_value=1,var_off=(0x0; 0x1)) R1=pkt_end(id=0,off=0,imm=0) R2=inv(id=0,umax_value=255,var_off=(0x0; 0xff)) R3=inv(id=0,umin_value=20) R4=inv0 R5=inv65535 R6=ctx(id=0,off=0,imm=0) R7=inv0 R8=inv(id=0,umax_value=9,var_off=(0x0; 0xf)) R9=pkt(id=0,off=0,r=34,imm=0) R10=fp0,call_-1
01-01 08:00:28.198 671 671 W LibBpfLoader: 136: (b7) r1 = 17
01-01 08:00:28.198 671 671 W LibBpfLoader: 137: (63) *(u32 *)(r10 -24) = r1
01-01 08:00:28.198 671 671 W LibBpfLoader: 138: (bf) r2 = r10
01-01 08:00:28.198 671 671 W LibBpfLoader: 139: (07) r2 += -24
01-01 08:00:28.198 671 671 W LibBpfLoader: 140: (18) r1 = 0xffffffe30aa9a600
01-01 08:00:28.198 671 671 W LibBpfLoader: 142: (85) call bpf_map_lookup_elem#1
01-01 08:00:28.198 671 671 W LibBpfLoader: 143: (15) if r0 == 0x0 goto pc-100
01-01 08:00:28.198 671 671 W LibBpfLoader: R0=map_value(id=0,off=0,ks=4,vs=4,imm=0) R6=ctx(id=0,off=0,imm=0) R7=inv0 R8=inv(id=0,umax_value=9,var_off=(0x0; 0xf)) R9=pkt(id=0,off=0,r=34,imm=0) R10=fp0,call_-1
01-01 08:00:28.198 671 671 W LibBpfLoader: 144: (05) goto pc-103
01-01 08:00:28.198 671 671 W LibBpfLoader: 42: (b7) r1 = 1
01-01 08:00:28.198 671 671 W LibBpfLoader: 43: (c3) lock *(u32 *)(r0 +0) += r1
01-01 08:00:28.198 671 671 W LibBpfLoader: R0=map_value(id=0,off=0,ks=4,vs=4,imm=0) R1_w=inv1 R6=ctx(id=0,off=0,imm=0) R7=inv0 R8=inv(id=0,umax_value=9,var_off=(0x0; 0xf)) R9=pkt(id=0,off=0,r=34,imm=0) R10=fp0,call_-1
01-01 08:00:28.198 671 671 W LibBpfLoader: R0=map_value(id=0,off=0,ks=4,vs=4,imm=0) R1_w=inv1 R6=ctx(id=0,off=0,imm=0) R7=inv0 R8=inv(id=0,umax_value=9,var_off=(0x0; 0xf)) R9=pkt(id=0,off=0,r=34,imm=0) R10=fp0,call_-1
01-01 08:00:28.198 671 671 W LibBpfLoader: 44: safe
01-01 08:00:28.198 671 671 W LibBpfLoader:
01-01 08:00:28.198 671 671 W LibBpfLoader: from 143 to 44: safe
01-01 08:00:28.198 671 671 W LibBpfLoader:
01-01 08:00:28.198 671 671 W LibBpfLoader: from 135 to 145: R0=inv(id=0,umax_value=1,var_off=(0x0; 0x1)) R1=pkt_end(id=0,off=0,imm=0) R2=inv17 R3=inv(id=0,umin_value=20) R4=inv0 R5=inv65535 R6=ctx(id=0,off=0,imm=0) R7=inv0 R8=inv(id=0,umax_value=9,var_off=(0x0; 0xf)) R9=pkt(id=0,off=0,r=34,imm=0) R10=fp0,call_-1
01-01 08:00:28.198 671 671 W LibBpfLoader: 145: (bf) r3 = r9
01-01 08:00:28.198 671 671 W LibBpfLoader: 146: (07) r3 += 42
01-01 08:00:28.198 671 671 W LibBpfLoader: 147: (3d) if r1 >= r3 goto pc+9
01-01 08:00:28.198 671 671 W LibBpfLoader: R0=inv(id=0,umax_value=1,var_off=(0x0; 0x1)) R1=pkt_end(id=0,off=0,imm=0) R2=inv17 R3=pkt(id=0,off=42,r=34,imm=0) R4=inv0 R5=inv65535 R6=ctx(id=0,off=0,imm=0) R7=inv0 R8=inv(id=0,umax_value=9,var_off=(0x0; 0xf)) R9=pkt(id=0,off=0,r=34,imm=0) R10=fp0,call_-1
01-01 08:00:28.198 671 671 W LibBpfLoader: 148: (b7) r1 = 19
01-01 08:00:28.198 671 671 W LibBpfLoader: 149: (63) *(u32 *)(r10 -24) = r1
01-01 08:00:28.198 671 671 W LibBpfLoader: 150: (bf) r2 = r10
01-01 08:00:28.198 671 671 W LibBpfLoader: 151: (07) r2 += -24
01-01 08:00:28.198 671 671 W LibBpfLoader: 152: (18) r1 = 0xffffffe30aa9a600
01-01 08:00:28.198 671 671 W LibBpfLoader: 154: (85) call bpf_map_lookup_elem#1
01-01 08:00:28.198 671 671 W LibBpfLoader: 155: (15) if r0 == 0x0 goto pc-112
01-01 08:00:28.198 671 671 W LibBpfLoader: R0=map_value(id=0,off=0,ks=4,vs=4,imm=0) R6=ctx(id=0,off=0,imm=0) R7=inv0 R8=inv(id=0,umax_value=9,var_off=(0x0; 0xf)) R9=pkt(id=0,off=0,r=34,imm=0) R10=fp0,call_-1
01-01 08:00:28.198 671 671 W LibBpfLoader: 156: (05) goto pc-115
01-01 08:00:28.198 671 671 W LibBpfLoader: 42: (b7) r1 = 1
01-01 08:00:28.198 671 671 W LibBpfLoader: 43: (c3) lock *(u32 *)(r0 +0) += r1
01-01 08:00:28.198 671 671 W LibBpfLoader: R0=map_value(id=0,off=0,ks=4,vs=4,imm=0) R1_w=inv1 R6=ctx(id=0,off=0,imm=0) R7=inv0 R8=inv(id=0,umax_value=9,var_off=(0x0; 0xf)) R9=pkt(id=0,off=0,r=34,imm=0) R10=fp0,call_-1
01-01 08:00:28.198 671 671 W LibBpfLoader: R0=map_value(id=0,off=0,ks=4,vs=4,imm=0) R1_w=inv1 R6=ctx(id=0,off=0,imm=0) R7=inv0 R8=inv(id=0,umax_value=9,var_off=(0x0; 0xf)) R9=pkt(id=0,off=0,r=34,imm=0) R10=fp0,call_-1
01-01 08:00:28.198 671 671 W LibBpfLoader: 44: safe
01-01 08:00:28.198 671 671 W LibBpfLoader:
01-01 08:00:28.198 671 671 W LibBpfLoader: from 155 to 44: safe
01-01 08:00:28.198 671 671 W LibBpfLoader:
01-01 08:00:28.198 671 671 W LibBpfLoader: from 147 to 157: R0=inv(id=0,umax_value=1,var_off=(0x0; 0x1)) R1=pkt_end(id=0,off=0,imm=0) R2=inv17 R3=pkt(id=0,off=42,r=42,imm=0) R4=inv0 R5=inv65535 R6=ctx(id=0,off=0,imm=0) R7=inv0 R8=inv(id=0,umax_value=9,var_off=(0x0; 0xf)) R9=pkt(id=0,off=0,r=42,imm=0) R10=fp0,call_-1
01-01 08:00:28.198 671 671 W LibBpfLoader: 157: (bf) r8 = r9
01-01 08:00:28.198 671 671 W LibBpfLoader: 158: (07) r8 += 34
01-01 08:00:28.198 671 671 W LibBpfLoader: 159: (55) if r2 != 0x6 goto pc+12
01-01 08:00:28.198 671 671 W LibBpfLoader: 172: (b7) r7 = 0
01-01 08:00:28.198 671 671 W LibBpfLoader: 173: (69) r3 = *(u16 *)(r9 +40)
01-01 08:00:28.198 671 671 W LibBpfLoader: 174: (bf) r1 = r8
01-01 08:00:28.198 671 671 W LibBpfLoader: 175: (b7) r4 = 0
01-01 08:00:28.198 671 671 W LibBpfLoader: 176: (55) if r3 != 0x0 goto pc+8
01-01 08:00:28.198 671 671 W LibBpfLoader: R0=inv(id=0,umax_value=1,var_off=(0x0; 0x1)) R1=pkt(id=0,off=34,r=42,imm=0) R2=inv17 R3=inv0 R4=inv0 R5=inv65535 R6=ctx(id=0,off=0,imm=0) R7=inv0 R8=pkt(id=0,off=34,r=42,imm=0) R9=pkt(id=0,off=0,r=42,imm=0) R10=fp0,call_-1
01-01 08:00:28.198 671 671 W LibBpfLoader: 177: (b7) r7 = 0
01-01 08:00:28.198 671 671 W LibBpfLoader: 178: (bf) r1 = r6
01-01 08:00:28.198 671 671 W LibBpfLoader: 179: (b7) r2 = 0
01-01 08:00:28.198 671 671 W LibBpfLoader: 180: (85) call bpf_csum_update#40
01-01 08:00:28.198 671 671 W LibBpfLoader: 181: (65) if r0 s> 0xffffffff goto pc+82
01-01 08:00:28.198 671 671 W LibBpfLoader: R0=inv(id=0,umin_value=9223372036854775808,var_off=(0x8000000000000000; 0x7fffffffffffffff)) R6=ctx(id=0,off=0,imm=0) R7=inv0 R8=pkt(id=0,off=34,r=42,imm=0) R9=pkt(id=0,off=0,r=42,imm=0) R10=fp0,call_-1
01-01 08:00:28.198 671 671 W LibBpfLoader: 182: (71) r2 = *(u8 *)(r9 +23)
01-01 08:00:28.198 671 671 W LibBpfLoader: 183: (bf) r1 = r8
01-01 08:00:28.198 671 671 W LibBpfLoader: 184: (b7) r4 = 0
01-01 08:00:28.198 671 671 W LibBpfLoader: 185: (61) r3 = *(u32 *)(r6 +40)
01-01 08:00:28.198 671 671 W LibBpfLoader: 186: (63) *(u32 *)(r10 -24) = r3
01-01 08:00:28.198 671 671 W LibBpfLoader: 187: (b7) r3 = 0
01-01 08:00:28.198 671 671 W LibBpfLoader: 188: (63) *(u32 *)(r10 -20) = r3
01-01 08:00:28.198 671 671 W LibBpfLoader: 189: (6b) *(u16 *)(r10 -16) = r3
01-01 08:00:28.198 671 671 W LibBpfLoader: 190: (57) r2 &= 255
01-01 08:00:28.198 671 671 W LibBpfLoader: 191: (6b) *(u16 *)(r10 -14) = r2
01-01 08:00:28.198 671 671 W LibBpfLoader: 192: (61) r2 = *(u32 *)(r9 +26)
01-01 08:00:28.198 671 671 W LibBpfLoader: 193: (63) *(u32 *)(r10 -12) = r2
01-01 08:00:28.198 671 671 W LibBpfLoader: 194: (61) r2 = *(u32 *)(r9 +30)
01-01 08:00:28.198 671 671 W LibBpfLoader: 195: (63) *(u32 *)(r10 -8) = r2
01-01 08:00:28.198 671 671 W LibBpfLoader: 196: (bf) r2 = r10
01-01 08:00:28.198 671 671 W LibBpfLoader: 197: (07) r2 += -20
01-01 08:00:28.198 671 671 W LibBpfLoader: 198: (7b) *(u64 *)(r10 -48) = r4
01-01 08:00:28.198 671 671 W LibBpfLoader: 199: (55) if r4 != 0x0 goto pc+1
01-01 08:00:28.198 671 671 W LibBpfLoader: 200: (05) goto pc+5
01-01 08:00:28.198 671 671 W LibBpfLoader: 206: (69) r3 = *(u16 *)(r1 +0)
01-01 08:00:28.198 671 671 W LibBpfLoader: 207: (6b) *(u16 *)(r10 -4) = r3
01-01 08:00:28.198 671 671 W LibBpfLoader: 208: (07) r1 += 2
01-01 08:00:28.209 608 608 I sscrpcd : vendor/qcom/proprietary/adsprpc/src/rpcmem_android.c:159: rpcmem_init_internal: opened ION device fd 4, configured heap IDs: system (0x2000000), contig (0x400000), secure (0x200), secure flags (0x80080000)
01-01 08:00:28.209 608 608 I sscrpcd : vendor/qcom/proprietary/adsprpc/src/fastrpc_apps_user.c:3087: fastrpc_apps_user_init done with default domain:2 and &fastrpc_trace:0x7c0fc84fa0
01-01 08:00:28.209 608 608 E sscrpcd : vendor/qcom/proprietary/sensors-see/sscrpcd/src/sscrpcd.cpp:94:adsp_default_listener_start called for [sensorspd]
01-01 08:00:28.209 608 608 I sscrpcd : vendor/qcom/proprietary/adsprpc/src/fastrpc_pm.c:85: fastrpc_wake_lock_init done for sscrpcd:608
01-01 08:00:28.209 608 608 I sscrpcd : vendor/qcom/proprietary/adsprpc/src/fastrpc_apps_user.c:1733: wakelock_control: enabled wakelock control for domain 2
01-01 08:00:28.209 608 608 E sscrpcd : vendor/qcom/proprietary/sensors-see/sscrpcd/src/sscrpcd.cpp:65:fastrpc wakelock control is enabled
01-01 08:00:28.209 608 608 I sscrpcd : vendor/qcom/proprietary/adsprpc/src/fastrpc_apps_user.c:1345: remote_handle_open: Successfully opened handle 0x0 for '":;./\createstaticpd:sensorspd on domain 2
01-01 08:00:28.209 608 608 E sscrpcd : vendor/qcom/proprietary/adsprpc/src/fastrpc_apps_user.c:2870: Error 0x200: apps_dev_init failed for domain 2, errno Transport endpoint is not connected
01-01 08:00:28.209 608 608 E sscrpcd : vendor/qcom/proprietary/adsprpc/src/fastrpc_apps_user.c:2968: Error 0x200: open_dev (-1) failed for domain 2 (errno Transport endpoint is not connected)
01-01 08:00:28.209 608 608 E sscrpcd : vendor/qcom/proprietary/adsprpc/src/fastrpc_apps_user.c:1348: Error 0x200: remote_handle_open failed for adsp_default_listener (errno Success)
01-01 08:00:28.209 608 608 E sscrpcd : vendor/qcom/proprietary/sensors-see/sscrpcd/src/sscrpcd.cpp:98:listener exits
01-01 08:00:28.209 608 608 I sscrpcd : vendor/qcom/proprietary/adsprpc/src/rpcmem_android.c:192: rpcmem_deinit_internal: closed ION fd 4
01-01 08:00:28.209 608 608 I sscrpcd : vendor/qcom/proprietary/adsprpc/src/fastrpc_pm.c:116: fastrpc_wake_lock_deinit done
01-01 08:00:28.209 608 608 I sscrpcd : vendor/qcom/proprietary/adsprpc/src/fastrpc_apps_user.c:3019: fastrpc_apps_user_deinit done
01-01 08:00:28.209 608 608 E sscrpcd : vendor/qcom/proprietary/sensors-see/sscrpcd/src/sscrpcd.cpp:109:sscrpcd daemon will restart after 25ms...
01-01 08:00:28.213 671 671 I liblog : 307
01-01 08:00:28.213 671 671 D LibBpfLoader: bpf_prog_load lib call for /apex/com.android.tethering/etc/bpf/offload.o (schedcls_tether_downstream4_rawip$4_14) returned fd: 21 (no error)
01-01 08:00:28.213 671 671 D LibBpfLoader: cs[19].name:schedcls_tether_upstream4_rawip$4_14 min_kver:40e0000 .max_kver:5040000 (kvers:413009d)
01-01 08:00:28.213 671 671 D LibBpfLoader: cs[19].name:schedcls_tether_upstream4_rawip$4_14 requires bpfloader version [0x00000,0x10000)
01-01 08:00:28.227 671 671 D LibBpfLoader: bpf_prog_load lib call for /apex/com.android.tethering/etc/bpf/offload.o (schedcls_tether_upstream4_rawip$4_14) returned fd: 22 (no error)
01-01 08:00:28.227 671 671 D LibBpfLoader: cs[20].name:schedcls_tether_downstream4_ether$4_14 min_kver:40e0000 .max_kver:5080000 (kvers:413009d)
01-01 08:00:28.227 671 671 D LibBpfLoader: cs[20].name:schedcls_tether_downstream4_ether$4_14 requires bpfloader version [0x00000,0x10000)
01-01 08:00:28.233 671 671 D LibBpfLoader: bpf_prog_load lib call for /apex/com.android.tethering/etc/bpf/offload.o (schedcls_tether_downstream4_ether$4_14) returned fd: 23 (no error)
01-01 08:00:28.233 671 671 D LibBpfLoader: cs[21].name:schedcls_tether_upstream4_ether$4_14 min_kver:40e0000 .max_kver:5080000 (kvers:413009d)
01-01 08:00:28.233 671 671 D LibBpfLoader: cs[21].name:schedcls_tether_upstream4_ether$4_14 requires bpfloader version [0x00000,0x10000)
01-01 08:00:28.235 608 608 I sscrpcd : vendor/qcom/proprietary/adsprpc/src/rpcmem_android.c:159: rpcmem_init_internal: opened ION device fd 4, configured heap IDs: system (0x2000000), contig (0x400000), secure (0x200), secure flags (0x80080000)
01-01 08:00:28.235 608 608 I sscrpcd : vendor/qcom/proprietary/adsprpc/src/fastrpc_apps_user.c:3087: fastrpc_apps_user_init done with default domain:2 and &fastrpc_trace:0x7c0e150fa0
01-01 08:00:28.235 608 608 E sscrpcd : vendor/qcom/proprietary/sensors-see/sscrpcd/src/sscrpcd.cpp:94:adsp_default_listener_start called for [sensorspd]
01-01 08:00:28.235 608 608 I sscrpcd : vendor/qcom/proprietary/adsprpc/src/fastrpc_pm.c:85: fastrpc_wake_lock_init done for sscrpcd:608
01-01 08:00:28.235 608 608 I sscrpcd : vendor/qcom/proprietary/adsprpc/src/fastrpc_apps_user.c:1733: wakelock_control: enabled wakelock control for domain 2
01-01 08:00:28.235 608 608 E sscrpcd : vendor/qcom/proprietary/sensors-see/sscrpcd/src/sscrpcd.cpp:65:fastrpc wakelock control is enabled
01-01 08:00:28.235 608 608 I sscrpcd : vendor/qcom/proprietary/adsprpc/src/fastrpc_apps_user.c:1345: remote_handle_open: Successfully opened handle 0x0 for '":;./\createstaticpd:sensorspd on domain 2
01-01 08:00:28.235 608 608 E sscrpcd : vendor/qcom/proprietary/adsprpc/src/fastrpc_apps_user.c:2870: Error 0x200: apps_dev_init failed for domain 2, errno Transport endpoint is not connected
01-01 08:00:28.235 608 608 E sscrpcd : vendor/qcom/proprietary/adsprpc/src/fastrpc_apps_user.c:2968: Error 0x200: open_dev (-1) failed for domain 2 (errno Transport endpoint is not connected)
01-01 08:00:28.235 608 608 E sscrpcd : vendor/qcom/proprietary/adsprpc/src/fastrpc_apps_user.c:1348: Error 0x200: remote_handle_open failed for adsp_default_listener (errno Success)
01-01 08:00:28.235 608 608 E sscrpcd : vendor/qcom/proprietary/sensors-see/sscrpcd/src/sscrpcd.cpp:98:listener exits
01-01 08:00:28.235 608 608 I sscrpcd : vendor/qcom/proprietary/adsprpc/src/rpcmem_android.c:192: rpcmem_deinit_internal: closed ION fd 4
01-01 08:00:28.235 608 608 I sscrpcd : vendor/qcom/proprietary/adsprpc/src/fastrpc_pm.c:116: fastrpc_wake_lock_deinit done
01-01 08:00:28.235 608 608 I sscrpcd : vendor/qcom/proprietary/adsprpc/src/fastrpc_apps_user.c:3019: fastrpc_apps_user_deinit done
01-01 08:00:28.235 608 608 E sscrpcd : vendor/qcom/proprietary/sensors-see/sscrpcd/src/sscrpcd.cpp:109:sscrpcd daemon will restart after 25ms...
01-01 08:00:28.256 671 671 D LibBpfLoader: bpf_prog_load lib call for /apex/com.android.tethering/etc/bpf/offload.o (schedcls_tether_upstream4_ether$4_14) returned fd: 24 (no error)
01-01 08:00:28.256 671 671 D LibBpfLoader: cs[22].name:schedcls_tether_downstream4_rawip$stub min_kver:0 .max_kver:5040000 (kvers:413009d)
01-01 08:00:28.256 671 671 D LibBpfLoader: cs[22].name:schedcls_tether_downstream4_rawip$stub requires bpfloader version [0x00000,0x10000)
01-01 08:00:28.256 671 671 D LibBpfLoader: New bpf prog load reusing prog /sys/fs/bpf/tethering/prog_offload_schedcls_tether_downstream4_rawip, ret: 25 (no error)
01-01 08:00:28.256 671 671 D LibBpfLoader: cs[23].name:schedcls_tether_upstream4_rawip$stub min_kver:0 .max_kver:5040000 (kvers:413009d)
01-01 08:00:28.256 671 671 D LibBpfLoader: cs[23].name:schedcls_tether_upstream4_rawip$stub requires bpfloader version [0x00000,0x10000)
01-01 08:00:28.256 671 671 D LibBpfLoader: New bpf prog load reusing prog /sys/fs/bpf/tethering/prog_offload_schedcls_tether_upstream4_rawip, ret: 26 (no error)
01-01 08:00:28.256 671 671 D LibBpfLoader: cs[24].name:schedcls_tether_downstream4_ether$stub min_kver:0 .max_kver:40e0000 (kvers:413009d)
01-01 08:00:28.256 671 671 D LibBpfLoader: cs[25].name:schedcls_tether_upstream4_ether$stub min_kver:0 .max_kver:40e0000 (kvers:413009d)
01-01 08:00:28.256 671 671 D LibBpfLoader: cs[26].name:xdp_tether_downstream_ether min_kver:5090000 .max_kver:ffffffff (kvers:413009d)
01-01 08:00:28.256 671 671 D LibBpfLoader: cs[27].name:xdp_tether_downstream_rawip min_kver:5090000 .max_kver:ffffffff (kvers:413009d)
01-01 08:00:28.256 671 671 D LibBpfLoader: cs[28].name:xdp_tether_upstream_ether min_kver:5090000 .max_kver:ffffffff (kvers:413009d)
01-01 08:00:28.256 671 671 D LibBpfLoader: cs[29].name:xdp_tether_upstream_rawip min_kver:5090000 .max_kver:ffffffff (kvers:413009d)
01-01 08:00:28.256 671 671 I bpfloader: Loaded object: /apex/com.android.tethering/etc/bpf/offload.o
01-01 08:00:28.258 671 671 D LibBpfLoader: Loading optional ELF object /system/etc/bpf/time_in_state.o with license GPL
01-01 08:00:28.258 671 671 I LibBpfLoader: Section bpfloader_min_ver value is 0 [0x0]
01-01 08:00:28.258 671 671 I LibBpfLoader: Section bpfloader_max_ver value is 65536 [0x10000]
01-01 08:00:28.258 671 671 I LibBpfLoader: Section size_of_bpf_map_def value is 48 [0x30]
01-01 08:00:28.258 671 671 I LibBpfLoader: Section size_of_bpf_prog_def value is 28 [0x1c]
01-01 08:00:28.258 671 671 I LibBpfLoader: BpfLoader version 0x00002 processing ELF object /system/etc/bpf/time_in_state.o with ver [0x00000,0x10000)
01-01 08:00:28.258 671 671 D LibBpfLoader: Loaded code section 3 (tracepoint_sched_sched_switch)
01-01 08:00:28.258 671 671 D LibBpfLoader: Loaded relo section 3 (.reltracepoint/sched/sched_switch)
01-01 08:00:28.258 671 671 D LibBpfLoader: Adding section 3 to cs list
01-01 08:00:28.258 671 671 D LibBpfLoader: Loaded code section 5 (tracepoint_power_cpu_frequency)
01-01 08:00:28.258 671 671 D LibBpfLoader: Loaded relo section 5 (.reltracepoint/power/cpu_frequency)
01-01 08:00:28.258 671 671 D LibBpfLoader: Adding section 5 to cs list
01-01 08:00:28.258 671 671 D LibBpfLoader: Loaded code section 7 (tracepoint_sched_sched_process_free)
01-01 08:00:28.258 671 671 D LibBpfLoader: Loaded relo section 7 (.reltracepoint/sched/sched_process_free)
01-01 08:00:28.258 671 671 D LibBpfLoader: Adding section 7 to cs list
01-01 08:00:28.258 671 671 D LibBpfLoader: bpf_create_map name total_time_in_state_map, ret: 6
01-01 08:00:28.259 671 671 D LibBpfLoader: bpf_create_map name uid_time_in_state_map, ret: 7
01-01 08:00:28.259 671 671 D LibBpfLoader: bpf_create_map name uid_concurrent_times_map, ret: 8
01-01 08:00:28.259 671 671 D LibBpfLoader: bpf_create_map name uid_last_update_map, ret: 9
01-01 08:00:28.259 671 671 D LibBpfLoader: bpf_create_map name cpu_last_update_map, ret: 10
01-01 08:00:28.259 671 671 D LibBpfLoader: bpf_create_map name cpu_policy_map, ret: 11
01-01 08:00:28.259 671 671 D LibBpfLoader: bpf_create_map name policy_freq_idx_map, ret: 12
01-01 08:00:28.259 671 671 D LibBpfLoader: bpf_create_map name freq_to_idx_map, ret: 13
01-01 08:00:28.259 671 671 D LibBpfLoader: bpf_create_map name nr_active_map, ret: 14
01-01 08:00:28.259 671 671 D LibBpfLoader: bpf_create_map name policy_nr_active_map, ret: 15
01-01 08:00:28.259 671 671 D LibBpfLoader: bpf_create_map name pid_tracked_hash_map, ret: 16
01-01 08:00:28.259 671 671 D LibBpfLoader: bpf_create_map name pid_tracked_map, ret: 17
01-01 08:00:28.259 671 671 D LibBpfLoader: bpf_create_map name pid_task_aggregation_map, ret: 18
01-01 08:00:28.260 671 671 D LibBpfLoader: bpf_create_map name pid_time_in_state_map, ret: 19
01-01 08:00:28.260 671 671 D LibBpfLoader: map_fd found at 0 is 6 in /system/etc/bpf/time_in_state.o
01-01 08:00:28.260 671 671 D LibBpfLoader: map_fd found at 1 is 7 in /system/etc/bpf/time_in_state.o
01-01 08:00:28.260 671 671 D LibBpfLoader: map_fd found at 2 is 8 in /system/etc/bpf/time_in_state.o
01-01 08:00:28.260 671 671 D LibBpfLoader: map_fd found at 3 is 9 in /system/etc/bpf/time_in_state.o
01-01 08:00:28.260 671 671 D LibBpfLoader: map_fd found at 4 is 10 in /system/etc/bpf/time_in_state.o
01-01 08:00:28.260 671 671 D LibBpfLoader: map_fd found at 5 is 11 in /system/etc/bpf/time_in_state.o
01-01 08:00:28.260 671 671 D LibBpfLoader: map_fd found at 6 is 12 in /system/etc/bpf/time_in_state.o
01-01 08:00:28.260 671 671 D LibBpfLoader: map_fd found at 7 is 13 in /system/etc/bpf/time_in_state.o
01-01 08:00:28.260 671 671 D LibBpfLoader: map_fd found at 8 is 14 in /system/etc/bpf/time_in_state.o
01-01 08:00:28.260 671 671 D LibBpfLoader: map_fd found at 9 is 15 in /system/etc/bpf/time_in_state.o
01-01 08:00:28.260 671 671 D LibBpfLoader: map_fd found at 10 is 16 in /system/etc/bpf/time_in_state.o
01-01 08:00:28.260 671 671 D LibBpfLoader: map_fd found at 11 is 17 in /system/etc/bpf/time_in_state.o
01-01 08:00:28.260 671 671 D LibBpfLoader: map_fd found at 12 is 18 in /system/etc/bpf/time_in_state.o
01-01 08:00:28.260 671 671 D LibBpfLoader: map_fd found at 13 is 19 in /system/etc/bpf/time_in_state.o
01-01 08:00:28.260 671 671 D LibBpfLoader: applying relo to instruction at byte offset: 40, insn offset 5 , insn 118
01-01 08:00:28.260 671 671 D LibBpfLoader: applying relo to instruction at byte offset: 128, insn offset 16 , insn 118
01-01 08:00:28.260 671 671 D LibBpfLoader: applying relo to instruction at byte offset: 200, insn offset 25 , insn 118
01-01 08:00:28.260 671 671 D LibBpfLoader: applying relo to instruction at byte offset: 264, insn offset 33 , insn 118
01-01 08:00:28.260 671 671 D LibBpfLoader: applying relo to instruction at byte offset: 504, insn offset 63 , insn 118
01-01 08:00:28.260 671 671 D LibBpfLoader: applying relo to instruction at byte offset: 640, insn offset 80 , insn 118
01-01 08:00:28.260 671 671 D LibBpfLoader: applying relo to instruction at byte offset: 1000, insn offset 125 , insn 118
01-01 08:00:28.260 671 671 D LibBpfLoader: applying relo to instruction at byte offset: 1040, insn offset 130 , insn 118
01-01 08:00:28.260 671 671 D LibBpfLoader: applying relo to instruction at byte offset: 1216, insn offset 152 , insn 118
01-01 08:00:28.260 671 671 D LibBpfLoader: applying relo to instruction at byte offset: 1344, insn offset 168 , insn 118
01-01 08:00:28.260 671 671 D LibBpfLoader: applying relo to instruction at byte offset: 1440, insn offset 180 , insn 118
01-01 08:00:28.260 671 671 D LibBpfLoader: applying relo to instruction at byte offset: 1536, insn offset 192 , insn 118
01-01 08:00:28.260 671 671 D LibBpfLoader: applying relo to instruction at byte offset: 1864, insn offset 233 , insn 118
01-01 08:00:28.260 671 671 D LibBpfLoader: applying relo to instruction at byte offset: 1904, insn offset 238 , insn 118
01-01 08:00:28.260 671 671 D LibBpfLoader: applying relo to instruction at byte offset: 2080, insn offset 260 , insn 118
01-01 08:00:28.260 671 671 D LibBpfLoader: applying relo to instruction at byte offset: 2288, insn offset 286 , insn 118
01-01 08:00:28.260 671 671 D LibBpfLoader: applying relo to instruction at byte offset: 2328, insn offset 291 , insn 118
01-01 08:00:28.260 671 671 D LibBpfLoader: applying relo to instruction at byte offset: 2504, insn offset 313 , insn 118
01-01 08:00:28.260 671 671 D LibBpfLoader: applying relo to instruction at byte offset: 2712, insn offset 339 , insn 118
01-01 08:00:28.260 671 671 D LibBpfLoader: applying relo to instruction at byte offset: 2752, insn offset 344 , insn 118
01-01 08:00:28.260 671 671 D LibBpfLoader: applying relo to instruction at byte offset: 2864, insn offset 358 , insn 118
01-01 08:00:28.260 671 671 D LibBpfLoader: applying relo to instruction at byte offset: 2952, insn offset 369 , insn 118
01-01 08:00:28.260 671 671 D LibBpfLoader: applying relo to instruction at byte offset: 3056, insn offset 382 , insn 118
01-01 08:00:28.260 671 671 D LibBpfLoader: applying relo to instruction at byte offset: 3160, insn offset 395 , insn 118
01-01 08:00:28.260 671 671 D LibBpfLoader: applying relo to instruction at byte offset: 3264, insn offset 408 , insn 118
01-01 08:00:28.260 671 671 D LibBpfLoader: applying relo to instruction at byte offset: 3368, insn offset 421 , insn 118
01-01 08:00:28.260 671 671 D LibBpfLoader: applying relo to instruction at byte offset: 3472, insn offset 434 , insn 118
01-01 08:00:28.260 671 671 D LibBpfLoader: applying relo to instruction at byte offset: 3576, insn offset 447 , insn 118
01-01 08:00:28.260 671 671 D LibBpfLoader: applying relo to instruction at byte offset: 3688, insn offset 461 , insn 118
01-01 08:00:28.260 671 671 D LibBpfLoader: applying relo to instruction at byte offset: 40, insn offset 5 , insn 118
01-01 08:00:28.260 671 671 D LibBpfLoader: applying relo to instruction at byte offset: 120, insn offset 15 , insn 118
01-01 08:00:28.260 671 671 D LibBpfLoader: applying relo to instruction at byte offset: 200, insn offset 25 , insn 118
01-01 08:00:28.260 671 671 D LibBpfLoader: applying relo to instruction at byte offset: 48, insn offset 6 , insn 118
01-01 08:00:28.260 671 671 D LibBpfLoader: applying relo to instruction at byte offset: 200, insn offset 25 , insn 118
01-01 08:00:28.260 671 671 D LibBpfLoader: applying relo to instruction at byte offset: 328, insn offset 41 , insn 118
01-01 08:00:28.260 671 671 D LibBpfLoader: applying relo to instruction at byte offset: 456, insn offset 57 , insn 118
01-01 08:00:28.260 671 671 D LibBpfLoader: applying relo to instruction at byte offset: 584, insn offset 73 , insn 118
01-01 08:00:28.260 671 671 D LibBpfLoader: applying relo to instruction at byte offset: 712, insn offset 89 , insn 118
01-01 08:00:28.260 671 671 D LibBpfLoader: applying relo to instruction at byte offset: 840, insn offset 105 , insn 118
01-01 08:00:28.260 671 671 D LibBpfLoader: applying relo to instruction at byte offset: 968, insn offset 121 , insn 118
01-01 08:00:28.260 671 671 D LibBpfLoader: applying relo to instruction at byte offset: 1104, insn offset 138 , insn 118
01-01 08:00:28.260 671 671 D LibBpfLoader: applying relo to instruction at byte offset: 1144, insn offset 143 , insn 118
01-01 08:00:28.260 671 671 D LibBpfLoader: cs[0].name:tracepoint_sched_sched_switch min_kver:0 .max_kver:ffffffff (kvers:413009d)
01-01 08:00:28.260 671 671 D LibBpfLoader: cs[0].name:tracepoint_sched_sched_switch requires bpfloader version [0x00000,0x10000)
01-01 08:00:28.260 608 608 I sscrpcd : vendor/qcom/proprietary/adsprpc/src/rpcmem_android.c:159: rpcmem_init_internal: opened ION device fd 4, configured heap IDs: system (0x2000000), contig (0x400000), secure (0x200), secure flags (0x80080000)
01-01 08:00:28.260 608 608 I sscrpcd : vendor/qcom/proprietary/adsprpc/src/fastrpc_apps_user.c:3087: fastrpc_apps_user_init done with default domain:2 and &fastrpc_trace:0x7c0fc87fa0
01-01 08:00:28.261 608 608 E sscrpcd : vendor/qcom/proprietary/sensors-see/sscrpcd/src/sscrpcd.cpp:94:adsp_default_listener_start called for [sensorspd]
01-01 08:00:28.261 608 608 I sscrpcd : vendor/qcom/proprietary/adsprpc/src/fastrpc_pm.c:85: fastrpc_wake_lock_init done for sscrpcd:608
01-01 08:00:28.261 608 608 I sscrpcd : vendor/qcom/proprietary/adsprpc/src/fastrpc_apps_user.c:1733: wakelock_control: enabled wakelock control for domain 2
01-01 08:00:28.261 608 608 E sscrpcd : vendor/qcom/proprietary/sensors-see/sscrpcd/src/sscrpcd.cpp:65:fastrpc wakelock control is enabled
01-01 08:00:28.261 608 608 I sscrpcd : vendor/qcom/proprietary/adsprpc/src/fastrpc_apps_user.c:1345: remote_handle_open: Successfully opened handle 0x0 for '":;./\createstaticpd:sensorspd on domain 2
01-01 08:00:28.261 608 608 E sscrpcd : vendor/qcom/proprietary/adsprpc/src/fastrpc_apps_user.c:2870: Error 0x200: apps_dev_init failed for domain 2, errno Transport endpoint is not connected
01-01 08:00:28.261 608 608 E sscrpcd : vendor/qcom/proprietary/adsprpc/src/fastrpc_apps_user.c:2968: Error 0x200: open_dev (-1) failed for domain 2 (errno Transport endpoint is not connected)
01-01 08:00:28.261 608 608 E sscrpcd : vendor/qcom/proprietary/adsprpc/src/fastrpc_apps_user.c:1348: Error 0x200: remote_handle_open failed for adsp_default_listener (errno Success)
01-01 08:00:28.261 608 608 E sscrpcd : vendor/qcom/proprietary/sensors-see/sscrpcd/src/sscrpcd.cpp:98:listener exits
01-01 08:00:28.261 608 608 I sscrpcd : vendor/qcom/proprietary/adsprpc/src/rpcmem_android.c:192: rpcmem_deinit_internal: closed ION fd 4
01-01 08:00:28.261 608 608 I sscrpcd : vendor/qcom/proprietary/adsprpc/src/fastrpc_pm.c:116: fastrpc_wake_lock_deinit done
01-01 08:00:28.261 608 608 I sscrpcd : vendor/qcom/proprietary/adsprpc/src/fastrpc_apps_user.c:3019: fastrpc_apps_user_deinit done
01-01 08:00:28.261 608 608 E sscrpcd : vendor/qcom/proprietary/sensors-see/sscrpcd/src/sscrpcd.cpp:109:sscrpcd daemon will restart after 25ms...
01-01 08:00:28.267 671 671 D LibBpfLoader: bpf_prog_load lib call for /system/etc/bpf/time_in_state.o (tracepoint_sched_sched_switch) returned fd: 20 (no error)
01-01 08:00:28.267 671 671 D LibBpfLoader: cs[1].name:tracepoint_power_cpu_frequency min_kver:0 .max_kver:ffffffff (kvers:413009d)
01-01 08:00:28.267 671 671 D LibBpfLoader: cs[1].name:tracepoint_power_cpu_frequency requires bpfloader version [0x00000,0x10000)
01-01 08:00:28.286 608 608 I sscrpcd : vendor/qcom/proprietary/adsprpc/src/rpcmem_android.c:159: rpcmem_init_internal: opened ION device fd 4, configured heap IDs: system (0x2000000), contig (0x400000), secure (0x200), secure flags (0x80080000)
01-01 08:00:28.286 608 608 I sscrpcd : vendor/qcom/proprietary/adsprpc/src/fastrpc_apps_user.c:3087: fastrpc_apps_user_init done with default domain:2 and &fastrpc_trace:0x7c0d5a7fa0
01-01 08:00:28.286 608 608 E sscrpcd : vendor/qcom/proprietary/sensors-see/sscrpcd/src/sscrpcd.cpp:94:adsp_default_listener_start called for [sensorspd]
01-01 08:00:28.286 608 608 I sscrpcd : vendor/qcom/proprietary/adsprpc/src/fastrpc_pm.c:85: fastrpc_wake_lock_init done for sscrpcd:608
01-01 08:00:28.286 608 608 I sscrpcd : vendor/qcom/proprietary/adsprpc/src/fastrpc_apps_user.c:1733: wakelock_control: enabled wakelock control for domain 2
01-01 08:00:28.286 608 608 E sscrpcd : vendor/qcom/proprietary/sensors-see/sscrpcd/src/sscrpcd.cpp:65:fastrpc wakelock control is enabled
01-01 08:00:28.286 608 608 I sscrpcd : vendor/qcom/proprietary/adsprpc/src/fastrpc_apps_user.c:1345: remote_handle_open: Successfully opened handle 0x0 for '":;./\createstaticpd:sensorspd on domain 2
01-01 08:00:28.286 608 608 E sscrpcd : vendor/qcom/proprietary/adsprpc/src/fastrpc_apps_user.c:2870: Error 0x200: apps_dev_init failed for domain 2, errno Transport endpoint is not connected
01-01 08:00:28.286 608 608 E sscrpcd : vendor/qcom/proprietary/adsprpc/src/fastrpc_apps_user.c:2968: Error 0x200: open_dev (-1) failed for domain 2 (errno Transport endpoint is not connected)
01-01 08:00:28.286 608 608 E sscrpcd : vendor/qcom/proprietary/adsprpc/src/fastrpc_apps_user.c:1348: Error 0x200: remote_handle_open failed for adsp_default_listener (errno Success)
01-01 08:00:28.286 608 608 E sscrpcd : vendor/qcom/proprietary/sensors-see/sscrpcd/src/sscrpcd.cpp:98:listener exits
01-01 08:00:28.286 608 608 I sscrpcd : vendor/qcom/proprietary/adsprpc/src/rpcmem_android.c:192: rpcmem_deinit_internal: closed ION fd 4
01-01 08:00:28.286 608 608 I sscrpcd : vendor/qcom/proprietary/adsprpc/src/fastrpc_pm.c:116: fastrpc_wake_lock_deinit done
01-01 08:00:28.286 608 608 I sscrpcd : vendor/qcom/proprietary/adsprpc/src/fastrpc_apps_user.c:3019: fastrpc_apps_user_deinit done
01-01 08:00:28.287 608 608 E sscrpcd : vendor/qcom/proprietary/sensors-see/sscrpcd/src/sscrpcd.cpp:109:sscrpcd daemon will restart after 25ms...
01-01 08:00:28.291 671 671 D LibBpfLoader: bpf_prog_load lib call for /system/etc/bpf/time_in_state.o (tracepoint_power_cpu_frequency) returned fd: 21 (no error)
01-01 08:00:28.291 671 671 D LibBpfLoader: cs[2].name:tracepoint_sched_sched_process_free min_kver:0 .max_kver:ffffffff (kvers:413009d)
01-01 08:00:28.291 671 671 D LibBpfLoader: cs[2].name:tracepoint_sched_sched_process_free requires bpfloader version [0x00000,0x10000)
01-01 08:00:28.304 671 671 D LibBpfLoader: bpf_prog_load lib call for /system/etc/bpf/time_in_state.o (tracepoint_sched_sched_process_free) returned fd: 22 (no error)
01-01 08:00:28.304 671 671 I bpfloader: Loaded object: /system/etc/bpf/time_in_state.o
01-01 08:00:28.304 671 671 D LibBpfLoader: Loading critical for netd ELF object /system/etc/bpf/clatd.o with license Apache 2.0
01-01 08:00:28.304 671 671 I LibBpfLoader: Section bpfloader_min_ver value is 0 [0x0]
01-01 08:00:28.304 671 671 I LibBpfLoader: Section bpfloader_max_ver value is 65536 [0x10000]
01-01 08:00:28.304 671 671 I LibBpfLoader: Section size_of_bpf_map_def value is 48 [0x30]
01-01 08:00:28.304 671 671 I LibBpfLoader: Section size_of_bpf_prog_def value is 28 [0x1c]
01-01 08:00:28.304 671 671 I LibBpfLoader: BpfLoader version 0x00002 processing ELF object /system/etc/bpf/clatd.o with ver [0x00000,0x10000)
01-01 08:00:28.305 671 671 D LibBpfLoader: Loaded code section 3 (schedcls_ingress6_clat_ether)
01-01 08:00:28.305 671 671 D LibBpfLoader: Loaded relo section 3 (.relschedcls/ingress6/clat_ether)
01-01 08:00:28.305 671 671 D LibBpfLoader: Adding section 3 to cs list
01-01 08:00:28.305 671 671 D LibBpfLoader: Loaded code section 5 (schedcls_ingress6_clat_rawip)
01-01 08:00:28.305 671 671 D LibBpfLoader: Loaded relo section 5 (.relschedcls/ingress6/clat_rawip)
01-01 08:00:28.305 671 671 D LibBpfLoader: Adding section 5 to cs list
01-01 08:00:28.305 671 671 D LibBpfLoader: Loaded code section 7 (schedcls_egress4_clat_ether)
01-01 08:00:28.305 671 671 D LibBpfLoader: Adding section 7 to cs list
01-01 08:00:28.305 671 671 D LibBpfLoader: Loaded code section 8 (schedcls_egress4_clat_rawip)
01-01 08:00:28.305 671 671 D LibBpfLoader: Loaded relo section 8 (.relschedcls/egress4/clat_rawip)
01-01 08:00:28.305 671 671 D LibBpfLoader: Adding section 8 to cs list
01-01 08:00:28.305 671 671 D LibBpfLoader: bpf_create_map name clat_ingress6_map, ret: 6
01-01 08:00:28.305 671 671 D LibBpfLoader: bpf_create_map name clat_egress4_map, ret: 7
01-01 08:00:28.305 671 671 D LibBpfLoader: map_fd found at 0 is 6 in /system/etc/bpf/clatd.o
01-01 08:00:28.305 671 671 D LibBpfLoader: map_fd found at 1 is 7 in /system/etc/bpf/clatd.o
01-01 08:00:28.305 671 671 D LibBpfLoader: applying relo to instruction at byte offset: 408, insn offset 51 , insn 118
01-01 08:00:28.305 671 671 D LibBpfLoader: applying relo to instruction at byte offset: 352, insn offset 44 , insn 118
01-01 08:00:28.305 671 671 D LibBpfLoader: applying relo to instruction at byte offset: 520, insn offset 65 , insn 118
01-01 08:00:28.305 671 671 D LibBpfLoader: cs[0].name:schedcls_ingress6_clat_ether min_kver:0 .max_kver:ffffffff (kvers:413009d)
01-01 08:00:28.305 671 671 D LibBpfLoader: cs[0].name:schedcls_ingress6_clat_ether requires bpfloader version [0x00000,0x10000)
01-01 08:00:28.312 608 608 I sscrpcd : vendor/qcom/proprietary/adsprpc/src/rpcmem_android.c:159: rpcmem_init_internal: opened ION device fd 4, configured heap IDs: system (0x2000000), contig (0x400000), secure (0x200), secure flags (0x80080000)
01-01 08:00:28.312 608 608 I sscrpcd : vendor/qcom/proprietary/adsprpc/src/fastrpc_apps_user.c:3087: fastrpc_apps_user_init done with default domain:2 and &fastrpc_trace:0x7c0fc4bfa0
01-01 08:00:28.312 608 608 E sscrpcd : vendor/qcom/proprietary/sensors-see/sscrpcd/src/sscrpcd.cpp:94:adsp_default_listener_start called for [sensorspd]
01-01 08:00:28.312 608 608 I sscrpcd : vendor/qcom/proprietary/adsprpc/src/fastrpc_pm.c:85: fastrpc_wake_lock_init done for sscrpcd:608
01-01 08:00:28.312 608 608 I sscrpcd : vendor/qcom/proprietary/adsprpc/src/fastrpc_apps_user.c:1733: wakelock_control: enabled wakelock control for domain 2
01-01 08:00:28.312 608 608 E sscrpcd : vendor/qcom/proprietary/sensors-see/sscrpcd/src/sscrpcd.cpp:65:fastrpc wakelock control is enabled
01-01 08:00:28.312 608 608 I sscrpcd : vendor/qcom/proprietary/adsprpc/src/fastrpc_apps_user.c:1345: remote_handle_open: Successfully opened handle 0x0 for '":;./\createstaticpd:sensorspd on domain 2
01-01 08:00:28.312 608 608 E sscrpcd : vendor/qcom/proprietary/adsprpc/src/fastrpc_apps_user.c:2870: Error 0x200: apps_dev_init failed for domain 2, errno Transport endpoint is not connected
01-01 08:00:28.312 608 608 E sscrpcd : vendor/qcom/proprietary/adsprpc/src/fastrpc_apps_user.c:2968: Error 0x200: open_dev (-1) failed for domain 2 (errno Transport endpoint is not connected)
01-01 08:00:28.312 608 608 E sscrpcd : vendor/qcom/proprietary/adsprpc/src/fastrpc_apps_user.c:1348: Error 0x200: remote_handle_open failed for adsp_default_listener (errno Success)
01-01 08:00:28.312 608 608 E sscrpcd : vendor/qcom/proprietary/sensors-see/sscrpcd/src/sscrpcd.cpp:98:listener exits
01-01 08:00:28.312 608 608 I sscrpcd : vendor/qcom/proprietary/adsprpc/src/rpcmem_android.c:192: rpcmem_deinit_internal: closed ION fd 4
01-01 08:00:28.312 608 608 I sscrpcd : vendor/qcom/proprietary/adsprpc/src/fastrpc_pm.c:116: fastrpc_wake_lock_deinit done
01-01 08:00:28.312 608 608 I sscrpcd : vendor/qcom/proprietary/adsprpc/src/fastrpc_apps_user.c:3019: fastrpc_apps_user_deinit done
01-01 08:00:28.312 608 608 E sscrpcd : vendor/qcom/proprietary/sensors-see/sscrpcd/src/sscrpcd.cpp:109:sscrpcd daemon will restart after 25ms...
01-01 08:00:28.327 671 671 D LibBpfLoader: bpf_prog_load lib call for /system/etc/bpf/clatd.o (schedcls_ingress6_clat_ether) returned fd: 8 (no error)
01-01 08:00:28.327 671 671 D LibBpfLoader: cs[1].name:schedcls_ingress6_clat_rawip min_kver:0 .max_kver:ffffffff (kvers:413009d)
01-01 08:00:28.327 671 671 D LibBpfLoader: cs[1].name:schedcls_ingress6_clat_rawip requires bpfloader version [0x00000,0x10000)
01-01 08:00:28.338 608 608 I sscrpcd : vendor/qcom/proprietary/adsprpc/src/rpcmem_android.c:159: rpcmem_init_internal: opened ION device fd 4, configured heap IDs: system (0x2000000), contig (0x400000), secure (0x200), secure flags (0x80080000)
01-01 08:00:28.338 608 608 I sscrpcd : vendor/qcom/proprietary/adsprpc/src/fastrpc_apps_user.c:3087: fastrpc_apps_user_init done with default domain:2 and &fastrpc_trace:0x7c0fd34fa0
01-01 08:00:28.338 608 608 E sscrpcd : vendor/qcom/proprietary/sensors-see/sscrpcd/src/sscrpcd.cpp:94:adsp_default_listener_start called for [sensorspd]
01-01 08:00:28.338 608 608 I sscrpcd : vendor/qcom/proprietary/adsprpc/src/fastrpc_pm.c:85: fastrpc_wake_lock_init done for sscrpcd:608
01-01 08:00:28.338 608 608 I sscrpcd : vendor/qcom/proprietary/adsprpc/src/fastrpc_apps_user.c:1733: wakelock_control: enabled wakelock control for domain 2
01-01 08:00:28.338 608 608 E sscrpcd : vendor/qcom/proprietary/sensors-see/sscrpcd/src/sscrpcd.cpp:65:fastrpc wakelock control is enabled
01-01 08:00:28.338 608 608 I sscrpcd : vendor/qcom/proprietary/adsprpc/src/fastrpc_apps_user.c:1345: remote_handle_open: Successfully opened handle 0x0 for '":;./\createstaticpd:sensorspd on domain 2
01-01 08:00:28.338 608 608 E sscrpcd : vendor/qcom/proprietary/adsprpc/src/fastrpc_apps_user.c:2870: Error 0x200: apps_dev_init failed for domain 2, errno Transport endpoint is not connected
01-01 08:00:28.338 608 608 E sscrpcd : vendor/qcom/proprietary/adsprpc/src/fastrpc_apps_user.c:2968: Error 0x200: open_dev (-1) failed for domain 2 (errno Transport endpoint is not connected)
01-01 08:00:28.338 608 608 E sscrpcd : vendor/qcom/proprietary/adsprpc/src/fastrpc_apps_user.c:1348: Error 0x200: remote_handle_open failed for adsp_default_listener (errno Success)
01-01 08:00:28.338 608 608 E sscrpcd : vendor/qcom/proprietary/sensors-see/sscrpcd/src/sscrpcd.cpp:98:listener exits
01-01 08:00:28.338 608 608 I sscrpcd : vendor/qcom/proprietary/adsprpc/src/rpcmem_android.c:192: rpcmem_deinit_internal: closed ION fd 4
01-01 08:00:28.338 608 608 I sscrpcd : vendor/qcom/proprietary/adsprpc/src/fastrpc_pm.c:116: fastrpc_wake_lock_deinit done
01-01 08:00:28.338 608 608 I sscrpcd : vendor/qcom/proprietary/adsprpc/src/fastrpc_apps_user.c:3019: fastrpc_apps_user_deinit done
01-01 08:00:28.338 608 608 E sscrpcd : vendor/qcom/proprietary/sensors-see/sscrpcd/src/sscrpcd.cpp:109:sscrpcd daemon will restart after 25ms...
01-01 08:00:28.339 671 671 D LibBpfLoader: bpf_prog_load lib call for /system/etc/bpf/clatd.o (schedcls_ingress6_clat_rawip) returned fd: 9 (no error)
01-01 08:00:28.339 671 671 D LibBpfLoader: cs[2].name:schedcls_egress4_clat_ether min_kver:0 .max_kver:ffffffff (kvers:413009d)
01-01 08:00:28.339 671 671 D LibBpfLoader: cs[2].name:schedcls_egress4_clat_ether requires bpfloader version [0x00000,0x10000)
01-01 08:00:28.362 671 671 D LibBpfLoader: bpf_prog_load lib call for /system/etc/bpf/clatd.o (schedcls_egress4_clat_ether) returned fd: 10 (no error)
01-01 08:00:28.362 671 671 D LibBpfLoader: cs[3].name:schedcls_egress4_clat_rawip min_kver:0 .max_kver:ffffffff (kvers:413009d)
01-01 08:00:28.362 671 671 D LibBpfLoader: cs[3].name:schedcls_egress4_clat_rawip requires bpfloader version [0x00000,0x10000)
01-01 08:00:28.364 608 608 I sscrpcd : vendor/qcom/proprietary/adsprpc/src/rpcmem_android.c:159: rpcmem_init_internal: opened ION device fd 4, configured heap IDs: system (0x2000000), contig (0x400000), secure (0x200), secure flags (0x80080000)
01-01 08:00:28.364 608 608 I sscrpcd : vendor/qcom/proprietary/adsprpc/src/fastrpc_apps_user.c:3087: fastrpc_apps_user_init done with default domain:2 and &fastrpc_trace:0x7c0fd0bfa0
01-01 08:00:28.364 608 608 E sscrpcd : vendor/qcom/proprietary/sensors-see/sscrpcd/src/sscrpcd.cpp:94:adsp_default_listener_start called for [sensorspd]
01-01 08:00:28.364 608 608 I sscrpcd : vendor/qcom/proprietary/adsprpc/src/fastrpc_pm.c:85: fastrpc_wake_lock_init done for sscrpcd:608
01-01 08:00:28.364 608 608 I sscrpcd : vendor/qcom/proprietary/adsprpc/src/fastrpc_apps_user.c:1733: wakelock_control: enabled wakelock control for domain 2
01-01 08:00:28.364 608 608 E sscrpcd : vendor/qcom/proprietary/sensors-see/sscrpcd/src/sscrpcd.cpp:65:fastrpc wakelock control is enabled
01-01 08:00:28.364 608 608 I sscrpcd : vendor/qcom/proprietary/adsprpc/src/fastrpc_apps_user.c:1345: remote_handle_open: Successfully opened handle 0x0 for '":;./\createstaticpd:sensorspd on domain 2
01-01 08:00:28.364 608 608 E sscrpcd : vendor/qcom/proprietary/adsprpc/src/fastrpc_apps_user.c:2870: Error 0x200: apps_dev_init failed for domain 2, errno Transport endpoint is not connected
01-01 08:00:28.364 608 608 E sscrpcd : vendor/qcom/proprietary/adsprpc/src/fastrpc_apps_user.c:2968: Error 0x200: open_dev (-1) failed for domain 2 (errno Transport endpoint is not connected)
01-01 08:00:28.364 608 608 E sscrpcd : vendor/qcom/proprietary/adsprpc/src/fastrpc_apps_user.c:1348: Error 0x200: remote_handle_open failed for adsp_default_listener (errno Success)
