01-01 08:00:24.214 608 608 E sscrpcd : vendor/qcom/proprietary/sensors-see/sscrpcd/src/sscrpcd.cpp:65:fastrpc wakelock control is enabled
01-01 08:00:24.214 608 608 I sscrpcd : vendor/qcom/proprietary/adsprpc/src/fastrpc_apps_user.c:1345: remote_handle_open: Successfully opened handle 0x0 for '":;./\createstaticpd:sensorspd on domain 2
01-01 08:00:24.214 608 608 E sscrpcd : vendor/qcom/proprietary/adsprpc/src/fastrpc_apps_user.c:2870: Error 0x200: apps_dev_init failed for domain 2, errno Transport endpoint is not connected
01-01 08:00:24.214 608 608 E sscrpcd : vendor/qcom/proprietary/adsprpc/src/fastrpc_apps_user.c:2968: Error 0x200: open_dev (-1) failed for domain 2 (errno Transport endpoint is not connected)
01-01 08:00:24.214 608 608 E sscrpcd : vendor/qcom/proprietary/adsprpc/src/fastrpc_apps_user.c:1348: Error 0x200: remote_handle_open failed for adsp_default_listener (errno Success)
01-01 08:00:24.214 608 608 E sscrpcd : vendor/qcom/proprietary/sensors-see/sscrpcd/src/sscrpcd.cpp:98:listener exits
01-01 08:00:24.214 608 608 I sscrpcd : vendor/qcom/proprietary/adsprpc/src/rpcmem_android.c:192: rpcmem_deinit_internal: closed ION fd 4
01-01 08:00:24.214 608 608 I sscrpcd : vendor/qcom/proprietary/adsprpc/src/fastrpc_pm.c:116: fastrpc_wake_lock_deinit done
01-01 08:00:24.214 608 608 I sscrpcd : vendor/qcom/proprietary/adsprpc/src/fastrpc_apps_user.c:3019: fastrpc_apps_user_deinit done
01-01 08:00:24.214 608 608 E sscrpcd : vendor/qcom/proprietary/sensors-see/sscrpcd/src/sscrpcd.cpp:109:sscrpcd daemon will restart after 25ms...
01-01 08:00:19.295 543 543 I auditd : type=1400 audit(0.0:175): avc: denied { map } for comm="crash_dump64" path="/dev/__properties__/u:object_r:vendor_mpctl_prop:s0" dev="tmpfs" ino=2527 scontext=u:r:crash_dump:s0 tcontext=u:object_r:vendor_mpctl_prop:s0 tclass=file permissive=1
01-01 08:00:19.295 543 543 I crash_dump64: type=1400 audit(0.0:175): avc: denied { map } for path="/dev/__properties__/u:object_r:vendor_mpctl_prop:s0" dev="tmpfs" ino=2527 scontext=u:r:crash_dump:s0 tcontext=u:object_r:vendor_mpctl_prop:s0 tclass=file permissive=1
01-01 08:00:24.222 0 0 I F2FS-fs (dm-10): recover_inode: ino = 8fb, name = , inline = 1
01-01 08:00:24.222 0 0 I F2FS-fs (dm-10): recover_data: ino = 8fb (i_size: recover) recovered = 2, err = 0
01-01 08:00:24.222 0 0 I F2FS-fs (dm-10): recover_inode: ino = 43d3, name = , inline = 1
01-01 08:00:24.240 608 608 I sscrpcd : vendor/qcom/proprietary/adsprpc/src/rpcmem_android.c:159: rpcmem_init_internal: opened ION device fd 4, configured heap IDs: system (0x2000000), contig (0x400000), secure (0x200), secure flags (0x80080000)
01-01 08:00:24.240 608 608 I sscrpcd : vendor/qcom/proprietary/adsprpc/src/fastrpc_apps_user.c:3087: fastrpc_apps_user_init done with default domain:2 and &fastrpc_trace:0x7c0cef9fa0
01-01 08:00:24.240 608 608 E sscrpcd : vendor/qcom/proprietary/sensors-see/sscrpcd/src/sscrpcd.cpp:94:adsp_default_listener_start called for [sensorspd]
01-01 08:00:24.240 608 608 I sscrpcd : vendor/qcom/proprietary/adsprpc/src/fastrpc_pm.c:85: fastrpc_wake_lock_init done for sscrpcd:608
01-01 08:00:24.240 608 608 I sscrpcd : vendor/qcom/proprietary/adsprpc/src/fastrpc_apps_user.c:1733: wakelock_control: enabled wakelock control for domain 2
01-01 08:00:24.240 608 608 E sscrpcd : vendor/qcom/proprietary/sensors-see/sscrpcd/src/sscrpcd.cpp:65:fastrpc wakelock control is enabled
01-01 08:00:24.240 608 608 I sscrpcd : vendor/qcom/proprietary/adsprpc/src/fastrpc_apps_user.c:1345: remote_handle_open: Successfully opened handle 0x0 for '":;./\createstaticpd:sensorspd on domain 2
01-01 08:00:24.240 608 608 E sscrpcd : vendor/qcom/proprietary/adsprpc/src/fastrpc_apps_user.c:2870: Error 0x200: apps_dev_init failed for domain 2, errno Transport endpoint is not connected
01-01 08:00:24.240 608 608 E sscrpcd : vendor/qcom/proprietary/adsprpc/src/fastrpc_apps_user.c:2968: Error 0x200: open_dev (-1) failed for domain 2 (errno Transport endpoint is not connected)
01-01 08:00:24.240 608 608 E sscrpcd : vendor/qcom/proprietary/adsprpc/src/fastrpc_apps_user.c:1348: Error 0x200: remote_handle_open failed for adsp_default_listener (errno Success)
01-01 08:00:24.240 608 608 E sscrpcd : vendor/qcom/proprietary/sensors-see/sscrpcd/src/sscrpcd.cpp:98:listener exits
01-01 08:00:24.240 608 608 I sscrpcd : vendor/qcom/proprietary/adsprpc/src/rpcmem_android.c:192: rpcmem_deinit_internal: closed ION fd 4
01-01 08:00:24.240 608 608 I sscrpcd : vendor/qcom/proprietary/adsprpc/src/fastrpc_pm.c:116: fastrpc_wake_lock_deinit done
01-01 08:00:24.240 608 608 I sscrpcd : vendor/qcom/proprietary/adsprpc/src/fastrpc_apps_user.c:3019: fastrpc_apps_user_deinit done
01-01 08:00:24.240 608 608 E sscrpcd : vendor/qcom/proprietary/sensors-see/sscrpcd/src/sscrpcd.cpp:109:sscrpcd daemon will restart after 25ms...
01-01 08:00:19.295 543 543 I auditd : type=1400 audit(0.0:176): avc: denied { open } for comm="crash_dump64" path="/dev/__properties__/u:object_r:vendor_modem_diag_prop:s0" dev="tmpfs" ino=2526 scontext=u:r:crash_dump:s0 tcontext=u:object_r:vendor_modem_diag_prop:s0 tclass=file permissive=1
01-01 08:00:19.295 543 543 I crash_dump64: type=1400 audit(0.0:176): avc: denied { open } for path="/dev/__properties__/u:object_r:vendor_modem_diag_prop:s0" dev="tmpfs" ino=2526 scontext=u:r:crash_dump:s0 tcontext=u:object_r:vendor_modem_diag_prop:s0 tclass=file permissive=1
01-01 08:00:24.252 0 0 I F2FS-fs (dm-10): recover_dentry: ino = 43d3, name = , dir = ac4, err = 0
01-01 08:00:24.266 608 608 I sscrpcd : vendor/qcom/proprietary/adsprpc/src/rpcmem_android.c:159: rpcmem_init_internal: opened ION device fd 4, configured heap IDs: system (0x2000000), contig (0x400000), secure (0x200), secure flags (0x80080000)
01-01 08:00:24.266 608 608 I sscrpcd : vendor/qcom/proprietary/adsprpc/src/fastrpc_apps_user.c:3087: fastrpc_apps_user_init done with default domain:2 and &fastrpc_trace:0x7c0fce8fa0
01-01 08:00:24.266 608 608 E sscrpcd : vendor/qcom/proprietary/sensors-see/sscrpcd/src/sscrpcd.cpp:94:adsp_default_listener_start called for [sensorspd]
01-01 08:00:24.266 608 608 I sscrpcd : vendor/qcom/proprietary/adsprpc/src/fastrpc_pm.c:85: fastrpc_wake_lock_init done for sscrpcd:608
01-01 08:00:24.266 608 608 I sscrpcd : vendor/qcom/proprietary/adsprpc/src/fastrpc_apps_user.c:1733: wakelock_control: enabled wakelock control for domain 2
01-01 08:00:24.266 608 608 E sscrpcd : vendor/qcom/proprietary/sensors-see/sscrpcd/src/sscrpcd.cpp:65:fastrpc wakelock control is enabled
01-01 08:00:24.266 608 608 I sscrpcd : vendor/qcom/proprietary/adsprpc/src/fastrpc_apps_user.c:1345: remote_handle_open: Successfully opened handle 0x0 for '":;./\createstaticpd:sensorspd on domain 2
01-01 08:00:24.266 608 608 E sscrpcd : vendor/qcom/proprietary/adsprpc/src/fastrpc_apps_user.c:2870: Error 0x200: apps_dev_init failed for domain 2, errno Transport endpoint is not connected
01-01 08:00:24.266 608 608 E sscrpcd : vendor/qcom/proprietary/adsprpc/src/fastrpc_apps_user.c:2968: Error 0x200: open_dev (-1) failed for domain 2 (errno Transport endpoint is not connected)
01-01 08:00:24.266 608 608 E sscrpcd : vendor/qcom/proprietary/adsprpc/src/fastrpc_apps_user.c:1348: Error 0x200: remote_handle_open failed for adsp_default_listener (errno Success)
01-01 08:00:24.266 608 608 E sscrpcd : vendor/qcom/proprietary/sensors-see/sscrpcd/src/sscrpcd.cpp:98:listener exits
01-01 08:00:24.266 608 608 I sscrpcd : vendor/qcom/proprietary/adsprpc/src/rpcmem_android.c:192: rpcmem_deinit_internal: closed ION fd 4
01-01 08:00:24.266 608 608 I sscrpcd : vendor/qcom/proprietary/adsprpc/src/fastrpc_pm.c:116: fastrpc_wake_lock_deinit done
01-01 08:00:24.266 608 608 I sscrpcd : vendor/qcom/proprietary/adsprpc/src/fastrpc_apps_user.c:3019: fastrpc_apps_user_deinit done
01-01 08:00:24.266 608 608 E sscrpcd : vendor/qcom/proprietary/sensors-see/sscrpcd/src/sscrpcd.cpp:109:sscrpcd daemon will restart after 25ms...
01-01 08:00:19.295 543 543 I auditd : type=1400 audit(0.0:177): avc: denied { getattr } for comm="crash_dump64" path="/dev/__properties__/u:object_r:vendor_modem_diag_prop:s0" dev="tmpfs" ino=2526 scontext=u:r:crash_dump:s0 tcontext=u:object_r:vendor_modem_diag_prop:s0 tclass=file permissive=1
01-01 08:00:19.295 543 543 I crash_dump64: type=1400 audit(0.0:177): avc: denied { getattr } for path="/dev/__properties__/u:object_r:vendor_modem_diag_prop:s0" dev="tmpfs" ino=2526 scontext=u:r:crash_dump:s0 tcontext=u:object_r:vendor_modem_diag_prop:s0 tclass=file permissive=1
01-01 08:00:24.282 0 0 I F2FS-fs (dm-10): recover_data: ino = 43d3 (i_size: recover) recovered = 1, err = 0
01-01 08:00:24.291 608 608 I sscrpcd : vendor/qcom/proprietary/adsprpc/src/rpcmem_android.c:159: rpcmem_init_internal: opened ION device fd 4, configured heap IDs: system (0x2000000), contig (0x400000), secure (0x200), secure flags (0x80080000)
01-01 08:00:24.291 608 608 I sscrpcd : vendor/qcom/proprietary/adsprpc/src/fastrpc_apps_user.c:3087: fastrpc_apps_user_init done with default domain:2 and &fastrpc_trace:0x7c0fd16fa0
01-01 08:00:24.291 608 608 E sscrpcd : vendor/qcom/proprietary/sensors-see/sscrpcd/src/sscrpcd.cpp:94:adsp_default_listener_start called for [sensorspd]
01-01 08:00:24.291 608 608 I sscrpcd : vendor/qcom/proprietary/adsprpc/src/fastrpc_pm.c:85: fastrpc_wake_lock_init done for sscrpcd:608
01-01 08:00:24.291 608 608 I sscrpcd : vendor/qcom/proprietary/adsprpc/src/fastrpc_apps_user.c:1733: wakelock_control: enabled wakelock control for domain 2
01-01 08:00:24.291 608 608 E sscrpcd : vendor/qcom/proprietary/sensors-see/sscrpcd/src/sscrpcd.cpp:65:fastrpc wakelock control is enabled
01-01 08:00:24.291 608 608 I sscrpcd : vendor/qcom/proprietary/adsprpc/src/fastrpc_apps_user.c:1345: remote_handle_open: Successfully opened handle 0x0 for '":;./\createstaticpd:sensorspd on domain 2
01-01 08:00:24.291 608 608 E sscrpcd : vendor/qcom/proprietary/adsprpc/src/fastrpc_apps_user.c:2870: Error 0x200: apps_dev_init failed for domain 2, errno Transport endpoint is not connected
01-01 08:00:24.291 608 608 E sscrpcd : vendor/qcom/proprietary/adsprpc/src/fastrpc_apps_user.c:2968: Error 0x200: open_dev (-1) failed for domain 2 (errno Transport endpoint is not connected)
01-01 08:00:24.291 608 608 E sscrpcd : vendor/qcom/proprietary/adsprpc/src/fastrpc_apps_user.c:1348: Error 0x200: remote_handle_open failed for adsp_default_listener (errno Success)
01-01 08:00:24.291 608 608 E sscrpcd : vendor/qcom/proprietary/sensors-see/sscrpcd/src/sscrpcd.cpp:98:listener exits
01-01 08:00:24.291 608 608 I sscrpcd : vendor/qcom/proprietary/adsprpc/src/rpcmem_android.c:192: rpcmem_deinit_internal: closed ION fd 4
01-01 08:00:24.291 608 608 I sscrpcd : vendor/qcom/proprietary/adsprpc/src/fastrpc_pm.c:116: fastrpc_wake_lock_deinit done
01-01 08:00:24.291 608 608 I sscrpcd : vendor/qcom/proprietary/adsprpc/src/fastrpc_apps_user.c:3019: fastrpc_apps_user_deinit done
01-01 08:00:24.292 608 608 E sscrpcd : vendor/qcom/proprietary/sensors-see/sscrpcd/src/sscrpcd.cpp:109:sscrpcd daemon will restart after 25ms...
01-01 08:00:24.317 608 608 I sscrpcd : vendor/qcom/proprietary/adsprpc/src/rpcmem_android.c:159: rpcmem_init_internal: opened ION device fd 4, configured heap IDs: system (0x2000000), contig (0x400000), secure (0x200), secure flags (0x80080000)
01-01 08:00:24.317 608 608 I sscrpcd : vendor/qcom/proprietary/adsprpc/src/fastrpc_apps_user.c:3087: fastrpc_apps_user_init done with default domain:2 and &fastrpc_trace:0x7c0fcb4fa0
01-01 08:00:24.317 608 608 E sscrpcd : vendor/qcom/proprietary/sensors-see/sscrpcd/src/sscrpcd.cpp:94:adsp_default_listener_start called for [sensorspd]
01-01 08:00:24.317 608 608 I sscrpcd : vendor/qcom/proprietary/adsprpc/src/fastrpc_pm.c:85: fastrpc_wake_lock_init done for sscrpcd:608
01-01 08:00:24.317 608 608 I sscrpcd : vendor/qcom/proprietary/adsprpc/src/fastrpc_apps_user.c:1733: wakelock_control: enabled wakelock control for domain 2
01-01 08:00:24.317 608 608 E sscrpcd : vendor/qcom/proprietary/sensors-see/sscrpcd/src/sscrpcd.cpp:65:fastrpc wakelock control is enabled
01-01 08:00:24.317 608 608 I sscrpcd : vendor/qcom/proprietary/adsprpc/src/fastrpc_apps_user.c:1345: remote_handle_open: Successfully opened handle 0x0 for '":;./\createstaticpd:sensorspd on domain 2
01-01 08:00:24.317 608 608 E sscrpcd : vendor/qcom/proprietary/adsprpc/src/fastrpc_apps_user.c:2870: Error 0x200: apps_dev_init failed for domain 2, errno Transport endpoint is not connected
01-01 08:00:24.317 608 608 E sscrpcd : vendor/qcom/proprietary/adsprpc/src/fastrpc_apps_user.c:2968: Error 0x200: open_dev (-1) failed for domain 2 (errno Transport endpoint is not connected)
01-01 08:00:24.317 608 608 E sscrpcd : vendor/qcom/proprietary/adsprpc/src/fastrpc_apps_user.c:1348: Error 0x200: remote_handle_open failed for adsp_default_listener (errno Success)
01-01 08:00:24.317 608 608 E sscrpcd : vendor/qcom/proprietary/sensors-see/sscrpcd/src/sscrpcd.cpp:98:listener exits
01-01 08:00:24.317 608 608 I sscrpcd : vendor/qcom/proprietary/adsprpc/src/rpcmem_android.c:192: rpcmem_deinit_internal: closed ION fd 4
01-01 08:00:24.317 608 608 I sscrpcd : vendor/qcom/proprietary/adsprpc/src/fastrpc_pm.c:116: fastrpc_wake_lock_deinit done
01-01 08:00:24.317 608 608 I sscrpcd : vendor/qcom/proprietary/adsprpc/src/fastrpc_apps_user.c:3019: fastrpc_apps_user_deinit done
01-01 08:00:24.317 608 608 E sscrpcd : vendor/qcom/proprietary/sensors-see/sscrpcd/src/sscrpcd.cpp:109:sscrpcd daemon will restart after 25ms...
01-01 08:00:19.295 543 543 I auditd : type=1400 audit(0.0:178): avc: denied { map } for comm="crash_dump64" path="/dev/__properties__/u:object_r:vendor_modem_diag_prop:s0" dev="tmpfs" ino=2526 scontext=u:r:crash_dump:s0 tcontext=u:object_r:vendor_modem_diag_prop:s0 tclass=file permissive=1
01-01 08:00:19.295 543 543 I crash_dump64: type=1400 audit(0.0:178): avc: denied { map } for path="/dev/__properties__/u:object_r:vendor_modem_diag_prop:s0" dev="tmpfs" ino=2526 scontext=u:r:crash_dump:s0 tcontext=u:object_r:vendor_modem_diag_prop:s0 tclass=file permissive=1
01-01 08:00:24.293 0 0 I F2FS-fs (dm-10): recover_inode: ino = 43d4, name = , inline = 1
01-01 08:00:24.293 0 0 I F2FS-fs (dm-10): recover_dentry: ino = 43d4, name = , dir = ac4, err = 0
01-01 08:00:24.293 0 0 I F2FS-fs (dm-10): recover_data: ino = 43d4 (i_size: recover) recovered = 1, err = 0
01-01 08:00:24.343 608 608 I sscrpcd : vendor/qcom/proprietary/adsprpc/src/rpcmem_android.c:159: rpcmem_init_internal: opened ION device fd 4, configured heap IDs: system (0x2000000), contig (0x400000), secure (0x200), secure flags (0x80080000)
01-01 08:00:24.343 608 608 I sscrpcd : vendor/qcom/proprietary/adsprpc/src/fastrpc_apps_user.c:3087: fastrpc_apps_user_init done with default domain:2 and &fastrpc_trace:0x7c0d5c6fa0
01-01 08:00:24.343 608 608 E sscrpcd : vendor/qcom/proprietary/sensors-see/sscrpcd/src/sscrpcd.cpp:94:adsp_default_listener_start called for [sensorspd]
01-01 08:00:24.343 608 608 I sscrpcd : vendor/qcom/proprietary/adsprpc/src/fastrpc_pm.c:85: fastrpc_wake_lock_init done for sscrpcd:608
01-01 08:00:24.343 608 608 I sscrpcd : vendor/qcom/proprietary/adsprpc/src/fastrpc_apps_user.c:1733: wakelock_control: enabled wakelock control for domain 2
01-01 08:00:24.343 608 608 E sscrpcd : vendor/qcom/proprietary/sensors-see/sscrpcd/src/sscrpcd.cpp:65:fastrpc wakelock control is enabled
01-01 08:00:24.343 608 608 I sscrpcd : vendor/qcom/proprietary/adsprpc/src/fastrpc_apps_user.c:1345: remote_handle_open: Successfully opened handle 0x0 for '":;./\createstaticpd:sensorspd on domain 2
01-01 08:00:24.343 608 608 E sscrpcd : vendor/qcom/proprietary/adsprpc/src/fastrpc_apps_user.c:2870: Error 0x200: apps_dev_init failed for domain 2, errno Transport endpoint is not connected
01-01 08:00:24.343 608 608 E sscrpcd : vendor/qcom/proprietary/adsprpc/src/fastrpc_apps_user.c:2968: Error 0x200: open_dev (-1) failed for domain 2 (errno Transport endpoint is not connected)
01-01 08:00:24.343 608 608 E sscrpcd : vendor/qcom/proprietary/adsprpc/src/fastrpc_apps_user.c:1348: Error 0x200: remote_handle_open failed for adsp_default_listener (errno Success)
01-01 08:00:24.343 608 608 E sscrpcd : vendor/qcom/proprietary/sensors-see/sscrpcd/src/sscrpcd.cpp:98:listener exits
01-01 08:00:24.343 608 608 I sscrpcd : vendor/qcom/proprietary/adsprpc/src/rpcmem_android.c:192: rpcmem_deinit_internal: closed ION fd 4
01-01 08:00:24.343 608 608 I sscrpcd : vendor/qcom/proprietary/adsprpc/src/fastrpc_pm.c:116: fastrpc_wake_lock_deinit done
01-01 08:00:24.343 608 608 I sscrpcd : vendor/qcom/proprietary/adsprpc/src/fastrpc_apps_user.c:3019: fastrpc_apps_user_deinit done
01-01 08:00:24.343 608 608 E sscrpcd : vendor/qcom/proprietary/sensors-see/sscrpcd/src/sscrpcd.cpp:109:sscrpcd daemon will restart after 25ms...
01-01 08:00:19.295 543 543 I auditd : type=1400 audit(0.0:179): avc: denied { open } for comm="crash_dump64" path="/dev/__properties__/u:object_r:vendor_mmi_prop:s0" dev="tmpfs" ino=2525 scontext=u:r:crash_dump:s0 tcontext=u:object_r:vendor_mmi_prop:s0 tclass=file permissive=1
01-01 08:00:19.295 543 543 I crash_dump64: type=1400 audit(0.0:179): avc: denied { open } for path="/dev/__properties__/u:object_r:vendor_mmi_prop:s0" dev="tmpfs" ino=2525 scontext=u:r:crash_dump:s0 tcontext=u:object_r:vendor_mmi_prop:s0 tclass=file permissive=1
01-01 08:00:24.322 0 0 I F2FS-fs (dm-10): recover_inode: ino = bd7, name = , inline = 1
01-01 08:00:24.322 0 0 I F2FS-fs (dm-10): recover_data: ino = bd7 (i_size: recover) recovered = 1, err = 0
01-01 08:00:24.356 0 0 I F2FS-fs (dm-10): recover_inode: ino = 43d5, name = , inline = 1
01-01 08:00:19.295 543 543 I auditd : type=1400 audit(0.0:180): avc: denied { getattr } for comm="crash_dump64" path="/dev/__properties__/u:object_r:vendor_mmi_prop:s0" dev="tmpfs" ino=2525 scontext=u:r:crash_dump:s0 tcontext=u:object_r:vendor_mmi_prop:s0 tclass=file permissive=1
01-01 08:00:19.295 543 543 I crash_dump64: type=1400 audit(0.0:180): avc: denied { getattr } for path="/dev/__properties__/u:object_r:vendor_mmi_prop:s0" dev="tmpfs" ino=2525 scontext=u:r:crash_dump:s0 tcontext=u:object_r:vendor_mmi_prop:s0 tclass=file permissive=1
01-01 08:00:24.357 0 0 I F2FS-fs (dm-10): recover_dentry: ino = 43d5, name = , dir = 8f0, err = 0
01-01 08:00:24.365 0 0 I F2FS-fs (dm-10): recover_data: ino = 43d5 (i_size: recover) recovered = 1, err = 0
01-01 08:00:24.365 0 0 I F2FS-fs (dm-10): recover_inode: ino = 8fb, name = , inline = 1
01-01 08:00:24.365 0 0 I F2FS-fs (dm-10): recover_data: ino = 8fb (i_size: recover) recovered = 2, err = 0
01-01 08:00:24.368 608 608 I sscrpcd : vendor/qcom/proprietary/adsprpc/src/rpcmem_android.c:159: rpcmem_init_internal: opened ION device fd 4, configured heap IDs: system (0x2000000), contig (0x400000), secure (0x200), secure flags (0x80080000)
01-01 08:00:24.368 608 608 I sscrpcd : vendor/qcom/proprietary/adsprpc/src/fastrpc_apps_user.c:3087: fastrpc_apps_user_init done with default domain:2 and &fastrpc_trace:0x7c0fc8efa0
01-01 08:00:24.369 608 608 E sscrpcd : vendor/qcom/proprietary/sensors-see/sscrpcd/src/sscrpcd.cpp:94:adsp_default_listener_start called for [sensorspd]
01-01 08:00:24.369 608 608 I sscrpcd : vendor/qcom/proprietary/adsprpc/src/fastrpc_pm.c:85: fastrpc_wake_lock_init done for sscrpcd:608
01-01 08:00:24.369 608 608 I sscrpcd : vendor/qcom/proprietary/adsprpc/src/fastrpc_apps_user.c:1733: wakelock_control: enabled wakelock control for domain 2
01-01 08:00:24.369 608 608 E sscrpcd : vendor/qcom/proprietary/sensors-see/sscrpcd/src/sscrpcd.cpp:65:fastrpc wakelock control is enabled
01-01 08:00:24.369 608 608 I sscrpcd : vendor/qcom/proprietary/adsprpc/src/fastrpc_apps_user.c:1345: remote_handle_open: Successfully opened handle 0x0 for '":;./\createstaticpd:sensorspd on domain 2
01-01 08:00:24.369 608 608 E sscrpcd : vendor/qcom/proprietary/adsprpc/src/fastrpc_apps_user.c:2870: Error 0x200: apps_dev_init failed for domain 2, errno Transport endpoint is not connected
01-01 08:00:24.369 608 608 E sscrpcd : vendor/qcom/proprietary/adsprpc/src/fastrpc_apps_user.c:2968: Error 0x200: open_dev (-1) failed for domain 2 (errno Transport endpoint is not connected)
01-01 08:00:24.369 608 608 E sscrpcd : vendor/qcom/proprietary/adsprpc/src/fastrpc_apps_user.c:1348: Error 0x200: remote_handle_open failed for adsp_default_listener (errno Success)
01-01 08:00:24.369 608 608 E sscrpcd : vendor/qcom/proprietary/sensors-see/sscrpcd/src/sscrpcd.cpp:98:listener exits
01-01 08:00:24.369 608 608 I sscrpcd : vendor/qcom/proprietary/adsprpc/src/rpcmem_android.c:192: rpcmem_deinit_internal: closed ION fd 4
01-01 08:00:24.369 608 608 I sscrpcd : vendor/qcom/proprietary/adsprpc/src/fastrpc_pm.c:116: fastrpc_wake_lock_deinit done
01-01 08:00:24.369 608 608 I sscrpcd : vendor/qcom/proprietary/adsprpc/src/fastrpc_apps_user.c:3019: fastrpc_apps_user_deinit done
01-01 08:00:24.369 608 608 E sscrpcd : vendor/qcom/proprietary/sensors-see/sscrpcd/src/sscrpcd.cpp:109:sscrpcd daemon will restart after 25ms...
01-01 08:00:19.295 543 543 I auditd : type=1400 audit(0.0:181): avc: denied { map } for comm="crash_dump64" path="/dev/__properties__/u:object_r:vendor_mmi_prop:s0" dev="tmpfs" ino=2525 scontext=u:r:crash_dump:s0 tcontext=u:object_r:vendor_mmi_prop:s0 tclass=file permissive=1
01-01 08:00:19.295 543 543 I crash_dump64: type=1400 audit(0.0:181): avc: denied { map } for path="/dev/__properties__/u:object_r:vendor_mmi_prop:s0" dev="tmpfs" ino=2525 scontext=u:r:crash_dump:s0 tcontext=u:object_r:vendor_mmi_prop:s0 tclass=file permissive=1
01-01 08:00:24.394 0 0 I F2FS-fs (dm-10): recover_inode: ino = 8fb, name = , inline = 1
01-01 08:00:24.394 0 0 I F2FS-fs (dm-10): recover_data: ino = 8fb (i_size: recover) recovered = 2, err = 0
01-01 08:00:24.394 608 608 I sscrpcd : vendor/qcom/proprietary/adsprpc/src/rpcmem_android.c:159: rpcmem_init_internal: opened ION device fd 4, configured heap IDs: system (0x2000000), contig (0x400000), secure (0x200), secure flags (0x80080000)
01-01 08:00:24.394 608 608 I sscrpcd : vendor/qcom/proprietary/adsprpc/src/fastrpc_apps_user.c:3087: fastrpc_apps_user_init done with default domain:2 and &fastrpc_trace:0x7c0fcb1fa0
01-01 08:00:24.394 608 608 E sscrpcd : vendor/qcom/proprietary/sensors-see/sscrpcd/src/sscrpcd.cpp:94:adsp_default_listener_start called for [sensorspd]
01-01 08:00:24.394 608 608 I sscrpcd : vendor/qcom/proprietary/adsprpc/src/fastrpc_pm.c:85: fastrpc_wake_lock_init done for sscrpcd:608
01-01 08:00:24.394 608 608 I sscrpcd : vendor/qcom/proprietary/adsprpc/src/fastrpc_apps_user.c:1733: wakelock_control: enabled wakelock control for domain 2
01-01 08:00:24.394 608 608 E sscrpcd : vendor/qcom/proprietary/sensors-see/sscrpcd/src/sscrpcd.cpp:65:fastrpc wakelock control is enabled
01-01 08:00:24.394 608 608 I sscrpcd : vendor/qcom/proprietary/adsprpc/src/fastrpc_apps_user.c:1345: remote_handle_open: Successfully opened handle 0x0 for '":;./\createstaticpd:sensorspd on domain 2
01-01 08:00:24.394 608 608 E sscrpcd : vendor/qcom/proprietary/adsprpc/src/fastrpc_apps_user.c:2870: Error 0x200: apps_dev_init failed for domain 2, errno Transport endpoint is not connected
01-01 08:00:24.394 608 608 E sscrpcd : vendor/qcom/proprietary/adsprpc/src/fastrpc_apps_user.c:2968: Error 0x200: open_dev (-1) failed for domain 2 (errno Transport endpoint is not connected)
01-01 08:00:24.394 608 608 E sscrpcd : vendor/qcom/proprietary/adsprpc/src/fastrpc_apps_user.c:1348: Error 0x200: remote_handle_open failed for adsp_default_listener (errno Success)
01-01 08:00:24.394 608 608 E sscrpcd : vendor/qcom/proprietary/sensors-see/sscrpcd/src/sscrpcd.cpp:98:listener exits
01-01 08:00:24.394 608 608 I sscrpcd : vendor/qcom/proprietary/adsprpc/src/rpcmem_android.c:192: rpcmem_deinit_internal: closed ION fd 4
01-01 08:00:24.394 608 608 I sscrpcd : vendor/qcom/proprietary/adsprpc/src/fastrpc_pm.c:116: fastrpc_wake_lock_deinit done
01-01 08:00:24.394 608 608 I sscrpcd : vendor/qcom/proprietary/adsprpc/src/fastrpc_apps_user.c:3019: fastrpc_apps_user_deinit done
01-01 08:00:24.395 608 608 E sscrpcd : vendor/qcom/proprietary/sensors-see/sscrpcd/src/sscrpcd.cpp:109:sscrpcd daemon will restart after 25ms...
01-01 08:00:19.295 543 543 I auditd : type=1400 audit(0.0:182): avc: denied { open } for comm="crash_dump64" path="/dev/__properties__/u:object_r:vendor_mm_video_prop:s0" dev="tmpfs" ino=2524 scontext=u:r:crash_dump:s0 tcontext=u:object_r:vendor_mm_video_prop:s0 tclass=file permissive=1
01-01 08:00:19.295 543 543 I crash_dump64: type=1400 audit(0.0:182): avc: denied { open } for path="/dev/__properties__/u:object_r:vendor_mm_video_prop:s0" dev="tmpfs" ino=2524 scontext=u:r:crash_dump:s0 tcontext=u:object_r:vendor_mm_video_prop:s0 tclass=file permissive=1
01-01 08:00:24.420 608 608 I sscrpcd : vendor/qcom/proprietary/adsprpc/src/rpcmem_android.c:159: rpcmem_init_internal: opened ION device fd 4, configured heap IDs: system (0x2000000), contig (0x400000), secure (0x200), secure flags (0x80080000)
01-01 08:00:24.420 608 608 I sscrpcd : vendor/qcom/proprietary/adsprpc/src/fastrpc_apps_user.c:3087: fastrpc_apps_user_init done with default domain:2 and &fastrpc_trace:0x7c0dbf6fa0
01-01 08:00:24.420 608 608 E sscrpcd : vendor/qcom/proprietary/sensors-see/sscrpcd/src/sscrpcd.cpp:94:adsp_default_listener_start called for [sensorspd]
01-01 08:00:24.420 608 608 I sscrpcd : vendor/qcom/proprietary/adsprpc/src/fastrpc_pm.c:85: fastrpc_wake_lock_init done for sscrpcd:608
01-01 08:00:24.420 608 608 I sscrpcd : vendor/qcom/proprietary/adsprpc/src/fastrpc_apps_user.c:1733: wakelock_control: enabled wakelock control for domain 2
01-01 08:00:24.420 608 608 E sscrpcd : vendor/qcom/proprietary/sensors-see/sscrpcd/src/sscrpcd.cpp:65:fastrpc wakelock control is enabled
01-01 08:00:24.420 608 608 I sscrpcd : vendor/qcom/proprietary/adsprpc/src/fastrpc_apps_user.c:1345: remote_handle_open: Successfully opened handle 0x0 for '":;./\createstaticpd:sensorspd on domain 2
01-01 08:00:24.420 608 608 E sscrpcd : vendor/qcom/proprietary/adsprpc/src/fastrpc_apps_user.c:2870: Error 0x200: apps_dev_init failed for domain 2, errno Transport endpoint is not connected
01-01 08:00:24.420 608 608 E sscrpcd : vendor/qcom/proprietary/adsprpc/src/fastrpc_apps_user.c:2968: Error 0x200: open_dev (-1) failed for domain 2 (errno Transport endpoint is not connected)
01-01 08:00:24.420 608 608 E sscrpcd : vendor/qcom/proprietary/adsprpc/src/fastrpc_apps_user.c:1348: Error 0x200: remote_handle_open failed for adsp_default_listener (errno Success)
01-01 08:00:24.420 608 608 E sscrpcd : vendor/qcom/proprietary/sensors-see/sscrpcd/src/sscrpcd.cpp:98:listener exits
01-01 08:00:24.420 608 608 I sscrpcd : vendor/qcom/proprietary/adsprpc/src/rpcmem_android.c:192: rpcmem_deinit_internal: closed ION fd 4
01-01 08:00:24.420 608 608 I sscrpcd : vendor/qcom/proprietary/adsprpc/src/fastrpc_pm.c:116: fastrpc_wake_lock_deinit done
01-01 08:00:24.420 608 608 I sscrpcd : vendor/qcom/proprietary/adsprpc/src/fastrpc_apps_user.c:3019: fastrpc_apps_user_deinit done
01-01 08:00:24.420 608 608 E sscrpcd : vendor/qcom/proprietary/sensors-see/sscrpcd/src/sscrpcd.cpp:109:sscrpcd daemon will restart after 25ms...
01-01 08:00:24.395 0 0 I F2FS-fs (dm-10): checkpoint: version = 2c300360
01-01 08:00:24.446 608 608 I sscrpcd : vendor/qcom/proprietary/adsprpc/src/rpcmem_android.c:159: rpcmem_init_internal: opened ION device fd 4, configured heap IDs: system (0x2000000), contig (0x400000), secure (0x200), secure flags (0x80080000)
01-01 08:00:24.446 608 608 I sscrpcd : vendor/qcom/proprietary/adsprpc/src/fastrpc_apps_user.c:3087: fastrpc_apps_user_init done with default domain:2 and &fastrpc_trace:0x7c0fd1dfa0
01-01 08:00:24.446 608 608 E sscrpcd : vendor/qcom/proprietary/sensors-see/sscrpcd/src/sscrpcd.cpp:94:adsp_default_listener_start called for [sensorspd]
01-01 08:00:24.446 608 608 I sscrpcd : vendor/qcom/proprietary/adsprpc/src/fastrpc_pm.c:85: fastrpc_wake_lock_init done for sscrpcd:608
01-01 08:00:24.446 608 608 I sscrpcd : vendor/qcom/proprietary/adsprpc/src/fastrpc_apps_user.c:1733: wakelock_control: enabled wakelock control for domain 2
01-01 08:00:24.446 608 608 E sscrpcd : vendor/qcom/proprietary/sensors-see/sscrpcd/src/sscrpcd.cpp:65:fastrpc wakelock control is enabled
01-01 08:00:24.446 608 608 I sscrpcd : vendor/qcom/proprietary/adsprpc/src/fastrpc_apps_user.c:1345: remote_handle_open: Successfully opened handle 0x0 for '":;./\createstaticpd:sensorspd on domain 2
01-01 08:00:24.446 608 608 E sscrpcd : vendor/qcom/proprietary/adsprpc/src/fastrpc_apps_user.c:2870: Error 0x200: apps_dev_init failed for domain 2, errno Transport endpoint is not connected
01-01 08:00:24.446 608 608 E sscrpcd : vendor/qcom/proprietary/adsprpc/src/fastrpc_apps_user.c:2968: Error 0x200: open_dev (-1) failed for domain 2 (errno Transport endpoint is not connected)
01-01 08:00:24.446 608 608 E sscrpcd : vendor/qcom/proprietary/adsprpc/src/fastrpc_apps_user.c:1348: Error 0x200: remote_handle_open failed for adsp_default_listener (errno Success)
01-01 08:00:24.446 608 608 E sscrpcd : vendor/qcom/proprietary/sensors-see/sscrpcd/src/sscrpcd.cpp:98:listener exits
01-01 08:00:24.446 608 608 I sscrpcd : vendor/qcom/proprietary/adsprpc/src/rpcmem_android.c:192: rpcmem_deinit_internal: closed ION fd 4
01-01 08:00:24.446 608 608 I sscrpcd : vendor/qcom/proprietary/adsprpc/src/fastrpc_pm.c:116: fastrpc_wake_lock_deinit done
01-01 08:00:24.446 608 608 I sscrpcd : vendor/qcom/proprietary/adsprpc/src/fastrpc_apps_user.c:3019: fastrpc_apps_user_deinit done
01-01 08:00:24.446 608 608 E sscrpcd : vendor/qcom/proprietary/sensors-see/sscrpcd/src/sscrpcd.cpp:109:sscrpcd daemon will restart after 25ms...
01-01 08:00:24.425 0 0 I F2FS-fs (dm-10): Mounted with checkpoint version = 2c300360
01-01 08:00:19.295 543 543 I auditd : type=1400 audit(0.0:183): avc: denied { getattr } for comm="crash_dump64" path="/dev/__properties__/u:object_r:vendor_mm_video_prop:s0" dev="tmpfs" ino=2524 scontext=u:r:crash_dump:s0 tcontext=u:object_r:vendor_mm_video_prop:s0 tclass=file permissive=1
01-01 08:00:19.295 543 543 I crash_dump64: type=1400 audit(0.0:183): avc: denied { getattr } for path="/dev/__properties__/u:object_r:vendor_mm_video_prop:s0" dev="tmpfs" ino=2524 scontext=u:r:crash_dump:s0 tcontext=u:object_r:vendor_mm_video_prop:s0 tclass=file permissive=1
01-01 08:00:24.459 562 566 I vold : [libfs_mgr]__mount(source=/dev/block/dm-10,target=/data,type=f2fs)=0: Success
01-01 08:00:24.459 562 566 D vold : Mounted /data
01-01 08:00:24.459 562 565 D vold : Disk at 252:10 changed
01-01 08:00:19.295 543 543 I auditd : type=1400 audit(0.0:184): avc: denied { map } for comm="crash_dump64" path="/dev/__properties__/u:object_r:vendor_mm_video_prop:s0" dev="tmpfs" ino=2524 scontext=u:r:crash_dump:s0 tcontext=u:object_r:vendor_mm_video_prop:s0 tclass=file permissive=1
01-01 08:00:19.295 543 543 I crash_dump64: type=1400 audit(0.0:184): avc: denied { map } for path="/dev/__properties__/u:object_r:vendor_mm_video_prop:s0" dev="tmpfs" ino=2524 scontext=u:r:crash_dump:s0 tcontext=u:object_r:vendor_mm_video_prop:s0 tclass=file permissive=1
01-01 08:00:24.483 608 608 I sscrpcd : vendor/qcom/proprietary/adsprpc/src/rpcmem_android.c:159: rpcmem_init_internal: opened ION device fd 4, configured heap IDs: system (0x2000000), contig (0x400000), secure (0x200), secure flags (0x80080000)
01-01 08:00:24.483 608 608 I sscrpcd : vendor/qcom/proprietary/adsprpc/src/fastrpc_apps_user.c:3087: fastrpc_apps_user_init done with default domain:2 and &fastrpc_trace:0x7c0fc54fa0
01-01 08:00:24.483 608 608 E sscrpcd : vendor/qcom/proprietary/sensors-see/sscrpcd/src/sscrpcd.cpp:94:adsp_default_listener_start called for [sensorspd]
01-01 08:00:24.483 608 608 I sscrpcd : vendor/qcom/proprietary/adsprpc/src/fastrpc_pm.c:85: fastrpc_wake_lock_init done for sscrpcd:608
01-01 08:00:24.483 608 608 I sscrpcd : vendor/qcom/proprietary/adsprpc/src/fastrpc_apps_user.c:1733: wakelock_control: enabled wakelock control for domain 2
01-01 08:00:24.483 608 608 E sscrpcd : vendor/qcom/proprietary/sensors-see/sscrpcd/src/sscrpcd.cpp:65:fastrpc wakelock control is enabled
01-01 08:00:24.483 608 608 I sscrpcd : vendor/qcom/proprietary/adsprpc/src/fastrpc_apps_user.c:1345: remote_handle_open: Successfully opened handle 0x0 for '":;./\createstaticpd:sensorspd on domain 2
01-01 08:00:24.483 608 608 E sscrpcd : vendor/qcom/proprietary/adsprpc/src/fastrpc_apps_user.c:2870: Error 0x200: apps_dev_init failed for domain 2, errno Transport endpoint is not connected
01-01 08:00:24.483 608 608 E sscrpcd : vendor/qcom/proprietary/adsprpc/src/fastrpc_apps_user.c:2968: Error 0x200: open_dev (-1) failed for domain 2 (errno Transport endpoint is not connected)
01-01 08:00:24.483 608 608 E sscrpcd : vendor/qcom/proprietary/adsprpc/src/fastrpc_apps_user.c:1348: Error 0x200: remote_handle_open failed for adsp_default_listener (errno Success)
01-01 08:00:24.483 608 608 E sscrpcd : vendor/qcom/proprietary/sensors-see/sscrpcd/src/sscrpcd.cpp:98:listener exits
01-01 08:00:24.483 608 608 I sscrpcd : vendor/qcom/proprietary/adsprpc/src/rpcmem_android.c:192: rpcmem_deinit_internal: closed ION fd 4
01-01 08:00:24.483 608 608 I sscrpcd : vendor/qcom/proprietary/adsprpc/src/fastrpc_pm.c:116: fastrpc_wake_lock_deinit done
01-01 08:00:24.483 608 608 I sscrpcd : vendor/qcom/proprietary/adsprpc/src/fastrpc_apps_user.c:3019: fastrpc_apps_user_deinit done
01-01 08:00:24.484 608 608 E sscrpcd : vendor/qcom/proprietary/sensors-see/sscrpcd/src/sscrpcd.cpp:109:sscrpcd daemon will restart after 25ms...
01-01 08:00:24.463 0 0 I init : Userdata mounted using /vendor/etc/fstab.qcom result : 7
01-01 08:00:24.509 608 608 I sscrpcd : vendor/qcom/proprietary/adsprpc/src/rpcmem_android.c:159: rpcmem_init_internal: opened ION device fd 4, configured heap IDs: system (0x2000000), contig (0x400000), secure (0x200), secure flags (0x80080000)
01-01 08:00:24.509 608 608 I sscrpcd : vendor/qcom/proprietary/adsprpc/src/fastrpc_apps_user.c:3087: fastrpc_apps_user_init done with default domain:2 and &fastrpc_trace:0x7c0f4fcfa0
01-01 08:00:24.509 608 608 E sscrpcd : vendor/qcom/proprietary/sensors-see/sscrpcd/src/sscrpcd.cpp:94:adsp_default_listener_start called for [sensorspd]
01-01 08:00:24.509 608 608 I sscrpcd : vendor/qcom/proprietary/adsprpc/src/fastrpc_pm.c:85: fastrpc_wake_lock_init done for sscrpcd:608
01-01 08:00:24.509 608 608 I sscrpcd : vendor/qcom/proprietary/adsprpc/src/fastrpc_apps_user.c:1733: wakelock_control: enabled wakelock control for domain 2
01-01 08:00:24.509 608 608 E sscrpcd : vendor/qcom/proprietary/sensors-see/sscrpcd/src/sscrpcd.cpp:65:fastrpc wakelock control is enabled
01-01 08:00:24.509 608 608 I sscrpcd : vendor/qcom/proprietary/adsprpc/src/fastrpc_apps_user.c:1345: remote_handle_open: Successfully opened handle 0x0 for '":;./\createstaticpd:sensorspd on domain 2
01-01 08:00:24.509 608 608 E sscrpcd : vendor/qcom/proprietary/adsprpc/src/fastrpc_apps_user.c:2870: Error 0x200: apps_dev_init failed for domain 2, errno Transport endpoint is not connected
01-01 08:00:24.509 608 608 E sscrpcd : vendor/qcom/proprietary/adsprpc/src/fastrpc_apps_user.c:2968: Error 0x200: open_dev (-1) failed for domain 2 (errno Transport endpoint is not connected)
01-01 08:00:24.509 608 608 E sscrpcd : vendor/qcom/proprietary/adsprpc/src/fastrpc_apps_user.c:1348: Error 0x200: remote_handle_open failed for adsp_default_listener (errno Success)
01-01 08:00:24.509 608 608 E sscrpcd : vendor/qcom/proprietary/sensors-see/sscrpcd/src/sscrpcd.cpp:98:listener exits
01-01 08:00:24.509 608 608 I sscrpcd : vendor/qcom/proprietary/adsprpc/src/rpcmem_android.c:192: rpcmem_deinit_internal: closed ION fd 4
01-01 08:00:24.509 608 608 I sscrpcd : vendor/qcom/proprietary/adsprpc/src/fastrpc_pm.c:116: fastrpc_wake_lock_deinit done
01-01 08:00:24.509 608 608 I sscrpcd : vendor/qcom/proprietary/adsprpc/src/fastrpc_apps_user.c:3019: fastrpc_apps_user_deinit done
01-01 08:00:24.509 608 608 E sscrpcd : vendor/qcom/proprietary/sensors-see/sscrpcd/src/sscrpcd.cpp:109:sscrpcd daemon will restart after 25ms...
01-01 08:00:19.295 543 543 I auditd : type=1400 audit(0.0:185): avc: denied { open } for comm="crash_dump64" path="/dev/__properties__/u:object_r:vendor_mm_parser_prop:s0" dev="tmpfs" ino=2523 scontext=u:r:crash_dump:s0 tcontext=u:object_r:vendor_mm_parser_prop:s0 tclass=file permissive=1
01-01 08:00:19.295 543 543 I crash_dump64: type=1400 audit(0.0:185): avc: denied { open } for path="/dev/__properties__/u:object_r:vendor_mm_parser_prop:s0" dev="tmpfs" ino=2523 scontext=u:r:crash_dump:s0 tcontext=u:object_r:vendor_mm_parser_prop:s0 tclass=file permissive=1
01-01 08:00:24.492 0 0 I init : Keyring created with id 1017425788 in process 1
01-01 08:00:19.295 543 543 I auditd : type=1400 audit(0.0:186): avc: denied { getattr } for comm="crash_dump64" path="/dev/__properties__/u:object_r:vendor_mm_parser_prop:s0" dev="tmpfs" ino=2523 scontext=u:r:crash_dump:s0 tcontext=u:object_r:vendor_mm_parser_prop:s0 tclass=file permissive=1
01-01 08:00:19.295 543 543 I crash_dump64: type=1400 audit(0.0:186): avc: denied { getattr } for path="/dev/__properties__/u:object_r:vendor_mm_parser_prop:s0" dev="tmpfs" ino=2523 scontext=u:r:crash_dump:s0 tcontext=u:object_r:vendor_mm_parser_prop:s0 tclass=file permissive=1
01-01 08:00:24.535 608 608 I sscrpcd : vendor/qcom/proprietary/adsprpc/src/rpcmem_android.c:159: rpcmem_init_internal: opened ION device fd 4, configured heap IDs: system (0x2000000), contig (0x400000), secure (0x200), secure flags (0x80080000)
01-01 08:00:24.535 608 608 I sscrpcd : vendor/qcom/proprietary/adsprpc/src/fastrpc_apps_user.c:3087: fastrpc_apps_user_init done with default domain:2 and &fastrpc_trace:0x7c0fcdefa0
01-01 08:00:24.535 608 608 E sscrpcd : vendor/qcom/proprietary/sensors-see/sscrpcd/src/sscrpcd.cpp:94:adsp_default_listener_start called for [sensorspd]
01-01 08:00:24.535 608 608 I sscrpcd : vendor/qcom/proprietary/adsprpc/src/fastrpc_pm.c:85: fastrpc_wake_lock_init done for sscrpcd:608
01-01 08:00:24.535 608 608 I sscrpcd : vendor/qcom/proprietary/adsprpc/src/fastrpc_apps_user.c:1733: wakelock_control: enabled wakelock control for domain 2
01-01 08:00:24.535 608 608 E sscrpcd : vendor/qcom/proprietary/sensors-see/sscrpcd/src/sscrpcd.cpp:65:fastrpc wakelock control is enabled
01-01 08:00:24.535 608 608 I sscrpcd : vendor/qcom/proprietary/adsprpc/src/fastrpc_apps_user.c:1345: remote_handle_open: Successfully opened handle 0x0 for '":;./\createstaticpd:sensorspd on domain 2
01-01 08:00:24.535 608 608 E sscrpcd : vendor/qcom/proprietary/adsprpc/src/fastrpc_apps_user.c:2870: Error 0x200: apps_dev_init failed for domain 2, errno Transport endpoint is not connected
01-01 08:00:24.535 608 608 E sscrpcd : vendor/qcom/proprietary/adsprpc/src/fastrpc_apps_user.c:2968: Error 0x200: open_dev (-1) failed for domain 2 (errno Transport endpoint is not connected)
01-01 08:00:24.535 608 608 E sscrpcd : vendor/qcom/proprietary/adsprpc/src/fastrpc_apps_user.c:1348: Error 0x200: remote_handle_open failed for adsp_default_listener (errno Success)
01-01 08:00:24.535 608 608 E sscrpcd : vendor/qcom/proprietary/sensors-see/sscrpcd/src/sscrpcd.cpp:98:listener exits
01-01 08:00:24.535 608 608 I sscrpcd : vendor/qcom/proprietary/adsprpc/src/rpcmem_android.c:192: rpcmem_deinit_internal: closed ION fd 4
01-01 08:00:24.535 608 608 I sscrpcd : vendor/qcom/proprietary/adsprpc/src/fastrpc_pm.c:116: fastrpc_wake_lock_deinit done
01-01 08:00:24.535 608 608 I sscrpcd : vendor/qcom/proprietary/adsprpc/src/fastrpc_apps_user.c:3019: fastrpc_apps_user_deinit done
01-01 08:00:24.535 608 608 E sscrpcd : vendor/qcom/proprietary/sensors-see/sscrpcd/src/sscrpcd.cpp:109:sscrpcd daemon will restart after 25ms...
01-01 08:00:24.524 0 0 I init : Command 'mount_all /vendor/etc/fstab.qcom --late' action=late-fs (/vendor/etc/init/hw/init.target.rc:69) took 1665ms and succeeded
01-01 08:00:24.561 608 608 I sscrpcd : vendor/qcom/proprietary/adsprpc/src/rpcmem_android.c:159: rpcmem_init_internal: opened ION device fd 4, configured heap IDs: system (0x2000000), contig (0x400000), secure (0x200), secure flags (0x80080000)
01-01 08:00:24.561 608 608 I sscrpcd : vendor/qcom/proprietary/adsprpc/src/fastrpc_apps_user.c:3087: fastrpc_apps_user_init done with default domain:2 and &fastrpc_trace:0x7c0fcecfa0
01-01 08:00:24.561 608 608 E sscrpcd : vendor/qcom/proprietary/sensors-see/sscrpcd/src/sscrpcd.cpp:94:adsp_default_listener_start called for [sensorspd]
01-01 08:00:24.561 608 608 I sscrpcd : vendor/qcom/proprietary/adsprpc/src/fastrpc_pm.c:85: fastrpc_wake_lock_init done for sscrpcd:608
01-01 08:00:24.561 608 608 I sscrpcd : vendor/qcom/proprietary/adsprpc/src/fastrpc_apps_user.c:1733: wakelock_control: enabled wakelock control for domain 2
01-01 08:00:24.561 608 608 E sscrpcd : vendor/qcom/proprietary/sensors-see/sscrpcd/src/sscrpcd.cpp:65:fastrpc wakelock control is enabled
01-01 08:00:24.561 608 608 I sscrpcd : vendor/qcom/proprietary/adsprpc/src/fastrpc_apps_user.c:1345: remote_handle_open: Successfully opened handle 0x0 for '":;./\createstaticpd:sensorspd on domain 2
01-01 08:00:24.561 608 608 E sscrpcd : vendor/qcom/proprietary/adsprpc/src/fastrpc_apps_user.c:2870: Error 0x200: apps_dev_init failed for domain 2, errno Transport endpoint is not connected
01-01 08:00:24.561 608 608 E sscrpcd : vendor/qcom/proprietary/adsprpc/src/fastrpc_apps_user.c:2968: Error 0x200: open_dev (-1) failed for domain 2 (errno Transport endpoint is not connected)
01-01 08:00:24.561 608 608 E sscrpcd : vendor/qcom/proprietary/adsprpc/src/fastrpc_apps_user.c:1348: Error 0x200: remote_handle_open failed for adsp_default_listener (errno Success)
01-01 08:00:24.561 608 608 E sscrpcd : vendor/qcom/proprietary/sensors-see/sscrpcd/src/sscrpcd.cpp:98:listener exits
01-01 08:00:24.561 608 608 I sscrpcd : vendor/qcom/proprietary/adsprpc/src/rpcmem_android.c:192: rpcmem_deinit_internal: closed ION fd 4
01-01 08:00:24.561 608 608 I sscrpcd : vendor/qcom/proprietary/adsprpc/src/fastrpc_pm.c:116: fastrpc_wake_lock_deinit done
01-01 08:00:24.561 608 608 I sscrpcd : vendor/qcom/proprietary/adsprpc/src/fastrpc_apps_user.c:3019: fastrpc_apps_user_deinit done
01-01 08:00:24.561 608 608 E sscrpcd : vendor/qcom/proprietary/sensors-see/sscrpcd/src/sscrpcd.cpp:109:sscrpcd daemon will restart after 25ms...
01-01 08:00:19.295 543 543 I auditd : type=1400 audit(0.0:187): avc: denied { map } for comm="crash_dump64" path="/dev/__properties__/u:object_r:vendor_mm_parser_prop:s0" dev="tmpfs" ino=2523 scontext=u:r:crash_dump:s0 tcontext=u:object_r:vendor_mm_parser_prop:s0 tclass=file permissive=1
01-01 08:00:19.295 543 543 I crash_dump64: type=1400 audit(0.0:187): avc: denied { map } for path="/dev/__properties__/u:object_r:vendor_mm_parser_prop:s0" dev="tmpfs" ino=2523 scontext=u:r:crash_dump:s0 tcontext=u:object_r:vendor_mm_parser_prop:s0 tclass=file permissive=1
01-01 08:00:24.555 0 0 I init : processing action (late-fs) from (/vendor/etc/init/keymasterd.rc:5)
01-01 08:00:19.295 543 543 I auditd : type=1400 audit(0.0:188): avc: denied { open } for comm="crash_dump64" path="/dev/__properties__/u:object_r:vendor_mm_osal_prop:s0" dev="tmpfs" ino=2522 scontext=u:r:crash_dump:s0 tcontext=u:object_r:vendor_mm_osal_prop:s0 tclass=file permissive=1
01-01 08:00:19.295 543 543 I crash_dump64: type=1400 audit(0.0:188): avc: denied { open } for path="/dev/__properties__/u:object_r:vendor_mm_osal_prop:s0" dev="tmpfs" ino=2522 scontext=u:r:crash_dump:s0 tcontext=u:object_r:vendor_mm_osal_prop:s0 tclass=file permissive=1
01-01 08:00:24.568 0 0 I init : starting service 'vendor.keymasterd'...
01-01 08:00:24.586 608 608 I sscrpcd : vendor/qcom/proprietary/adsprpc/src/rpcmem_android.c:159: rpcmem_init_internal: opened ION device fd 4, configured heap IDs: system (0x2000000), contig (0x400000), secure (0x200), secure flags (0x80080000)
01-01 08:00:24.586 608 608 I sscrpcd : vendor/qcom/proprietary/adsprpc/src/fastrpc_apps_user.c:3087: fastrpc_apps_user_init done with default domain:2 and &fastrpc_trace:0x7c0fc87fa0
01-01 08:00:24.586 608 608 E sscrpcd : vendor/qcom/proprietary/sensors-see/sscrpcd/src/sscrpcd.cpp:94:adsp_default_listener_start called for [sensorspd]
01-01 08:00:24.586 608 608 I sscrpcd : vendor/qcom/proprietary/adsprpc/src/fastrpc_pm.c:85: fastrpc_wake_lock_init done for sscrpcd:608
01-01 08:00:24.586 608 608 I sscrpcd : vendor/qcom/proprietary/adsprpc/src/fastrpc_apps_user.c:1733: wakelock_control: enabled wakelock control for domain 2
01-01 08:00:24.586 608 608 E sscrpcd : vendor/qcom/proprietary/sensors-see/sscrpcd/src/sscrpcd.cpp:65:fastrpc wakelock control is enabled
01-01 08:00:24.586 608 608 I sscrpcd : vendor/qcom/proprietary/adsprpc/src/fastrpc_apps_user.c:1345: remote_handle_open: Successfully opened handle 0x0 for '":;./\createstaticpd:sensorspd on domain 2
01-01 08:00:24.586 608 608 E sscrpcd : vendor/qcom/proprietary/adsprpc/src/fastrpc_apps_user.c:2870: Error 0x200: apps_dev_init failed for domain 2, errno Transport endpoint is not connected
01-01 08:00:24.586 608 608 E sscrpcd : vendor/qcom/proprietary/adsprpc/src/fastrpc_apps_user.c:2968: Error 0x200: open_dev (-1) failed for domain 2 (errno Transport endpoint is not connected)
01-01 08:00:24.586 608 608 E sscrpcd : vendor/qcom/proprietary/adsprpc/src/fastrpc_apps_user.c:1348: Error 0x200: remote_handle_open failed for adsp_default_listener (errno Success)
01-01 08:00:24.586 608 608 E sscrpcd : vendor/qcom/proprietary/sensors-see/sscrpcd/src/sscrpcd.cpp:98:listener exits
01-01 08:00:24.587 608 608 I sscrpcd : vendor/qcom/proprietary/adsprpc/src/rpcmem_android.c:192: rpcmem_deinit_internal: closed ION fd 4
01-01 08:00:24.587 608 608 I sscrpcd : vendor/qcom/proprietary/adsprpc/src/fastrpc_pm.c:116: fastrpc_wake_lock_deinit done
01-01 08:00:24.587 608 608 I sscrpcd : vendor/qcom/proprietary/adsprpc/src/fastrpc_apps_user.c:3019: fastrpc_apps_user_deinit done
01-01 08:00:24.587 608 608 E sscrpcd : vendor/qcom/proprietary/sensors-see/sscrpcd/src/sscrpcd.cpp:109:sscrpcd daemon will restart after 25ms...
01-01 08:00:19.295 543 543 I auditd : type=1400 audit(0.0:189): avc: denied { getattr } for comm="crash_dump64" path="/dev/__properties__/u:object_r:vendor_mm_osal_prop:s0" dev="tmpfs" ino=2522 scontext=u:r:crash_dump:s0 tcontext=u:object_r:vendor_mm_osal_prop:s0 tclass=file permissive=1
01-01 08:00:19.295 543 543 I crash_dump64: type=1400 audit(0.0:189): avc: denied { getattr } for path="/dev/__properties__/u:object_r:vendor_mm_osal_prop:s0" dev="tmpfs" ino=2522 scontext=u:r:crash_dump:s0 tcontext=u:object_r:vendor_mm_osal_prop:s0 tclass=file permissive=1
01-01 08:00:19.295 543 543 I auditd : type=1400 audit(0.0:190): avc: denied { map } for comm="crash_dump64" path="/dev/__properties__/u:object_r:vendor_mm_osal_prop:s0" dev="tmpfs" ino=2522 scontext=u:r:crash_dump:s0 tcontext=u:object_r:vendor_mm_osal_prop:s0 tclass=file permissive=1
01-01 08:00:19.295 543 543 I crash_dump64: type=1400 audit(0.0:190): avc: denied { map } for path="/dev/__properties__/u:object_r:vendor_mm_osal_prop:s0" dev="tmpfs" ino=2522 scontext=u:r:crash_dump:s0 tcontext=u:object_r:vendor_mm_osal_prop:s0 tclass=file permissive=1
01-01 08:00:24.576 0 0 I init : processing action (post-fs-data) from (/system/etc/init/hw/init.rc:633)
01-01 08:00:24.603 619 619 D keymasterd: keymaster daemon started
01-01 08:00:24.603 0 0 I init : starting service 'exec 9 (/system/bin/vdc checkpoint prepareCheckpoint)'...
01-01 08:00:24.603 619 620 D QSEECOMAPI: QSEECom_get_handle sb_length = 0xa000
01-01 08:00:24.603 619 620 D QSEECOMAPI: App is already loaded QSEE and app id = 1
01-01 08:00:24.603 619 620 E ion : ioctl c0044901 failed with code -1: Inappropriate ioctl for device
01-01 08:00:24.612 608 608 I sscrpcd : vendor/qcom/proprietary/adsprpc/src/rpcmem_android.c:159: rpcmem_init_internal: opened ION device fd 4, configured heap IDs: system (0x2000000), contig (0x400000), secure (0x200), secure flags (0x80080000)
01-01 08:00:24.612 608 608 I sscrpcd : vendor/qcom/proprietary/adsprpc/src/fastrpc_apps_user.c:3087: fastrpc_apps_user_init done with default domain:2 and &fastrpc_trace:0x7c0fcb5fa0
01-01 08:00:24.612 608 608 E sscrpcd : vendor/qcom/proprietary/sensors-see/sscrpcd/src/sscrpcd.cpp:94:adsp_default_listener_start called for [sensorspd]
01-01 08:00:24.612 608 608 I sscrpcd : vendor/qcom/proprietary/adsprpc/src/fastrpc_pm.c:85: fastrpc_wake_lock_init done for sscrpcd:608
01-01 08:00:24.612 608 608 I sscrpcd : vendor/qcom/proprietary/adsprpc/src/fastrpc_apps_user.c:1733: wakelock_control: enabled wakelock control for domain 2
01-01 08:00:24.612 608 608 E sscrpcd : vendor/qcom/proprietary/sensors-see/sscrpcd/src/sscrpcd.cpp:65:fastrpc wakelock control is enabled
01-01 08:00:24.612 608 608 I sscrpcd : vendor/qcom/proprietary/adsprpc/src/fastrpc_apps_user.c:1345: remote_handle_open: Successfully opened handle 0x0 for '":;./\createstaticpd:sensorspd on domain 2
01-01 08:00:24.612 608 608 E sscrpcd : vendor/qcom/proprietary/adsprpc/src/fastrpc_apps_user.c:2870: Error 0x200: apps_dev_init failed for domain 2, errno Transport endpoint is not connected
01-01 08:00:24.612 608 608 E sscrpcd : vendor/qcom/proprietary/adsprpc/src/fastrpc_apps_user.c:2968: Error 0x200: open_dev (-1) failed for domain 2 (errno Transport endpoint is not connected)
01-01 08:00:24.612 608 608 E sscrpcd : vendor/qcom/proprietary/adsprpc/src/fastrpc_apps_user.c:1348: Error 0x200: remote_handle_open failed for adsp_default_listener (errno Success)
01-01 08:00:24.612 608 608 E sscrpcd : vendor/qcom/proprietary/sensors-see/sscrpcd/src/sscrpcd.cpp:98:listener exits
01-01 08:00:24.612 608 608 I sscrpcd : vendor/qcom/proprietary/adsprpc/src/rpcmem_android.c:192: rpcmem_deinit_internal: closed ION fd 4
01-01 08:00:24.612 608 608 I sscrpcd : vendor/qcom/proprietary/adsprpc/src/fastrpc_pm.c:116: fastrpc_wake_lock_deinit done
01-01 08:00:24.612 608 608 I sscrpcd : vendor/qcom/proprietary/adsprpc/src/fastrpc_apps_user.c:3019: fastrpc_apps_user_deinit done
