01-01 08:00:17.876 0 0 E msm_11ad soc: qcom,wil6210: Wigig device not found
01-01 08:00:17.878 0 0 I ueventd : Coldboot took 0.457 seconds
01-01 08:00:17.882 0 0 I msm_11ad soc: qcom,wil6210: Dropping the link to regulator.26
01-01 08:00:17.893 0 0 I msm_11ad soc: qcom,wil6210: Dropping the link to regulator.0
01-01 08:00:17.900 0 0 I msm_11ad soc: qcom,wil6210: Dropping the link to regulator.8
01-01 08:00:17.908 0 0 I init : Service 'exec 2 (/vendor/bin/modprobe -a -d /vendor/lib/modules msm_11ad_proxy)' (pid 490) exited with status 0 waiting took 0.122000 seconds
01-01 08:00:17.922 0 0 I init : Sending signal 9 to service 'exec 2 (/vendor/bin/modprobe -a -d /vendor/lib/modules msm_11ad_proxy)' (pid 490) process group...
01-01 08:00:17.936 0 0 I libprocessgroup: Successfully killed process cgroup uid 0 pid 490 in 0ms
01-01 08:00:17.944 0 0 I init : processing action (early-init) from (/vendor/etc/init/hw/init.target.rc:31)
01-01 08:00:17.953 0 0 I init : starting service 'exec 3 (/vendor/bin/modprobe -a -d /vendor/lib/modules audio_q6_pdr audio_q6_notifier audio_snd_event audio_apr audio_adsp_loader audio_q6 audio_native audio_usf audio_pinctrl_wcd audio_pinctrl_lpi audio_swr audio_platform audio_hdmi audio_stub audio_wcd_core audio_wsa881x audio_bolero_cdc audio_wsa_macro audio_va_macro audio_rx_macro audio_tx_macro audio_wcd938x audio_wcd938x_slave audio_machine_kona)'...
01-01 08:00:17.993 0 0 I init : SVC_EXEC service 'exec 3 (/vendor/bin/modprobe -a -d /vendor/lib/modules audio_q6_pdr audio_q6_notifier audio_snd_event audio_apr audio_adsp_loader audio_q6 audio_native audio_usf audio_pinctrl_wcd audio_pinctrl_lpi audio_swr audio_platform audio_hdmi audio_stub audio_wcd_core audio_wsa881x audio_bolero_cdc audio_wsa_macro audio_va_macro audio_rx_macro audio_tx_macro audio_wcd938x audio_wcd938x_slave audio_machine_kona)' pid 492 (uid 0 gid 0+0 context u:r:vendor_modprobe:s0) started; waiting...
01-01 08:00:18.008 0 0 W q6_pdr_dlkm: loading out-of-tree module taints kernel.
01-01 08:00:18.040 0 0 I init : Command 'exec u:r:vendor_modprobe:s0 -- /vendor/bin/modprobe -a -d /vendor/lib/modules audio_q6_pdr audio_q6_notifier audio_snd_event audio_apr audio_adsp_loader audio_q6 audio_native audio_usf audio_pinctrl_wcd audio_pinctrl_lpi audio_swr audio_platform audio_hdmi audio_stub audio_wcd_core audio_wsa881x audio_bolero_cdc audio_wsa_macro audio_va_macro audio_rx_macro audio_tx_macro audio_wcd938x audio_wcd938x_slave audio_machine_kona' action=early-init (/vendor/etc/init/hw/init.target.rc:32) took 87ms and succeeded
01-01 08:00:18.098 0 0 W apr_dlkm: no symbol version for snd_event_notify
01-01 08:00:18.106 0 0 E register_client_adhoc: find path.src 1 dest 589
01-01 08:00:18.106 0 0 E register_client_adhoc: Failed to find path.src 1 dest 589
01-01 08:00:18.112 0 0 E : [drm:dp_display_init_aux_switch][msm-dp-err][62 ]failed to register notifier (-22)
01-01 08:00:18.128 0 0 E register_client_adhoc: find path.src 1 dest 589
01-01 08:00:18.128 0 0 E register_client_adhoc: Failed to find path.src 1 dest 589
01-01 08:00:18.134 0 0 E : [drm:dp_display_init_aux_switch][msm-dp-err][402 ]failed to register notifier (-22)
01-01 08:00:18.151 0 0 W : **********************************************************
01-01 08:00:18.158 0 0 W : ** NOTICE NOTICE NOTICE NOTICE NOTICE NOTICE NOTICE **
01-01 08:00:18.165 0 0 W : ** **
01-01 08:00:18.171 0 0 W : ** trace_printk() being used. Allocating extra memory. **
01-01 08:00:18.178 0 0 W : ** **
01-01 08:00:18.185 0 0 W : ** This means that this is a DEBUG kernel and it is **
01-01 08:00:18.192 0 0 W : ** unsafe for production use. **
01-01 08:00:18.198 0 0 W : ** **
01-01 08:00:18.205 0 0 W : ** If you see this message and you are not debugging **
01-01 08:00:18.212 0 0 W : ** the kernel, report this immediately to your vendor! **
01-01 08:00:18.218 0 0 W : ** **
01-01 08:00:18.225 0 0 W : ** NOTICE NOTICE NOTICE NOTICE NOTICE NOTICE NOTICE **
01-01 08:00:18.232 0 0 W : **********************************************************
01-01 08:00:18.243 0 0 E register_client_adhoc: find path.src 1 dest 589
01-01 08:00:18.243 0 0 E register_client_adhoc: Failed to find path.src 1 dest 589
01-01 08:00:18.248 0 0 E : [drm:dp_display_init_aux_switch][msm-dp-err][78 ]failed to register notifier (-22)
01-01 08:00:18.265 0 0 E register_client_adhoc: find path.src 1 dest 589
01-01 08:00:18.265 0 0 E register_client_adhoc: Failed to find path.src 1 dest 589
01-01 08:00:18.271 0 0 E : [drm:dp_display_init_aux_switch][msm-dp-err][421 ]failed to register notifier (-22)
01-01 08:00:18.289 0 0 E register_client_adhoc: find path.src 1 dest 589
01-01 08:00:18.289 0 0 E register_client_adhoc: Failed to find path.src 1 dest 589
01-01 08:00:18.295 0 0 E : [drm:dp_display_init_aux_switch][msm-dp-err][421 ]failed to register notifier (-22)
01-01 08:00:18.313 0 0 E register_client_adhoc: find path.src 1 dest 589
01-01 08:00:18.313 0 0 E register_client_adhoc: Failed to find path.src 1 dest 589
01-01 08:00:18.319 0 0 E : [drm:dp_display_init_aux_switch][msm-dp-err][421 ]failed to register notifier (-22)
01-01 08:00:18.326 0 0 E kona-pinctrl f000000.pinctrl: invalid function func2 in map table
01-01 08:00:18.335 0 0 E register_client_adhoc: find path.src 1 dest 589
01-01 08:00:18.335 0 0 E register_client_adhoc: Failed to find path.src 1 dest 589
01-01 08:00:18.342 0 0 E kona-pinctrl f000000.pinctrl: invalid function func2 in map table
01-01 08:00:18.362 0 0 E kona-pinctrl f000000.pinctrl: invalid function func2 in map table
01-01 08:00:18.369 0 0 E kona-pinctrl f000000.pinctrl: invalid function func2 in map table
01-01 08:00:18.376 0 0 E : [drm:dp_display_init_aux_switch][msm-dp-err][421 ]failed to register notifier (-22)
01-01 08:00:18.385 0 0 E register_client_adhoc: find path.src 1 dest 589
01-01 08:00:18.385 0 0 E register_client_adhoc: Failed to find path.src 1 dest 589
01-01 08:00:18.391 0 0 E : [drm:dp_display_init_aux_switch][msm-dp-err][421 ]failed to register notifier (-22)
01-01 08:00:18.417 0 0 E register_client_adhoc: find path.src 1 dest 589
01-01 08:00:18.417 0 0 E register_client_adhoc: Failed to find path.src 1 dest 589
01-01 08:00:18.424 0 0 E : [drm:dp_display_init_aux_switch][msm-dp-err][421 ]failed to register notifier (-22)
01-01 08:00:18.442 0 0 I init : Service 'exec 3 (/vendor/bin/modprobe -a -d /vendor/lib/modules audio_q6_pdr audio_q6_notifier audio_snd_event audio_apr audio_adsp_loader audio_q6 audio_native audio_usf audio_pinctrl_wcd audio_pinctrl_lpi audio_swr audio_platform audio_hdmi audio_stub audio_wcd_core audio_wsa881x audio_bolero_cdc audio_wsa_macro audio_va_macro audio_rx_macro audio_tx_macro audio_wcd938x audio_wcd938x_slave audio_machine_kona)' (pid 492) exited with status 0 waiting took 0.449000 seconds
01-01 08:00:18.487 0 0 I init : Sending signal 9 to service 'exec 3 (/vendor/bin/modprobe -a -d /vendor/lib/modules audio_q6_pdr audio_q6_notifier audio_snd_event audio_apr audio_adsp_loader audio_q6 audio_native audio_usf audio_pinctrl_wcd audio_pinctrl_lpi audio_swr audio_platform audio_hdmi audio_stub audio_wcd_core audio_wsa881x audio_bolero_cdc audio_wsa_macro audio_va_macro audio_rx_macro audio_tx_macro audio_wcd938x audio_wcd938x_slave audio_machine_kona)' (pid 492) process group...
01-01 08:00:18.530 0 0 I libprocessgroup: Successfully killed process cgroup uid 0 pid 492 in 0ms
01-01 08:00:18.538 0 0 I init : processing action (ro.product.cpu.abilist32=* && early-init) from (/vendor/etc/init/boringssl_self_test.rc:2)
01-01 08:00:18.550 0 0 I init : starting service 'boringssl_self_test32_vendor'...
01-01 08:00:18.558 0 0 I init : SVC_EXEC service 'boringssl_self_test32_vendor' pid 497 (uid 0 gid 0+0 context default) started; waiting...
01-01 08:00:18.577 0 0 I init : Service 'boringssl_self_test32_vendor' (pid 497) exited with status 0 waiting took 0.019000 seconds
01-01 08:00:18.588 0 0 I init : Sending signal 9 to service 'boringssl_self_test32_vendor' (pid 497) process group...
01-01 08:00:18.597 0 0 I libprocessgroup: Successfully killed process cgroup uid 0 pid 497 in 0ms
01-01 08:00:18.606 0 0 I init : processing action (ro.product.cpu.abilist64=* && early-init) from (/vendor/etc/init/boringssl_self_test.rc:4)
01-01 08:00:18.617 0 0 I init : starting service 'boringssl_self_test64_vendor'...
01-01 08:00:18.625 0 0 I init : SVC_EXEC service 'boringssl_self_test64_vendor' pid 498 (uid 0 gid 0+0 context default) started; waiting...
01-01 08:00:18.636 0 0 I init : Service 'boringssl_self_test64_vendor' (pid 498) exited with status 0 waiting took 0.012000 seconds
01-01 08:00:18.647 0 0 I init : Sending signal 9 to service 'boringssl_self_test64_vendor' (pid 498) process group...
01-01 08:00:18.657 0 0 I libprocessgroup: Successfully killed process cgroup uid 0 pid 498 in 0ms
01-01 08:00:18.665 0 0 I init : processing action (early-init) from (/vendor/etc/init/init.qti.media.rc:39)
01-01 08:00:18.674 0 0 I init : starting service 'qti-media'...
01-01 08:00:18.680 0 0 I init : processing action (early-init) from (/vendor/etc/init/init.qti.qcv.rc:8)
01-01 08:00:18.689 0 0 I init : starting service 'exec 4 (/vendor/bin/init.qti.qcv.sh)'...
01-01 08:00:18.697 0 0 I init : SVC_EXEC service 'exec 4 (/vendor/bin/init.qti.qcv.sh)' pid 503 (uid 0 gid 0+0 context u:r:vendor_qti_init_shell:s0) started; waiting...
01-01 08:00:18.711 0 0 I init : Service 'qti-media' (pid 499) exited with status 0 oneshot service took 0.031000 seconds in background
01-01 08:00:18.722 0 0 I init : Sending signal 9 to service 'qti-media' (pid 499) process group...
01-01 08:00:18.730 0 0 I libprocessgroup: Successfully killed process cgroup uid 1013 pid 499 in 0ms
01-01 08:00:18.738 0 0 I init : Service 'exec 4 (/vendor/bin/init.qti.qcv.sh)' (pid 503) exited with status 0 waiting took 0.042000 seconds
01-01 08:00:18.750 0 0 I init : Sending signal 9 to service 'exec 4 (/vendor/bin/init.qti.qcv.sh)' (pid 503) process group...
01-01 08:00:18.760 0 0 I libprocessgroup: Successfully killed process cgroup uid 0 pid 503 in 0ms
01-01 08:00:18.769 0 0 I init : Command 'setprop ro.boot.product.vendor.sku ${ro.vendor.qti.soc_name}' action=early-init (/vendor/etc/init/init.qti.qcv.rc:11) took 0ms and failed: property 'ro.vendor.qti.soc_name' doesn't exist while expanding '${ro.vendor.qti.soc_name}'
01-01 08:00:18.792 0 0 I init : Command 'setprop ro.soc.model ${ro.vendor.qti.soc_model}' action=early-init (/vendor/etc/init/init.qti.qcv.rc:12) took 0ms and failed: property 'ro.vendor.qti.soc_model' doesn't exist while expanding '${ro.vendor.qti.soc_model}'
01-01 08:00:18.814 0 0 I init : processing action (wait_for_coldboot_done) from (:0)
01-01 08:00:18.822 0 0 I init : start_waiting_for_property("ro.cold_boot_done", "true"): already set
01-01 08:00:18.831 0 0 I init : processing action (SetMmapRndBits) from (:0)
01-01 08:00:18.838 0 0 I init : processing action (KeychordInit) from (:0)
01-01 08:00:18.845 0 0 W init : EVIOCSMASK not supported: Invalid argument
01-01 08:00:18.851 0 0 I init : processing action (init) from (/system/etc/init/hw/init.rc:123)
01-01 08:00:18.859 0 0 I init : Command 'copy /system/etc/prop.default /dev/urandom' action=init (/system/etc/init/hw/init.rc:128) took 0ms and failed: Could not read input file '/system/etc/prop.default': open() failed: No such file or directory
01-01 08:00:18.882 0 0 I init : Command 'write /dev/cpuctl/nnapi-hal/cpu.uclamp.min 1' action=init (/system/etc/init/hw/init.rc:193) took 0ms and failed: Unable to write to file '/dev/cpuctl/nnapi-hal/cpu.uclamp.min': open() failed: Permission denied
01-01 08:00:18.904 0 0 I init : Command 'write /dev/cpuctl/nnapi-hal/cpu.uclamp.latency_sensitive 1' action=init (/system/etc/init/hw/init.rc:194) took 0ms and failed: Unable to write to file '/dev/cpuctl/nnapi-hal/cpu.uclamp.latency_sensitive': open() failed: Permission denied
01-01 08:00:18.928 0 0 E : Trying to create more than 6 SchedTune boosting groups
01-01 08:00:18.934 0 0 I init : Command 'mkdir /dev/stune/camera-daemon' action=init (/system/etc/init/hw/init.rc:203) took 6ms and failed: mkdir() failed on /dev/stune/camera-daemon: No space left on device
01-01 08:00:18.952 0 0 E : Trying to create more than 6 SchedTune boosting groups
01-01 08:00:18.958 0 0 I init : Command 'mkdir /dev/stune/nnapi-hal' action=init (/system/etc/init/hw/init.rc:209) took 6ms and failed: mkdir() failed on /dev/stune/nnapi-hal: No space left on device
01-01 08:00:18.984 0 0 I : Registered swp emulation handler
01-01 08:00:18.989 0 0 I init : starting service 'logd'...
01-01 08:00:18.993 0 0 I init : Created socket '/dev/socket/logd', mode 666, user 1036, group 1036
01-01 08:00:19.001 0 0 I init : Created socket '/dev/socket/logdr', mode 666, user 1036, group 1036
01-01 08:00:19.009 0 0 I init : Created socket '/dev/socket/logdw', mode 222, user 1036, group 1036
01-01 08:00:19.017 0 0 I init : Opened file '/proc/kmsg', flags 0
01-01 08:00:19.022 0 0 I init : Opened file '/dev/kmsg', flags 1
01-01 08:00:19.028 0 0 I init : starting service 'lmkd'...
01-01 08:00:19.033 0 0 I init : Created socket '/dev/socket/lmkd', mode 660, user 1000, group 1000
01-01 08:00:19.039 0 0 I logd.auditd: start
01-01 08:00:19.042 0 0 I init : starting service 'servicemanager'...
01-01 08:00:19.065 511 511 I snet_event_log: [121035042,-1,]
01-01 08:00:19.067 511 511 I auditd : SELinux: Loaded service_contexts from:
01-01 08:00:19.067 511 511 I auditd : /system/etc/selinux/plat_service_contexts
01-01 08:00:19.067 511 511 I auditd : /system_ext/etc/selinux/system_ext_service_contexts
01-01 08:00:19.067 511 511 I auditd : /product/etc/selinux/product_service_contexts
01-01 08:00:19.067 511 511 I auditd : /vendor/etc/selinux/vendor_service_contexts
01-01 08:00:19.051 0 0 I init : starting service 'hwservicemanager'...
01-01 08:00:19.058 0 0 I binder : 511:511 ioctl 40046210 7feb797714 returned -22
01-01 08:00:19.065 0 0 I init : starting service 'vndservicemanager'...
01-01 08:00:19.072 0 0 I init : processing action (ro.debuggable=1 && init) from (/system/etc/init/hw/init.rc:1250)
01-01 08:00:19.080 515 515 I snet_event_log: [121035042,-1,]
01-01 08:00:19.072 0 0 I binder : 512:512 ioctl 40046210 7fca399414 returned -22
01-01 08:00:19.088 0 0 I init : starting service 'console'...
01-01 08:00:19.093 0 0 I init : processing action (init) from (/system/etc/init/hw/init.usb.rc:27)
01-01 08:00:19.099 0 0 I binder : 510:510 ioctl 40046210 7fe50fbca4 returned -22
01-01 08:00:19.101 0 0 I init : processing action (init) from (/vendor/etc/init/hw/init.qcom.rc:67)
01-01 08:00:19.116 0 0 I init : Command 'symlink /sdcard /mnt/sdcard' action=init (/vendor/etc/init/hw/init.qcom.rc:70) took 0ms and failed: symlink() failed: File exists
01-01 08:00:19.130 0 0 E init : Control message: Could not find 'vendor.qti.hardware.perf@2.2::IPerf/default' for ctl.interface_start from pid: 512 (/system/bin/hwservicemanager)
01-01 08:00:19.146 0 0 I init : Command 'symlink /sdcard /storage/sdcard0' action=init (/vendor/etc/init/hw/init.qcom.rc:71) took 0ms and failed: symlink() failed: Read-only file system
01-01 08:00:19.162 0 0 E init : Control message: Could not find 'vendor.qti.hardware.perf@2.2::IPerf/default' for ctl.interface_start from pid: 512 (/system/bin/hwservicemanager)
01-01 08:00:19.177 0 0 E init : Control message: Could not find 'vendor.qti.hardware.perf@2.2::IPerf/default' for ctl.interface_start from pid: 512 (/system/bin/hwservicemanager)
01-01 08:00:19.194 0 0 E init : Control message: Could not find 'vendor.qti.hardware.perf@2.2::IPerf/default' for ctl.interface_start from pid: 512 (/system/bin/hwservicemanager)
01-01 08:00:19.209 0 0 E init : Control message: Could not find 'vendor.qti.hardware.perf@2.2::IPerf/default' for ctl.interface_start from pid: 512 (/system/bin/hwservicemanager)
01-01 08:00:19.224 0 0 E init : Control message: Could not find 'vendor.qti.hardware.perf@2.2::IPerf/default' for ctl.interface_start from pid: 512 (/system/bin/hwservicemanager)
01-01 08:00:19.239 0 0 E init : Control message: Could not find 'vendor.qti.hardware.perf@2.2::IPerf/default' for ctl.interface_start from pid: 512 (/system/bin/hwservicemanager)
01-01 08:00:19.255 0 0 I init : processing action (init) from (/vendor/etc/init/hw/init.qti.ufs.rc:29)
01-01 08:00:19.263 0 0 I init : starting service 'exec 5 (/vendor/bin/sh /vendor/bin/init.qti.ufs.debug.sh)'...
01-01 08:00:19.273 0 0 F init : cannot setexeccon('u:r:vendor-qti-testscripts:s0') for exec 5 (/vendor/bin/sh /vendor/bin/init.qti.ufs.debug.sh): Invalid argument --------- beginning of crash
01-01 08:00:19.286 540 540 F libc : Fatal signal 6 (SIGABRT), code -1 (SI_QUEUE) in tid 540 (init), pid 540 (init)
01-01 08:00:19.273 0 0 I init : SVC_EXEC service 'exec 5 (/vendor/bin/sh /vendor/bin/init.qti.ufs.debug.sh)' pid 540 (uid 0 gid 0+0 context u:r:vendor-qti-testscripts:s0) started; waiting...
01-01 08:00:19.302 0 0 W audit : audit_backlog=65 > audit_backlog_limit=64
01-01 08:00:19.302 0 0 W audit : audit_lost=1 audit_rate_limit=0 audit_backlog_limit=64
01-01 08:00:19.302 0 0 E audit : backlog limit exceeded
01-01 08:00:19.302 0 0 W audit : audit_backlog=65 > audit_backlog_limit=64
01-01 08:00:19.312 543 543 F DEBUG : *** *** *** *** *** *** *** *** *** *** *** *** *** *** *** ***
01-01 08:00:19.312 543 543 F DEBUG : Build fingerprint: 'TC/figure_CN/figure:12/SKQ1.220201.001/2277:user/test-keys'
01-01 08:00:19.312 543 543 F DEBUG : Revision: '0'
01-01 08:00:19.312 543 543 F DEBUG : ABI: 'arm64'
01-01 08:00:19.312 543 543 F DEBUG : Timestamp: 1970-01-01 08:00:19.296475308+0800
01-01 08:00:19.312 543 543 F DEBUG : Process uptime: 0s
01-01 08:00:19.312 543 543 F DEBUG : Cmdline: /system/bin/init second_stage
01-01 08:00:19.312 543 543 F DEBUG : pid: 540, tid: 540, name: init >>> /system/bin/init <<<
01-01 08:00:19.312 543 543 F DEBUG : uid: 0
01-01 08:00:19.312 543 543 F DEBUG : signal 6 (SIGABRT), code -1 (SI_QUEUE), fault addr --------
01-01 08:00:19.312 543 543 F DEBUG : x0 0000000000000000 x1 000000000000021c x2 0000000000000006 x3 0000007fd6895050
01-01 08:00:19.312 543 543 F DEBUG : x4 000000000000000a x5 000000000000000a x6 000000000000000a x7 000000000000000a
01-01 08:00:19.312 543 543 F DEBUG : x8 00000000000000f0 x9 dbf7ff58baa82fa3 x10 0000000000000000 x11 ffffff80ffffffdf
01-01 08:00:19.312 543 543 F DEBUG : x12 0000000000000001 x13 2f2068732f6e6962 x14 0000000000000010 x15 0000000000000000
01-01 08:00:19.312 543 543 F DEBUG : x16 0000007f7a3e3060 x17 0000007f7a3bf560 x18 0000007f801c8000 x19 000000000000021c
01-01 08:00:19.312 543 543 F DEBUG : x20 000000000000021c x21 00000000ffffffff x22 0000007f80087000 x23 0000007f80087000
01-01 08:00:19.312 543 543 F DEBUG : x24 0000007fd6895320 x25 0000007fd6895320 x26 0000000000000000 x27 b400007d5a350910
01-01 08:00:19.312 543 543 F DEBUG : x28 0000007f7a373d20 x29 0000007fd68950d0
01-01 08:00:19.312 543 543 F DEBUG : lr 0000007f7a36f95c sp 0000007fd6895030 pc 0000007f7a36f988 pst 0000000000001000
01-01 08:00:19.312 543 543 F DEBUG : backtrace:
01-01 08:00:19.312 543 543 F DEBUG : #00 pc 0000000000051988 /system/lib64/bootstrap/libc.so (abort+168) (BuildId: 369edc656806aeaf384cbeb8f7a347af)
01-01 08:00:19.312 543 543 F DEBUG : #01 pc 0000000000015038 /system/lib64/libbase.so (android::base::DefaultAborter(char const*)+16) (BuildId: 96895dcea0300fc102132e9762aef6bc)
01-01 08:00:19.312 543 543 F DEBUG : #02 pc 0000000000016bc4 /system/lib64/libbase.so (android::base::SetAborter(std::__1::function&&)::$_3::__invoke(char const*)+80) (BuildId: 96895dcea0300fc102132e9762aef6bc)
01-01 08:00:19.312 543 543 F DEBUG : #03 pc 0000000000016184 /system/lib64/libbase.so (android::base::LogMessage::~LogMessage()+368) (BuildId: 96895dcea0300fc102132e9762aef6bc)
01-01 08:00:19.312 543 543 F DEBUG : #04 pc 00000000000d8128 /system/bin/init (android::init::Service::SetProcessAttributesAndCaps()+716) (BuildId: 22e05086498bc9c9e3a5fc9a10a930c1)
01-01 08:00:19.312 543 543 F DEBUG : #05 pc 00000000000dac18 /system/bin/init (android::init::Service::Start()+7348) (BuildId: 22e05086498bc9c9e3a5fc9a10a930c1)
01-01 08:00:19.312 543 543 F DEBUG : #06 pc 00000000000d8bc8 /system/bin/init (android::init::Service::ExecStart()+108) (BuildId: 22e05086498bc9c9e3a5fc9a10a930c1)
01-01 08:00:19.312 543 543 F DEBUG : #07 pc 00000000000c4de4 /system/bin/init (android::init::do_exec(android::init::BuiltinArguments const&)+660) (BuildId: 22e05086498bc9c9e3a5fc9a10a930c1)
01-01 08:00:19.312 543 543 F DEBUG : #08 pc 00000000000b16cc /system/bin/init (android::init::RunBuiltinFunction(std::__1::function (android::init::BuiltinArguments const&)> const&, std::__1::vector, std::__1::allocator >, std::__1::allocator, std::__1::allocator > > > const&, std::__1::basic_string, std::__1::allocator > const&)+476) (BuildId: 22e05086498bc9c9e3a5fc9a10a930c1)
01-01 08:00:19.312 543 543 F DEBUG : #09 pc 00000000000b1880 /system/bin/init (android::init::Command::InvokeFunc(android::init::Subcontext*) const+284) (BuildId: 22e05086498bc9c9e3a5fc9a10a930c1)
01-01 08:00:19.312 543 543 F DEBUG : #10 pc 00000000000b22e4 /system/bin/init (android::init::Action::ExecuteCommand(android::init::Command const&) const+80) (BuildId: 22e05086498bc9c9e3a5fc9a10a930c1)
01-01 08:00:19.312 543 543 F DEBUG : #11 pc 00000000000b21d8 /system/bin/init (android::init::Action::ExecuteOneCommand(unsigned long) const+336) (BuildId: 22e05086498bc9c9e3a5fc9a10a930c1)
01-01 08:00:19.312 543 543 F DEBUG : #12 pc 00000000000e2d74 /system/bin/init (android::init::ActionManager::ExecuteOneCommand()+188) (BuildId: 22e05086498bc9c9e3a5fc9a10a930c1)
01-01 08:00:19.312 543 543 F DEBUG : #13 pc 00000000000fa6dc /system/bin/init (android::init::SecondStageMain(int, char**)+7560) (BuildId: 22e05086498bc9c9e3a5fc9a10a930c1)
01-01 08:00:19.312 543 543 F DEBUG : #14 pc 00000000000ac19c /system/bin/init (main+308) (BuildId: 22e05086498bc9c9e3a5fc9a10a930c1)
01-01 08:00:19.312 543 543 F DEBUG : #15 pc 000000000004a084 /system/lib64/bootstrap/libc.so (__libc_init+100) (BuildId: 369edc656806aeaf384cbeb8f7a347af)
01-01 08:00:19.303 0 0 E init : Control message: Could not find 'vendor.qti.hardware.perf@2.2::IPerf/default' for ctl.interface_start from pid: 512 (/system/bin/hwservicemanager)
01-01 08:00:19.311 0 0 I logd : logdr: UID=0 GID=0 PID=543 n tail=0 logMask=8 pid=540 start=0ns deadline=0ns
01-01 08:00:19.312 0 0 I logd : logdr: UID=0 GID=0 PID=543 n tail=0 logMask=1 pid=540 start=0ns deadline=0ns
01-01 08:00:19.287 543 543 I auditd : type=1400 audit(0.0:8): avc: denied { ptrace } for comm="crash_dump64" scontext=u:r:crash_dump:s0 tcontext=u:r:init:s0 tclass=process permissive=1
01-01 08:00:19.291 543 543 I auditd : type=1400 audit(0.0:9): avc: denied { search } for comm="crash_dump64" name="bootstrap" dev="dm-5" ino=2995 scontext=u:r:crash_dump:s0 tcontext=u:object_r:system_bootstrap_lib_file:s0 tclass=dir permissive=1
01-01 08:00:19.323 0 0 I init : Service 'exec 5 (/vendor/bin/sh /vendor/bin/init.qti.ufs.debug.sh)' (pid 540) received signal 6 waiting took 0.050000 seconds
01-01 08:00:19.291 543 543 I auditd : type=1400 audit(0.0:10): avc: denied { read } for comm="crash_dump64" name="libc.so" dev="dm-5" ino=2996 scontext=u:r:crash_dump:s0 tcontext=u:object_r:system_bootstrap_lib_file:s0 tclass=file permissive=1
01-01 08:00:19.334 0 0 I init : Sending signal 9 to service 'exec 5 (/vendor/bin/sh /vendor/bin/init.qti.ufs.debug.sh)' (pid 540) process group...
01-01 08:00:19.355 0 0 I libprocessgroup: Successfully killed process cgroup uid 0 pid 540 in 0ms
01-01 08:00:19.291 543 543 I auditd : type=1400 audit(0.0:11): avc: denied { open } for comm="crash_dump64" path="/system/lib64/bootstrap/libc.so" dev="dm-5" ino=2996 scontext=u:r:crash_dump:s0 tcontext=u:object_r:system_bootstrap_lib_file:s0 tclass=file permissive=1
01-01 08:00:19.291 543 543 I auditd : type=1400 audit(0.0:12): avc: denied { getattr } for comm="crash_dump64" path="/system/lib64/bootstrap/libc.so" dev="dm-5" ino=2996 scontext=u:r:crash_dump:s0 tcontext=u:object_r:system_bootstrap_lib_file:s0 tclass=file permissive=1
01-01 08:00:19.373 0 0 I init : Untracked pid 545 exited with status 0
01-01 08:00:19.291 543 543 I auditd : type=1400 audit(0.0:13): avc: denied { map } for comm="crash_dump64" path="/system/lib64/bootstrap/libc.so" dev="dm-5" ino=2996 scontext=u:r:crash_dump:s0 tcontext=u:object_r:system_bootstrap_lib_file:s0 tclass=file permissive=1
01-01 08:00:19.406 0 0 I init : Untracked pid 543 exited with status 0
01-01 08:00:19.295 543 543 I auditd : type=1400 audit(0.0:14): avc: denied { open } for comm="crash_dump64" path="/dev/__properties__/u:object_r:zram_control_prop:s0" dev="tmpfs" ino=2592 scontext=u:r:crash_dump:s0 tcontext=u:object_r:zram_control_prop:s0 tclass=file permissive=1
01-01 08:00:19.439 0 0 E init : Control message: Could not find 'vendor.qti.hardware.perf@2.2::IPerf/default' for ctl.interface_start from pid: 512 (/system/bin/hwservicemanager)
01-01 08:00:19.295 543 543 I auditd : type=1400 audit(0.0:15): avc: denied { getattr } for comm="crash_dump64" path="/dev/__properties__/u:object_r:zram_control_prop:s0" dev="tmpfs" ino=2592 scontext=u:r:crash_dump:s0 tcontext=u:object_r:zram_control_prop:s0 tclass=file permissive=1
01-01 08:00:19.469 0 0 I init : processing action (init) from (/vendor/etc/init/hw/init.target.rc:35)
01-01 08:00:19.295 543 543 I auditd : type=1400 audit(0.0:16): avc: denied { map } for comm="crash_dump64" path="/dev/__properties__/u:object_r:zram_control_prop:s0" dev="tmpfs" ino=2592 scontext=u:r:crash_dump:s0 tcontext=u:object_r:zram_control_prop:s0 tclass=file permissive=1
01-01 08:00:19.498 0 0 E init : Control message: Could not find 'vendor.qti.hardware.perf@2.2::IPerf/default' for ctl.interface_start from pid: 512 (/system/bin/hwservicemanager)
01-01 08:00:19.295 543 543 I auditd : type=1400 audit(0.0:17): avc: denied { open } for comm="crash_dump64" path="/dev/__properties__/u:object_r:zram_config_prop:s0" dev="tmpfs" ino=2591 scontext=u:r:crash_dump:s0 tcontext=u:object_r:zram_config_prop:s0 tclass=file permissive=1
01-01 08:00:19.525 0 0 E init : Control message: Could not find 'vendor.qti.hardware.perf@2.2::IPerf/default' for ctl.interface_start from pid: 512 (/system/bin/hwservicemanager)
01-01 08:00:19.295 543 543 I auditd : type=1400 audit(0.0:18): avc: denied { getattr } for comm="crash_dump64" path="/dev/__properties__/u:object_r:zram_config_prop:s0" dev="tmpfs" ino=2591 scontext=u:r:crash_dump:s0 tcontext=u:object_r:zram_config_prop:s0 tclass=file permissive=1
01-01 08:00:19.563 0 0 E init : Control message: Could not find 'vendor.qti.hardware.perf@2.2::IPerf/default' for ctl.interface_start from pid: 512 (/system/bin/hwservicemanager)
01-01 08:00:19.295 543 543 I auditd : type=1400 audit(0.0:19): avc: denied { map } for comm="crash_dump64" path="/dev/__properties__/u:object_r:zram_config_prop:s0" dev="tmpfs" ino=2591 scontext=u:r:crash_dump:s0 tcontext=u:object_r:zram_config_prop:s0 tclass=file permissive=1
01-01 08:00:19.295 543 543 I auditd : type=1400 audit(0.0:20): avc: denied { open } for comm="crash_dump64" path="/dev/__properties__/u:object_r:wifi_prop:s0" dev="tmpfs" ino=2590 scontext=u:r:crash_dump:s0 tcontext=u:object_r:wifi_prop:s0 tclass=file permissive=1
01-01 08:00:19.595 0 0 E init : Control message: Could not find 'vendor.qti.hardware.perf@2.2::IPerf/default' for ctl.interface_start from pid: 512 (/system/bin/hwservicemanager)
01-01 08:00:19.633 0 0 E init : Control message: Could not find 'vendor.qti.hardware.perf@2.2::IPerf/default' for ctl.interface_start from pid: 512 (/system/bin/hwservicemanager)
01-01 08:00:19.295 543 543 I auditd : type=1400 audit(0.0:21): avc: denied { getattr } for comm="crash_dump64" path="/dev/__properties__/u:object_r:wifi_prop:s0" dev="tmpfs" ino=2590 scontext=u:r:crash_dump:s0 tcontext=u:object_r:wifi_prop:s0 tclass=file permissive=1
01-01 08:00:19.672 0 0 E init : Control message: Could not find 'vendor.qti.hardware.perf@2.2::IPerf/default' for ctl.interface_start from pid: 512 (/system/bin/hwservicemanager)
01-01 08:00:19.295 543 543 I auditd : type=1400 audit(0.0:22): avc: denied { map } for comm="crash_dump64" path="/dev/__properties__/u:object_r:wifi_prop:s0" dev="tmpfs" ino=2590 scontext=u:r:crash_dump:s0 tcontext=u:object_r:wifi_prop:s0 tclass=file permissive=1
01-01 08:00:19.295 543 543 I auditd : type=1400 audit(0.0:23): avc: denied { open } for comm="crash_dump64" path="/dev/__properties__/u:object_r:wifi_hal_prop:s0" dev="tmpfs" ino=2588 scontext=u:r:crash_dump:s0 tcontext=u:object_r:wifi_hal_prop:s0 tclass=file permissive=1
01-01 08:00:19.710 0 0 E init : Control message: Could not find 'vendor.qti.hardware.perf@2.2::IPerf/default' for ctl.interface_start from pid: 512 (/system/bin/hwservicemanager)
01-01 08:00:19.295 543 543 I auditd : type=1400 audit(0.0:24): avc: denied { getattr } for comm="crash_dump64" path="/dev/__properties__/u:object_r:wifi_hal_prop:s0" dev="tmpfs" ino=2588 scontext=u:r:crash_dump:s0 tcontext=u:object_r:wifi_hal_prop:s0 tclass=file permissive=1
01-01 08:00:19.755 0 0 I init : wait for '/dev/block/platform/soc/1d84000.ufshc' took 0ms
01-01 08:00:19.295 543 543 I auditd : type=1400 audit(0.0:25): avc: denied { map } for comm="crash_dump64" path="/dev/__properties__/u:object_r:wifi_hal_prop:s0" dev="tmpfs" ino=2588 scontext=u:r:crash_dump:s0 tcontext=u:object_r:wifi_hal_prop:s0 tclass=file permissive=1
01-01 08:00:19.792 0 0 E init : Control message: Could not find 'vendor.qti.hardware.perf@2.2::IPerf/default' for ctl.interface_start from pid: 512 (/system/bin/hwservicemanager)
01-01 08:00:19.295 543 543 I auditd : type=1400 audit(0.0:26): avc: denied { open } for comm="crash_dump64" path="/dev/__properties__/u:object_r:wifi_config_prop:s0" dev="tmpfs" ino=2587 scontext=u:r:crash_dump:s0 tcontext=u:object_r:wifi_config_prop:s0 tclass=file permissive=1
01-01 08:00:19.829 0 0 E init : Control message: Could not find 'vendor.qti.hardware.perf@2.2::IPerf/default' for ctl.interface_start from pid: 512 (/system/bin/hwservicemanager)
01-01 08:00:19.867 0 0 E init : Control message: Could not find 'vendor.qti.hardware.perf@2.2::IPerf/default' for ctl.interface_start from pid: 512 (/system/bin/hwservicemanager)
01-01 08:00:19.295 543 543 I auditd : type=1400 audit(0.0:27): avc: denied { getattr } for comm="crash_dump64" path="/dev/__properties__/u:object_r:wifi_config_prop:s0" dev="tmpfs" ino=2587 scontext=u:r:crash_dump:s0 tcontext=u:object_r:wifi_config_prop:s0 tclass=file permissive=1
01-01 08:00:19.295 543 543 I auditd : type=1400 audit(0.0:28): avc: denied { map } for comm="crash_dump64" path="/dev/__properties__/u:object_r:wifi_config_prop:s0" dev="tmpfs" ino=2587 scontext=u:r:crash_dump:s0 tcontext=u:object_r:wifi_config_prop:s0 tclass=file permissive=1
01-01 08:00:19.295 543 543 I auditd : type=1400 audit(0.0:29): avc: denied { open } for comm="crash_dump64" path="/dev/__properties__/u:object_r:vold_post_fs_data_prop:s0" dev="tmpfs" ino=2582 scontext=u:r:crash_dump:s0 tcontext=u:object_r:vold_post_fs_data_prop:s0 tclass=file permissive=1
01-01 08:00:19.905 0 0 E init : Control message: Could not find 'vendor.qti.hardware.perf@2.2::IPerf/default' for ctl.interface_start from pid: 512 (/system/bin/hwservicemanager)
01-01 08:00:19.295 543 543 I auditd : type=1400 audit(0.0:30): avc: denied { getattr } for comm="crash_dump64" path="/dev/__properties__/u:object_r:vold_post_fs_data_prop:s0" dev="tmpfs" ino=2582 scontext=u:r:crash_dump:s0 tcontext=u:object_r:vold_post_fs_data_prop:s0 tclass=file permissive=1
01-01 08:00:19.935 0 0 E init : Control message: Could not find 'vendor.qti.hardware.perf@2.2::IPerf/default' for ctl.interface_start from pid: 512 (/system/bin/hwservicemanager)
01-01 08:00:19.295 543 543 I auditd : type=1400 audit(0.0:31): avc: denied { map } for comm="crash_dump64" path="/dev/__properties__/u:object_r:vold_post_fs_data_prop:s0" dev="tmpfs" ino=2582 scontext=u:r:crash_dump:s0 tcontext=u:object_r:vold_post_fs_data_prop:s0 tclass=file permissive=1
01-01 08:00:19.295 543 543 I auditd : type=1400 audit(0.0:32): avc: denied { open } for comm="crash_dump64" path="/dev/__properties__/u:object_r:virtual_ab_prop:s0" dev="tmpfs" ino=2579 scontext=u:r:crash_dump:s0 tcontext=u:object_r:virtual_ab_prop:s0 tclass=file permissive=1
01-01 08:00:19.973 0 0 I init : processing action (init) from (/system/etc/init/audioserver.rc:62)
01-01 08:00:19.295 543 543 I auditd : type=1400 audit(0.0:33): avc: denied { getattr } for comm="crash_dump64" path="/dev/__properties__/u:object_r:virtual_ab_prop:s0" dev="tmpfs" ino=2579 scontext=u:r:crash_dump:s0 tcontext=u:object_r:virtual_ab_prop:s0 tclass=file permissive=1
01-01 08:00:20.012 0 0 E init : Control message: Could not find 'vendor.qti.hardware.perf@2.2::IPerf/default' for ctl.interface_start from pid: 512 (/system/bin/hwservicemanager)
01-01 08:00:19.295 543 543 I auditd : type=1400 audit(0.0:34): avc: denied { map } for comm="crash_dump64" path="/dev/__properties__/u:object_r:virtual_ab_prop:s0" dev="tmpfs" ino=2579 scontext=u:r:crash_dump:s0 tcontext=u:object_r:virtual_ab_prop:s0 tclass=file permissive=1
01-01 08:00:20.050 0 0 I init : processing action (init) from (/vendor/etc/init/android.hardware.keymaster@4.1-service-qti.rc:1)
01-01 08:00:19.295 543 543 I auditd : type=1400 audit(0.0:35): avc: denied { open } for comm="crash_dump64" path="/dev/__properties__/u:object_r:vendor_xrcb_prop:s0" dev="tmpfs" ino=2577 scontext=u:r:crash_dump:s0 tcontext=u:object_r:vendor_xrcb_prop:s0 tclass=file permissive=1
01-01 08:00:20.091 0 0 I init : starting service 'vendor.keymaster-4-1'...
01-01 08:00:19.295 543 543 I auditd : type=1400 audit(0.0:36): avc: denied { getattr } for comm="crash_dump64" path="/dev/__properties__/u:object_r:vendor_xrcb_prop:s0" dev="tmpfs" ino=2577 scontext=u:r:crash_dump:s0 tcontext=u:object_r:vendor_xrcb_prop:s0 tclass=file permissive=1
01-01 08:00:20.129 0 0 I init : processing action (init) from (/vendor/etc/init/init.tsnv.rc:2)
01-01 08:00:19.295 543 543 I auditd : type=1400 audit(0.0:37): avc: denied { map } for comm="crash_dump64" path="/dev/__properties__/u:object_r:vendor_xrcb_prop:s0" dev="tmpfs" ino=2577 scontext=u:r:crash_dump:s0 tcontext=u:object_r:vendor_xrcb_prop:s0 tclass=file permissive=1
01-01 08:00:20.184 0 0 I : tsnv tsnv_init register TSNV Driver v0.01
01-01 08:00:19.295 543 543 I auditd : type=1400 audit(0.0:38): avc: denied { open } for comm="crash_dump64" path="/dev/__properties__/u:object_r:vendor_xlat_prop:s0" dev="tmpfs" ino=2576 scontext=u:r:crash_dump:s0 tcontext=u:object_r:vendor_xlat_prop:s0 tclass=file permissive=1
01-01 08:00:20.222 0 0 I init : Command 'insmod /vendor/lib/modules/tsnv.ko' action=init (/vendor/etc/init/init.tsnv.rc:3) took 61ms and succeeded
01-01 08:00:19.295 543 543 I auditd : type=1400 audit(0.0:39): avc: denied { getattr } for comm="crash_dump64" path="/dev/__properties__/u:object_r:vendor_xlat_prop:s0" dev="tmpfs" ino=2576 scontext=u:r:crash_dump:s0 tcontext=u:object_r:vendor_xlat_prop:s0 tclass=file permissive=1
01-01 08:00:20.256 0 0 I init : processing action (init) from (/vendor/etc/init/qseecomd.rc:5)
01-01 08:00:19.295 543 543 I auditd : type=1400 audit(0.0:40): avc: denied { map } for comm="crash_dump64" path="/dev/__properties__/u:object_r:vendor_xlat_prop:s0" dev="tmpfs" ino=2576 scontext=u:r:crash_dump:s0 tcontext=u:object_r:vendor_xlat_prop:s0 tclass=file permissive=1
01-01 08:00:20.285 0 0 I init : wait for '/dev/qseecom' took 0ms
01-01 08:00:19.295 543 543 I auditd : type=1400 audit(0.0:41): avc: denied { open } for comm="crash_dump64" path="/dev/__properties__/u:object_r:vendor_wlc_prop:s0" dev="tmpfs" ino=2575 scontext=u:r:crash_dump:s0 tcontext=u:object_r:vendor_wlc_prop:s0 tclass=file permissive=1
01-01 08:00:20.316 0 0 I init : starting service 'vendor.qseecomd'...
01-01 08:00:19.295 543 543 I auditd : type=1400 audit(0.0:42): avc: denied { getattr } for comm="crash_dump64" path="/dev/__properties__/u:object_r:vendor_wlc_prop:s0" dev="tmpfs" ino=2575 scontext=u:r:crash_dump:s0 tcontext=u:object_r:vendor_wlc_prop:s0 tclass=file permissive=1
01-01 08:00:20.345 0 0 I init : processing action (init) from (/vendor/etc/init/vendor.qti.hardware.qseecom@1.0-service.rc:8)
01-01 08:00:19.295 543 543 I auditd : type=1400 audit(0.0:43): avc: denied { map } for comm="crash_dump64" path="/dev/__properties__/u:object_r:vendor_wlc_prop:s0" dev="tmpfs" ino=2575 scontext=u:r:crash_dump:s0 tcontext=u:object_r:vendor_wlc_prop:s0 tclass=file permissive=1
01-01 08:00:20.380 0 0 I init : starting service 'qseecom-service'...
01-01 08:00:19.295 543 543 I auditd : type=1400 audit(0.0:44): avc: denied { open } for comm="crash_dump64" path="/dev/__properties__/u:object_r:vendor_wigig_prop:s0" dev="tmpfs" ino=2574 scontext=u:r:crash_dump:s0 tcontext=u:object_r:vendor_wigig_prop:s0 tclass=file permissive=1
01-01 08:00:19.295 543 543 I auditd : type=1400 audit(0.0:45): avc: denied { getattr } for comm="crash_dump64" path="/dev/__properties__/u:object_r:vendor_wigig_prop:s0" dev="tmpfs" ino=2574 scontext=u:r:crash_dump:s0 tcontext=u:object_r:vendor_wigig_prop:s0 tclass=file permissive=1
01-01 08:00:20.412 0 0 I init : processing action (late-init) from (/system/etc/init/hw/init.rc:483)
01-01 08:00:19.295 543 543 I auditd : type=1400 audit(0.0:46): avc: denied { map } for comm="crash_dump64" path="/dev/__properties__/u:object_r:vendor_wigig_prop:s0" dev="tmpfs" ino=2574 scontext=u:r:crash_dump:s0 tcontext=u:object_r:vendor_wigig_prop:s0 tclass=file permissive=1
01-01 08:00:20.439 0 0 I init : processing action (late-init) from (/system/etc/init/atrace.rc:3) --------- beginning of system
01-01 08:00:20.478 549 558 I QISL : QSEE Interrupt Service Listener Thread is started
01-01 08:00:20.478 549 558 I QISL : QSEE Interrupt Service Listener was activated successfully
01-01 08:00:20.478 549 549 D SPL : Call QSEECom_register_listener()
01-01 08:00:20.479 549 549 D SPL : Registered listener sucessfully!
01-01 08:00:20.479 549 549 D SPL : pipe read-fd [32] write-fd [33]
01-01 08:00:20.479 549 549 D SPL : Create thread
01-01 08:00:20.479 549 549 D SPL : Thread created sucessfully.
01-01 08:00:20.479 549 559 D SPL : spl_dispatch() started
01-01 08:00:20.479 549 559 D SPL : ==== Wait For Request ======
01-01 08:00:19.295 543 543 I auditd : type=1400 audit(0.0:47): avc: denied { open } for comm="crash_dump64" path="/dev/__properties__/u:object_r:vendor_wigig_core_prop:s0" dev="tmpfs" ino=2573 scontext=u:r:crash_dump:s0 tcontext=u:object_r:vendor_wigig_core_prop:s0 tclass=file permissive=1
01-01 08:00:20.469 0 0 I init : processing action (late-init) from (/vendor/etc/init/android.hardware.atrace@1.0-service.rc:1)
01-01 08:00:19.295 543 543 I auditd : type=1400 audit(0.0:48): avc: denied { getattr } for comm="crash_dump64" path="/dev/__properties__/u:object_r:vendor_wigig_core_prop:s0" dev="tmpfs" ino=2573 scontext=u:r:crash_dump:s0 tcontext=u:object_r:vendor_wigig_core_prop:s0 tclass=file permissive=1
01-01 08:00:20.501 0 0 I init : processing action (queue_property_triggers) from (:0)
01-01 08:00:19.295 543 543 I auditd : type=1400 audit(0.0:49): avc: denied { map } for comm="crash_dump64" path="/dev/__properties__/u:object_r:vendor_wigig_core_prop:s0" dev="tmpfs" ino=2573 scontext=u:r:crash_dump:s0 tcontext=u:object_r:vendor_wigig_core_prop:s0 tclass=file permissive=1
01-01 08:00:20.529 0 0 I init : processing action (early-fs) from (/system/etc/init/hw/init.rc:521)
01-01 08:00:19.295 543 543 I auditd : type=1400 audit(0.0:50): avc: denied { open } for comm="crash_dump64" path="/dev/__properties__/u:object_r:vendor_wifi_version:s0" dev="tmpfs" ino=2572 scontext=u:r:crash_dump:s0 tcontext=u:object_r:vendor_wifi_version:s0 tclass=file permissive=1
01-01 08:00:20.576 0 0 I init : starting service 'vold'...
01-01 08:00:19.295 543 543 I auditd : type=1400 audit(0.0:51): avc: denied { getattr } for comm="crash_dump64" path="/dev/__properties__/u:object_r:vendor_wifi_version:s0" dev="tmpfs" ino=2572 scontext=u:r:crash_dump:s0 tcontext=u:object_r:vendor_wifi_version:s0 tclass=file permissive=1
01-01 08:00:20.627 562 562 I vold : Vold 3.0 (the awakening) firing up
01-01 08:00:20.627 562 562 D vold : Detected support for: ext4 f2fs vfat
01-01 08:00:20.628 562 562 D vold : Found unmanaged dm device named system_ext_a
01-01 08:00:20.628 562 562 D vold : Found unmanaged dm device named odm_a
01-01 08:00:20.628 562 562 D vold : Found unmanaged dm device named system_a
01-01 08:00:20.628 562 562 D vold : Found unmanaged dm device named vendor-verity
01-01 08:00:20.628 562 562 D vold : Found unmanaged dm device named vendor_a
01-01 08:00:20.628 562 562 D vold : Found unmanaged dm device named system_ext-verity
01-01 08:00:20.628 562 562 D vold : Found unmanaged dm device named odm-verity
01-01 08:00:20.628 562 562 D vold : Found unmanaged dm device named product-verity
01-01 08:00:20.628 562 562 D vold : Found unmanaged dm device named system-verity
01-01 08:00:20.628 562 562 D vold : Found unmanaged dm device named product_a
01-01 08:00:20.629 562 562 I vold : [libfs_mgr]dt_fstab: Skip disabled entry for partition vendor
01-01 08:00:20.629 562 562 I vold : [libfs_mgr]GetFstabPath()fstab_path:/odm/etc/fstab.default
01-01 08:00:20.629 562 562 I vold : [libfs_mgr]GetFstabPath()fstab_path:/vendor/etc/fstab.default
01-01 08:00:20.629 562 562 I vold : [libfs_mgr]GetFstabPath()fstab_path:/system/etc/fstab.default
01-01 08:00:20.629 562 562 I vold : [libfs_mgr]GetFstabPath()fstab_path:/first_stage_ramdisk/system/etc/fstab.default
01-01 08:00:20.629 562 562 I vold : [libfs_mgr]GetFstabPath()fstab_path:/fstab.default
01-01 08:00:20.629 562 562 I vold : [libfs_mgr]GetFstabPath()fstab_path:/first_stage_ramdisk/fstab.default
01-01 08:00:20.629 562 562 I vold : [libfs_mgr]GetFstabPath()fstab_path:/odm/etc/fstab.qcom
01-01 08:00:20.629 562 562 I vold : [libfs_mgr]GetFstabPath()fstab_path:/vendor/etc/fstab.qcom
01-01 08:00:20.629 562 562 I vold : [libfs_mgr]GetFstabPath()fstab_path.c_str():/vendor/etc/fstab.qcom
01-01 08:00:20.608 0 0 I init : processing action (early-fs) from (/vendor/etc/init/hw/init.target.rc:49)
01-01 08:00:20.630 0 0 I binder : 562:562 ioctl 40046210 7febd9cb34 returned -22
01-01 08:00:20.630 0 0 I binder : 562:562 ioctl 40046210 7febd9cad4 returned -22
01-01 08:00:20.631 562 562 D vold : VoldNativeService::start() completed OK
01-01 08:00:19.295 543 543 I auditd : type=1400 audit(0.0:52): avc: denied { map } for comm="crash_dump64" path="/dev/__properties__/u:object_r:vendor_wifi_version:s0" dev="tmpfs" ino=2572 scontext=u:r:crash_dump:s0 tcontext=u:object_r:vendor_wifi_version:s0 tclass=file permissive=1
01-01 08:00:20.639 0 0 I init : processing action (fs) from (/vendor/etc/init/hw/init.target.rc:52)
01-01 08:00:19.295 543 543 I auditd : type=1400 audit(0.0:53): avc: denied { open } for comm="crash_dump64" path="/dev/__properties__/u:object_r:vendor_wifi_prop:s0" dev="tmpfs" ino=2571 scontext=u:r:crash_dump:s0 tcontext=u:object_r:vendor_wifi_prop:s0 tclass=file permissive=1
01-01 08:00:20.676 0 0 E FAT-fs (sde51): bogus number of reserved sectors
01-01 08:00:19.295 543 543 I auditd : type=1400 audit(0.0:54): avc: denied { getattr } for comm="crash_dump64" path="/dev/__properties__/u:object_r:vendor_wifi_prop:s0" dev="tmpfs" ino=2571 scontext=u:r:crash_dump:s0 tcontext=u:object_r:vendor_wifi_prop:s0 tclass=file permissive=1
01-01 08:00:20.707 0 0 I FAT-fs (sde51): Can't find a valid FAT filesystem
01-01 08:00:19.295 543 543 I auditd : type=1400 audit(0.0:55): avc: denied { map } for comm="crash_dump64" path="/dev/__properties__/u:object_r:vendor_wifi_prop:s0" dev="tmpfs" ino=2571 scontext=u:r:crash_dump:s0 tcontext=u:object_r:vendor_wifi_prop:s0 tclass=file permissive=1
01-01 08:00:19.295 543 543 I auditd : type=1400 audit(0.0:56): avc: denied { open } for comm="crash_dump64" path="/dev/__properties__/u:object_r:vendor_wfd_sys_debug_prop:s0" dev="tmpfs" ino=2570 scontext=u:r:crash_dump:s0 tcontext=u:object_r:vendor_wfd_sys_debug_prop:s0 tclass=file permissive=1
01-01 08:00:20.743 0 0 I init : [libfs_mgr]__mount(source=/dev/block/bootdevice/by-name/spunvm,target=/mnt/vendor/spunvm,type=vfat)=-1: Invalid argument
01-01 08:00:19.295 543 543 I auditd : type=1400 audit(0.0:57): avc: denied { getattr } for comm="crash_dump64" path="/dev/__properties__/u:object_r:vendor_wfd_sys_debug_prop:s0" dev="tmpfs" ino=2570 scontext=u:r:crash_dump:s0 tcontext=u:object_r:vendor_wfd_sys_debug_prop:s0 tclass=file permissive=1
01-01 08:00:20.780 0 0 I fsck_msdos: ** /dev/block/bootdevice/by-name/spunvm
01-01 08:00:19.295 543 543 I auditd : type=1400 audit(0.0:58): avc: denied { map } for comm="crash_dump64" path="/dev/__properties__/u:object_r:vendor_wfd_sys_debug_prop:s0" dev="tmpfs" ino=2570 scontext=u:r:crash_dump:s0 tcontext=u:object_r:vendor_wfd_sys_debug_prop:s0 tclass=file permissive=1
01-01 08:00:20.805 0 0 I fsck_msdos: Invalid signature in boot block: 0000
01-01 08:00:20.820 0 0 I fsck_msdos: fsck_msdos terminated by exit(8)
01-01 08:00:19.295 543 543 I auditd : type=1400 audit(0.0:59): avc: denied { open } for comm="crash_dump64" path="/dev/__properties__/u:object_r:vendor_wfd_service_prop:s0" dev="tmpfs" ino=2569 scontext=u:r:crash_dump:s0 tcontext=u:object_r:vendor_wfd_service_prop:s0 tclass=file permissive=1
01-01 08:00:19.295 543 543 I auditd : type=1400 audit(0.0:60): avc: denied { getattr } for comm="crash_dump64" path="/dev/__properties__/u:object_r:vendor_wfd_service_prop:s0" dev="tmpfs" ino=2569 scontext=u:r:crash_dump:s0 tcontext=u:object_r:vendor_wfd_service_prop:s0 tclass=file permissive=1
01-01 08:00:20.850 0 0 E FAT-fs (sde51): bogus number of reserved sectors
01-01 08:00:20.878 0 0 I FAT-fs (sde51): Can't find a valid FAT filesystem
01-01 08:00:19.295 543 543 I auditd : type=1400 audit(0.0:61): avc: denied { map } for comm="crash_dump64" path="/dev/__properties__/u:object_r:vendor_wfd_service_prop:s0" dev="tmpfs" ino=2569 scontext=u:r:crash_dump:s0 tcontext=u:object_r:vendor_wfd_service_prop:s0 tclass=file permissive=1
01-01 08:00:19.295 543 543 I auditd : type=1400 audit(0.0:62): avc: denied { open } for comm="crash_dump64" path="/dev/__properties__/u:object_r:vendor_video_prop:s0" dev="tmpfs" ino=2568 scontext=u:r:crash_dump:s0 tcontext=u:object_r:vendor_video_prop:s0 tclass=file permissive=1
01-01 08:00:20.939 0 0 I init : [libfs_mgr]__mount(source=/dev/block/bootdevice/by-name/spunvm,target=/mnt/vendor/spunvm,type=vfat)=-1: Invalid argument
01-01 08:00:19.295 543 543 I auditd : type=1400 audit(0.0:63): avc: denied { getattr } for comm="crash_dump64" path="/dev/__properties__/u:object_r:vendor_video_prop:s0" dev="tmpfs" ino=2568 scontext=u:r:crash_dump:s0 tcontext=u:object_r:vendor_video_prop:s0 tclass=file permissive=1
01-01 08:00:20.970 0 0 E init : Unable to set property 'ro.boottime.init.mount.spunvm' from uid:0 gid:0 pid:1: Read-only property was already set
01-01 08:00:19.295 543 543 I auditd : type=1400 audit(0.0:64): avc: denied { map } for comm="crash_dump64" path="/dev/__properties__/u:object_r:vendor_video_prop:s0" dev="tmpfs" ino=2568 scontext=u:r:crash_dump:s0 tcontext=u:object_r:vendor_video_prop:s0 tclass=file permissive=1
01-01 08:00:21.002 0 0 E init : [libfs_mgr]Failed to mount an un-encryptable or wiped partition on /dev/block/bootdevice/by-name/spunvm at /mnt/vendor/spunvm options: shortname=lower,uid=1000,gid=1000,dmask=007,fmask=007,context=u:object_r:vendor_spunvm_file:s0: Invalid argument
01-01 08:00:19.295 543 543 I auditd : type=1400 audit(0.0:65): avc: denied { open } for comm="crash_dump64" path="/dev/__properties__/u:object_r:vendor_usb_prop:s0" dev="tmpfs" ino=2567 scontext=u:r:crash_dump:s0 tcontext=u:object_r:vendor_usb_prop:s0 tclass=file permissive=1
01-01 08:00:21.033 0 0 I init : [libfs_mgr]__mount(source=/dev/block/bootdevice/by-name/modem_a,target=/vendor/firmware_mnt,type=vfat)=0: Success
01-01 08:00:19.295 543 543 I auditd : type=1400 audit(0.0:66): avc: denied { getattr } for comm="crash_dump64" path="/dev/__properties__/u:object_r:vendor_usb_prop:s0" dev="tmpfs" ino=2567 scontext=u:r:crash_dump:s0 tcontext=u:object_r:vendor_usb_prop:s0 tclass=file permissive=1
01-01 08:00:21.064 0 0 I init : [libfs_mgr]superblock s_max_mnt_count:65535,/dev/block/bootdevice/by-name/dsp_a
01-01 08:00:19.295 543 543 I auditd : type=1400 audit(0.0:67): avc: denied { map } for comm="crash_dump64" path="/dev/__properties__/u:object_r:vendor_usb_prop:s0" dev="tmpfs" ino=2567 scontext=u:r:crash_dump:s0 tcontext=u:object_r:vendor_usb_prop:s0 tclass=file permissive=1
01-01 08:00:21.095 0 0 I EXT4-fs (sde9): mounted filesystem with ordered data mode. Opts: barrier=1
01-01 08:00:19.295 543 543 I auditd : type=1400 audit(0.0:68): avc: denied { open } for comm="crash_dump64" path="/dev/__properties__/u:object_r:vendor_time_service_prop:s0" dev="tmpfs" ino=2566 scontext=u:r:crash_dump:s0 tcontext=u:object_r:vendor_time_service_prop:s0 tclass=file permissive=1
01-01 08:00:21.129 0 0 I init : [libfs_mgr]__mount(source=/dev/block/bootdevice/by-name/dsp_a,target=/vendor/dsp,type=ext4)=0: Success
01-01 08:00:19.295 543 543 I auditd : type=1400 audit(0.0:69): avc: denied { getattr } for comm="crash_dump64" path="/dev/__properties__/u:object_r:vendor_time_service_prop:s0" dev="tmpfs" ino=2566 scontext=u:r:crash_dump:s0 tcontext=u:object_r:vendor_time_service_prop:s0 tclass=file permissive=1
01-01 08:00:21.167 0 0 I init : [libfs_mgr]__mount(source=/dev/block/bootdevice/by-name/bluetooth_a,target=/vendor/bt_firmware,type=vfat)=0: Success
01-01 08:00:19.295 543 543 I auditd : type=1400 audit(0.0:70): avc: denied { map } for comm="crash_dump64" path="/dev/__properties__/u:object_r:vendor_time_service_prop:s0" dev="tmpfs" ino=2566 scontext=u:r:crash_dump:s0 tcontext=u:object_r:vendor_time_service_prop:s0 tclass=file permissive=1
01-01 08:00:21.212 0 0 I init : [libfs_mgr]superblock s_max_mnt_count:65535,/dev/block/bootdevice/by-name/persist
