01-01 08:00:28.364 608 608 E sscrpcd : vendor/qcom/proprietary/sensors-see/sscrpcd/src/sscrpcd.cpp:98:listener exits
01-01 08:00:28.364 608 608 I sscrpcd : vendor/qcom/proprietary/adsprpc/src/rpcmem_android.c:192: rpcmem_deinit_internal: closed ION fd 4
01-01 08:00:28.364 608 608 I sscrpcd : vendor/qcom/proprietary/adsprpc/src/fastrpc_pm.c:116: fastrpc_wake_lock_deinit done
01-01 08:00:28.364 608 608 I sscrpcd : vendor/qcom/proprietary/adsprpc/src/fastrpc_apps_user.c:3019: fastrpc_apps_user_deinit done
01-01 08:00:28.364 608 608 E sscrpcd : vendor/qcom/proprietary/sensors-see/sscrpcd/src/sscrpcd.cpp:109:sscrpcd daemon will restart after 25ms...
01-01 08:00:28.370 671 671 D LibBpfLoader: bpf_prog_load lib call for /system/etc/bpf/clatd.o (schedcls_egress4_clat_rawip) returned fd: 11 (no error)
01-01 08:00:28.370 671 671 I bpfloader: Loaded object: /system/etc/bpf/clatd.o
01-01 08:00:28.372 671 671 D LibBpfLoader: Loading critical for netd ELF object /system/etc/bpf/netd.o with license Apache 2.0
01-01 08:00:28.372 671 671 I LibBpfLoader: Section bpfloader_min_ver value is 0 [0x0]
01-01 08:00:28.372 671 671 I LibBpfLoader: Section bpfloader_max_ver value is 65536 [0x10000]
01-01 08:00:28.372 671 671 I LibBpfLoader: Section size_of_bpf_map_def value is 48 [0x30]
01-01 08:00:28.372 671 671 I LibBpfLoader: Section size_of_bpf_prog_def value is 28 [0x1c]
01-01 08:00:28.372 671 671 I LibBpfLoader: BpfLoader version 0x00002 processing ELF object /system/etc/bpf/netd.o with ver [0x00000,0x10000)
01-01 08:00:28.372 671 671 D LibBpfLoader: Loaded code section 3 (cgroupskb_ingress_stats)
01-01 08:00:28.372 671 671 D LibBpfLoader: Loaded relo section 3 (.relcgroupskb/ingress/stats)
01-01 08:00:28.372 671 671 D LibBpfLoader: Adding section 3 to cs list
01-01 08:00:28.372 671 671 D LibBpfLoader: Loaded code section 5 (cgroupskb_egress_stats)
01-01 08:00:28.372 671 671 D LibBpfLoader: Loaded relo section 5 (.relcgroupskb/egress/stats)
01-01 08:00:28.372 671 671 D LibBpfLoader: Adding section 5 to cs list
01-01 08:00:28.372 671 671 D LibBpfLoader: Loaded code section 7 (skfilter_egress_xtbpf)
01-01 08:00:28.372 671 671 D LibBpfLoader: Loaded relo section 7 (.relskfilter/egress/xtbpf)
01-01 08:00:28.372 671 671 D LibBpfLoader: Adding section 7 to cs list
01-01 08:00:28.372 671 671 D LibBpfLoader: Loaded code section 9 (skfilter_ingress_xtbpf)
01-01 08:00:28.372 671 671 D LibBpfLoader: Loaded relo section 9 (.relskfilter/ingress/xtbpf)
01-01 08:00:28.372 671 671 D LibBpfLoader: Adding section 9 to cs list
01-01 08:00:28.372 671 671 D LibBpfLoader: Loaded code section 11 (skfilter_allowlist_xtbpf)
01-01 08:00:28.372 671 671 D LibBpfLoader: Loaded relo section 11 (.relskfilter/allowlist/xtbpf)
01-01 08:00:28.372 671 671 D LibBpfLoader: Adding section 11 to cs list
01-01 08:00:28.372 671 671 D LibBpfLoader: Loaded code section 13 (skfilter_denylist_xtbpf)
01-01 08:00:28.373 671 671 D LibBpfLoader: Loaded relo section 13 (.relskfilter/denylist/xtbpf)
01-01 08:00:28.373 671 671 D LibBpfLoader: Adding section 13 to cs list
01-01 08:00:28.373 671 671 D LibBpfLoader: Loaded code section 15 (cgroupsock_inet_create)
01-01 08:00:28.373 671 671 D LibBpfLoader: Loaded relo section 15 (.relcgroupsock/inet/create)
01-01 08:00:28.373 671 671 D LibBpfLoader: Adding section 15 to cs list
01-01 08:00:28.373 671 671 D LibBpfLoader: bpf_create_map name cookie_tag_map, ret: 6
01-01 08:00:28.373 671 671 D LibBpfLoader: bpf_create_map name uid_counterset_map, ret: 7
01-01 08:00:28.374 671 671 D LibBpfLoader: bpf_create_map name app_uid_stats_map, ret: 8
01-01 08:00:28.374 671 671 D LibBpfLoader: bpf_create_map name stats_map_A, ret: 9
01-01 08:00:28.374 671 671 D LibBpfLoader: bpf_create_map name stats_map_B, ret: 10
01-01 08:00:28.374 671 671 D LibBpfLoader: bpf_create_map name iface_stats_map, ret: 11
01-01 08:00:28.374 671 671 D LibBpfLoader: bpf_create_map name configuration_map, ret: 12
01-01 08:00:28.374 671 671 D LibBpfLoader: bpf_create_map name uid_owner_map, ret: 13
01-01 08:00:28.374 671 671 D LibBpfLoader: bpf_create_map name iface_index_name_map, ret: 14
01-01 08:00:28.374 671 671 D LibBpfLoader: bpf_create_map name uid_permission_map, ret: 15
01-01 08:00:28.374 671 671 D LibBpfLoader: map_fd found at 0 is 6 in /system/etc/bpf/netd.o
01-01 08:00:28.374 671 671 D LibBpfLoader: map_fd found at 1 is 7 in /system/etc/bpf/netd.o
01-01 08:00:28.374 671 671 D LibBpfLoader: map_fd found at 2 is 8 in /system/etc/bpf/netd.o
01-01 08:00:28.374 671 671 D LibBpfLoader: map_fd found at 3 is 9 in /system/etc/bpf/netd.o
01-01 08:00:28.374 671 671 D LibBpfLoader: map_fd found at 4 is 10 in /system/etc/bpf/netd.o
01-01 08:00:28.374 671 671 D LibBpfLoader: map_fd found at 5 is 11 in /system/etc/bpf/netd.o
01-01 08:00:28.374 671 671 D LibBpfLoader: map_fd found at 6 is 12 in /system/etc/bpf/netd.o
01-01 08:00:28.374 671 671 D LibBpfLoader: map_fd found at 7 is 13 in /system/etc/bpf/netd.o
01-01 08:00:28.374 671 671 D LibBpfLoader: map_fd found at 8 is 14 in /system/etc/bpf/netd.o
01-01 08:00:28.374 671 671 D LibBpfLoader: map_fd found at 9 is 15 in /system/etc/bpf/netd.o
01-01 08:00:28.374 671 671 D LibBpfLoader: applying relo to instruction at byte offset: 472, insn offset 59 , insn 118
01-01 08:00:28.374 671 671 D LibBpfLoader: applying relo to instruction at byte offset: 544, insn offset 68 , insn 118
01-01 08:00:28.374 671 671 D LibBpfLoader: applying relo to instruction at byte offset: 1008, insn offset 126 , insn 118
01-01 08:00:28.374 671 671 D LibBpfLoader: applying relo to instruction at byte offset: 1304, insn offset 163 , insn 118
01-01 08:00:28.374 671 671 D LibBpfLoader: applying relo to instruction at byte offset: 1384, insn offset 173 , insn 118
01-01 08:00:28.374 671 671 D LibBpfLoader: applying relo to instruction at byte offset: 1488, insn offset 186 , insn 118
01-01 08:00:28.374 671 671 D LibBpfLoader: applying relo to instruction at byte offset: 1600, insn offset 200 , insn 118
01-01 08:00:28.374 671 671 D LibBpfLoader: applying relo to instruction at byte offset: 1640, insn offset 205 , insn 118
01-01 08:00:28.374 671 671 D LibBpfLoader: applying relo to instruction at byte offset: 1992, insn offset 249 , insn 118
01-01 08:00:28.374 671 671 D LibBpfLoader: applying relo to instruction at byte offset: 2104, insn offset 263 , insn 118
01-01 08:00:28.374 671 671 D LibBpfLoader: applying relo to instruction at byte offset: 2144, insn offset 268 , insn 118
01-01 08:00:28.374 671 671 D LibBpfLoader: applying relo to instruction at byte offset: 2424, insn offset 303 , insn 118
01-01 08:00:28.375 671 671 D LibBpfLoader: applying relo to instruction at byte offset: 2528, insn offset 316 , insn 118
01-01 08:00:28.375 671 671 D LibBpfLoader: applying relo to instruction at byte offset: 2568, insn offset 321 , insn 118
01-01 08:00:28.375 671 671 D LibBpfLoader: applying relo to instruction at byte offset: 2712, insn offset 339 , insn 118
01-01 08:00:28.375 671 671 D LibBpfLoader: applying relo to instruction at byte offset: 2816, insn offset 352 , insn 118
01-01 08:00:28.375 671 671 D LibBpfLoader: applying relo to instruction at byte offset: 2856, insn offset 357 , insn 118
01-01 08:00:28.375 671 671 D LibBpfLoader: applying relo to instruction at byte offset: 3088, insn offset 386 , insn 118
01-01 08:00:28.375 671 671 D LibBpfLoader: applying relo to instruction at byte offset: 3192, insn offset 399 , insn 118
01-01 08:00:28.375 671 671 D LibBpfLoader: applying relo to instruction at byte offset: 3232, insn offset 404 , insn 118
01-01 08:00:28.375 671 671 D LibBpfLoader: applying relo to instruction at byte offset: 448, insn offset 56 , insn 118
01-01 08:00:28.375 671 671 D LibBpfLoader: applying relo to instruction at byte offset: 520, insn offset 65 , insn 118
01-01 08:00:28.375 671 671 D LibBpfLoader: applying relo to instruction at byte offset: 992, insn offset 124 , insn 118
01-01 08:00:28.375 671 671 D LibBpfLoader: applying relo to instruction at byte offset: 1272, insn offset 159 , insn 118
01-01 08:00:28.375 671 671 D LibBpfLoader: applying relo to instruction at byte offset: 1352, insn offset 169 , insn 118
01-01 08:00:28.375 671 671 D LibBpfLoader: applying relo to instruction at byte offset: 1456, insn offset 182 , insn 118
01-01 08:00:28.375 671 671 D LibBpfLoader: applying relo to instruction at byte offset: 1560, insn offset 195 , insn 118
01-01 08:00:28.375 671 671 D LibBpfLoader: applying relo to instruction at byte offset: 1600, insn offset 200 , insn 118
01-01 08:00:28.375 671 671 D LibBpfLoader: applying relo to instruction at byte offset: 1744, insn offset 218 , insn 118
01-01 08:00:28.375 671 671 D LibBpfLoader: applying relo to instruction at byte offset: 1848, insn offset 231 , insn 118
01-01 08:00:28.375 671 671 D LibBpfLoader: applying relo to instruction at byte offset: 1888, insn offset 236 , insn 118
01-01 08:00:28.375 671 671 D LibBpfLoader: applying relo to instruction at byte offset: 2160, insn offset 270 , insn 118
01-01 08:00:28.375 671 671 D LibBpfLoader: applying relo to instruction at byte offset: 2264, insn offset 283 , insn 118
01-01 08:00:28.375 671 671 D LibBpfLoader: applying relo to instruction at byte offset: 2304, insn offset 288 , insn 118
01-01 08:00:28.375 671 671 D LibBpfLoader: applying relo to instruction at byte offset: 2448, insn offset 306 , insn 118
01-01 08:00:28.375 671 671 D LibBpfLoader: applying relo to instruction at byte offset: 2552, insn offset 319 , insn 118
01-01 08:00:28.375 671 671 D LibBpfLoader: applying relo to instruction at byte offset: 2592, insn offset 324 , insn 118
01-01 08:00:28.375 671 671 D LibBpfLoader: applying relo to instruction at byte offset: 2824, insn offset 353 , insn 118
01-01 08:00:28.375 671 671 D LibBpfLoader: applying relo to instruction at byte offset: 2928, insn offset 366 , insn 118
01-01 08:00:28.375 671 671 D LibBpfLoader: applying relo to instruction at byte offset: 2968, insn offset 371 , insn 118
01-01 08:00:28.375 671 671 D LibBpfLoader: applying relo to instruction at byte offset: 88, insn offset 11 , insn 118
01-01 08:00:28.375 671 671 D LibBpfLoader: applying relo to instruction at byte offset: 192, insn offset 24 , insn 118
01-01 08:00:28.375 671 671 D LibBpfLoader: applying relo to instruction at byte offset: 232, insn offset 29 , insn 118
01-01 08:00:28.375 671 671 D LibBpfLoader: applying relo to instruction at byte offset: 40, insn offset 5 , insn 118
01-01 08:00:28.375 671 671 D LibBpfLoader: applying relo to instruction at byte offset: 144, insn offset 18 , insn 118
01-01 08:00:28.375 671 671 D LibBpfLoader: applying relo to instruction at byte offset: 184, insn offset 23 , insn 118
01-01 08:00:28.375 671 671 D LibBpfLoader: applying relo to instruction at byte offset: 136, insn offset 17 , insn 118
01-01 08:00:28.375 671 671 D LibBpfLoader: applying relo to instruction at byte offset: 32, insn offset 4 , insn 118
01-01 08:00:28.375 671 671 D LibBpfLoader: applying relo to instruction at byte offset: 80, insn offset 10 , insn 118
01-01 08:00:28.375 671 671 D LibBpfLoader: cs[0].name:cgroupskb_ingress_stats min_kver:0 .max_kver:ffffffff (kvers:413009d)
01-01 08:00:28.375 671 671 D LibBpfLoader: cs[0].name:cgroupskb_ingress_stats requires bpfloader version [0x00000,0x10000)
01-01 08:00:28.389 608 608 I sscrpcd : vendor/qcom/proprietary/adsprpc/src/rpcmem_android.c:159: rpcmem_init_internal: opened ION device fd 4, configured heap IDs: system (0x2000000), contig (0x400000), secure (0x200), secure flags (0x80080000)
01-01 08:00:28.389 608 608 I sscrpcd : vendor/qcom/proprietary/adsprpc/src/fastrpc_apps_user.c:3087: fastrpc_apps_user_init done with default domain:2 and &fastrpc_trace:0x7c0fd17fa0
01-01 08:00:28.390 608 608 E sscrpcd : vendor/qcom/proprietary/sensors-see/sscrpcd/src/sscrpcd.cpp:94:adsp_default_listener_start called for [sensorspd]
01-01 08:00:28.390 608 608 I sscrpcd : vendor/qcom/proprietary/adsprpc/src/fastrpc_pm.c:85: fastrpc_wake_lock_init done for sscrpcd:608
01-01 08:00:28.390 608 608 I sscrpcd : vendor/qcom/proprietary/adsprpc/src/fastrpc_apps_user.c:1733: wakelock_control: enabled wakelock control for domain 2
01-01 08:00:28.390 608 608 E sscrpcd : vendor/qcom/proprietary/sensors-see/sscrpcd/src/sscrpcd.cpp:65:fastrpc wakelock control is enabled
01-01 08:00:28.390 608 608 I sscrpcd : vendor/qcom/proprietary/adsprpc/src/fastrpc_apps_user.c:1345: remote_handle_open: Successfully opened handle 0x0 for '":;./\createstaticpd:sensorspd on domain 2
01-01 08:00:28.390 608 608 E sscrpcd : vendor/qcom/proprietary/adsprpc/src/fastrpc_apps_user.c:2870: Error 0x200: apps_dev_init failed for domain 2, errno Transport endpoint is not connected
01-01 08:00:28.390 608 608 E sscrpcd : vendor/qcom/proprietary/adsprpc/src/fastrpc_apps_user.c:2968: Error 0x200: open_dev (-1) failed for domain 2 (errno Transport endpoint is not connected)
01-01 08:00:28.390 608 608 E sscrpcd : vendor/qcom/proprietary/adsprpc/src/fastrpc_apps_user.c:1348: Error 0x200: remote_handle_open failed for adsp_default_listener (errno Success)
01-01 08:00:28.390 608 608 E sscrpcd : vendor/qcom/proprietary/sensors-see/sscrpcd/src/sscrpcd.cpp:98:listener exits
01-01 08:00:28.390 608 608 I sscrpcd : vendor/qcom/proprietary/adsprpc/src/rpcmem_android.c:192: rpcmem_deinit_internal: closed ION fd 4
01-01 08:00:28.390 608 608 I sscrpcd : vendor/qcom/proprietary/adsprpc/src/fastrpc_pm.c:116: fastrpc_wake_lock_deinit done
01-01 08:00:28.390 608 608 I sscrpcd : vendor/qcom/proprietary/adsprpc/src/fastrpc_apps_user.c:3019: fastrpc_apps_user_deinit done
01-01 08:00:28.390 608 608 E sscrpcd : vendor/qcom/proprietary/sensors-see/sscrpcd/src/sscrpcd.cpp:109:sscrpcd daemon will restart after 25ms...
01-01 08:00:28.393 671 671 D LibBpfLoader: bpf_prog_load lib call for /system/etc/bpf/netd.o (cgroupskb_ingress_stats) returned fd: 16 (no error)
01-01 08:00:28.393 671 671 D LibBpfLoader: cs[1].name:cgroupskb_egress_stats min_kver:0 .max_kver:ffffffff (kvers:413009d)
01-01 08:00:28.393 671 671 D LibBpfLoader: cs[1].name:cgroupskb_egress_stats requires bpfloader version [0x00000,0x10000)
01-01 08:00:28.399 671 671 D LibBpfLoader: bpf_prog_load lib call for /system/etc/bpf/netd.o (cgroupskb_egress_stats) returned fd: 17 (no error)
01-01 08:00:28.399 671 671 D LibBpfLoader: cs[2].name:skfilter_egress_xtbpf min_kver:0 .max_kver:ffffffff (kvers:413009d)
01-01 08:00:28.399 671 671 D LibBpfLoader: cs[2].name:skfilter_egress_xtbpf requires bpfloader version [0x00000,0x10000)
01-01 08:00:28.415 608 608 I sscrpcd : vendor/qcom/proprietary/adsprpc/src/rpcmem_android.c:159: rpcmem_init_internal: opened ION device fd 4, configured heap IDs: system (0x2000000), contig (0x400000), secure (0x200), secure flags (0x80080000)
01-01 08:00:28.415 608 608 I sscrpcd : vendor/qcom/proprietary/adsprpc/src/fastrpc_apps_user.c:3087: fastrpc_apps_user_init done with default domain:2 and &fastrpc_trace:0x7c0fc66fa0
01-01 08:00:28.415 608 608 E sscrpcd : vendor/qcom/proprietary/sensors-see/sscrpcd/src/sscrpcd.cpp:94:adsp_default_listener_start called for [sensorspd]
01-01 08:00:28.415 608 608 I sscrpcd : vendor/qcom/proprietary/adsprpc/src/fastrpc_pm.c:85: fastrpc_wake_lock_init done for sscrpcd:608
01-01 08:00:28.415 608 608 I sscrpcd : vendor/qcom/proprietary/adsprpc/src/fastrpc_apps_user.c:1733: wakelock_control: enabled wakelock control for domain 2
01-01 08:00:28.415 608 608 E sscrpcd : vendor/qcom/proprietary/sensors-see/sscrpcd/src/sscrpcd.cpp:65:fastrpc wakelock control is enabled
01-01 08:00:28.415 608 608 I sscrpcd : vendor/qcom/proprietary/adsprpc/src/fastrpc_apps_user.c:1345: remote_handle_open: Successfully opened handle 0x0 for '":;./\createstaticpd:sensorspd on domain 2
01-01 08:00:28.415 608 608 E sscrpcd : vendor/qcom/proprietary/adsprpc/src/fastrpc_apps_user.c:2870: Error 0x200: apps_dev_init failed for domain 2, errno Transport endpoint is not connected
01-01 08:00:28.415 608 608 E sscrpcd : vendor/qcom/proprietary/adsprpc/src/fastrpc_apps_user.c:2968: Error 0x200: open_dev (-1) failed for domain 2 (errno Transport endpoint is not connected)
01-01 08:00:28.415 608 608 E sscrpcd : vendor/qcom/proprietary/adsprpc/src/fastrpc_apps_user.c:1348: Error 0x200: remote_handle_open failed for adsp_default_listener (errno Success)
01-01 08:00:28.415 608 608 E sscrpcd : vendor/qcom/proprietary/sensors-see/sscrpcd/src/sscrpcd.cpp:98:listener exits
01-01 08:00:28.415 608 608 I sscrpcd : vendor/qcom/proprietary/adsprpc/src/rpcmem_android.c:192: rpcmem_deinit_internal: closed ION fd 4
01-01 08:00:28.415 608 608 I sscrpcd : vendor/qcom/proprietary/adsprpc/src/fastrpc_pm.c:116: fastrpc_wake_lock_deinit done
01-01 08:00:28.415 608 608 I sscrpcd : vendor/qcom/proprietary/adsprpc/src/fastrpc_apps_user.c:3019: fastrpc_apps_user_deinit done
01-01 08:00:28.416 608 608 E sscrpcd : vendor/qcom/proprietary/sensors-see/sscrpcd/src/sscrpcd.cpp:109:sscrpcd daemon will restart after 25ms...
01-01 08:00:28.422 671 671 D LibBpfLoader: bpf_prog_load lib call for /system/etc/bpf/netd.o (skfilter_egress_xtbpf) returned fd: 18 (no error)
01-01 08:00:28.422 671 671 D LibBpfLoader: cs[3].name:skfilter_ingress_xtbpf min_kver:0 .max_kver:ffffffff (kvers:413009d)
01-01 08:00:28.422 671 671 D LibBpfLoader: cs[3].name:skfilter_ingress_xtbpf requires bpfloader version [0x00000,0x10000)
01-01 08:00:28.424 671 671 D LibBpfLoader: bpf_prog_load lib call for /system/etc/bpf/netd.o (skfilter_ingress_xtbpf) returned fd: 19 (no error)
01-01 08:00:28.424 671 671 D LibBpfLoader: cs[4].name:skfilter_allowlist_xtbpf min_kver:0 .max_kver:ffffffff (kvers:413009d)
01-01 08:00:28.424 671 671 D LibBpfLoader: cs[4].name:skfilter_allowlist_xtbpf requires bpfloader version [0x00000,0x10000)
01-01 08:00:28.430 671 671 D LibBpfLoader: bpf_prog_load lib call for /system/etc/bpf/netd.o (skfilter_allowlist_xtbpf) returned fd: 20 (no error)
01-01 08:00:28.430 671 671 D LibBpfLoader: cs[5].name:skfilter_denylist_xtbpf min_kver:0 .max_kver:ffffffff (kvers:413009d)
01-01 08:00:28.430 671 671 D LibBpfLoader: cs[5].name:skfilter_denylist_xtbpf requires bpfloader version [0x00000,0x10000)
01-01 08:00:28.441 608 608 I sscrpcd : vendor/qcom/proprietary/adsprpc/src/rpcmem_android.c:159: rpcmem_init_internal: opened ION device fd 4, configured heap IDs: system (0x2000000), contig (0x400000), secure (0x200), secure flags (0x80080000)
01-01 08:00:28.441 608 608 I sscrpcd : vendor/qcom/proprietary/adsprpc/src/fastrpc_apps_user.c:3087: fastrpc_apps_user_init done with default domain:2 and &fastrpc_trace:0x7c0fca2fa0
01-01 08:00:28.441 608 608 E sscrpcd : vendor/qcom/proprietary/sensors-see/sscrpcd/src/sscrpcd.cpp:94:adsp_default_listener_start called for [sensorspd]
01-01 08:00:28.441 608 608 I sscrpcd : vendor/qcom/proprietary/adsprpc/src/fastrpc_pm.c:85: fastrpc_wake_lock_init done for sscrpcd:608
01-01 08:00:28.441 608 608 I sscrpcd : vendor/qcom/proprietary/adsprpc/src/fastrpc_apps_user.c:1733: wakelock_control: enabled wakelock control for domain 2
01-01 08:00:28.441 608 608 E sscrpcd : vendor/qcom/proprietary/sensors-see/sscrpcd/src/sscrpcd.cpp:65:fastrpc wakelock control is enabled
01-01 08:00:28.441 608 608 I sscrpcd : vendor/qcom/proprietary/adsprpc/src/fastrpc_apps_user.c:1345: remote_handle_open: Successfully opened handle 0x0 for '":;./\createstaticpd:sensorspd on domain 2
01-01 08:00:28.441 608 608 E sscrpcd : vendor/qcom/proprietary/adsprpc/src/fastrpc_apps_user.c:2870: Error 0x200: apps_dev_init failed for domain 2, errno Transport endpoint is not connected
01-01 08:00:28.441 608 608 E sscrpcd : vendor/qcom/proprietary/adsprpc/src/fastrpc_apps_user.c:2968: Error 0x200: open_dev (-1) failed for domain 2 (errno Transport endpoint is not connected)
01-01 08:00:28.441 608 608 E sscrpcd : vendor/qcom/proprietary/adsprpc/src/fastrpc_apps_user.c:1348: Error 0x200: remote_handle_open failed for adsp_default_listener (errno Success)
01-01 08:00:28.441 608 608 E sscrpcd : vendor/qcom/proprietary/sensors-see/sscrpcd/src/sscrpcd.cpp:98:listener exits
01-01 08:00:28.441 608 608 I sscrpcd : vendor/qcom/proprietary/adsprpc/src/rpcmem_android.c:192: rpcmem_deinit_internal: closed ION fd 4
01-01 08:00:28.441 608 608 I sscrpcd : vendor/qcom/proprietary/adsprpc/src/fastrpc_pm.c:116: fastrpc_wake_lock_deinit done
01-01 08:00:28.441 608 608 I sscrpcd : vendor/qcom/proprietary/adsprpc/src/fastrpc_apps_user.c:3019: fastrpc_apps_user_deinit done
01-01 08:00:28.441 608 608 E sscrpcd : vendor/qcom/proprietary/sensors-see/sscrpcd/src/sscrpcd.cpp:109:sscrpcd daemon will restart after 25ms...
01-01 08:00:28.452 671 671 D LibBpfLoader: bpf_prog_load lib call for /system/etc/bpf/netd.o (skfilter_denylist_xtbpf) returned fd: 21 (no error)
01-01 08:00:28.452 671 671 D LibBpfLoader: cs[6].name:cgroupsock_inet_create min_kver:40e0000 .max_kver:ffffffff (kvers:413009d)
01-01 08:00:28.452 671 671 D LibBpfLoader: cs[6].name:cgroupsock_inet_create requires bpfloader version [0x00000,0x10000)
01-01 08:00:28.459 648 657 I mpu_uart: [MSG-P:RECV]:No message received in 1000 ms
01-01 08:00:28.463 671 671 D LibBpfLoader: bpf_prog_load lib call for /system/etc/bpf/netd.o (cgroupsock_inet_create) returned fd: 22 (no error)
01-01 08:00:28.463 671 671 I bpfloader: Loaded object: /system/etc/bpf/netd.o
01-01 08:00:28.464 671 671 D LibBpfLoader: Loading optional ELF object /system/etc/bpf/gpu_mem.o with license Apache 2.0
01-01 08:00:28.464 671 671 I LibBpfLoader: Section bpfloader_min_ver value is 0 [0x0]
01-01 08:00:28.464 671 671 I LibBpfLoader: Section bpfloader_max_ver value is 65536 [0x10000]
01-01 08:00:28.464 671 671 I LibBpfLoader: Section size_of_bpf_map_def value is 48 [0x30]
01-01 08:00:28.464 671 671 I LibBpfLoader: Section size_of_bpf_prog_def value is 28 [0x1c]
01-01 08:00:28.464 671 671 I LibBpfLoader: BpfLoader version 0x00002 processing ELF object /system/etc/bpf/gpu_mem.o with ver [0x00000,0x10000)
01-01 08:00:28.464 671 671 D LibBpfLoader: Loaded code section 3 (tracepoint_gpu_mem_gpu_mem_total)
01-01 08:00:28.464 671 671 D LibBpfLoader: Loaded relo section 3 (.reltracepoint/gpu_mem/gpu_mem_total)
01-01 08:00:28.464 671 671 D LibBpfLoader: Adding section 3 to cs list
01-01 08:00:28.464 671 671 D LibBpfLoader: bpf_create_map name gpu_mem_total_map, ret: 6
01-01 08:00:28.464 671 671 D LibBpfLoader: map_fd found at 0 is 6 in /system/etc/bpf/gpu_mem.o
01-01 08:00:28.464 671 671 D LibBpfLoader: applying relo to instruction at byte offset: 80, insn offset 10 , insn 118
01-01 08:00:28.464 671 671 D LibBpfLoader: applying relo to instruction at byte offset: 128, insn offset 16 , insn 118
01-01 08:00:28.464 671 671 D LibBpfLoader: applying relo to instruction at byte offset: 208, insn offset 26 , insn 118
01-01 08:00:28.464 671 671 D LibBpfLoader: cs[0].name:tracepoint_gpu_mem_gpu_mem_total min_kver:0 .max_kver:ffffffff (kvers:413009d)
01-01 08:00:28.464 671 671 D LibBpfLoader: cs[0].name:tracepoint_gpu_mem_gpu_mem_total requires bpfloader version [0x00000,0x10000)
01-01 08:00:28.467 608 608 I sscrpcd : vendor/qcom/proprietary/adsprpc/src/rpcmem_android.c:159: rpcmem_init_internal: opened ION device fd 4, configured heap IDs: system (0x2000000), contig (0x400000), secure (0x200), secure flags (0x80080000)
01-01 08:00:28.467 608 608 I sscrpcd : vendor/qcom/proprietary/adsprpc/src/fastrpc_apps_user.c:3087: fastrpc_apps_user_init done with default domain:2 and &fastrpc_trace:0x7c0fca1fa0
01-01 08:00:28.467 608 608 E sscrpcd : vendor/qcom/proprietary/sensors-see/sscrpcd/src/sscrpcd.cpp:94:adsp_default_listener_start called for [sensorspd]
01-01 08:00:28.467 608 608 I sscrpcd : vendor/qcom/proprietary/adsprpc/src/fastrpc_pm.c:85: fastrpc_wake_lock_init done for sscrpcd:608
01-01 08:00:28.467 608 608 I sscrpcd : vendor/qcom/proprietary/adsprpc/src/fastrpc_apps_user.c:1733: wakelock_control: enabled wakelock control for domain 2
01-01 08:00:28.467 608 608 E sscrpcd : vendor/qcom/proprietary/sensors-see/sscrpcd/src/sscrpcd.cpp:65:fastrpc wakelock control is enabled
01-01 08:00:28.467 608 608 I sscrpcd : vendor/qcom/proprietary/adsprpc/src/fastrpc_apps_user.c:1345: remote_handle_open: Successfully opened handle 0x0 for '":;./\createstaticpd:sensorspd on domain 2
01-01 08:00:28.467 608 608 E sscrpcd : vendor/qcom/proprietary/adsprpc/src/fastrpc_apps_user.c:2870: Error 0x200: apps_dev_init failed for domain 2, errno Transport endpoint is not connected
01-01 08:00:28.467 608 608 E sscrpcd : vendor/qcom/proprietary/adsprpc/src/fastrpc_apps_user.c:2968: Error 0x200: open_dev (-1) failed for domain 2 (errno Transport endpoint is not connected)
01-01 08:00:28.467 608 608 E sscrpcd : vendor/qcom/proprietary/adsprpc/src/fastrpc_apps_user.c:1348: Error 0x200: remote_handle_open failed for adsp_default_listener (errno Success)
01-01 08:00:28.467 608 608 E sscrpcd : vendor/qcom/proprietary/sensors-see/sscrpcd/src/sscrpcd.cpp:98:listener exits
01-01 08:00:28.467 608 608 I sscrpcd : vendor/qcom/proprietary/adsprpc/src/rpcmem_android.c:192: rpcmem_deinit_internal: closed ION fd 4
01-01 08:00:28.467 608 608 I sscrpcd : vendor/qcom/proprietary/adsprpc/src/fastrpc_pm.c:116: fastrpc_wake_lock_deinit done
01-01 08:00:28.467 608 608 I sscrpcd : vendor/qcom/proprietary/adsprpc/src/fastrpc_apps_user.c:3019: fastrpc_apps_user_deinit done
01-01 08:00:28.467 608 608 E sscrpcd : vendor/qcom/proprietary/sensors-see/sscrpcd/src/sscrpcd.cpp:109:sscrpcd daemon will restart after 25ms...
01-01 08:00:28.488 671 671 D LibBpfLoader: bpf_prog_load lib call for /system/etc/bpf/gpu_mem.o (tracepoint_gpu_mem_gpu_mem_total) returned fd: 7 (no error)
01-01 08:00:28.488 671 671 I bpfloader: Loaded object: /system/etc/bpf/gpu_mem.o
01-01 08:00:28.493 608 608 I sscrpcd : vendor/qcom/proprietary/adsprpc/src/rpcmem_android.c:159: rpcmem_init_internal: opened ION device fd 4, configured heap IDs: system (0x2000000), contig (0x400000), secure (0x200), secure flags (0x80080000)
01-01 08:00:28.493 608 608 I sscrpcd : vendor/qcom/proprietary/adsprpc/src/fastrpc_apps_user.c:3087: fastrpc_apps_user_init done with default domain:2 and &fastrpc_trace:0x7c0d920fa0
01-01 08:00:28.493 608 608 E sscrpcd : vendor/qcom/proprietary/sensors-see/sscrpcd/src/sscrpcd.cpp:94:adsp_default_listener_start called for [sensorspd]
01-01 08:00:28.493 608 608 I sscrpcd : vendor/qcom/proprietary/adsprpc/src/fastrpc_pm.c:85: fastrpc_wake_lock_init done for sscrpcd:608
01-01 08:00:28.493 608 608 I sscrpcd : vendor/qcom/proprietary/adsprpc/src/fastrpc_apps_user.c:1733: wakelock_control: enabled wakelock control for domain 2
01-01 08:00:28.493 608 608 E sscrpcd : vendor/qcom/proprietary/sensors-see/sscrpcd/src/sscrpcd.cpp:65:fastrpc wakelock control is enabled
01-01 08:00:28.493 608 608 I sscrpcd : vendor/qcom/proprietary/adsprpc/src/fastrpc_apps_user.c:1345: remote_handle_open: Successfully opened handle 0x0 for '":;./\createstaticpd:sensorspd on domain 2
01-01 08:00:28.493 608 608 E sscrpcd : vendor/qcom/proprietary/adsprpc/src/fastrpc_apps_user.c:2870: Error 0x200: apps_dev_init failed for domain 2, errno Transport endpoint is not connected
01-01 08:00:28.493 608 608 E sscrpcd : vendor/qcom/proprietary/adsprpc/src/fastrpc_apps_user.c:2968: Error 0x200: open_dev (-1) failed for domain 2 (errno Transport endpoint is not connected)
01-01 08:00:28.493 608 608 E sscrpcd : vendor/qcom/proprietary/adsprpc/src/fastrpc_apps_user.c:1348: Error 0x200: remote_handle_open failed for adsp_default_listener (errno Success)
01-01 08:00:28.493 608 608 E sscrpcd : vendor/qcom/proprietary/sensors-see/sscrpcd/src/sscrpcd.cpp:98:listener exits
01-01 08:00:28.493 608 608 I sscrpcd : vendor/qcom/proprietary/adsprpc/src/rpcmem_android.c:192: rpcmem_deinit_internal: closed ION fd 4
01-01 08:00:28.493 608 608 I sscrpcd : vendor/qcom/proprietary/adsprpc/src/fastrpc_pm.c:116: fastrpc_wake_lock_deinit done
01-01 08:00:28.493 608 608 I sscrpcd : vendor/qcom/proprietary/adsprpc/src/fastrpc_apps_user.c:3019: fastrpc_apps_user_deinit done
01-01 08:00:28.493 608 608 E sscrpcd : vendor/qcom/proprietary/sensors-see/sscrpcd/src/sscrpcd.cpp:109:sscrpcd daemon will restart after 25ms...
01-01 08:00:22.459 594 594 I auditd : type=1400 audit(0.0:332): avc: denied { map } for comm="spdaemon" path="/dev/__properties__/u:object_r:cpu_variant_prop:s0" dev="tmpfs" ino=2290 scontext=u:r:vendor_spdaemon:s0 tcontext=u:object_r:cpu_variant_prop:s0 tclass=file permissive=1
01-01 08:00:22.459 594 594 I spdaemon: type=1400 audit(0.0:332): avc: denied { map } for path="/dev/__properties__/u:object_r:cpu_variant_prop:s0" dev="tmpfs" ino=2290 scontext=u:r:vendor_spdaemon:s0 tcontext=u:object_r:cpu_variant_prop:s0 tclass=file permissive=1
01-01 08:00:29.002 0 0 I init : Service 'bpfloader' (pid 671) exited with status 0 waiting took 0.368000 seconds
01-01 08:00:28.518 608 608 I sscrpcd : vendor/qcom/proprietary/adsprpc/src/rpcmem_android.c:159: rpcmem_init_internal: opened ION device fd 4, configured heap IDs: system (0x2000000), contig (0x400000), secure (0x200), secure flags (0x80080000)
01-01 08:00:28.518 608 608 I sscrpcd : vendor/qcom/proprietary/adsprpc/src/fastrpc_apps_user.c:3087: fastrpc_apps_user_init done with default domain:2 and &fastrpc_trace:0x7c0fd09fa0
01-01 08:00:28.518 608 608 E sscrpcd : vendor/qcom/proprietary/sensors-see/sscrpcd/src/sscrpcd.cpp:94:adsp_default_listener_start called for [sensorspd]
01-01 08:00:28.518 608 608 I sscrpcd : vendor/qcom/proprietary/adsprpc/src/fastrpc_pm.c:85: fastrpc_wake_lock_init done for sscrpcd:608
01-01 08:00:28.518 608 608 I sscrpcd : vendor/qcom/proprietary/adsprpc/src/fastrpc_apps_user.c:1733: wakelock_control: enabled wakelock control for domain 2
01-01 08:00:28.518 608 608 E sscrpcd : vendor/qcom/proprietary/sensors-see/sscrpcd/src/sscrpcd.cpp:65:fastrpc wakelock control is enabled
01-01 08:00:28.518 608 608 I sscrpcd : vendor/qcom/proprietary/adsprpc/src/fastrpc_apps_user.c:1345: remote_handle_open: Successfully opened handle 0x0 for '":;./\createstaticpd:sensorspd on domain 2
01-01 08:00:28.518 608 608 E sscrpcd : vendor/qcom/proprietary/adsprpc/src/fastrpc_apps_user.c:2870: Error 0x200: apps_dev_init failed for domain 2, errno Transport endpoint is not connected
01-01 08:00:28.518 608 608 E sscrpcd : vendor/qcom/proprietary/adsprpc/src/fastrpc_apps_user.c:2968: Error 0x200: open_dev (-1) failed for domain 2 (errno Transport endpoint is not connected)
01-01 08:00:28.518 608 608 E sscrpcd : vendor/qcom/proprietary/adsprpc/src/fastrpc_apps_user.c:1348: Error 0x200: remote_handle_open failed for adsp_default_listener (errno Success)
01-01 08:00:28.518 608 608 E sscrpcd : vendor/qcom/proprietary/sensors-see/sscrpcd/src/sscrpcd.cpp:98:listener exits
01-01 08:00:28.518 608 608 I sscrpcd : vendor/qcom/proprietary/adsprpc/src/rpcmem_android.c:192: rpcmem_deinit_internal: closed ION fd 4
01-01 08:00:28.518 608 608 I sscrpcd : vendor/qcom/proprietary/adsprpc/src/fastrpc_pm.c:116: fastrpc_wake_lock_deinit done
01-01 08:00:28.518 608 608 I sscrpcd : vendor/qcom/proprietary/adsprpc/src/fastrpc_apps_user.c:3019: fastrpc_apps_user_deinit done
01-01 08:00:28.519 608 608 E sscrpcd : vendor/qcom/proprietary/sensors-see/sscrpcd/src/sscrpcd.cpp:109:sscrpcd daemon will restart after 25ms...
01-01 08:00:29.039 0 0 I init : Sending signal 9 to service 'bpfloader' (pid 671) process group...
01-01 08:00:22.459 594 594 I auditd : type=1400 audit(0.0:333): avc: denied { open } for comm="spdaemon" path="/dev/__properties__/u:object_r:ctl_adbd_prop:s0" dev="tmpfs" ino=2291 scontext=u:r:vendor_spdaemon:s0 tcontext=u:object_r:ctl_adbd_prop:s0 tclass=file permissive=1
01-01 08:00:22.459 594 594 I spdaemon: type=1400 audit(0.0:333): avc: denied { open } for path="/dev/__properties__/u:object_r:ctl_adbd_prop:s0" dev="tmpfs" ino=2291 scontext=u:r:vendor_spdaemon:s0 tcontext=u:object_r:ctl_adbd_prop:s0 tclass=file permissive=1
01-01 08:00:29.039 0 0 I libprocessgroup: Successfully killed process cgroup uid 0 pid 671 in 0ms
01-01 08:00:28.544 608 608 I sscrpcd : vendor/qcom/proprietary/adsprpc/src/rpcmem_android.c:159: rpcmem_init_internal: opened ION device fd 4, configured heap IDs: system (0x2000000), contig (0x400000), secure (0x200), secure flags (0x80080000)
01-01 08:00:28.544 608 608 I sscrpcd : vendor/qcom/proprietary/adsprpc/src/fastrpc_apps_user.c:3087: fastrpc_apps_user_init done with default domain:2 and &fastrpc_trace:0x7c0fc6dfa0
01-01 08:00:28.544 608 608 E sscrpcd : vendor/qcom/proprietary/sensors-see/sscrpcd/src/sscrpcd.cpp:94:adsp_default_listener_start called for [sensorspd]
01-01 08:00:28.544 608 608 I sscrpcd : vendor/qcom/proprietary/adsprpc/src/fastrpc_pm.c:85: fastrpc_wake_lock_init done for sscrpcd:608
01-01 08:00:28.544 608 608 I sscrpcd : vendor/qcom/proprietary/adsprpc/src/fastrpc_apps_user.c:1733: wakelock_control: enabled wakelock control for domain 2
01-01 08:00:28.544 608 608 E sscrpcd : vendor/qcom/proprietary/sensors-see/sscrpcd/src/sscrpcd.cpp:65:fastrpc wakelock control is enabled
01-01 08:00:28.544 608 608 I sscrpcd : vendor/qcom/proprietary/adsprpc/src/fastrpc_apps_user.c:1345: remote_handle_open: Successfully opened handle 0x0 for '":;./\createstaticpd:sensorspd on domain 2
01-01 08:00:28.544 608 608 E sscrpcd : vendor/qcom/proprietary/adsprpc/src/fastrpc_apps_user.c:2870: Error 0x200: apps_dev_init failed for domain 2, errno Transport endpoint is not connected
01-01 08:00:28.544 608 608 E sscrpcd : vendor/qcom/proprietary/adsprpc/src/fastrpc_apps_user.c:2968: Error 0x200: open_dev (-1) failed for domain 2 (errno Transport endpoint is not connected)
01-01 08:00:28.544 608 608 E sscrpcd : vendor/qcom/proprietary/adsprpc/src/fastrpc_apps_user.c:1348: Error 0x200: remote_handle_open failed for adsp_default_listener (errno Success)
01-01 08:00:28.544 608 608 E sscrpcd : vendor/qcom/proprietary/sensors-see/sscrpcd/src/sscrpcd.cpp:98:listener exits
01-01 08:00:28.544 608 608 I sscrpcd : vendor/qcom/proprietary/adsprpc/src/rpcmem_android.c:192: rpcmem_deinit_internal: closed ION fd 4
01-01 08:00:28.544 608 608 I sscrpcd : vendor/qcom/proprietary/adsprpc/src/fastrpc_pm.c:116: fastrpc_wake_lock_deinit done
01-01 08:00:28.544 608 608 I sscrpcd : vendor/qcom/proprietary/adsprpc/src/fastrpc_apps_user.c:3019: fastrpc_apps_user_deinit done
01-01 08:00:28.544 608 608 E sscrpcd : vendor/qcom/proprietary/sensors-see/sscrpcd/src/sscrpcd.cpp:109:sscrpcd daemon will restart after 25ms...
01-01 08:00:22.459 594 594 I auditd : type=1400 audit(0.0:334): avc: denied { getattr } for comm="spdaemon" path="/dev/__properties__/u:object_r:ctl_adbd_prop:s0" dev="tmpfs" ino=2291 scontext=u:r:vendor_spdaemon:s0 tcontext=u:object_r:ctl_adbd_prop:s0 tclass=file permissive=1
01-01 08:00:22.459 594 594 I spdaemon: type=1400 audit(0.0:334): avc: denied { getattr } for path="/dev/__properties__/u:object_r:ctl_adbd_prop:s0" dev="tmpfs" ino=2291 scontext=u:r:vendor_spdaemon:s0 tcontext=u:object_r:ctl_adbd_prop:s0 tclass=file permissive=1
01-01 08:00:28.570 608 608 I sscrpcd : vendor/qcom/proprietary/adsprpc/src/rpcmem_android.c:159: rpcmem_init_internal: opened ION device fd 4, configured heap IDs: system (0x2000000), contig (0x400000), secure (0x200), secure flags (0x80080000)
01-01 08:00:28.570 608 608 I sscrpcd : vendor/qcom/proprietary/adsprpc/src/fastrpc_apps_user.c:3087: fastrpc_apps_user_init done with default domain:2 and &fastrpc_trace:0x7c0fc55fa0
01-01 08:00:28.570 608 608 E sscrpcd : vendor/qcom/proprietary/sensors-see/sscrpcd/src/sscrpcd.cpp:94:adsp_default_listener_start called for [sensorspd]
01-01 08:00:28.570 608 608 I sscrpcd : vendor/qcom/proprietary/adsprpc/src/fastrpc_pm.c:85: fastrpc_wake_lock_init done for sscrpcd:608
01-01 08:00:28.570 608 608 I sscrpcd : vendor/qcom/proprietary/adsprpc/src/fastrpc_apps_user.c:1733: wakelock_control: enabled wakelock control for domain 2
01-01 08:00:28.570 608 608 E sscrpcd : vendor/qcom/proprietary/sensors-see/sscrpcd/src/sscrpcd.cpp:65:fastrpc wakelock control is enabled
01-01 08:00:28.570 608 608 I sscrpcd : vendor/qcom/proprietary/adsprpc/src/fastrpc_apps_user.c:1345: remote_handle_open: Successfully opened handle 0x0 for '":;./\createstaticpd:sensorspd on domain 2
01-01 08:00:28.570 608 608 E sscrpcd : vendor/qcom/proprietary/adsprpc/src/fastrpc_apps_user.c:2870: Error 0x200: apps_dev_init failed for domain 2, errno Transport endpoint is not connected
01-01 08:00:28.570 608 608 E sscrpcd : vendor/qcom/proprietary/adsprpc/src/fastrpc_apps_user.c:2968: Error 0x200: open_dev (-1) failed for domain 2 (errno Transport endpoint is not connected)
01-01 08:00:28.570 608 608 E sscrpcd : vendor/qcom/proprietary/adsprpc/src/fastrpc_apps_user.c:1348: Error 0x200: remote_handle_open failed for adsp_default_listener (errno Success)
01-01 08:00:28.570 608 608 E sscrpcd : vendor/qcom/proprietary/sensors-see/sscrpcd/src/sscrpcd.cpp:98:listener exits
01-01 08:00:28.570 608 608 I sscrpcd : vendor/qcom/proprietary/adsprpc/src/rpcmem_android.c:192: rpcmem_deinit_internal: closed ION fd 4
01-01 08:00:28.570 608 608 I sscrpcd : vendor/qcom/proprietary/adsprpc/src/fastrpc_pm.c:116: fastrpc_wake_lock_deinit done
01-01 08:00:28.570 608 608 I sscrpcd : vendor/qcom/proprietary/adsprpc/src/fastrpc_apps_user.c:3019: fastrpc_apps_user_deinit done
01-01 08:00:28.570 608 608 E sscrpcd : vendor/qcom/proprietary/sensors-see/sscrpcd/src/sscrpcd.cpp:109:sscrpcd daemon will restart after 25ms...
01-01 08:00:29.075 0 0 I init : processing action (ro.crypto.state=encrypted && ro.crypto.type=file && zygote-start) from (/system/etc/init/hw/init.rc:997)
01-01 08:00:29.108 0 0 I init : start_waiting_for_property("odsign.verification.done", "1"): already set
01-01 08:00:28.596 608 608 I sscrpcd : vendor/qcom/proprietary/adsprpc/src/rpcmem_android.c:159: rpcmem_init_internal: opened ION device fd 4, configured heap IDs: system (0x2000000), contig (0x400000), secure (0x200), secure flags (0x80080000)
01-01 08:00:28.596 608 608 I sscrpcd : vendor/qcom/proprietary/adsprpc/src/fastrpc_apps_user.c:3087: fastrpc_apps_user_init done with default domain:2 and &fastrpc_trace:0x7c0fd29fa0
01-01 08:00:28.596 608 608 E sscrpcd : vendor/qcom/proprietary/sensors-see/sscrpcd/src/sscrpcd.cpp:94:adsp_default_listener_start called for [sensorspd]
01-01 08:00:28.596 608 608 I sscrpcd : vendor/qcom/proprietary/adsprpc/src/fastrpc_pm.c:85: fastrpc_wake_lock_init done for sscrpcd:608
01-01 08:00:28.596 608 608 I sscrpcd : vendor/qcom/proprietary/adsprpc/src/fastrpc_apps_user.c:1733: wakelock_control: enabled wakelock control for domain 2
01-01 08:00:28.596 608 608 E sscrpcd : vendor/qcom/proprietary/sensors-see/sscrpcd/src/sscrpcd.cpp:65:fastrpc wakelock control is enabled
01-01 08:00:28.596 608 608 I sscrpcd : vendor/qcom/proprietary/adsprpc/src/fastrpc_apps_user.c:1345: remote_handle_open: Successfully opened handle 0x0 for '":;./\createstaticpd:sensorspd on domain 2
01-01 08:00:28.596 608 608 E sscrpcd : vendor/qcom/proprietary/adsprpc/src/fastrpc_apps_user.c:2870: Error 0x200: apps_dev_init failed for domain 2, errno Transport endpoint is not connected
01-01 08:00:28.596 608 608 E sscrpcd : vendor/qcom/proprietary/adsprpc/src/fastrpc_apps_user.c:2968: Error 0x200: open_dev (-1) failed for domain 2 (errno Transport endpoint is not connected)
01-01 08:00:28.596 608 608 E sscrpcd : vendor/qcom/proprietary/adsprpc/src/fastrpc_apps_user.c:1348: Error 0x200: remote_handle_open failed for adsp_default_listener (errno Success)
01-01 08:00:28.596 608 608 E sscrpcd : vendor/qcom/proprietary/sensors-see/sscrpcd/src/sscrpcd.cpp:98:listener exits
01-01 08:00:28.596 608 608 I sscrpcd : vendor/qcom/proprietary/adsprpc/src/rpcmem_android.c:192: rpcmem_deinit_internal: closed ION fd 4
01-01 08:00:28.596 608 608 I sscrpcd : vendor/qcom/proprietary/adsprpc/src/fastrpc_pm.c:116: fastrpc_wake_lock_deinit done
01-01 08:00:28.596 608 608 I sscrpcd : vendor/qcom/proprietary/adsprpc/src/fastrpc_apps_user.c:3019: fastrpc_apps_user_deinit done
01-01 08:00:28.596 608 608 E sscrpcd : vendor/qcom/proprietary/sensors-see/sscrpcd/src/sscrpcd.cpp:109:sscrpcd daemon will restart after 25ms...
01-01 08:00:29.108 0 0 I init : starting service 'update_verifier_nonencrypted'...
01-01 08:00:22.459 594 594 I auditd : type=1400 audit(0.0:335): avc: denied { map } for comm="spdaemon" path="/dev/__properties__/u:object_r:ctl_adbd_prop:s0" dev="tmpfs" ino=2291 scontext=u:r:vendor_spdaemon:s0 tcontext=u:object_r:ctl_adbd_prop:s0 tclass=file permissive=1
01-01 08:00:22.459 594 594 I spdaemon: type=1400 audit(0.0:335): avc: denied { map } for path="/dev/__properties__/u:object_r:ctl_adbd_prop:s0" dev="tmpfs" ino=2291 scontext=u:r:vendor_spdaemon:s0 tcontext=u:object_r:ctl_adbd_prop:s0 tclass=file permissive=1
01-01 08:00:28.621 608 608 I sscrpcd : vendor/qcom/proprietary/adsprpc/src/rpcmem_android.c:159: rpcmem_init_internal: opened ION device fd 4, configured heap IDs: system (0x2000000), contig (0x400000), secure (0x200), secure flags (0x80080000)
01-01 08:00:28.621 608 608 I sscrpcd : vendor/qcom/proprietary/adsprpc/src/fastrpc_apps_user.c:3087: fastrpc_apps_user_init done with default domain:2 and &fastrpc_trace:0x7c0fd35fa0
01-01 08:00:28.621 608 608 E sscrpcd : vendor/qcom/proprietary/sensors-see/sscrpcd/src/sscrpcd.cpp:94:adsp_default_listener_start called for [sensorspd]
01-01 08:00:28.621 608 608 I sscrpcd : vendor/qcom/proprietary/adsprpc/src/fastrpc_pm.c:85: fastrpc_wake_lock_init done for sscrpcd:608
01-01 08:00:28.621 608 608 I sscrpcd : vendor/qcom/proprietary/adsprpc/src/fastrpc_apps_user.c:1733: wakelock_control: enabled wakelock control for domain 2
01-01 08:00:28.621 608 608 E sscrpcd : vendor/qcom/proprietary/sensors-see/sscrpcd/src/sscrpcd.cpp:65:fastrpc wakelock control is enabled
01-01 08:00:28.621 608 608 I sscrpcd : vendor/qcom/proprietary/adsprpc/src/fastrpc_apps_user.c:1345: remote_handle_open: Successfully opened handle 0x0 for '":;./\createstaticpd:sensorspd on domain 2
01-01 08:00:28.621 608 608 E sscrpcd : vendor/qcom/proprietary/adsprpc/src/fastrpc_apps_user.c:2870: Error 0x200: apps_dev_init failed for domain 2, errno Transport endpoint is not connected
01-01 08:00:28.621 608 608 E sscrpcd : vendor/qcom/proprietary/adsprpc/src/fastrpc_apps_user.c:2968: Error 0x200: open_dev (-1) failed for domain 2 (errno Transport endpoint is not connected)
01-01 08:00:28.621 608 608 E sscrpcd : vendor/qcom/proprietary/adsprpc/src/fastrpc_apps_user.c:1348: Error 0x200: remote_handle_open failed for adsp_default_listener (errno Success)
01-01 08:00:28.621 608 608 E sscrpcd : vendor/qcom/proprietary/sensors-see/sscrpcd/src/sscrpcd.cpp:98:listener exits
01-01 08:00:28.621 608 608 I sscrpcd : vendor/qcom/proprietary/adsprpc/src/rpcmem_android.c:192: rpcmem_deinit_internal: closed ION fd 4
01-01 08:00:28.621 608 608 I sscrpcd : vendor/qcom/proprietary/adsprpc/src/fastrpc_pm.c:116: fastrpc_wake_lock_deinit done
01-01 08:00:28.621 608 608 I sscrpcd : vendor/qcom/proprietary/adsprpc/src/fastrpc_apps_user.c:3019: fastrpc_apps_user_deinit done
01-01 08:00:28.622 608 608 E sscrpcd : vendor/qcom/proprietary/sensors-see/sscrpcd/src/sscrpcd.cpp:109:sscrpcd daemon will restart after 25ms...
01-01 08:00:29.142 0 0 I init : SVC_EXEC service 'update_verifier_nonencrypted' pid 672 (uid 0 gid 2001+1 context default) started; waiting...
01-01 08:00:29.150 0 0 I update_verifier: Started with arg 1: nonencrypted
01-01 08:00:29.150 0 0 I binder : 672:672 ioctl 40046210 7fe650fff4 returned -22
01-01 08:00:29.150 0 0 D hw-ProcessState: Binder ioctl to enable oneway spam detection failed: Invalid argument
01-01 08:00:29.150 0 0 I update_verifier: Booting slot 0: isSlotMarkedSuccessful=1
01-01 08:00:29.150 0 0 I update_verifier: Leaving update_verifier.
01-01 08:00:28.647 608 608 I sscrpcd : vendor/qcom/proprietary/adsprpc/src/rpcmem_android.c:159: rpcmem_init_internal: opened ION device fd 4, configured heap IDs: system (0x2000000), contig (0x400000), secure (0x200), secure flags (0x80080000)
01-01 08:00:28.647 608 608 I sscrpcd : vendor/qcom/proprietary/adsprpc/src/fastrpc_apps_user.c:3087: fastrpc_apps_user_init done with default domain:2 and &fastrpc_trace:0x7c0fd30fa0
01-01 08:00:28.647 608 608 E sscrpcd : vendor/qcom/proprietary/sensors-see/sscrpcd/src/sscrpcd.cpp:94:adsp_default_listener_start called for [sensorspd]
01-01 08:00:28.647 608 608 I sscrpcd : vendor/qcom/proprietary/adsprpc/src/fastrpc_pm.c:85: fastrpc_wake_lock_init done for sscrpcd:608
01-01 08:00:28.647 608 608 I sscrpcd : vendor/qcom/proprietary/adsprpc/src/fastrpc_apps_user.c:1733: wakelock_control: enabled wakelock control for domain 2
01-01 08:00:28.647 608 608 E sscrpcd : vendor/qcom/proprietary/sensors-see/sscrpcd/src/sscrpcd.cpp:65:fastrpc wakelock control is enabled
01-01 08:00:28.647 608 608 I sscrpcd : vendor/qcom/proprietary/adsprpc/src/fastrpc_apps_user.c:1345: remote_handle_open: Successfully opened handle 0x0 for '":;./\createstaticpd:sensorspd on domain 2
01-01 08:00:28.647 608 608 E sscrpcd : vendor/qcom/proprietary/adsprpc/src/fastrpc_apps_user.c:2870: Error 0x200: apps_dev_init failed for domain 2, errno Transport endpoint is not connected
01-01 08:00:28.647 608 608 E sscrpcd : vendor/qcom/proprietary/adsprpc/src/fastrpc_apps_user.c:2968: Error 0x200: open_dev (-1) failed for domain 2 (errno Transport endpoint is not connected)
01-01 08:00:28.647 608 608 E sscrpcd : vendor/qcom/proprietary/adsprpc/src/fastrpc_apps_user.c:1348: Error 0x200: remote_handle_open failed for adsp_default_listener (errno Success)
01-01 08:00:28.647 608 608 E sscrpcd : vendor/qcom/proprietary/sensors-see/sscrpcd/src/sscrpcd.cpp:98:listener exits
01-01 08:00:28.647 608 608 I sscrpcd : vendor/qcom/proprietary/adsprpc/src/rpcmem_android.c:192: rpcmem_deinit_internal: closed ION fd 4
01-01 08:00:28.647 608 608 I sscrpcd : vendor/qcom/proprietary/adsprpc/src/fastrpc_pm.c:116: fastrpc_wake_lock_deinit done
01-01 08:00:28.647 608 608 I sscrpcd : vendor/qcom/proprietary/adsprpc/src/fastrpc_apps_user.c:3019: fastrpc_apps_user_deinit done
01-01 08:00:28.647 608 608 E sscrpcd : vendor/qcom/proprietary/sensors-see/sscrpcd/src/sscrpcd.cpp:109:sscrpcd daemon will restart after 25ms...
01-01 08:00:22.459 594 594 I auditd : type=1400 audit(0.0:336): avc: denied { open } for comm="spdaemon" path="/dev/__properties__/u:object_r:ctl_apexd_prop:s0" dev="tmpfs" ino=2292 scontext=u:r:vendor_spdaemon:s0 tcontext=u:object_r:ctl_apexd_prop:s0 tclass=file permissive=1
01-01 08:00:22.459 594 594 I spdaemon: type=1400 audit(0.0:336): avc: denied { open } for path="/dev/__properties__/u:object_r:ctl_apexd_prop:s0" dev="tmpfs" ino=2292 scontext=u:r:vendor_spdaemon:s0 tcontext=u:object_r:ctl_apexd_prop:s0 tclass=file permissive=1
01-01 08:00:22.459 594 594 I auditd : type=1400 audit(0.0:337): avc: denied { getattr } for comm="spdaemon" path="/dev/__properties__/u:object_r:ctl_apexd_prop:s0" dev="tmpfs" ino=2292 scontext=u:r:vendor_spdaemon:s0 tcontext=u:object_r:ctl_apexd_prop:s0 tclass=file permissive=1
01-01 08:00:22.459 594 594 I spdaemon: type=1400 audit(0.0:337): avc: denied { getattr } for path="/dev/__properties__/u:object_r:ctl_apexd_prop:s0" dev="tmpfs" ino=2292 scontext=u:r:vendor_spdaemon:s0 tcontext=u:object_r:ctl_apexd_prop:s0 tclass=file permissive=1
01-01 08:00:29.170 0 0 I init : Command 'exec_start update_verifier_nonencrypted' action=ro.crypto.state=encrypted && ro.crypto.type=file && zygote-start (/system/etc/init/hw/init.rc:1000) took 62ms and succeeded
01-01 08:00:28.673 608 608 I sscrpcd : vendor/qcom/proprietary/adsprpc/src/rpcmem_android.c:159: rpcmem_init_internal: opened ION device fd 4, configured heap IDs: system (0x2000000), contig (0x400000), secure (0x200), secure flags (0x80080000)
01-01 08:00:28.673 608 608 I sscrpcd : vendor/qcom/proprietary/adsprpc/src/fastrpc_apps_user.c:3087: fastrpc_apps_user_init done with default domain:2 and &fastrpc_trace:0x7c0fcccfa0
01-01 08:00:28.673 608 608 E sscrpcd : vendor/qcom/proprietary/sensors-see/sscrpcd/src/sscrpcd.cpp:94:adsp_default_listener_start called for [sensorspd]
01-01 08:00:28.673 608 608 I sscrpcd : vendor/qcom/proprietary/adsprpc/src/fastrpc_pm.c:85: fastrpc_wake_lock_init done for sscrpcd:608
01-01 08:00:28.673 608 608 I sscrpcd : vendor/qcom/proprietary/adsprpc/src/fastrpc_apps_user.c:1733: wakelock_control: enabled wakelock control for domain 2
01-01 08:00:28.673 608 608 E sscrpcd : vendor/qcom/proprietary/sensors-see/sscrpcd/src/sscrpcd.cpp:65:fastrpc wakelock control is enabled
01-01 08:00:28.673 608 608 I sscrpcd : vendor/qcom/proprietary/adsprpc/src/fastrpc_apps_user.c:1345: remote_handle_open: Successfully opened handle 0x0 for '":;./\createstaticpd:sensorspd on domain 2
01-01 08:00:28.673 608 608 E sscrpcd : vendor/qcom/proprietary/adsprpc/src/fastrpc_apps_user.c:2870: Error 0x200: apps_dev_init failed for domain 2, errno Transport endpoint is not connected
01-01 08:00:28.673 608 608 E sscrpcd : vendor/qcom/proprietary/adsprpc/src/fastrpc_apps_user.c:2968: Error 0x200: open_dev (-1) failed for domain 2 (errno Transport endpoint is not connected)
01-01 08:00:28.673 608 608 E sscrpcd : vendor/qcom/proprietary/adsprpc/src/fastrpc_apps_user.c:1348: Error 0x200: remote_handle_open failed for adsp_default_listener (errno Success)
01-01 08:00:28.673 608 608 E sscrpcd : vendor/qcom/proprietary/sensors-see/sscrpcd/src/sscrpcd.cpp:98:listener exits
01-01 08:00:28.673 608 608 I sscrpcd : vendor/qcom/proprietary/adsprpc/src/rpcmem_android.c:192: rpcmem_deinit_internal: closed ION fd 4
01-01 08:00:28.673 608 608 I sscrpcd : vendor/qcom/proprietary/adsprpc/src/fastrpc_pm.c:116: fastrpc_wake_lock_deinit done
01-01 08:00:28.673 608 608 I sscrpcd : vendor/qcom/proprietary/adsprpc/src/fastrpc_apps_user.c:3019: fastrpc_apps_user_deinit done
01-01 08:00:28.673 608 608 E sscrpcd : vendor/qcom/proprietary/sensors-see/sscrpcd/src/sscrpcd.cpp:109:sscrpcd daemon will restart after 25ms...
01-01 08:00:29.199 0 0 I init : Service 'update_verifier_nonencrypted' (pid 672) exited with status 0 waiting took 0.057000 seconds
