01-01 08:53:39.968 0 0 I [drm:dsi_display_set_mode] [msm-dsi-info]: mdp_transfer_time_us=0 us
01-01 08:53:39.968 0 0 I [drm:dsi_display_set_mode] [msm-dsi-info]: hactive= 2560,vactive= 1080,fps=60
01-01 08:53:39.968 0 0 I : [MAX975X:max96755x_drm_notifier_callback] *INFO* receives BLANK:UNBLANK
01-01 08:53:39.969 0 0 I atmel_mxt_ts 0-004a: FB event:1,blank:0
01-01 08:53:39.969 0 0 I atmel_mxt_ts 0-004a: drm_notifier_callback: UNBLANK! Resume by drm notifier.
03-11 01:46:38.949 1530 1607 I DisplayDeviceRepository: Display device changed: DisplayDeviceInfo{"内置屏幕": uniqueId="local:4630946816427681409", 2560 x 1080, modeId 1, defaultModeId 1, supportedModes [{id=1, width=2560, height=1080, fps=60.000004, alternativeRefreshRates=[30.000002, 45.0]}, {id=2, width=2560, height=1080, fps=45.0, alternativeRefreshRates=[30.000002, 60.000004]}, {id=3, width=2560, height=1080, fps=30.000002, alternativeRefreshRates=[45.0, 60.000004]}], colorMode 0, supportedColorModes [0], hdrCapabilities HdrCapabilities{mSupportedHdrTypes=[2, 3, 4], mMaxLuminance=500.0, mMaxAverageLuminance=500.0, mMinLuminance=0.0}, allmSupported false, gameContentTypeSupported false, density 240, 320.315 x 318.976 dpi, appVsyncOff 1000000, presDeadline 16666666, touch INTERNAL, rotation 0, type INTERNAL, address {port=129, model=0x40446d97fee5e6}, deviceProductInfo DeviceProductInfo{name=, manufacturerPnpId=QCM, productId=1, modelYear=null, manufactureDate=ManufactureDate{week=27, year=2006}, connectionToSinkType=0}, state ON, frameRateOverride , brightnessMinimum 0.0, brightnessMaximum 1.0, brightnessDefault 1.0, FLAG_DEFAULT_DISPLAY, FLAG_ROTATES_WITH_CONTENT, FLAG_SECURE, FLAG_SUPPORTS_PROTECTED_BUFFERS}
03-11 01:46:39.473 1530 1789 I ActivityTaskManager: FOREGROUND_APPLICATION_CHANGED to com.android.settings.homepage.SettingsHomepageActivity
03-11 01:46:39.577 1530 1789 W FreeFormWindowHelper: Current Display FreeFormTask is null
03-11 01:46:39.820 1530 7363 W FreeFormWindowHelper: exitRecentTasks type=0
01-01 08:53:42.840 0 0 E DTC_ETH,link_delay_work_func: 3003, SQI=0, link=0
03-11 01:46:42.476 1530 2750 E TaskPersister: File error accessing recents directory (directory doesn't exist?).
01-01 08:53:47.961 0 0 E DTC_ETH,link_delay_work_func: 3003, SQI=0, link=0
03-11 01:46:48.277 1530 1607 I ActivityManager: Killing 14707:com.tencent.tmgp.sgame/u0a93 (adj 700): remove task
03-11 01:46:48.278 1530 5296 I ActivityManager: Killing 14743:com.tencent.tmgp.sgame:xg_vip_service/u0a93 (adj 500): remove task
03-11 01:46:48.279 1530 2750 E TaskPersister: File error accessing recents directory (directory doesn't exist?).
03-11 01:46:48.279 1530 1614 I DropBoxManagerService: add tag=system_server_wtf isTagEnabled=true flags=0x2
03-11 01:46:48.281 1530 1614 I DropBoxManagerService: add tag=system_server_wtf isTagEnabled=true flags=0x2
03-11 01:46:48.281 1530 7363 W FreeFormWindowHelper: Current Display FreeFormTask is null
03-11 01:46:48.289 1530 7363 W ActivityManager: Scheduling restart of crashed service com.tencent.tmgp.sgame/com.tencent.android.tpush.service.XGVipPushService in 1000ms for connection
03-11 01:46:48.376 1530 7363 W FreeFormWindowHelper: Current Display FreeFormTask is null
01-01 08:53:49.462 0 0 I binder : undelivered TRANSACTION_COMPLETE
01-01 08:53:49.462 0 0 I binder : undelivered transaction 890148, process died.
03-11 01:46:48.420 1530 1613 W UsageStatsService: Unexpected activity event reported! (com.tencent.tmgp.sgame/com.tencent.tmgp.sgame.SGameActivity event : 23 instanceId : 175940157)
03-11 01:46:48.422 1530 1563 W WindowManager: Failed looking up window session=Session{ce86987 14707:u0a10093} callers=com.android.server.wm.WindowManagerService.windowForClientLocked:5628 com.android.server.wm.WindowState$DeathRecipient.binderDied:3067 android.os.IBinder$DeathRecipient.binderDied:314
03-11 01:46:48.422 1530 1563 I WindowManager: WIN DEATH: null
03-11 01:46:48.422 1530 1607 W ActivityManager: setHasOverlayUi called on unknown pid: 14707
03-11 01:46:48.423 1530 1608 W ActivityTaskManager: Can't find TaskDisplayArea to determine support for multi window. Task id=38 attached=false
03-11 01:46:48.423 1530 1608 W ActivityTaskManager: Can't find TaskDisplayArea to determine support for multi window. Task id=38 attached=false
03-11 01:46:49.235 1530 2109 W FreeFormWindowHelper: Current Display FreeFormTask is null
03-11 01:46:49.236 1530 2109 W FreeFormWindowHelper: Current Display FreeFormTask is null
03-11 01:46:49.257 1530 13170 W FreeFormWindowHelper: Current Display FreeFormTask is null
03-11 01:46:49.257 1530 13170 W FreeFormWindowHelper: Current Display FreeFormTask is null
03-11 01:46:49.258 1530 1563 W FreeFormWindowHelper: Current Display FreeFormTask is null
03-11 01:46:49.266 1530 13170 W ActivityTaskManager: getTaskSnapshot: taskId=-500 not found
03-11 01:46:49.268 1530 1563 W ActivityTaskManager: getTaskSnapshot: taskId=-500 not found
03-11 01:46:49.268 1530 1563 W ActivityTaskManager: getTaskSnapshot: taskId=-500 not found
03-11 01:46:49.268 1530 1563 W ActivityTaskManager: getTaskSnapshot: taskId=-500 not found
03-11 01:46:49.268 1530 1563 W FreeFormWindowHelper: Current Display FreeFormTask is null
03-11 01:46:49.268 1530 1563 W FreeFormWindowHelper: Current Display FreeFormTask is null
03-11 01:46:49.272 1530 13170 W FreeFormWindowHelper: Current Display FreeFormTask is null
03-11 01:46:49.272 1530 13170 W FreeFormWindowHelper: Current Display FreeFormTask is null
03-11 01:46:49.308 1530 1563 W FreeFormWindowHelper: Current Display FreeFormTask is null
03-11 01:46:49.308 1530 1563 W FreeFormWindowHelper: Current Display FreeFormTask is null
03-11 01:46:49.309 1530 13170 W FreeFormWindowHelper: Current Display FreeFormTask is null
03-11 01:46:49.310 1530 1563 W FreeFormWindowHelper: Current Display FreeFormTask is null
03-11 01:46:49.311 1530 1563 W ActivityTaskManager: getTaskSnapshot: taskId=-426 not found
03-11 01:46:49.313 1530 1563 W ActivityTaskManager: getTaskSnapshot: taskId=-426 not found
03-11 01:46:49.313 1530 1563 W ActivityTaskManager: getTaskSnapshot: taskId=-426 not found
03-11 01:46:49.313 1530 1563 W ActivityTaskManager: getTaskSnapshot: taskId=-426 not found
03-11 01:46:49.313 1530 1563 W ActivityTaskManager: getTaskSnapshot: taskId=-426 not found
03-11 01:46:49.324 1530 1563 W FreeFormWindowHelper: Current Display FreeFormTask is null
03-11 01:46:49.324 1530 1563 W FreeFormWindowHelper: Current Display FreeFormTask is null
03-11 01:46:49.341 1530 1563 W FreeFormWindowHelper: Current Display FreeFormTask is null
03-11 01:46:49.341 1530 1563 W FreeFormWindowHelper: Current Display FreeFormTask is null
03-11 01:46:49.655 1530 1563 W FreeFormWindowHelper: Current Display FreeFormTask is null
03-11 01:46:49.655 1530 7363 W FreeFormWindowHelper: Current Display FreeFormTask is null
03-11 01:46:49.656 1530 7363 W FreeFormWindowHelper: Current Display FreeFormTask is null
03-11 01:46:50.014 1530 1563 I ActivityTaskManager: FOREGROUND_APPLICATION_CHANGED to com.android.launcher3.uioverrides.QuickstepLauncher
03-11 01:46:50.019 1530 13170 W FreeFormWindowHelper: Current Display FreeFormTask is null
03-11 01:46:50.019 1530 13170 W FreeFormWindowHelper: Current Display FreeFormTask is null
03-11 01:46:50.020 1530 2109 W FreeFormWindowHelper: Current Display FreeFormTask is null
03-11 01:46:50.034 1530 1563 W FreeFormWindowHelper: Current Display FreeFormTask is null
03-11 01:46:50.034 1530 1563 W FreeFormWindowHelper: Current Display FreeFormTask is null
03-11 01:46:50.119 1530 2109 W FreeFormWindowHelper: Current Display FreeFormTask is null
03-11 01:46:50.860 1530 13170 W FreeFormWindowHelper: exitRecentTasks type=0
03-11 01:46:50.876 1530 13170 W FreeFormWindowHelper: Current Display FreeFormTask is null
03-11 01:46:50.876 1530 13170 W FreeFormWindowHelper: Current Display FreeFormTask is null
03-11 01:46:51.422 1530 2750 E TaskPersister: File error accessing recents directory (directory doesn't exist?).
03-11 01:46:51.818 1530 2109 I thunderperf: PlatormCompat.setOverrides: Uid1=10075 Pid1=2553 Uid2=10075 Pid2=2553
03-11 01:46:51.818 1530 2109 I thunderperf: PlatormCompat.setOverrides: needCheck:false
03-11 01:46:51.819 1530 2109 I thunderperf: CompatConfig.addOverrideUnsafe: bef-state=1
03-11 01:46:51.819 1530 2109 I thunderperf: CompatConfig.addOverrideUnsafe: aft-state=0
03-11 01:46:51.819 1530 2109 I thunderperf: CompatConfig.addOverrideUnsafe: bef-state=1
03-11 01:46:51.819 1530 2109 I thunderperf: CompatConfig.addOverrideUnsafe: aft-state=0
03-11 01:46:51.819 1530 2109 I thunderperf: CompatConfig.addOverrideUnsafe: bef-state=1
03-11 01:46:51.819 1530 2109 I thunderperf: CompatConfig.addOverrideUnsafe: aft-state=0
03-11 01:46:51.820 1530 2109 I thunderperf: CompatConfig.addOverrideUnsafe: bef-state=1
03-11 01:46:51.820 1530 2109 I thunderperf: CompatConfig.addOverrideUnsafe: aft-state=0
03-11 01:46:51.820 1530 2109 I thunderperf: CompatConfig.addOverrideUnsafe: bef-state=1
03-11 01:46:51.820 1530 2109 I thunderperf: CompatConfig.addOverrideUnsafe: aft-state=0
03-11 01:46:51.820 1530 2109 I thunderperf: CompatConfig.addOverrideUnsafe: bef-state=1
03-11 01:46:51.820 1530 2109 I thunderperf: CompatConfig.addOverrideUnsafe: aft-state=0
03-11 01:46:51.820 1530 2109 I thunderperf: CompatConfig.addOverrideUnsafe: bef-state=1
03-11 01:46:51.820 1530 2109 I thunderperf: CompatConfig.addOverrideUnsafe: aft-state=0
03-11 01:46:51.820 1530 2109 I thunderperf: CompatConfig.addOverrideUnsafe: bef-state=1
03-11 01:46:51.821 1530 2109 I thunderperf: CompatConfig.addOverrideUnsafe: aft-state=0
03-11 01:46:51.821 1530 2109 I thunderperf: CompatConfig.addOverrideUnsafe: bef-state=1
03-11 01:46:51.821 1530 2109 I thunderperf: CompatConfig.addOverrideUnsafe: aft-state=0
03-11 01:46:51.821 1530 2109 I thunderperf: CompatConfig.addOverrideUnsafe: bef-state=1
03-11 01:46:51.821 1530 2109 I thunderperf: CompatConfig.addOverrideUnsafe: aft-state=0
03-11 01:46:51.821 1530 2109 I thunderperf: CompatConfig.addOverrideUnsafe: bef-state=1
03-11 01:46:51.821 1530 2109 I thunderperf: CompatConfig.addOverrideUnsafe: aft-state=0
03-11 01:46:51.822 1530 2109 I thunderperf: CompatConfig.addOverrideUnsafe: bef-state=1
03-11 01:46:51.822 1530 2109 I thunderperf: CompatConfig.addOverrideUnsafe: aft-state=0
03-11 01:46:51.822 1530 2109 I thunderperf: CompatConfig.addOverrideUnsafe: bef-state=1
03-11 01:46:51.822 1530 2109 I thunderperf: CompatConfig.addOverrideUnsafe: aft-state=0
03-11 01:46:51.822 1530 2109 I thunderperf: CompatConfig.addOverrideUnsafe: bef-state=1
03-11 01:46:51.822 1530 2109 I thunderperf: CompatConfig.addOverrideUnsafe: aft-state=0
03-11 01:46:51.823 1530 2109 I ActivityTaskManager: START u0 {act=android.intent.action.MAIN cat=[android.intent.category.LAUNCHER] flg=0x10200000 cmp=com.tencent.tmgp.sgame/.SGameActivity bnds=[1017,120][1319,402]} from uid 10075
03-11 01:46:51.825 1530 2109 W ActivityTaskManager: Can't find TaskDisplayArea to determine support for multi window. Task id=39 attached=false
03-11 01:46:51.826 1530 2109 D CompatibilityChangeReporter: Compat change id reported: 174042980; UID 10093; state: DISABLED
03-11 01:46:51.826 1530 2109 D CompatibilityChangeReporter: Compat change id reported: 184838306; UID 10093; state: DISABLED
03-11 01:46:51.826 1530 2109 D CompatibilityChangeReporter: Compat change id reported: 185004937; UID 10093; state: DISABLED
03-11 01:46:51.827 1530 2109 D CompatibilityChangeReporter: Compat change id reported: 181136395; UID 10093; state: DISABLED
03-11 01:46:51.827 1530 2109 D CompatibilityChangeReporter: Compat change id reported: 174042936; UID 10093; state: DISABLED
03-11 01:46:51.828 1530 2109 D CompatibilityChangeReporter: Compat change id reported: 168419799; UID 10093; state: DISABLED
03-11 01:46:51.830 1530 13170 W FreeFormWindowHelper: Current Display FreeFormTask is null
03-11 01:46:51.831 1530 2109 I ActivityTaskManager: FOREGROUND_APPLICATION_CHANGED to com.tencent.tmgp.sgame.SGameActivity
03-11 01:46:51.835 1530 1607 D CompatibilityChangeReporter: Compat change id reported: 135634846; UID 10093; state: DISABLED
03-11 01:46:51.835 1530 1607 D CompatibilityChangeReporter: Compat change id reported: 177438394; UID 10093; state: DISABLED
03-11 01:46:51.835 1530 1607 D CompatibilityChangeReporter: Compat change id reported: 135772972; UID 10093; state: DISABLED
03-11 01:46:51.835 1530 1607 D CompatibilityChangeReporter: Compat change id reported: 135754954; UID 10093; state: DISABLED
03-11 01:46:51.835 1530 1615 D CompatibilityChangeReporter: Compat change id reported: 143937733; UID 10093; state: DISABLED
03-11 01:46:51.839 1530 1615 I ActivityManager: Start proc 15196:com.tencent.tmgp.sgame/u0a93 for pre-top-activity {com.tencent.tmgp.sgame/com.tencent.tmgp.sgame.SGameActivity}
03-11 01:46:51.840 1530 15197 W ContextImpl: Calling a method in the system process without a qualified user: android.app.ContextImpl.sendBroadcast:1173 com.qualcomm.qti.Performance$SendGameLaunchBroadcast.run:217 java.lang.Thread.run:920
01-01 08:53:52.891 0 0 I binder : 15196:15196 ioctl 40046210 7ff5e17364 returned -22
03-11 01:46:51.858 2054 3742 W ContextImpl: Calling a method in the system process without a qualified user: android.app.ContextImpl.startService:1816 android.content.ContextWrapper.startService:774 com.thundercomm.gamemode.ingame.services.GameModeActionUtils.startGameModeService:118 com.thundercomm.gamemode.ingame.services.GameModeActionUtils.startGameModeEntry:29 com.thundercomm.gamemode.ingame.services.ActivityMonitoringService$1.onActivityLaunch:140
03-11 01:46:51.863 1530 1530 I GameModeConfig: Current uri is uri = content://com.thundercomm.gamemode.api/gamemode_settings/gamemode_isgaming
03-11 01:46:51.865 1530 1530 I GameModeConfig: isGameModeOn = true
03-11 01:46:51.865 1530 1530 I GameModeConfig: isGaming = true
03-11 01:46:51.865 1530 1530 I GameModeConfig: isDisableNotification = true
03-11 01:46:51.865 1530 1530 I GameModeConfig: isGameModeOn = true
03-11 01:46:51.865 1530 1530 I GameModeConfig: isGaming = true
03-11 01:46:51.865 1530 1530 I GameModeConfig: isDisableNotification = true
01-01 08:53:52.916 0 0 I : [MAX975X:max96755x_drm_notifier_callback] *INFO* receives EARLY_BLANK:UNBLANK
03-11 01:46:51.873 15196 15219 D ActivityThread: Loading provider com.tencent.tmgp.sgame.XG_SETTINGS_PROVIDER: com.tencent.tpns.baseapi.base.SettingsContentProvider
01-01 08:53:52.916 0 0 I atmel_mxt_ts 0-004a: FB event:2,blank:0
01-01 08:53:52.916 0 0 I atmel_mxt_ts 0-004a: suspend: event = 2, blank = 0, not care
01-01 08:53:52.916 0 0 I [drm:dsi_display_set_mode] [msm-dsi-info]: mdp_transfer_time_us=0 us
01-01 08:53:52.916 0 0 I [drm:dsi_display_set_mode] [msm-dsi-info]: hactive= 2560,vactive= 1080,fps=30
01-01 08:53:52.916 0 0 I : [MAX975X:max96755x_drm_notifier_callback] *INFO* receives BLANK:UNBLANK
01-01 08:53:52.920 0 0 W ALERT : changing window size from 16000000 to 8000000 at 2398016016427
03-11 01:46:51.880 1530 2109 D CompatibilityChangeReporter: Compat change id reported: 135634846; UID 10093; state: DISABLED
03-11 01:46:51.880 1530 2109 D CompatibilityChangeReporter: Compat change id reported: 177438394; UID 10093; state: DISABLED
03-11 01:46:51.880 1530 2109 D CompatibilityChangeReporter: Compat change id reported: 135772972; UID 10093; state: DISABLED
03-11 01:46:51.880 1530 2109 D CompatibilityChangeReporter: Compat change id reported: 135754954; UID 10093; state: DISABLED
03-11 01:46:51.880 1530 1615 D CompatibilityChangeReporter: Compat change id reported: 143937733; UID 10093; state: DISABLED
03-11 01:46:51.881 1530 1607 I DisplayDeviceRepository: Display device changed: DisplayDeviceInfo{"内置屏幕": uniqueId="local:4630946816427681409", 2560 x 1080, modeId 3, defaultModeId 1, supportedModes [{id=1, width=2560, height=1080, fps=60.000004, alternativeRefreshRates=[30.000002, 45.0]}, {id=2, width=2560, height=1080, fps=45.0, alternativeRefreshRates=[30.000002, 60.000004]}, {id=3, width=2560, height=1080, fps=30.000002, alternativeRefreshRates=[45.0, 60.000004]}], colorMode 0, supportedColorModes [0], hdrCapabilities HdrCapabilities{mSupportedHdrTypes=[2, 3, 4], mMaxLuminance=500.0, mMaxAverageLuminance=500.0, mMinLuminance=0.0}, allmSupported false, gameContentTypeSupported false, density 240, 320.315 x 318.976 dpi, appVsyncOff 1000000, presDeadline 33333333, touch INTERNAL, rotation 0, type INTERNAL, address {port=129, model=0x40446d97fee5e6}, deviceProductInfo DeviceProductInfo{name=, manufacturerPnpId=QCM, productId=1, modelYear=null, manufactureDate=ManufactureDate{week=27, year=2006}, connectionToSinkType=0}, state ON, frameRateOverride , brightnessMinimum 0.0, brightnessMaximum 1.0, brightnessDefault 1.0, FLAG_DEFAULT_DISPLAY, FLAG_ROTATES_WITH_CONTENT, FLAG_SECURE, FLAG_SUPPORTS_PROTECTED_BUFFERS}
03-11 01:46:51.886 1530 1615 I ActivityManager: Start proc 15228:com.tencent.tmgp.sgame:xg_vip_service/u0a93 for service {com.tencent.tmgp.sgame/com.tencent.android.tpush.service.XGVipPushService}
01-01 08:53:52.943 0 0 I binder : 15228:15228 ioctl 40046210 7ff5e17364 returned -22
01-01 08:53:53.041 0 0 I atmel_mxt_ts 0-004a: FB event:1,blank:0
01-01 08:53:53.041 0 0 I atmel_mxt_ts 0-004a: drm_notifier_callback: UNBLANK! Resume by drm notifier.
01-01 08:53:53.080 0 0 E DTC_ETH,link_delay_work_func: 3003, SQI=0, link=0
03-11 01:46:52.043 1530 2109 W FreeFormWindowHelper: Current Display FreeFormTask is null
01-01 08:53:53.261 0 0 I binder : 15196:15229 ioctl 40046210 799a2d91f4 returned -22
01-01 08:53:53.342 0 0 W audit : audit_lost=1068 audit_rate_limit=5 audit_backlog_limit=64
01-01 08:53:53.342 0 0 E audit : rate limit exceeded
03-11 01:46:52.304 1530 2109 W ActivityManager: Unable to start service Intent { act=com.tencent.tpns.mqttchannel.FEEDBACK pkg=com.tencent.tmgp.sgame } U=0: not found
03-11 01:46:54.831 1530 2750 E TaskPersister: File error accessing recents directory (directory doesn't exist?).
03-11 01:46:56.635 1530 2109 W FreeFormWindowHelper: Current Display FreeFormTask is null
03-11 01:46:56.635 1530 2109 W FreeFormWindowHelper: Current Display FreeFormTask is null
03-11 01:46:56.635 1530 2109 W FreeFormWindowHelper: Current Display FreeFormTask is null
03-11 01:46:56.636 1530 2109 W FreeFormWindowHelper: Current Display FreeFormTask is null
03-11 01:46:56.677 1530 7363 W FreeFormWindowHelper: Current Display FreeFormTask is null
03-11 01:46:56.678 1530 7363 W FreeFormWindowHelper: Current Display FreeFormTask is null
03-11 01:46:56.678 1530 7363 W FreeFormWindowHelper: Current Display FreeFormTask is null
03-11 01:46:56.686 1530 7363 W ActivityTaskManager: getTaskSnapshot: taskId=-100 not found
03-11 01:46:56.687 1530 7363 W ActivityTaskManager: getTaskSnapshot: taskId=-99 not found
03-11 01:46:56.688 1530 7363 W ActivityTaskManager: getTaskSnapshot: taskId=-99 not found
03-11 01:46:56.688 1530 7363 W ActivityTaskManager: getTaskSnapshot: taskId=-99 not found
03-11 01:46:56.712 1530 7363 W FreeFormWindowHelper: Current Display FreeFormTask is null
03-11 01:46:56.712 1530 2109 W FreeFormWindowHelper: Current Display FreeFormTask is null
03-11 01:46:56.713 1530 7363 W ActivityTaskManager: getTaskSnapshot: taskId=-100 not found
03-11 01:46:56.713 1530 7363 W ActivityTaskManager: getTaskSnapshot: taskId=-99 not found
03-11 01:46:56.713 1530 7363 W ActivityTaskManager: getTaskSnapshot: taskId=-99 not found
03-11 01:46:56.713 1530 7363 W ActivityTaskManager: getTaskSnapshot: taskId=-99 not found
03-11 01:46:56.742 1530 5296 W FreeFormWindowHelper: Current Display FreeFormTask is null
03-11 01:46:56.743 1530 5296 W FreeFormWindowHelper: Current Display FreeFormTask is null
03-11 01:46:56.843 1530 7363 W FreeFormWindowHelper: Current Display FreeFormTask is null
03-11 01:46:56.844 1530 7363 W FreeFormWindowHelper: Current Display FreeFormTask is null
03-11 01:46:56.844 1530 7363 W FreeFormWindowHelper: Current Display FreeFormTask is null
03-11 01:46:56.845 1530 7363 W FreeFormWindowHelper: Current Display FreeFormTask is null
03-11 01:46:56.845 1530 4506 W ActivityTaskManager: getTaskSnapshot: taskId=-891 not found
03-11 01:46:56.846 1530 4506 W ActivityTaskManager: getTaskSnapshot: taskId=-891 not found
03-11 01:46:56.846 1530 4506 W ActivityTaskManager: getTaskSnapshot: taskId=-891 not found
03-11 01:46:56.847 1530 4506 W ActivityTaskManager: getTaskSnapshot: taskId=-891 not found
03-11 01:46:56.876 1530 4506 W FreeFormWindowHelper: Current Display FreeFormTask is null
03-11 01:46:56.876 1530 4506 W FreeFormWindowHelper: Current Display FreeFormTask is null
03-11 01:46:56.910 1530 7363 W FreeFormWindowHelper: Current Display FreeFormTask is null
03-11 01:46:56.910 1530 7363 W FreeFormWindowHelper: Current Display FreeFormTask is null
01-01 08:53:58.200 0 0 E DTC_ETH,link_delay_work_func: 3003, SQI=0, link=0
03-11 01:46:58.602 1530 7363 W FreeFormWindowHelper: Current Display FreeFormTask is null
03-11 01:46:58.603 1530 4506 W FreeFormWindowHelper: Current Display FreeFormTask is null
03-11 01:46:58.603 1530 7363 W FreeFormWindowHelper: Current Display FreeFormTask is null
03-11 01:46:58.951 1530 7363 I ActivityTaskManager: FOREGROUND_APPLICATION_CHANGED to com.android.launcher3.uioverrides.QuickstepLauncher
03-11 01:46:58.983 1530 6113 W FreeFormWindowHelper: Current Display FreeFormTask is null
03-11 01:46:58.983 1530 4316 W FreeFormWindowHelper: Current Display FreeFormTask is null
03-11 01:46:58.984 1530 2110 W FreeFormWindowHelper: Current Display FreeFormTask is null
03-11 01:46:59.016 1530 7363 W FreeFormWindowHelper: Current Display FreeFormTask is null
03-11 01:46:59.016 1530 4316 W FreeFormWindowHelper: Current Display FreeFormTask is null
03-11 01:46:59.057 1530 6113 W FreeFormWindowHelper: Current Display FreeFormTask is null
03-11 01:46:59.059 2054 3742 W ContextImpl: Calling a method in the system process without a qualified user: android.app.ContextImpl.startService:1816 android.content.ContextWrapper.startService:774 com.thundercomm.gamemode.ingame.services.GameModeActionUtils.startGameModeService:118 com.thundercomm.gamemode.ingame.services.GameModeActionUtils.startGameModeEntry:29 com.thundercomm.gamemode.ingame.services.ActivityMonitoringService$1.onActivityLaunch:140
03-11 01:46:59.062 1530 1530 I GameModeConfig: Current uri is uri = content://com.thundercomm.gamemode.api/gamemode_settings/gamemode_isgaming
03-11 01:46:59.063 1530 1530 I GameModeConfig: isGameModeOn = true
03-11 01:46:59.063 1530 1530 I GameModeConfig: isGaming = false
03-11 01:46:59.064 1530 1530 I GameModeConfig: isGameModeOn = true
03-11 01:46:59.064 1530 1530 I GameModeConfig: isGaming = false
03-11 01:46:59.064 1530 1530 I GameModeConfig: isDisableVoice = true
01-01 08:54:00.112 0 0 W ALERT : changing window size from 8000000 to 16000000 at 2405208017258
01-01 08:54:00.149 0 0 I : [MAX975X:max96755x_drm_notifier_callback] *INFO* receives EARLY_BLANK:UNBLANK
01-01 08:54:00.149 0 0 I atmel_mxt_ts 0-004a: FB event:2,blank:0
01-01 08:54:00.149 0 0 I atmel_mxt_ts 0-004a: suspend: event = 2, blank = 0, not care
01-01 08:54:00.149 0 0 I [drm:dsi_display_set_mode] [msm-dsi-info]: mdp_transfer_time_us=0 us
01-01 08:54:00.149 0 0 I [drm:dsi_display_set_mode] [msm-dsi-info]: hactive= 2560,vactive= 1080,fps=60
01-01 08:54:00.149 0 0 I : [MAX975X:max96755x_drm_notifier_callback] *INFO* receives BLANK:UNBLANK
01-01 08:54:00.149 0 0 I atmel_mxt_ts 0-004a: FB event:1,blank:0
01-01 08:54:00.149 0 0 I atmel_mxt_ts 0-004a: drm_notifier_callback: UNBLANK! Resume by drm notifier.
03-11 01:46:59.131 1530 1607 I DisplayDeviceRepository: Display device changed: DisplayDeviceInfo{"内置屏幕": uniqueId="local:4630946816427681409", 2560 x 1080, modeId 1, defaultModeId 1, supportedModes [{id=1, width=2560, height=1080, fps=60.000004, alternativeRefreshRates=[30.000002, 45.0]}, {id=2, width=2560, height=1080, fps=45.0, alternativeRefreshRates=[30.000002, 60.000004]}, {id=3, width=2560, height=1080, fps=30.000002, alternativeRefreshRates=[45.0, 60.000004]}], colorMode 0, supportedColorModes [0], hdrCapabilities HdrCapabilities{mSupportedHdrTypes=[2, 3, 4], mMaxLuminance=500.0, mMaxAverageLuminance=500.0, mMinLuminance=0.0}, allmSupported false, gameContentTypeSupported false, density 240, 320.315 x 318.976 dpi, appVsyncOff 1000000, presDeadline 16666666, touch INTERNAL, rotation 0, type INTERNAL, address {port=129, model=0x40446d97fee5e6}, deviceProductInfo DeviceProductInfo{name=, manufacturerPnpId=QCM, productId=1, modelYear=null, manufactureDate=ManufactureDate{week=27, year=2006}, connectionToSinkType=0}, state ON, frameRateOverride , brightnessMinimum 0.0, brightnessMaximum 1.0, brightnessDefault 1.0, FLAG_DEFAULT_DISPLAY, FLAG_ROTATES_WITH_CONTENT, FLAG_SECURE, FLAG_SUPPORTS_PROTECTED_BUFFERS}
03-11 01:46:59.963 1530 2109 I ActivityTaskManager: FOREGROUND_APPLICATION_CHANGED to com.android.settings.homepage.SettingsHomepageActivity
03-11 01:47:00.066 1530 4506 W FreeFormWindowHelper: Current Display FreeFormTask is null
03-11 01:47:00.335 1530 4506 W FreeFormWindowHelper: exitRecentTasks type=0
03-11 01:47:02.205 1530 1613 I UsageStatsService: User[0] Flushing usage stats to disk
01-01 08:54:03.320 0 0 E DTC_ETH,link_delay_work_func: 3003, SQI=0, link=0
03-11 01:47:02.966 1530 2750 E TaskPersister: File error accessing recents directory (directory doesn't exist?).
03-11 01:47:03.827 1530 2750 E TaskPersister: File error accessing recents directory (directory doesn't exist?).
03-11 01:47:03.830 1530 1614 I DropBoxManagerService: add tag=system_server_wtf isTagEnabled=true flags=0x2
03-11 01:47:03.831 1530 1614 I DropBoxManagerService: add tag=system_server_wtf isTagEnabled=true flags=0x2
03-11 01:47:03.832 1530 2109 W FreeFormWindowHelper: Current Display FreeFormTask is null
03-11 01:47:03.832 1530 2109 I ActivityManager: Killing 15228:com.tencent.tmgp.sgame:xg_vip_service/u0a93 (adj 500): remove task
03-11 01:47:03.833 1530 2109 I ActivityManager: Killing 15196:com.tencent.tmgp.sgame/u0a93 (adj 700): remove task
03-11 01:47:03.838 1530 6113 W ActivityManager: Scheduling restart of crashed service com.tencent.tmgp.sgame/com.tencent.android.tpush.service.XGVipPushService in 1000ms for connection
03-11 01:47:03.926 1530 2110 W FreeFormWindowHelper: Current Display FreeFormTask is null
03-11 01:47:03.962 1530 2109 I WindowManager: WIN DEATH: Window{4619183 u0 com.tencent.tmgp.sgame/com.tencent.tmgp.sgame.SGameActivity}
03-11 01:47:03.966 1530 1607 W ActivityManager: setHasOverlayUi called on unknown pid: 15196
03-11 01:47:03.966 1530 1613 W UsageStatsService: Unexpected activity event reported! (com.tencent.tmgp.sgame/com.tencent.tmgp.sgame.SGameActivity event : 23 instanceId : 203472355)
03-11 01:47:03.966 1530 1608 W ActivityTaskManager: Can't find TaskDisplayArea to determine support for multi window. Task id=39 attached=false
03-11 01:47:03.966 1530 1608 W ActivityTaskManager: Can't find TaskDisplayArea to determine support for multi window. Task id=39 attached=false
03-11 01:47:04.762 1530 11533 W FreeFormWindowHelper: Current Display FreeFormTask is null
03-11 01:47:04.764 1530 11533 W FreeFormWindowHelper: Current Display FreeFormTask is null
03-11 01:47:04.766 1530 11533 W FreeFormWindowHelper: Current Display FreeFormTask is null
03-11 01:47:04.766 1530 11533 W FreeFormWindowHelper: Current Display FreeFormTask is null
03-11 01:47:04.767 1530 2110 W FreeFormWindowHelper: Current Display FreeFormTask is null
03-11 01:47:04.775 1530 2110 W ActivityTaskManager: getTaskSnapshot: taskId=-972 not found
03-11 01:47:04.776 1530 2110 W ActivityTaskManager: getTaskSnapshot: taskId=-971 not found
03-11 01:47:04.777 1530 2110 W ActivityTaskManager: getTaskSnapshot: taskId=-971 not found
03-11 01:47:04.777 1530 2110 W ActivityTaskManager: getTaskSnapshot: taskId=-971 not found
03-11 01:47:04.781 1530 2110 W FreeFormWindowHelper: Current Display FreeFormTask is null
03-11 01:47:04.781 1530 2110 W FreeFormWindowHelper: Current Display FreeFormTask is null
03-11 01:47:04.795 1530 2110 W FreeFormWindowHelper: Current Display FreeFormTask is null
03-11 01:47:04.795 1530 2110 W FreeFormWindowHelper: Current Display FreeFormTask is null
03-11 01:47:04.939 1530 2109 W FreeFormWindowHelper: Current Display FreeFormTask is null
03-11 01:47:04.939 1530 2109 W FreeFormWindowHelper: Current Display FreeFormTask is null
03-11 01:47:04.940 1530 2109 W FreeFormWindowHelper: Current Display FreeFormTask is null
03-11 01:47:04.941 1530 2109 W FreeFormWindowHelper: Current Display FreeFormTask is null
03-11 01:47:04.941 1530 2109 W ActivityTaskManager: getTaskSnapshot: taskId=-795 not found
03-11 01:47:04.943 1530 4910 W ActivityTaskManager: getTaskSnapshot: taskId=-795 not found
03-11 01:47:04.943 1530 11533 W ActivityTaskManager: getTaskSnapshot: taskId=-795 not found
03-11 01:47:04.943 1530 11533 W ActivityTaskManager: getTaskSnapshot: taskId=-795 not found
03-11 01:47:04.943 1530 11533 W ActivityTaskManager: getTaskSnapshot: taskId=-795 not found
03-11 01:47:04.945 1530 11533 W FreeFormWindowHelper: Current Display FreeFormTask is null
03-11 01:47:04.945 1530 11533 W FreeFormWindowHelper: Current Display FreeFormTask is null
03-11 01:47:04.962 1530 2110 W FreeFormWindowHelper: Current Display FreeFormTask is null
03-11 01:47:04.962 1530 2110 W FreeFormWindowHelper: Current Display FreeFormTask is null
03-11 01:47:05.096 1530 2110 W FreeFormWindowHelper: exitRecentTasks type=0
03-11 01:47:05.099 1530 2109 W FreeFormWindowHelper: Current Display FreeFormTask is null
03-11 01:47:05.099 1530 2109 W FreeFormWindowHelper: Current Display FreeFormTask is null
03-11 01:47:05.684 1530 2110 W FreeFormWindowHelper: Current Display FreeFormTask is null
03-11 01:47:05.684 1530 2110 W FreeFormWindowHelper: Current Display FreeFormTask is null
03-11 01:47:05.709 1530 2109 I ActivityTaskManager: FOREGROUND_APPLICATION_CHANGED to com.android.launcher3.uioverrides.QuickstepLauncher
03-11 01:47:05.781 1530 11533 I thunderperf: PlatormCompat.setOverrides: Uid1=10075 Pid1=2553 Uid2=10075 Pid2=2553
03-11 01:47:05.781 1530 11533 I thunderperf: PlatormCompat.setOverrides: needCheck:false
03-11 01:47:05.781 1530 11533 I thunderperf: CompatConfig.addOverrideUnsafe: bef-state=1
03-11 01:47:05.781 1530 11533 I thunderperf: CompatConfig.addOverrideUnsafe: aft-state=0
03-11 01:47:05.781 1530 11533 I thunderperf: CompatConfig.addOverrideUnsafe: bef-state=1
03-11 01:47:05.781 1530 11533 I thunderperf: CompatConfig.addOverrideUnsafe: aft-state=0
03-11 01:47:05.781 1530 11533 I thunderperf: CompatConfig.addOverrideUnsafe: bef-state=1
03-11 01:47:05.782 1530 11533 I thunderperf: CompatConfig.addOverrideUnsafe: aft-state=0
03-11 01:47:05.782 1530 11533 I thunderperf: CompatConfig.addOverrideUnsafe: bef-state=1
03-11 01:47:05.782 1530 11533 I thunderperf: CompatConfig.addOverrideUnsafe: aft-state=0
03-11 01:47:05.782 1530 11533 I thunderperf: CompatConfig.addOverrideUnsafe: bef-state=1
03-11 01:47:05.782 1530 11533 I thunderperf: CompatConfig.addOverrideUnsafe: aft-state=0
03-11 01:47:05.782 1530 11533 I thunderperf: CompatConfig.addOverrideUnsafe: bef-state=1
03-11 01:47:05.782 1530 11533 I thunderperf: CompatConfig.addOverrideUnsafe: aft-state=0
03-11 01:47:05.783 1530 11533 I thunderperf: CompatConfig.addOverrideUnsafe: bef-state=1
03-11 01:47:05.783 1530 11533 I thunderperf: CompatConfig.addOverrideUnsafe: aft-state=0
03-11 01:47:05.783 1530 11533 I thunderperf: CompatConfig.addOverrideUnsafe: bef-state=1
03-11 01:47:05.783 1530 11533 I thunderperf: CompatConfig.addOverrideUnsafe: aft-state=0
03-11 01:47:05.783 1530 11533 I thunderperf: CompatConfig.addOverrideUnsafe: bef-state=1
03-11 01:47:05.783 1530 11533 I thunderperf: CompatConfig.addOverrideUnsafe: aft-state=0
03-11 01:47:05.784 1530 11533 I thunderperf: CompatConfig.addOverrideUnsafe: bef-state=1
03-11 01:47:05.784 1530 11533 I thunderperf: CompatConfig.addOverrideUnsafe: aft-state=0
03-11 01:47:05.784 1530 11533 I thunderperf: CompatConfig.addOverrideUnsafe: bef-state=1
03-11 01:47:05.784 1530 11533 I thunderperf: CompatConfig.addOverrideUnsafe: aft-state=0
03-11 01:47:05.784 1530 11533 I thunderperf: CompatConfig.addOverrideUnsafe: bef-state=1
03-11 01:47:05.784 1530 11533 I thunderperf: CompatConfig.addOverrideUnsafe: aft-state=0
03-11 01:47:05.784 1530 11533 I thunderperf: CompatConfig.addOverrideUnsafe: bef-state=1
03-11 01:47:05.784 1530 11533 I thunderperf: CompatConfig.addOverrideUnsafe: aft-state=0
03-11 01:47:05.785 1530 11533 I thunderperf: CompatConfig.addOverrideUnsafe: bef-state=1
03-11 01:47:05.785 1530 11533 I thunderperf: CompatConfig.addOverrideUnsafe: aft-state=0
03-11 01:47:05.786 1530 11533 I ActivityTaskManager: START u0 {act=android.intent.action.MAIN cat=[android.intent.category.LAUNCHER] flg=0x10200000 cmp=com.tencent.tmgp.sgame/.SGameActivity bnds=[1017,120][1319,402]} from uid 10075
03-11 01:47:05.787 1530 11533 W ActivityTaskManager: Can't find TaskDisplayArea to determine support for multi window. Task id=40 attached=false
03-11 01:47:05.788 1530 11533 D CompatibilityChangeReporter: Compat change id reported: 174042980; UID 10093; state: DISABLED
03-11 01:47:05.788 1530 11533 D CompatibilityChangeReporter: Compat change id reported: 184838306; UID 10093; state: DISABLED
03-11 01:47:05.788 1530 11533 D CompatibilityChangeReporter: Compat change id reported: 185004937; UID 10093; state: DISABLED
03-11 01:47:05.789 1530 11533 D CompatibilityChangeReporter: Compat change id reported: 181136395; UID 10093; state: DISABLED
03-11 01:47:05.789 1530 11533 D CompatibilityChangeReporter: Compat change id reported: 174042936; UID 10093; state: DISABLED
03-11 01:47:05.789 1530 11533 D CompatibilityChangeReporter: Compat change id reported: 168419799; UID 10093; state: ENABLED
03-11 01:47:05.790 1530 11533 D CompatibilityChangeReporter: Compat change id reported: 182811243; UID 10093; state: DISABLED
03-11 01:47:05.790 1530 11533 D CompatibilityChangeReporter: Compat change id reported: 189969734; UID 10093; state: DISABLED
03-11 01:47:05.790 1530 11533 D CompatibilityChangeReporter: Compat change id reported: 176926753; UID 10093; state: DISABLED
03-11 01:47:05.790 1530 11533 D CompatibilityChangeReporter: Compat change id reported: 189969779; UID 10093; state: DISABLED
03-11 01:47:05.790 1530 11533 D CompatibilityChangeReporter: Compat change id reported: 176926829; UID 10093; state: DISABLED
03-11 01:47:05.790 1530 11533 D CompatibilityChangeReporter: Compat change id reported: 189969744; UID 10093; state: DISABLED
03-11 01:47:05.790 1530 11533 D CompatibilityChangeReporter: Compat change id reported: 176926771; UID 10093; state: DISABLED
03-11 01:47:05.791 1530 11533 D CompatibilityChangeReporter: Compat change id reported: 189970036; UID 10093; state: DISABLED
03-11 01:47:05.791 1530 11533 D CompatibilityChangeReporter: Compat change id reported: 176926741; UID 10093; state: DISABLED
03-11 01:47:05.791 1530 11533 D CompatibilityChangeReporter: Compat change id reported: 189969782; UID 10093; state: DISABLED
03-11 01:47:05.791 1530 11533 D CompatibilityChangeReporter: Compat change id reported: 189970038; UID 10093; state: DISABLED
03-11 01:47:05.791 1530 11533 D CompatibilityChangeReporter: Compat change id reported: 189969749; UID 10093; state: ENABLED
03-11 01:47:05.793 1530 2110 W FreeFormWindowHelper: Current Display FreeFormTask is null
03-11 01:47:05.794 1530 2081 I ActivityTaskManager: FOREGROUND_APPLICATION_CHANGED to com.tencent.tmgp.sgame.SGameActivity
03-11 01:47:05.796 1530 1607 D CompatibilityChangeReporter: Compat change id reported: 135634846; UID 10093; state: DISABLED
03-11 01:47:05.796 1530 1607 D CompatibilityChangeReporter: Compat change id reported: 177438394; UID 10093; state: DISABLED
03-11 01:47:05.796 1530 1607 D CompatibilityChangeReporter: Compat change id reported: 135772972; UID 10093; state: DISABLED
03-11 01:47:05.796 1530 1607 D CompatibilityChangeReporter: Compat change id reported: 135754954; UID 10093; state: DISABLED
03-11 01:47:05.797 1530 1615 D CompatibilityChangeReporter: Compat change id reported: 143937733; UID 10093; state: DISABLED
03-11 01:47:05.801 1530 1615 I ActivityManager: Start proc 15684:com.tencent.tmgp.sgame/u0a93 for pre-top-activity {com.tencent.tmgp.sgame/com.tencent.tmgp.sgame.SGameActivity}
03-11 01:47:05.801 1530 15685 W ContextImpl: Calling a method in the system process without a qualified user: android.app.ContextImpl.sendBroadcast:1173 com.qualcomm.qti.Performance$SendGameLaunchBroadcast.run:217 java.lang.Thread.run:920
01-01 08:54:06.853 0 0 I binder : 15684:15684 ioctl 40046210 7ff5e17364 returned -22
03-11 01:47:05.821 2054 3742 W ContextImpl: Calling a method in the system process without a qualified user: android.app.ContextImpl.startService:1816 android.content.ContextWrapper.startService:774 com.thundercomm.gamemode.ingame.services.GameModeActionUtils.startGameModeService:118 com.thundercomm.gamemode.ingame.services.GameModeActionUtils.startGameModeEntry:29 com.thundercomm.gamemode.ingame.services.ActivityMonitoringService$1.onActivityLaunch:140
03-11 01:47:05.824 1530 1530 I GameModeConfig: Current uri is uri = content://com.thundercomm.gamemode.api/gamemode_settings/gamemode_isgaming
03-11 01:47:05.830 1530 1530 I GameModeConfig: isGameModeOn = true
03-11 01:47:05.830 1530 1530 I GameModeConfig: isGaming = true
03-11 01:47:05.830 1530 1530 I GameModeConfig: isDisableNotification = true
03-11 01:47:05.830 1530 1530 I GameModeConfig: isGameModeOn = true
03-11 01:47:05.830 1530 1530 I GameModeConfig: isGaming = true
03-11 01:47:05.830 1530 1530 I GameModeConfig: isDisableNotification = true
01-01 08:54:06.880 0 0 W ALERT : changing window size from 16000000 to 8000000 at 2411976026162
01-01 08:54:06.884 0 0 I : [MAX975X:max96755x_drm_notifier_callback] *INFO* receives EARLY_BLANK:UNBLANK
01-01 08:54:06.884 0 0 I atmel_mxt_ts 0-004a: FB event:2,blank:0
01-01 08:54:06.884 0 0 I atmel_mxt_ts 0-004a: suspend: event = 2, blank = 0, not care
01-01 08:54:06.884 0 0 I [drm:dsi_display_set_mode] [msm-dsi-info]: mdp_transfer_time_us=0 us
03-11 01:47:05.839 15684 15706 D ActivityThread: Loading provider com.tencent.tmgp.sgame.XG_SETTINGS_PROVIDER: com.tencent.tpns.baseapi.base.SettingsContentProvider
01-01 08:54:06.884 0 0 I [drm:dsi_display_set_mode] [msm-dsi-info]: hactive= 2560,vactive= 1080,fps=30
01-01 08:54:06.884 0 0 I : [MAX975X:max96755x_drm_notifier_callback] *INFO* receives BLANK:UNBLANK
01-01 08:54:06.884 0 0 I atmel_mxt_ts 0-004a: FB event:1,blank:0
01-01 08:54:06.884 0 0 I atmel_mxt_ts 0-004a: drm_notifier_callback: UNBLANK! Resume by drm notifier.
03-11 01:47:05.846 1530 11533 D CompatibilityChangeReporter: Compat change id reported: 135634846; UID 10093; state: DISABLED
03-11 01:47:05.846 1530 11533 D CompatibilityChangeReporter: Compat change id reported: 177438394; UID 10093; state: DISABLED
03-11 01:47:05.846 1530 11533 D CompatibilityChangeReporter: Compat change id reported: 135772972; UID 10093; state: DISABLED
03-11 01:47:05.846 1530 11533 D CompatibilityChangeReporter: Compat change id reported: 135754954; UID 10093; state: DISABLED
03-11 01:47:05.847 1530 1615 D CompatibilityChangeReporter: Compat change id reported: 143937733; UID 10093; state: DISABLED
03-11 01:47:05.848 1530 1607 I DisplayDeviceRepository: Display device changed: DisplayDeviceInfo{"内置屏幕": uniqueId="local:4630946816427681409", 2560 x 1080, modeId 3, defaultModeId 1, supportedModes [{id=1, width=2560, height=1080, fps=60.000004, alternativeRefreshRates=[30.000002, 45.0]}, {id=2, width=2560, height=1080, fps=45.0, alternativeRefreshRates=[30.000002, 60.000004]}, {id=3, width=2560, height=1080, fps=30.000002, alternativeRefreshRates=[45.0, 60.000004]}], colorMode 0, supportedColorModes [0], hdrCapabilities HdrCapabilities{mSupportedHdrTypes=[2, 3, 4], mMaxLuminance=500.0, mMaxAverageLuminance=500.0, mMinLuminance=0.0}, allmSupported false, gameContentTypeSupported false, density 240, 320.315 x 318.976 dpi, appVsyncOff 1000000, presDeadline 33333333, touch INTERNAL, rotation 0, type INTERNAL, address {port=129, model=0x40446d97fee5e6}, deviceProductInfo DeviceProductInfo{name=, manufacturerPnpId=QCM, productId=1, modelYear=null, manufactureDate=ManufactureDate{week=27, year=2006}, connectionToSinkType=0}, state ON, frameRateOverride , brightnessMinimum 0.0, brightnessMaximum 1.0, brightnessDefault 1.0, FLAG_DEFAULT_DISPLAY, FLAG_ROTATES_WITH_CONTENT, FLAG_SECURE, FLAG_SUPPORTS_PROTECTED_BUFFERS}
03-11 01:47:05.853 1530 1615 I ActivityManager: Start proc 15715:com.tencent.tmgp.sgame:xg_vip_service/u0a93 for service {com.tencent.tmgp.sgame/com.tencent.android.tpush.service.XGVipPushService}
01-01 08:54:06.910 0 0 I binder : 15715:15715 ioctl 40046210 7ff5e17364 returned -22
03-11 01:47:05.896 1530 11533 W FreeFormWindowHelper: Current Display FreeFormTask is null
03-11 01:47:06.151 1530 4910 W WindowManager: Failed looking up window session=Session{2af99e0 15684:u0a10093} callers=com.android.server.wm.WindowManagerService.windowForClientLocked:5628 com.android.server.wm.Session.insetsModified:629 android.view.IWindowSession$Stub.onTransact:1151
01-01 08:54:07.228 0 0 I binder : 15684:15717 ioctl 40046210 799b6cf1f4 returned -22
03-11 01:47:06.408 1530 12686 W ActivityManager: Unable to start service Intent { act=com.tencent.tpns.mqttchannel.FEEDBACK pkg=com.tencent.tmgp.sgame } U=0: not found
01-01 08:54:07.851 0 0 W audit : audit_lost=1070 audit_rate_limit=5 audit_backlog_limit=64
01-01 08:54:07.851 0 0 E audit : rate limit exceeded
01-01 08:54:08.440 0 0 E DTC_ETH,link_delay_work_func: 3003, SQI=0, link=0
03-11 01:47:07.468 1530 2750 E TaskPersister: File error accessing recents directory (directory doesn't exist?).
03-11 01:47:10.819 1530 4910 W FreeFormWindowHelper: Current Display FreeFormTask is null
03-11 01:47:10.819 1530 4910 W FreeFormWindowHelper: Current Display FreeFormTask is null
03-11 01:47:10.820 1530 4910 W FreeFormWindowHelper: Current Display FreeFormTask is null
03-11 01:47:10.821 1530 4910 W FreeFormWindowHelper: Current Display FreeFormTask is null
03-11 01:47:10.878 1530 12140 W FreeFormWindowHelper: Current Display FreeFormTask is null
03-11 01:47:10.879 1530 4910 W FreeFormWindowHelper: Current Display FreeFormTask is null
03-11 01:47:10.892 1530 4910 W ActivityTaskManager: getTaskSnapshot: taskId=-915 not found
03-11 01:47:10.892 1530 4910 W ActivityTaskManager: getTaskSnapshot: taskId=-914 not found
03-11 01:47:10.893 1530 4910 W ActivityTaskManager: getTaskSnapshot: taskId=-914 not found
03-11 01:47:10.893 1530 4910 W ActivityTaskManager: getTaskSnapshot: taskId=-914 not found
03-11 01:47:10.913 1530 4910 W FreeFormWindowHelper: Current Display FreeFormTask is null
03-11 01:47:10.913 1530 12140 W FreeFormWindowHelper: Current Display FreeFormTask is null
03-11 01:47:10.913 1530 4910 W ActivityTaskManager: getTaskSnapshot: taskId=-915 not found
03-11 01:47:10.913 1530 4910 W ActivityTaskManager: getTaskSnapshot: taskId=-914 not found
03-11 01:47:10.914 1530 4910 W ActivityTaskManager: getTaskSnapshot: taskId=-914 not found
03-11 01:47:10.914 1530 4910 W ActivityTaskManager: getTaskSnapshot: taskId=-914 not found
03-11 01:47:10.943 1530 12140 W FreeFormWindowHelper: Current Display FreeFormTask is null
03-11 01:47:10.943 1530 12140 W FreeFormWindowHelper: Current Display FreeFormTask is null
03-11 01:47:11.010 1530 12140 W FreeFormWindowHelper: Current Display FreeFormTask is null
03-11 01:47:11.010 1530 12140 W FreeFormWindowHelper: Current Display FreeFormTask is null
03-11 01:47:11.010 1530 12140 W FreeFormWindowHelper: Current Display FreeFormTask is null
03-11 01:47:11.011 1530 12140 W FreeFormWindowHelper: Current Display FreeFormTask is null
03-11 01:47:11.012 1530 12140 W ActivityTaskManager: getTaskSnapshot: taskId=-725 not found
03-11 01:47:11.013 1530 12140 W ActivityTaskManager: getTaskSnapshot: taskId=-724 not found
03-11 01:47:11.014 1530 12140 W ActivityTaskManager: getTaskSnapshot: taskId=-724 not found
03-11 01:47:11.014 1530 12140 W ActivityTaskManager: getTaskSnapshot: taskId=-724 not found
03-11 01:47:11.044 1530 12140 W FreeFormWindowHelper: Current Display FreeFormTask is null
03-11 01:47:11.044 1530 12140 W FreeFormWindowHelper: Current Display FreeFormTask is null
03-11 01:47:11.077 1530 12140 W FreeFormWindowHelper: Current Display FreeFormTask is null
03-11 01:47:11.077 1530 12140 W FreeFormWindowHelper: Current Display FreeFormTask is null
03-11 01:47:11.437 1530 12140 W FreeFormWindowHelper: Current Display FreeFormTask is null
03-11 01:47:11.437 1530 12140 W FreeFormWindowHelper: Current Display FreeFormTask is null
03-11 01:47:11.437 1530 12686 W FreeFormWindowHelper: Current Display FreeFormTask is null
03-11 01:47:11.849 1530 12686 I ActivityTaskManager: FOREGROUND_APPLICATION_CHANGED to com.android.launcher3.uioverrides.QuickstepLauncher
03-11 01:47:11.880 1530 12140 W FreeFormWindowHelper: Current Display FreeFormTask is null
03-11 01:47:11.880 1530 12140 W FreeFormWindowHelper: Current Display FreeFormTask is null
03-11 01:47:11.881 1530 12686 W FreeFormWindowHelper: Current Display FreeFormTask is null
03-11 01:47:11.913 1530 12686 W FreeFormWindowHelper: Current Display FreeFormTask is null
03-11 01:47:11.913 1530 12686 W FreeFormWindowHelper: Current Display FreeFormTask is null
03-11 01:47:11.955 1530 12140 W FreeFormWindowHelper: Current Display FreeFormTask is null
03-11 01:47:11.957 2054 3742 W ContextImpl: Calling a method in the system process without a qualified user: android.app.ContextImpl.startService:1816 android.content.ContextWrapper.startService:774 com.thundercomm.gamemode.ingame.services.GameModeActionUtils.startGameModeService:118 com.thundercomm.gamemode.ingame.services.GameModeActionUtils.startGameModeEntry:29 com.thundercomm.gamemode.ingame.services.ActivityMonitoringService$1.onActivityLaunch:140
03-11 01:47:11.960 1530 1530 I GameModeConfig: Current uri is uri = content://com.thundercomm.gamemode.api/gamemode_settings/gamemode_isgaming
03-11 01:47:11.961 1530 1530 I GameModeConfig: isGameModeOn = true
03-11 01:47:11.961 1530 1530 I GameModeConfig: isGaming = false
03-11 01:47:11.961 1530 1530 I GameModeConfig: isGameModeOn = true
03-11 01:47:11.961 1530 1530 I GameModeConfig: isGaming = false
03-11 01:47:11.961 1530 1530 I GameModeConfig: isDisableVoice = true
01-01 08:54:13.008 0 0 W ALERT : changing window size from 8000000 to 16000000 at 2418104020274
01-01 08:54:13.047 0 0 I : [MAX975X:max96755x_drm_notifier_callback] *INFO* receives EARLY_BLANK:UNBLANK
01-01 08:54:13.047 0 0 I atmel_mxt_ts 0-004a: FB event:2,blank:0
01-01 08:54:13.047 0 0 I atmel_mxt_ts 0-004a: suspend: event = 2, blank = 0, not care
01-01 08:54:13.047 0 0 I [drm:dsi_display_set_mode] [msm-dsi-info]: mdp_transfer_time_us=0 us
01-01 08:54:13.047 0 0 I [drm:dsi_display_set_mode] [msm-dsi-info]: hactive= 2560,vactive= 1080,fps=60
01-01 08:54:13.047 0 0 I : [MAX975X:max96755x_drm_notifier_callback] *INFO* receives BLANK:UNBLANK
01-01 08:54:13.047 0 0 I atmel_mxt_ts 0-004a: FB event:1,blank:0
01-01 08:54:13.047 0 0 I atmel_mxt_ts 0-004a: drm_notifier_callback: UNBLANK! Resume by drm notifier.
03-11 01:47:12.029 1530 1607 I DisplayDeviceRepository: Display device changed: DisplayDeviceInfo{"内置屏幕": uniqueId="local:4630946816427681409", 2560 x 1080, modeId 1, defaultModeId 1, supportedModes [{id=1, width=2560, height=1080, fps=60.000004, alternativeRefreshRates=[30.000002, 45.0]}, {id=2, width=2560, height=1080, fps=45.0, alternativeRefreshRates=[30.000002, 60.000004]}, {id=3, width=2560, height=1080, fps=30.000002, alternativeRefreshRates=[45.0, 60.000004]}], colorMode 0, supportedColorModes [0], hdrCapabilities HdrCapabilities{mSupportedHdrTypes=[2, 3, 4], mMaxLuminance=500.0, mMaxAverageLuminance=500.0, mMinLuminance=0.0}, allmSupported false, gameContentTypeSupported false, density 240, 320.315 x 318.976 dpi, appVsyncOff 1000000, presDeadline 16666666, touch INTERNAL, rotation 0, type INTERNAL, address {port=129, model=0x40446d97fee5e6}, deviceProductInfo DeviceProductInfo{name=, manufacturerPnpId=QCM, productId=1, modelYear=null, manufactureDate=ManufactureDate{week=27, year=2006}, connectionToSinkType=0}, state ON, frameRateOverride , brightnessMinimum 0.0, brightnessMaximum 1.0, brightnessDefault 1.0, FLAG_DEFAULT_DISPLAY, FLAG_ROTATES_WITH_CONTENT, FLAG_SECURE, FLAG_SUPPORTS_PROTECTED_BUFFERS}
01-01 08:54:13.560 0 0 E DTC_ETH,link_delay_work_func: 3003, SQI=0, link=0
03-11 01:47:13.114 1530 2110 I ActivityTaskManager: FOREGROUND_APPLICATION_CHANGED to com.android.settings.homepage.SettingsHomepageActivity
03-11 01:47:13.138 1530 1621 W BatteryExternalStatsWorker: error reading modem stats:ERROR_PHONE_NOT_AVAILABLE
03-11 01:47:13.148 1530 1621 E KernelCpuSpeedReader: Failed to read cpu-freq: /sys/devices/system/cpu/cpu4/cpufreq/stats/time_in_state: open failed: ENOENT (No such file or directory)
03-11 01:47:13.149 1530 1621 E KernelCpuSpeedReader: Failed to read cpu-freq: /sys/devices/system/cpu/cpu0/cpufreq/stats/time_in_state: open failed: ENOENT (No such file or directory)
01-01 08:54:14.196 0 0 W audit : audit_lost=1072 audit_rate_limit=5 audit_backlog_limit=64
01-01 08:54:14.196 0 0 E audit : rate limit exceeded
03-11 01:47:13.171 1530 1621 W BatteryExternalStatsWorker: error reading modem stats:ERROR_PHONE_NOT_AVAILABLE
03-11 01:47:13.173 1530 1621 E KernelCpuSpeedReader: Failed to read cpu-freq: /sys/devices/system/cpu/cpu4/cpufreq/stats/time_in_state: open failed: ENOENT (No such file or directory)
03-11 01:47:13.173 1530 1621 E KernelCpuSpeedReader: Failed to read cpu-freq: /sys/devices/system/cpu/cpu0/cpufreq/stats/time_in_state: open failed: ENOENT (No such file or directory)
03-11 01:47:13.218 1530 2109 W FreeFormWindowHelper: Current Display FreeFormTask is null
03-11 01:47:13.485 1530 12140 W FreeFormWindowHelper: exitRecentTasks type=0
03-11 01:47:16.117 1530 2750 E TaskPersister: File error accessing recents directory (directory doesn't exist?).
01-01 08:54:18.680 0 0 E DTC_ETH,link_delay_work_func: 3003, SQI=0, link=0
