01-01 08:32:17.720 0 0 E DTC_ETH,link_delay_work_func: 3003, SQI=0, link=0
01-01 08:32:22.842 0 0 E DTC_ETH,link_delay_work_func: 3003, SQI=0, link=0
01-01 08:32:25.112 0 0 I binder : 8896:8896 ioctl 40046210 7ff5e17364 returned -22 --------- beginning of system
03-11 01:25:24.077 2054 3742 W ContextImpl: Calling a method in the system process without a qualified user: android.app.ContextImpl.startService:1816 android.content.ContextWrapper.startService:774 com.thundercomm.gamemode.ingame.services.GameModeActionUtils.startGameModeService:118 com.thundercomm.gamemode.ingame.services.GameModeActionUtils.startGameModeEntry:29 com.thundercomm.gamemode.ingame.services.ActivityMonitoringService$1.onActivityLaunch:140
03-11 01:25:24.079 1530 1530 I GameModeConfig: Current uri is uri = content://com.thundercomm.gamemode.api/gamemode_settings/gamemode_isgaming
03-11 01:25:24.081 1530 1530 I GameModeConfig: isGameModeOn = true
03-11 01:25:24.081 1530 1530 I GameModeConfig: isGaming = true
03-11 01:25:24.081 1530 1530 I GameModeConfig: isDisableNotification = true
03-11 01:25:24.082 1530 1530 I GameModeConfig: isGameModeOn = true
03-11 01:25:24.082 1530 1530 I GameModeConfig: isGaming = true
03-11 01:25:24.082 1530 1530 I GameModeConfig: isDisableNotification = true
01-01 08:32:25.140 0 0 W ALERT : changing window size from 16000000 to 8000000 at 1110236026762
03-11 01:25:24.095 8896 8918 D ActivityThread: Loading provider com.tencent.tmgp.sgame.XG_SETTINGS_PROVIDER: com.tencent.tpns.baseapi.base.SettingsContentProvider
03-11 01:25:24.100 1530 2906 D CompatibilityChangeReporter: Compat change id reported: 135634846; UID 10093; state: DISABLED
03-11 01:25:24.100 1530 2906 D CompatibilityChangeReporter: Compat change id reported: 177438394; UID 10093; state: DISABLED
03-11 01:25:24.100 1530 2906 D CompatibilityChangeReporter: Compat change id reported: 135772972; UID 10093; state: DISABLED
03-11 01:25:24.101 1530 2906 D CompatibilityChangeReporter: Compat change id reported: 135754954; UID 10093; state: DISABLED
03-11 01:25:24.101 1530 1615 D CompatibilityChangeReporter: Compat change id reported: 143937733; UID 10093; state: DISABLED
03-11 01:25:24.107 1530 1615 I ActivityManager: Start proc 8933:com.tencent.tmgp.sgame:xg_vip_service/u0a93 for service {com.tencent.tmgp.sgame/com.tencent.android.tpush.service.XGVipPushService}
01-01 08:32:25.163 0 0 I binder : 8933:8933 ioctl 40046210 7ff5e17364 returned -22
03-11 01:25:24.148 1530 4690 W FreeFormWindowHelper: Current Display FreeFormTask is null
03-11 01:25:24.409 1530 8134 W WindowManager: Failed looking up window session=Session{7f39d71 8896:u0a10093} callers=com.android.server.wm.WindowManagerService.windowForClientLocked:5628 com.android.server.wm.Session.insetsModified:629 android.view.IWindowSession$Stub.onTransact:1151
01-01 08:32:25.486 0 0 I binder : 8896:8931 ioctl 40046210 799edfb1f4 returned -22
03-11 01:25:24.543 1530 5296 W ActivityManager: Unable to start service Intent { act=com.tencent.tpns.mqttchannel.FEEDBACK pkg=com.tencent.tmgp.sgame } U=0: not found
01-01 08:32:26.109 0 0 W audit : audit_lost=659 audit_rate_limit=5 audit_backlog_limit=64
01-01 08:32:26.109 0 0 E audit : rate limit exceeded
01-01 08:32:27.963 0 0 E DTC_ETH,link_delay_work_func: 3003, SQI=0, link=0
03-11 01:25:27.043 1530 2750 E TaskPersister: File error accessing recents directory (directory doesn't exist?).
01-01 08:32:28.342 0 0 W audit : audit_lost=662 audit_rate_limit=5 audit_backlog_limit=64
01-01 08:32:28.342 0 0 E audit : rate limit exceeded
01-01 08:32:29.357 0 0 W audit : audit_lost=703 audit_rate_limit=5 audit_backlog_limit=64
01-01 08:32:29.357 0 0 E audit : rate limit exceeded
01-01 08:32:33.080 0 0 E DTC_ETH,link_delay_work_func: 3003, SQI=0, link=0
01-01 08:32:38.201 0 0 E DTC_ETH,link_delay_work_func: 3003, SQI=0, link=0
01-01 08:32:43.320 0 0 E DTC_ETH,link_delay_work_func: 3003, SQI=0, link=0
01-01 08:32:48.440 0 0 E DTC_ETH,link_delay_work_func: 3003, SQI=0, link=0
01-01 08:32:53.560 0 0 E DTC_ETH,link_delay_work_func: 3003, SQI=0, link=0
01-01 08:32:58.681 0 0 E DTC_ETH,link_delay_work_func: 3003, SQI=0, link=0
01-01 08:33:03.801 0 0 E DTC_ETH,link_delay_work_func: 3003, SQI=0, link=0
01-01 08:33:08.920 0 0 E DTC_ETH,link_delay_work_func: 3003, SQI=0, link=0
01-01 08:33:14.041 0 0 E DTC_ETH,link_delay_work_func: 3003, SQI=0, link=0
01-01 08:33:19.160 0 0 E DTC_ETH,link_delay_work_func: 3003, SQI=0, link=0
01-01 08:33:20.701 0 0 I qcom_rpmh DRV: apps_rsc TCS Busy, retrying RPMH message send: addr=0x40d08
01-01 08:33:24.281 0 0 E DTC_ETH,link_delay_work_func: 3003, SQI=0, link=0
01-01 08:33:29.400 0 0 E DTC_ETH,link_delay_work_func: 3003, SQI=0, link=0
01-01 08:33:34.521 0 0 E DTC_ETH,link_delay_work_func: 3003, SQI=0, link=0
01-01 08:33:39.640 0 0 E DTC_ETH,link_delay_work_func: 3003, SQI=0, link=0
01-01 08:33:44.760 0 0 E DTC_ETH,link_delay_work_func: 3003, SQI=0, link=0
01-01 08:33:49.880 0 0 E DTC_ETH,link_delay_work_func: 3003, SQI=0, link=0
01-01 08:33:55.000 0 0 E DTC_ETH,link_delay_work_func: 3003, SQI=0, link=0
01-01 08:34:00.121 0 0 E DTC_ETH,link_delay_work_func: 3003, SQI=0, link=0
03-11 01:27:02.171 1530 1613 I UsageStatsService: User[0] Flushing usage stats to disk
01-01 08:34:05.241 0 0 E DTC_ETH,link_delay_work_func: 3003, SQI=0, link=0
01-01 08:34:10.360 0 0 E DTC_ETH,link_delay_work_func: 3003, SQI=0, link=0
01-01 08:34:15.480 0 0 E DTC_ETH,link_delay_work_func: 3003, SQI=0, link=0
01-01 08:34:20.603 0 0 E DTC_ETH,link_delay_work_func: 3003, SQI=0, link=0
01-01 08:34:22.574 0 0 I logd : logdr: UID=2000 GID=2000 PID=9643 b tail=0 logMask=99 pid=0 start=0ns deadline=0ns
01-01 08:34:25.721 0 0 E DTC_ETH,link_delay_work_func: 3003, SQI=0, link=0
01-01 08:34:30.842 0 0 E DTC_ETH,link_delay_work_func: 3003, SQI=0, link=0
01-01 08:34:35.960 0 0 E DTC_ETH,link_delay_work_func: 3003, SQI=0, link=0
01-01 08:34:41.080 0 0 E DTC_ETH,link_delay_work_func: 3003, SQI=0, link=0
01-01 08:34:46.200 0 0 E DTC_ETH,link_delay_work_func: 3003, SQI=0, link=0
01-01 08:34:51.320 0 0 E DTC_ETH,link_delay_work_func: 3003, SQI=0, link=0
01-01 08:34:56.441 0 0 E DTC_ETH,link_delay_work_func: 3003, SQI=0, link=0
01-01 08:35:01.561 0 0 E DTC_ETH,link_delay_work_func: 3003, SQI=0, link=0
01-01 08:35:06.017 0 0 W audit : audit_lost=705 audit_rate_limit=5 audit_backlog_limit=64
01-01 08:35:06.017 0 0 E audit : rate limit exceeded
01-01 08:35:06.680 0 0 E DTC_ETH,link_delay_work_func: 3003, SQI=0, link=0
01-01 08:35:11.801 0 0 E DTC_ETH,link_delay_work_func: 3003, SQI=0, link=0
01-01 08:35:16.921 0 0 E DTC_ETH,link_delay_work_func: 3003, SQI=0, link=0
01-01 08:35:22.042 0 0 E DTC_ETH,link_delay_work_func: 3003, SQI=0, link=0
03-11 01:28:25.022 1530 2080 W FreeFormWindowHelper: Current Display FreeFormTask is null
03-11 01:28:25.023 1530 2080 W FreeFormWindowHelper: Current Display FreeFormTask is null
03-11 01:28:25.025 1530 2080 W FreeFormWindowHelper: Current Display FreeFormTask is null
03-11 01:28:25.028 1530 2080 W FreeFormWindowHelper: Current Display FreeFormTask is null
03-11 01:28:25.038 1530 4690 W FreeFormWindowHelper: Current Display FreeFormTask is null
03-11 01:28:25.038 1530 4690 W FreeFormWindowHelper: Current Display FreeFormTask is null
03-11 01:28:25.038 1530 4690 W FreeFormWindowHelper: Current Display FreeFormTask is null
03-11 01:28:25.053 1530 4690 W ActivityTaskManager: getTaskSnapshot: taskId=-708 not found
03-11 01:28:25.054 1530 4690 W ActivityTaskManager: getTaskSnapshot: taskId=-708 not found
03-11 01:28:25.054 1530 4690 W ActivityTaskManager: getTaskSnapshot: taskId=-708 not found
03-11 01:28:25.054 1530 4690 W ActivityTaskManager: getTaskSnapshot: taskId=-708 not found
03-11 01:28:25.067 1530 4690 W FreeFormWindowHelper: Current Display FreeFormTask is null
03-11 01:28:25.067 1530 5296 W FreeFormWindowHelper: Current Display FreeFormTask is null
03-11 01:28:25.067 1530 4690 W ActivityTaskManager: getTaskSnapshot: taskId=-708 not found
03-11 01:28:25.067 1530 4690 W ActivityTaskManager: getTaskSnapshot: taskId=-708 not found
03-11 01:28:25.068 1530 4690 W ActivityTaskManager: getTaskSnapshot: taskId=-708 not found
03-11 01:28:25.068 1530 4690 W ActivityTaskManager: getTaskSnapshot: taskId=-708 not found
03-11 01:28:25.089 1530 4690 W FreeFormWindowHelper: Current Display FreeFormTask is null
03-11 01:28:25.090 1530 4690 W FreeFormWindowHelper: Current Display FreeFormTask is null
03-11 01:28:25.123 1530 4506 W FreeFormWindowHelper: Current Display FreeFormTask is null
03-11 01:28:25.123 1530 4506 W FreeFormWindowHelper: Current Display FreeFormTask is null
03-11 01:28:25.124 1530 4506 W FreeFormWindowHelper: Current Display FreeFormTask is null
03-11 01:28:25.125 1530 4506 W FreeFormWindowHelper: Current Display FreeFormTask is null
03-11 01:28:25.126 1530 4506 W ActivityTaskManager: getTaskSnapshot: taskId=-611 not found
03-11 01:28:25.127 1530 4506 W ActivityTaskManager: getTaskSnapshot: taskId=-611 not found
03-11 01:28:25.127 1530 4506 W ActivityTaskManager: getTaskSnapshot: taskId=-611 not found
03-11 01:28:25.128 1530 4506 W ActivityTaskManager: getTaskSnapshot: taskId=-611 not found
03-11 01:28:25.140 1530 4506 W FreeFormWindowHelper: Current Display FreeFormTask is null
03-11 01:28:25.141 1530 4506 W FreeFormWindowHelper: Current Display FreeFormTask is null
03-11 01:28:25.157 1530 2080 W FreeFormWindowHelper: Current Display FreeFormTask is null
03-11 01:28:25.157 1530 2080 W FreeFormWindowHelper: Current Display FreeFormTask is null
03-11 01:28:25.493 1530 4690 W FreeFormWindowHelper: Current Display FreeFormTask is null
03-11 01:28:25.493 1530 2080 W FreeFormWindowHelper: Current Display FreeFormTask is null
03-11 01:28:25.494 1530 2080 W FreeFormWindowHelper: Current Display FreeFormTask is null
03-11 01:28:25.819 1530 5296 I ActivityTaskManager: FOREGROUND_APPLICATION_CHANGED to com.android.launcher3.uioverrides.QuickstepLauncher
03-11 01:28:25.843 1530 2080 W FreeFormWindowHelper: Current Display FreeFormTask is null
03-11 01:28:25.844 1530 4506 W FreeFormWindowHelper: Current Display FreeFormTask is null
03-11 01:28:25.845 1530 7363 W FreeFormWindowHelper: Current Display FreeFormTask is null
03-11 01:28:25.861 1530 7363 W FreeFormWindowHelper: Current Display FreeFormTask is null
03-11 01:28:25.861 1530 7363 W FreeFormWindowHelper: Current Display FreeFormTask is null
03-11 01:28:25.930 1530 5296 W FreeFormWindowHelper: Current Display FreeFormTask is null
03-11 01:28:25.936 2054 3742 W ContextImpl: Calling a method in the system process without a qualified user: android.app.ContextImpl.startService:1816 android.content.ContextWrapper.startService:774 com.thundercomm.gamemode.ingame.services.GameModeActionUtils.startGameModeService:118 com.thundercomm.gamemode.ingame.services.GameModeActionUtils.startGameModeEntry:29 com.thundercomm.gamemode.ingame.services.ActivityMonitoringService$1.onActivityLaunch:140
03-11 01:28:25.945 1530 1530 I GameModeConfig: Current uri is uri = content://com.thundercomm.gamemode.api/gamemode_settings/gamemode_isgaming
03-11 01:28:25.946 1530 1530 I GameModeConfig: isGameModeOn = true
03-11 01:28:25.946 1530 1530 I GameModeConfig: isGaming = false
03-11 01:28:25.947 1530 1530 I GameModeConfig: isGameModeOn = true
03-11 01:28:25.947 1530 1530 I GameModeConfig: isGaming = false
03-11 01:28:25.947 1530 1530 I GameModeConfig: isDisableVoice = true
01-01 08:35:26.996 0 0 W ALERT : changing window size from 8000000 to 16000000 at 1292092037631
01-01 08:35:27.161 0 0 E DTC_ETH,link_delay_work_func: 3003, SQI=0, link=0
03-11 01:28:26.567 1530 5296 I ActivityTaskManager: FOREGROUND_APPLICATION_CHANGED to com.android.settings.homepage.SettingsHomepageActivity
03-11 01:28:26.674 1530 7363 W FreeFormWindowHelper: Current Display FreeFormTask is null
03-11 01:28:26.968 1530 5296 W FreeFormWindowHelper: exitRecentTasks type=0
01-01 08:35:30.540 0 0 I perf : interrupt took too long (3133 > 3132), lowering kernel.perf_event_max_sample_rate to 63750
03-11 01:28:29.577 1530 2750 E TaskPersister: File error accessing recents directory (directory doesn't exist?).
01-01 08:35:32.155 0 0 I msm_vidc: err : ffffffff: .....: DBLP Set: status 0
01-01 08:35:32.281 0 0 E DTC_ETH,link_delay_work_func: 3003, SQI=0, link=0
03-11 01:28:33.471 1530 1614 I DropBoxManagerService: add tag=system_server_wtf isTagEnabled=true flags=0x2
03-11 01:28:33.472 1530 1607 I ActivityManager: Killing 8896:com.tencent.tmgp.sgame/u0a93 (adj 905): remove task
03-11 01:28:33.474 1530 5296 I ActivityManager: Killing 8933:com.tencent.tmgp.sgame:xg_vip_service/u0a93 (adj 500): remove task
03-11 01:28:33.474 1530 1614 I DropBoxManagerService: add tag=system_server_wtf isTagEnabled=true flags=0x2
03-11 01:28:33.475 1530 2080 W FreeFormWindowHelper: Current Display FreeFormTask is null
03-11 01:28:33.484 1530 2750 E TaskPersister: File error accessing recents directory (directory doesn't exist?).
03-11 01:28:33.516 1530 8134 W ActivityManager: Scheduling restart of crashed service com.tencent.tmgp.sgame/com.tencent.android.tpush.service.XGVipPushService in 1000ms for connection
03-11 01:28:33.569 1530 8134 W FreeFormWindowHelper: Current Display FreeFormTask is null
03-11 01:28:33.746 1530 2081 I WindowManager: WIN DEATH: Window{e0e74c4 u0 com.tencent.tmgp.sgame/com.tencent.tmgp.sgame.SGameActivity}
03-11 01:28:33.755 1530 1608 W ActivityTaskManager: Can't find TaskDisplayArea to determine support for multi window. Task id=25 attached=false
03-11 01:28:33.755 1530 1608 W ActivityTaskManager: Can't find TaskDisplayArea to determine support for multi window. Task id=25 attached=false
03-11 01:28:33.755 1530 1607 W ActivityManager: setHasOverlayUi called on unknown pid: 8896
03-11 01:28:33.755 1530 1613 W UsageStatsService: Unexpected activity event reported! (com.tencent.tmgp.sgame/com.tencent.tmgp.sgame.SGameActivity event : 23 instanceId : 104248589)
03-11 01:28:35.432 1530 8134 W FreeFormWindowHelper: Current Display FreeFormTask is null
03-11 01:28:35.436 1530 8134 W FreeFormWindowHelper: Current Display FreeFormTask is null
03-11 01:28:35.441 1530 8134 W FreeFormWindowHelper: Current Display FreeFormTask is null
03-11 01:28:35.441 1530 8134 W FreeFormWindowHelper: Current Display FreeFormTask is null
03-11 01:28:35.441 1530 8134 W FreeFormWindowHelper: Current Display FreeFormTask is null
03-11 01:28:35.455 1530 8134 W ActivityTaskManager: getTaskSnapshot: taskId=-300 not found
03-11 01:28:35.457 1530 8134 W ActivityTaskManager: getTaskSnapshot: taskId=-299 not found
03-11 01:28:35.459 1530 8134 W ActivityTaskManager: getTaskSnapshot: taskId=-299 not found
03-11 01:28:35.459 1530 8134 W ActivityTaskManager: getTaskSnapshot: taskId=-298 not found
03-11 01:28:35.460 1530 8134 W FreeFormWindowHelper: Current Display FreeFormTask is null
03-11 01:28:35.460 1530 8134 W FreeFormWindowHelper: Current Display FreeFormTask is null
03-11 01:28:35.467 1530 2109 W FreeFormWindowHelper: Current Display FreeFormTask is null
03-11 01:28:35.467 1530 2109 W FreeFormWindowHelper: Current Display FreeFormTask is null
03-11 01:28:35.481 1530 2081 W FreeFormWindowHelper: Current Display FreeFormTask is null
03-11 01:28:35.481 1530 2109 W FreeFormWindowHelper: Current Display FreeFormTask is null
03-11 01:28:35.482 1530 2081 W FreeFormWindowHelper: Current Display FreeFormTask is null
03-11 01:28:35.483 1530 2109 W FreeFormWindowHelper: Current Display FreeFormTask is null
03-11 01:28:35.484 1530 9804 W ActivityTaskManager: getTaskSnapshot: taskId=-253 not found
03-11 01:28:35.486 1530 9804 W ActivityTaskManager: getTaskSnapshot: taskId=-252 not found
03-11 01:28:35.487 1530 9804 W ActivityTaskManager: getTaskSnapshot: taskId=-252 not found
03-11 01:28:35.487 1530 9804 W ActivityTaskManager: getTaskSnapshot: taskId=-252 not found
03-11 01:28:35.487 1530 9804 W ActivityTaskManager: getTaskSnapshot: taskId=-252 not found
03-11 01:28:35.499 1530 2109 W FreeFormWindowHelper: Current Display FreeFormTask is null
03-11 01:28:35.499 1530 2109 W FreeFormWindowHelper: Current Display FreeFormTask is null
03-11 01:28:35.515 1530 2081 W FreeFormWindowHelper: Current Display FreeFormTask is null
03-11 01:28:35.515 1530 7363 W FreeFormWindowHelper: Current Display FreeFormTask is null
03-11 01:28:35.869 1530 2906 W FreeFormWindowHelper: Current Display FreeFormTask is null
03-11 01:28:35.869 1530 2906 W FreeFormWindowHelper: Current Display FreeFormTask is null
03-11 01:28:35.869 1530 8134 W FreeFormWindowHelper: Current Display FreeFormTask is null
03-11 01:28:36.243 1530 9804 I ActivityTaskManager: FOREGROUND_APPLICATION_CHANGED to com.android.launcher3.uioverrides.QuickstepLauncher
03-11 01:28:36.258 1530 8134 W FreeFormWindowHelper: Current Display FreeFormTask is null
03-11 01:28:36.258 1530 8134 W FreeFormWindowHelper: Current Display FreeFormTask is null
03-11 01:28:36.259 1530 8134 W FreeFormWindowHelper: Current Display FreeFormTask is null
03-11 01:28:36.285 1530 2906 W FreeFormWindowHelper: Current Display FreeFormTask is null
03-11 01:28:36.285 1530 2906 W FreeFormWindowHelper: Current Display FreeFormTask is null
03-11 01:28:36.355 1530 2906 W FreeFormWindowHelper: Current Display FreeFormTask is null
01-01 08:35:37.400 0 0 E DTC_ETH,link_delay_work_func: 3003, SQI=0, link=0
03-11 01:28:36.767 1530 2750 E TaskPersister: File error accessing recents directory (directory doesn't exist?).
03-11 01:28:38.124 1530 9804 W FreeFormWindowHelper: exitRecentTasks type=0
03-11 01:28:38.137 1530 9804 W FreeFormWindowHelper: Current Display FreeFormTask is null
03-11 01:28:38.138 1530 2109 W FreeFormWindowHelper: Current Display FreeFormTask is null
03-11 01:28:38.999 1530 7363 I thunderperf: PlatormCompat.setOverrides: Uid1=10075 Pid1=2553 Uid2=10075 Pid2=2553
03-11 01:28:38.999 1530 7363 I thunderperf: PlatormCompat.setOverrides: needCheck:false
03-11 01:28:38.999 1530 7363 I thunderperf: CompatConfig.addOverrideUnsafe: bef-state=1
03-11 01:28:38.999 1530 7363 I thunderperf: CompatConfig.addOverrideUnsafe: aft-state=0
03-11 01:28:39.000 1530 7363 I thunderperf: CompatConfig.addOverrideUnsafe: bef-state=1
03-11 01:28:39.000 1530 7363 I thunderperf: CompatConfig.addOverrideUnsafe: aft-state=0
03-11 01:28:39.000 1530 7363 I thunderperf: CompatConfig.addOverrideUnsafe: bef-state=1
03-11 01:28:39.000 1530 7363 I thunderperf: CompatConfig.addOverrideUnsafe: aft-state=0
03-11 01:28:39.001 1530 7363 I thunderperf: CompatConfig.addOverrideUnsafe: bef-state=1
03-11 01:28:39.001 1530 7363 I thunderperf: CompatConfig.addOverrideUnsafe: aft-state=0
03-11 01:28:39.001 1530 7363 I thunderperf: CompatConfig.addOverrideUnsafe: bef-state=1
03-11 01:28:39.001 1530 7363 I thunderperf: CompatConfig.addOverrideUnsafe: aft-state=0
03-11 01:28:39.001 1530 7363 I thunderperf: CompatConfig.addOverrideUnsafe: bef-state=1
03-11 01:28:39.001 1530 7363 I thunderperf: CompatConfig.addOverrideUnsafe: aft-state=0
03-11 01:28:39.002 1530 7363 I thunderperf: CompatConfig.addOverrideUnsafe: bef-state=1
03-11 01:28:39.002 1530 7363 I thunderperf: CompatConfig.addOverrideUnsafe: aft-state=0
03-11 01:28:39.002 1530 7363 I thunderperf: CompatConfig.addOverrideUnsafe: bef-state=1
03-11 01:28:39.002 1530 7363 I thunderperf: CompatConfig.addOverrideUnsafe: aft-state=0
03-11 01:28:39.002 1530 7363 I thunderperf: CompatConfig.addOverrideUnsafe: bef-state=1
03-11 01:28:39.002 1530 7363 I thunderperf: CompatConfig.addOverrideUnsafe: aft-state=0
03-11 01:28:39.002 1530 7363 I thunderperf: CompatConfig.addOverrideUnsafe: bef-state=1
03-11 01:28:39.003 1530 7363 I thunderperf: CompatConfig.addOverrideUnsafe: aft-state=0
03-11 01:28:39.003 1530 7363 I thunderperf: CompatConfig.addOverrideUnsafe: bef-state=1
03-11 01:28:39.003 1530 7363 I thunderperf: CompatConfig.addOverrideUnsafe: aft-state=0
03-11 01:28:39.003 1530 7363 I thunderperf: CompatConfig.addOverrideUnsafe: bef-state=1
03-11 01:28:39.003 1530 7363 I thunderperf: CompatConfig.addOverrideUnsafe: aft-state=0
03-11 01:28:39.004 1530 7363 I thunderperf: CompatConfig.addOverrideUnsafe: bef-state=1
03-11 01:28:39.004 1530 7363 I thunderperf: CompatConfig.addOverrideUnsafe: aft-state=0
03-11 01:28:39.004 1530 7363 I thunderperf: CompatConfig.addOverrideUnsafe: bef-state=1
03-11 01:28:39.004 1530 7363 I thunderperf: CompatConfig.addOverrideUnsafe: aft-state=0
03-11 01:28:39.005 1530 7363 I ActivityTaskManager: START u0 {act=android.intent.action.MAIN cat=[android.intent.category.LAUNCHER] flg=0x10200000 cmp=com.tencent.tmgp.sgame/.SGameActivity bnds=[1017,120][1319,402]} from uid 10075
03-11 01:28:39.007 1530 7363 W ActivityTaskManager: Can't find TaskDisplayArea to determine support for multi window. Task id=26 attached=false
03-11 01:28:39.008 1530 7363 D CompatibilityChangeReporter: Compat change id reported: 174042980; UID 10093; state: DISABLED
03-11 01:28:39.008 1530 7363 D CompatibilityChangeReporter: Compat change id reported: 184838306; UID 10093; state: DISABLED
03-11 01:28:39.008 1530 7363 D CompatibilityChangeReporter: Compat change id reported: 185004937; UID 10093; state: DISABLED
03-11 01:28:39.009 1530 7363 D CompatibilityChangeReporter: Compat change id reported: 181136395; UID 10093; state: DISABLED
03-11 01:28:39.009 1530 7363 D CompatibilityChangeReporter: Compat change id reported: 174042936; UID 10093; state: DISABLED
03-11 01:28:39.010 1530 7363 D CompatibilityChangeReporter: Compat change id reported: 168419799; UID 10093; state: DISABLED
03-11 01:28:39.012 1530 2906 W FreeFormWindowHelper: Current Display FreeFormTask is null
03-11 01:28:39.014 1530 1607 D CompatibilityChangeReporter: Compat change id reported: 135634846; UID 10093; state: DISABLED
03-11 01:28:39.014 1530 1607 D CompatibilityChangeReporter: Compat change id reported: 177438394; UID 10093; state: DISABLED
03-11 01:28:39.014 1530 1607 D CompatibilityChangeReporter: Compat change id reported: 135772972; UID 10093; state: DISABLED
03-11 01:28:39.014 1530 1607 D CompatibilityChangeReporter: Compat change id reported: 135754954; UID 10093; state: DISABLED
03-11 01:28:39.014 1530 2906 I ActivityTaskManager: FOREGROUND_APPLICATION_CHANGED to com.tencent.tmgp.sgame.SGameActivity
03-11 01:28:39.015 1530 1615 D CompatibilityChangeReporter: Compat change id reported: 143937733; UID 10093; state: DISABLED
03-11 01:28:39.021 1530 1615 I ActivityManager: Start proc 9859:com.tencent.tmgp.sgame/u0a93 for pre-top-activity {com.tencent.tmgp.sgame/com.tencent.tmgp.sgame.SGameActivity}
03-11 01:28:39.022 1530 9860 W ContextImpl: Calling a method in the system process without a qualified user: android.app.ContextImpl.sendBroadcast:1173 com.qualcomm.qti.Performance$SendGameLaunchBroadcast.run:217 java.lang.Thread.run:920
01-01 08:35:40.083 0 0 I binder : 9859:9859 ioctl 40046210 7ff5e17364 returned -22
03-11 01:28:39.047 2054 3742 W ContextImpl: Calling a method in the system process without a qualified user: android.app.ContextImpl.startService:1816 android.content.ContextWrapper.startService:774 com.thundercomm.gamemode.ingame.services.GameModeActionUtils.startGameModeService:118 com.thundercomm.gamemode.ingame.services.GameModeActionUtils.startGameModeEntry:29 com.thundercomm.gamemode.ingame.services.ActivityMonitoringService$1.onActivityLaunch:140
03-11 01:28:39.051 1530 1530 I GameModeConfig: Current uri is uri = content://com.thundercomm.gamemode.api/gamemode_settings/gamemode_isgaming
03-11 01:28:39.052 1530 1530 I GameModeConfig: isGameModeOn = true
03-11 01:28:39.052 1530 1530 I GameModeConfig: isGaming = true
03-11 01:28:39.052 1530 1530 I GameModeConfig: isDisableNotification = true
03-11 01:28:39.052 1530 1530 I GameModeConfig: isGameModeOn = true
03-11 01:28:39.052 1530 1530 I GameModeConfig: isGaming = true
03-11 01:28:39.052 1530 1530 I GameModeConfig: isDisableNotification = true
01-01 08:35:40.100 0 0 W ALERT : changing window size from 16000000 to 8000000 at 1305196106480
01-01 08:35:40.107 0 0 I : [MAX975X:max96755x_drm_notifier_callback] *INFO* receives EARLY_BLANK:UNBLANK
01-01 08:35:40.107 0 0 I atmel_mxt_ts 0-004a: FB event:2,blank:0
01-01 08:35:40.107 0 0 I atmel_mxt_ts 0-004a: suspend: event = 2, blank = 0, not care
01-01 08:35:40.107 0 0 I [drm:dsi_display_set_mode] [msm-dsi-info]: mdp_transfer_time_us=0 us
01-01 08:35:40.107 0 0 I [drm:dsi_display_set_mode] [msm-dsi-info]: hactive= 2560,vactive= 1080,fps=30
01-01 08:35:40.107 0 0 I : [MAX975X:max96755x_drm_notifier_callback] *INFO* receives BLANK:UNBLANK
01-01 08:35:40.108 0 0 I atmel_mxt_ts 0-004a: FB event:1,blank:0
01-01 08:35:40.108 0 0 I atmel_mxt_ts 0-004a: drm_notifier_callback: UNBLANK! Resume by drm notifier.
03-11 01:28:39.064 9859 9882 D ActivityThread: Loading provider com.tencent.tmgp.sgame.XG_SETTINGS_PROVIDER: com.tencent.tpns.baseapi.base.SettingsContentProvider
03-11 01:28:39.070 1530 2906 D CompatibilityChangeReporter: Compat change id reported: 135634846; UID 10093; state: DISABLED
03-11 01:28:39.070 1530 2906 D CompatibilityChangeReporter: Compat change id reported: 177438394; UID 10093; state: DISABLED
03-11 01:28:39.070 1530 2906 D CompatibilityChangeReporter: Compat change id reported: 135772972; UID 10093; state: DISABLED
03-11 01:28:39.070 1530 2906 D CompatibilityChangeReporter: Compat change id reported: 135754954; UID 10093; state: DISABLED
03-11 01:28:39.070 1530 1615 D CompatibilityChangeReporter: Compat change id reported: 143937733; UID 10093; state: DISABLED
03-11 01:28:39.073 1530 1607 I DisplayDeviceRepository: Display device changed: DisplayDeviceInfo{"内置屏幕": uniqueId="local:4630946816427681409", 2560 x 1080, modeId 3, defaultModeId 1, supportedModes [{id=1, width=2560, height=1080, fps=60.000004, alternativeRefreshRates=[30.000002, 45.0]}, {id=2, width=2560, height=1080, fps=45.0, alternativeRefreshRates=[30.000002, 60.000004]}, {id=3, width=2560, height=1080, fps=30.000002, alternativeRefreshRates=[45.0, 60.000004]}], colorMode 0, supportedColorModes [0], hdrCapabilities HdrCapabilities{mSupportedHdrTypes=[2, 3, 4], mMaxLuminance=500.0, mMaxAverageLuminance=500.0, mMinLuminance=0.0}, allmSupported false, gameContentTypeSupported false, density 240, 320.315 x 318.976 dpi, appVsyncOff 1000000, presDeadline 33333333, touch INTERNAL, rotation 0, type INTERNAL, address {port=129, model=0x40446d97fee5e6}, deviceProductInfo DeviceProductInfo{name=, manufacturerPnpId=QCM, productId=1, modelYear=null, manufactureDate=ManufactureDate{week=27, year=2006}, connectionToSinkType=0}, state ON, frameRateOverride , brightnessMinimum 0.0, brightnessMaximum 1.0, brightnessDefault 1.0, FLAG_DEFAULT_DISPLAY, FLAG_ROTATES_WITH_CONTENT, FLAG_SECURE, FLAG_SUPPORTS_PROTECTED_BUFFERS}
03-11 01:28:39.077 1530 1615 I ActivityManager: Start proc 9891:com.tencent.tmgp.sgame:xg_vip_service/u0a93 for service {com.tencent.tmgp.sgame/com.tencent.android.tpush.service.XGVipPushService}
01-01 08:35:40.135 0 0 I binder : 9891:9891 ioctl 40046210 7ff5e17364 returned -22
03-11 01:28:39.116 1530 1564 W FreeFormWindowHelper: Current Display FreeFormTask is null
03-11 01:28:39.160 1530 1530 D CompatibilityChangeReporter: Compat change id reported: 168419799; UID 10065; state: DISABLED
03-11 01:28:39.377 1530 7363 W WindowManager: Failed looking up window session=Session{a76f7fc 9859:u0a10093} callers=com.android.server.wm.WindowManagerService.windowForClientLocked:5628 com.android.server.wm.Session.insetsModified:629 android.view.IWindowSession$Stub.onTransact:1151
01-01 08:35:40.462 0 0 I binder : 9859:9892 ioctl 40046210 799cf521f4 returned -22
03-11 01:28:40.001 1530 4910 W ActivityManager: Unable to start service Intent { act=com.tencent.tpns.mqttchannel.FEEDBACK pkg=com.tencent.tmgp.sgame } U=0: not found
01-01 08:35:41.097 0 0 W audit : audit_lost=718 audit_rate_limit=5 audit_backlog_limit=64
01-01 08:35:41.097 0 0 E audit : rate limit exceeded
01-01 08:35:42.520 0 0 E DTC_ETH,link_delay_work_func: 3003, SQI=0, link=0
03-11 01:28:42.013 1530 2750 E TaskPersister: File error accessing recents directory (directory doesn't exist?).
01-01 08:35:47.640 0 0 E DTC_ETH,link_delay_work_func: 3003, SQI=0, link=0
01-01 08:35:52.760 0 0 E DTC_ETH,link_delay_work_func: 3003, SQI=0, link=0
01-01 08:35:57.880 0 0 E DTC_ETH,link_delay_work_func: 3003, SQI=0, link=0
01-01 08:36:03.000 0 0 E DTC_ETH,link_delay_work_func: 3003, SQI=0, link=0
01-01 08:36:08.120 0 0 E DTC_ETH,link_delay_work_func: 3003, SQI=0, link=0
01-01 08:36:13.240 0 0 E DTC_ETH,link_delay_work_func: 3003, SQI=0, link=0
01-01 08:36:18.360 0 0 E DTC_ETH,link_delay_work_func: 3003, SQI=0, link=0
01-01 08:36:18.554 0 0 I logd : logdr: UID=2000 GID=2000 PID=10330 b tail=0 logMask=99 pid=0 start=0ns deadline=0ns
01-01 08:36:23.480 0 0 E DTC_ETH,link_delay_work_func: 3003, SQI=0, link=0
01-01 08:36:28.600 0 0 E DTC_ETH,link_delay_work_func: 3003, SQI=0, link=0
03-11 01:29:31.869 1530 4910 W FreeFormWindowHelper: Current Display FreeFormTask is null
03-11 01:29:31.869 1530 4910 W FreeFormWindowHelper: Current Display FreeFormTask is null
03-11 01:29:31.871 1530 4910 W FreeFormWindowHelper: Current Display FreeFormTask is null
03-11 01:29:31.873 1530 4910 W FreeFormWindowHelper: Current Display FreeFormTask is null
03-11 01:29:31.925 1530 4910 W FreeFormWindowHelper: Current Display FreeFormTask is null
03-11 01:29:31.925 1530 8134 W FreeFormWindowHelper: Current Display FreeFormTask is null
03-11 01:29:31.926 1530 4910 W FreeFormWindowHelper: Current Display FreeFormTask is null
03-11 01:29:31.937 1530 4910 W ActivityTaskManager: getTaskSnapshot: taskId=-863 not found
03-11 01:29:31.938 1530 4910 W ActivityTaskManager: getTaskSnapshot: taskId=-863 not found
03-11 01:29:31.938 1530 4910 W ActivityTaskManager: getTaskSnapshot: taskId=-863 not found
03-11 01:29:31.938 1530 4910 W ActivityTaskManager: getTaskSnapshot: taskId=-863 not found
03-11 01:29:31.959 1530 4910 W FreeFormWindowHelper: Current Display FreeFormTask is null
03-11 01:29:31.960 1530 8134 W FreeFormWindowHelper: Current Display FreeFormTask is null
03-11 01:29:31.960 1530 4910 W ActivityTaskManager: getTaskSnapshot: taskId=-863 not found
03-11 01:29:31.960 1530 4910 W ActivityTaskManager: getTaskSnapshot: taskId=-863 not found
03-11 01:29:31.960 1530 4910 W ActivityTaskManager: getTaskSnapshot: taskId=-863 not found
03-11 01:29:31.960 1530 4910 W ActivityTaskManager: getTaskSnapshot: taskId=-863 not found
03-11 01:29:31.961 1530 4910 W ActivityTaskManager: getTaskSnapshot: taskId=-863 not found
03-11 01:29:31.967 1530 8134 W FreeFormWindowHelper: Current Display FreeFormTask is null
03-11 01:29:31.969 1530 4910 W FreeFormWindowHelper: Current Display FreeFormTask is null
03-11 01:29:31.972 1530 4910 W ActivityTaskManager: getTaskSnapshot: taskId=-767 not found
03-11 01:29:31.973 1530 4910 W ActivityTaskManager: getTaskSnapshot: taskId=-766 not found
03-11 01:29:31.973 1530 4910 W ActivityTaskManager: getTaskSnapshot: taskId=-766 not found
03-11 01:29:31.973 1530 4910 W ActivityTaskManager: getTaskSnapshot: taskId=-766 not found
03-11 01:29:31.985 1530 4910 W FreeFormWindowHelper: Current Display FreeFormTask is null
03-11 01:29:31.985 1530 4910 W FreeFormWindowHelper: Current Display FreeFormTask is null
03-11 01:29:32.018 1530 4910 W FreeFormWindowHelper: Current Display FreeFormTask is null
03-11 01:29:32.019 1530 4910 W FreeFormWindowHelper: Current Display FreeFormTask is null
03-11 01:29:32.278 1530 9804 W FreeFormWindowHelper: Current Display FreeFormTask is null
03-11 01:29:32.278 1530 9804 W FreeFormWindowHelper: Current Display FreeFormTask is null
03-11 01:29:32.279 1530 8134 W FreeFormWindowHelper: Current Display FreeFormTask is null
01-01 08:36:33.721 0 0 E DTC_ETH,link_delay_work_func: 3003, SQI=0, link=0
03-11 01:29:32.694 1530 9804 I ActivityTaskManager: FOREGROUND_APPLICATION_CHANGED to com.android.launcher3.uioverrides.QuickstepLauncher
03-11 01:29:32.704 1530 4910 W FreeFormWindowHelper: Current Display FreeFormTask is null
03-11 01:29:32.704 1530 4910 W FreeFormWindowHelper: Current Display FreeFormTask is null
03-11 01:29:32.704 1530 1564 W FreeFormWindowHelper: Current Display FreeFormTask is null
03-11 01:29:32.722 1530 2081 W FreeFormWindowHelper: Current Display FreeFormTask is null
03-11 01:29:32.723 1530 2081 W FreeFormWindowHelper: Current Display FreeFormTask is null
03-11 01:29:32.801 1530 9804 W FreeFormWindowHelper: Current Display FreeFormTask is null
03-11 01:29:32.813 2054 3742 W ContextImpl: Calling a method in the system process without a qualified user: android.app.ContextImpl.startService:1816 android.content.ContextWrapper.startService:774 com.thundercomm.gamemode.ingame.services.GameModeActionUtils.startGameModeService:118 com.thundercomm.gamemode.ingame.services.GameModeActionUtils.startGameModeEntry:29 com.thundercomm.gamemode.ingame.services.ActivityMonitoringService$1.onActivityLaunch:140
01-01 08:36:33.860 0 0 W ALERT : changing window size from 8000000 to 16000000 at 1358956023126
03-11 01:29:32.823 1530 1530 I GameModeConfig: Current uri is uri = content://com.thundercomm.gamemode.api/gamemode_settings/gamemode_isgaming
03-11 01:29:32.824 1530 1530 I GameModeConfig: isGameModeOn = true
03-11 01:29:32.824 1530 1530 I GameModeConfig: isGaming = false
03-11 01:29:32.825 1530 1530 I GameModeConfig: isGameModeOn = true
03-11 01:29:32.825 1530 1530 I GameModeConfig: isGaming = false
03-11 01:29:32.825 1530 1530 I GameModeConfig: isDisableVoice = true
01-01 08:36:33.889 0 0 I : [MAX975X:max96755x_drm_notifier_callback] *INFO* receives EARLY_BLANK:UNBLANK
01-01 08:36:33.889 0 0 I atmel_mxt_ts 0-004a: FB event:2,blank:0
01-01 08:36:33.889 0 0 I atmel_mxt_ts 0-004a: suspend: event = 2, blank = 0, not care
01-01 08:36:33.889 0 0 I [drm:dsi_display_set_mode] [msm-dsi-info]: mdp_transfer_time_us=0 us
01-01 08:36:33.889 0 0 I [drm:dsi_display_set_mode] [msm-dsi-info]: hactive= 2560,vactive= 1080,fps=60
01-01 08:36:33.889 0 0 I : [MAX975X:max96755x_drm_notifier_callback] *INFO* receives BLANK:UNBLANK
01-01 08:36:33.889 0 0 I atmel_mxt_ts 0-004a: FB event:1,blank:0
01-01 08:36:33.889 0 0 I atmel_mxt_ts 0-004a: drm_notifier_callback: UNBLANK! Resume by drm notifier.
03-11 01:29:32.868 1530 1607 I DisplayDeviceRepository: Display device changed: DisplayDeviceInfo{"内置屏幕": uniqueId="local:4630946816427681409", 2560 x 1080, modeId 1, defaultModeId 1, supportedModes [{id=1, width=2560, height=1080, fps=60.000004, alternativeRefreshRates=[30.000002, 45.0]}, {id=2, width=2560, height=1080, fps=45.0, alternativeRefreshRates=[30.000002, 60.000004]}, {id=3, width=2560, height=1080, fps=30.000002, alternativeRefreshRates=[45.0, 60.000004]}], colorMode 0, supportedColorModes [0], hdrCapabilities HdrCapabilities{mSupportedHdrTypes=[2, 3, 4], mMaxLuminance=500.0, mMaxAverageLuminance=500.0, mMinLuminance=0.0}, allmSupported false, gameContentTypeSupported false, density 240, 320.315 x 318.976 dpi, appVsyncOff 1000000, presDeadline 16666666, touch INTERNAL, rotation 0, type INTERNAL, address {port=129, model=0x40446d97fee5e6}, deviceProductInfo DeviceProductInfo{name=, manufacturerPnpId=QCM, productId=1, modelYear=null, manufactureDate=ManufactureDate{week=27, year=2006}, connectionToSinkType=0}, state ON, frameRateOverride , brightnessMinimum 0.0, brightnessMaximum 1.0, brightnessDefault 1.0, FLAG_DEFAULT_DISPLAY, FLAG_ROTATES_WITH_CONTENT, FLAG_SECURE, FLAG_SUPPORTS_PROTECTED_BUFFERS}
03-11 01:29:33.267 1530 8134 I ActivityTaskManager: FOREGROUND_APPLICATION_CHANGED to com.android.settings.homepage.SettingsHomepageActivity
03-11 01:29:33.300 1530 1621 W BatteryExternalStatsWorker: error reading modem stats:ERROR_PHONE_NOT_AVAILABLE
03-11 01:29:33.328 1530 1621 E KernelCpuSpeedReader: Failed to read cpu-freq: /sys/devices/system/cpu/cpu4/cpufreq/stats/time_in_state: open failed: ENOENT (No such file or directory)
03-11 01:29:33.328 1530 1621 E KernelCpuSpeedReader: Failed to read cpu-freq: /sys/devices/system/cpu/cpu0/cpufreq/stats/time_in_state: open failed: ENOENT (No such file or directory)
01-01 08:36:34.380 0 0 W audit : audit_lost=721 audit_rate_limit=5 audit_backlog_limit=64
01-01 08:36:34.380 0 0 E audit : rate limit exceeded
03-11 01:29:33.368 1530 1621 D KernelCpuUidUserSysTimeReader: Removing uids 99000-99000
03-11 01:29:33.373 1530 2081 W FreeFormWindowHelper: Current Display FreeFormTask is null
03-11 01:29:33.378 1530 1621 W BatteryExternalStatsWorker: error reading modem stats:ERROR_PHONE_NOT_AVAILABLE
03-11 01:29:33.380 1530 1621 E KernelCpuSpeedReader: Failed to read cpu-freq: /sys/devices/system/cpu/cpu4/cpufreq/stats/time_in_state: open failed: ENOENT (No such file or directory)
03-11 01:29:33.380 1530 1621 E KernelCpuSpeedReader: Failed to read cpu-freq: /sys/devices/system/cpu/cpu0/cpufreq/stats/time_in_state: open failed: ENOENT (No such file or directory)
03-11 01:29:33.646 1530 1564 W FreeFormWindowHelper: exitRecentTasks type=0
03-11 01:29:35.178 1530 1614 I DropBoxManagerService: add tag=system_server_wtf isTagEnabled=true flags=0x2
03-11 01:29:35.181 1530 1614 I DropBoxManagerService: add tag=system_server_wtf isTagEnabled=true flags=0x2
03-11 01:29:35.182 1530 1564 W FreeFormWindowHelper: Current Display FreeFormTask is null
03-11 01:29:35.189 1530 1607 I ActivityManager: Killing 9859:com.tencent.tmgp.sgame/u0a93 (adj 905): remove task
03-11 01:29:35.192 1530 4910 I ActivityManager: Killing 9891:com.tencent.tmgp.sgame:xg_vip_service/u0a93 (adj 500): remove task
03-11 01:29:35.197 1530 2750 E TaskPersister: File error accessing recents directory (directory doesn't exist?).
03-11 01:29:35.239 1530 1564 W ActivityManager: Scheduling restart of crashed service com.tencent.tmgp.sgame/com.tencent.android.tpush.service.XGVipPushService in 1000ms for connection
03-11 01:29:35.273 1530 1564 W FreeFormWindowHelper: Current Display FreeFormTask is null
03-11 01:29:35.438 1530 4910 I WindowManager: WIN DEATH: Window{14a8d0b u0 com.tencent.tmgp.sgame/com.tencent.tmgp.sgame.SGameActivity}
03-11 01:29:35.446 1530 1608 W ActivityTaskManager: Can't find TaskDisplayArea to determine support for multi window. Task id=26 attached=false
03-11 01:29:35.446 1530 1608 W ActivityTaskManager: Can't find TaskDisplayArea to determine support for multi window. Task id=26 attached=false
03-11 01:29:35.446 1530 1607 W ActivityManager: setHasOverlayUi called on unknown pid: 9859
03-11 01:29:35.449 1530 1613 W UsageStatsService: Unexpected activity event reported! (com.tencent.tmgp.sgame/com.tencent.tmgp.sgame.SGameActivity event : 23 instanceId : 222646626)
03-11 01:29:36.145 1530 8134 W FreeFormWindowHelper: Current Display FreeFormTask is null
03-11 01:29:36.148 1530 8134 W FreeFormWindowHelper: Current Display FreeFormTask is null
03-11 01:29:36.179 1530 8134 W FreeFormWindowHelper: Current Display FreeFormTask is null
03-11 01:29:36.179 1530 2081 W FreeFormWindowHelper: Current Display FreeFormTask is null
03-11 01:29:36.180 1530 8134 W FreeFormWindowHelper: Current Display FreeFormTask is null
03-11 01:29:36.192 1530 8134 W ActivityTaskManager: getTaskSnapshot: taskId=-588 not found
03-11 01:29:36.195 1530 8134 W ActivityTaskManager: getTaskSnapshot: taskId=-587 not found
03-11 01:29:36.198 1530 8134 W ActivityTaskManager: getTaskSnapshot: taskId=-587 not found
03-11 01:29:36.198 1530 8134 W ActivityTaskManager: getTaskSnapshot: taskId=-587 not found
03-11 01:29:36.200 1530 8134 W FreeFormWindowHelper: Current Display FreeFormTask is null
03-11 01:29:36.201 1530 8134 W FreeFormWindowHelper: Current Display FreeFormTask is null
03-11 01:29:36.210 1530 2081 W FreeFormWindowHelper: Current Display FreeFormTask is null
03-11 01:29:36.210 1530 2081 W FreeFormWindowHelper: Current Display FreeFormTask is null
03-11 01:29:36.294 1530 2081 W FreeFormWindowHelper: Current Display FreeFormTask is null
03-11 01:29:36.294 1530 2081 W FreeFormWindowHelper: Current Display FreeFormTask is null
03-11 01:29:36.296 1530 2081 W FreeFormWindowHelper: Current Display FreeFormTask is null
03-11 01:29:36.298 1530 10350 W FreeFormWindowHelper: Current Display FreeFormTask is null
03-11 01:29:36.300 1530 2081 W ActivityTaskManager: getTaskSnapshot: taskId=-438 not found
03-11 01:29:36.302 1530 2081 W ActivityTaskManager: getTaskSnapshot: taskId=-438 not found
03-11 01:29:36.302 1530 2081 W ActivityTaskManager: getTaskSnapshot: taskId=-437 not found
03-11 01:29:36.304 1530 2081 W ActivityTaskManager: getTaskSnapshot: taskId=-437 not found
03-11 01:29:36.304 1530 2081 W ActivityTaskManager: getTaskSnapshot: taskId=-437 not found
03-11 01:29:36.311 1530 10350 W FreeFormWindowHelper: Current Display FreeFormTask is null
03-11 01:29:36.311 1530 2081 W FreeFormWindowHelper: Current Display FreeFormTask is null
03-11 01:29:36.327 1530 4910 W FreeFormWindowHelper: Current Display FreeFormTask is null
03-11 01:29:36.328 1530 4910 W FreeFormWindowHelper: Current Display FreeFormTask is null
03-11 01:29:36.729 1530 10350 W FreeFormWindowHelper: Current Display FreeFormTask is null
03-11 01:29:36.729 1530 10350 W FreeFormWindowHelper: Current Display FreeFormTask is null
03-11 01:29:36.730 1530 10350 W FreeFormWindowHelper: Current Display FreeFormTask is null
03-11 01:29:37.074 1530 4910 I ActivityTaskManager: FOREGROUND_APPLICATION_CHANGED to com.android.launcher3.uioverrides.QuickstepLauncher
03-11 01:29:37.088 1530 4910 W FreeFormWindowHelper: Current Display FreeFormTask is null
03-11 01:29:37.089 1530 10350 W FreeFormWindowHelper: Current Display FreeFormTask is null
03-11 01:29:37.090 1530 4910 W FreeFormWindowHelper: Current Display FreeFormTask is null
03-11 01:29:37.120 1530 5296 W FreeFormWindowHelper: Current Display FreeFormTask is null
03-11 01:29:37.120 1530 5296 W FreeFormWindowHelper: Current Display FreeFormTask is null
03-11 01:29:37.186 1530 2081 W FreeFormWindowHelper: Current Display FreeFormTask is null
01-01 08:36:38.840 0 0 E DTC_ETH,link_delay_work_func: 3003, SQI=0, link=0
03-11 01:29:38.446 1530 2750 E TaskPersister: File error accessing recents directory (directory doesn't exist?).
03-11 01:29:38.504 1530 8134 W FreeFormWindowHelper: exitRecentTasks type=0
03-11 01:29:38.515 1530 8134 W FreeFormWindowHelper: Current Display FreeFormTask is null
03-11 01:29:38.515 1530 8134 W FreeFormWindowHelper: Current Display FreeFormTask is null
03-11 01:29:39.409 1530 5296 I thunderperf: PlatormCompat.setOverrides: Uid1=10075 Pid1=2553 Uid2=10075 Pid2=2553
03-11 01:29:39.409 1530 5296 I thunderperf: PlatormCompat.setOverrides: needCheck:false
03-11 01:29:39.409 1530 5296 I thunderperf: CompatConfig.addOverrideUnsafe: bef-state=1
03-11 01:29:39.409 1530 5296 I thunderperf: CompatConfig.addOverrideUnsafe: aft-state=0
03-11 01:29:39.409 1530 5296 I thunderperf: CompatConfig.addOverrideUnsafe: bef-state=1
03-11 01:29:39.409 1530 5296 I thunderperf: CompatConfig.addOverrideUnsafe: aft-state=0
03-11 01:29:39.410 1530 5296 I thunderperf: CompatConfig.addOverrideUnsafe: bef-state=1
03-11 01:29:39.410 1530 5296 I thunderperf: CompatConfig.addOverrideUnsafe: aft-state=0
03-11 01:29:39.410 1530 5296 I thunderperf: CompatConfig.addOverrideUnsafe: bef-state=1
03-11 01:29:39.410 1530 5296 I thunderperf: CompatConfig.addOverrideUnsafe: aft-state=0
03-11 01:29:39.410 1530 5296 I thunderperf: CompatConfig.addOverrideUnsafe: bef-state=1
03-11 01:29:39.410 1530 5296 I thunderperf: CompatConfig.addOverrideUnsafe: aft-state=0
03-11 01:29:39.411 1530 5296 I thunderperf: CompatConfig.addOverrideUnsafe: bef-state=1
03-11 01:29:39.411 1530 5296 I thunderperf: CompatConfig.addOverrideUnsafe: aft-state=0
03-11 01:29:39.411 1530 5296 I thunderperf: CompatConfig.addOverrideUnsafe: bef-state=1
03-11 01:29:39.411 1530 5296 I thunderperf: CompatConfig.addOverrideUnsafe: aft-state=0
03-11 01:29:39.411 1530 5296 I thunderperf: CompatConfig.addOverrideUnsafe: bef-state=1
03-11 01:29:39.411 1530 5296 I thunderperf: CompatConfig.addOverrideUnsafe: aft-state=0
03-11 01:29:39.412 1530 5296 I thunderperf: CompatConfig.addOverrideUnsafe: bef-state=1
03-11 01:29:39.412 1530 5296 I thunderperf: CompatConfig.addOverrideUnsafe: aft-state=0
03-11 01:29:39.412 1530 5296 I thunderperf: CompatConfig.addOverrideUnsafe: bef-state=1
03-11 01:29:39.412 1530 5296 I thunderperf: CompatConfig.addOverrideUnsafe: aft-state=0
03-11 01:29:39.412 1530 5296 I thunderperf: CompatConfig.addOverrideUnsafe: bef-state=1
03-11 01:29:39.412 1530 5296 I thunderperf: CompatConfig.addOverrideUnsafe: aft-state=0
03-11 01:29:39.412 1530 5296 I thunderperf: CompatConfig.addOverrideUnsafe: bef-state=1
03-11 01:29:39.412 1530 5296 I thunderperf: CompatConfig.addOverrideUnsafe: aft-state=0
03-11 01:29:39.413 1530 5296 I thunderperf: CompatConfig.addOverrideUnsafe: bef-state=1
03-11 01:29:39.413 1530 5296 I thunderperf: CompatConfig.addOverrideUnsafe: aft-state=0
03-11 01:29:39.413 1530 5296 I thunderperf: CompatConfig.addOverrideUnsafe: bef-state=1
03-11 01:29:39.413 1530 5296 I thunderperf: CompatConfig.addOverrideUnsafe: aft-state=0
03-11 01:29:39.414 1530 5296 I ActivityTaskManager: START u0 {act=android.intent.action.MAIN cat=[android.intent.category.LAUNCHER] flg=0x10200000 cmp=com.tencent.tmgp.sgame/.SGameActivity bnds=[1017,120][1319,402]} from uid 10075
03-11 01:29:39.415 1530 5296 W ActivityTaskManager: Can't find TaskDisplayArea to determine support for multi window. Task id=27 attached=false
03-11 01:29:39.417 1530 5296 D CompatibilityChangeReporter: Compat change id reported: 174042980; UID 10093; state: DISABLED
03-11 01:29:39.417 1530 5296 D CompatibilityChangeReporter: Compat change id reported: 184838306; UID 10093; state: DISABLED
03-11 01:29:39.417 1530 5296 D CompatibilityChangeReporter: Compat change id reported: 185004937; UID 10093; state: DISABLED
03-11 01:29:39.417 1530 5296 D CompatibilityChangeReporter: Compat change id reported: 181136395; UID 10093; state: DISABLED
03-11 01:29:39.417 1530 5296 D CompatibilityChangeReporter: Compat change id reported: 174042936; UID 10093; state: DISABLED
03-11 01:29:39.418 1530 5296 D CompatibilityChangeReporter: Compat change id reported: 168419799; UID 10093; state: ENABLED
03-11 01:29:39.418 1530 5296 D CompatibilityChangeReporter: Compat change id reported: 182811243; UID 10093; state: DISABLED
03-11 01:29:39.419 1530 5296 D CompatibilityChangeReporter: Compat change id reported: 189969734; UID 10093; state: DISABLED
03-11 01:29:39.419 1530 5296 D CompatibilityChangeReporter: Compat change id reported: 176926753; UID 10093; state: DISABLED
03-11 01:29:39.419 1530 5296 D CompatibilityChangeReporter: Compat change id reported: 189969779; UID 10093; state: DISABLED
03-11 01:29:39.419 1530 5296 D CompatibilityChangeReporter: Compat change id reported: 176926829; UID 10093; state: DISABLED
03-11 01:29:39.419 1530 5296 D CompatibilityChangeReporter: Compat change id reported: 189969744; UID 10093; state: DISABLED
03-11 01:29:39.420 1530 5296 D CompatibilityChangeReporter: Compat change id reported: 176926771; UID 10093; state: DISABLED
03-11 01:29:39.420 1530 5296 D CompatibilityChangeReporter: Compat change id reported: 189970036; UID 10093; state: DISABLED
03-11 01:29:39.420 1530 5296 D CompatibilityChangeReporter: Compat change id reported: 176926741; UID 10093; state: DISABLED
03-11 01:29:39.420 1530 5296 D CompatibilityChangeReporter: Compat change id reported: 189969782; UID 10093; state: DISABLED
03-11 01:29:39.420 1530 5296 D CompatibilityChangeReporter: Compat change id reported: 189970038; UID 10093; state: DISABLED
03-11 01:29:39.420 1530 5296 D CompatibilityChangeReporter: Compat change id reported: 189969749; UID 10093; state: ENABLED
03-11 01:29:39.423 1530 8134 W FreeFormWindowHelper: Current Display FreeFormTask is null
03-11 01:29:39.424 1530 1607 D CompatibilityChangeReporter: Compat change id reported: 135634846; UID 10093; state: DISABLED
03-11 01:29:39.424 1530 1607 D CompatibilityChangeReporter: Compat change id reported: 177438394; UID 10093; state: DISABLED
03-11 01:29:39.424 1530 1607 D CompatibilityChangeReporter: Compat change id reported: 135772972; UID 10093; state: DISABLED
03-11 01:29:39.424 1530 1607 D CompatibilityChangeReporter: Compat change id reported: 135754954; UID 10093; state: DISABLED
03-11 01:29:39.425 1530 1615 D CompatibilityChangeReporter: Compat change id reported: 143937733; UID 10093; state: DISABLED
03-11 01:29:39.425 1530 2081 I ActivityTaskManager: FOREGROUND_APPLICATION_CHANGED to com.tencent.tmgp.sgame.SGameActivity
03-11 01:29:39.430 1530 1615 I ActivityManager: Start proc 10363:com.tencent.tmgp.sgame/u0a93 for pre-top-activity {com.tencent.tmgp.sgame/com.tencent.tmgp.sgame.SGameActivity}
03-11 01:29:39.431 1530 10364 W ContextImpl: Calling a method in the system process without a qualified user: android.app.ContextImpl.sendBroadcast:1173 com.qualcomm.qti.Performance$SendGameLaunchBroadcast.run:217 java.lang.Thread.run:920
01-01 08:36:40.485 0 0 I binder : 10363:10363 ioctl 40046210 7ff5e17364 returned -22
03-11 01:29:39.451 2054 3742 W ContextImpl: Calling a method in the system process without a qualified user: android.app.ContextImpl.startService:1816 android.content.ContextWrapper.startService:774 com.thundercomm.gamemode.ingame.services.GameModeActionUtils.startGameModeService:118 com.thundercomm.gamemode.ingame.services.GameModeActionUtils.startGameModeEntry:29 com.thundercomm.gamemode.ingame.services.ActivityMonitoringService$1.onActivityLaunch:140
03-11 01:29:39.457 1530 1530 I GameModeConfig: Current uri is uri = content://com.thundercomm.gamemode.api/gamemode_settings/gamemode_isgaming
03-11 01:29:39.458 1530 1530 I GameModeConfig: isGameModeOn = true
03-11 01:29:39.458 1530 1530 I GameModeConfig: isGaming = true
03-11 01:29:39.458 1530 1530 I GameModeConfig: isDisableNotification = true
03-11 01:29:39.458 1530 1530 I GameModeConfig: isGameModeOn = true
03-11 01:29:39.459 1530 1530 I GameModeConfig: isGaming = true
03-11 01:29:39.459 1530 1530 I GameModeConfig: isDisableNotification = true
01-01 08:36:40.516 0 0 W ALERT : changing window size from 16000000 to 8000000 at 1365612020780
