03-11 01:50:58.534 1530 2906 W ActivityTaskManager: getTaskSnapshot: taskId=-249 not found
03-11 01:50:58.534 1530 2906 W ActivityTaskManager: getTaskSnapshot: taskId=-249 not found
03-11 01:50:58.534 1530 2906 W ActivityTaskManager: getTaskSnapshot: taskId=-249 not found
03-11 01:50:58.534 1530 2906 W ActivityTaskManager: getTaskSnapshot: taskId=-248 not found
03-11 01:50:58.560 1530 2906 W FreeFormWindowHelper: Current Display FreeFormTask is null
03-11 01:50:58.561 1530 2906 W FreeFormWindowHelper: Current Display FreeFormTask is null
03-11 01:50:58.561 1530 2906 W ActivityTaskManager: getTaskSnapshot: taskId=-249 not found
03-11 01:50:58.561 1530 2906 W ActivityTaskManager: getTaskSnapshot: taskId=-249 not found
03-11 01:50:58.561 1530 2906 W ActivityTaskManager: getTaskSnapshot: taskId=-249 not found
03-11 01:50:58.562 1530 2906 W ActivityTaskManager: getTaskSnapshot: taskId=-248 not found
03-11 01:50:58.590 1530 2906 W ActivityTaskManager: getTaskSnapshot: taskId=-249 not found
03-11 01:50:58.590 1530 2906 W ActivityTaskManager: getTaskSnapshot: taskId=-249 not found
03-11 01:50:58.591 1530 2906 W ActivityTaskManager: getTaskSnapshot: taskId=-249 not found
03-11 01:50:58.591 1530 2906 W ActivityTaskManager: getTaskSnapshot: taskId=-249 not found
03-11 01:50:58.591 1530 2081 W ActivityTaskManager: getTaskSnapshot: taskId=-248 not found
03-11 01:50:58.592 1530 2906 W FreeFormWindowHelper: Current Display FreeFormTask is null
03-11 01:50:58.593 1530 2117 W FreeFormWindowHelper: Current Display FreeFormTask is null
03-11 01:50:58.594 1530 2117 W ActivityTaskManager: getTaskSnapshot: taskId=-143 not found
03-11 01:50:58.594 1530 2117 W ActivityTaskManager: getTaskSnapshot: taskId=-143 not found
03-11 01:50:58.594 1530 2117 W ActivityTaskManager: getTaskSnapshot: taskId=-143 not found
03-11 01:50:58.594 1530 2117 W ActivityTaskManager: getTaskSnapshot: taskId=-143 not found
03-11 01:50:58.624 1530 2117 W FreeFormWindowHelper: Current Display FreeFormTask is null
03-11 01:50:58.624 1530 2906 W FreeFormWindowHelper: Current Display FreeFormTask is null
03-11 01:50:58.657 1530 2906 W FreeFormWindowHelper: Current Display FreeFormTask is null
03-11 01:50:58.657 1530 2906 W FreeFormWindowHelper: Current Display FreeFormTask is null
03-11 01:50:59.073 1530 2117 W FreeFormWindowHelper: Current Display FreeFormTask is null
03-11 01:50:59.073 1530 2906 W FreeFormWindowHelper: Current Display FreeFormTask is null
03-11 01:50:59.073 1530 2117 W FreeFormWindowHelper: Current Display FreeFormTask is null
03-11 01:50:59.429 1530 2117 I ActivityTaskManager: FOREGROUND_APPLICATION_CHANGED to com.android.launcher3.uioverrides.QuickstepLauncher
03-11 01:50:59.461 1530 2906 W FreeFormWindowHelper: Current Display FreeFormTask is null
03-11 01:50:59.461 1530 2906 W FreeFormWindowHelper: Current Display FreeFormTask is null
03-11 01:50:59.461 1530 2906 W FreeFormWindowHelper: Current Display FreeFormTask is null
03-11 01:50:59.493 1530 2108 W FreeFormWindowHelper: Current Display FreeFormTask is null
03-11 01:50:59.493 1530 2906 W FreeFormWindowHelper: Current Display FreeFormTask is null
03-11 01:50:59.535 1530 2906 W FreeFormWindowHelper: Current Display FreeFormTask is null
03-11 01:50:59.537 2054 3742 W ContextImpl: Calling a method in the system process without a qualified user: android.app.ContextImpl.startService:1816 android.content.ContextWrapper.startService:774 com.thundercomm.gamemode.ingame.services.GameModeActionUtils.startGameModeService:118 com.thundercomm.gamemode.ingame.services.GameModeActionUtils.startGameModeEntry:29 com.thundercomm.gamemode.ingame.services.ActivityMonitoringService$1.onActivityLaunch:140
01-01 08:58:00.584 0 0 W ALERT : changing window size from 8000000 to 16000000 at 2645680022270
03-11 01:50:59.540 1530 1530 I GameModeConfig: Current uri is uri = content://com.thundercomm.gamemode.api/gamemode_settings/gamemode_isgaming
03-11 01:50:59.541 1530 1530 I GameModeConfig: isGameModeOn = true
03-11 01:50:59.541 1530 1530 I GameModeConfig: isGaming = false
03-11 01:50:59.541 1530 1530 I GameModeConfig: isGameModeOn = true
03-11 01:50:59.541 1530 1530 I GameModeConfig: isGaming = false
03-11 01:50:59.541 1530 1530 I GameModeConfig: isDisableVoice = true
01-01 08:58:00.626 0 0 I : [MAX975X:max96755x_drm_notifier_callback] *INFO* receives EARLY_BLANK:UNBLANK
01-01 08:58:00.627 0 0 I atmel_mxt_ts 0-004a: FB event:2,blank:0
01-01 08:58:00.627 0 0 I atmel_mxt_ts 0-004a: suspend: event = 2, blank = 0, not care
01-01 08:58:00.627 0 0 I [drm:dsi_display_set_mode] [msm-dsi-info]: mdp_transfer_time_us=0 us
01-01 08:58:00.627 0 0 I [drm:dsi_display_set_mode] [msm-dsi-info]: hactive= 2560,vactive= 1080,fps=60
01-01 08:58:00.627 0 0 I : [MAX975X:max96755x_drm_notifier_callback] *INFO* receives BLANK:UNBLANK
03-11 01:50:59.608 1530 1607 I DisplayDeviceRepository: Display device changed: DisplayDeviceInfo{"内置屏幕": uniqueId="local:4630946816427681409", 2560 x 1080, modeId 1, defaultModeId 1, supportedModes [{id=1, width=2560, height=1080, fps=60.000004, alternativeRefreshRates=[30.000002, 45.0]}, {id=2, width=2560, height=1080, fps=45.0, alternativeRefreshRates=[30.000002, 60.000004]}, {id=3, width=2560, height=1080, fps=30.000002, alternativeRefreshRates=[45.0, 60.000004]}], colorMode 0, supportedColorModes [0], hdrCapabilities HdrCapabilities{mSupportedHdrTypes=[2, 3, 4], mMaxLuminance=500.0, mMaxAverageLuminance=500.0, mMinLuminance=0.0}, allmSupported false, gameContentTypeSupported false, density 240, 320.315 x 318.976 dpi, appVsyncOff 1000000, presDeadline 16666666, touch INTERNAL, rotation 0, type INTERNAL, address {port=129, model=0x40446d97fee5e6}, deviceProductInfo DeviceProductInfo{name=, manufacturerPnpId=QCM, productId=1, modelYear=null, manufactureDate=ManufactureDate{week=27, year=2006}, connectionToSinkType=0}, state ON, frameRateOverride , brightnessMinimum 0.0, brightnessMaximum 1.0, brightnessDefault 1.0, FLAG_DEFAULT_DISPLAY, FLAG_ROTATES_WITH_CONTENT, FLAG_SECURE, FLAG_SUPPORTS_PROTECTED_BUFFERS}
01-01 08:58:00.727 0 0 I atmel_mxt_ts 0-004a: FB event:1,blank:0
01-01 08:58:00.727 0 0 I atmel_mxt_ts 0-004a: drm_notifier_callback: UNBLANK! Resume by drm notifier.
03-11 01:50:59.946 1530 2906 W ActivityManager: Unable to start service Intent { act=com.tencent.tpns.mqttchannel.FEEDBACK pkg=com.tencent.tmgp.sgame } U=0: not found
03-11 01:51:00.158 1530 2906 I ActivityTaskManager: FOREGROUND_APPLICATION_CHANGED to com.android.settings.homepage.SettingsHomepageActivity
03-11 01:51:00.262 1530 2906 W FreeFormWindowHelper: Current Display FreeFormTask is null
03-11 01:51:00.528 1530 2117 W FreeFormWindowHelper: exitRecentTasks type=0
01-01 08:58:03.960 0 0 E DTC_ETH,link_delay_work_func: 3003, SQI=0, link=0
03-11 01:51:03.161 1530 2750 E TaskPersister: File error accessing recents directory (directory doesn't exist?).
01-01 08:58:09.080 0 0 E DTC_ETH,link_delay_work_func: 3003, SQI=0, link=0
01-01 08:58:14.200 0 0 E DTC_ETH,link_delay_work_func: 3003, SQI=0, link=0
03-11 01:51:15.673 1530 2906 W FreeFormWindowHelper: Current Display FreeFormTask is null
03-11 01:51:15.676 1530 2906 W FreeFormWindowHelper: Current Display FreeFormTask is null
03-11 01:51:15.681 1530 2906 W FreeFormWindowHelper: Current Display FreeFormTask is null
03-11 01:51:15.681 1530 2906 W FreeFormWindowHelper: Current Display FreeFormTask is null
03-11 01:51:15.682 1530 11635 W FreeFormWindowHelper: Current Display FreeFormTask is null
03-11 01:51:15.703 1530 2906 W FreeFormWindowHelper: Current Display FreeFormTask is null
03-11 01:51:15.703 1530 2906 W FreeFormWindowHelper: Current Display FreeFormTask is null
03-11 01:51:15.705 1530 2906 W ActivityTaskManager: getTaskSnapshot: taskId=-60 not found
03-11 01:51:15.706 1530 2906 W ActivityTaskManager: getTaskSnapshot: taskId=-59 not found
03-11 01:51:15.707 1530 2906 W ActivityTaskManager: getTaskSnapshot: taskId=-59 not found
03-11 01:51:15.708 1530 2906 W ActivityTaskManager: getTaskSnapshot: taskId=-58 not found
03-11 01:51:15.709 1530 2117 W ActivityTaskManager: getTaskSnapshot: taskId=-60 not found
03-11 01:51:15.709 1530 2117 W ActivityTaskManager: getTaskSnapshot: taskId=-59 not found
03-11 01:51:15.710 1530 2117 W ActivityTaskManager: getTaskSnapshot: taskId=-59 not found
03-11 01:51:15.710 1530 2117 W ActivityTaskManager: getTaskSnapshot: taskId=-60 not found
03-11 01:51:15.710 1530 2117 W ActivityTaskManager: getTaskSnapshot: taskId=-59 not found
03-11 01:51:15.710 1530 2117 W ActivityTaskManager: getTaskSnapshot: taskId=-58 not found
03-11 01:51:15.710 1530 2117 W FreeFormWindowHelper: Current Display FreeFormTask is null
03-11 01:51:15.711 1530 2906 W FreeFormWindowHelper: Current Display FreeFormTask is null
03-11 01:51:15.714 1530 2906 W ActivityTaskManager: getTaskSnapshot: taskId=-24 not found
03-11 01:51:15.715 1530 2117 W FreeFormWindowHelper: Current Display FreeFormTask is null
03-11 01:51:15.715 1530 2117 W FreeFormWindowHelper: Current Display FreeFormTask is null
03-11 01:51:15.716 1530 2117 W ActivityTaskManager: getTaskSnapshot: taskId=-24 not found
03-11 01:51:15.717 1530 2117 W ActivityTaskManager: getTaskSnapshot: taskId=-24 not found
03-11 01:51:15.717 1530 2117 W ActivityTaskManager: getTaskSnapshot: taskId=-24 not found
03-11 01:51:15.732 1530 11635 W FreeFormWindowHelper: Current Display FreeFormTask is null
03-11 01:51:15.732 1530 11635 W FreeFormWindowHelper: Current Display FreeFormTask is null
03-11 01:51:15.767 1530 2108 W FreeFormWindowHelper: exitRecentTasks type=0
03-11 01:51:15.773 1530 2108 W FreeFormWindowHelper: Current Display FreeFormTask is null
03-11 01:51:15.773 1530 2117 W FreeFormWindowHelper: Current Display FreeFormTask is null
03-11 01:51:16.417 1530 2108 W FreeFormWindowHelper: Current Display FreeFormTask is null
03-11 01:51:16.418 1530 2081 W FreeFormWindowHelper: Current Display FreeFormTask is null
03-11 01:51:16.425 1530 2117 I ActivityTaskManager: FOREGROUND_APPLICATION_CHANGED to com.android.launcher3.uioverrides.QuickstepLauncher
03-11 01:51:16.535 1530 2117 W FreeFormWindowHelper: Current Display FreeFormTask is null
03-11 01:51:16.835 1530 2906 W FreeFormWindowHelper: Current Display FreeFormTask is null
03-11 01:51:16.836 1530 2906 W FreeFormWindowHelper: Current Display FreeFormTask is null
03-11 01:51:16.851 1530 2906 W FreeFormWindowHelper: Current Display FreeFormTask is null
03-11 01:51:16.852 1530 2906 W FreeFormWindowHelper: Current Display FreeFormTask is null
03-11 01:51:16.853 1530 2906 W FreeFormWindowHelper: Current Display FreeFormTask is null
03-11 01:51:16.854 1530 2117 W FreeFormWindowHelper: Current Display FreeFormTask is null
03-11 01:51:16.855 1530 2906 W FreeFormWindowHelper: Current Display FreeFormTask is null
03-11 01:51:16.855 1530 2906 W FreeFormWindowHelper: Current Display FreeFormTask is null
03-11 01:51:16.857 1530 2906 W ActivityTaskManager: getTaskSnapshot: taskId=-882 not found
03-11 01:51:16.858 1530 2081 W ActivityTaskManager: getTaskSnapshot: taskId=-882 not found
03-11 01:51:16.858 1530 2081 W ActivityTaskManager: getTaskSnapshot: taskId=-882 not found
03-11 01:51:16.858 1530 2081 W ActivityTaskManager: getTaskSnapshot: taskId=-882 not found
03-11 01:51:16.865 1530 2081 W FreeFormWindowHelper: Current Display FreeFormTask is null
03-11 01:51:16.866 1530 2081 W FreeFormWindowHelper: Current Display FreeFormTask is null
03-11 01:51:17.119 1530 11635 W FreeFormWindowHelper: Current Display FreeFormTask is null
03-11 01:51:17.119 1530 2117 W FreeFormWindowHelper: Current Display FreeFormTask is null
03-11 01:51:17.134 1530 2081 W FreeFormWindowHelper: Current Display FreeFormTask is null
03-11 01:51:17.134 1530 11635 W FreeFormWindowHelper: Current Display FreeFormTask is null
03-11 01:51:17.150 1530 2108 W FreeFormWindowHelper: Current Display FreeFormTask is null
03-11 01:51:17.151 1530 11635 W FreeFormWindowHelper: Current Display FreeFormTask is null
03-11 01:51:17.167 1530 2906 W FreeFormWindowHelper: Current Display FreeFormTask is null
03-11 01:51:17.167 1530 2906 W FreeFormWindowHelper: Current Display FreeFormTask is null
03-11 01:51:17.184 1530 2081 W FreeFormWindowHelper: Current Display FreeFormTask is null
03-11 01:51:17.184 1530 2081 W FreeFormWindowHelper: Current Display FreeFormTask is null
03-11 01:51:17.202 1530 2906 W FreeFormWindowHelper: Current Display FreeFormTask is null
03-11 01:51:17.203 1530 2906 W FreeFormWindowHelper: Current Display FreeFormTask is null
03-11 01:51:17.218 1530 2117 W FreeFormWindowHelper: Current Display FreeFormTask is null
03-11 01:51:17.218 1530 2906 W FreeFormWindowHelper: Current Display FreeFormTask is null
03-11 01:51:17.235 1530 11635 W FreeFormWindowHelper: Current Display FreeFormTask is null
03-11 01:51:17.235 1530 2117 W FreeFormWindowHelper: Current Display FreeFormTask is null
03-11 01:51:17.252 1530 11635 W FreeFormWindowHelper: Current Display FreeFormTask is null
03-11 01:51:17.252 1530 2906 W FreeFormWindowHelper: Current Display FreeFormTask is null
03-11 01:51:17.269 1530 2117 W FreeFormWindowHelper: Current Display FreeFormTask is null
03-11 01:51:17.269 1530 11635 W FreeFormWindowHelper: Current Display FreeFormTask is null
03-11 01:51:17.286 1530 2906 W FreeFormWindowHelper: Current Display FreeFormTask is null
03-11 01:51:17.286 1530 11635 W FreeFormWindowHelper: Current Display FreeFormTask is null
03-11 01:51:17.302 1530 2108 W FreeFormWindowHelper: Current Display FreeFormTask is null
03-11 01:51:17.303 1530 2906 W FreeFormWindowHelper: Current Display FreeFormTask is null
03-11 01:51:17.320 1530 2081 W FreeFormWindowHelper: Current Display FreeFormTask is null
03-11 01:51:17.320 1530 2117 W FreeFormWindowHelper: Current Display FreeFormTask is null
03-11 01:51:17.335 1530 2081 W FreeFormWindowHelper: Current Display FreeFormTask is null
03-11 01:51:17.335 1530 2117 W FreeFormWindowHelper: Current Display FreeFormTask is null
03-11 01:51:17.352 1530 2906 W FreeFormWindowHelper: Current Display FreeFormTask is null
03-11 01:51:17.353 1530 2117 W FreeFormWindowHelper: Current Display FreeFormTask is null
03-11 01:51:17.369 1530 2081 W FreeFormWindowHelper: Current Display FreeFormTask is null
03-11 01:51:17.369 1530 2906 W FreeFormWindowHelper: Current Display FreeFormTask is null
03-11 01:51:17.385 1530 2906 W FreeFormWindowHelper: Current Display FreeFormTask is null
03-11 01:51:17.386 1530 2117 W FreeFormWindowHelper: Current Display FreeFormTask is null
03-11 01:51:17.402 1530 2906 W FreeFormWindowHelper: Current Display FreeFormTask is null
03-11 01:51:17.403 1530 2117 W FreeFormWindowHelper: Current Display FreeFormTask is null
03-11 01:51:17.421 1530 2117 W FreeFormWindowHelper: Current Display FreeFormTask is null
03-11 01:51:17.422 1530 2081 W FreeFormWindowHelper: Current Display FreeFormTask is null
03-11 01:51:17.423 1530 11635 W FreeFormWindowHelper: Current Display FreeFormTask is null
03-11 01:51:17.447 1530 2117 W FreeFormWindowHelper: Current Display FreeFormTask is null
03-11 01:51:17.447 1530 2117 W FreeFormWindowHelper: Current Display FreeFormTask is null
01-01 08:58:19.321 0 0 E DTC_ETH,link_delay_work_func: 3003, SQI=0, link=0
03-11 01:51:18.520 1530 11635 I ActivityTaskManager: FOREGROUND_APPLICATION_CHANGED to com.tencent.tmgp.sgame.SGameActivity
01-01 08:58:19.606 0 0 I : [MAX975X:max96755x_drm_notifier_callback] *INFO* receives EARLY_BLANK:UNBLANK
01-01 08:58:19.606 0 0 I atmel_mxt_ts 0-004a: FB event:2,blank:0
01-01 08:58:19.606 0 0 I atmel_mxt_ts 0-004a: suspend: event = 2, blank = 0, not care
01-01 08:58:19.606 0 0 I [drm:dsi_display_set_mode] [msm-dsi-info]: mdp_transfer_time_us=0 us
01-01 08:58:19.606 0 0 I [drm:dsi_display_set_mode] [msm-dsi-info]: hactive= 2560,vactive= 1080,fps=30
01-01 08:58:19.606 0 0 I : [MAX975X:max96755x_drm_notifier_callback] *INFO* receives BLANK:UNBLANK
01-01 08:58:19.607 0 0 I atmel_mxt_ts 0-004a: FB event:1,blank:0
01-01 08:58:19.607 0 0 I atmel_mxt_ts 0-004a: drm_notifier_callback: UNBLANK! Resume by drm notifier.
01-01 08:58:19.608 0 0 W ALERT : changing window size from 16000000 to 20000000 at 2664704031169
03-11 01:51:18.553 2054 3742 W ContextImpl: Calling a method in the system process without a qualified user: android.app.ContextImpl.startService:1816 android.content.ContextWrapper.startService:774 com.thundercomm.gamemode.ingame.services.GameModeActionUtils.startGameModeService:118 com.thundercomm.gamemode.ingame.services.GameModeActionUtils.startGameModeEntry:29 com.thundercomm.gamemode.ingame.services.ActivityMonitoringService$1.onActivityLaunch:140
03-11 01:51:18.567 1530 1530 I GameModeConfig: Current uri is uri = content://com.thundercomm.gamemode.api/gamemode_settings/gamemode_isgaming
03-11 01:51:18.569 1530 1530 I GameModeConfig: isGameModeOn = true
03-11 01:51:18.569 1530 1530 I GameModeConfig: isGaming = true
03-11 01:51:18.569 1530 1530 I GameModeConfig: isDisableNotification = true
03-11 01:51:18.570 1530 1530 I GameModeConfig: isGameModeOn = true
03-11 01:51:18.570 1530 1530 I GameModeConfig: isGaming = true
03-11 01:51:18.570 1530 1530 I GameModeConfig: isDisableNotification = true
03-11 01:51:18.572 1530 1607 I DisplayDeviceRepository: Display device changed: DisplayDeviceInfo{"内置屏幕": uniqueId="local:4630946816427681409", 2560 x 1080, modeId 3, defaultModeId 1, supportedModes [{id=1, width=2560, height=1080, fps=60.000004, alternativeRefreshRates=[30.000002, 45.0]}, {id=2, width=2560, height=1080, fps=45.0, alternativeRefreshRates=[30.000002, 60.000004]}, {id=3, width=2560, height=1080, fps=30.000002, alternativeRefreshRates=[45.0, 60.000004]}], colorMode 0, supportedColorModes [0], hdrCapabilities HdrCapabilities{mSupportedHdrTypes=[2, 3, 4], mMaxLuminance=500.0, mMaxAverageLuminance=500.0, mMinLuminance=0.0}, allmSupported false, gameContentTypeSupported false, density 240, 320.315 x 318.976 dpi, appVsyncOff 1000000, presDeadline 33333333, touch INTERNAL, rotation 0, type INTERNAL, address {port=129, model=0x40446d97fee5e6}, deviceProductInfo DeviceProductInfo{name=, manufacturerPnpId=QCM, productId=1, modelYear=null, manufactureDate=ManufactureDate{week=27, year=2006}, connectionToSinkType=0}, state ON, frameRateOverride , brightnessMinimum 0.0, brightnessMaximum 1.0, brightnessDefault 1.0, FLAG_DEFAULT_DISPLAY, FLAG_ROTATES_WITH_CONTENT, FLAG_SECURE, FLAG_SUPPORTS_PROTECTED_BUFFERS}
01-01 08:58:19.628 0 0 W ALERT : changing window size from 20000000 to 8000000 at 2664724056794
03-11 01:51:18.637 1530 2081 W FreeFormWindowHelper: Current Display FreeFormTask is null
03-11 01:51:18.942 1530 2081 W FreeFormWindowHelper: exitRecentTasks type=0
03-11 01:51:21.526 1530 2750 E TaskPersister: File error accessing recents directory (directory doesn't exist?).
01-01 08:58:24.440 0 0 E DTC_ETH,link_delay_work_func: 3003, SQI=0, link=0
03-11 01:51:27.194 1530 2108 W FreeFormWindowHelper: Current Display FreeFormTask is null
03-11 01:51:27.197 1530 2108 W FreeFormWindowHelper: Current Display FreeFormTask is null
03-11 01:51:27.244 1530 2081 W FreeFormWindowHelper: Current Display FreeFormTask is null
03-11 01:51:27.244 1530 2081 W FreeFormWindowHelper: Current Display FreeFormTask is null
03-11 01:51:27.244 1530 2081 W FreeFormWindowHelper: Current Display FreeFormTask is null
03-11 01:51:27.258 1530 2081 W ActivityTaskManager: getTaskSnapshot: taskId=-539 not found
03-11 01:51:27.259 1530 2081 W ActivityTaskManager: getTaskSnapshot: taskId=-538 not found
03-11 01:51:27.260 1530 2081 W ActivityTaskManager: getTaskSnapshot: taskId=-538 not found
03-11 01:51:27.260 1530 2081 W ActivityTaskManager: getTaskSnapshot: taskId=-538 not found
03-11 01:51:27.288 1530 2081 W FreeFormWindowHelper: Current Display FreeFormTask is null
03-11 01:51:27.288 1530 2081 W FreeFormWindowHelper: Current Display FreeFormTask is null
03-11 01:51:27.309 1530 11635 W FreeFormWindowHelper: Current Display FreeFormTask is null
03-11 01:51:27.309 1530 11635 W FreeFormWindowHelper: Current Display FreeFormTask is null
03-11 01:51:27.343 1530 11635 W FreeFormWindowHelper: Current Display FreeFormTask is null
03-11 01:51:27.343 1530 7363 W FreeFormWindowHelper: Current Display FreeFormTask is null
03-11 01:51:27.344 1530 11635 W FreeFormWindowHelper: Current Display FreeFormTask is null
03-11 01:51:27.345 1530 7363 W FreeFormWindowHelper: Current Display FreeFormTask is null
03-11 01:51:27.347 1530 7363 W ActivityTaskManager: getTaskSnapshot: taskId=-391 not found
03-11 01:51:27.348 1530 7363 W ActivityTaskManager: getTaskSnapshot: taskId=-390 not found
03-11 01:51:27.349 1530 7363 W ActivityTaskManager: getTaskSnapshot: taskId=-390 not found
03-11 01:51:27.349 1530 7363 W ActivityTaskManager: getTaskSnapshot: taskId=-390 not found
03-11 01:51:27.377 1530 7363 W FreeFormWindowHelper: Current Display FreeFormTask is null
03-11 01:51:27.377 1530 7363 W FreeFormWindowHelper: Current Display FreeFormTask is null
03-11 01:51:27.410 1530 2081 W FreeFormWindowHelper: Current Display FreeFormTask is null
03-11 01:51:27.410 1530 2081 W FreeFormWindowHelper: Current Display FreeFormTask is null
03-11 01:51:27.650 1530 2117 W FreeFormWindowHelper: Current Display FreeFormTask is null
03-11 01:51:27.650 1530 2081 W FreeFormWindowHelper: Current Display FreeFormTask is null
03-11 01:51:27.651 1530 2081 W FreeFormWindowHelper: Current Display FreeFormTask is null
03-11 01:51:28.050 1530 1662 I ActivityTaskManager: FOREGROUND_APPLICATION_CHANGED to com.android.launcher3.uioverrides.QuickstepLauncher
03-11 01:51:28.080 1530 7363 W FreeFormWindowHelper: Current Display FreeFormTask is null
03-11 01:51:28.080 1530 7363 W FreeFormWindowHelper: Current Display FreeFormTask is null
03-11 01:51:28.081 1530 2081 W FreeFormWindowHelper: Current Display FreeFormTask is null
03-11 01:51:28.113 1530 2117 W FreeFormWindowHelper: Current Display FreeFormTask is null
03-11 01:51:28.113 1530 2117 W FreeFormWindowHelper: Current Display FreeFormTask is null
03-11 01:51:28.172 1530 2081 W FreeFormWindowHelper: Current Display FreeFormTask is null
03-11 01:51:28.189 2054 3742 W ContextImpl: Calling a method in the system process without a qualified user: android.app.ContextImpl.startService:1816 android.content.ContextWrapper.startService:774 com.thundercomm.gamemode.ingame.services.GameModeActionUtils.startGameModeService:118 com.thundercomm.gamemode.ingame.services.GameModeActionUtils.startGameModeEntry:29 com.thundercomm.gamemode.ingame.services.ActivityMonitoringService$1.onActivityLaunch:140
03-11 01:51:28.198 1530 1530 I GameModeConfig: Current uri is uri = content://com.thundercomm.gamemode.api/gamemode_settings/gamemode_isgaming
03-11 01:51:28.200 1530 1530 I GameModeConfig: isGameModeOn = true
03-11 01:51:28.200 1530 1530 I GameModeConfig: isGaming = false
03-11 01:51:28.200 1530 1530 I GameModeConfig: isGameModeOn = true
03-11 01:51:28.200 1530 1530 I GameModeConfig: isGaming = false
03-11 01:51:28.200 1530 1530 I GameModeConfig: isDisableVoice = true
01-01 08:58:29.244 0 0 W ALERT : changing window size from 8000000 to 16000000 at 2674340028926
01-01 08:58:29.280 0 0 I : [MAX975X:max96755x_drm_notifier_callback] *INFO* receives EARLY_BLANK:UNBLANK
01-01 08:58:29.280 0 0 I atmel_mxt_ts 0-004a: FB event:2,blank:0
01-01 08:58:29.280 0 0 I atmel_mxt_ts 0-004a: suspend: event = 2, blank = 0, not care
01-01 08:58:29.280 0 0 I [drm:dsi_display_set_mode] [msm-dsi-info]: mdp_transfer_time_us=0 us
01-01 08:58:29.280 0 0 I [drm:dsi_display_set_mode] [msm-dsi-info]: hactive= 2560,vactive= 1080,fps=60
01-01 08:58:29.281 0 0 I : [MAX975X:max96755x_drm_notifier_callback] *INFO* receives BLANK:UNBLANK
01-01 08:58:29.281 0 0 I atmel_mxt_ts 0-004a: FB event:1,blank:0
01-01 08:58:29.281 0 0 I atmel_mxt_ts 0-004a: drm_notifier_callback: UNBLANK! Resume by drm notifier.
03-11 01:51:28.261 1530 1607 I DisplayDeviceRepository: Display device changed: DisplayDeviceInfo{"内置屏幕": uniqueId="local:4630946816427681409", 2560 x 1080, modeId 1, defaultModeId 1, supportedModes [{id=1, width=2560, height=1080, fps=60.000004, alternativeRefreshRates=[30.000002, 45.0]}, {id=2, width=2560, height=1080, fps=45.0, alternativeRefreshRates=[30.000002, 60.000004]}, {id=3, width=2560, height=1080, fps=30.000002, alternativeRefreshRates=[45.0, 60.000004]}], colorMode 0, supportedColorModes [0], hdrCapabilities HdrCapabilities{mSupportedHdrTypes=[2, 3, 4], mMaxLuminance=500.0, mMaxAverageLuminance=500.0, mMinLuminance=0.0}, allmSupported false, gameContentTypeSupported false, density 240, 320.315 x 318.976 dpi, appVsyncOff 1000000, presDeadline 16666666, touch INTERNAL, rotation 0, type INTERNAL, address {port=129, model=0x40446d97fee5e6}, deviceProductInfo DeviceProductInfo{name=, manufacturerPnpId=QCM, productId=1, modelYear=null, manufactureDate=ManufactureDate{week=27, year=2006}, connectionToSinkType=0}, state ON, frameRateOverride , brightnessMinimum 0.0, brightnessMaximum 1.0, brightnessDefault 1.0, FLAG_DEFAULT_DISPLAY, FLAG_ROTATES_WITH_CONTENT, FLAG_SECURE, FLAG_SUPPORTS_PROTECTED_BUFFERS}
01-01 08:58:29.560 0 0 E DTC_ETH,link_delay_work_func: 3003, SQI=0, link=0
03-11 01:51:29.369 1530 2906 I ActivityTaskManager: FOREGROUND_APPLICATION_CHANGED to com.android.settings.homepage.SettingsHomepageActivity
03-11 01:51:29.476 1530 2108 W FreeFormWindowHelper: Current Display FreeFormTask is null
03-11 01:51:29.755 1530 7363 W FreeFormWindowHelper: exitRecentTasks type=0
03-11 01:51:32.380 1530 2750 E TaskPersister: File error accessing recents directory (directory doesn't exist?).
01-01 08:58:34.680 0 0 E DTC_ETH,link_delay_work_func: 3003, SQI=0, link=0
03-11 01:51:34.188 1530 1614 I DropBoxManagerService: add tag=system_server_wtf isTagEnabled=true flags=0x2
03-11 01:51:34.190 1530 1614 I DropBoxManagerService: add tag=system_server_wtf isTagEnabled=true flags=0x2
03-11 01:51:34.192 1530 2117 W FreeFormWindowHelper: Current Display FreeFormTask is null
03-11 01:51:34.193 1530 2750 E TaskPersister: File error accessing recents directory (directory doesn't exist?).
03-11 01:51:34.197 1530 1607 I ActivityManager: Killing 18157:com.tencent.tmgp.sgame/u0a93 (adj 905): remove task
03-11 01:51:34.205 1530 2117 I ActivityManager: Killing 18190:com.tencent.tmgp.sgame:xg_vip_service/u0a93 (adj 500): remove task
03-11 01:51:34.235 1530 2117 W ActivityManager: Scheduling restart of crashed service com.tencent.tmgp.sgame/com.tencent.android.tpush.service.XGVipPushService in 1000ms for connection
03-11 01:51:34.284 1530 2117 W FreeFormWindowHelper: Current Display FreeFormTask is null
03-11 01:51:34.427 1530 12140 I WindowManager: WIN DEATH: Window{9ae2a23 u0 com.tencent.tmgp.sgame/com.tencent.tmgp.sgame.SGameActivity}
03-11 01:51:34.433 1530 1608 W ActivityTaskManager: Can't find TaskDisplayArea to determine support for multi window. Task id=46 attached=false
03-11 01:51:34.433 1530 1608 W ActivityTaskManager: Can't find TaskDisplayArea to determine support for multi window. Task id=46 attached=false
03-11 01:51:34.433 1530 1607 W ActivityManager: setHasOverlayUi called on unknown pid: 18157
03-11 01:51:34.433 1530 1613 W UsageStatsService: Unexpected activity event reported! (com.tencent.tmgp.sgame/com.tencent.tmgp.sgame.SGameActivity event : 23 instanceId : 141747843)
03-11 01:51:37.434 1530 2750 E TaskPersister: File error accessing recents directory (directory doesn't exist?).
03-11 01:51:37.960 1530 2081 W FreeFormWindowHelper: Current Display FreeFormTask is null
03-11 01:51:37.963 1530 2081 W FreeFormWindowHelper: Current Display FreeFormTask is null
03-11 01:51:37.969 1530 12140 W FreeFormWindowHelper: Current Display FreeFormTask is null
03-11 01:51:37.969 1530 12140 W FreeFormWindowHelper: Current Display FreeFormTask is null
03-11 01:51:37.969 1530 12140 W FreeFormWindowHelper: Current Display FreeFormTask is null
03-11 01:51:37.993 1530 2081 W ActivityTaskManager: getTaskSnapshot: taskId=-773 not found
03-11 01:51:37.995 1530 2081 W FreeFormWindowHelper: Current Display FreeFormTask is null
03-11 01:51:37.995 1530 2081 W FreeFormWindowHelper: Current Display FreeFormTask is null
03-11 01:51:37.995 1530 2906 W ActivityTaskManager: getTaskSnapshot: taskId=-772 not found
03-11 01:51:37.997 1530 2906 W ActivityTaskManager: getTaskSnapshot: taskId=-771 not found
03-11 01:51:38.001 1530 2081 W FreeFormWindowHelper: Current Display FreeFormTask is null
03-11 01:51:38.001 1530 2081 W FreeFormWindowHelper: Current Display FreeFormTask is null
03-11 01:51:38.003 1530 2906 W ActivityTaskManager: getTaskSnapshot: taskId=-771 not found
03-11 01:51:38.079 1530 2906 W ActivityTaskManager: getTaskSnapshot: taskId=-770 not found
03-11 01:51:38.082 1530 2081 W ActivityTaskManager: getTaskSnapshot: taskId=-770 not found
03-11 01:51:38.087 1530 2081 W FreeFormWindowHelper: Current Display FreeFormTask is null
03-11 01:51:38.087 1530 2081 W FreeFormWindowHelper: Current Display FreeFormTask is null
03-11 01:51:38.088 1530 2081 W FreeFormWindowHelper: Current Display FreeFormTask is null
03-11 01:51:38.090 1530 2081 W FreeFormWindowHelper: Current Display FreeFormTask is null
03-11 01:51:38.091 1530 5296 W ActivityTaskManager: getTaskSnapshot: taskId=-646 not found
03-11 01:51:38.094 1530 5296 W ActivityTaskManager: getTaskSnapshot: taskId=-646 not found
03-11 01:51:38.094 1530 5296 W ActivityTaskManager: getTaskSnapshot: taskId=-645 not found
03-11 01:51:38.096 1530 5296 W ActivityTaskManager: getTaskSnapshot: taskId=-645 not found
03-11 01:51:38.097 1530 5296 W ActivityTaskManager: getTaskSnapshot: taskId=-645 not found
03-11 01:51:38.102 1530 5296 W FreeFormWindowHelper: Current Display FreeFormTask is null
03-11 01:51:38.102 1530 5296 W FreeFormWindowHelper: Current Display FreeFormTask is null
03-11 01:51:38.119 1530 2081 W FreeFormWindowHelper: Current Display FreeFormTask is null
03-11 01:51:38.119 1530 2081 W FreeFormWindowHelper: Current Display FreeFormTask is null
03-11 01:51:38.420 1530 2906 W FreeFormWindowHelper: Current Display FreeFormTask is null
03-11 01:51:38.422 1530 2081 W FreeFormWindowHelper: Current Display FreeFormTask is null
03-11 01:51:38.424 1530 5296 W FreeFormWindowHelper: Current Display FreeFormTask is null
01-01 08:58:39.800 0 0 E DTC_ETH,link_delay_work_func: 3003, SQI=0, link=0
03-11 01:51:38.829 1530 2906 I ActivityTaskManager: FOREGROUND_APPLICATION_CHANGED to com.android.launcher3.uioverrides.QuickstepLauncher
03-11 01:51:38.847 1530 5296 W FreeFormWindowHelper: Current Display FreeFormTask is null
03-11 01:51:38.847 1530 5296 W FreeFormWindowHelper: Current Display FreeFormTask is null
03-11 01:51:38.848 1530 5296 W FreeFormWindowHelper: Current Display FreeFormTask is null
03-11 01:51:38.879 1530 11533 W FreeFormWindowHelper: Current Display FreeFormTask is null
03-11 01:51:38.879 1530 11533 W FreeFormWindowHelper: Current Display FreeFormTask is null
03-11 01:51:38.947 1530 2906 W FreeFormWindowHelper: Current Display FreeFormTask is null
03-11 01:51:39.680 1530 5296 W FreeFormWindowHelper: exitRecentTasks type=0
03-11 01:51:40.615 1530 11533 I thunderperf: PlatormCompat.setOverrides: Uid1=10075 Pid1=2553 Uid2=10075 Pid2=2553
03-11 01:51:40.615 1530 11533 I thunderperf: PlatormCompat.setOverrides: needCheck:false
03-11 01:51:40.615 1530 11533 I thunderperf: CompatConfig.addOverrideUnsafe: bef-state=1
03-11 01:51:40.615 1530 11533 I thunderperf: CompatConfig.addOverrideUnsafe: aft-state=0
03-11 01:51:40.616 1530 11533 I thunderperf: CompatConfig.addOverrideUnsafe: bef-state=1
03-11 01:51:40.616 1530 11533 I thunderperf: CompatConfig.addOverrideUnsafe: aft-state=0
03-11 01:51:40.616 1530 11533 I thunderperf: CompatConfig.addOverrideUnsafe: bef-state=1
03-11 01:51:40.616 1530 11533 I thunderperf: CompatConfig.addOverrideUnsafe: aft-state=0
03-11 01:51:40.616 1530 11533 I thunderperf: CompatConfig.addOverrideUnsafe: bef-state=1
03-11 01:51:40.617 1530 11533 I thunderperf: CompatConfig.addOverrideUnsafe: aft-state=0
03-11 01:51:40.617 1530 11533 I thunderperf: CompatConfig.addOverrideUnsafe: bef-state=1
03-11 01:51:40.617 1530 11533 I thunderperf: CompatConfig.addOverrideUnsafe: aft-state=0
03-11 01:51:40.617 1530 11533 I thunderperf: CompatConfig.addOverrideUnsafe: bef-state=1
03-11 01:51:40.617 1530 11533 I thunderperf: CompatConfig.addOverrideUnsafe: aft-state=0
03-11 01:51:40.617 1530 11533 I thunderperf: CompatConfig.addOverrideUnsafe: bef-state=1
03-11 01:51:40.618 1530 11533 I thunderperf: CompatConfig.addOverrideUnsafe: aft-state=0
03-11 01:51:40.618 1530 11533 I thunderperf: CompatConfig.addOverrideUnsafe: bef-state=1
03-11 01:51:40.618 1530 11533 I thunderperf: CompatConfig.addOverrideUnsafe: aft-state=0
03-11 01:51:40.618 1530 11533 I thunderperf: CompatConfig.addOverrideUnsafe: bef-state=1
03-11 01:51:40.618 1530 11533 I thunderperf: CompatConfig.addOverrideUnsafe: aft-state=0
03-11 01:51:40.618 1530 11533 I thunderperf: CompatConfig.addOverrideUnsafe: bef-state=1
03-11 01:51:40.618 1530 11533 I thunderperf: CompatConfig.addOverrideUnsafe: aft-state=0
03-11 01:51:40.619 1530 11533 I thunderperf: CompatConfig.addOverrideUnsafe: bef-state=1
03-11 01:51:40.619 1530 11533 I thunderperf: CompatConfig.addOverrideUnsafe: aft-state=0
03-11 01:51:40.619 1530 11533 I thunderperf: CompatConfig.addOverrideUnsafe: bef-state=1
03-11 01:51:40.619 1530 11533 I thunderperf: CompatConfig.addOverrideUnsafe: aft-state=0
03-11 01:51:40.619 1530 11533 I thunderperf: CompatConfig.addOverrideUnsafe: bef-state=1
03-11 01:51:40.619 1530 11533 I thunderperf: CompatConfig.addOverrideUnsafe: aft-state=0
03-11 01:51:40.619 1530 11533 I thunderperf: CompatConfig.addOverrideUnsafe: bef-state=1
03-11 01:51:40.619 1530 11533 I thunderperf: CompatConfig.addOverrideUnsafe: aft-state=0
03-11 01:51:40.621 1530 11533 I ActivityTaskManager: START u0 {act=android.intent.action.MAIN cat=[android.intent.category.LAUNCHER] flg=0x10200000 cmp=com.tencent.tmgp.sgame/.SGameActivity bnds=[1017,120][1319,402]} from uid 10075
03-11 01:51:40.622 1530 11533 W ActivityTaskManager: Can't find TaskDisplayArea to determine support for multi window. Task id=47 attached=false
03-11 01:51:40.623 1530 11533 D CompatibilityChangeReporter: Compat change id reported: 174042980; UID 10093; state: DISABLED
03-11 01:51:40.623 1530 11533 D CompatibilityChangeReporter: Compat change id reported: 184838306; UID 10093; state: DISABLED
03-11 01:51:40.624 1530 11533 D CompatibilityChangeReporter: Compat change id reported: 185004937; UID 10093; state: DISABLED
03-11 01:51:40.624 1530 11533 D CompatibilityChangeReporter: Compat change id reported: 181136395; UID 10093; state: DISABLED
03-11 01:51:40.624 1530 11533 D CompatibilityChangeReporter: Compat change id reported: 174042936; UID 10093; state: DISABLED
03-11 01:51:40.625 1530 11533 D CompatibilityChangeReporter: Compat change id reported: 168419799; UID 10093; state: ENABLED
03-11 01:51:40.625 1530 11533 D CompatibilityChangeReporter: Compat change id reported: 182811243; UID 10093; state: DISABLED
03-11 01:51:40.625 1530 11533 D CompatibilityChangeReporter: Compat change id reported: 189969734; UID 10093; state: DISABLED
03-11 01:51:40.625 1530 11533 D CompatibilityChangeReporter: Compat change id reported: 176926753; UID 10093; state: DISABLED
03-11 01:51:40.625 1530 11533 D CompatibilityChangeReporter: Compat change id reported: 189969779; UID 10093; state: DISABLED
03-11 01:51:40.626 1530 11533 D CompatibilityChangeReporter: Compat change id reported: 176926829; UID 10093; state: DISABLED
03-11 01:51:40.626 1530 11533 D CompatibilityChangeReporter: Compat change id reported: 189969744; UID 10093; state: DISABLED
03-11 01:51:40.626 1530 11533 D CompatibilityChangeReporter: Compat change id reported: 176926771; UID 10093; state: DISABLED
03-11 01:51:40.626 1530 11533 D CompatibilityChangeReporter: Compat change id reported: 189970036; UID 10093; state: DISABLED
03-11 01:51:40.626 1530 11533 D CompatibilityChangeReporter: Compat change id reported: 176926741; UID 10093; state: DISABLED
03-11 01:51:40.626 1530 11533 D CompatibilityChangeReporter: Compat change id reported: 189969782; UID 10093; state: DISABLED
03-11 01:51:40.627 1530 11533 D CompatibilityChangeReporter: Compat change id reported: 189970038; UID 10093; state: DISABLED
03-11 01:51:40.627 1530 11533 D CompatibilityChangeReporter: Compat change id reported: 189969749; UID 10093; state: ENABLED
03-11 01:51:40.629 1530 11635 W FreeFormWindowHelper: Current Display FreeFormTask is null
03-11 01:51:40.631 1530 1607 D CompatibilityChangeReporter: Compat change id reported: 135634846; UID 10093; state: DISABLED
03-11 01:51:40.631 1530 1607 D CompatibilityChangeReporter: Compat change id reported: 177438394; UID 10093; state: DISABLED
03-11 01:51:40.631 1530 1607 D CompatibilityChangeReporter: Compat change id reported: 135772972; UID 10093; state: DISABLED
03-11 01:51:40.631 1530 1607 D CompatibilityChangeReporter: Compat change id reported: 135754954; UID 10093; state: DISABLED
03-11 01:51:40.631 1530 1615 D CompatibilityChangeReporter: Compat change id reported: 143937733; UID 10093; state: DISABLED
03-11 01:51:40.632 1530 11635 I ActivityTaskManager: FOREGROUND_APPLICATION_CHANGED to com.tencent.tmgp.sgame.SGameActivity
03-11 01:51:40.636 1530 1615 I ActivityManager: Start proc 18693:com.tencent.tmgp.sgame/u0a93 for pre-top-activity {com.tencent.tmgp.sgame/com.tencent.tmgp.sgame.SGameActivity}
03-11 01:51:40.636 1530 18694 W ContextImpl: Calling a method in the system process without a qualified user: android.app.ContextImpl.sendBroadcast:1173 com.qualcomm.qti.Performance$SendGameLaunchBroadcast.run:217 java.lang.Thread.run:920
01-01 08:58:41.690 0 0 I binder : 18693:18693 ioctl 40046210 7ff5e17364 returned -22
03-11 01:51:40.656 2054 3742 W ContextImpl: Calling a method in the system process without a qualified user: android.app.ContextImpl.startService:1816 android.content.ContextWrapper.startService:774 com.thundercomm.gamemode.ingame.services.GameModeActionUtils.startGameModeService:118 com.thundercomm.gamemode.ingame.services.GameModeActionUtils.startGameModeEntry:29 com.thundercomm.gamemode.ingame.services.ActivityMonitoringService$1.onActivityLaunch:140
03-11 01:51:40.661 1530 1530 I GameModeConfig: Current uri is uri = content://com.thundercomm.gamemode.api/gamemode_settings/gamemode_isgaming
03-11 01:51:40.662 1530 1530 I GameModeConfig: isGameModeOn = true
03-11 01:51:40.662 1530 1530 I GameModeConfig: isGaming = true
03-11 01:51:40.662 1530 1530 I GameModeConfig: isDisableNotification = true
03-11 01:51:40.662 1530 1530 I GameModeConfig: isGameModeOn = true
03-11 01:51:40.662 1530 1530 I GameModeConfig: isGaming = true
03-11 01:51:40.662 1530 1530 I GameModeConfig: isDisableNotification = true
01-01 08:58:41.708 0 0 W ALERT : changing window size from 16000000 to 20000000 at 2686804024078
01-01 08:58:41.710 0 0 I : [MAX975X:max96755x_drm_notifier_callback] *INFO* receives EARLY_BLANK:UNBLANK
01-01 08:58:41.710 0 0 I atmel_mxt_ts 0-004a: FB event:2,blank:0
01-01 08:58:41.710 0 0 I atmel_mxt_ts 0-004a: suspend: event = 2, blank = 0, not care
01-01 08:58:41.710 0 0 I [drm:dsi_display_set_mode] [msm-dsi-info]: mdp_transfer_time_us=0 us
01-01 08:58:41.710 0 0 I [drm:dsi_display_set_mode] [msm-dsi-info]: hactive= 2560,vactive= 1080,fps=30
01-01 08:58:41.710 0 0 I : [MAX975X:max96755x_drm_notifier_callback] *INFO* receives BLANK:UNBLANK
01-01 08:58:41.711 0 0 I atmel_mxt_ts 0-004a: FB event:1,blank:0
01-01 08:58:41.711 0 0 I atmel_mxt_ts 0-004a: drm_notifier_callback: UNBLANK! Resume by drm notifier.
03-11 01:51:40.673 18693 18715 D ActivityThread: Loading provider com.tencent.tmgp.sgame.XG_SETTINGS_PROVIDER: com.tencent.tpns.baseapi.base.SettingsContentProvider
03-11 01:51:40.674 1530 1607 I DisplayDeviceRepository: Display device changed: DisplayDeviceInfo{"内置屏幕": uniqueId="local:4630946816427681409", 2560 x 1080, modeId 3, defaultModeId 1, supportedModes [{id=1, width=2560, height=1080, fps=60.000004, alternativeRefreshRates=[30.000002, 45.0]}, {id=2, width=2560, height=1080, fps=45.0, alternativeRefreshRates=[30.000002, 60.000004]}, {id=3, width=2560, height=1080, fps=30.000002, alternativeRefreshRates=[45.0, 60.000004]}], colorMode 0, supportedColorModes [0], hdrCapabilities HdrCapabilities{mSupportedHdrTypes=[2, 3, 4], mMaxLuminance=500.0, mMaxAverageLuminance=500.0, mMinLuminance=0.0}, allmSupported false, gameContentTypeSupported false, density 240, 320.315 x 318.976 dpi, appVsyncOff 1000000, presDeadline 33333333, touch INTERNAL, rotation 0, type INTERNAL, address {port=129, model=0x40446d97fee5e6}, deviceProductInfo DeviceProductInfo{name=, manufacturerPnpId=QCM, productId=1, modelYear=null, manufactureDate=ManufactureDate{week=27, year=2006}, connectionToSinkType=0}, state ON, frameRateOverride , brightnessMinimum 0.0, brightnessMaximum 1.0, brightnessDefault 1.0, FLAG_DEFAULT_DISPLAY, FLAG_ROTATES_WITH_CONTENT, FLAG_SECURE, FLAG_SUPPORTS_PROTECTED_BUFFERS}
01-01 08:58:41.728 0 0 W ALERT : changing window size from 20000000 to 8000000 at 2686824023869
03-11 01:51:40.688 1530 11533 D CompatibilityChangeReporter: Compat change id reported: 135634846; UID 10093; state: DISABLED
03-11 01:51:40.688 1530 11533 D CompatibilityChangeReporter: Compat change id reported: 177438394; UID 10093; state: DISABLED
03-11 01:51:40.688 1530 11533 D CompatibilityChangeReporter: Compat change id reported: 135772972; UID 10093; state: DISABLED
03-11 01:51:40.688 1530 11533 D CompatibilityChangeReporter: Compat change id reported: 135754954; UID 10093; state: DISABLED
03-11 01:51:40.688 1530 1615 D CompatibilityChangeReporter: Compat change id reported: 143937733; UID 10093; state: DISABLED
03-11 01:51:40.693 1530 1615 I ActivityManager: Start proc 18725:com.tencent.tmgp.sgame:xg_vip_service/u0a93 for service {com.tencent.tmgp.sgame/com.tencent.android.tpush.service.XGVipPushService}
01-01 08:58:41.749 0 0 I binder : 18725:18725 ioctl 40046210 7ff5e17364 returned -22
03-11 01:51:40.739 1530 2906 W FreeFormWindowHelper: Current Display FreeFormTask is null
03-11 01:51:40.984 1530 2906 W WindowManager: Failed looking up window session=Session{1d91555 18693:u0a10093} callers=com.android.server.wm.WindowManagerService.windowForClientLocked:5628 com.android.server.wm.Session.insetsModified:629 android.view.IWindowSession$Stub.onTransact:1151
01-01 08:58:42.055 0 0 I binder : 18693:18727 ioctl 40046210 799bcd01f4 returned -22
03-11 01:51:41.640 1530 2081 W ActivityManager: Unable to start service Intent { act=com.tencent.tpns.mqttchannel.FEEDBACK pkg=com.tencent.tmgp.sgame } U=0: not found
03-11 01:51:43.630 1530 2750 E TaskPersister: File error accessing recents directory (directory doesn't exist?).
01-01 08:58:44.920 0 0 E DTC_ETH,link_delay_work_func: 3003, SQI=0, link=0
03-11 01:51:45.290 1530 9804 W FreeFormWindowHelper: Current Display FreeFormTask is null
03-11 01:51:45.290 1530 9804 W FreeFormWindowHelper: Current Display FreeFormTask is null
03-11 01:51:45.291 1530 9804 W FreeFormWindowHelper: Current Display FreeFormTask is null
03-11 01:51:45.293 1530 11635 W FreeFormWindowHelper: Current Display FreeFormTask is null
03-11 01:51:45.337 1530 9804 W FreeFormWindowHelper: Current Display FreeFormTask is null
03-11 01:51:45.337 1530 9804 W FreeFormWindowHelper: Current Display FreeFormTask is null
03-11 01:51:45.337 1530 9804 W FreeFormWindowHelper: Current Display FreeFormTask is null
03-11 01:51:45.346 1530 9804 W ActivityTaskManager: getTaskSnapshot: taskId=-443 not found
03-11 01:51:45.347 1530 9804 W ActivityTaskManager: getTaskSnapshot: taskId=-443 not found
03-11 01:51:45.347 1530 9804 W ActivityTaskManager: getTaskSnapshot: taskId=-443 not found
03-11 01:51:45.347 1530 9804 W ActivityTaskManager: getTaskSnapshot: taskId=-442 not found
03-11 01:51:45.372 1530 9804 W FreeFormWindowHelper: Current Display FreeFormTask is null
03-11 01:51:45.372 1530 11635 W FreeFormWindowHelper: Current Display FreeFormTask is null
03-11 01:51:45.372 1530 9804 W ActivityTaskManager: getTaskSnapshot: taskId=-443 not found
03-11 01:51:45.372 1530 9804 W ActivityTaskManager: getTaskSnapshot: taskId=-443 not found
03-11 01:51:45.372 1530 9804 W ActivityTaskManager: getTaskSnapshot: taskId=-443 not found
03-11 01:51:45.373 1530 9804 W ActivityTaskManager: getTaskSnapshot: taskId=-442 not found
03-11 01:51:45.402 1530 9804 W FreeFormWindowHelper: Current Display FreeFormTask is null
03-11 01:51:45.402 1530 9804 W FreeFormWindowHelper: Current Display FreeFormTask is null
03-11 01:51:45.536 1530 9804 W FreeFormWindowHelper: Current Display FreeFormTask is null
03-11 01:51:45.536 1530 9804 W FreeFormWindowHelper: Current Display FreeFormTask is null
03-11 01:51:45.536 1530 9804 W FreeFormWindowHelper: Current Display FreeFormTask is null
03-11 01:51:45.537 1530 9804 W FreeFormWindowHelper: Current Display FreeFormTask is null
03-11 01:51:45.538 1530 9804 W ActivityTaskManager: getTaskSnapshot: taskId=-199 not found
03-11 01:51:45.539 1530 9804 W ActivityTaskManager: getTaskSnapshot: taskId=-198 not found
03-11 01:51:45.539 1530 9804 W ActivityTaskManager: getTaskSnapshot: taskId=-198 not found
03-11 01:51:45.540 1530 9804 W ActivityTaskManager: getTaskSnapshot: taskId=-198 not found
03-11 01:51:45.570 1530 9804 W FreeFormWindowHelper: Current Display FreeFormTask is null
03-11 01:51:45.570 1530 9804 W FreeFormWindowHelper: Current Display FreeFormTask is null
03-11 01:51:45.603 1530 2081 W FreeFormWindowHelper: Current Display FreeFormTask is null
03-11 01:51:45.603 1530 2081 W FreeFormWindowHelper: Current Display FreeFormTask is null
03-11 01:51:47.696 1530 9804 W FreeFormWindowHelper: Current Display FreeFormTask is null
03-11 01:51:47.696 1530 2081 W FreeFormWindowHelper: Current Display FreeFormTask is null
03-11 01:51:47.696 1530 11533 W FreeFormWindowHelper: Current Display FreeFormTask is null
03-11 01:51:48.113 1530 9804 I ActivityTaskManager: FOREGROUND_APPLICATION_CHANGED to com.android.launcher3.uioverrides.QuickstepLauncher
03-11 01:51:48.144 1530 11533 W FreeFormWindowHelper: Current Display FreeFormTask is null
03-11 01:51:48.144 1530 11533 W FreeFormWindowHelper: Current Display FreeFormTask is null
03-11 01:51:48.144 1530 11533 W FreeFormWindowHelper: Current Display FreeFormTask is null
03-11 01:51:48.177 1530 2108 W FreeFormWindowHelper: Current Display FreeFormTask is null
03-11 01:51:48.177 1530 2108 W FreeFormWindowHelper: Current Display FreeFormTask is null
03-11 01:51:48.218 1530 9804 W FreeFormWindowHelper: Current Display FreeFormTask is null
03-11 01:51:48.220 2054 3742 W ContextImpl: Calling a method in the system process without a qualified user: android.app.ContextImpl.startService:1816 android.content.ContextWrapper.startService:774 com.thundercomm.gamemode.ingame.services.GameModeActionUtils.startGameModeService:118 com.thundercomm.gamemode.ingame.services.GameModeActionUtils.startGameModeEntry:29 com.thundercomm.gamemode.ingame.services.ActivityMonitoringService$1.onActivityLaunch:140
03-11 01:51:48.223 1530 1530 I GameModeConfig: Current uri is uri = content://com.thundercomm.gamemode.api/gamemode_settings/gamemode_isgaming
03-11 01:51:48.224 1530 1530 I GameModeConfig: isGameModeOn = true
03-11 01:51:48.224 1530 1530 I GameModeConfig: isGaming = false
03-11 01:51:48.224 1530 1530 I GameModeConfig: isGameModeOn = true
03-11 01:51:48.224 1530 1530 I GameModeConfig: isGaming = false
03-11 01:51:48.224 1530 1530 I GameModeConfig: isDisableVoice = true
01-01 08:58:49.272 0 0 W ALERT : changing window size from 8000000 to 16000000 at 2694368015169
01-01 08:58:49.310 0 0 I : [MAX975X:max96755x_drm_notifier_callback] *INFO* receives EARLY_BLANK:UNBLANK
01-01 08:58:49.310 0 0 I atmel_mxt_ts 0-004a: FB event:2,blank:0
01-01 08:58:49.310 0 0 I atmel_mxt_ts 0-004a: suspend: event = 2, blank = 0, not care
01-01 08:58:49.310 0 0 I [drm:dsi_display_set_mode] [msm-dsi-info]: mdp_transfer_time_us=0 us
01-01 08:58:49.310 0 0 I [drm:dsi_display_set_mode] [msm-dsi-info]: hactive= 2560,vactive= 1080,fps=60
01-01 08:58:49.310 0 0 I : [MAX975X:max96755x_drm_notifier_callback] *INFO* receives BLANK:UNBLANK
01-01 08:58:49.311 0 0 I atmel_mxt_ts 0-004a: FB event:1,blank:0
01-01 08:58:49.311 0 0 I atmel_mxt_ts 0-004a: drm_notifier_callback: UNBLANK! Resume by drm notifier.
03-11 01:51:48.292 1530 1607 I DisplayDeviceRepository: Display device changed: DisplayDeviceInfo{"内置屏幕": uniqueId="local:4630946816427681409", 2560 x 1080, modeId 1, defaultModeId 1, supportedModes [{id=1, width=2560, height=1080, fps=60.000004, alternativeRefreshRates=[30.000002, 45.0]}, {id=2, width=2560, height=1080, fps=45.0, alternativeRefreshRates=[30.000002, 60.000004]}, {id=3, width=2560, height=1080, fps=30.000002, alternativeRefreshRates=[45.0, 60.000004]}], colorMode 0, supportedColorModes [0], hdrCapabilities HdrCapabilities{mSupportedHdrTypes=[2, 3, 4], mMaxLuminance=500.0, mMaxAverageLuminance=500.0, mMinLuminance=0.0}, allmSupported false, gameContentTypeSupported false, density 240, 320.315 x 318.976 dpi, appVsyncOff 1000000, presDeadline 16666666, touch INTERNAL, rotation 0, type INTERNAL, address {port=129, model=0x40446d97fee5e6}, deviceProductInfo DeviceProductInfo{name=, manufacturerPnpId=QCM, productId=1, modelYear=null, manufactureDate=ManufactureDate{week=27, year=2006}, connectionToSinkType=0}, state ON, frameRateOverride , brightnessMinimum 0.0, brightnessMaximum 1.0, brightnessDefault 1.0, FLAG_DEFAULT_DISPLAY, FLAG_ROTATES_WITH_CONTENT, FLAG_SECURE, FLAG_SUPPORTS_PROTECTED_BUFFERS}
01-01 08:58:50.040 0 0 E DTC_ETH,link_delay_work_func: 3003, SQI=0, link=0
03-11 01:51:49.262 1530 11533 I ActivityTaskManager: FOREGROUND_APPLICATION_CHANGED to com.android.settings.homepage.SettingsHomepageActivity
03-11 01:51:49.365 1530 1789 W FreeFormWindowHelper: Current Display FreeFormTask is null
03-11 01:51:49.631 1530 11635 W FreeFormWindowHelper: exitRecentTasks type=0
03-11 01:51:52.265 1530 2750 E TaskPersister: File error accessing recents directory (directory doesn't exist?).
03-11 01:51:52.393 1530 1614 I DropBoxManagerService: add tag=system_server_wtf isTagEnabled=true flags=0x2
