03-11 01:38:17.061 1530 1608 W ActivityTaskManager: Can't find TaskDisplayArea to determine support for multi window. Task id=31 attached=false
03-11 01:38:17.062 1530 1608 W ActivityTaskManager: Can't find TaskDisplayArea to determine support for multi window. Task id=31 attached=false
03-11 01:38:17.535 1530 11635 W FreeFormWindowHelper: Current Display FreeFormTask is null
03-11 01:38:17.538 1530 11635 W FreeFormWindowHelper: Current Display FreeFormTask is null
03-11 01:38:17.544 1530 11635 W FreeFormWindowHelper: Current Display FreeFormTask is null
03-11 01:38:17.544 1530 11635 W FreeFormWindowHelper: Current Display FreeFormTask is null
03-11 01:38:17.545 1530 11635 W FreeFormWindowHelper: Current Display FreeFormTask is null
03-11 01:38:17.563 1530 12140 W ActivityTaskManager: getTaskSnapshot: taskId=-196 not found
03-11 01:38:17.572 1530 12140 W ActivityTaskManager: getTaskSnapshot: taskId=-196 not found
03-11 01:38:17.573 1530 12140 W ActivityTaskManager: getTaskSnapshot: taskId=-195 not found
03-11 01:38:17.575 1530 2906 W FreeFormWindowHelper: Current Display FreeFormTask is null
03-11 01:38:17.575 1530 12140 W ActivityTaskManager: getTaskSnapshot: taskId=-195 not found
03-11 01:38:17.575 1530 12140 W FreeFormWindowHelper: Current Display FreeFormTask is null
03-11 01:38:17.581 1530 11635 W FreeFormWindowHelper: Current Display FreeFormTask is null
03-11 01:38:17.582 1530 12140 W FreeFormWindowHelper: Current Display FreeFormTask is null
03-11 01:38:17.663 1530 7363 W FreeFormWindowHelper: Current Display FreeFormTask is null
03-11 01:38:17.663 1530 7363 W FreeFormWindowHelper: Current Display FreeFormTask is null
03-11 01:38:17.664 1530 7363 W FreeFormWindowHelper: Current Display FreeFormTask is null
03-11 01:38:17.666 1530 11635 W FreeFormWindowHelper: Current Display FreeFormTask is null
03-11 01:38:17.668 1530 7363 W ActivityTaskManager: getTaskSnapshot: taskId=-70 not found
03-11 01:38:17.674 1530 7363 W ActivityTaskManager: getTaskSnapshot: taskId=-69 not found
03-11 01:38:17.677 1530 7363 W ActivityTaskManager: getTaskSnapshot: taskId=-69 not found
03-11 01:38:17.677 1530 7363 W ActivityTaskManager: getTaskSnapshot: taskId=-69 not found
03-11 01:38:17.678 1530 7363 W ActivityTaskManager: getTaskSnapshot: taskId=-69 not found
03-11 01:38:17.680 1530 7363 W FreeFormWindowHelper: Current Display FreeFormTask is null
03-11 01:38:17.680 1530 7363 W FreeFormWindowHelper: Current Display FreeFormTask is null
03-11 01:38:17.697 1530 11635 W FreeFormWindowHelper: Current Display FreeFormTask is null
03-11 01:38:17.697 1530 11635 W FreeFormWindowHelper: Current Display FreeFormTask is null
03-11 01:38:17.996 1530 12140 W FreeFormWindowHelper: Current Display FreeFormTask is null
03-11 01:38:17.996 1530 12140 W FreeFormWindowHelper: Current Display FreeFormTask is null
03-11 01:38:17.997 1530 7363 W FreeFormWindowHelper: Current Display FreeFormTask is null
03-11 01:38:18.366 1530 12140 I ActivityTaskManager: FOREGROUND_APPLICATION_CHANGED to com.android.launcher3.uioverrides.QuickstepLauncher
03-11 01:38:18.383 1530 11635 W FreeFormWindowHelper: Current Display FreeFormTask is null
03-11 01:38:18.383 1530 11635 W FreeFormWindowHelper: Current Display FreeFormTask is null
03-11 01:38:18.384 1530 2906 W FreeFormWindowHelper: Current Display FreeFormTask is null
03-11 01:38:18.403 1530 7363 W FreeFormWindowHelper: Current Display FreeFormTask is null
03-11 01:38:18.403 1530 7363 W FreeFormWindowHelper: Current Display FreeFormTask is null
03-11 01:38:18.490 1530 12686 W FreeFormWindowHelper: Current Display FreeFormTask is null
03-11 01:38:19.256 1530 7363 W FreeFormWindowHelper: exitRecentTasks type=0
01-01 08:45:21.080 0 0 E DTC_ETH,link_delay_work_func: 3003, SQI=0, link=0
03-11 01:38:20.061 1530 2750 E TaskPersister: File error accessing recents directory (directory doesn't exist?).
03-11 01:38:20.126 1530 12686 I thunderperf: PlatormCompat.setOverrides: Uid1=10075 Pid1=2553 Uid2=10075 Pid2=2553
03-11 01:38:20.126 1530 12686 I thunderperf: PlatormCompat.setOverrides: needCheck:false
03-11 01:38:20.127 1530 12686 I thunderperf: CompatConfig.addOverrideUnsafe: bef-state=1
03-11 01:38:20.127 1530 12686 I thunderperf: CompatConfig.addOverrideUnsafe: aft-state=0
03-11 01:38:20.127 1530 12686 I thunderperf: CompatConfig.addOverrideUnsafe: bef-state=1
03-11 01:38:20.127 1530 12686 I thunderperf: CompatConfig.addOverrideUnsafe: aft-state=0
03-11 01:38:20.127 1530 12686 I thunderperf: CompatConfig.addOverrideUnsafe: bef-state=1
03-11 01:38:20.127 1530 12686 I thunderperf: CompatConfig.addOverrideUnsafe: aft-state=0
03-11 01:38:20.128 1530 12686 I thunderperf: CompatConfig.addOverrideUnsafe: bef-state=1
03-11 01:38:20.128 1530 12686 I thunderperf: CompatConfig.addOverrideUnsafe: aft-state=0
03-11 01:38:20.128 1530 12686 I thunderperf: CompatConfig.addOverrideUnsafe: bef-state=1
03-11 01:38:20.128 1530 12686 I thunderperf: CompatConfig.addOverrideUnsafe: aft-state=0
03-11 01:38:20.128 1530 12686 I thunderperf: CompatConfig.addOverrideUnsafe: bef-state=1
03-11 01:38:20.128 1530 12686 I thunderperf: CompatConfig.addOverrideUnsafe: aft-state=0
03-11 01:38:20.128 1530 12686 I thunderperf: CompatConfig.addOverrideUnsafe: bef-state=1
03-11 01:38:20.129 1530 12686 I thunderperf: CompatConfig.addOverrideUnsafe: aft-state=0
03-11 01:38:20.129 1530 12686 I thunderperf: CompatConfig.addOverrideUnsafe: bef-state=1
03-11 01:38:20.129 1530 12686 I thunderperf: CompatConfig.addOverrideUnsafe: aft-state=0
03-11 01:38:20.129 1530 12686 I thunderperf: CompatConfig.addOverrideUnsafe: bef-state=1
03-11 01:38:20.129 1530 12686 I thunderperf: CompatConfig.addOverrideUnsafe: aft-state=0
03-11 01:38:20.129 1530 12686 I thunderperf: CompatConfig.addOverrideUnsafe: bef-state=1
03-11 01:38:20.129 1530 12686 I thunderperf: CompatConfig.addOverrideUnsafe: aft-state=0
03-11 01:38:20.130 1530 12686 I thunderperf: CompatConfig.addOverrideUnsafe: bef-state=1
03-11 01:38:20.130 1530 12686 I thunderperf: CompatConfig.addOverrideUnsafe: aft-state=0
03-11 01:38:20.130 1530 12686 I thunderperf: CompatConfig.addOverrideUnsafe: bef-state=1
03-11 01:38:20.130 1530 12686 I thunderperf: CompatConfig.addOverrideUnsafe: aft-state=0
03-11 01:38:20.130 1530 12686 I thunderperf: CompatConfig.addOverrideUnsafe: bef-state=1
03-11 01:38:20.130 1530 12686 I thunderperf: CompatConfig.addOverrideUnsafe: aft-state=0
03-11 01:38:20.130 1530 12686 I thunderperf: CompatConfig.addOverrideUnsafe: bef-state=1
03-11 01:38:20.130 1530 12686 I thunderperf: CompatConfig.addOverrideUnsafe: aft-state=0
03-11 01:38:20.132 1530 12686 I ActivityTaskManager: START u0 {act=android.intent.action.MAIN cat=[android.intent.category.LAUNCHER] flg=0x10200000 cmp=com.tencent.tmgp.sgame/.SGameActivity bnds=[1017,120][1319,402]} from uid 10075
03-11 01:38:20.133 1530 12686 W ActivityTaskManager: Can't find TaskDisplayArea to determine support for multi window. Task id=32 attached=false
03-11 01:38:20.134 1530 12686 D CompatibilityChangeReporter: Compat change id reported: 174042980; UID 10093; state: DISABLED
03-11 01:38:20.134 1530 12686 D CompatibilityChangeReporter: Compat change id reported: 184838306; UID 10093; state: DISABLED
03-11 01:38:20.134 1530 12686 D CompatibilityChangeReporter: Compat change id reported: 185004937; UID 10093; state: DISABLED
03-11 01:38:20.135 1530 12686 D CompatibilityChangeReporter: Compat change id reported: 181136395; UID 10093; state: DISABLED
03-11 01:38:20.135 1530 12686 D CompatibilityChangeReporter: Compat change id reported: 174042936; UID 10093; state: DISABLED
03-11 01:38:20.135 1530 12686 D CompatibilityChangeReporter: Compat change id reported: 168419799; UID 10093; state: ENABLED
03-11 01:38:20.136 1530 12686 D CompatibilityChangeReporter: Compat change id reported: 182811243; UID 10093; state: DISABLED
03-11 01:38:20.136 1530 12686 D CompatibilityChangeReporter: Compat change id reported: 189969734; UID 10093; state: DISABLED
03-11 01:38:20.136 1530 12686 D CompatibilityChangeReporter: Compat change id reported: 176926753; UID 10093; state: DISABLED
03-11 01:38:20.136 1530 12686 D CompatibilityChangeReporter: Compat change id reported: 189969779; UID 10093; state: DISABLED
03-11 01:38:20.136 1530 12686 D CompatibilityChangeReporter: Compat change id reported: 176926829; UID 10093; state: DISABLED
03-11 01:38:20.136 1530 12686 D CompatibilityChangeReporter: Compat change id reported: 189969744; UID 10093; state: DISABLED
03-11 01:38:20.136 1530 12686 D CompatibilityChangeReporter: Compat change id reported: 176926771; UID 10093; state: DISABLED
03-11 01:38:20.137 1530 12686 D CompatibilityChangeReporter: Compat change id reported: 189970036; UID 10093; state: DISABLED
03-11 01:38:20.137 1530 12686 D CompatibilityChangeReporter: Compat change id reported: 176926741; UID 10093; state: DISABLED
03-11 01:38:20.137 1530 12686 D CompatibilityChangeReporter: Compat change id reported: 189969782; UID 10093; state: DISABLED
03-11 01:38:20.137 1530 12686 D CompatibilityChangeReporter: Compat change id reported: 189970038; UID 10093; state: DISABLED
03-11 01:38:20.137 1530 12686 D CompatibilityChangeReporter: Compat change id reported: 189969749; UID 10093; state: ENABLED
03-11 01:38:20.139 1530 7363 W FreeFormWindowHelper: Current Display FreeFormTask is null
03-11 01:38:20.140 1530 1607 D CompatibilityChangeReporter: Compat change id reported: 135634846; UID 10093; state: DISABLED
03-11 01:38:20.140 1530 1607 D CompatibilityChangeReporter: Compat change id reported: 177438394; UID 10093; state: DISABLED
03-11 01:38:20.140 1530 1607 D CompatibilityChangeReporter: Compat change id reported: 135772972; UID 10093; state: DISABLED
03-11 01:38:20.140 1530 1607 D CompatibilityChangeReporter: Compat change id reported: 135754954; UID 10093; state: DISABLED
03-11 01:38:20.141 1530 1615 D CompatibilityChangeReporter: Compat change id reported: 143937733; UID 10093; state: DISABLED
03-11 01:38:20.141 1530 7363 I ActivityTaskManager: FOREGROUND_APPLICATION_CHANGED to com.tencent.tmgp.sgame.SGameActivity
03-11 01:38:20.146 1530 1615 I ActivityManager: Start proc 12704:com.tencent.tmgp.sgame/u0a93 for pre-top-activity {com.tencent.tmgp.sgame/com.tencent.tmgp.sgame.SGameActivity}
03-11 01:38:20.146 1530 12705 W ContextImpl: Calling a method in the system process without a qualified user: android.app.ContextImpl.sendBroadcast:1173 com.qualcomm.qti.Performance$SendGameLaunchBroadcast.run:217 java.lang.Thread.run:920
01-01 08:45:21.199 0 0 I binder : 12704:12704 ioctl 40046210 7ff5e17364 returned -22
03-11 01:38:20.165 2054 3742 W ContextImpl: Calling a method in the system process without a qualified user: android.app.ContextImpl.startService:1816 android.content.ContextWrapper.startService:774 com.thundercomm.gamemode.ingame.services.GameModeActionUtils.startGameModeService:118 com.thundercomm.gamemode.ingame.services.GameModeActionUtils.startGameModeEntry:29 com.thundercomm.gamemode.ingame.services.ActivityMonitoringService$1.onActivityLaunch:140
03-11 01:38:20.169 1530 1530 I GameModeConfig: Current uri is uri = content://com.thundercomm.gamemode.api/gamemode_settings/gamemode_isgaming
01-01 08:45:21.216 0 0 W ALERT : changing window size from 16000000 to 20000000 at 1886312066414
03-11 01:38:20.171 1530 1530 I GameModeConfig: isGameModeOn = true
03-11 01:38:20.171 1530 1530 I GameModeConfig: isGaming = true
03-11 01:38:20.171 1530 1530 I GameModeConfig: isDisableNotification = true
03-11 01:38:20.172 1530 1530 I GameModeConfig: isGameModeOn = true
03-11 01:38:20.172 1530 1530 I GameModeConfig: isGaming = true
03-11 01:38:20.172 1530 1530 I GameModeConfig: isDisableNotification = true
01-01 08:45:21.222 0 0 I : [MAX975X:max96755x_drm_notifier_callback] *INFO* receives EARLY_BLANK:UNBLANK
01-01 08:45:21.222 0 0 I atmel_mxt_ts 0-004a: FB event:2,blank:0
01-01 08:45:21.222 0 0 I atmel_mxt_ts 0-004a: suspend: event = 2, blank = 0, not care
01-01 08:45:21.222 0 0 I [drm:dsi_display_set_mode] [msm-dsi-info]: mdp_transfer_time_us=0 us
01-01 08:45:21.222 0 0 I [drm:dsi_display_set_mode] [msm-dsi-info]: hactive= 2560,vactive= 1080,fps=30
01-01 08:45:21.222 0 0 I : [MAX975X:max96755x_drm_notifier_callback] *INFO* receives BLANK:UNBLANK
01-01 08:45:21.222 0 0 I atmel_mxt_ts 0-004a: FB event:1,blank:0
01-01 08:45:21.223 0 0 I atmel_mxt_ts 0-004a: drm_notifier_callback: UNBLANK! Resume by drm notifier.
03-11 01:38:20.185 1530 1607 I DisplayDeviceRepository: Display device changed: DisplayDeviceInfo{"内置屏幕": uniqueId="local:4630946816427681409", 2560 x 1080, modeId 3, defaultModeId 1, supportedModes [{id=1, width=2560, height=1080, fps=60.000004, alternativeRefreshRates=[30.000002, 45.0]}, {id=2, width=2560, height=1080, fps=45.0, alternativeRefreshRates=[30.000002, 60.000004]}, {id=3, width=2560, height=1080, fps=30.000002, alternativeRefreshRates=[45.0, 60.000004]}], colorMode 0, supportedColorModes [0], hdrCapabilities HdrCapabilities{mSupportedHdrTypes=[2, 3, 4], mMaxLuminance=500.0, mMaxAverageLuminance=500.0, mMinLuminance=0.0}, allmSupported false, gameContentTypeSupported false, density 240, 320.315 x 318.976 dpi, appVsyncOff 1000000, presDeadline 33333333, touch INTERNAL, rotation 0, type INTERNAL, address {port=129, model=0x40446d97fee5e6}, deviceProductInfo DeviceProductInfo{name=, manufacturerPnpId=QCM, productId=1, modelYear=null, manufactureDate=ManufactureDate{week=27, year=2006}, connectionToSinkType=0}, state ON, frameRateOverride , brightnessMinimum 0.0, brightnessMaximum 1.0, brightnessDefault 1.0, FLAG_DEFAULT_DISPLAY, FLAG_ROTATES_WITH_CONTENT, FLAG_SECURE, FLAG_SUPPORTS_PROTECTED_BUFFERS}
03-11 01:38:20.185 12704 12727 D ActivityThread: Loading provider com.tencent.tmgp.sgame.XG_SETTINGS_PROVIDER: com.tencent.tpns.baseapi.base.SettingsContentProvider
01-01 08:45:21.236 0 0 W ALERT : changing window size from 20000000 to 8000000 at 1886332019123
03-11 01:38:20.194 1530 12140 D CompatibilityChangeReporter: Compat change id reported: 135634846; UID 10093; state: DISABLED
03-11 01:38:20.194 1530 12140 D CompatibilityChangeReporter: Compat change id reported: 177438394; UID 10093; state: DISABLED
03-11 01:38:20.195 1530 12140 D CompatibilityChangeReporter: Compat change id reported: 135772972; UID 10093; state: DISABLED
03-11 01:38:20.195 1530 12140 D CompatibilityChangeReporter: Compat change id reported: 135754954; UID 10093; state: DISABLED
03-11 01:38:20.195 1530 1615 D CompatibilityChangeReporter: Compat change id reported: 143937733; UID 10093; state: DISABLED
03-11 01:38:20.199 1530 1615 I ActivityManager: Start proc 12737:com.tencent.tmgp.sgame:xg_vip_service/u0a93 for service {com.tencent.tmgp.sgame/com.tencent.android.tpush.service.XGVipPushService}
01-01 08:45:21.255 0 0 I binder : 12737:12737 ioctl 40046210 7ff5e17364 returned -22
03-11 01:38:20.250 1530 12140 W FreeFormWindowHelper: Current Display FreeFormTask is null
03-11 01:38:20.489 1530 4690 W WindowManager: Failed looking up window session=Session{6fd8b8d 12704:u0a10093} callers=com.android.server.wm.WindowManagerService.windowForClientLocked:5628 com.android.server.wm.Session.insetsModified:629 android.view.IWindowSession$Stub.onTransact:1151
01-01 08:45:21.566 0 0 I binder : 12704:12736 ioctl 40046210 799d5fb1f4 returned -22
03-11 01:38:20.765 1530 4690 W ActivityManager: Unable to start service Intent { act=com.tencent.tpns.mqttchannel.FEEDBACK pkg=com.tencent.tmgp.sgame } U=0: not found
01-01 08:45:22.167 0 0 W audit : audit_lost=963 audit_rate_limit=5 audit_backlog_limit=64
01-01 08:45:22.167 0 0 E audit : rate limit exceeded
03-11 01:38:23.140 1530 2750 E TaskPersister: File error accessing recents directory (directory doesn't exist?).
03-11 01:38:23.638 1530 11635 W FreeFormWindowHelper: Current Display FreeFormTask is null
03-11 01:38:23.638 1530 11635 W FreeFormWindowHelper: Current Display FreeFormTask is null
03-11 01:38:23.638 1530 11635 W FreeFormWindowHelper: Current Display FreeFormTask is null
03-11 01:38:23.639 1530 6113 W FreeFormWindowHelper: Current Display FreeFormTask is null
03-11 01:38:23.677 1530 11635 W FreeFormWindowHelper: Current Display FreeFormTask is null
03-11 01:38:23.677 1530 11635 W FreeFormWindowHelper: Current Display FreeFormTask is null
03-11 01:38:23.678 1530 6113 W FreeFormWindowHelper: Current Display FreeFormTask is null
03-11 01:38:23.687 1530 6113 W ActivityTaskManager: getTaskSnapshot: taskId=-97 not found
03-11 01:38:23.687 1530 6113 W ActivityTaskManager: getTaskSnapshot: taskId=-96 not found
03-11 01:38:23.688 1530 6113 W ActivityTaskManager: getTaskSnapshot: taskId=-96 not found
03-11 01:38:23.688 1530 6113 W ActivityTaskManager: getTaskSnapshot: taskId=-96 not found
03-11 01:38:23.714 1530 6113 W FreeFormWindowHelper: Current Display FreeFormTask is null
03-11 01:38:23.714 1530 11635 W FreeFormWindowHelper: Current Display FreeFormTask is null
03-11 01:38:23.714 1530 6113 W ActivityTaskManager: getTaskSnapshot: taskId=-97 not found
03-11 01:38:23.715 1530 6113 W ActivityTaskManager: getTaskSnapshot: taskId=-96 not found
03-11 01:38:23.715 1530 6113 W ActivityTaskManager: getTaskSnapshot: taskId=-96 not found
03-11 01:38:23.715 1530 6113 W ActivityTaskManager: getTaskSnapshot: taskId=-96 not found
03-11 01:38:23.777 1530 11635 W FreeFormWindowHelper: Current Display FreeFormTask is null
03-11 01:38:23.777 1530 11635 W FreeFormWindowHelper: Current Display FreeFormTask is null
03-11 01:38:23.778 1530 11635 W FreeFormWindowHelper: Current Display FreeFormTask is null
03-11 01:38:23.779 1530 11635 W FreeFormWindowHelper: Current Display FreeFormTask is null
03-11 01:38:23.780 1530 11635 W ActivityTaskManager: getTaskSnapshot: taskId=-957 not found
03-11 01:38:23.780 1530 11635 W ActivityTaskManager: getTaskSnapshot: taskId=-957 not found
03-11 01:38:23.780 1530 11635 W ActivityTaskManager: getTaskSnapshot: taskId=-957 not found
03-11 01:38:23.781 1530 11635 W ActivityTaskManager: getTaskSnapshot: taskId=-957 not found
03-11 01:38:23.811 1530 11635 W FreeFormWindowHelper: Current Display FreeFormTask is null
03-11 01:38:23.811 1530 11635 W FreeFormWindowHelper: Current Display FreeFormTask is null
03-11 01:38:23.844 1530 1563 W FreeFormWindowHelper: Current Display FreeFormTask is null
03-11 01:38:23.844 1530 1563 W FreeFormWindowHelper: Current Display FreeFormTask is null
03-11 01:38:24.171 1530 2906 W FreeFormWindowHelper: Current Display FreeFormTask is null
03-11 01:38:24.171 1530 2906 W FreeFormWindowHelper: Current Display FreeFormTask is null
03-11 01:38:24.171 1530 2906 W FreeFormWindowHelper: Current Display FreeFormTask is null
03-11 01:38:24.549 1530 1563 I ActivityTaskManager: FOREGROUND_APPLICATION_CHANGED to com.android.launcher3.uioverrides.QuickstepLauncher
03-11 01:38:24.580 1530 2906 W FreeFormWindowHelper: Current Display FreeFormTask is null
03-11 01:38:24.580 1530 2906 W FreeFormWindowHelper: Current Display FreeFormTask is null
03-11 01:38:24.581 1530 1563 W FreeFormWindowHelper: Current Display FreeFormTask is null
03-11 01:38:24.613 1530 1563 W FreeFormWindowHelper: Current Display FreeFormTask is null
03-11 01:38:24.613 1530 1563 W FreeFormWindowHelper: Current Display FreeFormTask is null
03-11 01:38:24.656 1530 11635 W FreeFormWindowHelper: Current Display FreeFormTask is null
03-11 01:38:24.657 2054 3742 W ContextImpl: Calling a method in the system process without a qualified user: android.app.ContextImpl.startService:1816 android.content.ContextWrapper.startService:774 com.thundercomm.gamemode.ingame.services.GameModeActionUtils.startGameModeService:118 com.thundercomm.gamemode.ingame.services.GameModeActionUtils.startGameModeEntry:29 com.thundercomm.gamemode.ingame.services.ActivityMonitoringService$1.onActivityLaunch:140
03-11 01:38:24.660 1530 1530 I GameModeConfig: Current uri is uri = content://com.thundercomm.gamemode.api/gamemode_settings/gamemode_isgaming
03-11 01:38:24.661 1530 1530 I GameModeConfig: isGameModeOn = true
03-11 01:38:24.661 1530 1530 I GameModeConfig: isGaming = false
03-11 01:38:24.661 1530 1530 I GameModeConfig: isGameModeOn = true
03-11 01:38:24.661 1530 1530 I GameModeConfig: isGaming = false
03-11 01:38:24.661 1530 1530 I GameModeConfig: isDisableVoice = true
01-01 08:45:25.708 0 0 W ALERT : changing window size from 8000000 to 16000000 at 1890804020735
01-01 08:45:25.747 0 0 I : [MAX975X:max96755x_drm_notifier_callback] *INFO* receives EARLY_BLANK:UNBLANK
01-01 08:45:25.747 0 0 I atmel_mxt_ts 0-004a: FB event:2,blank:0
01-01 08:45:25.747 0 0 I atmel_mxt_ts 0-004a: suspend: event = 2, blank = 0, not care
01-01 08:45:25.747 0 0 I [drm:dsi_display_set_mode] [msm-dsi-info]: mdp_transfer_time_us=0 us
01-01 08:45:25.747 0 0 I [drm:dsi_display_set_mode] [msm-dsi-info]: hactive= 2560,vactive= 1080,fps=60
01-01 08:45:25.747 0 0 I : [MAX975X:max96755x_drm_notifier_callback] *INFO* receives BLANK:UNBLANK
03-11 01:38:24.729 1530 1607 I DisplayDeviceRepository: Display device changed: DisplayDeviceInfo{"内置屏幕": uniqueId="local:4630946816427681409", 2560 x 1080, modeId 1, defaultModeId 1, supportedModes [{id=1, width=2560, height=1080, fps=60.000004, alternativeRefreshRates=[30.000002, 45.0]}, {id=2, width=2560, height=1080, fps=45.0, alternativeRefreshRates=[30.000002, 60.000004]}, {id=3, width=2560, height=1080, fps=30.000002, alternativeRefreshRates=[45.0, 60.000004]}], colorMode 0, supportedColorModes [0], hdrCapabilities HdrCapabilities{mSupportedHdrTypes=[2, 3, 4], mMaxLuminance=500.0, mMaxAverageLuminance=500.0, mMinLuminance=0.0}, allmSupported false, gameContentTypeSupported false, density 240, 320.315 x 318.976 dpi, appVsyncOff 1000000, presDeadline 16666666, touch INTERNAL, rotation 0, type INTERNAL, address {port=129, model=0x40446d97fee5e6}, deviceProductInfo DeviceProductInfo{name=, manufacturerPnpId=QCM, productId=1, modelYear=null, manufactureDate=ManufactureDate{week=27, year=2006}, connectionToSinkType=0}, state ON, frameRateOverride , brightnessMinimum 0.0, brightnessMaximum 1.0, brightnessDefault 1.0, FLAG_DEFAULT_DISPLAY, FLAG_ROTATES_WITH_CONTENT, FLAG_SECURE, FLAG_SUPPORTS_PROTECTED_BUFFERS}
01-01 08:45:25.777 0 0 I atmel_mxt_ts 0-004a: FB event:1,blank:0
01-01 08:45:25.777 0 0 I atmel_mxt_ts 0-004a: drm_notifier_callback: UNBLANK! Resume by drm notifier.
01-01 08:45:26.201 0 0 E DTC_ETH,link_delay_work_func: 3003, SQI=0, link=0
03-11 01:38:25.165 1530 1563 I ActivityTaskManager: FOREGROUND_APPLICATION_CHANGED to com.android.settings.homepage.SettingsHomepageActivity
03-11 01:38:25.272 1530 11635 W FreeFormWindowHelper: Current Display FreeFormTask is null
03-11 01:38:25.532 1530 4690 W FreeFormWindowHelper: exitRecentTasks type=0
03-11 01:38:28.168 1530 2750 E TaskPersister: File error accessing recents directory (directory doesn't exist?).
03-11 01:38:28.354 1530 1614 I DropBoxManagerService: add tag=system_server_wtf isTagEnabled=true flags=0x2
03-11 01:38:28.358 1530 1614 I DropBoxManagerService: add tag=system_server_wtf isTagEnabled=true flags=0x2
03-11 01:38:28.358 1530 12686 I ActivityManager: Killing 12704:com.tencent.tmgp.sgame/u0a93 (adj 500): remove task
03-11 01:38:28.358 1530 12140 W FreeFormWindowHelper: Current Display FreeFormTask is null
03-11 01:38:28.359 1530 12686 I ActivityManager: Killing 12737:com.tencent.tmgp.sgame:xg_vip_service/u0a93 (adj 500): remove task
03-11 01:38:28.361 1530 2750 E TaskPersister: File error accessing recents directory (directory doesn't exist?).
01-01 08:45:29.428 0 0 I binder : release 12737:13169 transaction 796875 out, still active
01-01 08:45:29.428 0 0 I binder : undelivered TRANSACTION_COMPLETE
03-11 01:38:28.383 1530 12140 W ActivityManager: Scheduling restart of crashed service com.tencent.tmgp.sgame/com.tencent.android.tpush.service.XGVipPushService in 1000ms for connection
01-01 08:45:29.446 0 0 I binder : send failed reply for transaction 796875, target dead
03-11 01:38:28.402 1530 12686 I WindowManager: WIN DEATH: Window{e9c5e90 u0 com.tencent.tmgp.sgame/com.tencent.tmgp.sgame.SGameActivity}
03-11 01:38:28.405 1530 1607 W ActivityManager: setHasOverlayUi called on unknown pid: 12704
03-11 01:38:28.405 1530 1613 W UsageStatsService: Unexpected activity event reported! (com.tencent.tmgp.sgame/com.tencent.tmgp.sgame.SGameActivity event : 23 instanceId : 23227248)
03-11 01:38:28.405 1530 1608 W ActivityTaskManager: Can't find TaskDisplayArea to determine support for multi window. Task id=32 attached=false
03-11 01:38:28.405 1530 1608 W ActivityTaskManager: Can't find TaskDisplayArea to determine support for multi window. Task id=32 attached=false
03-11 01:38:28.453 1530 12686 W FreeFormWindowHelper: Current Display FreeFormTask is null
01-01 08:45:31.320 0 0 E DTC_ETH,link_delay_work_func: 3003, SQI=0, link=0
03-11 01:38:30.685 1530 12686 W FreeFormWindowHelper: Current Display FreeFormTask is null
03-11 01:38:30.686 1530 12686 W FreeFormWindowHelper: Current Display FreeFormTask is null
03-11 01:38:30.688 1530 13170 W FreeFormWindowHelper: Current Display FreeFormTask is null
03-11 01:38:30.688 1530 13170 W FreeFormWindowHelper: Current Display FreeFormTask is null
03-11 01:38:30.688 1530 13170 W FreeFormWindowHelper: Current Display FreeFormTask is null
03-11 01:38:30.697 1530 13170 W ActivityTaskManager: getTaskSnapshot: taskId=-49 not found
03-11 01:38:30.699 1530 12686 W FreeFormWindowHelper: Current Display FreeFormTask is null
03-11 01:38:30.699 1530 12686 W FreeFormWindowHelper: Current Display FreeFormTask is null
03-11 01:38:30.699 1530 12686 W ActivityTaskManager: getTaskSnapshot: taskId=-49 not found
03-11 01:38:30.699 1530 12686 W ActivityTaskManager: getTaskSnapshot: taskId=-49 not found
03-11 01:38:30.700 1530 12686 W ActivityTaskManager: getTaskSnapshot: taskId=-49 not found
03-11 01:38:30.710 1530 12140 W FreeFormWindowHelper: Current Display FreeFormTask is null
03-11 01:38:30.710 1530 12140 W FreeFormWindowHelper: Current Display FreeFormTask is null
03-11 01:38:30.912 1530 4690 W FreeFormWindowHelper: Current Display FreeFormTask is null
03-11 01:38:30.912 1530 4690 W FreeFormWindowHelper: Current Display FreeFormTask is null
03-11 01:38:30.913 1530 4690 W FreeFormWindowHelper: Current Display FreeFormTask is null
03-11 01:38:30.913 1530 4690 W FreeFormWindowHelper: Current Display FreeFormTask is null
03-11 01:38:30.914 1530 11635 W ActivityTaskManager: getTaskSnapshot: taskId=-822 not found
03-11 01:38:30.916 1530 4690 W ActivityTaskManager: getTaskSnapshot: taskId=-822 not found
03-11 01:38:30.916 1530 4690 W ActivityTaskManager: getTaskSnapshot: taskId=-822 not found
03-11 01:38:30.916 1530 4690 W ActivityTaskManager: getTaskSnapshot: taskId=-822 not found
03-11 01:38:30.916 1530 4690 W ActivityTaskManager: getTaskSnapshot: taskId=-822 not found
03-11 01:38:30.928 1530 11635 W FreeFormWindowHelper: Current Display FreeFormTask is null
03-11 01:38:30.928 1530 11635 W FreeFormWindowHelper: Current Display FreeFormTask is null
03-11 01:38:30.944 1530 11635 W FreeFormWindowHelper: Current Display FreeFormTask is null
03-11 01:38:30.944 1530 11635 W FreeFormWindowHelper: Current Display FreeFormTask is null
03-11 01:38:31.404 1530 2750 E TaskPersister: File error accessing recents directory (directory doesn't exist?).
03-11 01:38:33.092 1530 4690 W FreeFormWindowHelper: Current Display FreeFormTask is null
03-11 01:38:33.092 1530 4690 W FreeFormWindowHelper: Current Display FreeFormTask is null
03-11 01:38:33.092 1530 4690 W FreeFormWindowHelper: Current Display FreeFormTask is null
03-11 01:38:33.456 1530 11635 I ActivityTaskManager: FOREGROUND_APPLICATION_CHANGED to com.android.launcher3.uioverrides.QuickstepLauncher
03-11 01:38:33.460 1530 2081 W FreeFormWindowHelper: Current Display FreeFormTask is null
03-11 01:38:33.460 1530 2081 W FreeFormWindowHelper: Current Display FreeFormTask is null
03-11 01:38:33.461 1530 4690 W FreeFormWindowHelper: Current Display FreeFormTask is null
03-11 01:38:33.464 1530 1607 I ActivityManager: PendingStartActivityUids startActivity to updateOomAdj delay:2777ms, uid:10075
03-11 01:38:33.476 1530 11635 W FreeFormWindowHelper: Current Display FreeFormTask is null
03-11 01:38:33.476 1530 2081 W FreeFormWindowHelper: Current Display FreeFormTask is null
03-11 01:38:33.559 1530 12140 W FreeFormWindowHelper: Current Display FreeFormTask is null
03-11 01:38:34.846 1530 12140 I ActivityTaskManager: FOREGROUND_APPLICATION_CHANGED to com.android.settings.homepage.SettingsHomepageActivity
03-11 01:38:34.949 1530 11635 W FreeFormWindowHelper: Current Display FreeFormTask is null
03-11 01:38:35.222 1530 12140 W FreeFormWindowHelper: exitRecentTasks type=0
01-01 08:45:36.440 0 0 E DTC_ETH,link_delay_work_func: 3003, SQI=0, link=0
03-11 01:38:35.687 1530 12140 W FreeFormWindowHelper: Current Display FreeFormTask is null
03-11 01:38:35.688 1530 11635 W FreeFormWindowHelper: Current Display FreeFormTask is null
03-11 01:38:35.707 1530 4316 W FreeFormWindowHelper: Current Display FreeFormTask is null
03-11 01:38:35.707 1530 11635 W FreeFormWindowHelper: Current Display FreeFormTask is null
03-11 01:38:35.707 1530 12140 W FreeFormWindowHelper: Current Display FreeFormTask is null
03-11 01:38:35.714 1530 12140 W ActivityTaskManager: getTaskSnapshot: taskId=-48 not found
03-11 01:38:35.715 1530 12140 W ActivityTaskManager: getTaskSnapshot: taskId=-48 not found
03-11 01:38:35.716 1530 12140 W ActivityTaskManager: getTaskSnapshot: taskId=-48 not found
03-11 01:38:35.716 1530 12140 W ActivityTaskManager: getTaskSnapshot: taskId=-48 not found
03-11 01:38:35.716 1530 12140 W ActivityTaskManager: getTaskSnapshot: taskId=-48 not found
03-11 01:38:35.725 1530 12140 W FreeFormWindowHelper: Current Display FreeFormTask is null
03-11 01:38:35.725 1530 12140 W FreeFormWindowHelper: Current Display FreeFormTask is null
03-11 01:38:35.739 1530 12140 W FreeFormWindowHelper: Current Display FreeFormTask is null
03-11 01:38:35.739 1530 12140 W FreeFormWindowHelper: Current Display FreeFormTask is null
03-11 01:38:35.806 1530 4316 W FreeFormWindowHelper: Current Display FreeFormTask is null
03-11 01:38:35.806 1530 4316 W FreeFormWindowHelper: Current Display FreeFormTask is null
03-11 01:38:35.806 1530 4316 W FreeFormWindowHelper: Current Display FreeFormTask is null
03-11 01:38:35.807 1530 4316 W FreeFormWindowHelper: Current Display FreeFormTask is null
03-11 01:38:35.808 1530 11635 W ActivityTaskManager: getTaskSnapshot: taskId=-929 not found
03-11 01:38:35.809 1530 11635 W ActivityTaskManager: getTaskSnapshot: taskId=-929 not found
03-11 01:38:35.809 1530 11635 W ActivityTaskManager: getTaskSnapshot: taskId=-929 not found
03-11 01:38:35.809 1530 11635 W ActivityTaskManager: getTaskSnapshot: taskId=-928 not found
03-11 01:38:35.810 1530 11635 W ActivityTaskManager: getTaskSnapshot: taskId=-928 not found
03-11 01:38:35.823 1530 11635 W FreeFormWindowHelper: Current Display FreeFormTask is null
03-11 01:38:35.823 1530 11635 W FreeFormWindowHelper: Current Display FreeFormTask is null
03-11 01:38:35.839 1530 12140 W FreeFormWindowHelper: Current Display FreeFormTask is null
03-11 01:38:35.840 1530 11635 W FreeFormWindowHelper: Current Display FreeFormTask is null
03-11 01:38:35.900 1530 12140 W FreeFormWindowHelper: exitRecentTasks type=0
03-11 01:38:35.906 1530 12140 W FreeFormWindowHelper: Current Display FreeFormTask is null
03-11 01:38:35.906 1530 12140 W FreeFormWindowHelper: Current Display FreeFormTask is null
03-11 01:38:36.541 1530 12140 W FreeFormWindowHelper: Current Display FreeFormTask is null
03-11 01:38:36.541 1530 12140 W FreeFormWindowHelper: Current Display FreeFormTask is null
03-11 01:38:36.544 1530 12140 I ActivityTaskManager: FOREGROUND_APPLICATION_CHANGED to com.android.launcher3.uioverrides.QuickstepLauncher
03-11 01:38:36.647 1530 12140 W FreeFormWindowHelper: Current Display FreeFormTask is null
03-11 01:38:36.725 1530 2081 I thunderperf: PlatormCompat.setOverrides: Uid1=10075 Pid1=2553 Uid2=10075 Pid2=2553
03-11 01:38:36.725 1530 2081 I thunderperf: PlatormCompat.setOverrides: needCheck:false
03-11 01:38:36.725 1530 2081 I thunderperf: CompatConfig.addOverrideUnsafe: bef-state=1
03-11 01:38:36.725 1530 2081 I thunderperf: CompatConfig.addOverrideUnsafe: aft-state=0
03-11 01:38:36.725 1530 2081 I thunderperf: CompatConfig.addOverrideUnsafe: bef-state=1
03-11 01:38:36.725 1530 2081 I thunderperf: CompatConfig.addOverrideUnsafe: aft-state=0
03-11 01:38:36.726 1530 2081 I thunderperf: CompatConfig.addOverrideUnsafe: bef-state=1
03-11 01:38:36.726 1530 2081 I thunderperf: CompatConfig.addOverrideUnsafe: aft-state=0
03-11 01:38:36.726 1530 2081 I thunderperf: CompatConfig.addOverrideUnsafe: bef-state=1
03-11 01:38:36.726 1530 2081 I thunderperf: CompatConfig.addOverrideUnsafe: aft-state=0
03-11 01:38:36.726 1530 2081 I thunderperf: CompatConfig.addOverrideUnsafe: bef-state=1
03-11 01:38:36.726 1530 2081 I thunderperf: CompatConfig.addOverrideUnsafe: aft-state=0
03-11 01:38:36.726 1530 2081 I thunderperf: CompatConfig.addOverrideUnsafe: bef-state=1
03-11 01:38:36.726 1530 2081 I thunderperf: CompatConfig.addOverrideUnsafe: aft-state=0
03-11 01:38:36.726 1530 2081 I thunderperf: CompatConfig.addOverrideUnsafe: bef-state=1
03-11 01:38:36.727 1530 2081 I thunderperf: CompatConfig.addOverrideUnsafe: aft-state=0
03-11 01:38:36.727 1530 2081 I thunderperf: CompatConfig.addOverrideUnsafe: bef-state=1
03-11 01:38:36.727 1530 2081 I thunderperf: CompatConfig.addOverrideUnsafe: aft-state=0
03-11 01:38:36.727 1530 2081 I thunderperf: CompatConfig.addOverrideUnsafe: bef-state=1
03-11 01:38:36.727 1530 2081 I thunderperf: CompatConfig.addOverrideUnsafe: aft-state=0
03-11 01:38:36.727 1530 2081 I thunderperf: CompatConfig.addOverrideUnsafe: bef-state=1
03-11 01:38:36.727 1530 2081 I thunderperf: CompatConfig.addOverrideUnsafe: aft-state=0
03-11 01:38:36.727 1530 2081 I thunderperf: CompatConfig.addOverrideUnsafe: bef-state=1
03-11 01:38:36.728 1530 2081 I thunderperf: CompatConfig.addOverrideUnsafe: aft-state=0
03-11 01:38:36.728 1530 2081 I thunderperf: CompatConfig.addOverrideUnsafe: bef-state=1
03-11 01:38:36.728 1530 2081 I thunderperf: CompatConfig.addOverrideUnsafe: aft-state=0
03-11 01:38:36.728 1530 2081 I thunderperf: CompatConfig.addOverrideUnsafe: bef-state=1
03-11 01:38:36.728 1530 2081 I thunderperf: CompatConfig.addOverrideUnsafe: aft-state=0
03-11 01:38:36.728 1530 2081 I thunderperf: CompatConfig.addOverrideUnsafe: bef-state=1
03-11 01:38:36.728 1530 2081 I thunderperf: CompatConfig.addOverrideUnsafe: aft-state=0
03-11 01:38:36.729 1530 2081 I ActivityTaskManager: START u0 {act=android.intent.action.MAIN cat=[android.intent.category.LAUNCHER] flg=0x10200000 cmp=com.tencent.tmgp.sgame/.SGameActivity bnds=[1017,120][1319,402]} from uid 10075
03-11 01:38:36.730 1530 2081 W ActivityTaskManager: Can't find TaskDisplayArea to determine support for multi window. Task id=33 attached=false
03-11 01:38:36.732 1530 2081 D CompatibilityChangeReporter: Compat change id reported: 174042980; UID 10093; state: DISABLED
03-11 01:38:36.732 1530 2081 D CompatibilityChangeReporter: Compat change id reported: 184838306; UID 10093; state: DISABLED
03-11 01:38:36.732 1530 2081 D CompatibilityChangeReporter: Compat change id reported: 185004937; UID 10093; state: DISABLED
03-11 01:38:36.732 1530 2081 D CompatibilityChangeReporter: Compat change id reported: 181136395; UID 10093; state: DISABLED
03-11 01:38:36.732 1530 2081 D CompatibilityChangeReporter: Compat change id reported: 174042936; UID 10093; state: DISABLED
03-11 01:38:36.733 1530 2081 D CompatibilityChangeReporter: Compat change id reported: 168419799; UID 10093; state: DISABLED
03-11 01:38:36.735 1530 11635 W FreeFormWindowHelper: Current Display FreeFormTask is null
03-11 01:38:36.736 1530 1607 D CompatibilityChangeReporter: Compat change id reported: 135634846; UID 10093; state: DISABLED
03-11 01:38:36.736 1530 1607 D CompatibilityChangeReporter: Compat change id reported: 177438394; UID 10093; state: DISABLED
03-11 01:38:36.736 1530 1607 D CompatibilityChangeReporter: Compat change id reported: 135772972; UID 10093; state: DISABLED
03-11 01:38:36.736 1530 1607 D CompatibilityChangeReporter: Compat change id reported: 135754954; UID 10093; state: DISABLED
03-11 01:38:36.736 1530 1615 D CompatibilityChangeReporter: Compat change id reported: 143937733; UID 10093; state: DISABLED
03-11 01:38:36.737 1530 11635 I ActivityTaskManager: FOREGROUND_APPLICATION_CHANGED to com.tencent.tmgp.sgame.SGameActivity
03-11 01:38:36.741 1530 1615 I ActivityManager: Start proc 13204:com.tencent.tmgp.sgame/u0a93 for pre-top-activity {com.tencent.tmgp.sgame/com.tencent.tmgp.sgame.SGameActivity}
03-11 01:38:36.743 1530 13205 W ContextImpl: Calling a method in the system process without a qualified user: android.app.ContextImpl.sendBroadcast:1173 com.qualcomm.qti.Performance$SendGameLaunchBroadcast.run:217 java.lang.Thread.run:920
01-01 08:45:37.797 0 0 I binder : 13204:13204 ioctl 40046210 7ff5e17364 returned -22
03-11 01:38:36.762 2054 3742 W ContextImpl: Calling a method in the system process without a qualified user: android.app.ContextImpl.startService:1816 android.content.ContextWrapper.startService:774 com.thundercomm.gamemode.ingame.services.GameModeActionUtils.startGameModeService:118 com.thundercomm.gamemode.ingame.services.GameModeActionUtils.startGameModeEntry:29 com.thundercomm.gamemode.ingame.services.ActivityMonitoringService$1.onActivityLaunch:140
03-11 01:38:36.765 1530 1530 I GameModeConfig: Current uri is uri = content://com.thundercomm.gamemode.api/gamemode_settings/gamemode_isgaming
03-11 01:38:36.766 1530 1530 I GameModeConfig: isGameModeOn = true
03-11 01:38:36.766 1530 1530 I GameModeConfig: isGaming = true
03-11 01:38:36.766 1530 1530 I GameModeConfig: isDisableNotification = true
03-11 01:38:36.766 1530 1530 I GameModeConfig: isGameModeOn = true
03-11 01:38:36.766 1530 1530 I GameModeConfig: isGaming = true
03-11 01:38:36.766 1530 1530 I GameModeConfig: isDisableNotification = true
01-01 08:45:37.820 0 0 W ALERT : changing window size from 16000000 to 20000000 at 1902916022241
03-11 01:38:36.777 13204 13225 D ActivityThread: Loading provider com.tencent.tmgp.sgame.XG_SETTINGS_PROVIDER: com.tencent.tpns.baseapi.base.SettingsContentProvider
01-01 08:45:37.826 0 0 I : [MAX975X:max96755x_drm_notifier_callback] *INFO* receives EARLY_BLANK:UNBLANK
01-01 08:45:37.826 0 0 I atmel_mxt_ts 0-004a: FB event:2,blank:0
01-01 08:45:37.826 0 0 I atmel_mxt_ts 0-004a: suspend: event = 2, blank = 0, not care
01-01 08:45:37.826 0 0 I [drm:dsi_display_set_mode] [msm-dsi-info]: mdp_transfer_time_us=0 us
01-01 08:45:37.826 0 0 I [drm:dsi_display_set_mode] [msm-dsi-info]: hactive= 2560,vactive= 1080,fps=30
01-01 08:45:37.826 0 0 I : [MAX975X:max96755x_drm_notifier_callback] *INFO* receives BLANK:UNBLANK
01-01 08:45:37.828 0 0 I atmel_mxt_ts 0-004a: FB event:1,blank:0
01-01 08:45:37.828 0 0 I atmel_mxt_ts 0-004a: drm_notifier_callback: UNBLANK! Resume by drm notifier.
03-11 01:38:36.785 1530 12140 D CompatibilityChangeReporter: Compat change id reported: 135634846; UID 10093; state: DISABLED
03-11 01:38:36.785 1530 12140 D CompatibilityChangeReporter: Compat change id reported: 177438394; UID 10093; state: DISABLED
03-11 01:38:36.785 1530 12140 D CompatibilityChangeReporter: Compat change id reported: 135772972; UID 10093; state: DISABLED
03-11 01:38:36.785 1530 12140 D CompatibilityChangeReporter: Compat change id reported: 135754954; UID 10093; state: DISABLED
03-11 01:38:36.786 1530 1615 D CompatibilityChangeReporter: Compat change id reported: 143937733; UID 10093; state: DISABLED
03-11 01:38:36.792 1530 1607 I DisplayDeviceRepository: Display device changed: DisplayDeviceInfo{"内置屏幕": uniqueId="local:4630946816427681409", 2560 x 1080, modeId 3, defaultModeId 1, supportedModes [{id=1, width=2560, height=1080, fps=60.000004, alternativeRefreshRates=[30.000002, 45.0]}, {id=2, width=2560, height=1080, fps=45.0, alternativeRefreshRates=[30.000002, 60.000004]}, {id=3, width=2560, height=1080, fps=30.000002, alternativeRefreshRates=[45.0, 60.000004]}], colorMode 0, supportedColorModes [0], hdrCapabilities HdrCapabilities{mSupportedHdrTypes=[2, 3, 4], mMaxLuminance=500.0, mMaxAverageLuminance=500.0, mMinLuminance=0.0}, allmSupported false, gameContentTypeSupported false, density 240, 320.315 x 318.976 dpi, appVsyncOff 1000000, presDeadline 33333333, touch INTERNAL, rotation 0, type INTERNAL, address {port=129, model=0x40446d97fee5e6}, deviceProductInfo DeviceProductInfo{name=, manufacturerPnpId=QCM, productId=1, modelYear=null, manufactureDate=ManufactureDate{week=27, year=2006}, connectionToSinkType=0}, state ON, frameRateOverride , brightnessMinimum 0.0, brightnessMaximum 1.0, brightnessDefault 1.0, FLAG_DEFAULT_DISPLAY, FLAG_ROTATES_WITH_CONTENT, FLAG_SECURE, FLAG_SUPPORTS_PROTECTED_BUFFERS}
03-11 01:38:36.795 1530 1615 I ActivityManager: Start proc 13241:com.tencent.tmgp.sgame:xg_vip_service/u0a93 for service {com.tencent.tmgp.sgame/com.tencent.android.tpush.service.XGVipPushService}
01-01 08:45:37.867 0 0 I binder : 13241:13241 ioctl 40046210 7ff5e17364 returned -22
03-11 01:38:36.839 1530 11635 W FreeFormWindowHelper: Current Display FreeFormTask is null
03-11 01:38:37.075 1530 2081 W WindowManager: Failed looking up window session=Session{7671bd 13204:u0a10093} callers=com.android.server.wm.WindowManagerService.windowForClientLocked:5628 com.android.server.wm.Session.insetsModified:629 android.view.IWindowSession$Stub.onTransact:1151
01-01 08:45:38.142 0 0 I binder : 13204:13239 ioctl 40046210 79a2b011f4 returned -22
01-01 08:45:38.342 0 0 W audit : audit_lost=967 audit_rate_limit=5 audit_backlog_limit=64
01-01 08:45:38.342 0 0 E audit : rate limit exceeded
03-11 01:38:37.435 1530 2081 W ActivityManager: Unable to start service Intent { act=com.tencent.tpns.mqttchannel.FEEDBACK pkg=com.tencent.tmgp.sgame } U=0: not found
03-11 01:38:38.351 1530 2750 E TaskPersister: File error accessing recents directory (directory doesn't exist?).
01-01 08:45:41.560 0 0 E DTC_ETH,link_delay_work_func: 3003, SQI=0, link=0
03-11 01:38:40.552 1530 11533 W FreeFormWindowHelper: Current Display FreeFormTask is null
03-11 01:38:40.553 1530 11533 W FreeFormWindowHelper: Current Display FreeFormTask is null
03-11 01:38:40.554 1530 11533 W FreeFormWindowHelper: Current Display FreeFormTask is null
03-11 01:38:40.555 1530 11533 W FreeFormWindowHelper: Current Display FreeFormTask is null
03-11 01:38:40.566 1530 13170 W FreeFormWindowHelper: Current Display FreeFormTask is null
03-11 01:38:40.566 1530 11533 W FreeFormWindowHelper: Current Display FreeFormTask is null
03-11 01:38:40.580 1530 13170 W ActivityTaskManager: getTaskSnapshot: taskId=-181 not found
03-11 01:38:40.580 1530 13170 W ActivityTaskManager: getTaskSnapshot: taskId=-181 not found
03-11 01:38:40.580 1530 13170 W ActivityTaskManager: getTaskSnapshot: taskId=-181 not found
03-11 01:38:40.580 1530 13170 W ActivityTaskManager: getTaskSnapshot: taskId=-181 not found
03-11 01:38:40.622 1530 13170 W FreeFormWindowHelper: Current Display FreeFormTask is null
03-11 01:38:40.622 1530 11533 W FreeFormWindowHelper: Current Display FreeFormTask is null
03-11 01:38:40.622 1530 13170 W ActivityTaskManager: getTaskSnapshot: taskId=-181 not found
03-11 01:38:40.622 1530 13170 W ActivityTaskManager: getTaskSnapshot: taskId=-181 not found
03-11 01:38:40.622 1530 13170 W ActivityTaskManager: getTaskSnapshot: taskId=-181 not found
03-11 01:38:40.623 1530 13170 W ActivityTaskManager: getTaskSnapshot: taskId=-181 not found
03-11 01:38:40.684 1530 13170 W FreeFormWindowHelper: Current Display FreeFormTask is null
03-11 01:38:40.684 1530 13170 W FreeFormWindowHelper: Current Display FreeFormTask is null
03-11 01:38:40.818 1530 4690 W FreeFormWindowHelper: Current Display FreeFormTask is null
03-11 01:38:40.818 1530 4690 W FreeFormWindowHelper: Current Display FreeFormTask is null
03-11 01:38:40.819 1530 11533 W FreeFormWindowHelper: Current Display FreeFormTask is null
03-11 01:38:40.820 1530 4690 W FreeFormWindowHelper: Current Display FreeFormTask is null
03-11 01:38:40.820 1530 13170 W ActivityTaskManager: getTaskSnapshot: taskId=-916 not found
03-11 01:38:40.821 1530 13170 W ActivityTaskManager: getTaskSnapshot: taskId=-916 not found
03-11 01:38:40.821 1530 13170 W ActivityTaskManager: getTaskSnapshot: taskId=-916 not found
03-11 01:38:40.821 1530 13170 W ActivityTaskManager: getTaskSnapshot: taskId=-916 not found
03-11 01:38:40.852 1530 13170 W FreeFormWindowHelper: Current Display FreeFormTask is null
03-11 01:38:40.852 1530 13170 W FreeFormWindowHelper: Current Display FreeFormTask is null
03-11 01:38:40.885 1530 12686 W FreeFormWindowHelper: Current Display FreeFormTask is null
03-11 01:38:40.885 1530 12686 W FreeFormWindowHelper: Current Display FreeFormTask is null
03-11 01:38:40.890 1530 8841 W FreeFormWindowHelper: exitRecentTasks type=0
03-11 01:38:40.919 1530 8841 W FreeFormWindowHelper: Current Display FreeFormTask is null
03-11 01:38:40.919 1530 8841 W FreeFormWindowHelper: Current Display FreeFormTask is null
03-11 01:38:41.319 1530 8841 W FreeFormWindowHelper: Current Display FreeFormTask is null
03-11 01:38:41.319 1530 11533 W FreeFormWindowHelper: Current Display FreeFormTask is null
03-11 01:38:41.324 1530 11533 I ActivityTaskManager: FOREGROUND_APPLICATION_CHANGED to com.android.launcher3.uioverrides.QuickstepLauncher
03-11 01:38:41.430 1530 8841 W FreeFormWindowHelper: Current Display FreeFormTask is null
03-11 01:38:41.432 2054 3742 W ContextImpl: Calling a method in the system process without a qualified user: android.app.ContextImpl.startService:1816 android.content.ContextWrapper.startService:774 com.thundercomm.gamemode.ingame.services.GameModeActionUtils.startGameModeService:118 com.thundercomm.gamemode.ingame.services.GameModeActionUtils.startGameModeEntry:29 com.thundercomm.gamemode.ingame.services.ActivityMonitoringService$1.onActivityLaunch:140
03-11 01:38:41.434 1530 1530 I GameModeConfig: Current uri is uri = content://com.thundercomm.gamemode.api/gamemode_settings/gamemode_isgaming
01-01 08:45:42.480 0 0 W ALERT : changing window size from 20000000 to 16000000 at 1907576023125
03-11 01:38:41.435 1530 1530 I GameModeConfig: isGameModeOn = true
03-11 01:38:41.435 1530 1530 I GameModeConfig: isGaming = false
03-11 01:38:41.435 1530 1530 I GameModeConfig: isGameModeOn = true
03-11 01:38:41.435 1530 1530 I GameModeConfig: isGaming = false
03-11 01:38:41.435 1530 1530 I GameModeConfig: isDisableVoice = true
01-01 08:45:42.520 0 0 I : [MAX975X:max96755x_drm_notifier_callback] *INFO* receives EARLY_BLANK:UNBLANK
01-01 08:45:42.520 0 0 I atmel_mxt_ts 0-004a: FB event:2,blank:0
01-01 08:45:42.520 0 0 I atmel_mxt_ts 0-004a: suspend: event = 2, blank = 0, not care
01-01 08:45:42.520 0 0 I [drm:dsi_display_set_mode] [msm-dsi-info]: mdp_transfer_time_us=0 us
01-01 08:45:42.520 0 0 I [drm:dsi_display_set_mode] [msm-dsi-info]: hactive= 2560,vactive= 1080,fps=60
01-01 08:45:42.520 0 0 I : [MAX975X:max96755x_drm_notifier_callback] *INFO* receives BLANK:UNBLANK
01-01 08:45:42.521 0 0 I atmel_mxt_ts 0-004a: FB event:1,blank:0
01-01 08:45:42.521 0 0 I atmel_mxt_ts 0-004a: drm_notifier_callback: UNBLANK! Resume by drm notifier.
03-11 01:38:41.503 1530 1607 I DisplayDeviceRepository: Display device changed: DisplayDeviceInfo{"内置屏幕": uniqueId="local:4630946816427681409", 2560 x 1080, modeId 1, defaultModeId 1, supportedModes [{id=1, width=2560, height=1080, fps=60.000004, alternativeRefreshRates=[30.000002, 45.0]}, {id=2, width=2560, height=1080, fps=45.0, alternativeRefreshRates=[30.000002, 60.000004]}, {id=3, width=2560, height=1080, fps=30.000002, alternativeRefreshRates=[45.0, 60.000004]}], colorMode 0, supportedColorModes [0], hdrCapabilities HdrCapabilities{mSupportedHdrTypes=[2, 3, 4], mMaxLuminance=500.0, mMaxAverageLuminance=500.0, mMinLuminance=0.0}, allmSupported false, gameContentTypeSupported false, density 240, 320.315 x 318.976 dpi, appVsyncOff 1000000, presDeadline 16666666, touch INTERNAL, rotation 0, type INTERNAL, address {port=129, model=0x40446d97fee5e6}, deviceProductInfo DeviceProductInfo{name=, manufacturerPnpId=QCM, productId=1, modelYear=null, manufactureDate=ManufactureDate{week=27, year=2006}, connectionToSinkType=0}, state ON, frameRateOverride , brightnessMinimum 0.0, brightnessMaximum 1.0, brightnessDefault 1.0, FLAG_DEFAULT_DISPLAY, FLAG_ROTATES_WITH_CONTENT, FLAG_SECURE, FLAG_SUPPORTS_PROTECTED_BUFFERS}
03-11 01:38:42.867 1530 1680 D ActivityManager: freezing 5020 com.android.webview:webview_service
03-11 01:38:42.867 1530 1680 E ActivityManager: Unable to freeze binder for 5020 com.android.webview:webview_service
01-01 08:45:43.913 0 0 I binder : 1530:1680 ioctl 400c620e 7965bc15d8 returned -22
03-11 01:38:42.869 1530 1680 D ActivityManager: froze 5020 com.android.webview:webview_service
03-11 01:38:42.869 1530 1680 E ActivityManager: Unable to freeze binder for 5020 com.android.webview:webview_service
03-11 01:38:42.869 1530 1680 I ActivityManager: Killing 5020:com.android.webview:webview_service/u0a65 (adj 915): Unable to freeze binder interface
01-01 08:45:43.914 0 0 I binder : 1530:1680 ioctl c00c620f 7965bc15b8 returned -22
01-01 08:45:46.680 0 0 E DTC_ETH,link_delay_work_func: 3003, SQI=0, link=0
03-11 01:38:47.014 1530 11533 W FreeFormWindowHelper: Current Display FreeFormTask is null
03-11 01:38:47.014 1530 11533 W FreeFormWindowHelper: Current Display FreeFormTask is null
03-11 01:38:47.023 1530 11533 W FreeFormWindowHelper: Current Display FreeFormTask is null
03-11 01:38:47.023 1530 11533 W FreeFormWindowHelper: Current Display FreeFormTask is null
03-11 01:38:47.024 1530 13170 W FreeFormWindowHelper: Current Display FreeFormTask is null
03-11 01:38:47.024 1530 11533 W FreeFormWindowHelper: Current Display FreeFormTask is null
03-11 01:38:47.026 1530 13170 W ActivityTaskManager: getTaskSnapshot: taskId=-711 not found
03-11 01:38:47.026 1530 13170 W ActivityTaskManager: getTaskSnapshot: taskId=-711 not found
03-11 01:38:47.026 1530 13170 W ActivityTaskManager: getTaskSnapshot: taskId=-711 not found
