03-11 01:57:43.884 21205 21205 I wm_on_resume_called: [119720258,com.tencent.tmgp.sgame.SGameActivity,RESUME_ACTIVITY]
03-11 01:57:43.887 1530 8134 W WindowManager: Failed looking up window session=Session{1af4f98 21205:u0a10093} callers=com.android.server.wm.WindowManagerService.windowForClientLocked:5628 com.android.server.wm.Session.insetsModified:629 android.view.IWindowSession$Stub.onTransact:1151
03-11 01:57:43.888 21205 21205 I wm_on_top_resumed_gained_called: [119720258,com.tencent.tmgp.sgame.SGameActivity,topStateChangedWhenResumed]
03-11 01:57:43.900 1530 1608 I input_focus: [Focus request 3a30e57 com.tencent.tmgp.sgame/com.tencent.tmgp.sgame.SGameActivity,reason=UpdateInputWindows]
01-01 09:04:44.962 0 0 I binder : 21205:21240 ioctl 40046210 799ddeb1f4 returned -22
03-11 01:57:43.923 21205 21205 I auditd : type=1400 audit(0.0:3845): avc: granted { execute } for comm="tbs_preinit" path="/data/user/0/com.tencent.tmgp.sgame/app_tbs_64/core_share/libwebp_base.so" dev="dm-10" ino=5511 scontext=u:r:untrusted_app_29:s0:c93,c256,c512,c768 tcontext=u:object_r:app_data_file:s0:c93,c256,c512,c768 tclass=file app=com.tencent.tmgp.sgame
03-11 01:57:43.928 1530 1604 I sysui_multi_action: [319,21,321,19,322,410,325,3049,757,761,758,7,759,1,806,com.tencent.tmgp.sgame,871,com.tencent.tmgp.sgame.SGameActivity,904,com.android.launcher3,905,0,945,35,1320,4,1321,4]
03-11 01:57:43.928 1530 1604 I wm_activity_launch_time: [0,119720258,com.tencent.tmgp.sgame/.SGameActivity,410]
03-11 01:57:43.933 1530 1694 I input_focus: [Focus entering 3a30e57 com.tencent.tmgp.sgame/com.tencent.tmgp.sgame.SGameActivity (server),reason=setFocusedWindow]
03-11 01:57:43.939 21205 21205 I auditd : type=1400 audit(0.0:3846): avc: granted { execute } for comm="logging-thread" path="/data/user/0/com.tencent.tmgp.sgame/app_tbs_64/core_share/libx5log.so" dev="dm-10" ino=5517 scontext=u:r:untrusted_app_29:s0:c93,c256,c512,c768 tcontext=u:object_r:app_data_file:s0:c93,c256,c512,c768 tclass=file app=com.tencent.tmgp.sgame
03-11 01:57:44.065 1530 1607 I wm_stop_activity: [0,152492181,com.android.launcher3/.uioverrides.QuickstepLauncher]
03-11 01:57:44.109 2553 2553 I wm_on_stop_called: [152492181,com.android.launcher3.uioverrides.QuickstepLauncher,STOP_ACTIVITY_ITEM]
03-11 01:57:44.169 1530 2750 E TaskPersister: File error accessing recents directory (directory doesn't exist?).
03-11 01:57:44.251 1530 8134 W ActivityManager: Unable to start service Intent { act=com.tencent.tpns.mqttchannel.FEEDBACK pkg=com.tencent.tmgp.sgame } U=0: not found
03-11 01:57:44.293 1530 1694 I input_interaction: Interaction with: 3a30e57 com.tencent.tmgp.sgame/com.tencent.tmgp.sgame.SGameActivity (server), edge-swipe (server), swipe-up (server), PointerEventDispatcher0 (server),
03-11 01:57:44.499 21205 21205 I auditd : type=1400 audit(0.0:3847): avc: granted { execute } for comm="TP-IoBound-3" path="/data/user/0/com.tencent.tmgp.sgame/app_tbs_64/core_share/libqb_keystore.so" dev="dm-10" ino=5485 scontext=u:r:untrusted_app_29:s0:c93,c256,c512,c768 tcontext=u:object_r:app_data_file:s0:c93,c256,c512,c768 tclass=file app=com.tencent.tmgp.sgame
03-11 01:57:44.499 21205 21205 I auditd : type=1400 audit(0.0:3848): avc: granted { execute } for comm="tbs_preinit" path="/data/user/0/com.tencent.tmgp.sgame/app_tbs_64/core_share/libmttwebview.so" dev="dm-10" ino=5406 scontext=u:r:untrusted_app_29:s0:c93,c256,c512,c768 tcontext=u:object_r:app_data_file:s0:c93,c256,c512,c768 tclass=file app=com.tencent.tmgp.sgame
03-11 01:57:44.507 21205 21205 I auditd : type=1400 audit(0.0:3849): avc: granted { execute } for comm="beacon-thread-1" path="/data/user/0/com.tencent.tmgp.sgame/app_tbs_64/core_share/libtbsbeaconid.so" dev="dm-10" ino=5497 scontext=u:r:untrusted_app_29:s0:c93,c256,c512,c768 tcontext=u:object_r:app_data_file:s0:c93,c256,c512,c768 tclass=file app=com.tencent.tmgp.sgame
01-01 09:04:45.569 0 0 W audit : audit_lost=1365 audit_rate_limit=5 audit_backlog_limit=64
03-11 01:57:44.519 21468 21468 I auditd : type=1400 audit(0.0:3850): avc: granted { execute } for comm="X5MemoryMonitor" name="libcmdsh.so" dev="dm-10" ino=5404 scontext=u:r:untrusted_app_29:s0:c93,c256,c512,c768 tcontext=u:object_r:app_data_file:s0:c93,c256,c512,c768 tclass=file app=com.tencent.tmgp.sgame
01-01 09:04:45.569 0 0 E audit : rate limit exceeded
03-11 01:57:45.291 0 0 I auditd : type=1400 audit(0.0:3852): avc: denied { kill } for comm="swapper/5" capability=5 scontext=u:r:kernel:s0 tcontext=u:r:kernel:s0 tclass=capability permissive=0
03-11 01:57:46.247 21205 21205 I auditd : type=1400 audit(0.0:3853): avc: denied { read } for comm="TuringFdTMFShar" name="version" dev="proc" ino=4026532238 scontext=u:r:untrusted_app_29:s0:c93,c256,c512,c768 tcontext=u:object_r:proc_version:s0 tclass=file permissive=0 app=com.tencent.tmgp.sgame
03-11 01:57:46.291 0 0 I auditd : type=1400 audit(0.0:3854): avc: denied { kill } for comm="swapper/5" capability=5 scontext=u:r:kernel:s0 tcontext=u:r:kernel:s0 tclass=capability permissive=0
03-11 01:57:46.475 21205 21205 I auditd : type=1400 audit(0.0:3855): avc: denied { getattr } for comm="UnityMain" path="/sys/devices/soc0/machine" dev="sysfs" ino=66663 scontext=u:r:untrusted_app_29:s0:c93,c256,c512,c768 tcontext=u:object_r:vendor_sysfs_soc:s0 tclass=file permissive=0 app=com.tencent.tmgp.sgame
03-11 01:57:46.475 21205 21205 I auditd : type=1400 audit(0.0:3856): avc: denied { getattr } for comm="UnityMain" path="/sys/devices/soc0/machine" dev="sysfs" ino=66663 scontext=u:r:untrusted_app_29:s0:c93,c256,c512,c768 tcontext=u:object_r:vendor_sysfs_soc:s0 tclass=file permissive=0 app=com.tencent.tmgp.sgame
03-11 01:57:47.291 0 0 I auditd : type=1400 audit(0.0:3857): avc: denied { kill } for comm="swapper/5" capability=5 scontext=u:r:kernel:s0 tcontext=u:r:kernel:s0 tclass=capability permissive=0
01-01 09:04:48.440 0 0 E DTC_ETH,link_delay_work_func: 3003, SQI=0, link=0
03-11 01:57:47.543 21205 21205 I auditd : type=1400 audit(0.0:3858): avc: denied { read } for comm="pcdn_udp" name="snmp" dev="proc" ino=4026532261 scontext=u:r:untrusted_app_29:s0:c93,c256,c512,c768 tcontext=u:object_r:proc_net:s0 tclass=file permissive=0 app=com.tencent.tmgp.sgame
03-11 01:57:47.647 21205 21205 I auditd : type=1400 audit(0.0:3859): avc: denied { read } for comm="pcdn_udp" name="snmp" dev="proc" ino=4026532261 scontext=u:r:untrusted_app_29:s0:c93,c256,c512,c768 tcontext=u:object_r:proc_net:s0 tclass=file permissive=0 app=com.tencent.tmgp.sgame
03-11 01:57:48.471 1530 4910 W FreeFormWindowHelper: Current Display FreeFormTask is null
03-11 01:57:48.471 1530 4910 W FreeFormWindowHelper: Current Display FreeFormTask is null
03-11 01:57:48.472 1530 4910 W FreeFormWindowHelper: Current Display FreeFormTask is null
03-11 01:57:48.472 1530 4910 I wm_task_moved: [1,0,0]
03-11 01:57:48.472 1530 4910 I wm_task_moved: [1,0,6]
03-11 01:57:48.472 1530 2117 W FreeFormWindowHelper: Current Display FreeFormTask is null
03-11 01:57:48.508 2553 2553 I wm_on_restart_called: [152492181,com.android.launcher3.uioverrides.QuickstepLauncher,performRestartActivity]
03-11 01:57:48.508 1530 8134 W FreeFormWindowHelper: Current Display FreeFormTask is null
03-11 01:57:48.508 1530 8134 W FreeFormWindowHelper: Current Display FreeFormTask is null
03-11 01:57:48.508 1530 8134 W FreeFormWindowHelper: Current Display FreeFormTask is null
03-11 01:57:48.515 2553 2553 I wm_on_start_called: [152492181,com.android.launcher3.uioverrides.QuickstepLauncher,handleStartActivity]
03-11 01:57:48.519 1530 8134 W ActivityTaskManager: getTaskSnapshot: taskId=-263 not found
03-11 01:57:48.519 1530 8134 W ActivityTaskManager: getTaskSnapshot: taskId=-263 not found
03-11 01:57:48.519 1530 8134 W ActivityTaskManager: getTaskSnapshot: taskId=-263 not found
03-11 01:57:48.520 1530 8134 W ActivityTaskManager: getTaskSnapshot: taskId=-263 not found
03-11 01:57:48.546 1530 8134 W FreeFormWindowHelper: Current Display FreeFormTask is null
03-11 01:57:48.546 1530 4910 W FreeFormWindowHelper: Current Display FreeFormTask is null
03-11 01:57:48.546 1530 8134 W ActivityTaskManager: getTaskSnapshot: taskId=-263 not found
03-11 01:57:48.546 1530 8134 W ActivityTaskManager: getTaskSnapshot: taskId=-263 not found
03-11 01:57:48.546 1530 8134 W ActivityTaskManager: getTaskSnapshot: taskId=-263 not found
03-11 01:57:48.546 1530 8134 W ActivityTaskManager: getTaskSnapshot: taskId=-263 not found
03-11 01:57:48.550 1530 1604 I sysui_multi_action: [319,4,322,77,325,3054,757,761,758,9,759,5,806,com.android.launcher3,871,com.android.launcher3.uioverrides.QuickstepLauncher,905,0,1320,4,1321,1]
03-11 01:57:48.606 21205 21205 I view_enqueue_input_event: [Motion - Cancel,com.tencent.tmgp.sgame/com.tencent.tmgp.sgame.SGameActivity]
03-11 01:57:48.607 2553 2553 I sysui_latency: [1,78]
03-11 01:57:48.608 1530 8134 W FreeFormWindowHelper: Current Display FreeFormTask is null
03-11 01:57:48.608 1530 2117 W FreeFormWindowHelper: Current Display FreeFormTask is null
03-11 01:57:48.609 1530 1608 I input_focus: [Focus request recents_animation_input_consumer,reason=UpdateInputWindows]
03-11 01:57:48.610 1530 8134 W FreeFormWindowHelper: Current Display FreeFormTask is null
03-11 01:57:48.611 1530 5963 W FreeFormWindowHelper: Current Display FreeFormTask is null
03-11 01:57:48.612 1530 5963 W ActivityTaskManager: getTaskSnapshot: taskId=-125 not found
03-11 01:57:48.613 1530 5963 W ActivityTaskManager: getTaskSnapshot: taskId=-125 not found
03-11 01:57:48.613 1530 5963 W ActivityTaskManager: getTaskSnapshot: taskId=-125 not found
03-11 01:57:48.613 1530 5963 W ActivityTaskManager: getTaskSnapshot: taskId=-125 not found
03-11 01:57:48.616 1530 1694 I input_interaction: Interaction with: edge-swipe (server), swipe-up (server), PointerEventDispatcher0 (server),
03-11 01:57:48.642 1530 5963 W FreeFormWindowHelper: Current Display FreeFormTask is null
03-11 01:57:48.642 1530 5963 W FreeFormWindowHelper: Current Display FreeFormTask is null
03-11 01:57:48.676 1530 8134 W FreeFormWindowHelper: Current Display FreeFormTask is null
03-11 01:57:48.676 1530 2117 W FreeFormWindowHelper: Current Display FreeFormTask is null
03-11 01:57:48.676 1530 1694 I input_focus: [Focus leaving 3a30e57 com.tencent.tmgp.sgame/com.tencent.tmgp.sgame.SGameActivity (server),reason=NOT_FOCUSABLE]
03-11 01:57:48.677 1530 1694 I input_focus: [Focus entering recents_animation_input_consumer (server),reason=setFocusedWindow]
03-11 01:57:48.716 1530 1678 I commit_sys_config_file: [settings-1-0,2]
03-11 01:57:48.851 1530 1613 I sysui_latency: [8,80]
03-11 01:57:48.994 1530 8134 W FreeFormWindowHelper: Current Display FreeFormTask is null
03-11 01:57:48.994 1530 8134 W FreeFormWindowHelper: Current Display FreeFormTask is null
03-11 01:57:48.994 1530 8134 W FreeFormWindowHelper: Current Display FreeFormTask is null
03-11 01:57:49.291 0 0 I auditd : type=1400 audit(0.0:3860): avc: denied { kill } for comm="swapper/7" capability=5 scontext=u:r:kernel:s0 tcontext=u:r:kernel:s0 tclass=capability permissive=0
03-11 01:57:49.344 1530 4316 I wm_task_moved: [1,1,7]
03-11 01:57:49.345 1530 4316 I wm_focused_root_task: [0,0,1,54,RecentsAnimation.onAnimationFinished()]
03-11 01:57:49.345 21205 21205 I wm_on_top_resumed_lost_called: [119720258,com.tencent.tmgp.sgame.SGameActivity,topStateChangedWhenResumed]
03-11 01:57:49.348 1530 4316 I wm_pause_activity: [0,119720258,com.tencent.tmgp.sgame/.SGameActivity,userLeaving=false,pauseBackTasks]
03-11 01:57:49.348 1530 4316 I ActivityTaskManager: FOREGROUND_APPLICATION_CHANGED to com.android.launcher3.uioverrides.QuickstepLauncher
03-11 01:57:49.349 1530 4316 I wm_set_resumed_activity: [0,com.android.launcher3/.uioverrides.QuickstepLauncher,resumeTopActivityInnerLocked]
03-11 01:57:49.349 1530 4316 I service_manager_stats: [100,22,22168]
03-11 01:57:49.349 1530 4316 I wm_resume_activity: [0,152492181,10,com.android.launcher3/.uioverrides.QuickstepLauncher]
03-11 01:57:49.350 1530 4316 I wm_add_to_stopping: [0,119720258,com.tencent.tmgp.sgame/.SGameActivity,makeInvisible]
03-11 01:57:49.350 2553 2553 I wm_on_resume_called: [152492181,com.android.launcher3.uioverrides.QuickstepLauncher,RESUME_ACTIVITY]
03-11 01:57:49.353 1530 1608 I input_focus: [Focus request f58b61 com.android.launcher3/com.android.launcher3.uioverrides.QuickstepLauncher,reason=UpdateInputWindows]
03-11 01:57:49.353 1530 1607 I sysui_multi_action: [757,803,799,window_time_0,802,6]
03-11 01:57:49.355 1530 8134 I wm_stop_activity: [0,119720258,com.tencent.tmgp.sgame/.SGameActivity]
03-11 01:57:49.355 1530 1607 I sysui_multi_action: [757,803,799,window_time_0,802,0]
03-11 01:57:49.378 1530 4910 W FreeFormWindowHelper: Current Display FreeFormTask is null
03-11 01:57:49.378 1530 2117 W FreeFormWindowHelper: Current Display FreeFormTask is null
03-11 01:57:49.379 1530 5963 W FreeFormWindowHelper: Current Display FreeFormTask is null
03-11 01:57:49.379 1530 1694 I input_focus: [Focus leaving recents_animation_input_consumer (server),reason=NOT_VISIBLE]
03-11 01:57:49.390 2553 2553 I wm_on_top_resumed_gained_called: [152492181,com.android.launcher3.uioverrides.QuickstepLauncher,topStateChangedWhenResumed]
03-11 01:57:49.411 1530 2117 W FreeFormWindowHelper: Current Display FreeFormTask is null
03-11 01:57:49.411 1530 2117 W FreeFormWindowHelper: Current Display FreeFormTask is null
03-11 01:57:49.412 1530 1694 I input_focus: [Focus entering f58b61 com.android.launcher3/com.android.launcher3.uioverrides.QuickstepLauncher (server),reason=setFocusedWindow]
03-11 01:57:49.454 1530 2117 W FreeFormWindowHelper: Current Display FreeFormTask is null
03-11 01:57:49.456 2054 3742 W ContextImpl: Calling a method in the system process without a qualified user: android.app.ContextImpl.startService:1816 android.content.ContextWrapper.startService:774 com.thundercomm.gamemode.ingame.services.GameModeActionUtils.startGameModeService:118 com.thundercomm.gamemode.ingame.services.GameModeActionUtils.startGameModeEntry:29 com.thundercomm.gamemode.ingame.services.ActivityMonitoringService$1.onActivityLaunch:140
03-11 01:57:49.459 1530 1530 I GameModeConfig: Current uri is uri = content://com.thundercomm.gamemode.api/gamemode_settings/gamemode_isgaming
03-11 01:57:49.460 1530 1530 I GameModeConfig: isGameModeOn = true
03-11 01:57:49.460 1530 1530 I GameModeConfig: isGaming = false
03-11 01:57:49.460 1530 1530 I GameModeConfig: isGameModeOn = true
03-11 01:57:49.460 1530 1530 I GameModeConfig: isGaming = false
03-11 01:57:49.460 1530 1530 I GameModeConfig: isDisableVoice = true
01-01 09:04:50.508 0 0 W ALERT : changing window size from 8000000 to 16000000 at 3055604019249
01-01 09:04:50.544 0 0 I : [MAX975X:max96755x_drm_notifier_callback] *INFO* receives EARLY_BLANK:UNBLANK
01-01 09:04:50.544 0 0 I atmel_mxt_ts 0-004a: FB event:2,blank:0
01-01 09:04:50.544 0 0 I atmel_mxt_ts 0-004a: suspend: event = 2, blank = 0, not care
01-01 09:04:50.545 0 0 I [drm:dsi_display_set_mode] [msm-dsi-info]: mdp_transfer_time_us=0 us
01-01 09:04:50.545 0 0 I [drm:dsi_display_set_mode] [msm-dsi-info]: hactive= 2560,vactive= 1080,fps=60
01-01 09:04:50.545 0 0 I : [MAX975X:max96755x_drm_notifier_callback] *INFO* receives BLANK:UNBLANK
01-01 09:04:50.545 0 0 I atmel_mxt_ts 0-004a: FB event:1,blank:0
01-01 09:04:50.545 0 0 I atmel_mxt_ts 0-004a: drm_notifier_callback: UNBLANK! Resume by drm notifier.
03-11 01:57:49.526 1530 1607 I DisplayDeviceRepository: Display device changed: DisplayDeviceInfo{"内置屏幕": uniqueId="local:4630946816427681409", 2560 x 1080, modeId 1, defaultModeId 1, supportedModes [{id=1, width=2560, height=1080, fps=60.000004, alternativeRefreshRates=[30.000002, 45.0]}, {id=2, width=2560, height=1080, fps=45.0, alternativeRefreshRates=[30.000002, 60.000004]}, {id=3, width=2560, height=1080, fps=30.000002, alternativeRefreshRates=[45.0, 60.000004]}], colorMode 0, supportedColorModes [0], hdrCapabilities HdrCapabilities{mSupportedHdrTypes=[2, 3, 4], mMaxLuminance=500.0, mMaxAverageLuminance=500.0, mMinLuminance=0.0}, allmSupported false, gameContentTypeSupported false, density 240, 320.315 x 318.976 dpi, appVsyncOff 1000000, presDeadline 16666666, touch INTERNAL, rotation 0, type INTERNAL, address {port=129, model=0x40446d97fee5e6}, deviceProductInfo DeviceProductInfo{name=, manufacturerPnpId=QCM, productId=1, modelYear=null, manufactureDate=ManufactureDate{week=27, year=2006}, connectionToSinkType=0}, state ON, frameRateOverride , brightnessMinimum 0.0, brightnessMaximum 1.0, brightnessDefault 1.0, FLAG_DEFAULT_DISPLAY, FLAG_ROTATES_WITH_CONTENT, FLAG_SECURE, FLAG_SUPPORTS_PROTECTED_BUFFERS}
03-11 01:57:49.590 1530 1678 I commit_sys_config_file: [settings-1-0,1]
03-11 01:57:49.790 1530 1711 I netstats_mobile_sample: [0,0,0,0,0,0,0,0,0,0,0,0,1678697008548]
03-11 01:57:49.790 1530 1711 I netstats_wifi_sample: [339191810,265542,5104139,68811,339187258,265538,5104139,68811,335393157,266945,4444185,67031,1678697008548]
03-11 01:57:49.856 1530 1694 I input_interaction: Interaction with: f58b61 com.android.launcher3/com.android.launcher3.uioverrides.QuickstepLauncher (server), b266317 com.android.systemui.ImageWallpaper (server), edge-swipe (server), swipe-up (server), PointerEventDispatcher0 (server),
03-11 01:57:49.945 21205 21205 I wm_on_paused_called: [119720258,com.tencent.tmgp.sgame.SGameActivity,performPause]
03-11 01:57:49.951 21205 21205 I wm_on_stop_called: [119720258,com.tencent.tmgp.sgame.SGameActivity,STOP_ACTIVITY_ITEM]
03-11 01:57:49.980 1530 2117 I wm_task_moved: [1,1,7]
03-11 01:57:49.980 1530 2117 I wm_set_resumed_activity: [0,com.android.launcher3/.uioverrides.QuickstepLauncher,positionChildAt]
03-11 01:57:49.980 1530 2117 I wm_task_moved: [22,1,7]
03-11 01:57:49.980 1530 2117 I wm_task_to_front: [0,22]
03-11 01:57:49.980 1530 2117 I wm_focused_root_task: [0,0,22,1,moveTaskToFront findTaskToMoveToFront]
03-11 01:57:49.981 1530 2117 I wm_set_resumed_activity: [0,com.android.settings/.Settings,moveTaskToFront findTaskToMoveToFront]
03-11 01:57:49.981 1530 2117 I wm_pause_activity: [0,152492181,com.android.launcher3/.uioverrides.QuickstepLauncher,userLeaving=true,pauseBackTasks]
03-11 01:57:49.983 2553 2553 I wm_on_top_resumed_lost_called: [152492181,com.android.launcher3.uioverrides.QuickstepLauncher,topStateChangedWhenResumed]
03-11 01:57:49.983 2553 2553 I wm_on_paused_called: [152492181,com.android.launcher3.uioverrides.QuickstepLauncher,performPause]
03-11 01:57:49.986 1530 2117 I ActivityTaskManager: FOREGROUND_APPLICATION_CHANGED to com.android.settings.homepage.SettingsHomepageActivity
03-11 01:57:49.986 1530 2117 I wm_set_resumed_activity: [0,com.android.settings/.Settings,resumeTopActivityInnerLocked]
03-11 01:57:49.987 1530 2117 I wm_add_to_stopping: [0,152492181,com.android.launcher3/.uioverrides.QuickstepLauncher,makeInvisible]
03-11 01:57:49.988 1530 2117 I wm_resume_activity: [0,89475057,22,com.android.settings/.Settings]
03-11 01:57:49.995 1530 1607 I sysui_multi_action: [757,803,799,window_time_0,802,1]
03-11 01:57:49.996 6115 6115 I wm_on_restart_called: [89475057,com.android.settings.Settings,performRestartActivity]
03-11 01:57:49.998 6115 6115 I wm_on_start_called: [89475057,com.android.settings.Settings,handleStartActivity]
03-11 01:57:49.999 1530 1694 I input_focus: [Focus leaving f58b61 com.android.launcher3/com.android.launcher3.uioverrides.QuickstepLauncher (server),reason=NO_WINDOW]
03-11 01:57:49.999 6115 6115 I snet_event_log: [120484087,-1,]
03-11 01:57:49.999 6115 6115 I wm_on_resume_called: [89475057,com.android.settings.Settings,RESUME_ACTIVITY]
03-11 01:57:50.000 6115 6115 I sysui_multi_action: [757,35,758,1,833,0,1089,0]
03-11 01:57:50.001 6115 6115 I sysui_multi_action: [757,3000,758,1,833,0,1089,0]
03-11 01:57:50.001 6115 6115 I sysui_multi_action: [757,3000,758,1,833,0,1089,0]
03-11 01:57:50.002 6115 6115 I wm_on_top_resumed_gained_called: [89475057,com.android.settings.Settings,topWhenResuming]
03-11 01:57:50.014 1530 1608 I input_focus: [Focus request 94f71a4 com.android.settings/com.android.settings.Settings,reason=UpdateInputWindows]
03-11 01:57:50.021 1530 1604 I sysui_multi_action: [319,10,321,8,322,39,325,3056,757,761,758,9,759,4,806,com.android.settings,871,com.android.settings.Settings,904,com.android.launcher3,905,0,1320,4,1321,1]
03-11 01:57:50.030 1530 1694 I input_focus: [Focus entering 94f71a4 com.android.settings/com.android.settings.Settings (server),reason=setFocusedWindow]
03-11 01:57:50.090 1530 1563 W FreeFormWindowHelper: Current Display FreeFormTask is null
03-11 01:57:50.348 1530 1607 I wm_stop_activity: [0,152492181,com.android.launcher3/.uioverrides.QuickstepLauncher]
03-11 01:57:50.363 1530 1563 W FreeFormWindowHelper: exitRecentTasks type=0
03-11 01:57:50.366 2553 2553 I wm_on_stop_called: [152492181,com.android.launcher3.uioverrides.QuickstepLauncher,STOP_ACTIVITY_ITEM]
03-11 01:57:50.810 1530 1694 I input_interaction: Interaction with: 94f71a4 com.android.settings/com.android.settings.Settings (server), edge-swipe (server), swipe-up (server), PointerEventDispatcher0 (server),
03-11 01:57:50.949 6115 6115 I sysui_multi_action: [757,830,758,4,833,0,854,game_setting_gpu_custom_fps,1089,0]
03-11 01:57:50.951 1530 1608 I input_focus: [Focus request f8a5969 PopupWindow:444744f,reason=UpdateInputWindows]
03-11 01:57:50.967 1530 1694 I input_focus: [Focus leaving 94f71a4 com.android.settings/com.android.settings.Settings (server),reason=setFocusedWindow]
03-11 01:57:50.967 1530 1694 I input_focus: [Focus entering f8a5969 PopupWindow:444744f (server),reason=setFocusedWindow]
03-11 01:57:51.291 0 0 I auditd : type=1400 audit(0.0:3861): avc: denied { kill } for comm="swapper/6" capability=5 scontext=u:r:kernel:s0 tcontext=u:r:kernel:s0 tclass=capability permissive=0
03-11 01:57:51.539 1530 1694 I input_interaction: Interaction with: f8a5969 PopupWindow:444744f (server), edge-swipe (server), swipe-up (server), PointerEventDispatcher0 (server),
03-11 01:57:51.548 1530 1608 I input_focus: [Focus request 94f71a4 com.android.settings/com.android.settings.Settings,reason=UpdateInputWindows]
03-11 01:57:51.569 1530 1694 I input_focus: [Focus leaving f8a5969 PopupWindow:444744f (server),reason=NOT_FOCUSABLE]
03-11 01:57:51.569 1530 1694 I input_focus: [Focus entering 94f71a4 com.android.settings/com.android.settings.Settings (server),reason=setFocusedWindow]
01-01 09:04:52.714 0 0 I [schedu][0xdade91093][01:57:51.668750] wlan: [3444:I:WMA] [01:57:51.611000] [ROAM_TRIGGER]: VDEV[0] Reason: "PER"
01-01 09:04:52.714 0 0 I [schedu][0xdade910fb][01:57:51.668756] wlan: [3444:I:WMA] [01:57:51.611000] [ROAM_SCAN]: VDEV[0] Scan_type: PARTIAL {2412 }
01-01 09:04:52.714 0 0 I [schedu][0xdade9111c][01:57:51.668757] wlan: [3444:I:WMA] ============================================================================================================================
01-01 09:04:52.714 0 0 I [schedu][0xdade91152][01:57:51.668760] wlan: [3444:I:WMA] AP BSSID TSTAMP CH TY ETP RSSI/SCR CU%/SCR TOT_SCR BL_RSN BL_SRC BL_TSTAMP BL_TIMEOUT(ms)
01-01 09:04:52.714 0 0 I [schedu][0xdade91174][01:57:51.668762] wlan: [3444:I:WMA] ============================================================================================================================
01-01 09:04:52.714 0 0 I [schedu][0xdade9123b][01:57:51.668772] wlan: [3444:I:WMA] d6:44:3b:15:39:91 [01:57:51.611000] 2412 P_AP 0 70/0 0/0 1932 0 0 [00:00:00.000000] 0
01-01 09:04:52.714 0 0 I [schedu][0xdade91272][01:57:51.668775] wlan: [3444:I:WMA] [01:57:51.667000] [ROAM_RESULT]: VDEV[0] FAILED Reason: NO AP FOUND
03-11 01:57:51.855 1530 1711 I netstats_mobile_sample: [0,0,0,0,0,0,0,0,0,0,0,0,1678697010613]
03-11 01:57:51.855 1530 1711 I netstats_wifi_sample: [339191810,265542,5104139,68811,339187258,265538,5104139,68811,335393157,266945,4444185,67031,1678697010613]
03-11 01:57:51.872 1530 1614 I am_uid_idle: 10047
03-11 01:57:51.984 1530 1694 I input_interaction: Interaction with: 94f71a4 com.android.settings/com.android.settings.Settings (server), edge-swipe (server), swipe-up (server), PointerEventDispatcher0 (server),
03-11 01:57:52.113 6115 6115 I sysui_multi_action: [757,830,758,4,833,0,854,game_setting_gpu_custom_dpi,1089,0]
03-11 01:57:52.115 1530 1608 I input_focus: [Focus request b9f1f95 PopupWindow:e33c7de,reason=UpdateInputWindows]
03-11 01:57:52.137 1530 1694 I input_focus: [Focus leaving 94f71a4 com.android.settings/com.android.settings.Settings (server),reason=setFocusedWindow]
03-11 01:57:52.137 1530 1694 I input_focus: [Focus entering b9f1f95 PopupWindow:e33c7de (server),reason=setFocusedWindow]
03-11 01:57:52.291 0 0 I auditd : type=1400 audit(0.0:3862): avc: denied { kill } for comm="swapper/6" capability=5 scontext=u:r:kernel:s0 tcontext=u:r:kernel:s0 tclass=capability permissive=0
01-01 09:04:53.560 0 0 E DTC_ETH,link_delay_work_func: 3003, SQI=0, link=0
03-11 01:57:52.858 1530 1694 I input_interaction: Interaction with: b9f1f95 PopupWindow:e33c7de (server), edge-swipe (server), swipe-up (server), PointerEventDispatcher0 (server),
03-11 01:57:52.989 1530 2750 E TaskPersister: File error accessing recents directory (directory doesn't exist?).
03-11 01:57:53.018 1530 1608 I input_focus: [Focus request 94f71a4 com.android.settings/com.android.settings.Settings,reason=UpdateInputWindows]
03-11 01:57:53.039 1530 1694 I input_focus: [Focus leaving b9f1f95 PopupWindow:e33c7de (server),reason=NOT_FOCUSABLE]
03-11 01:57:53.039 1530 1694 I input_focus: [Focus entering 94f71a4 com.android.settings/com.android.settings.Settings (server),reason=setFocusedWindow]
03-11 01:57:53.051 1530 1608 I input_focus: [Focus request bbcc049 com.android.settings/com.android.settings.Settings,reason=UpdateInputWindows]
03-11 01:57:53.072 1530 1694 I input_focus: [Focus leaving 94f71a4 com.android.settings/com.android.settings.Settings (server),reason=setFocusedWindow]
03-11 01:57:53.072 1530 1694 I input_focus: [Focus entering bbcc049 com.android.settings/com.android.settings.Settings (server),reason=setFocusedWindow]
03-11 01:57:53.291 0 0 I auditd : type=1400 audit(0.0:3863): avc: denied { kill } for comm="swapper/6" capability=5 scontext=u:r:kernel:s0 tcontext=u:r:kernel:s0 tclass=capability permissive=0
03-11 01:57:53.894 1530 1694 I input_interaction: Interaction with: bbcc049 com.android.settings/com.android.settings.Settings (server), edge-swipe (server), swipe-up (server), PointerEventDispatcher0 (server),
03-11 01:57:54.055 1530 1608 I input_focus: [Focus request 94f71a4 com.android.settings/com.android.settings.Settings,reason=UpdateInputWindows]
03-11 01:57:54.056 1530 1563 I wm_finish_activity: [0,119720258,54,com.tencent.tmgp.sgame/.SGameActivity,remove-task]
03-11 01:57:54.056 1530 1563 I wm_destroy_activity: [0,119720258,54,com.tencent.tmgp.sgame/.SGameActivity,finish-imm:finishIfPossible]
03-11 01:57:54.057 1530 1607 I sysui_multi_action: [757,803,799,window_time_0,802,4]
03-11 01:57:54.058 1530 8134 I ActivityManager: Killing 21239:com.tencent.tmgp.sgame:xg_vip_service/u0a93 (adj 500): remove task
03-11 01:57:54.058 1530 8134 I am_kill : [0,21239,com.tencent.tmgp.sgame:xg_vip_service,500,remove task]
03-11 01:57:54.059 1530 8134 I ActivityManager: Killing 21205:com.tencent.tmgp.sgame/u0a93 (adj 500): remove task
03-11 01:57:54.059 1530 8134 I am_kill : [0,21205,com.tencent.tmgp.sgame,500,remove task]
03-11 01:57:54.061 1530 1614 I am_wtf : [0,1530,system_server,-1,ActivityManager,Sending non-protected broadcast com.thundercomm.gamemode.REMOVE_GAME_TASK from system 2054:com.thundercomm.gamemode/1000 pkg com.thundercomm.gamemode]
03-11 01:57:54.061 1530 1614 I DropBoxManagerService: add tag=system_server_wtf isTagEnabled=true flags=0x2
03-11 01:57:54.062 1530 1614 I am_wtf : [0,1530,system_server,-1,ActivityManager,Sending non-protected broadcast com.thundercomm.gamemode.REMOVE_GAME_TASK from system 2054:com.thundercomm.gamemode/1000 pkg com.thundercomm.gamemode]
03-11 01:57:54.062 1530 1614 I DropBoxManagerService: add tag=system_server_wtf isTagEnabled=true flags=0x2
03-11 01:57:54.063 1530 1563 W FreeFormWindowHelper: Current Display FreeFormTask is null
03-11 01:57:54.064 1530 2750 E TaskPersister: File error accessing recents directory (directory doesn't exist?).
03-11 01:57:54.072 1530 1563 I am_proc_died: [0,21239,com.tencent.tmgp.sgame:xg_vip_service,500,10]
03-11 01:57:54.073 1530 1563 W ActivityManager: Scheduling restart of crashed service com.tencent.tmgp.sgame/com.tencent.android.tpush.service.XGVipPushService in 1000ms for connection
03-11 01:57:54.073 1530 1563 I am_schedule_service_restart: [0,com.tencent.tmgp.sgame/com.tencent.android.tpush.service.XGVipPushService,1000]
03-11 01:57:54.075 1530 1694 I input_focus: [Focus entering 94f71a4 com.android.settings/com.android.settings.Settings (server),reason=setFocusedWindow]
03-11 01:57:54.109 1530 10835 I WindowManager: WIN DEATH: Window{3a30e57 u0 com.tencent.tmgp.sgame/com.tencent.tmgp.sgame.SGameActivity}
03-11 01:57:54.110 1530 4316 I am_proc_died: [0,21205,com.tencent.tmgp.sgame,500,10]
03-11 01:57:54.111 1530 4316 I am_uid_stopped: 10093
03-11 01:57:54.112 1530 4316 I wm_task_removed: [54,removeChild:removeChild last r=ActivityRecord{722c942 u0 com.tencent.tmgp.sgame/.SGameActivity t-1 f}} in t=Task{124bbc #54 type=standard A=10093:com.tencent.tmgp.sgame U=0 visible=false mode=fullscreen translucent=true sz=0}]
03-11 01:57:54.112 1530 4316 I wm_task_removed: [54,removeChild]
03-11 01:57:54.112 1530 1607 W ActivityManager: setHasOverlayUi called on unknown pid: 21205
03-11 01:57:54.113 1530 1613 W UsageStatsService: Unexpected activity event reported! (com.tencent.tmgp.sgame/com.tencent.tmgp.sgame.SGameActivity event : 23 instanceId : 45829303)
03-11 01:57:54.113 1530 1608 W ActivityTaskManager: Can't find TaskDisplayArea to determine support for multi window. Task id=54 attached=false
03-11 01:57:54.113 1530 1608 W ActivityTaskManager: Can't find TaskDisplayArea to determine support for multi window. Task id=54 attached=false
03-11 01:57:54.157 1530 10835 W FreeFormWindowHelper: Current Display FreeFormTask is null
03-11 01:57:54.291 0 0 I auditd : type=1400 audit(0.0:3864): avc: denied { kill } for comm="swapper/6" capability=5 scontext=u:r:kernel:s0 tcontext=u:r:kernel:s0 tclass=capability permissive=0
03-11 01:57:54.757 1530 1694 I input_interaction: Interaction with: 94f71a4 com.android.settings/com.android.settings.Settings (server), edge-swipe (server), swipe-up (server), PointerEventDispatcher0 (server),
03-11 01:57:54.760 1530 1563 W FreeFormWindowHelper: Current Display FreeFormTask is null
03-11 01:57:54.760 1530 4316 I wm_task_moved: [1,0,0]
03-11 01:57:54.760 1530 4316 I wm_task_moved: [1,0,5]
03-11 01:57:54.761 1530 1563 W FreeFormWindowHelper: Current Display FreeFormTask is null
03-11 01:57:54.771 2553 2553 I wm_on_restart_called: [152492181,com.android.launcher3.uioverrides.QuickstepLauncher,performRestartActivity]
03-11 01:57:54.772 1530 4316 W FreeFormWindowHelper: Current Display FreeFormTask is null
03-11 01:57:54.772 1530 4316 W FreeFormWindowHelper: Current Display FreeFormTask is null
03-11 01:57:54.772 1530 1563 W FreeFormWindowHelper: Current Display FreeFormTask is null
03-11 01:57:54.777 2553 2553 I wm_on_start_called: [152492181,com.android.launcher3.uioverrides.QuickstepLauncher,handleStartActivity]
03-11 01:57:54.779 1530 1563 W ActivityTaskManager: getTaskSnapshot: taskId=-975 not found
03-11 01:57:54.780 1530 1563 W ActivityTaskManager: getTaskSnapshot: taskId=-975 not found
03-11 01:57:54.780 1530 1563 W ActivityTaskManager: getTaskSnapshot: taskId=-975 not found
03-11 01:57:54.780 1530 1563 W ActivityTaskManager: getTaskSnapshot: taskId=-975 not found
03-11 01:57:54.793 1530 1563 W FreeFormWindowHelper: Current Display FreeFormTask is null
03-11 01:57:54.793 1530 1563 W FreeFormWindowHelper: Current Display FreeFormTask is null
03-11 01:57:54.797 1530 1604 I sysui_multi_action: [319,3,322,35,325,3060,757,761,758,9,759,5,806,com.android.launcher3,871,com.android.launcher3.uioverrides.QuickstepLauncher,905,0,1320,4,1321,1]
03-11 01:57:54.798 6115 6115 I view_enqueue_input_event: [Motion - Cancel,com.android.settings/com.android.settings.Settings]
03-11 01:57:54.799 2553 2553 I sysui_latency: [1,36]
03-11 01:57:54.800 1530 1608 I input_focus: [Focus request recents_animation_input_consumer,reason=UpdateInputWindows]
03-11 01:57:54.806 1530 4316 W FreeFormWindowHelper: Current Display FreeFormTask is null
03-11 01:57:54.806 1530 4316 W FreeFormWindowHelper: Current Display FreeFormTask is null
03-11 01:57:54.807 1530 4316 W FreeFormWindowHelper: Current Display FreeFormTask is null
03-11 01:57:54.808 1530 1694 I input_interaction: Interaction with: edge-swipe (server), swipe-up (server), PointerEventDispatcher0 (server),
03-11 01:57:54.808 1530 1563 W FreeFormWindowHelper: Current Display FreeFormTask is null
03-11 01:57:54.809 1530 1563 W ActivityTaskManager: getTaskSnapshot: taskId=-928 not found
03-11 01:57:54.811 1530 1563 W ActivityTaskManager: getTaskSnapshot: taskId=-928 not found
03-11 01:57:54.811 1530 1563 W ActivityTaskManager: getTaskSnapshot: taskId=-927 not found
03-11 01:57:54.812 1530 1563 W ActivityTaskManager: getTaskSnapshot: taskId=-927 not found
03-11 01:57:54.812 1530 1563 W ActivityTaskManager: getTaskSnapshot: taskId=-927 not found
03-11 01:57:54.823 1530 1563 W FreeFormWindowHelper: Current Display FreeFormTask is null
03-11 01:57:54.823 1530 4316 W FreeFormWindowHelper: Current Display FreeFormTask is null
03-11 01:57:54.824 1530 1694 I input_focus: [Focus leaving 94f71a4 com.android.settings/com.android.settings.Settings (server),reason=NOT_FOCUSABLE]
03-11 01:57:54.824 1530 1694 I input_focus: [Focus entering recents_animation_input_consumer (server),reason=setFocusedWindow]
03-11 01:57:54.840 1530 1563 W FreeFormWindowHelper: Current Display FreeFormTask is null
03-11 01:57:54.840 1530 10835 W FreeFormWindowHelper: Current Display FreeFormTask is null
01-01 09:04:55.942 0 0 I [schedu][0xdb19ae57e][01:57:54.897189] wlan: [3444:I:WMA] [01:57:51.673000] [ROAM_TRIGGER]: VDEV[0] Reason: "PER" Sub-Reason: FULL SCAN
01-01 09:04:55.942 0 0 I [schedu][0xdb19ae605][01:57:54.897196] wlan: [3444:I:WMA] [01:57:51.673000] [ROAM_SCAN]: VDEV[0] Scan_type: FULL
01-01 09:04:55.942 0 0 I [schedu][0xdb19ae62a][01:57:54.897198] wlan: [3444:I:WMA] ============================================================================================================================
01-01 09:04:55.942 0 0 I [schedu][0xdb19ae65e][01:57:54.897201] wlan: [3444:I:WMA] AP BSSID TSTAMP CH TY ETP RSSI/SCR CU%/SCR TOT_SCR BL_RSN BL_SRC BL_TSTAMP BL_TIMEOUT(ms)
01-01 09:04:55.942 0 0 I [schedu][0xdb19ae67c][01:57:54.897202] wlan: [3444:I:WMA] ============================================================================================================================
01-01 09:04:55.942 0 0 I [schedu][0xdb19ae6bb][01:57:54.897206] wlan: [3444:I:WMA] d6:44:3b:15:39:91 [01:57:51.673000] 2412 P_AP 0 70/0 0/0 1932 0 0 [00:00:00.000000] 0
01-01 09:04:55.942 0 0 I [schedu][0xdb19ae6ed][01:57:54.897208] wlan: [3444:I:WMA] [01:57:54.895000] [ROAM_RESULT]: VDEV[0] FAILED Reason: NO AP FOUND
03-11 01:57:54.910 1530 1563 W FreeFormWindowHelper: exitRecentTasks type=0
03-11 01:57:54.923 1530 4316 W FreeFormWindowHelper: Current Display FreeFormTask is null
03-11 01:57:54.924 1530 1563 W FreeFormWindowHelper: Current Display FreeFormTask is null
03-11 01:57:54.978 1530 1678 I commit_sys_config_file: [settings-1-0,1]
03-11 01:57:54.994 1530 1711 I netstats_mobile_sample: [0,0,0,0,0,0,0,0,0,0,0,0,1678697013752]
03-11 01:57:54.994 1530 1711 I netstats_wifi_sample: [339191810,265542,5104139,68811,339187258,265538,5104139,68811,335393157,266945,4444185,67031,1678697013752]
03-11 01:57:55.098 1530 1613 I sysui_latency: [8,37]
03-11 01:57:55.291 0 0 I auditd : type=1400 audit(0.0:3865): avc: denied { kill } for comm="swapper/6" capability=5 scontext=u:r:kernel:s0 tcontext=u:r:kernel:s0 tclass=capability permissive=0
03-11 01:57:55.558 1530 4910 W FreeFormWindowHelper: Current Display FreeFormTask is null
03-11 01:57:55.558 1530 4910 W FreeFormWindowHelper: Current Display FreeFormTask is null
03-11 01:57:55.559 1530 4316 I wm_task_moved: [1,1,6]
03-11 01:57:55.560 1530 4316 I wm_task_moved: [10,1,2147483647]
03-11 01:57:55.560 1530 4316 I wm_task_to_front: [0,10]
03-11 01:57:55.560 1530 4316 I wm_focused_root_task: [0,0,1,22,RecentsAnimation.onAnimationFinished()]
03-11 01:57:55.560 6115 6115 I wm_on_top_resumed_lost_called: [89475057,com.android.settings.Settings,topStateChangedWhenResumed]
03-11 01:57:55.560 1530 4316 I wm_set_resumed_activity: [0,com.android.launcher3/.uioverrides.QuickstepLauncher,RecentsAnimation.onAnimationFinished()]
03-11 01:57:55.560 1530 4316 I wm_pause_activity: [0,89475057,com.android.settings/.Settings,userLeaving=true,pauseBackTasks]
03-11 01:57:55.561 1530 4316 I wm_add_to_stopping: [0,89475057,com.android.settings/.Settings,makeInvisible]
03-11 01:57:55.561 1530 4316 I ActivityTaskManager: FOREGROUND_APPLICATION_CHANGED to com.android.launcher3.uioverrides.QuickstepLauncher
03-11 01:57:55.561 1530 4316 I wm_set_resumed_activity: [0,com.android.launcher3/.uioverrides.QuickstepLauncher,resumeTopActivityInnerLocked]
03-11 01:57:55.562 1530 4316 I wm_resume_activity: [0,152492181,10,com.android.launcher3/.uioverrides.QuickstepLauncher]
03-11 01:57:55.562 2553 2553 I wm_on_resume_called: [152492181,com.android.launcher3.uioverrides.QuickstepLauncher,RESUME_ACTIVITY]
03-11 01:57:55.564 1530 1608 I input_focus: [Focus request f58b61 com.android.launcher3/com.android.launcher3.uioverrides.QuickstepLauncher,reason=UpdateInputWindows]
03-11 01:57:55.566 2553 2553 I wm_on_top_resumed_gained_called: [152492181,com.android.launcher3.uioverrides.QuickstepLauncher,topStateChangedWhenResumed]
03-11 01:57:55.566 1530 1607 I wm_stop_activity: [0,89475057,com.android.settings/.Settings]
03-11 01:57:55.566 1530 1607 I sysui_multi_action: [757,803,799,window_time_0,802,1]
03-11 01:57:55.566 6115 6115 I sysui_multi_action: [757,35,758,2,1089,5566]
03-11 01:57:55.566 6115 6115 I sysui_multi_action: [757,3000,758,2,1089,5565]
03-11 01:57:55.567 6115 6115 I sysui_multi_action: [757,3000,758,2,1089,5566]
03-11 01:57:55.567 6115 6115 I wm_on_paused_called: [89475057,com.android.settings.Settings,performPause]
03-11 01:57:55.567 1530 1607 I sysui_multi_action: [757,803,799,window_time_0,802,0]
03-11 01:57:55.570 6115 6115 I wm_on_stop_called: [89475057,com.android.settings.Settings,STOP_ACTIVITY_ITEM]
03-11 01:57:55.576 1530 1694 I input_focus: [Focus leaving recents_animation_input_consumer (server),reason=NOT_VISIBLE]
03-11 01:57:55.592 1530 1694 I input_focus: [Focus entering f58b61 com.android.launcher3/com.android.launcher3.uioverrides.QuickstepLauncher (server),reason=setFocusedWindow]
03-11 01:57:55.666 1530 8841 W FreeFormWindowHelper: Current Display FreeFormTask is null
03-11 01:57:56.291 0 0 I auditd : type=1400 audit(0.0:3866): avc: denied { kill } for comm="swapper/6" capability=5 scontext=u:r:kernel:s0 tcontext=u:r:kernel:s0 tclass=capability permissive=0
03-11 01:57:56.387 1530 1694 I input_interaction: Interaction with: f58b61 com.android.launcher3/com.android.launcher3.uioverrides.QuickstepLauncher (server), b266317 com.android.systemui.ImageWallpaper (server), edge-swipe (server), swipe-up (server), PointerEventDispatcher0 (server),
03-11 01:57:56.492 1530 4316 I thunderperf: PlatormCompat.setOverrides: Uid1=10075 Pid1=2553 Uid2=10075 Pid2=2553
03-11 01:57:56.492 1530 4316 I thunderperf: PlatormCompat.setOverrides: needCheck:false
03-11 01:57:56.492 1530 4316 I thunderperf: CompatConfig.addOverrideUnsafe: bef-state=1
03-11 01:57:56.492 1530 4316 I thunderperf: CompatConfig.addOverrideUnsafe: aft-state=0
03-11 01:57:56.493 1530 4316 I thunderperf: CompatConfig.addOverrideUnsafe: bef-state=1
03-11 01:57:56.493 1530 4316 I thunderperf: CompatConfig.addOverrideUnsafe: aft-state=0
03-11 01:57:56.493 1530 4316 I thunderperf: CompatConfig.addOverrideUnsafe: bef-state=1
03-11 01:57:56.493 1530 4316 I thunderperf: CompatConfig.addOverrideUnsafe: aft-state=0
03-11 01:57:56.493 1530 4316 I thunderperf: CompatConfig.addOverrideUnsafe: bef-state=1
03-11 01:57:56.493 1530 4316 I thunderperf: CompatConfig.addOverrideUnsafe: aft-state=0
03-11 01:57:56.494 1530 4316 I thunderperf: CompatConfig.addOverrideUnsafe: bef-state=1
03-11 01:57:56.494 1530 4316 I thunderperf: CompatConfig.addOverrideUnsafe: aft-state=0
03-11 01:57:56.494 1530 4316 I thunderperf: CompatConfig.addOverrideUnsafe: bef-state=1
03-11 01:57:56.494 1530 4316 I thunderperf: CompatConfig.addOverrideUnsafe: aft-state=0
03-11 01:57:56.494 1530 4316 I thunderperf: CompatConfig.addOverrideUnsafe: bef-state=1
03-11 01:57:56.494 1530 4316 I thunderperf: CompatConfig.addOverrideUnsafe: aft-state=0
03-11 01:57:56.494 1530 4316 I thunderperf: CompatConfig.addOverrideUnsafe: bef-state=1
03-11 01:57:56.494 1530 4316 I thunderperf: CompatConfig.addOverrideUnsafe: aft-state=0
03-11 01:57:56.495 1530 4316 I thunderperf: CompatConfig.addOverrideUnsafe: bef-state=1
03-11 01:57:56.495 1530 4316 I thunderperf: CompatConfig.addOverrideUnsafe: aft-state=0
03-11 01:57:56.495 1530 4316 I thunderperf: CompatConfig.addOverrideUnsafe: bef-state=1
03-11 01:57:56.495 1530 4316 I thunderperf: CompatConfig.addOverrideUnsafe: aft-state=0
03-11 01:57:56.495 1530 4316 I thunderperf: CompatConfig.addOverrideUnsafe: bef-state=1
03-11 01:57:56.495 1530 4316 I thunderperf: CompatConfig.addOverrideUnsafe: aft-state=0
03-11 01:57:56.495 1530 4316 I thunderperf: CompatConfig.addOverrideUnsafe: bef-state=1
03-11 01:57:56.495 1530 4316 I thunderperf: CompatConfig.addOverrideUnsafe: aft-state=0
03-11 01:57:56.496 1530 4316 I thunderperf: CompatConfig.addOverrideUnsafe: bef-state=1
03-11 01:57:56.496 1530 4316 I thunderperf: CompatConfig.addOverrideUnsafe: aft-state=0
03-11 01:57:56.496 1530 4316 I thunderperf: CompatConfig.addOverrideUnsafe: bef-state=1
03-11 01:57:56.496 1530 4316 I thunderperf: CompatConfig.addOverrideUnsafe: aft-state=0
03-11 01:57:56.497 1530 4316 I ActivityTaskManager: START u0 {act=android.intent.action.MAIN cat=[android.intent.category.LAUNCHER] flg=0x10200000 cmp=com.tencent.tmgp.sgame/.SGameActivity bnds=[1017,120][1319,402]} from uid 10075
03-11 01:57:56.498 1530 4316 I wm_task_created: [55,-1]
03-11 01:57:56.498 1530 4316 W ActivityTaskManager: Can't find TaskDisplayArea to determine support for multi window. Task id=55 attached=false
03-11 01:57:56.499 1530 4316 D CompatibilityChangeReporter: Compat change id reported: 174042980; UID 10093; state: DISABLED
03-11 01:57:56.500 1530 4316 D CompatibilityChangeReporter: Compat change id reported: 184838306; UID 10093; state: DISABLED
03-11 01:57:56.500 1530 4316 D CompatibilityChangeReporter: Compat change id reported: 185004937; UID 10093; state: DISABLED
03-11 01:57:56.500 1530 4316 D CompatibilityChangeReporter: Compat change id reported: 181136395; UID 10093; state: DISABLED
03-11 01:57:56.500 1530 4316 D CompatibilityChangeReporter: Compat change id reported: 174042936; UID 10093; state: DISABLED
03-11 01:57:56.501 1530 4316 I wm_task_moved: [55,1,7]
03-11 01:57:56.501 1530 4316 I wm_task_to_front: [0,55]
03-11 01:57:56.501 1530 4316 I wm_create_task: [0,55]
03-11 01:57:56.501 1530 4316 I wm_create_activity: [0,201648842,55,com.tencent.tmgp.sgame/.SGameActivity,android.intent.action.MAIN,NULL,NULL,270532608]
03-11 01:57:56.501 1530 4316 I wm_task_moved: [55,1,7]
03-11 01:57:56.501 1530 4316 D CompatibilityChangeReporter: Compat change id reported: 168419799; UID 10093; state: DISABLED
03-11 01:57:56.502 1530 4316 I wm_pause_activity: [0,152492181,com.android.launcher3/.uioverrides.QuickstepLauncher,userLeaving=true,pauseBackTasks]
03-11 01:57:56.503 1530 8134 W FreeFormWindowHelper: Current Display FreeFormTask is null
03-11 01:57:56.504 2553 2553 I wm_on_top_resumed_lost_called: [152492181,com.android.launcher3.uioverrides.QuickstepLauncher,topStateChangedWhenResumed]
03-11 01:57:56.504 1530 1607 I am_uid_running: 10093
03-11 01:57:56.504 2553 2553 I wm_on_paused_called: [152492181,com.android.launcher3.uioverrides.QuickstepLauncher,performPause]
03-11 01:57:56.504 1530 1607 D CompatibilityChangeReporter: Compat change id reported: 135634846; UID 10093; state: DISABLED
03-11 01:57:56.505 1530 1607 D CompatibilityChangeReporter: Compat change id reported: 177438394; UID 10093; state: DISABLED
03-11 01:57:56.505 1530 1607 D CompatibilityChangeReporter: Compat change id reported: 135772972; UID 10093; state: DISABLED
03-11 01:57:56.505 1530 1607 D CompatibilityChangeReporter: Compat change id reported: 135754954; UID 10093; state: DISABLED
03-11 01:57:56.505 1530 8134 I ActivityTaskManager: FOREGROUND_APPLICATION_CHANGED to com.tencent.tmgp.sgame.SGameActivity
03-11 01:57:56.505 1530 1615 D CompatibilityChangeReporter: Compat change id reported: 143937733; UID 10093; state: DISABLED
03-11 01:57:56.506 1530 8134 I wm_add_to_stopping: [0,152492181,com.android.launcher3/.uioverrides.QuickstepLauncher,makeInvisible]
03-11 01:57:56.508 1530 1607 I sysui_multi_action: [757,803,799,window_time_0,802,1]
03-11 01:57:56.511 1530 1615 I am_proc_start: [0,21696,10093,com.tencent.tmgp.sgame,pre-top-activity,{com.tencent.tmgp.sgame/com.tencent.tmgp.sgame.SGameActivity}]
03-11 01:57:56.511 1530 1615 I ActivityManager: Start proc 21696:com.tencent.tmgp.sgame/u0a93 for pre-top-activity {com.tencent.tmgp.sgame/com.tencent.tmgp.sgame.SGameActivity}
03-11 01:57:56.511 1530 21697 W ContextImpl: Calling a method in the system process without a qualified user: android.app.ContextImpl.sendBroadcast:1173 com.qualcomm.qti.Performance$SendGameLaunchBroadcast.run:217 java.lang.Thread.run:920
03-11 01:57:56.514 1530 1694 I input_focus: [Focus leaving f58b61 com.android.launcher3/com.android.launcher3.uioverrides.QuickstepLauncher (server),reason=NO_WINDOW]
01-01 09:04:57.566 0 0 I binder : 21696:21696 ioctl 40046210 7ff5e17364 returned -22
03-11 01:57:56.522 1530 8134 I am_proc_bound: [0,21696,com.tencent.tmgp.sgame]
03-11 01:57:56.524 1530 8134 I wm_restart_activity: [0,201648842,55,com.tencent.tmgp.sgame/.SGameActivity]
03-11 01:57:56.524 1530 8134 I wm_set_resumed_activity: [0,com.tencent.tmgp.sgame/.SGameActivity,minimalResumeActivityLocked]
03-11 01:57:56.525 1530 1607 I am_uid_active: 10093
03-11 01:57:56.529 2054 3742 W ContextImpl: Calling a method in the system process without a qualified user: android.app.ContextImpl.startService:1816 android.content.ContextWrapper.startService:774 com.thundercomm.gamemode.ingame.services.GameModeActionUtils.startGameModeService:118 com.thundercomm.gamemode.ingame.services.GameModeActionUtils.startGameModeEntry:29 com.thundercomm.gamemode.ingame.services.ActivityMonitoringService$1.onActivityLaunch:140
03-11 01:57:56.533 1530 1530 I GameModeConfig: Current uri is uri = content://com.thundercomm.gamemode.api/gamemode_settings/gamemode_isgaming
03-11 01:57:56.534 1530 1530 I GameModeConfig: isGameModeOn = true
03-11 01:57:56.534 1530 1530 I GameModeConfig: isGaming = true
03-11 01:57:56.534 1530 1530 I GameModeConfig: isDisableNotification = true
03-11 01:57:56.534 1530 1530 I GameModeConfig: isGameModeOn = true
03-11 01:57:56.534 1530 1530 I GameModeConfig: isGaming = true
03-11 01:57:56.534 1530 1530 I GameModeConfig: isDisableNotification = true
03-11 01:57:56.546 21696 21719 D ActivityThread: Loading provider com.tencent.tmgp.sgame.XG_SETTINGS_PROVIDER: com.tencent.tpns.baseapi.base.SettingsContentProvider
01-01 09:04:57.595 0 0 I : [MAX975X:max96755x_drm_notifier_callback] *INFO* receives EARLY_BLANK:UNBLANK
01-01 09:04:57.595 0 0 I atmel_mxt_ts 0-004a: FB event:2,blank:0
01-01 09:04:57.595 0 0 I atmel_mxt_ts 0-004a: suspend: event = 2, blank = 0, not care
01-01 09:04:57.595 0 0 I [drm:dsi_display_set_mode] [msm-dsi-info]: mdp_transfer_time_us=0 us
01-01 09:04:57.595 0 0 I [drm:dsi_display_set_mode] [msm-dsi-info]: hactive= 2560,vactive= 1080,fps=30
01-01 09:04:57.595 0 0 I : [MAX975X:max96755x_drm_notifier_callback] *INFO* receives BLANK:UNBLANK
01-01 09:04:57.596 0 0 I atmel_mxt_ts 0-004a: FB event:1,blank:0
01-01 09:04:57.596 0 0 I atmel_mxt_ts 0-004a: drm_notifier_callback: UNBLANK! Resume by drm notifier.
01-01 09:04:57.596 0 0 W ALERT : changing window size from 16000000 to 20000000 at 3062692025757
03-11 01:57:56.553 1530 8134 D CompatibilityChangeReporter: Compat change id reported: 135634846; UID 10093; state: DISABLED
03-11 01:57:56.553 1530 8134 D CompatibilityChangeReporter: Compat change id reported: 177438394; UID 10093; state: DISABLED
03-11 01:57:56.553 1530 8134 D CompatibilityChangeReporter: Compat change id reported: 135772972; UID 10093; state: DISABLED
03-11 01:57:56.553 1530 8134 D CompatibilityChangeReporter: Compat change id reported: 135754954; UID 10093; state: DISABLED
03-11 01:57:56.553 1530 1615 D CompatibilityChangeReporter: Compat change id reported: 143937733; UID 10093; state: DISABLED
03-11 01:57:56.558 1530 1615 I am_proc_start: [0,21731,10093,com.tencent.tmgp.sgame:xg_vip_service,service,{com.tencent.tmgp.sgame/com.tencent.android.tpush.service.XGVipPushService}]
03-11 01:57:56.558 1530 1615 I ActivityManager: Start proc 21731:com.tencent.tmgp.sgame:xg_vip_service/u0a93 for service {com.tencent.tmgp.sgame/com.tencent.android.tpush.service.XGVipPushService}
