03-11 02:06:00.962 1530 1711 I netstats_wifi_sample: [339191810,265542,5104139,68811,339187258,265538,5104139,68811,335393157,266945,4444185,67031,1678697499720]
03-11 02:06:01.291 0 0 I auditd : type=1400 audit(0.0:4283): avc: denied { kill } for comm="swapper/3" capability=5 scontext=u:r:kernel:s0 tcontext=u:r:kernel:s0 tclass=capability permissive=0
03-11 02:06:01.391 21696 21696 I auditd : type=1400 audit(0.0:4284): avc: denied { read } for comm="pcdn_udp" name="snmp" dev="proc" ino=4026532261 scontext=u:r:untrusted_app_29:s0:c93,c256,c512,c768 tcontext=u:object_r:proc_net:s0 tclass=file permissive=0 app=com.tencent.tmgp.sgame
03-11 02:06:02.291 0 0 I auditd : type=1400 audit(0.0:4285): avc: denied { kill } for comm="swapper/3" capability=5 scontext=u:r:kernel:s0 tcontext=u:r:kernel:s0 tclass=capability permissive=0
03-11 02:06:03.279 1530 1711 I netstats_mobile_sample: [0,0,0,0,0,0,0,0,0,0,0,0,1678697502037]
03-11 02:06:03.280 1530 1711 I netstats_wifi_sample: [339191810,265542,5104139,68811,339187258,265538,5104139,68811,335393157,266945,4444185,67031,1678697502037]
03-11 02:06:03.291 0 0 I auditd : type=1400 audit(0.0:4286): avc: denied { kill } for comm="swapper/3" capability=5 scontext=u:r:kernel:s0 tcontext=u:r:kernel:s0 tclass=capability permissive=0
01-01 09:13:05.080 0 0 E DTC_ETH,link_delay_work_func: 3003, SQI=0, link=0
03-11 02:06:04.291 0 0 I auditd : type=1400 audit(0.0:4287): avc: denied { kill } for comm="swapper/3" capability=5 scontext=u:r:kernel:s0 tcontext=u:r:kernel:s0 tclass=capability permissive=0
03-11 02:06:05.491 1530 1711 I netstats_mobile_sample: [0,0,0,0,0,0,0,0,0,0,0,0,1678697504248]
03-11 02:06:05.491 1530 1711 I netstats_wifi_sample: [339191810,265542,5104139,68811,339187258,265538,5104139,68811,335393157,266945,4444185,67031,1678697504248]
03-11 02:06:05.495 1530 1712 I service_manager_stats: [100,74,57033]
03-11 02:06:06.291 0 0 I auditd : type=1400 audit(0.0:4288): avc: denied { kill } for comm="swapper/3" capability=5 scontext=u:r:kernel:s0 tcontext=u:r:kernel:s0 tclass=capability permissive=0
03-11 02:06:06.877 1530 1754 I storage_state: [41217664-9172-527a-b3d5-edabb50a7d69,0,0,110511108096,118610538496]
03-11 02:06:07.291 0 0 I auditd : type=1400 audit(0.0:4289): avc: denied { kill } for comm="swapper/3" capability=5 scontext=u:r:kernel:s0 tcontext=u:r:kernel:s0 tclass=capability permissive=0
03-11 02:06:07.759 1530 1711 I netstats_mobile_sample: [0,0,0,0,0,0,0,0,0,0,0,0,1678697506517]
03-11 02:06:07.759 1530 1711 I netstats_wifi_sample: [339191810,265542,5104139,68811,339187258,265538,5104139,68811,335393157,266945,4444185,67031,1678697506517]
03-11 02:06:08.291 0 0 I auditd : type=1400 audit(0.0:4290): avc: denied { kill } for comm="swapper/3" capability=5 scontext=u:r:kernel:s0 tcontext=u:r:kernel:s0 tclass=capability permissive=0
01-01 09:13:10.200 0 0 E DTC_ETH,link_delay_work_func: 3003, SQI=0, link=0
03-11 02:06:09.291 0 0 I auditd : type=1400 audit(0.0:4291): avc: denied { kill } for comm="swapper/3" capability=5 scontext=u:r:kernel:s0 tcontext=u:r:kernel:s0 tclass=capability permissive=0
03-11 02:06:09.841 1530 1711 I netstats_mobile_sample: [0,0,0,0,0,0,0,0,0,0,0,0,1678697508598]
03-11 02:06:09.841 1530 1711 I netstats_wifi_sample: [339191810,265542,5104139,68811,339187258,265538,5104139,68811,335393157,266945,4444185,67031,1678697508598]
03-11 02:06:10.291 0 0 I auditd : type=1400 audit(0.0:4292): avc: denied { kill } for comm="swapper/3" capability=5 scontext=u:r:kernel:s0 tcontext=u:r:kernel:s0 tclass=capability permissive=0
03-11 02:06:11.291 0 0 I auditd : type=1400 audit(0.0:4293): avc: denied { kill } for comm="swapper/3" capability=5 scontext=u:r:kernel:s0 tcontext=u:r:kernel:s0 tclass=capability permissive=0
01-01 09:13:12.708 0 0 I [schedu][0xfea1ba049][02:06:11.662560] wlan: [3444:I:WMA] [02:06:11.605000] [ROAM_TRIGGER]: VDEV[0] Reason: "LOW RSSI" Cur_Rssi threshold:81 Current AP RSSI: 76
01-01 09:13:12.708 0 0 I [schedu][0xfea1ba370][02:06:11.662602] wlan: [3444:I:WMA] [02:06:11.605000] [ROAM_SCAN]: VDEV[0] Scan_type: PARTIAL next_rssi_threshold: 81 dBm {2412 }
01-01 09:13:12.708 0 0 I [schedu][0xfea1ba4c0][02:06:11.662619] wlan: [3444:I:WMA] ============================================================================================================================
01-01 09:13:12.708 0 0 I [schedu][0xfea1ba66d][02:06:11.662641] wlan: [3444:I:WMA] AP BSSID TSTAMP CH TY ETP RSSI/SCR CU%/SCR TOT_SCR BL_RSN BL_SRC BL_TSTAMP BL_TIMEOUT(ms)
01-01 09:13:12.708 0 0 I [schedu][0xfea1ba7c0][02:06:11.662659] wlan: [3444:I:WMA] ============================================================================================================================
01-01 09:13:12.708 0 0 I [schedu][0xfea1ba9ec][02:06:11.662688] wlan: [3444:I:WMA] d6:44:3b:15:39:91 [02:06:11.605000] 2412 P_AP 0 76/0 0/0 1557 0 0 [00:00:00.000000] 0
01-01 09:13:12.708 0 0 I [schedu][0xfea1babb9][02:06:11.662712] wlan: [3444:I:WMA] [02:06:11.661000] [ROAM_RESULT]: VDEV[0] FAILED Reason: NO AP FOUND
03-11 02:06:12.291 0 0 I auditd : type=1400 audit(0.0:4294): avc: denied { kill } for comm="swapper/3" capability=5 scontext=u:r:kernel:s0 tcontext=u:r:kernel:s0 tclass=capability permissive=0
03-11 02:06:12.402 1530 1711 I netstats_mobile_sample: [0,0,0,0,0,0,0,0,0,0,0,0,1678697511160]
03-11 02:06:12.402 1530 1711 I netstats_wifi_sample: [339191810,265542,5104139,68811,339187258,265538,5104139,68811,335393157,266945,4444185,67031,1678697511160]
03-11 02:06:13.291 0 0 I auditd : type=1400 audit(0.0:4295): avc: denied { kill } for comm="swapper/3" capability=5 scontext=u:r:kernel:s0 tcontext=u:r:kernel:s0 tclass=capability permissive=0
01-01 09:13:15.321 0 0 E DTC_ETH,link_delay_work_func: 3003, SQI=0, link=0
03-11 02:06:14.291 1375 1375 I auditd : type=1400 audit(0.0:4296): avc: denied { kill } for comm="wlan_logging_th" capability=5 scontext=u:r:kernel:s0 tcontext=u:r:kernel:s0 tclass=capability permissive=0
03-11 02:06:14.653 1530 1711 I netstats_mobile_sample: [0,0,0,0,0,0,0,0,0,0,0,0,1678697513411]
03-11 02:06:14.654 1530 1711 I netstats_wifi_sample: [339191810,265542,5104139,68811,339187258,265538,5104139,68811,335393157,266945,4444185,67031,1678697513411]
01-01 09:13:16.189 0 0 I [schedu][0xfee179bca][02:06:15.144100] wlan: [3444:I:WMA] [02:06:11.667000] [ROAM_TRIGGER]: VDEV[0] Reason: "LOW RSSI" Sub-Reason: FULL SCAN Cur_Rssi threshold:81 Current AP RSSI: 76
01-01 09:13:16.189 0 0 I [schedu][0xfee17a217][02:06:15.144184] wlan: [3444:I:WMA] [02:06:11.667000] [ROAM_SCAN]: VDEV[0] Scan_type: FULL next_rssi_threshold: 81 dBm
01-01 09:13:16.189 0 0 I [schedu][0xfee17a371][02:06:15.144202] wlan: [3444:I:WMA] ============================================================================================================================
01-01 09:13:16.189 0 0 I [schedu][0xfee17a52b][02:06:15.144225] wlan: [3444:I:WMA] AP BSSID TSTAMP CH TY ETP RSSI/SCR CU%/SCR TOT_SCR BL_RSN BL_SRC BL_TSTAMP BL_TIMEOUT(ms)
01-01 09:13:16.189 0 0 I [schedu][0xfee17a677][02:06:15.144242] wlan: [3444:I:WMA] ============================================================================================================================
01-01 09:13:16.189 0 0 I [schedu][0xfee17a8c7][02:06:15.144273] wlan: [3444:I:WMA] d6:44:3b:15:39:91 [02:06:11.668000] 2412 P_AP 0 76/0 0/0 1557 0 0 [00:00:00.000000] 0
01-01 09:13:16.189 0 0 I [schedu][0xfee17aa78][02:06:15.144295] wlan: [3444:I:WMA] [02:06:15.142000] [ROAM_RESULT]: VDEV[0] FAILED Reason: NO AP FOUND
03-11 02:06:15.291 0 0 I auditd : type=1400 audit(0.0:4297): avc: denied { kill } for comm="swapper/3" capability=5 scontext=u:r:kernel:s0 tcontext=u:r:kernel:s0 tclass=capability permissive=0
03-11 02:06:16.291 0 0 I auditd : type=1400 audit(0.0:4298): avc: denied { kill } for comm="swapper/3" capability=5 scontext=u:r:kernel:s0 tcontext=u:r:kernel:s0 tclass=capability permissive=0
03-11 02:06:17.291 0 0 I auditd : type=1400 audit(0.0:4299): avc: denied { kill } for comm="swapper/3" capability=5 scontext=u:r:kernel:s0 tcontext=u:r:kernel:s0 tclass=capability permissive=0
03-11 02:06:17.616 1530 1711 I netstats_mobile_sample: [0,0,0,0,0,0,0,0,0,0,0,0,1678697516373]
03-11 02:06:17.616 1530 1711 I netstats_wifi_sample: [339191810,265542,5104139,68811,339187258,265538,5104139,68811,335393157,266945,4444185,67031,1678697516373]
03-11 02:06:18.291 0 0 I auditd : type=1400 audit(0.0:4300): avc: denied { kill } for comm="swapper/3" capability=5 scontext=u:r:kernel:s0 tcontext=u:r:kernel:s0 tclass=capability permissive=0
03-11 02:06:19.291 0 0 I auditd : type=1400 audit(0.0:4301): avc: denied { kill } for comm="swapper/3" capability=5 scontext=u:r:kernel:s0 tcontext=u:r:kernel:s0 tclass=capability permissive=0
01-01 09:13:20.440 0 0 E DTC_ETH,link_delay_work_func: 3003, SQI=0, link=0
03-11 02:06:20.291 0 0 I auditd : type=1400 audit(0.0:4302): avc: denied { kill } for comm="swapper/3" capability=5 scontext=u:r:kernel:s0 tcontext=u:r:kernel:s0 tclass=capability permissive=0
03-11 02:06:20.675 1530 1711 I netstats_mobile_sample: [0,0,0,0,0,0,0,0,0,0,0,0,1678697519433]
03-11 02:06:20.675 1530 1711 I netstats_wifi_sample: [339191810,265542,5104139,68811,339187258,265538,5104139,68811,335393157,266945,4444185,67031,1678697519433]
03-11 02:06:21.291 0 0 I auditd : type=1400 audit(0.0:4303): avc: denied { kill } for comm="swapper/3" capability=5 scontext=u:r:kernel:s0 tcontext=u:r:kernel:s0 tclass=capability permissive=0
03-11 02:06:22.291 0 0 I auditd : type=1400 audit(0.0:4304): avc: denied { kill } for comm="swapper/3" capability=5 scontext=u:r:kernel:s0 tcontext=u:r:kernel:s0 tclass=capability permissive=0
03-11 02:06:23.291 0 0 I auditd : type=1400 audit(0.0:4305): avc: denied { kill } for comm="swapper/3" capability=5 scontext=u:r:kernel:s0 tcontext=u:r:kernel:s0 tclass=capability permissive=0
03-11 02:06:23.434 1530 1711 I netstats_mobile_sample: [0,0,0,0,0,0,0,0,0,0,0,0,1678697522192]
03-11 02:06:23.434 1530 1711 I netstats_wifi_sample: [339191810,265542,5104139,68811,339187258,265538,5104139,68811,335393157,266945,4444185,67031,1678697522192]
03-11 02:06:24.291 0 0 I auditd : type=1400 audit(0.0:4306): avc: denied { kill } for comm="swapper/3" capability=5 scontext=u:r:kernel:s0 tcontext=u:r:kernel:s0 tclass=capability permissive=0
01-01 09:13:25.561 0 0 E DTC_ETH,link_delay_work_func: 3003, SQI=0, link=0
03-11 02:06:25.291 3449 3449 I auditd : type=1400 audit(0.0:4307): avc: denied { kill } for comm="dp_rx_thread_0" capability=5 scontext=u:r:kernel:s0 tcontext=u:r:kernel:s0 tclass=capability permissive=0
03-11 02:06:25.739 1530 1711 I netstats_mobile_sample: [0,0,0,0,0,0,0,0,0,0,0,0,1678697524497]
03-11 02:06:25.739 1530 1711 I netstats_wifi_sample: [339191810,265542,5104139,68811,339187258,265538,5104139,68811,335393157,266945,4444185,67031,1678697524497]
03-11 02:06:26.291 20218 20218 I auditd : type=1400 audit(0.0:4308): avc: denied { kill } for comm="kworker/u17:2" capability=5 scontext=u:r:kernel:s0 tcontext=u:r:kernel:s0 tclass=capability permissive=0
03-11 02:06:27.291 20218 20218 I auditd : type=1400 audit(0.0:4309): avc: denied { kill } for comm="kworker/u17:2" capability=5 scontext=u:r:kernel:s0 tcontext=u:r:kernel:s0 tclass=capability permissive=0
03-11 02:06:28.251 1530 1711 I netstats_mobile_sample: [0,0,0,0,0,0,0,0,0,0,0,0,1678697527008]
03-11 02:06:28.251 1530 1711 I netstats_wifi_sample: [339191810,265542,5104139,68811,339187258,265538,5104139,68811,335393157,266945,4444185,67031,1678697527008]
01-01 09:13:29.911 0 0 I [schedu][0xffdcb9873][02:06:28.865656] wlan: [3444:I:WMA] [02:06:28.806000] [ROAM_TRIGGER]: VDEV[0] Reason: "LOW RSSI" Cur_Rssi threshold:86 Current AP RSSI: 81
01-01 09:13:29.911 0 0 I [schedu][0xffdcb9b9e][02:06:28.865697] wlan: [3444:I:WMA] [02:06:28.806000] [ROAM_SCAN]: VDEV[0] Scan_type: PARTIAL next_rssi_threshold: 86 dBm {2412 }
01-01 09:13:29.911 0 0 I [schedu][0xffdcb9cce][02:06:28.865713] wlan: [3444:I:WMA] ============================================================================================================================
01-01 09:13:29.911 0 0 I [schedu][0xffdcb9e66][02:06:28.865734] wlan: [3444:I:WMA] AP BSSID TSTAMP CH TY ETP RSSI/SCR CU%/SCR TOT_SCR BL_RSN BL_SRC BL_TSTAMP BL_TIMEOUT(ms)
01-01 09:13:29.911 0 0 I [schedu][0xffdcb9f9c][02:06:28.865750] wlan: [3444:I:WMA] ============================================================================================================================
01-01 09:13:29.911 0 0 I [schedu][0xffdcba1ca][02:06:28.865780] wlan: [3444:I:WMA] d6:44:3b:15:39:91 [02:06:28.807000] 2412 P_AP 0 81/0 0/0 1005 0 0 [00:00:00.000000] 0
01-01 09:13:29.911 0 0 I [schedu][0xffdcba393][02:06:28.865803] wlan: [3444:I:WMA] [02:06:28.863000] [ROAM_RESULT]: VDEV[0] FAILED Reason: NO AP FOUND
03-11 02:06:29.291 0 0 I auditd : type=1400 audit(0.0:4310): avc: denied { kill } for comm="swapper/2" capability=5 scontext=u:r:kernel:s0 tcontext=u:r:kernel:s0 tclass=capability permissive=0
01-01 09:13:30.680 0 0 E DTC_ETH,link_delay_work_func: 3003, SQI=0, link=0
03-11 02:06:30.291 0 0 I auditd : type=1400 audit(0.0:4311): avc: denied { kill } for comm="swapper/2" capability=5 scontext=u:r:kernel:s0 tcontext=u:r:kernel:s0 tclass=capability permissive=0
03-11 02:06:30.914 1530 1711 I netstats_mobile_sample: [0,0,0,0,0,0,0,0,0,0,0,0,1678697529672]
03-11 02:06:30.914 1530 1711 I netstats_wifi_sample: [339191810,265542,5104139,68811,339187258,265538,5104139,68811,335393157,266945,4444185,67031,1678697529672]
03-11 02:06:31.291 1375 1375 I auditd : type=1400 audit(0.0:4312): avc: denied { kill } for comm="wlan_logging_th" capability=5 scontext=u:r:kernel:s0 tcontext=u:r:kernel:s0 tclass=capability permissive=0
03-11 02:06:32.291 0 0 I auditd : type=1400 audit(0.0:4313): avc: denied { kill } for comm="swapper/2" capability=5 scontext=u:r:kernel:s0 tcontext=u:r:kernel:s0 tclass=capability permissive=0
03-11 02:06:33.096 1530 1711 I netstats_mobile_sample: [0,0,0,0,0,0,0,0,0,0,0,0,1678697531854]
03-11 02:06:33.097 1530 1711 I netstats_wifi_sample: [339191810,265542,5104139,68811,339187258,265538,5104139,68811,335393157,266945,4444185,67031,1678697531854]
03-11 02:06:33.291 0 0 I auditd : type=1400 audit(0.0:4314): avc: denied { kill } for comm="swapper/2" capability=5 scontext=u:r:kernel:s0 tcontext=u:r:kernel:s0 tclass=capability permissive=0
03-11 02:06:34.291 0 0 I auditd : type=1400 audit(0.0:4315): avc: denied { kill } for comm="swapper/2" capability=5 scontext=u:r:kernel:s0 tcontext=u:r:kernel:s0 tclass=capability permissive=0
01-01 09:13:35.801 0 0 E DTC_ETH,link_delay_work_func: 3003, SQI=0, link=0
03-11 02:06:35.291 3449 3449 I auditd : type=1400 audit(0.0:4316): avc: denied { kill } for comm="dp_rx_thread_0" capability=5 scontext=u:r:kernel:s0 tcontext=u:r:kernel:s0 tclass=capability permissive=0
03-11 02:06:35.424 1530 1711 I netstats_mobile_sample: [0,0,0,0,0,0,0,0,0,0,0,0,1678697534182]
03-11 02:06:35.425 1530 1711 I netstats_wifi_sample: [339191810,265542,5104139,68811,339187258,265538,5104139,68811,335393157,266945,4444185,67031,1678697534182]
03-11 02:06:36.291 0 0 I auditd : type=1400 audit(0.0:4317): avc: denied { kill } for comm="swapper/2" capability=5 scontext=u:r:kernel:s0 tcontext=u:r:kernel:s0 tclass=capability permissive=0
03-11 02:06:37.291 0 0 I auditd : type=1400 audit(0.0:4318): avc: denied { kill } for comm="swapper/2" capability=5 scontext=u:r:kernel:s0 tcontext=u:r:kernel:s0 tclass=capability permissive=0
03-11 02:06:37.486 1530 1711 I netstats_mobile_sample: [0,0,0,0,0,0,0,0,0,0,0,0,1678697536244]
03-11 02:06:37.487 1530 1711 I netstats_wifi_sample: [339191810,265542,5104139,68811,339187258,265538,5104139,68811,335393157,266945,4444185,67031,1678697536244]
03-11 02:06:38.291 0 0 I auditd : type=1400 audit(0.0:4319): avc: denied { kill } for comm="swapper/2" capability=5 scontext=u:r:kernel:s0 tcontext=u:r:kernel:s0 tclass=capability permissive=0
03-11 02:06:39.291 0 0 I auditd : type=1400 audit(0.0:4320): avc: denied { kill } for comm="swapper/2" capability=5 scontext=u:r:kernel:s0 tcontext=u:r:kernel:s0 tclass=capability permissive=0
03-11 02:06:39.529 1530 1711 I netstats_mobile_sample: [0,0,0,0,0,0,0,0,0,0,0,0,1678697538287]
03-11 02:06:39.530 1530 1711 I netstats_wifi_sample: [339191810,265542,5104139,68811,339187258,265538,5104139,68811,335393157,266945,4444185,67031,1678697538287]
01-01 09:13:40.920 0 0 E DTC_ETH,link_delay_work_func: 3003, SQI=0, link=0
03-11 02:06:40.291 3449 3449 I auditd : type=1400 audit(0.0:4321): avc: denied { kill } for comm="dp_rx_thread_0" capability=5 scontext=u:r:kernel:s0 tcontext=u:r:kernel:s0 tclass=capability permissive=0
03-11 02:06:41.755 1530 1711 I netstats_mobile_sample: [0,0,0,0,0,0,0,0,0,0,0,0,1678697540513]
03-11 02:06:41.756 1530 1711 I netstats_wifi_sample: [339191810,265542,5104139,68811,339187258,265538,5104139,68811,335393157,266945,4444185,67031,1678697540513]
01-01 09:13:42.816 0 0 I [schedu][0x100c905dcb][02:06:41.770686] wlan: [3444:I:WMA] [02:06:41.713000] [ROAM_TRIGGER]: VDEV[0] Reason: "LOW RSSI" Cur_Rssi threshold:86 Current AP RSSI: 76
01-01 09:13:42.816 0 0 I [schedu][0x100c906071][02:06:41.770722] wlan: [3444:I:WMA] [02:06:41.713000] [ROAM_SCAN]: VDEV[0] Scan_type: PARTIAL next_rssi_threshold: 81 dBm {2412 }
01-01 09:13:42.816 0 0 I [schedu][0x100c906196][02:06:41.770737] wlan: [3444:I:WMA] ============================================================================================================================
01-01 09:13:42.816 0 0 I [schedu][0x100c90630e][02:06:41.770756] wlan: [3444:I:WMA] AP BSSID TSTAMP CH TY ETP RSSI/SCR CU%/SCR TOT_SCR BL_RSN BL_SRC BL_TSTAMP BL_TIMEOUT(ms)
01-01 09:13:42.816 0 0 I [schedu][0x100c906422][02:06:41.770771] wlan: [3444:I:WMA] ============================================================================================================================
01-01 09:13:42.816 0 0 I [schedu][0x100c9065fe][02:06:41.770796] wlan: [3444:I:WMA] d6:44:3b:15:39:91 [02:06:41.713000] 2412 P_AP 0 76/0 0/0 1557 0 0 [00:00:00.000000] 0
01-01 09:13:42.816 0 0 I [schedu][0x100c906778][02:06:41.770815] wlan: [3444:I:WMA] [02:06:41.769000] [ROAM_RESULT]: VDEV[0] FAILED Reason: NO AP FOUND
03-11 02:06:42.291 0 0 I auditd : type=1400 audit(0.0:4322): avc: denied { kill } for comm="swapper/3" capability=5 scontext=u:r:kernel:s0 tcontext=u:r:kernel:s0 tclass=capability permissive=0
03-11 02:06:43.291 0 0 I auditd : type=1400 audit(0.0:4323): avc: denied { kill } for comm="swapper/3" capability=5 scontext=u:r:kernel:s0 tcontext=u:r:kernel:s0 tclass=capability permissive=0
03-11 02:06:44.126 1530 1711 I netstats_mobile_sample: [0,0,0,0,0,0,0,0,0,0,0,0,1678697542884]
03-11 02:06:44.127 1530 1711 I netstats_wifi_sample: [339191810,265542,5104139,68811,339187258,265538,5104139,68811,335393157,266945,4444185,67031,1678697542884]
03-11 02:06:44.291 0 0 I auditd : type=1400 audit(0.0:4324): avc: denied { kill } for comm="swapper/3" capability=5 scontext=u:r:kernel:s0 tcontext=u:r:kernel:s0 tclass=capability permissive=0
01-01 09:13:46.041 0 0 E DTC_ETH,link_delay_work_func: 3003, SQI=0, link=0
01-01 09:13:46.287 0 0 I [schedu][0x10108954ed][02:06:45.241929] wlan: [3444:I:WMA] [02:06:41.776000] [ROAM_TRIGGER]: VDEV[0] Reason: "LOW RSSI" Sub-Reason: FULL SCAN Cur_Rssi threshold:81 Current AP RSSI: 76
01-01 09:13:46.287 0 0 I [schedu][0x101089583a][02:06:45.241972] wlan: [3444:I:WMA] [02:06:41.776000] [ROAM_SCAN]: VDEV[0] Scan_type: FULL next_rssi_threshold: 81 dBm
01-01 09:13:46.287 0 0 I [schedu][0x1010895976][02:06:45.241988] wlan: [3444:I:WMA] ============================================================================================================================
01-01 09:13:46.287 0 0 I [schedu][0x1010895b24][02:06:45.242011] wlan: [3444:I:WMA] AP BSSID TSTAMP CH TY ETP RSSI/SCR CU%/SCR TOT_SCR BL_RSN BL_SRC BL_TSTAMP BL_TIMEOUT(ms)
01-01 09:13:46.287 0 0 I [schedu][0x1010895c55][02:06:45.242027] wlan: [3444:I:WMA] ============================================================================================================================
01-01 09:13:46.287 0 0 I [schedu][0x1010895e80][02:06:45.242056] wlan: [3444:I:WMA] d6:44:3b:15:39:91 [02:06:41.776000] 2412 P_AP 0 76/0 0/0 1557 0 0 [00:00:00.000000] 0
01-01 09:13:46.287 0 0 I [schedu][0x10108962fc][02:06:45.242116] wlan: [3444:I:WMA] [02:06:45.240000] [ROAM_RESULT]: VDEV[0] FAILED Reason: NO AP FOUND
03-11 02:06:45.291 0 0 I auditd : type=1400 audit(0.0:4325): avc: denied { kill } for comm="swapper/3" capability=5 scontext=u:r:kernel:s0 tcontext=u:r:kernel:s0 tclass=capability permissive=0
03-11 02:06:46.155 1530 1711 I netstats_mobile_sample: [0,0,0,0,0,0,0,0,0,0,0,0,1678697544913]
03-11 02:06:46.156 1530 1711 I netstats_wifi_sample: [339191810,265542,5104139,68811,339187258,265538,5104139,68811,335393157,266945,4444185,67031,1678697544913]
03-11 02:06:47.291 0 0 I auditd : type=1400 audit(0.0:4326): avc: denied { kill } for comm="swapper/3" capability=5 scontext=u:r:kernel:s0 tcontext=u:r:kernel:s0 tclass=capability permissive=0
03-11 02:06:48.215 1530 1711 I netstats_mobile_sample: [0,0,0,0,0,0,0,0,0,0,0,0,1678697546973]
03-11 02:06:48.216 1530 1711 I netstats_wifi_sample: [339191810,265542,5104139,68811,339187258,265538,5104139,68811,335393157,266945,4444185,67031,1678697546973]
03-11 02:06:48.291 0 0 I auditd : type=1400 audit(0.0:4327): avc: denied { kill } for comm="swapper/3" capability=5 scontext=u:r:kernel:s0 tcontext=u:r:kernel:s0 tclass=capability permissive=0
03-11 02:06:49.291 0 0 I auditd : type=1400 audit(0.0:4328): avc: denied { kill } for comm="swapper/3" capability=5 scontext=u:r:kernel:s0 tcontext=u:r:kernel:s0 tclass=capability permissive=0
01-01 09:13:51.160 0 0 E DTC_ETH,link_delay_work_func: 3003, SQI=0, link=0
03-11 02:06:50.147 1530 1711 I netstats_mobile_sample: [0,0,0,0,0,0,0,0,0,0,0,0,1678697548905]
03-11 02:06:50.148 1530 1711 I netstats_wifi_sample: [339191810,265542,5104139,68811,339187258,265538,5104139,68811,335393157,266945,4444185,67031,1678697548905]
03-11 02:06:50.291 0 0 I auditd : type=1400 audit(0.0:4329): avc: denied { kill } for comm="swapper/3" capability=5 scontext=u:r:kernel:s0 tcontext=u:r:kernel:s0 tclass=capability permissive=0
03-11 02:06:51.291 0 0 I auditd : type=1400 audit(0.0:4330): avc: denied { kill } for comm="swapper/3" capability=5 scontext=u:r:kernel:s0 tcontext=u:r:kernel:s0 tclass=capability permissive=0
03-11 02:06:51.934 1530 1680 D ActivityManager: freezing 3999 com.thundercomm.screensaver
03-11 02:06:51.935 1530 1680 E ActivityManager: Unable to freeze binder for 3999 com.thundercomm.screensaver
03-11 02:06:51.938 1530 1680 D ActivityManager: froze 3999 com.thundercomm.screensaver
03-11 02:06:51.938 1530 1680 I am_freeze: [3999,com.thundercomm.screensaver]
01-01 09:13:52.980 0 0 I binder : 1530:1680 ioctl 400c620e 7965bc15d8 returned -22
01-01 09:13:52.984 0 0 I binder : 1530:1680 ioctl c00c620f 7965bc15b8 returned -22
03-11 02:06:51.938 1530 1680 E ActivityManager: Unable to freeze binder for 3999 com.thundercomm.screensaver
03-11 02:06:51.940 1530 1680 I ActivityManager: Killing 3999:com.thundercomm.screensaver/u0a47 (adj 915): Unable to freeze binder interface
03-11 02:06:51.940 1530 1680 I am_kill : [0,3999,com.thundercomm.screensaver,915,Unable to freeze binder interface]
03-11 02:06:51.991 1530 1711 I netstats_mobile_sample: [0,0,0,0,0,0,0,0,0,0,0,0,1678697550749]
03-11 02:06:51.991 1530 1711 I netstats_wifi_sample: [339191810,265542,5104139,68811,339187258,265538,5104139,68811,335393157,266945,4444185,67031,1678697550749]
03-11 02:06:52.011 1530 7363 I am_proc_died: [0,3999,com.thundercomm.screensaver,915,19]
03-11 02:06:52.012 1530 7363 I am_uid_stopped: 10047
03-11 02:06:52.013 1530 1607 W ActivityManager: setHasOverlayUi called on unknown pid: 3999
03-11 02:06:52.051 1530 1613 I am_pss : [21696,10093,com.tencent.tmgp.sgame,593552384,576122880,0,733679616,0,2,35]
03-11 02:06:52.057 1530 1613 I am_pss : [16172,1000,com.qti.diagservices,6624256,4038656,0,91193344,0,10,6]
03-11 02:06:52.291 0 0 I auditd : type=1400 audit(0.0:4331): avc: denied { kill } for comm="swapper/3" capability=5 scontext=u:r:kernel:s0 tcontext=u:r:kernel:s0 tclass=capability permissive=0
03-11 02:06:53.291 0 0 I auditd : type=1400 audit(0.0:4332): avc: denied { kill } for comm="swapper/3" capability=5 scontext=u:r:kernel:s0 tcontext=u:r:kernel:s0 tclass=capability permissive=0
03-11 02:06:53.961 1530 1621 W BatteryExternalStatsWorker: error reading modem stats:ERROR_PHONE_NOT_AVAILABLE
03-11 02:06:53.982 1530 1621 E KernelCpuSpeedReader: Failed to read cpu-freq: /sys/devices/system/cpu/cpu4/cpufreq/stats/time_in_state: open failed: ENOENT (No such file or directory)
03-11 02:06:53.982 1530 1621 E KernelCpuSpeedReader: Failed to read cpu-freq: /sys/devices/system/cpu/cpu0/cpufreq/stats/time_in_state: open failed: ENOENT (No such file or directory)
03-11 02:06:53.979 569 569 I auditd : type=1400 audit(0.0:4333): avc: denied { read } for comm="Binder:569_2" name="wakeup58" dev="sysfs" ino=71861 scontext=u:r:system_suspend:s0 tcontext=u:object_r:sysfs:s0 tclass=dir permissive=0
03-11 02:06:53.979 569 569 I auditd : type=1400 audit(0.0:4334): avc: denied { read } for comm="Binder:569_2" name="wakeup48" dev="sysfs" ino=67225 scontext=u:r:system_suspend:s0 tcontext=u:object_r:sysfs:s0 tclass=dir permissive=0
03-11 02:06:53.979 569 569 I auditd : type=1400 audit(0.0:4335): avc: denied { read } for comm="Binder:569_2" name="wakeup4" dev="sysfs" ino=47037 scontext=u:r:system_suspend:s0 tcontext=u:object_r:sysfs:s0 tclass=dir permissive=0
03-11 02:06:53.979 569 569 I auditd : type=1400 audit(0.0:4336): avc: denied { read } for comm="Binder:569_2" name="wakeup76" dev="sysfs" ino=76818 scontext=u:r:system_suspend:s0 tcontext=u:object_r:sysfs:s0 tclass=dir permissive=0
01-01 09:13:55.032 0 0 W audit : audit_lost=1369 audit_rate_limit=5 audit_backlog_limit=64
01-01 09:13:55.032 0 0 E audit : rate limit exceeded
03-11 02:06:53.979 569 569 I auditd : type=1400 audit(0.0:4337): avc: denied { read } for comm="Binder:569_2" name="wakeup28" dev="sysfs" ino=53102 scontext=u:r:system_suspend:s0 tcontext=u:object_r:sysfs:s0 tclass=dir permissive=0
03-11 02:06:53.979 569 569 I auditd : type=1400 audit(0.0:4338): avc: denied { read } for comm="Binder:569_2" name="wakeup56" dev="sysfs" ino=71789 scontext=u:r:system_suspend:s0 tcontext=u:object_r:sysfs:s0 tclass=dir permissive=0
03-11 02:06:53.979 569 569 I auditd : type=1400 audit(0.0:4339): avc: denied { read } for comm="Binder:569_2" name="wakeup2" dev="sysfs" ino=46561 scontext=u:r:system_suspend:s0 tcontext=u:object_r:sysfs:s0 tclass=dir permissive=0
03-11 02:06:54.060 1530 1613 I commit_sys_config_file: [batterystats,52]
03-11 02:06:54.063 1530 1613 I commit_sys_config_file: [batterystats,1]
03-11 02:06:54.749 1530 1711 I netstats_mobile_sample: [0,0,0,0,0,0,0,0,0,0,0,0,1678697553506]
03-11 02:06:54.749 1530 1711 I netstats_wifi_sample: [339191810,265542,5104139,68811,339187258,265538,5104139,68811,335393157,266945,4444185,67031,1678697553506]
01-01 09:13:56.280 0 0 E DTC_ETH,link_delay_work_func: 3003, SQI=0, link=0
03-11 02:06:55.291 0 0 I auditd : type=1400 audit(0.0:4383): avc: denied { kill } for comm="swapper/3" capability=5 scontext=u:r:kernel:s0 tcontext=u:r:kernel:s0 tclass=capability permissive=0
03-11 02:06:56.291 0 0 I auditd : type=1400 audit(0.0:4384): avc: denied { kill } for comm="swapper/3" capability=5 scontext=u:r:kernel:s0 tcontext=u:r:kernel:s0 tclass=capability permissive=0
03-11 02:06:56.772 1530 1711 I netstats_mobile_sample: [0,0,0,0,0,0,0,0,0,0,0,0,1678697555530]
03-11 02:06:56.772 1530 1711 I netstats_wifi_sample: [339191810,265542,5104139,68811,339187258,265538,5104139,68811,335393157,266945,4444185,67031,1678697555530]
03-11 02:06:57.291 0 0 I auditd : type=1400 audit(0.0:4385): avc: denied { kill } for comm="swapper/3" capability=5 scontext=u:r:kernel:s0 tcontext=u:r:kernel:s0 tclass=capability permissive=0
01-01 09:13:59.203 0 0 I [schedu][0x101f514575][02:06:58.157775] wlan: [3444:I:WMA] [02:06:58.095000] [ROAM_TRIGGER]: VDEV[0] Reason: "LOW RSSI" Cur_Rssi threshold:81 Current AP RSSI: 76
01-01 09:13:59.203 0 0 I [schedu][0x101f514b2f][02:06:58.157852] wlan: [3444:I:WMA] [02:06:58.095000] [ROAM_SCAN]: VDEV[0] Scan_type: PARTIAL next_rssi_threshold: 81 dBm {2412 }
01-01 09:13:59.203 0 0 I [schedu][0x101f514c84][02:06:58.157869] wlan: [3444:I:WMA] ============================================================================================================================
01-01 09:13:59.203 0 0 I [schedu][0x101f514e26][02:06:58.157891] wlan: [3444:I:WMA] AP BSSID TSTAMP CH TY ETP RSSI/SCR CU%/SCR TOT_SCR BL_RSN BL_SRC BL_TSTAMP BL_TIMEOUT(ms)
01-01 09:13:59.203 0 0 I [schedu][0x101f514f5f][02:06:58.157907] wlan: [3444:I:WMA] ============================================================================================================================
01-01 09:13:59.203 0 0 I [schedu][0x101f51518c][02:06:58.157936] wlan: [3444:I:WMA] d6:44:3b:15:39:91 [02:06:58.095000] 2412 P_AP 0 76/0 0/0 1557 0 0 [00:00:00.000000] 0
01-01 09:13:59.203 0 0 I [schedu][0x101f51533f][02:06:58.157959] wlan: [3444:I:WMA] [02:06:58.152000] [ROAM_RESULT]: VDEV[0] FAILED Reason: NO AP FOUND
03-11 02:06:58.291 0 0 I auditd : type=1400 audit(0.0:4386): avc: denied { kill } for comm="swapper/3" capability=5 scontext=u:r:kernel:s0 tcontext=u:r:kernel:s0 tclass=capability permissive=0
03-11 02:06:59.008 1530 1711 I netstats_mobile_sample: [0,0,0,0,0,0,0,0,0,0,0,0,1678697557765]
03-11 02:06:59.008 1530 1711 I netstats_wifi_sample: [339191810,265542,5104139,68811,339187258,265538,5104139,68811,335393157,266945,4444185,67031,1678697557765]
03-11 02:07:00.291 0 0 I auditd : type=1400 audit(0.0:4387): avc: denied { kill } for comm="swapper/3" capability=5 scontext=u:r:kernel:s0 tcontext=u:r:kernel:s0 tclass=capability permissive=0
01-01 09:14:01.400 0 0 E DTC_ETH,link_delay_work_func: 3003, SQI=0, link=0
03-11 02:07:01.291 0 0 I auditd : type=1400 audit(0.0:4388): avc: denied { kill } for comm="swapper/3" capability=5 scontext=u:r:kernel:s0 tcontext=u:r:kernel:s0 tclass=capability permissive=0
03-11 02:07:01.431 21696 21696 I auditd : type=1400 audit(0.0:4389): avc: denied { read } for comm="pcdn_udp" name="snmp" dev="proc" ino=4026532261 scontext=u:r:untrusted_app_29:s0:c93,c256,c512,c768 tcontext=u:object_r:proc_net:s0 tclass=file permissive=0 app=com.tencent.tmgp.sgame
03-11 02:07:01.708 1530 1711 I netstats_mobile_sample: [0,0,0,0,0,0,0,0,0,0,0,0,1678697560466]
03-11 02:07:01.708 1530 1711 I netstats_wifi_sample: [339191810,265542,5104139,68811,339187258,265538,5104139,68811,335393157,266945,4444185,67031,1678697560466]
03-11 02:07:01.722 1530 1712 I service_manager_stats: [100,67,56227]
01-01 09:14:02.774 0 0 I [schedu][0x1023676ab6][02:07:01.728619] wlan: [3444:I:WMA] [02:06:58.158000] [ROAM_TRIGGER]: VDEV[0] Reason: "LOW RSSI" Sub-Reason: FULL SCAN Cur_Rssi threshold:81 Current AP RSSI: 76
01-01 09:14:02.774 0 0 I [schedu][0x1023676df9][02:07:01.728662] wlan: [3444:I:WMA] [02:06:58.158000] [ROAM_SCAN]: VDEV[0] Scan_type: FULL next_rssi_threshold: 81 dBm
01-01 09:14:02.774 0 0 I [schedu][0x1023676f29][02:07:01.728678] wlan: [3444:I:WMA] ============================================================================================================================
01-01 09:14:02.774 0 0 I [schedu][0x10236770ab][02:07:01.728698] wlan: [3444:I:WMA] AP BSSID TSTAMP CH TY ETP RSSI/SCR CU%/SCR TOT_SCR BL_RSN BL_SRC BL_TSTAMP BL_TIMEOUT(ms)
01-01 09:14:02.774 0 0 I [schedu][0x10236771b6][02:07:01.728712] wlan: [3444:I:WMA] ============================================================================================================================
01-01 09:14:02.774 0 0 I [schedu][0x10236773b4][02:07:01.728738] wlan: [3444:I:WMA] d6:44:3b:15:39:91 [02:06:58.158000] 2412 P_AP 0 76/0 0/0 1557 0 0 [00:00:00.000000] 0
01-01 09:14:02.774 0 0 I [schedu][0x1023677547][02:07:01.728759] wlan: [3444:I:WMA] [02:07:01.726000] [ROAM_RESULT]: VDEV[0] FAILED Reason: NO AP FOUND
03-11 02:07:02.263 1530 1613 I UsageStatsService: User[0] Flushing usage stats to disk
03-11 02:07:02.291 0 0 I auditd : type=1400 audit(0.0:4390): avc: denied { kill } for comm="swapper/3" capability=5 scontext=u:r:kernel:s0 tcontext=u:r:kernel:s0 tclass=capability permissive=0
03-11 02:07:03.291 0 0 I auditd : type=1400 audit(0.0:4391): avc: denied { kill } for comm="swapper/3" capability=5 scontext=u:r:kernel:s0 tcontext=u:r:kernel:s0 tclass=capability permissive=0
03-11 02:07:04.235 1530 1711 I netstats_mobile_sample: [0,0,0,0,0,0,0,0,0,0,0,0,1678697562993]
03-11 02:07:04.236 1530 1711 I netstats_wifi_sample: [339191810,265542,5104139,68811,339187258,265538,5104139,68811,335393157,266945,4444185,67031,1678697562993]
03-11 02:07:04.291 0 0 I auditd : type=1400 audit(0.0:4392): avc: denied { kill } for comm="swapper/3" capability=5 scontext=u:r:kernel:s0 tcontext=u:r:kernel:s0 tclass=capability permissive=0
03-11 02:07:05.291 0 0 I auditd : type=1400 audit(0.0:4393): avc: denied { kill } for comm="swapper/3" capability=5 scontext=u:r:kernel:s0 tcontext=u:r:kernel:s0 tclass=capability permissive=0
01-01 09:14:06.521 0 0 E DTC_ETH,link_delay_work_func: 3003, SQI=0, link=0
03-11 02:07:06.291 757 757 I auditd : type=1400 audit(0.0:4394): avc: denied { kill } for comm="crtc_commit:125" capability=5 scontext=u:r:kernel:s0 tcontext=u:r:kernel:s0 tclass=capability permissive=0
03-11 02:07:06.372 1530 1711 I netstats_mobile_sample: [0,0,0,0,0,0,0,0,0,0,0,0,1678697565130]
03-11 02:07:06.372 1530 1711 I netstats_wifi_sample: [339191810,265542,5104139,68811,339187258,265538,5104139,68811,335393157,266945,4444185,67031,1678697565130]
03-11 02:07:06.979 1530 1754 I storage_state: [41217664-9172-527a-b3d5-edabb50a7d69,0,0,110427488256,118610538496]
03-11 02:07:07.291 0 0 I auditd : type=1400 audit(0.0:4395): avc: denied { kill } for comm="swapper/3" capability=5 scontext=u:r:kernel:s0 tcontext=u:r:kernel:s0 tclass=capability permissive=0
03-11 02:07:08.291 0 0 I auditd : type=1400 audit(0.0:4396): avc: denied { kill } for comm="swapper/3" capability=5 scontext=u:r:kernel:s0 tcontext=u:r:kernel:s0 tclass=capability permissive=0
03-11 02:07:08.413 1530 1711 I netstats_mobile_sample: [0,0,0,0,0,0,0,0,0,0,0,0,1678697567171]
03-11 02:07:08.413 1530 1711 I netstats_wifi_sample: [339191810,265542,5104139,68811,339187258,265538,5104139,68811,335393157,266945,4444185,67031,1678697567171]
03-11 02:07:10.443 1530 1711 I netstats_mobile_sample: [0,0,0,0,0,0,0,0,0,0,0,0,1678697569201]
03-11 02:07:10.444 1530 1711 I netstats_wifi_sample: [339191810,265542,5104139,68811,339187258,265538,5104139,68811,335393157,266945,4444185,67031,1678697569201]
01-01 09:14:11.640 0 0 E DTC_ETH,link_delay_work_func: 3003, SQI=0, link=0
03-11 02:07:11.291 0 0 I auditd : type=1400 audit(0.0:4397): avc: denied { kill } for comm="swapper/3" capability=5 scontext=u:r:kernel:s0 tcontext=u:r:kernel:s0 tclass=capability permissive=0
03-11 02:07:14.291 0 0 I auditd : type=1400 audit(0.0:4398): avc: denied { kill } for comm="swapper/1" capability=5 scontext=u:r:kernel:s0 tcontext=u:r:kernel:s0 tclass=capability permissive=0
01-01 09:14:15.514 0 0 I init : Untracked pid 22344 exited with status 0
03-11 02:07:14.773 1530 1711 I netstats_mobile_sample: [0,0,0,0,0,0,0,0,0,0,0,0,1678697573530]
03-11 02:07:14.773 1530 1711 I netstats_wifi_sample: [339191810,265542,5104139,68811,339187258,265538,5104139,68811,335393157,266945,4444185,67031,1678697573530]
03-11 02:07:15.291 0 0 I auditd : type=1400 audit(0.0:4399): avc: denied { kill } for comm="swapper/1" capability=5 scontext=u:r:kernel:s0 tcontext=u:r:kernel:s0 tclass=capability permissive=0
03-11 02:07:15.367 1530 1983 I commit_sys_config_file: [appops,3602654]
03-11 02:07:15.667 22354 22354 I auditd : type=1400 audit(0.0:4400): avc: denied { read } for comm="ls" name="/" dev="dm-5" ino=2 scontext=u:r:system_app:s0 tcontext=u:object_r:rootfs:s0 tclass=dir permissive=0
01-01 09:14:16.760 0 0 E DTC_ETH,link_delay_work_func: 3003, SQI=0, link=0
03-11 02:07:15.863 22360 22360 I auditd : type=1400 audit(0.0:4401): avc: denied { read } for comm="ls" name="/" dev="dm-5" ino=2 scontext=u:r:system_app:s0 tcontext=u:object_r:rootfs:s0 tclass=dir permissive=0
03-11 02:07:17.291 0 0 I auditd : type=1400 audit(0.0:4402): avc: denied { kill } for comm="swapper/3" capability=5 scontext=u:r:kernel:s0 tcontext=u:r:kernel:s0 tclass=capability permissive=0
03-11 02:07:17.321 1530 1711 I netstats_mobile_sample: [0,0,0,0,0,0,0,0,0,0,0,0,1678697576079]
03-11 02:07:17.322 1530 1711 I netstats_wifi_sample: [339191810,265542,5104139,68811,339187258,265538,5104139,68811,335393157,266945,4444185,67031,1678697576079]
03-11 02:07:18.291 0 0 I auditd : type=1400 audit(0.0:4403): avc: denied { kill } for comm="swapper/3" capability=5 scontext=u:r:kernel:s0 tcontext=u:r:kernel:s0 tclass=capability permissive=0
03-11 02:07:19.291 0 0 I auditd : type=1400 audit(0.0:4404): avc: denied { kill } for comm="swapper/3" capability=5 scontext=u:r:kernel:s0 tcontext=u:r:kernel:s0 tclass=capability permissive=0
03-11 02:07:19.630 1530 1711 I netstats_mobile_sample: [0,0,0,0,0,0,0,0,0,0,0,0,1678697578388]
03-11 02:07:19.630 1530 1711 I netstats_wifi_sample: [339191810,265542,5104139,68811,339187258,265538,5104139,68811,335393157,266945,4444185,67031,1678697578388]
01-01 09:14:20.857 0 0 D cnss : Host time = 3628158900 us, device time = 3614281740 us, offset = 13877160 us
01-01 09:14:20.857 0 0 D cnss : Updated time sync regs [0x984] = 0xd3bfa8, [0x988] = 0x0
03-11 02:07:20.291 0 0 I auditd : type=1400 audit(0.0:4405): avc: denied { kill } for comm="swapper/3" capability=5 scontext=u:r:kernel:s0 tcontext=u:r:kernel:s0 tclass=capability permissive=0
03-11 02:07:20.458 1530 1711 I netstats_mobile_sample: [0,0,0,0,0,0,0,0,0,0,0,0,1678697579216]
03-11 02:07:20.460 1530 1711 I netstats_wifi_sample: [339191810,265542,5104139,68811,339187258,265538,5104139,68811,335393157,266945,4444185,67031,1678697579216]
01-01 09:14:21.628 0 0 I [schedu][0x1038fb35a2][02:07:20.583164] wlan: [3444:I:WMA] [02:07:20.524000] [ROAM_TRIGGER]: VDEV[0] Reason: "LOW RSSI" Cur_Rssi threshold:81 Current AP RSSI: 81
01-01 09:14:21.628 0 0 I [schedu][0x1038fb3b4e][02:07:20.583240] wlan: [3444:I:WMA] [02:07:20.524000] [ROAM_SCAN]: VDEV[0] Scan_type: PARTIAL next_rssi_threshold: 86 dBm {2412 }
01-01 09:14:21.628 0 0 I [schedu][0x1038fb3c96][02:07:20.583257] wlan: [3444:I:WMA] ============================================================================================================================
01-01 09:14:21.628 0 0 I [schedu][0x1038fb3e39][02:07:20.583279] wlan: [3444:I:WMA] AP BSSID TSTAMP CH TY ETP RSSI/SCR CU%/SCR TOT_SCR BL_RSN BL_SRC BL_TSTAMP BL_TIMEOUT(ms)
01-01 09:14:21.628 0 0 I [schedu][0x1038fb3f6e][02:07:20.583295] wlan: [3444:I:WMA] ============================================================================================================================
01-01 09:14:21.628 0 0 I [schedu][0x1038fb4186][02:07:20.583323] wlan: [3444:I:WMA] d6:44:3b:15:39:91 [02:07:20.524000] 2412 P_AP 0 81/0 0/0 1005 0 0 [00:00:00.000000] 0
01-01 09:14:21.628 0 0 I [schedu][0x1038fb433f][02:07:20.583346] wlan: [3444:I:WMA] [02:07:20.581000] [ROAM_RESULT]: VDEV[0] FAILED Reason: NO AP FOUND
01-01 09:14:21.882 0 0 E DTC_ETH,link_delay_work_func: 3003, SQI=0, link=0
03-11 02:07:21.291 0 0 I auditd : type=1400 audit(0.0:4406): avc: denied { kill } for comm="swapper/3" capability=5 scontext=u:r:kernel:s0 tcontext=u:r:kernel:s0 tclass=capability permissive=0
03-11 02:07:22.291 0 0 I auditd : type=1400 audit(0.0:4407): avc: denied { kill } for comm="swapper/3" capability=5 scontext=u:r:kernel:s0 tcontext=u:r:kernel:s0 tclass=capability permissive=0
03-11 02:07:22.671 1530 1711 I netstats_mobile_sample: [0,0,0,0,0,0,0,0,0,0,0,0,1678697581429]
03-11 02:07:22.671 1530 1711 I netstats_wifi_sample: [339191810,265542,5104139,68811,339187258,265538,5104139,68811,335393157,266945,4444185,67031,1678697581429]
03-11 02:07:23.291 0 0 I auditd : type=1400 audit(0.0:4408): avc: denied { kill } for comm="swapper/3" capability=5 scontext=u:r:kernel:s0 tcontext=u:r:kernel:s0 tclass=capability permissive=0
01-01 09:14:25.108 0 0 I [schedu][0x103cf6c557][02:07:24.063267] wlan: [3444:I:WMA] [02:07:20.587000] [ROAM_TRIGGER]: VDEV[0] Reason: "LOW RSSI" Sub-Reason: FULL SCAN Cur_Rssi threshold:86 Current AP RSSI: 81
01-01 09:14:25.108 0 0 I [schedu][0x103cf6c87a][02:07:24.063309] wlan: [3444:I:WMA] [02:07:20.587000] [ROAM_SCAN]: VDEV[0] Scan_type: FULL next_rssi_threshold: 86 dBm
01-01 09:14:25.108 0 0 I [schedu][0x103cf6c9ca][02:07:24.063326] wlan: [3444:I:WMA] ============================================================================================================================
01-01 09:14:25.108 0 0 I [schedu][0x103cf6cdd5][02:07:24.063380] wlan: [3444:I:WMA] AP BSSID TSTAMP CH TY ETP RSSI/SCR CU%/SCR TOT_SCR BL_RSN BL_SRC BL_TSTAMP BL_TIMEOUT(ms)
01-01 09:14:25.108 0 0 I [schedu][0x103cf6cf24][02:07:24.063398] wlan: [3444:I:WMA] ============================================================================================================================
01-01 09:14:25.108 0 0 I [schedu][0x103cf6d16c][02:07:24.063428] wlan: [3444:I:WMA] d6:44:3b:15:39:91 [02:07:20.587000] 2412 P_AP 0 81/0 0/0 1005 0 0 [00:00:00.000000] 0
01-01 09:14:25.109 0 0 I [schedu][0x103cf6d32c][02:07:24.063451] wlan: [3444:I:WMA] [02:07:24.061000] [ROAM_RESULT]: VDEV[0] FAILED Reason: NO AP FOUND
03-11 02:07:24.291 0 0 I auditd : type=1400 audit(0.0:4409): avc: denied { kill } for comm="swapper/3" capability=5 scontext=u:r:kernel:s0 tcontext=u:r:kernel:s0 tclass=capability permissive=0
03-11 02:07:25.291 0 0 I auditd : type=1400 audit(0.0:4410): avc: denied { kill } for comm="swapper/3" capability=5 scontext=u:r:kernel:s0 tcontext=u:r:kernel:s0 tclass=capability permissive=0
03-11 02:07:25.478 1530 1711 I netstats_mobile_sample: [0,0,0,0,0,0,0,0,0,0,0,0,1678697584235]
03-11 02:07:25.478 1530 1711 I netstats_wifi_sample: [339191810,265542,5104139,68811,339187258,265538,5104139,68811,335393157,266945,4444185,67031,1678697584235]
01-01 09:14:27.001 0 0 E DTC_ETH,link_delay_work_func: 3003, SQI=0, link=0
03-11 02:07:26.291 0 0 I auditd : type=1400 audit(0.0:4411): avc: denied { kill } for comm="swapper/3" capability=5 scontext=u:r:kernel:s0 tcontext=u:r:kernel:s0 tclass=capability permissive=0
03-11 02:07:26.703 1530 1613 I commit_sys_config_file: [procstats,10]
03-11 02:07:26.706 1530 7363 W ActivityManager: Unable to start service Intent { act=com.tencent.tpns.mqttchannel.FEEDBACK pkg=com.tencent.tmgp.sgame } U=0: not found
03-11 02:07:27.291 22249 22249 I auditd : type=1400 audit(0.0:4412): avc: denied { kill } for comm="kworker/u16:7" capability=5 scontext=u:r:kernel:s0 tcontext=u:r:kernel:s0 tclass=capability permissive=0
03-11 02:07:28.461 1530 1711 I netstats_mobile_sample: [0,0,0,0,0,0,0,0,0,0,0,0,1678697587219]
03-11 02:07:28.462 1530 1711 I netstats_wifi_sample: [339191810,265542,5104139,68811,339187258,265538,5104139,68811,335393157,266945,4444185,67031,1678697587219]
03-11 02:07:29.291 0 0 I auditd : type=1400 audit(0.0:4413): avc: denied { kill } for comm="swapper/3" capability=5 scontext=u:r:kernel:s0 tcontext=u:r:kernel:s0 tclass=capability permissive=0
03-11 02:07:30.291 64 64 I auditd : type=1400 audit(0.0:4414): avc: denied { kill } for comm="rcuop/6" capability=5 scontext=u:r:kernel:s0 tcontext=u:r:kernel:s0 tclass=capability permissive=0
03-11 02:07:30.973 1530 1711 I netstats_mobile_sample: [0,0,0,0,0,0,0,0,0,0,0,0,1678697589730]
03-11 02:07:30.973 1530 1711 I netstats_wifi_sample: [339191810,265542,5104139,68811,339187258,265538,5104139,68811,335393157,266945,4444185,67031,1678697589730]
01-01 09:14:32.124 0 0 E DTC_ETH,link_delay_work_func: 3003, SQI=0, link=0
03-11 02:07:31.291 0 0 I auditd : type=1400 audit(0.0:4415): avc: denied { kill } for comm="swapper/3" capability=5 scontext=u:r:kernel:s0 tcontext=u:r:kernel:s0 tclass=capability permissive=0
03-11 02:07:32.291 0 0 I auditd : type=1400 audit(0.0:4416): avc: denied { kill } for comm="swapper/3" capability=5 scontext=u:r:kernel:s0 tcontext=u:r:kernel:s0 tclass=capability permissive=0
03-11 02:07:33.290 1530 1711 I netstats_mobile_sample: [0,0,0,0,0,0,0,0,0,0,0,0,1678697592048]
03-11 02:07:33.290 1530 1711 I netstats_wifi_sample: [339191810,265542,5104139,68811,339187258,265538,5104139,68811,335393157,266945,4444185,67031,1678697592048]
03-11 02:07:33.291 0 0 I auditd : type=1400 audit(0.0:4417): avc: denied { kill } for comm="swapper/3" capability=5 scontext=u:r:kernel:s0 tcontext=u:r:kernel:s0 tclass=capability permissive=0
03-11 02:07:35.291 0 0 I auditd : type=1400 audit(0.0:4418): avc: denied { kill } for comm="swapper/3" capability=5 scontext=u:r:kernel:s0 tcontext=u:r:kernel:s0 tclass=capability permissive=0
03-11 02:07:35.936 1530 1711 I netstats_mobile_sample: [0,0,0,0,0,0,0,0,0,0,0,0,1678697594694]
03-11 02:07:35.937 1530 1711 I netstats_wifi_sample: [339191810,265542,5104139,68811,339187258,265538,5104139,68811,335393157,266945,4444185,67031,1678697594694]
01-01 09:14:37.240 0 0 E DTC_ETH,link_delay_work_func: 3003, SQI=0, link=0
03-11 02:07:37.291 0 0 I auditd : type=1400 audit(0.0:4419): avc: denied { kill } for comm="swapper/3" capability=5 scontext=u:r:kernel:s0 tcontext=u:r:kernel:s0 tclass=capability permissive=0
03-11 02:07:38.186 1530 1711 I netstats_mobile_sample: [0,0,0,0,0,0,0,0,0,0,0,0,1678697596943]
03-11 02:07:38.186 1530 1711 I netstats_wifi_sample: [339191810,265542,5104139,68811,339187258,265538,5104139,68811,335393157,266945,4444185,67031,1678697596943]
03-11 02:07:38.291 0 0 I auditd : type=1400 audit(0.0:4420): avc: denied { kill } for comm="swapper/3" capability=5 scontext=u:r:kernel:s0 tcontext=u:r:kernel:s0 tclass=capability permissive=0
03-11 02:07:39.291 0 0 I auditd : type=1400 audit(0.0:4421): avc: denied { kill } for comm="swapper/3" capability=5 scontext=u:r:kernel:s0 tcontext=u:r:kernel:s0 tclass=capability permissive=0
03-11 02:07:40.291 0 0 I auditd : type=1400 audit(0.0:4422): avc: denied { kill } for comm="swapper/3" capability=5 scontext=u:r:kernel:s0 tcontext=u:r:kernel:s0 tclass=capability permissive=0
01-01 09:14:42.361 0 0 E DTC_ETH,link_delay_work_func: 3003, SQI=0, link=0
03-11 02:07:41.751 1530 1711 I netstats_mobile_sample: [0,0,0,0,0,0,0,0,0,0,0,0,1678697600509]
03-11 02:07:41.752 1530 1711 I netstats_wifi_sample: [339191810,265542,5104139,68811,339187258,265538,5104139,68811,335393157,266945,4444185,67031,1678697600509]
03-11 02:07:42.291 0 0 I auditd : type=1400 audit(0.0:4423): avc: denied { kill } for comm="swapper/3" capability=5 scontext=u:r:kernel:s0 tcontext=u:r:kernel:s0 tclass=capability permissive=0
03-11 02:07:43.291 0 0 I auditd : type=1400 audit(0.0:4424): avc: denied { kill } for comm="swapper/3" capability=5 scontext=u:r:kernel:s0 tcontext=u:r:kernel:s0 tclass=capability permissive=0
03-11 02:07:44.160 1530 1711 I netstats_mobile_sample: [0,0,0,0,0,0,0,0,0,0,0,0,1678697602918]
03-11 02:07:44.160 1530 1711 I netstats_wifi_sample: [339191810,265542,5104139,68811,339187258,265538,5104139,68811,335393157,266945,4444185,67031,1678697602918]
03-11 02:07:45.291 0 0 I auditd : type=1400 audit(0.0:4425): avc: denied { kill } for comm="swapper/3" capability=5 scontext=u:r:kernel:s0 tcontext=u:r:kernel:s0 tclass=capability permissive=0
03-11 02:07:46.291 0 0 I auditd : type=1400 audit(0.0:4426): avc: denied { kill } for comm="swapper/3" capability=5 scontext=u:r:kernel:s0 tcontext=u:r:kernel:s0 tclass=capability permissive=0
01-01 09:14:47.480 0 0 E DTC_ETH,link_delay_work_func: 3003, SQI=0, link=0
03-11 02:07:46.885 1530 1711 I netstats_mobile_sample: [0,0,0,0,0,0,0,0,0,0,0,0,1678697605642]
03-11 02:07:46.886 1530 1711 I netstats_wifi_sample: [339191810,265542,5104139,68811,339187258,265538,5104139,68811,335393157,266945,4444185,67031,1678697605642]
03-11 02:07:47.291 0 0 I auditd : type=1400 audit(0.0:4427): avc: denied { kill } for comm="swapper/3" capability=5 scontext=u:r:kernel:s0 tcontext=u:r:kernel:s0 tclass=capability permissive=0
03-11 02:07:48.291 0 0 I auditd : type=1400 audit(0.0:4428): avc: denied { kill } for comm="swapper/3" capability=5 scontext=u:r:kernel:s0 tcontext=u:r:kernel:s0 tclass=capability permissive=0
03-11 02:07:49.243 1530 1711 I netstats_mobile_sample: [0,0,0,0,0,0,0,0,0,0,0,0,1678697608001]
03-11 02:07:49.243 1530 1711 I netstats_wifi_sample: [339191810,265542,5104139,68811,339187258,265538,5104139,68811,335393157,266945,4444185,67031,1678697608001]
03-11 02:07:49.291 0 0 I auditd : type=1400 audit(0.0:4429): avc: denied { kill } for comm="swapper/3" capability=5 scontext=u:r:kernel:s0 tcontext=u:r:kernel:s0 tclass=capability permissive=0
03-11 02:07:50.291 20218 20218 I auditd : type=1400 audit(0.0:4430): avc: denied { kill } for comm="kworker/u17:2" capability=5 scontext=u:r:kernel:s0 tcontext=u:r:kernel:s0 tclass=capability permissive=0
03-11 02:07:50.996 1530 1711 I netstats_mobile_sample: [0,0,0,0,0,0,0,0,0,0,0,0,1678697609754]
03-11 02:07:50.996 1530 1711 I netstats_wifi_sample: [339191810,265542,5104139,68811,339187258,265538,5104139,68811,335393157,266945,4444185,67031,1678697609754]
03-11 02:07:51.291 0 0 I auditd : type=1400 audit(0.0:4431): avc: denied { kill } for comm="swapper/0" capability=5 scontext=u:r:kernel:s0 tcontext=u:r:kernel:s0 tclass=capability permissive=0
01-01 09:14:52.604 0 0 E DTC_ETH,link_delay_work_func: 3003, SQI=0, link=0
03-11 02:07:52.291 0 0 I auditd : type=1400 audit(0.0:4432): avc: denied { kill } for comm="swapper/0" capability=5 scontext=u:r:kernel:s0 tcontext=u:r:kernel:s0 tclass=capability permissive=0
03-11 02:07:53.291 0 0 I auditd : type=1400 audit(0.0:4433): avc: denied { kill } for comm="swapper/3" capability=5 scontext=u:r:kernel:s0 tcontext=u:r:kernel:s0 tclass=capability permissive=0
03-11 02:07:53.358 1530 1711 I netstats_mobile_sample: [0,0,0,0,0,0,0,0,0,0,0,0,1678697612116]
