03-11 01:56:47.260 1530 1888 E DisplayDeviceConfig: requesting nits when no mapping exists.
03-11 01:56:47.261 1530 1888 E DisplayDeviceConfig: requesting nits when no mapping exists.
03-11 01:56:47.277 1530 1888 E DisplayDeviceConfig: requesting nits when no mapping exists.
03-11 01:56:47.277 1530 1888 E DisplayDeviceConfig: requesting nits when no mapping exists.
03-11 01:56:47.294 1530 1888 E DisplayDeviceConfig: requesting nits when no mapping exists.
03-11 01:56:47.294 1530 1888 E DisplayDeviceConfig: requesting nits when no mapping exists.
03-11 01:56:47.310 1530 1888 E DisplayDeviceConfig: requesting nits when no mapping exists.
03-11 01:56:47.311 1530 1888 E DisplayDeviceConfig: requesting nits when no mapping exists.
03-11 01:56:47.327 1530 1888 E DisplayDeviceConfig: requesting nits when no mapping exists.
03-11 01:56:47.327 1530 1888 E DisplayDeviceConfig: requesting nits when no mapping exists.
03-11 01:56:47.344 1530 1888 E DisplayDeviceConfig: requesting nits when no mapping exists.
03-11 01:56:47.344 1530 1888 E DisplayDeviceConfig: requesting nits when no mapping exists.
03-11 01:56:47.361 1530 1888 E DisplayDeviceConfig: requesting nits when no mapping exists.
03-11 01:56:47.361 1530 1888 E DisplayDeviceConfig: requesting nits when no mapping exists.
03-11 01:56:47.377 1530 1888 E DisplayDeviceConfig: requesting nits when no mapping exists.
03-11 01:56:47.377 1530 1888 E DisplayDeviceConfig: requesting nits when no mapping exists.
03-11 01:56:47.394 1530 1888 E DisplayDeviceConfig: requesting nits when no mapping exists.
03-11 01:56:47.394 1530 1888 E DisplayDeviceConfig: requesting nits when no mapping exists.
03-11 01:56:47.411 1530 1888 E DisplayDeviceConfig: requesting nits when no mapping exists.
03-11 01:56:47.411 1530 1888 E DisplayDeviceConfig: requesting nits when no mapping exists.
03-11 01:56:47.427 1530 1888 E DisplayDeviceConfig: requesting nits when no mapping exists.
03-11 01:56:47.428 1530 1888 E DisplayDeviceConfig: requesting nits when no mapping exists.
03-11 01:56:47.444 1530 1888 E DisplayDeviceConfig: requesting nits when no mapping exists.
03-11 01:56:47.444 1530 1888 E DisplayDeviceConfig: requesting nits when no mapping exists.
03-11 01:56:47.461 1530 1888 E DisplayDeviceConfig: requesting nits when no mapping exists.
03-11 01:56:47.461 1530 1888 E DisplayDeviceConfig: requesting nits when no mapping exists.
03-11 01:56:47.477 1530 1888 E DisplayDeviceConfig: requesting nits when no mapping exists.
03-11 01:56:47.478 1530 1888 E DisplayDeviceConfig: requesting nits when no mapping exists.
03-11 01:56:47.494 1530 1888 E DisplayDeviceConfig: requesting nits when no mapping exists.
03-11 01:56:47.494 1530 1888 E DisplayDeviceConfig: requesting nits when no mapping exists.
03-11 01:56:47.511 1530 1888 E DisplayDeviceConfig: requesting nits when no mapping exists.
03-11 01:56:47.511 1530 1888 E DisplayDeviceConfig: requesting nits when no mapping exists.
03-11 01:56:47.528 1530 1888 E DisplayDeviceConfig: requesting nits when no mapping exists.
03-11 01:56:47.528 1530 1888 E DisplayDeviceConfig: requesting nits when no mapping exists.
03-11 01:56:47.544 1530 1888 E DisplayDeviceConfig: requesting nits when no mapping exists.
03-11 01:56:47.544 1530 1888 E DisplayDeviceConfig: requesting nits when no mapping exists.
03-11 01:56:47.561 1530 1888 E DisplayDeviceConfig: requesting nits when no mapping exists.
03-11 01:56:47.561 1530 1888 E DisplayDeviceConfig: requesting nits when no mapping exists.
03-11 01:56:47.578 1530 1888 E DisplayDeviceConfig: requesting nits when no mapping exists.
03-11 01:56:47.578 1530 1888 E DisplayDeviceConfig: requesting nits when no mapping exists.
03-11 01:56:47.595 1530 1888 E DisplayDeviceConfig: requesting nits when no mapping exists.
03-11 01:56:47.595 1530 1888 E DisplayDeviceConfig: requesting nits when no mapping exists.
03-11 01:56:47.611 1530 1888 E DisplayDeviceConfig: requesting nits when no mapping exists.
03-11 01:56:47.611 1530 1888 E DisplayDeviceConfig: requesting nits when no mapping exists.
03-11 01:56:47.628 1530 1888 E DisplayDeviceConfig: requesting nits when no mapping exists.
03-11 01:56:47.628 1530 1888 E DisplayDeviceConfig: requesting nits when no mapping exists.
03-11 01:56:47.645 1530 1888 E DisplayDeviceConfig: requesting nits when no mapping exists.
03-11 01:56:47.645 1530 1888 E DisplayDeviceConfig: requesting nits when no mapping exists.
03-11 01:56:47.662 1530 1888 E DisplayDeviceConfig: requesting nits when no mapping exists.
03-11 01:56:47.662 1530 1888 E DisplayDeviceConfig: requesting nits when no mapping exists.
03-11 01:56:47.678 1530 1888 E DisplayDeviceConfig: requesting nits when no mapping exists.
03-11 01:56:47.678 1530 1888 E DisplayDeviceConfig: requesting nits when no mapping exists.
03-11 01:56:47.695 1530 1888 E DisplayDeviceConfig: requesting nits when no mapping exists.
03-11 01:56:47.695 1530 1888 E DisplayDeviceConfig: requesting nits when no mapping exists.
03-11 01:56:47.711 1530 1888 E DisplayDeviceConfig: requesting nits when no mapping exists.
03-11 01:56:47.711 1530 1888 E DisplayDeviceConfig: requesting nits when no mapping exists.
03-11 01:56:47.728 1530 1888 E DisplayDeviceConfig: requesting nits when no mapping exists.
03-11 01:56:47.728 1530 1888 E DisplayDeviceConfig: requesting nits when no mapping exists.
03-11 01:56:47.745 1530 1888 E DisplayDeviceConfig: requesting nits when no mapping exists.
03-11 01:56:47.745 1530 1888 E DisplayDeviceConfig: requesting nits when no mapping exists.
03-11 01:56:47.761 1530 1888 E DisplayDeviceConfig: requesting nits when no mapping exists.
03-11 01:56:47.761 1530 1888 E DisplayDeviceConfig: requesting nits when no mapping exists.
03-11 01:56:47.778 1530 1888 E DisplayDeviceConfig: requesting nits when no mapping exists.
03-11 01:56:47.778 1530 1888 E DisplayDeviceConfig: requesting nits when no mapping exists.
03-11 01:56:47.795 1530 1888 E DisplayDeviceConfig: requesting nits when no mapping exists.
03-11 01:56:47.795 1530 1888 E DisplayDeviceConfig: requesting nits when no mapping exists.
03-11 01:56:47.811 1530 1888 E DisplayDeviceConfig: requesting nits when no mapping exists.
03-11 01:56:47.812 1530 1888 E DisplayDeviceConfig: requesting nits when no mapping exists.
03-11 01:56:47.828 1530 1888 E DisplayDeviceConfig: requesting nits when no mapping exists.
03-11 01:56:47.828 1530 1888 E DisplayDeviceConfig: requesting nits when no mapping exists.
03-11 01:56:47.845 1530 1888 E DisplayDeviceConfig: requesting nits when no mapping exists.
03-11 01:56:47.845 1530 1888 E DisplayDeviceConfig: requesting nits when no mapping exists.
03-11 01:56:47.862 1530 1888 E DisplayDeviceConfig: requesting nits when no mapping exists.
03-11 01:56:47.862 1530 1888 E DisplayDeviceConfig: requesting nits when no mapping exists.
03-11 01:56:47.878 1530 1888 E DisplayDeviceConfig: requesting nits when no mapping exists.
03-11 01:56:47.878 1530 1888 E DisplayDeviceConfig: requesting nits when no mapping exists.
03-11 01:56:47.895 1530 1888 E DisplayDeviceConfig: requesting nits when no mapping exists.
03-11 01:56:47.895 1530 1888 E DisplayDeviceConfig: requesting nits when no mapping exists.
03-11 01:56:47.912 1530 1888 E DisplayDeviceConfig: requesting nits when no mapping exists.
03-11 01:56:47.912 1530 1888 E DisplayDeviceConfig: requesting nits when no mapping exists.
03-11 01:56:47.928 1530 1888 E DisplayDeviceConfig: requesting nits when no mapping exists.
03-11 01:56:47.928 1530 1888 E DisplayDeviceConfig: requesting nits when no mapping exists.
03-11 01:56:47.945 1530 1888 E DisplayDeviceConfig: requesting nits when no mapping exists.
03-11 01:56:47.945 1530 1888 E DisplayDeviceConfig: requesting nits when no mapping exists.
03-11 01:56:47.962 1530 1888 E DisplayDeviceConfig: requesting nits when no mapping exists.
03-11 01:56:47.962 1530 1888 E DisplayDeviceConfig: requesting nits when no mapping exists.
03-11 01:56:47.979 1530 1888 E DisplayDeviceConfig: requesting nits when no mapping exists.
03-11 01:56:47.979 1530 1888 E DisplayDeviceConfig: requesting nits when no mapping exists.
03-11 01:56:47.995 1530 1888 E DisplayDeviceConfig: requesting nits when no mapping exists.
03-11 01:56:47.995 1530 1888 E DisplayDeviceConfig: requesting nits when no mapping exists.
03-11 01:56:48.012 1530 1888 E DisplayDeviceConfig: requesting nits when no mapping exists.
03-11 01:56:48.012 1530 1888 E DisplayDeviceConfig: requesting nits when no mapping exists.
03-11 01:56:48.029 1530 1888 E DisplayDeviceConfig: requesting nits when no mapping exists.
03-11 01:56:48.029 1530 1888 E DisplayDeviceConfig: requesting nits when no mapping exists.
01-01 09:03:52.120 0 0 E DTC_ETH,link_delay_work_func: 3003, SQI=0, link=0
03-11 01:56:51.284 1530 10835 I DreamManagerService: Gently waking up from dream.
03-11 01:56:51.285 1530 1604 I DreamManagerService: Performing gentle wake from dream.
03-11 01:56:51.288 1530 10835 I ActivityTaskManager: FOREGROUND_APPLICATION_CHANGED to com.android.settings.homepage.SettingsHomepageActivity
03-11 01:56:51.372 1530 1630 I PowerManagerService: Powering on display group fromDreaming (groupId=0, uid=1000, reason=WAKE_REASON_UNKNOWN, details=android.server.power:DREAM_FINISHED)...
03-11 01:56:51.372 1530 1630 I PowerManagerService: Waking up from Dreaming (uid=1000, reason=WAKE_REASON_UNKNOWN, details=android.server.power:DREAM_FINISHED)...
03-11 01:56:51.395 1530 3072 W FreeFormWindowHelper: Current Display FreeFormTask is null
03-11 01:56:51.869 1530 8134 I DreamManagerService: Leaving dreamland.
03-11 01:56:51.870 1530 1604 I DreamManagerService: Performing gentle wake from dream.
03-11 01:56:51.870 1530 1604 I DreamController: Stopping dream: name=ComponentInfo{com.thundercomm.screensaver/com.thundercomm.screensaver.service.SystemDream}, isTest=false, canDoze=false, userId=0, reason='finished self'(from 'finished self')
03-11 01:56:51.888 1530 1608 W ActivityTaskManager: Can't find TaskDisplayArea to determine support for multi window. Task id=51 attached=false
01-01 09:03:57.240 0 0 E DTC_ETH,link_delay_work_func: 3003, SQI=0, link=0
01-01 09:03:57.287 0 0 I [schedu][0xd6e7aa6eb][01:56:56.241635] wlan: [3444:I:WMA] [01:56:56.155000] [ROAM_TRIGGER]: VDEV[0] Reason: "LOW RSSI" Cur_Rssi threshold:86 Current AP RSSI: 81
01-01 09:03:57.287 0 0 I [schedu][0xd6e7aa988][01:56:56.241670] wlan: [3444:I:WMA] [01:56:56.155000] [ROAM_SCAN]: VDEV[0] Scan_type: PARTIAL next_rssi_threshold: 86 dBm {2412 }
01-01 09:03:57.287 0 0 I [schedu][0xd6e7aad57][01:56:56.241721] wlan: [3444:I:WMA] ============================================================================================================================
01-01 09:03:57.287 0 0 I [schedu][0xd6e7aaf16][01:56:56.241744] wlan: [3444:I:WMA] AP BSSID TSTAMP CH TY ETP RSSI/SCR CU%/SCR TOT_SCR BL_RSN BL_SRC BL_TSTAMP BL_TIMEOUT(ms)
01-01 09:03:57.287 0 0 I [schedu][0xd6e7ab046][01:56:56.241760] wlan: [3444:I:WMA] ============================================================================================================================
01-01 09:03:57.287 0 0 I [schedu][0xd6e7ab26e][01:56:56.241788] wlan: [3444:I:WMA] d6:44:3b:15:39:91 [01:56:56.155000] 2412 P_AP 0 81/0 0/0 1005 0 0 [00:00:00.000000] 0
01-01 09:03:57.287 0 0 I [schedu][0xd6e7ab447][01:56:56.241813] wlan: [3444:I:WMA] [01:56:56.214000] [ROAM_RESULT]: VDEV[0] FAILED Reason: NO AP FOUND
01-01 09:04:02.367 0 0 E DTC_ETH,link_delay_work_func: 3003, SQI=0, link=0
03-11 01:57:05.223 1530 3072 W FreeFormWindowHelper: Current Display FreeFormTask is null
03-11 01:57:05.228 1530 3072 W FreeFormWindowHelper: Current Display FreeFormTask is null
03-11 01:57:05.234 1530 10835 W FreeFormWindowHelper: Current Display FreeFormTask is null
03-11 01:57:05.235 1530 10835 W FreeFormWindowHelper: Current Display FreeFormTask is null
03-11 01:57:05.235 1530 10835 W FreeFormWindowHelper: Current Display FreeFormTask is null
03-11 01:57:05.274 1530 8134 W ActivityTaskManager: getTaskSnapshot: taskId=-508 not found
03-11 01:57:05.276 1530 8134 W FreeFormWindowHelper: Current Display FreeFormTask is null
03-11 01:57:05.277 1530 2117 W FreeFormWindowHelper: Current Display FreeFormTask is null
03-11 01:57:05.277 1530 10835 W ActivityTaskManager: getTaskSnapshot: taskId=-507 not found
03-11 01:57:05.278 1530 10835 W ActivityTaskManager: getTaskSnapshot: taskId=-507 not found
03-11 01:57:05.279 1530 10835 W ActivityTaskManager: getTaskSnapshot: taskId=-506 not found
03-11 01:57:05.282 1530 10835 W FreeFormWindowHelper: Current Display FreeFormTask is null
03-11 01:57:05.282 1530 10835 W FreeFormWindowHelper: Current Display FreeFormTask is null
03-11 01:57:05.305 1530 2117 W FreeFormWindowHelper: Current Display FreeFormTask is null
03-11 01:57:05.305 1530 10835 W FreeFormWindowHelper: Current Display FreeFormTask is null
03-11 01:57:05.306 1530 10835 W FreeFormWindowHelper: Current Display FreeFormTask is null
03-11 01:57:05.308 1530 10835 W FreeFormWindowHelper: Current Display FreeFormTask is null
03-11 01:57:05.309 1530 10835 W ActivityTaskManager: getTaskSnapshot: taskId=-428 not found
03-11 01:57:05.311 1530 2117 W ActivityTaskManager: getTaskSnapshot: taskId=-428 not found
03-11 01:57:05.312 1530 2117 W ActivityTaskManager: getTaskSnapshot: taskId=-428 not found
03-11 01:57:05.312 1530 2117 W ActivityTaskManager: getTaskSnapshot: taskId=-428 not found
03-11 01:57:05.312 1530 2117 W ActivityTaskManager: getTaskSnapshot: taskId=-428 not found
03-11 01:57:05.322 1530 2117 W FreeFormWindowHelper: Current Display FreeFormTask is null
03-11 01:57:05.322 1530 2117 W FreeFormWindowHelper: Current Display FreeFormTask is null
03-11 01:57:05.338 1530 2117 W FreeFormWindowHelper: Current Display FreeFormTask is null
03-11 01:57:05.339 1530 2117 W FreeFormWindowHelper: Current Display FreeFormTask is null
03-11 01:57:05.689 1530 2117 W FreeFormWindowHelper: Current Display FreeFormTask is null
03-11 01:57:05.689 1530 2117 W FreeFormWindowHelper: Current Display FreeFormTask is null
03-11 01:57:05.690 1530 3072 W FreeFormWindowHelper: Current Display FreeFormTask is null
03-11 01:57:06.009 1530 6113 I ActivityTaskManager: FOREGROUND_APPLICATION_CHANGED to com.android.launcher3.uioverrides.QuickstepLauncher
03-11 01:57:06.025 1530 4910 W FreeFormWindowHelper: Current Display FreeFormTask is null
03-11 01:57:06.026 1530 4910 W FreeFormWindowHelper: Current Display FreeFormTask is null
03-11 01:57:06.027 1530 6113 W FreeFormWindowHelper: Current Display FreeFormTask is null
03-11 01:57:06.040 1530 6113 W FreeFormWindowHelper: Current Display FreeFormTask is null
03-11 01:57:06.040 1530 6113 W FreeFormWindowHelper: Current Display FreeFormTask is null
03-11 01:57:06.124 1530 5963 W FreeFormWindowHelper: Current Display FreeFormTask is null
01-01 09:04:07.481 0 0 E DTC_ETH,link_delay_work_func: 3003, SQI=0, link=0
03-11 01:57:06.629 1530 2117 W FreeFormWindowHelper: exitRecentTasks type=0
03-11 01:57:07.687 1530 2117 I thunderperf: PlatormCompat.setOverrides: Uid1=10075 Pid1=2553 Uid2=10075 Pid2=2553
03-11 01:57:07.687 1530 2117 I thunderperf: PlatormCompat.setOverrides: needCheck:false
03-11 01:57:07.687 1530 2117 I thunderperf: CompatConfig.addOverrideUnsafe: bef-state=1
03-11 01:57:07.688 1530 2117 I thunderperf: CompatConfig.addOverrideUnsafe: aft-state=0
03-11 01:57:07.688 1530 2117 I thunderperf: CompatConfig.addOverrideUnsafe: bef-state=1
03-11 01:57:07.688 1530 2117 I thunderperf: CompatConfig.addOverrideUnsafe: aft-state=0
03-11 01:57:07.689 1530 2117 I thunderperf: CompatConfig.addOverrideUnsafe: bef-state=1
03-11 01:57:07.689 1530 2117 I thunderperf: CompatConfig.addOverrideUnsafe: aft-state=0
03-11 01:57:07.689 1530 2117 I thunderperf: CompatConfig.addOverrideUnsafe: bef-state=1
03-11 01:57:07.689 1530 2117 I thunderperf: CompatConfig.addOverrideUnsafe: aft-state=0
03-11 01:57:07.690 1530 2117 I thunderperf: CompatConfig.addOverrideUnsafe: bef-state=1
03-11 01:57:07.690 1530 2117 I thunderperf: CompatConfig.addOverrideUnsafe: aft-state=0
03-11 01:57:07.690 1530 2117 I thunderperf: CompatConfig.addOverrideUnsafe: bef-state=1
03-11 01:57:07.690 1530 2117 I thunderperf: CompatConfig.addOverrideUnsafe: aft-state=0
03-11 01:57:07.691 1530 2117 I thunderperf: CompatConfig.addOverrideUnsafe: bef-state=1
03-11 01:57:07.691 1530 2117 I thunderperf: CompatConfig.addOverrideUnsafe: aft-state=0
03-11 01:57:07.691 1530 2117 I thunderperf: CompatConfig.addOverrideUnsafe: bef-state=1
03-11 01:57:07.691 1530 2117 I thunderperf: CompatConfig.addOverrideUnsafe: aft-state=0
03-11 01:57:07.691 1530 2117 I thunderperf: CompatConfig.addOverrideUnsafe: bef-state=1
03-11 01:57:07.691 1530 2117 I thunderperf: CompatConfig.addOverrideUnsafe: aft-state=0
03-11 01:57:07.692 1530 2117 I thunderperf: CompatConfig.addOverrideUnsafe: bef-state=1
03-11 01:57:07.692 1530 2117 I thunderperf: CompatConfig.addOverrideUnsafe: aft-state=0
03-11 01:57:07.692 1530 2117 I thunderperf: CompatConfig.addOverrideUnsafe: bef-state=1
03-11 01:57:07.692 1530 2117 I thunderperf: CompatConfig.addOverrideUnsafe: aft-state=0
03-11 01:57:07.692 1530 2117 I thunderperf: CompatConfig.addOverrideUnsafe: bef-state=1
03-11 01:57:07.692 1530 2117 I thunderperf: CompatConfig.addOverrideUnsafe: aft-state=0
03-11 01:57:07.693 1530 2117 I thunderperf: CompatConfig.addOverrideUnsafe: bef-state=1
03-11 01:57:07.693 1530 2117 I thunderperf: CompatConfig.addOverrideUnsafe: aft-state=0
03-11 01:57:07.693 1530 2117 I thunderperf: CompatConfig.addOverrideUnsafe: bef-state=1
03-11 01:57:07.693 1530 2117 I thunderperf: CompatConfig.addOverrideUnsafe: aft-state=0
03-11 01:57:07.694 1530 2117 I ActivityTaskManager: START u0 {act=android.intent.action.MAIN cat=[android.intent.category.LAUNCHER] flg=0x10200000 cmp=com.tencent.tmgp.sgame/.SGameActivity bnds=[1017,120][1319,402]} from uid 10075
03-11 01:57:07.695 1530 2117 W ActivityTaskManager: Can't find TaskDisplayArea to determine support for multi window. Task id=52 attached=false
03-11 01:57:07.697 1530 2117 D CompatibilityChangeReporter: Compat change id reported: 174042980; UID 10093; state: DISABLED
03-11 01:57:07.697 1530 2117 D CompatibilityChangeReporter: Compat change id reported: 184838306; UID 10093; state: DISABLED
03-11 01:57:07.697 1530 2117 D CompatibilityChangeReporter: Compat change id reported: 185004937; UID 10093; state: DISABLED
03-11 01:57:07.697 1530 2117 D CompatibilityChangeReporter: Compat change id reported: 181136395; UID 10093; state: DISABLED
03-11 01:57:07.698 1530 2117 D CompatibilityChangeReporter: Compat change id reported: 174042936; UID 10093; state: DISABLED
03-11 01:57:07.698 1530 2117 D CompatibilityChangeReporter: Compat change id reported: 168419799; UID 10093; state: ENABLED
03-11 01:57:07.699 1530 2117 D CompatibilityChangeReporter: Compat change id reported: 182811243; UID 10093; state: DISABLED
03-11 01:57:07.699 1530 2117 D CompatibilityChangeReporter: Compat change id reported: 189969734; UID 10093; state: DISABLED
03-11 01:57:07.699 1530 2117 D CompatibilityChangeReporter: Compat change id reported: 176926753; UID 10093; state: DISABLED
03-11 01:57:07.699 1530 2117 D CompatibilityChangeReporter: Compat change id reported: 189969779; UID 10093; state: DISABLED
03-11 01:57:07.699 1530 2117 D CompatibilityChangeReporter: Compat change id reported: 176926829; UID 10093; state: DISABLED
03-11 01:57:07.700 1530 2117 D CompatibilityChangeReporter: Compat change id reported: 189969744; UID 10093; state: DISABLED
03-11 01:57:07.700 1530 2117 D CompatibilityChangeReporter: Compat change id reported: 176926771; UID 10093; state: DISABLED
03-11 01:57:07.700 1530 2117 D CompatibilityChangeReporter: Compat change id reported: 189970036; UID 10093; state: DISABLED
03-11 01:57:07.700 1530 2117 D CompatibilityChangeReporter: Compat change id reported: 176926741; UID 10093; state: DISABLED
03-11 01:57:07.700 1530 2117 D CompatibilityChangeReporter: Compat change id reported: 189969782; UID 10093; state: DISABLED
03-11 01:57:07.700 1530 2117 D CompatibilityChangeReporter: Compat change id reported: 189970038; UID 10093; state: DISABLED
03-11 01:57:07.701 1530 2117 D CompatibilityChangeReporter: Compat change id reported: 189969749; UID 10093; state: ENABLED
03-11 01:57:07.703 1530 10835 W FreeFormWindowHelper: Current Display FreeFormTask is null
03-11 01:57:07.706 1530 10835 I ActivityTaskManager: FOREGROUND_APPLICATION_CHANGED to com.tencent.tmgp.sgame.SGameActivity
03-11 01:57:07.707 1530 1607 D CompatibilityChangeReporter: Compat change id reported: 135634846; UID 10093; state: DISABLED
03-11 01:57:07.707 1530 1607 D CompatibilityChangeReporter: Compat change id reported: 177438394; UID 10093; state: DISABLED
03-11 01:57:07.707 1530 1607 D CompatibilityChangeReporter: Compat change id reported: 135772972; UID 10093; state: DISABLED
03-11 01:57:07.707 1530 1607 D CompatibilityChangeReporter: Compat change id reported: 135754954; UID 10093; state: DISABLED
03-11 01:57:07.707 1530 1615 D CompatibilityChangeReporter: Compat change id reported: 143937733; UID 10093; state: DISABLED
03-11 01:57:07.713 1530 1615 I ActivityManager: Start proc 20236:com.tencent.tmgp.sgame/u0a93 for pre-top-activity {com.tencent.tmgp.sgame/com.tencent.tmgp.sgame.SGameActivity}
03-11 01:57:07.713 1530 20237 W ContextImpl: Calling a method in the system process without a qualified user: android.app.ContextImpl.sendBroadcast:1173 com.qualcomm.qti.Performance$SendGameLaunchBroadcast.run:217 java.lang.Thread.run:920
01-01 09:04:08.768 0 0 I binder : 20236:20236 ioctl 40046210 7ff5e17364 returned -22
03-11 01:57:07.732 2054 3742 W ContextImpl: Calling a method in the system process without a qualified user: android.app.ContextImpl.startService:1816 android.content.ContextWrapper.startService:774 com.thundercomm.gamemode.ingame.services.GameModeActionUtils.startGameModeService:118 com.thundercomm.gamemode.ingame.services.GameModeActionUtils.startGameModeEntry:29 com.thundercomm.gamemode.ingame.services.ActivityMonitoringService$1.onActivityLaunch:140
03-11 01:57:07.735 1530 1530 I GameModeConfig: Current uri is uri = content://com.thundercomm.gamemode.api/gamemode_settings/gamemode_isgaming
03-11 01:57:07.737 1530 1530 I GameModeConfig: isGameModeOn = true
03-11 01:57:07.737 1530 1530 I GameModeConfig: isGaming = true
03-11 01:57:07.737 1530 1530 I GameModeConfig: isDisableNotification = true
03-11 01:57:07.738 1530 1530 I GameModeConfig: isGameModeOn = true
03-11 01:57:07.738 1530 1530 I GameModeConfig: isGaming = true
03-11 01:57:07.738 1530 1530 I GameModeConfig: isDisableNotification = true
01-01 09:04:08.792 0 0 W ALERT : changing window size from 16000000 to 20000000 at 3013888032807
01-01 09:04:08.795 0 0 I : [MAX975X:max96755x_drm_notifier_callback] *INFO* receives EARLY_BLANK:UNBLANK
01-01 09:04:08.795 0 0 I atmel_mxt_ts 0-004a: FB event:2,blank:0
01-01 09:04:08.795 0 0 I atmel_mxt_ts 0-004a: suspend: event = 2, blank = 0, not care
01-01 09:04:08.795 0 0 I [drm:dsi_display_set_mode] [msm-dsi-info]: mdp_transfer_time_us=0 us
01-01 09:04:08.795 0 0 I [drm:dsi_display_set_mode] [msm-dsi-info]: hactive= 2560,vactive= 1080,fps=30
01-01 09:04:08.795 0 0 I : [MAX975X:max96755x_drm_notifier_callback] *INFO* receives BLANK:UNBLANK
01-01 09:04:08.795 0 0 I atmel_mxt_ts 0-004a: FB event:1,blank:0
01-01 09:04:08.795 0 0 I atmel_mxt_ts 0-004a: drm_notifier_callback: UNBLANK! Resume by drm notifier.
03-11 01:57:07.751 20236 20258 D ActivityThread: Loading provider com.tencent.tmgp.sgame.XG_SETTINGS_PROVIDER: com.tencent.tpns.baseapi.base.SettingsContentProvider
03-11 01:57:07.759 1530 4910 D CompatibilityChangeReporter: Compat change id reported: 135634846; UID 10093; state: DISABLED
03-11 01:57:07.759 1530 4910 D CompatibilityChangeReporter: Compat change id reported: 177438394; UID 10093; state: DISABLED
03-11 01:57:07.759 1530 4910 D CompatibilityChangeReporter: Compat change id reported: 135772972; UID 10093; state: DISABLED
03-11 01:57:07.759 1530 4910 D CompatibilityChangeReporter: Compat change id reported: 135754954; UID 10093; state: DISABLED
03-11 01:57:07.759 1530 1615 D CompatibilityChangeReporter: Compat change id reported: 143937733; UID 10093; state: DISABLED
03-11 01:57:07.760 1530 1607 I DisplayDeviceRepository: Display device changed: DisplayDeviceInfo{"内置屏幕": uniqueId="local:4630946816427681409", 2560 x 1080, modeId 3, defaultModeId 1, supportedModes [{id=1, width=2560, height=1080, fps=60.000004, alternativeRefreshRates=[30.000002, 45.0]}, {id=2, width=2560, height=1080, fps=45.0, alternativeRefreshRates=[30.000002, 60.000004]}, {id=3, width=2560, height=1080, fps=30.000002, alternativeRefreshRates=[45.0, 60.000004]}], colorMode 0, supportedColorModes [0], hdrCapabilities HdrCapabilities{mSupportedHdrTypes=[2, 3, 4], mMaxLuminance=500.0, mMaxAverageLuminance=500.0, mMinLuminance=0.0}, allmSupported false, gameContentTypeSupported false, density 240, 320.315 x 318.976 dpi, appVsyncOff 1000000, presDeadline 33333333, touch INTERNAL, rotation 0, type INTERNAL, address {port=129, model=0x40446d97fee5e6}, deviceProductInfo DeviceProductInfo{name=, manufacturerPnpId=QCM, productId=1, modelYear=null, manufactureDate=ManufactureDate{week=27, year=2006}, connectionToSinkType=0}, state ON, frameRateOverride , brightnessMinimum 0.0, brightnessMaximum 1.0, brightnessDefault 1.0, FLAG_DEFAULT_DISPLAY, FLAG_ROTATES_WITH_CONTENT, FLAG_SECURE, FLAG_SUPPORTS_PROTECTED_BUFFERS}
03-11 01:57:07.764 1530 1615 I ActivityManager: Start proc 20267:com.tencent.tmgp.sgame:xg_vip_service/u0a93 for service {com.tencent.tmgp.sgame/com.tencent.android.tpush.service.XGVipPushService}
01-01 09:04:08.820 0 0 I binder : 20267:20267 ioctl 40046210 7ff5e17364 returned -22
03-11 01:57:07.810 1530 8134 W FreeFormWindowHelper: Current Display FreeFormTask is null
03-11 01:57:08.054 1530 4316 W WindowManager: Failed looking up window session=Session{45cdf3e 20236:u0a10093} callers=com.android.server.wm.WindowManagerService.windowForClientLocked:5628 com.android.server.wm.Session.insetsModified:629 android.view.IWindowSession$Stub.onTransact:1151
01-01 09:04:09.138 0 0 I binder : 20236:20269 ioctl 40046210 79a22921f4 returned -22
03-11 01:57:08.493 1530 2117 W ActivityManager: Unable to start service Intent { act=com.tencent.tpns.mqttchannel.FEEDBACK pkg=com.tencent.tmgp.sgame } U=0: not found
01-01 09:04:09.740 0 0 W audit : audit_lost=1266 audit_rate_limit=5 audit_backlog_limit=64
01-01 09:04:09.740 0 0 E audit : rate limit exceeded
03-11 01:57:10.704 1530 2750 E TaskPersister: File error accessing recents directory (directory doesn't exist?).
01-01 09:04:12.600 0 0 E DTC_ETH,link_delay_work_func: 3003, SQI=0, link=0
01-01 09:04:13.660 0 0 I [schedu][0xd81378854][01:57:12.614987] wlan: [3444:I:WMA] [01:57:12.524000] [ROAM_TRIGGER]: VDEV[0] Reason: "LOW RSSI" Cur_Rssi threshold:91 Current AP RSSI: 86
01-01 09:04:13.660 0 0 I [schedu][0xd81378965][01:57:12.615001] wlan: [3444:I:WMA] [01:57:12.524000] [ROAM_SCAN]: VDEV[0] Scan_type: PARTIAL next_rssi_threshold: 91 dBm {2412 }
01-01 09:04:13.660 0 0 I [schedu][0xd813789b1][01:57:12.615005] wlan: [3444:I:WMA] ============================================================================================================================
01-01 09:04:13.660 0 0 I [schedu][0xd81378a19][01:57:12.615010] wlan: [3444:I:WMA] AP BSSID TSTAMP CH TY ETP RSSI/SCR CU%/SCR TOT_SCR BL_RSN BL_SRC BL_TSTAMP BL_TIMEOUT(ms)
01-01 09:04:13.660 0 0 I [schedu][0xd81378a61][01:57:12.615014] wlan: [3444:I:WMA] ============================================================================================================================
01-01 09:04:13.660 0 0 I [schedu][0xd81378ae9][01:57:12.615021] wlan: [3444:I:WMA] d6:44:3b:15:39:91 [01:57:12.524000] 2412 P_AP 0 86/0 0/0 1005 0 0 [00:00:00.000000] 0
01-01 09:04:13.660 0 0 I [schedu][0xd81378b32][01:57:12.615025] wlan: [3444:I:WMA] [01:57:12.582000] [ROAM_RESULT]: VDEV[0] FAILED Reason: NO AP FOUND
03-11 01:57:13.706 1530 3072 W FreeFormWindowHelper: Current Display FreeFormTask is null
03-11 01:57:13.706 1530 3072 W FreeFormWindowHelper: Current Display FreeFormTask is null
03-11 01:57:13.707 1530 3072 W FreeFormWindowHelper: Current Display FreeFormTask is null
03-11 01:57:13.708 1530 5963 W FreeFormWindowHelper: Current Display FreeFormTask is null
03-11 01:57:13.758 1530 5963 W FreeFormWindowHelper: Current Display FreeFormTask is null
03-11 01:57:13.758 1530 5963 W FreeFormWindowHelper: Current Display FreeFormTask is null
03-11 01:57:13.759 1530 3072 W FreeFormWindowHelper: Current Display FreeFormTask is null
03-11 01:57:13.766 1530 3072 W FreeFormWindowHelper: Current Display FreeFormTask is null
03-11 01:57:13.767 1530 3072 W FreeFormWindowHelper: Current Display FreeFormTask is null
03-11 01:57:13.768 1530 5963 W ActivityTaskManager: getTaskSnapshot: taskId=-969 not found
03-11 01:57:13.769 1530 5963 W ActivityTaskManager: getTaskSnapshot: taskId=-969 not found
03-11 01:57:13.769 1530 5963 W ActivityTaskManager: getTaskSnapshot: taskId=-969 not found
03-11 01:57:13.769 1530 5963 W ActivityTaskManager: getTaskSnapshot: taskId=-969 not found
03-11 01:57:13.795 1530 3072 W FreeFormWindowHelper: Current Display FreeFormTask is null
03-11 01:57:13.796 1530 5963 W FreeFormWindowHelper: Current Display FreeFormTask is null
03-11 01:57:13.796 1530 3072 W ActivityTaskManager: getTaskSnapshot: taskId=-969 not found
03-11 01:57:13.796 1530 3072 W ActivityTaskManager: getTaskSnapshot: taskId=-969 not found
03-11 01:57:13.796 1530 3072 W ActivityTaskManager: getTaskSnapshot: taskId=-969 not found
03-11 01:57:13.796 1530 3072 W ActivityTaskManager: getTaskSnapshot: taskId=-969 not found
03-11 01:57:13.796 1530 3072 W ActivityTaskManager: getTaskSnapshot: taskId=-969 not found
03-11 01:57:13.858 1530 3072 W FreeFormWindowHelper: Current Display FreeFormTask is null
03-11 01:57:13.858 1530 3072 W FreeFormWindowHelper: Current Display FreeFormTask is null
03-11 01:57:14.529 1530 5963 W FreeFormWindowHelper: Current Display FreeFormTask is null
03-11 01:57:14.529 1530 5963 W FreeFormWindowHelper: Current Display FreeFormTask is null
03-11 01:57:14.534 1530 5963 W FreeFormWindowHelper: Current Display FreeFormTask is null
03-11 01:57:14.534 1530 1662 W FreeFormWindowHelper: Current Display FreeFormTask is null
03-11 01:57:14.562 1530 10835 W FreeFormWindowHelper: Current Display FreeFormTask is null
03-11 01:57:14.562 1530 10835 W FreeFormWindowHelper: Current Display FreeFormTask is null
03-11 01:57:14.563 1530 10835 W FreeFormWindowHelper: exitRecentTasks type=0
03-11 01:57:14.594 1530 1613 W UsageStatsService: Unexpected activity event reported! (com.android.launcher3/com.android.launcher3.uioverrides.QuickstepLauncher event : 23 instanceId : 213544628)
01-01 09:04:17.720 0 0 E DTC_ETH,link_delay_work_func: 3003, SQI=0, link=0
03-11 01:57:17.290 1530 1662 W FreeFormWindowHelper: Current Display FreeFormTask is null
03-11 01:57:17.291 1530 3072 W FreeFormWindowHelper: Current Display FreeFormTask is null
03-11 01:57:17.292 1530 3072 W FreeFormWindowHelper: Current Display FreeFormTask is null
03-11 01:57:17.292 1530 3072 W FreeFormWindowHelper: Current Display FreeFormTask is null
03-11 01:57:17.298 1530 1662 W ActivityTaskManager: getTaskSnapshot: taskId=-445 not found
03-11 01:57:17.299 1530 1662 W ActivityTaskManager: getTaskSnapshot: taskId=-445 not found
03-11 01:57:17.299 1530 1662 W ActivityTaskManager: getTaskSnapshot: taskId=-445 not found
03-11 01:57:17.300 1530 1662 W ActivityTaskManager: getTaskSnapshot: taskId=-445 not found
03-11 01:57:17.306 1530 1662 W ActivityTaskManager: getTaskSnapshot: taskId=-445 not found
03-11 01:57:17.306 1530 1662 W ActivityTaskManager: getTaskSnapshot: taskId=-445 not found
03-11 01:57:17.306 1530 1662 W ActivityTaskManager: getTaskSnapshot: taskId=-445 not found
03-11 01:57:17.307 1530 1662 W ActivityTaskManager: getTaskSnapshot: taskId=-445 not found
03-11 01:57:17.335 1530 1662 W FreeFormWindowHelper: Current Display FreeFormTask is null
03-11 01:57:17.335 1530 1662 W FreeFormWindowHelper: Current Display FreeFormTask is null
03-11 01:57:17.335 1530 1662 W FreeFormWindowHelper: Current Display FreeFormTask is null
03-11 01:57:17.336 1530 1662 W FreeFormWindowHelper: Current Display FreeFormTask is null
03-11 01:57:17.337 1530 1662 W ActivityTaskManager: getTaskSnapshot: taskId=-400 not found
03-11 01:57:17.338 1530 1662 W ActivityTaskManager: getTaskSnapshot: taskId=-400 not found
03-11 01:57:17.338 1530 1662 W ActivityTaskManager: getTaskSnapshot: taskId=-400 not found
03-11 01:57:17.338 1530 1662 W ActivityTaskManager: getTaskSnapshot: taskId=-400 not found
03-11 01:57:17.371 1530 1662 W FreeFormWindowHelper: Current Display FreeFormTask is null
03-11 01:57:17.371 1530 5963 W FreeFormWindowHelper: Current Display FreeFormTask is null
03-11 01:57:17.372 1530 5963 W ActivityTaskManager: getTaskSnapshot: taskId=-400 not found
03-11 01:57:17.434 1530 5963 W FreeFormWindowHelper: Current Display FreeFormTask is null
03-11 01:57:17.434 1530 3072 W FreeFormWindowHelper: Current Display FreeFormTask is null
03-11 01:57:17.666 1530 5963 W FreeFormWindowHelper: exitRecentTasks type=0
03-11 01:57:17.669 1530 10835 W FreeFormWindowHelper: Current Display FreeFormTask is null
03-11 01:57:17.669 1530 1662 W FreeFormWindowHelper: Current Display FreeFormTask is null
03-11 01:57:18.269 1530 10835 W FreeFormWindowHelper: Current Display FreeFormTask is null
03-11 01:57:18.269 1530 10835 W FreeFormWindowHelper: Current Display FreeFormTask is null
03-11 01:57:18.273 1530 10835 I ActivityTaskManager: FOREGROUND_APPLICATION_CHANGED to com.android.launcher3.uioverrides.QuickstepLauncher
03-11 01:57:18.378 1530 3072 W FreeFormWindowHelper: Current Display FreeFormTask is null
03-11 01:57:18.380 2054 3742 W ContextImpl: Calling a method in the system process without a qualified user: android.app.ContextImpl.startService:1816 android.content.ContextWrapper.startService:774 com.thundercomm.gamemode.ingame.services.GameModeActionUtils.startGameModeService:118 com.thundercomm.gamemode.ingame.services.GameModeActionUtils.startGameModeEntry:29 com.thundercomm.gamemode.ingame.services.ActivityMonitoringService$1.onActivityLaunch:140
03-11 01:57:18.384 1530 1530 I GameModeConfig: Current uri is uri = content://com.thundercomm.gamemode.api/gamemode_settings/gamemode_isgaming
03-11 01:57:18.385 1530 1530 I GameModeConfig: isGameModeOn = true
03-11 01:57:18.385 1530 1530 I GameModeConfig: isGaming = false
03-11 01:57:18.385 1530 1530 I GameModeConfig: isGameModeOn = true
03-11 01:57:18.385 1530 1530 I GameModeConfig: isGaming = false
03-11 01:57:18.385 1530 1530 I GameModeConfig: isDisableVoice = true
01-01 09:04:19.432 0 0 W ALERT : changing window size from 20000000 to 16000000 at 3024528016293
01-01 09:04:19.470 0 0 I : [MAX975X:max96755x_drm_notifier_callback] *INFO* receives EARLY_BLANK:UNBLANK
01-01 09:04:19.470 0 0 I atmel_mxt_ts 0-004a: FB event:2,blank:0
01-01 09:04:19.470 0 0 I atmel_mxt_ts 0-004a: suspend: event = 2, blank = 0, not care
01-01 09:04:19.470 0 0 I [drm:dsi_display_set_mode] [msm-dsi-info]: mdp_transfer_time_us=0 us
01-01 09:04:19.470 0 0 I [drm:dsi_display_set_mode] [msm-dsi-info]: hactive= 2560,vactive= 1080,fps=60
01-01 09:04:19.470 0 0 I : [MAX975X:max96755x_drm_notifier_callback] *INFO* receives BLANK:UNBLANK
03-11 01:57:18.452 1530 1607 I DisplayDeviceRepository: Display device changed: DisplayDeviceInfo{"内置屏幕": uniqueId="local:4630946816427681409", 2560 x 1080, modeId 1, defaultModeId 1, supportedModes [{id=1, width=2560, height=1080, fps=60.000004, alternativeRefreshRates=[30.000002, 45.0]}, {id=2, width=2560, height=1080, fps=45.0, alternativeRefreshRates=[30.000002, 60.000004]}, {id=3, width=2560, height=1080, fps=30.000002, alternativeRefreshRates=[45.0, 60.000004]}], colorMode 0, supportedColorModes [0], hdrCapabilities HdrCapabilities{mSupportedHdrTypes=[2, 3, 4], mMaxLuminance=500.0, mMaxAverageLuminance=500.0, mMinLuminance=0.0}, allmSupported false, gameContentTypeSupported false, density 240, 320.315 x 318.976 dpi, appVsyncOff 1000000, presDeadline 16666666, touch INTERNAL, rotation 0, type INTERNAL, address {port=129, model=0x40446d97fee5e6}, deviceProductInfo DeviceProductInfo{name=, manufacturerPnpId=QCM, productId=1, modelYear=null, manufactureDate=ManufactureDate{week=27, year=2006}, connectionToSinkType=0}, state ON, frameRateOverride , brightnessMinimum 0.0, brightnessMaximum 1.0, brightnessDefault 1.0, FLAG_DEFAULT_DISPLAY, FLAG_ROTATES_WITH_CONTENT, FLAG_SECURE, FLAG_SUPPORTS_PROTECTED_BUFFERS}
01-01 09:04:19.665 0 0 I atmel_mxt_ts 0-004a: FB event:1,blank:0
01-01 09:04:19.665 0 0 I atmel_mxt_ts 0-004a: drm_notifier_callback: UNBLANK! Resume by drm notifier.
03-11 01:57:18.752 1530 1662 W FreeFormWindowHelper: Current Display FreeFormTask is null
03-11 01:57:18.752 1530 10835 W FreeFormWindowHelper: Current Display FreeFormTask is null
03-11 01:57:18.761 1530 10835 W FreeFormWindowHelper: Current Display FreeFormTask is null
03-11 01:57:18.761 1530 5963 W FreeFormWindowHelper: Current Display FreeFormTask is null
03-11 01:57:18.762 1530 10835 W FreeFormWindowHelper: Current Display FreeFormTask is null
03-11 01:57:18.762 1530 5963 W FreeFormWindowHelper: Current Display FreeFormTask is null
03-11 01:57:18.764 1530 10835 W ActivityTaskManager: getTaskSnapshot: taskId=-974 not found
03-11 01:57:18.764 1530 10835 W ActivityTaskManager: getTaskSnapshot: taskId=-974 not found
03-11 01:57:18.765 1530 10835 W ActivityTaskManager: getTaskSnapshot: taskId=-973 not found
03-11 01:57:18.765 1530 10835 W ActivityTaskManager: getTaskSnapshot: taskId=-973 not found
03-11 01:57:18.768 1530 10835 W FreeFormWindowHelper: Current Display FreeFormTask is null
03-11 01:57:18.768 1530 10835 W FreeFormWindowHelper: Current Display FreeFormTask is null
03-11 01:57:18.784 1530 4910 W FreeFormWindowHelper: Current Display FreeFormTask is null
03-11 01:57:18.785 1530 10835 W FreeFormWindowHelper: Current Display FreeFormTask is null
03-11 01:57:19.069 1530 10835 W FreeFormWindowHelper: Current Display FreeFormTask is null
03-11 01:57:19.069 1530 10835 W FreeFormWindowHelper: Current Display FreeFormTask is null
03-11 01:57:19.085 1530 10835 W FreeFormWindowHelper: Current Display FreeFormTask is null
03-11 01:57:19.085 1530 10835 W FreeFormWindowHelper: Current Display FreeFormTask is null
03-11 01:57:19.102 1530 8134 W FreeFormWindowHelper: Current Display FreeFormTask is null
03-11 01:57:19.102 1530 8134 W FreeFormWindowHelper: Current Display FreeFormTask is null
03-11 01:57:19.119 1530 10835 W FreeFormWindowHelper: Current Display FreeFormTask is null
03-11 01:57:19.119 1530 10835 W FreeFormWindowHelper: Current Display FreeFormTask is null
03-11 01:57:19.135 1530 10835 W FreeFormWindowHelper: Current Display FreeFormTask is null
03-11 01:57:19.136 1530 10835 W FreeFormWindowHelper: Current Display FreeFormTask is null
03-11 01:57:19.152 1530 10835 W FreeFormWindowHelper: Current Display FreeFormTask is null
03-11 01:57:19.152 1530 10835 W FreeFormWindowHelper: Current Display FreeFormTask is null
03-11 01:57:19.169 1530 8134 W FreeFormWindowHelper: Current Display FreeFormTask is null
03-11 01:57:19.169 1530 8134 W FreeFormWindowHelper: Current Display FreeFormTask is null
03-11 01:57:19.186 1530 5963 W FreeFormWindowHelper: Current Display FreeFormTask is null
03-11 01:57:19.186 1530 4316 W FreeFormWindowHelper: Current Display FreeFormTask is null
03-11 01:57:19.202 1530 2117 W FreeFormWindowHelper: Current Display FreeFormTask is null
03-11 01:57:19.202 1530 2117 W FreeFormWindowHelper: Current Display FreeFormTask is null
03-11 01:57:19.219 1530 2117 W FreeFormWindowHelper: Current Display FreeFormTask is null
03-11 01:57:19.219 1530 2117 W FreeFormWindowHelper: Current Display FreeFormTask is null
03-11 01:57:19.236 1530 4316 W FreeFormWindowHelper: Current Display FreeFormTask is null
03-11 01:57:19.236 1530 4316 W FreeFormWindowHelper: Current Display FreeFormTask is null
03-11 01:57:19.252 1530 2117 W FreeFormWindowHelper: Current Display FreeFormTask is null
03-11 01:57:19.252 1530 2117 W FreeFormWindowHelper: Current Display FreeFormTask is null
03-11 01:57:19.269 1530 5963 W FreeFormWindowHelper: Current Display FreeFormTask is null
03-11 01:57:19.269 1530 4910 W FreeFormWindowHelper: Current Display FreeFormTask is null
03-11 01:57:19.286 1530 2117 W FreeFormWindowHelper: Current Display FreeFormTask is null
03-11 01:57:19.286 1530 2117 W FreeFormWindowHelper: Current Display FreeFormTask is null
03-11 01:57:19.303 1530 8134 W FreeFormWindowHelper: Current Display FreeFormTask is null
03-11 01:57:19.303 1530 8134 W FreeFormWindowHelper: Current Display FreeFormTask is null
03-11 01:57:19.319 1530 5963 W FreeFormWindowHelper: Current Display FreeFormTask is null
03-11 01:57:19.319 1530 5963 W FreeFormWindowHelper: Current Display FreeFormTask is null
03-11 01:57:19.336 1530 4316 W FreeFormWindowHelper: Current Display FreeFormTask is null
03-11 01:57:19.336 1530 4316 W FreeFormWindowHelper: Current Display FreeFormTask is null
03-11 01:57:19.353 1530 4910 W FreeFormWindowHelper: Current Display FreeFormTask is null
03-11 01:57:19.353 1530 4910 W FreeFormWindowHelper: Current Display FreeFormTask is null
03-11 01:57:19.370 1530 4316 W FreeFormWindowHelper: Current Display FreeFormTask is null
03-11 01:57:19.370 1530 4316 W FreeFormWindowHelper: Current Display FreeFormTask is null
03-11 01:57:19.370 1530 5963 W FreeFormWindowHelper: Current Display FreeFormTask is null
03-11 01:57:19.377 1530 5963 W FreeFormWindowHelper: Current Display FreeFormTask is null
03-11 01:57:19.377 1530 5963 W FreeFormWindowHelper: Current Display FreeFormTask is null
03-11 01:57:19.917 1530 2117 I ActivityTaskManager: FOREGROUND_APPLICATION_CHANGED to com.android.settings.homepage.SettingsHomepageActivity
03-11 01:57:20.020 1530 8134 W FreeFormWindowHelper: Current Display FreeFormTask is null
03-11 01:57:20.292 1530 1662 W FreeFormWindowHelper: exitRecentTasks type=0
01-01 09:04:22.840 0 0 E DTC_ETH,link_delay_work_func: 3003, SQI=0, link=0
03-11 01:57:22.920 1530 2750 E TaskPersister: File error accessing recents directory (directory doesn't exist?).
03-11 01:57:24.523 1530 1614 I DropBoxManagerService: add tag=system_server_wtf isTagEnabled=true flags=0x2
03-11 01:57:24.523 1530 1607 I ActivityManager: Killing 20236:com.tencent.tmgp.sgame/u0a93 (adj 700): remove task
03-11 01:57:24.524 1530 2750 E TaskPersister: File error accessing recents directory (directory doesn't exist?).
03-11 01:57:24.525 1530 1662 I ActivityManager: Killing 20267:com.tencent.tmgp.sgame:xg_vip_service/u0a93 (adj 500): remove task
03-11 01:57:24.526 1530 5963 W FreeFormWindowHelper: Current Display FreeFormTask is null
03-11 01:57:24.527 1530 1614 I DropBoxManagerService: add tag=system_server_wtf isTagEnabled=true flags=0x2
03-11 01:57:24.535 1530 5963 W ActivityManager: Scheduling restart of crashed service com.tencent.tmgp.sgame/com.tencent.android.tpush.service.XGVipPushService in 1000ms for connection
03-11 01:57:24.623 1530 6113 W FreeFormWindowHelper: Current Display FreeFormTask is null
03-11 01:57:24.669 1530 2109 I WindowManager: WIN DEATH: Window{1e586b5 u0 com.tencent.tmgp.sgame/com.tencent.tmgp.sgame.SGameActivity}
03-11 01:57:24.672 1530 1608 W ActivityTaskManager: Can't find TaskDisplayArea to determine support for multi window. Task id=52 attached=false
03-11 01:57:24.672 1530 1608 W ActivityTaskManager: Can't find TaskDisplayArea to determine support for multi window. Task id=52 attached=false
03-11 01:57:24.673 1530 1607 W ActivityManager: setHasOverlayUi called on unknown pid: 20236
03-11 01:57:24.673 1530 1613 W UsageStatsService: Unexpected activity event reported! (com.tencent.tmgp.sgame/com.tencent.tmgp.sgame.SGameActivity event : 23 instanceId : 147075093)
03-11 01:57:25.724 1530 5963 W FreeFormWindowHelper: Current Display FreeFormTask is null
03-11 01:57:25.725 1530 5963 W FreeFormWindowHelper: Current Display FreeFormTask is null
03-11 01:57:25.726 1530 5963 W FreeFormWindowHelper: Current Display FreeFormTask is null
03-11 01:57:25.727 1530 5963 W FreeFormWindowHelper: Current Display FreeFormTask is null
03-11 01:57:25.727 1530 5963 W FreeFormWindowHelper: Current Display FreeFormTask is null
03-11 01:57:25.737 1530 2081 W ActivityTaskManager: getTaskSnapshot: taskId=-11 not found
03-11 01:57:25.738 1530 1662 W FreeFormWindowHelper: Current Display FreeFormTask is null
03-11 01:57:25.738 1530 1662 W FreeFormWindowHelper: Current Display FreeFormTask is null
03-11 01:57:25.738 1530 2081 W ActivityTaskManager: getTaskSnapshot: taskId=-11 not found
03-11 01:57:25.738 1530 2081 W ActivityTaskManager: getTaskSnapshot: taskId=-11 not found
03-11 01:57:25.738 1530 2081 W ActivityTaskManager: getTaskSnapshot: taskId=-11 not found
03-11 01:57:25.741 1530 1662 W FreeFormWindowHelper: Current Display FreeFormTask is null
03-11 01:57:25.742 1530 1662 W FreeFormWindowHelper: Current Display FreeFormTask is null
03-11 01:57:25.743 1530 1662 W ActivityTaskManager: getTaskSnapshot: taskId=-994 not found
03-11 01:57:25.745 1530 1662 W ActivityTaskManager: getTaskSnapshot: taskId=-994 not found
03-11 01:57:25.745 1530 1662 W ActivityTaskManager: getTaskSnapshot: taskId=-994 not found
03-11 01:57:25.745 1530 1662 W ActivityTaskManager: getTaskSnapshot: taskId=-994 not found
03-11 01:57:25.745 1530 1662 W ActivityTaskManager: getTaskSnapshot: taskId=-994 not found
03-11 01:57:25.751 1530 2081 W FreeFormWindowHelper: Current Display FreeFormTask is null
03-11 01:57:25.751 1530 2081 W FreeFormWindowHelper: Current Display FreeFormTask is null
03-11 01:57:25.767 1530 2081 W FreeFormWindowHelper: Current Display FreeFormTask is null
03-11 01:57:25.767 1530 5963 W FreeFormWindowHelper: Current Display FreeFormTask is null
03-11 01:57:25.851 1530 2081 W FreeFormWindowHelper: exitRecentTasks type=0
03-11 01:57:25.854 1530 1662 W FreeFormWindowHelper: Current Display FreeFormTask is null
03-11 01:57:25.854 1530 11635 W FreeFormWindowHelper: Current Display FreeFormTask is null
03-11 01:57:26.488 1530 5963 W FreeFormWindowHelper: Current Display FreeFormTask is null
03-11 01:57:26.488 1530 5963 W FreeFormWindowHelper: Current Display FreeFormTask is null
03-11 01:57:26.491 1530 5963 I ActivityTaskManager: FOREGROUND_APPLICATION_CHANGED to com.android.launcher3.uioverrides.QuickstepLauncher
03-11 01:57:26.595 1530 9804 W FreeFormWindowHelper: Current Display FreeFormTask is null
01-01 09:04:27.960 0 0 E DTC_ETH,link_delay_work_func: 3003, SQI=0, link=0
03-11 01:57:27.173 1530 1662 I thunderperf: PlatormCompat.setOverrides: Uid1=10075 Pid1=2553 Uid2=10075 Pid2=2553
03-11 01:57:27.173 1530 1662 I thunderperf: PlatormCompat.setOverrides: needCheck:false
03-11 01:57:27.173 1530 1662 I thunderperf: CompatConfig.addOverrideUnsafe: bef-state=1
03-11 01:57:27.173 1530 1662 I thunderperf: CompatConfig.addOverrideUnsafe: aft-state=0
03-11 01:57:27.173 1530 1662 I thunderperf: CompatConfig.addOverrideUnsafe: bef-state=1
03-11 01:57:27.173 1530 1662 I thunderperf: CompatConfig.addOverrideUnsafe: aft-state=0
03-11 01:57:27.173 1530 1662 I thunderperf: CompatConfig.addOverrideUnsafe: bef-state=1
03-11 01:57:27.173 1530 1662 I thunderperf: CompatConfig.addOverrideUnsafe: aft-state=0
03-11 01:57:27.174 1530 1662 I thunderperf: CompatConfig.addOverrideUnsafe: bef-state=1
03-11 01:57:27.174 1530 1662 I thunderperf: CompatConfig.addOverrideUnsafe: aft-state=0
03-11 01:57:27.174 1530 1662 I thunderperf: CompatConfig.addOverrideUnsafe: bef-state=1
03-11 01:57:27.174 1530 1662 I thunderperf: CompatConfig.addOverrideUnsafe: aft-state=0
03-11 01:57:27.174 1530 1662 I thunderperf: CompatConfig.addOverrideUnsafe: bef-state=1
03-11 01:57:27.174 1530 1662 I thunderperf: CompatConfig.addOverrideUnsafe: aft-state=0
03-11 01:57:27.174 1530 1662 I thunderperf: CompatConfig.addOverrideUnsafe: bef-state=1
03-11 01:57:27.175 1530 1662 I thunderperf: CompatConfig.addOverrideUnsafe: aft-state=0
03-11 01:57:27.175 1530 1662 I thunderperf: CompatConfig.addOverrideUnsafe: bef-state=1
03-11 01:57:27.175 1530 1662 I thunderperf: CompatConfig.addOverrideUnsafe: aft-state=0
03-11 01:57:27.175 1530 1662 I thunderperf: CompatConfig.addOverrideUnsafe: bef-state=1
03-11 01:57:27.175 1530 1662 I thunderperf: CompatConfig.addOverrideUnsafe: aft-state=0
03-11 01:57:27.175 1530 1662 I thunderperf: CompatConfig.addOverrideUnsafe: bef-state=1
03-11 01:57:27.175 1530 1662 I thunderperf: CompatConfig.addOverrideUnsafe: aft-state=0
03-11 01:57:27.176 1530 1662 I thunderperf: CompatConfig.addOverrideUnsafe: bef-state=1
03-11 01:57:27.176 1530 1662 I thunderperf: CompatConfig.addOverrideUnsafe: aft-state=0
03-11 01:57:27.176 1530 1662 I thunderperf: CompatConfig.addOverrideUnsafe: bef-state=1
03-11 01:57:27.176 1530 1662 I thunderperf: CompatConfig.addOverrideUnsafe: aft-state=0
03-11 01:57:27.176 1530 1662 I thunderperf: CompatConfig.addOverrideUnsafe: bef-state=1
03-11 01:57:27.176 1530 1662 I thunderperf: CompatConfig.addOverrideUnsafe: aft-state=0
03-11 01:57:27.176 1530 1662 I thunderperf: CompatConfig.addOverrideUnsafe: bef-state=1
03-11 01:57:27.176 1530 1662 I thunderperf: CompatConfig.addOverrideUnsafe: aft-state=0
03-11 01:57:27.177 1530 1662 I ActivityTaskManager: START u0 {act=android.intent.action.MAIN cat=[android.intent.category.LAUNCHER] flg=0x10200000 cmp=com.tencent.tmgp.sgame/.SGameActivity bnds=[1017,120][1319,402]} from uid 10075
03-11 01:57:27.179 1530 1662 W ActivityTaskManager: Can't find TaskDisplayArea to determine support for multi window. Task id=53 attached=false
03-11 01:57:27.180 1530 1662 D CompatibilityChangeReporter: Compat change id reported: 174042980; UID 10093; state: DISABLED
03-11 01:57:27.180 1530 1662 D CompatibilityChangeReporter: Compat change id reported: 184838306; UID 10093; state: DISABLED
03-11 01:57:27.180 1530 1662 D CompatibilityChangeReporter: Compat change id reported: 185004937; UID 10093; state: DISABLED
