01-01 08:50:15.592 0 0 I [schedu][0x9c21faeb8][01:43:14.546592] wlan: [3444:I:WMA] ============================================================================================================================
01-01 08:50:15.592 0 0 I [schedu][0x9c21fb0fc][01:43:14.546623] wlan: [3444:I:WMA] d6:44:3b:15:39:91 [01:43:14.490000] 2412 P_AP 0 76/0 0/0 1557 0 0 [00:00:00.000000] 0
01-01 08:50:15.592 0 0 I [schedu][0x9c21fb2d3][01:43:14.546647] wlan: [3444:I:WMA] [01:43:14.545000] [ROAM_RESULT]: VDEV[0] FAILED Reason: NO AP FOUND
03-11 01:43:16.583 1530 1630 I PowerManagerService: Napping display group (groupId=0, uid=1000)...
03-11 01:43:16.583 1530 1630 I PowerManagerService: Nap time (uid 1000)...
03-11 01:43:16.585 1530 1630 I DreamManagerService: Entering dreamland.
03-11 01:43:16.587 1530 1630 I PowerManagerService: Dreaming...
03-11 01:43:16.591 1530 1604 I DreamController: Starting dream: name=ComponentInfo{com.thundercomm.screensaver/com.thundercomm.screensaver.service.SystemDream}, isTest=false, canDoze=false, userId=0
03-11 01:43:16.602 1530 8841 I ActivityTaskManager: START u0 {flg=0x10000000 pkg=com.thundercomm.screensaver cmp=com.thundercomm.screensaver/android.service.dreams.DreamActivity (has extras)} from uid 10047
03-11 01:43:16.605 1530 8841 W ActivityTaskManager: Can't find TaskDisplayArea to determine support for multi window. Task id=37 attached=false
03-11 01:43:16.613 1530 8841 I ActivityTaskManager: FOREGROUND_APPLICATION_CHANGED to android.service.dreams.DreamActivity
03-11 01:43:16.614 1530 8841 I ActivityTaskManager: The Process com.thundercomm.screensaver Already Exists in BG. So sending its PID: 3999
03-11 01:43:16.614 1530 8841 W ActivityTaskManager: Tried to set launchTime (0) < mLastActivityLaunchTime (1988166)
03-11 01:43:16.624 1530 2906 W WindowManager: Failed looking up window session=Session{8507c92 3999:u0a10047} callers=com.android.server.wm.WindowManagerService.windowForClientLocked:5628 com.android.server.wm.Session.insetsModified:629 android.view.IWindowSession$Stub.onTransact:1151
03-11 01:43:16.645 1530 1630 V DisplayPowerController[0]: Brightness [1.0] reason changing to: 'manual', previous reason: 'manual [ dim ]'.
03-11 01:43:16.648 1530 1888 E DisplayDeviceConfig: requesting nits when no mapping exists.
03-11 01:43:16.648 1530 1888 E DisplayDeviceConfig: requesting nits when no mapping exists.
03-11 01:43:16.663 1530 1888 E DisplayDeviceConfig: requesting nits when no mapping exists.
03-11 01:43:16.664 1530 1888 E DisplayDeviceConfig: requesting nits when no mapping exists.
03-11 01:43:16.680 1530 1888 E DisplayDeviceConfig: requesting nits when no mapping exists.
03-11 01:43:16.680 1530 1888 E DisplayDeviceConfig: requesting nits when no mapping exists.
03-11 01:43:16.698 1530 1888 E DisplayDeviceConfig: requesting nits when no mapping exists.
03-11 01:43:16.698 1530 1888 E DisplayDeviceConfig: requesting nits when no mapping exists.
03-11 01:43:16.714 1530 1888 E DisplayDeviceConfig: requesting nits when no mapping exists.
03-11 01:43:16.714 1530 1888 E DisplayDeviceConfig: requesting nits when no mapping exists.
03-11 01:43:16.717 1530 13170 W FreeFormWindowHelper: Current Display FreeFormTask is null
03-11 01:43:16.730 1530 1888 E DisplayDeviceConfig: requesting nits when no mapping exists.
03-11 01:43:16.731 1530 1888 E DisplayDeviceConfig: requesting nits when no mapping exists.
03-11 01:43:16.747 1530 1888 E DisplayDeviceConfig: requesting nits when no mapping exists.
03-11 01:43:16.748 1530 1888 E DisplayDeviceConfig: requesting nits when no mapping exists.
03-11 01:43:16.764 1530 1888 E DisplayDeviceConfig: requesting nits when no mapping exists.
03-11 01:43:16.764 1530 1888 E DisplayDeviceConfig: requesting nits when no mapping exists.
03-11 01:43:16.780 1530 1888 E DisplayDeviceConfig: requesting nits when no mapping exists.
03-11 01:43:16.781 1530 1888 E DisplayDeviceConfig: requesting nits when no mapping exists.
03-11 01:43:16.798 1530 1888 E DisplayDeviceConfig: requesting nits when no mapping exists.
03-11 01:43:16.798 1530 1888 E DisplayDeviceConfig: requesting nits when no mapping exists.
03-11 01:43:16.815 1530 1888 E DisplayDeviceConfig: requesting nits when no mapping exists.
03-11 01:43:16.815 1530 1888 E DisplayDeviceConfig: requesting nits when no mapping exists.
03-11 01:43:16.831 1530 1888 E DisplayDeviceConfig: requesting nits when no mapping exists.
03-11 01:43:16.832 1530 1888 E DisplayDeviceConfig: requesting nits when no mapping exists.
03-11 01:43:16.847 1530 1888 E DisplayDeviceConfig: requesting nits when no mapping exists.
03-11 01:43:16.847 1530 1888 E DisplayDeviceConfig: requesting nits when no mapping exists.
03-11 01:43:16.864 1530 1888 E DisplayDeviceConfig: requesting nits when no mapping exists.
03-11 01:43:16.864 1530 1888 E DisplayDeviceConfig: requesting nits when no mapping exists.
03-11 01:43:16.881 1530 1888 E DisplayDeviceConfig: requesting nits when no mapping exists.
03-11 01:43:16.881 1530 1888 E DisplayDeviceConfig: requesting nits when no mapping exists.
03-11 01:43:16.897 1530 1888 E DisplayDeviceConfig: requesting nits when no mapping exists.
03-11 01:43:16.897 1530 1888 E DisplayDeviceConfig: requesting nits when no mapping exists.
03-11 01:43:16.914 1530 1888 E DisplayDeviceConfig: requesting nits when no mapping exists.
03-11 01:43:16.914 1530 1888 E DisplayDeviceConfig: requesting nits when no mapping exists.
03-11 01:43:16.931 1530 1888 E DisplayDeviceConfig: requesting nits when no mapping exists.
03-11 01:43:16.933 1530 1888 E DisplayDeviceConfig: requesting nits when no mapping exists.
03-11 01:43:16.948 1530 1888 E DisplayDeviceConfig: requesting nits when no mapping exists.
03-11 01:43:16.948 1530 1888 E DisplayDeviceConfig: requesting nits when no mapping exists.
03-11 01:43:16.964 1530 1888 E DisplayDeviceConfig: requesting nits when no mapping exists.
03-11 01:43:16.964 1530 1888 E DisplayDeviceConfig: requesting nits when no mapping exists.
03-11 01:43:16.981 1530 1888 E DisplayDeviceConfig: requesting nits when no mapping exists.
03-11 01:43:16.981 1530 1888 E DisplayDeviceConfig: requesting nits when no mapping exists.
01-01 08:50:18.040 0 0 E DTC_ETH,link_delay_work_func: 3003, SQI=0, link=0
03-11 01:43:16.998 1530 1888 E DisplayDeviceConfig: requesting nits when no mapping exists.
03-11 01:43:16.998 1530 1888 E DisplayDeviceConfig: requesting nits when no mapping exists.
03-11 01:43:17.012 1530 1888 E DisplayDeviceConfig: requesting nits when no mapping exists.
03-11 01:43:17.012 1530 1888 E DisplayDeviceConfig: requesting nits when no mapping exists.
03-11 01:43:17.029 1530 1888 E DisplayDeviceConfig: requesting nits when no mapping exists.
03-11 01:43:17.029 1530 1888 E DisplayDeviceConfig: requesting nits when no mapping exists.
03-11 01:43:17.045 1530 1888 E DisplayDeviceConfig: requesting nits when no mapping exists.
03-11 01:43:17.046 1530 1888 E DisplayDeviceConfig: requesting nits when no mapping exists.
03-11 01:43:17.062 1530 1888 E DisplayDeviceConfig: requesting nits when no mapping exists.
03-11 01:43:17.062 1530 1888 E DisplayDeviceConfig: requesting nits when no mapping exists.
03-11 01:43:17.079 1530 1888 E DisplayDeviceConfig: requesting nits when no mapping exists.
03-11 01:43:17.079 1530 1888 E DisplayDeviceConfig: requesting nits when no mapping exists.
03-11 01:43:17.095 1530 1888 E DisplayDeviceConfig: requesting nits when no mapping exists.
03-11 01:43:17.096 1530 1888 E DisplayDeviceConfig: requesting nits when no mapping exists.
03-11 01:43:17.112 1530 1888 E DisplayDeviceConfig: requesting nits when no mapping exists.
03-11 01:43:17.112 1530 1888 E DisplayDeviceConfig: requesting nits when no mapping exists.
03-11 01:43:17.129 1530 1888 E DisplayDeviceConfig: requesting nits when no mapping exists.
03-11 01:43:17.129 1530 1888 E DisplayDeviceConfig: requesting nits when no mapping exists.
03-11 01:43:17.146 1530 1888 E DisplayDeviceConfig: requesting nits when no mapping exists.
03-11 01:43:17.146 1530 1888 E DisplayDeviceConfig: requesting nits when no mapping exists.
03-11 01:43:17.162 1530 1888 E DisplayDeviceConfig: requesting nits when no mapping exists.
03-11 01:43:17.162 1530 1888 E DisplayDeviceConfig: requesting nits when no mapping exists.
03-11 01:43:17.179 1530 1888 E DisplayDeviceConfig: requesting nits when no mapping exists.
03-11 01:43:17.179 1530 1888 E DisplayDeviceConfig: requesting nits when no mapping exists.
03-11 01:43:17.196 1530 1888 E DisplayDeviceConfig: requesting nits when no mapping exists.
03-11 01:43:17.196 1530 1888 E DisplayDeviceConfig: requesting nits when no mapping exists.
03-11 01:43:17.212 1530 1888 E DisplayDeviceConfig: requesting nits when no mapping exists.
03-11 01:43:17.213 1530 1888 E DisplayDeviceConfig: requesting nits when no mapping exists.
03-11 01:43:17.229 1530 1888 E DisplayDeviceConfig: requesting nits when no mapping exists.
03-11 01:43:17.229 1530 1888 E DisplayDeviceConfig: requesting nits when no mapping exists.
03-11 01:43:17.246 1530 1888 E DisplayDeviceConfig: requesting nits when no mapping exists.
03-11 01:43:17.246 1530 1888 E DisplayDeviceConfig: requesting nits when no mapping exists.
03-11 01:43:17.263 1530 1888 E DisplayDeviceConfig: requesting nits when no mapping exists.
03-11 01:43:17.263 1530 1888 E DisplayDeviceConfig: requesting nits when no mapping exists.
03-11 01:43:17.279 1530 1888 E DisplayDeviceConfig: requesting nits when no mapping exists.
03-11 01:43:17.279 1530 1888 E DisplayDeviceConfig: requesting nits when no mapping exists.
03-11 01:43:17.296 1530 1888 E DisplayDeviceConfig: requesting nits when no mapping exists.
03-11 01:43:17.296 1530 1888 E DisplayDeviceConfig: requesting nits when no mapping exists.
03-11 01:43:17.313 1530 1888 E DisplayDeviceConfig: requesting nits when no mapping exists.
03-11 01:43:17.313 1530 1888 E DisplayDeviceConfig: requesting nits when no mapping exists.
03-11 01:43:17.329 1530 1888 E DisplayDeviceConfig: requesting nits when no mapping exists.
03-11 01:43:17.330 1530 1888 E DisplayDeviceConfig: requesting nits when no mapping exists.
03-11 01:43:17.346 1530 1888 E DisplayDeviceConfig: requesting nits when no mapping exists.
03-11 01:43:17.346 1530 1888 E DisplayDeviceConfig: requesting nits when no mapping exists.
03-11 01:43:17.363 1530 1888 E DisplayDeviceConfig: requesting nits when no mapping exists.
03-11 01:43:17.363 1530 1888 E DisplayDeviceConfig: requesting nits when no mapping exists.
03-11 01:43:17.379 1530 1888 E DisplayDeviceConfig: requesting nits when no mapping exists.
03-11 01:43:17.380 1530 1888 E DisplayDeviceConfig: requesting nits when no mapping exists.
03-11 01:43:17.396 1530 1888 E DisplayDeviceConfig: requesting nits when no mapping exists.
03-11 01:43:17.396 1530 1888 E DisplayDeviceConfig: requesting nits when no mapping exists.
03-11 01:43:17.413 1530 1888 E DisplayDeviceConfig: requesting nits when no mapping exists.
03-11 01:43:17.413 1530 1888 E DisplayDeviceConfig: requesting nits when no mapping exists.
03-11 01:43:17.430 1530 1888 E DisplayDeviceConfig: requesting nits when no mapping exists.
03-11 01:43:17.430 1530 1888 E DisplayDeviceConfig: requesting nits when no mapping exists.
03-11 01:43:17.446 1530 1888 E DisplayDeviceConfig: requesting nits when no mapping exists.
03-11 01:43:17.447 1530 1888 E DisplayDeviceConfig: requesting nits when no mapping exists.
03-11 01:43:17.463 1530 1888 E DisplayDeviceConfig: requesting nits when no mapping exists.
03-11 01:43:17.463 1530 1888 E DisplayDeviceConfig: requesting nits when no mapping exists.
03-11 01:43:17.480 1530 1888 E DisplayDeviceConfig: requesting nits when no mapping exists.
03-11 01:43:17.480 1530 1888 E DisplayDeviceConfig: requesting nits when no mapping exists.
03-11 01:43:17.496 1530 1888 E DisplayDeviceConfig: requesting nits when no mapping exists.
03-11 01:43:17.497 1530 1888 E DisplayDeviceConfig: requesting nits when no mapping exists.
03-11 01:43:17.513 1530 1888 E DisplayDeviceConfig: requesting nits when no mapping exists.
03-11 01:43:17.513 1530 1888 E DisplayDeviceConfig: requesting nits when no mapping exists.
03-11 01:43:17.530 1530 1888 E DisplayDeviceConfig: requesting nits when no mapping exists.
03-11 01:43:17.530 1530 1888 E DisplayDeviceConfig: requesting nits when no mapping exists.
03-11 01:43:17.547 1530 1888 E DisplayDeviceConfig: requesting nits when no mapping exists.
03-11 01:43:17.547 1530 1888 E DisplayDeviceConfig: requesting nits when no mapping exists.
03-11 01:43:17.563 1530 1888 E DisplayDeviceConfig: requesting nits when no mapping exists.
03-11 01:43:17.563 1530 1888 E DisplayDeviceConfig: requesting nits when no mapping exists.
03-11 01:43:17.580 1530 1888 E DisplayDeviceConfig: requesting nits when no mapping exists.
03-11 01:43:17.580 1530 1888 E DisplayDeviceConfig: requesting nits when no mapping exists.
03-11 01:43:17.597 1530 1888 E DisplayDeviceConfig: requesting nits when no mapping exists.
03-11 01:43:17.597 1530 1888 E DisplayDeviceConfig: requesting nits when no mapping exists.
01-01 08:50:19.070 0 0 I [schedu][0x9c61ac70d][01:43:18.025104] wlan: [3444:I:WMA] [01:43:14.552000] [ROAM_TRIGGER]: VDEV[0] Reason: "LOW RSSI" Sub-Reason: FULL SCAN Cur_Rssi threshold:81 Current AP RSSI: 76
01-01 08:50:19.070 0 0 I [schedu][0x9c61ac7a1][01:43:18.025111] wlan: [3444:I:WMA] [01:43:14.552000] [ROAM_SCAN]: VDEV[0] Scan_type: FULL next_rssi_threshold: 81 dBm
01-01 08:50:19.070 0 0 I [schedu][0x9c61ac7e1][01:43:18.025115] wlan: [3444:I:WMA] ============================================================================================================================
01-01 08:50:19.070 0 0 I [schedu][0x9c61ac83b][01:43:18.025119] wlan: [3444:I:WMA] AP BSSID TSTAMP CH TY ETP RSSI/SCR CU%/SCR TOT_SCR BL_RSN BL_SRC BL_TSTAMP BL_TIMEOUT(ms)
01-01 08:50:19.070 0 0 I [schedu][0x9c61ac8c4][01:43:18.025126] wlan: [3444:I:WMA] ============================================================================================================================
01-01 08:50:19.070 0 0 I [schedu][0x9c61ac92c][01:43:18.025132] wlan: [3444:I:WMA] d6:44:3b:15:39:91 [01:43:14.552000] 2412 P_AP 0 76/0 0/0 1557 0 0 [00:00:00.000000] 0
01-01 08:50:19.070 0 0 I [schedu][0x9c61ac966][01:43:18.025135] wlan: [3444:I:WMA] [01:43:18.024000] [ROAM_RESULT]: VDEV[0] FAILED Reason: NO AP FOUND
01-01 08:50:23.161 0 0 E DTC_ETH,link_delay_work_func: 3003, SQI=0, link=0
01-01 08:50:28.281 0 0 E DTC_ETH,link_delay_work_func: 3003, SQI=0, link=0
01-01 08:50:33.406 0 0 E DTC_ETH,link_delay_work_func: 3003, SQI=0, link=0
01-01 08:50:38.520 0 0 E DTC_ETH,link_delay_work_func: 3003, SQI=0, link=0
01-01 08:50:43.641 0 0 E DTC_ETH,link_delay_work_func: 3003, SQI=0, link=0
01-01 08:50:48.761 0 0 E DTC_ETH,link_delay_work_func: 3003, SQI=0, link=0
01-01 08:50:53.881 0 0 E DTC_ETH,link_delay_work_func: 3003, SQI=0, link=0
01-01 08:50:59.001 0 0 E DTC_ETH,link_delay_work_func: 3003, SQI=0, link=0
01-01 08:51:04.125 0 0 E DTC_ETH,link_delay_work_func: 3003, SQI=0, link=0
01-01 08:51:09.241 0 0 E DTC_ETH,link_delay_work_func: 3003, SQI=0, link=0
03-11 01:44:09.412 1530 1614 W ActivityManager: Stopping service due to app idle: u0a93 -2m0s115ms com.tencent.tmgp.sgame/com.tencent.android.tpush.service.XGVipPushService
03-11 01:44:09.412 1530 1614 W ActivityManager: Stopping service due to app idle: u0a93 -2m0s72ms com.tencent.tmgp.sgame/com.tencent.tpns.mqttchannel.services.MqttService
01-01 08:51:14.361 0 0 E DTC_ETH,link_delay_work_func: 3003, SQI=0, link=0
01-01 08:51:17.457 0 0 I [schedu][0xa08ec4a7e][01:44:16.411923] wlan: [3444:I:WMA] [01:44:16.353000] [ROAM_TRIGGER]: VDEV[0] Reason: "LOW RSSI" Cur_Rssi threshold:81 Current AP RSSI: 77
01-01 08:51:17.457 0 0 I [schedu][0xa08ec4d0e][01:44:16.411957] wlan: [3444:I:WMA] [01:44:16.353000] [ROAM_SCAN]: VDEV[0] Scan_type: PARTIAL next_rssi_threshold: 81 dBm {2412 }
01-01 08:51:17.457 0 0 I [schedu][0xa08ec4e28][01:44:16.411972] wlan: [3444:I:WMA] ============================================================================================================================
01-01 08:51:17.457 0 0 I [schedu][0xa08ec4fb5][01:44:16.411992] wlan: [3444:I:WMA] AP BSSID TSTAMP CH TY ETP RSSI/SCR CU%/SCR TOT_SCR BL_RSN BL_SRC BL_TSTAMP BL_TIMEOUT(ms)
01-01 08:51:17.457 0 0 I [schedu][0xa08ec50cd][01:44:16.412007] wlan: [3444:I:WMA] ============================================================================================================================
01-01 08:51:17.457 0 0 I [schedu][0xa08ec52ba][01:44:16.412033] wlan: [3444:I:WMA] d6:44:3b:15:39:91 [01:44:16.353000] 2412 P_AP 0 77/0 0/0 1557 0 0 [00:00:00.000000] 0
01-01 08:51:17.457 0 0 I [schedu][0xa08ec5778][01:44:16.412096] wlan: [3444:I:WMA] [01:44:16.409000] [ROAM_RESULT]: VDEV[0] FAILED Reason: NO AP FOUND
01-01 08:51:19.481 0 0 E DTC_ETH,link_delay_work_func: 3003, SQI=0, link=0
01-01 08:51:21.028 0 0 I [schedu][0xa0d02843a][01:44:19.983040] wlan: [3444:I:WMA] [01:44:16.417000] [ROAM_TRIGGER]: VDEV[0] Reason: "LOW RSSI" Sub-Reason: FULL SCAN Cur_Rssi threshold:87 Current AP RSSI: 82
01-01 08:51:21.028 0 0 I [schedu][0xa0d029038][01:44:19.983199] wlan: [3444:I:WMA] [01:44:16.417000] [ROAM_SCAN]: VDEV[0] Scan_type: FULL next_rssi_threshold: 87 dBm
01-01 08:51:21.028 0 0 I [schedu][0xa0d0294ee][01:44:19.983262] wlan: [3444:I:WMA] ============================================================================================================================
01-01 08:51:21.028 0 0 I [schedu][0xa0d02999d][01:44:19.983324] wlan: [3444:I:WMA] AP BSSID TSTAMP CH TY ETP RSSI/SCR CU%/SCR TOT_SCR BL_RSN BL_SRC BL_TSTAMP BL_TIMEOUT(ms)
01-01 08:51:21.028 0 0 I [schedu][0xa0d029b41][01:44:19.983346] wlan: [3444:I:WMA] ============================================================================================================================
01-01 08:51:21.028 0 0 I [schedu][0xa0d029d77][01:44:19.983376] wlan: [3444:I:WMA] d6:44:3b:15:39:91 [01:44:16.417000] 2412 P_AP 0 77/0 0/0 1557 0 0 [00:00:00.000000] 0
01-01 08:51:21.028 0 0 I [schedu][0xa0d029f51][01:44:19.983400] wlan: [3444:I:WMA] [01:44:19.980000] [ROAM_RESULT]: VDEV[0] FAILED Reason: NO AP FOUND
01-01 08:51:24.602 0 0 E DTC_ETH,link_delay_work_func: 3003, SQI=0, link=0
01-01 08:51:29.721 0 0 E DTC_ETH,link_delay_work_func: 3003, SQI=0, link=0
01-01 08:51:34.841 0 0 E DTC_ETH,link_delay_work_func: 3003, SQI=0, link=0
01-01 08:51:39.961 0 0 E DTC_ETH,link_delay_work_func: 3003, SQI=0, link=0
01-01 08:51:45.081 0 0 E DTC_ETH,link_delay_work_func: 3003, SQI=0, link=0
01-01 08:51:50.200 0 0 E DTC_ETH,link_delay_work_func: 3003, SQI=0, link=0
01-01 08:51:54.433 0 0 I [schedu][0xa333d1045][01:44:53.387787] wlan: [3444:I:WMA] [01:44:53.329000] [ROAM_TRIGGER]: VDEV[0] Reason: "LOW RSSI" Cur_Rssi threshold:87 Current AP RSSI: 77
01-01 08:51:54.433 0 0 I [schedu][0xa333d1379][01:44:53.387829] wlan: [3444:I:WMA] [01:44:53.329000] [ROAM_SCAN]: VDEV[0] Scan_type: PARTIAL next_rssi_threshold: 81 dBm {2412 }
01-01 08:51:54.433 0 0 I [schedu][0xa333d14b6][01:44:53.387846] wlan: [3444:I:WMA] ============================================================================================================================
01-01 08:51:54.433 0 0 I [schedu][0xa333d166c][01:44:53.387868] wlan: [3444:I:WMA] AP BSSID TSTAMP CH TY ETP RSSI/SCR CU%/SCR TOT_SCR BL_RSN BL_SRC BL_TSTAMP BL_TIMEOUT(ms)
01-01 08:51:54.433 0 0 I [schedu][0xa333d17a7][01:44:53.387885] wlan: [3444:I:WMA] ============================================================================================================================
01-01 08:51:54.433 0 0 I [schedu][0xa333d19c0][01:44:53.387913] wlan: [3444:I:WMA] d6:44:3b:15:39:91 [01:44:53.329000] 2412 P_AP 0 77/0 0/0 1557 0 0 [00:00:00.000000] 0
01-01 08:51:54.433 0 0 I [schedu][0xa333d1b91][01:44:53.387937] wlan: [3444:I:WMA] [01:44:53.384000] [ROAM_RESULT]: VDEV[0] FAILED Reason: NO AP FOUND
01-01 08:51:55.321 0 0 E DTC_ETH,link_delay_work_func: 3003, SQI=0, link=0
01-01 08:51:58.195 0 0 I [schedu][0xa378b2901][01:44:57.149610] wlan: [3444:I:WMA] [01:44:53.391000] [ROAM_TRIGGER]: VDEV[0] Reason: "LOW RSSI" Sub-Reason: FULL SCAN Cur_Rssi threshold:81 Current AP RSSI: 77
01-01 08:51:58.195 0 0 I [schedu][0xa378b2c6e][01:44:57.149655] wlan: [3444:I:WMA] [01:44:53.391000] [ROAM_SCAN]: VDEV[0] Scan_type: FULL next_rssi_threshold: 82 dBm
01-01 08:51:58.195 0 0 I [schedu][0xa378b2dba][01:44:57.149673] wlan: [3444:I:WMA] ============================================================================================================================
01-01 08:51:58.195 0 0 I [schedu][0xa378b2f74][01:44:57.149696] wlan: [3444:I:WMA] AP BSSID TSTAMP CH TY ETP RSSI/SCR CU%/SCR TOT_SCR BL_RSN BL_SRC BL_TSTAMP BL_TIMEOUT(ms)
01-01 08:51:58.195 0 0 I [schedu][0xa378b30aa][01:44:57.149712] wlan: [3444:I:WMA] ============================================================================================================================
01-01 08:51:58.195 0 0 I [schedu][0xa378b358b][01:44:57.149777] wlan: [3444:I:WMA] d6:44:3b:15:39:91 [01:44:53.391000] 2412 P_AP 0 77/0 0/0 1557 0 0 [00:00:00.000000] 0
01-01 08:51:58.195 0 0 I [schedu][0xa378b3765][01:44:57.149801] wlan: [3444:I:WMA] [01:44:57.146000] [ROAM_RESULT]: VDEV[0] FAILED Reason: NO AP FOUND
01-01 08:52:00.441 0 0 E DTC_ETH,link_delay_work_func: 3003, SQI=0, link=0
01-01 08:52:05.561 0 0 E DTC_ETH,link_delay_work_func: 3003, SQI=0, link=0
01-01 08:52:10.681 0 0 E DTC_ETH,link_delay_work_func: 3003, SQI=0, link=0
01-01 08:52:15.801 0 0 E DTC_ETH,link_delay_work_func: 3003, SQI=0, link=0
01-01 08:52:17.354 0 0 I [schedu][0xa4d783de3][01:45:16.308929] wlan: [3444:I:WMA] [01:45:16.252000] [ROAM_TRIGGER]: VDEV[0] Reason: "LOW RSSI" Cur_Rssi threshold:87 Current AP RSSI: 82
01-01 08:52:17.354 0 0 I [schedu][0xa4d7840b2][01:45:16.308966] wlan: [3444:I:WMA] [01:45:16.252000] [ROAM_SCAN]: VDEV[0] Scan_type: PARTIAL next_rssi_threshold: 87 dBm {2412 }
01-01 08:52:17.354 0 0 I [schedu][0xa4d7841f1][01:45:16.308982] wlan: [3444:I:WMA] ============================================================================================================================
01-01 08:52:17.354 0 0 I [schedu][0xa4d7843bc][01:45:16.309006] wlan: [3444:I:WMA] AP BSSID TSTAMP CH TY ETP RSSI/SCR CU%/SCR TOT_SCR BL_RSN BL_SRC BL_TSTAMP BL_TIMEOUT(ms)
01-01 08:52:17.354 0 0 I [schedu][0xa4d7844f2][01:45:16.309022] wlan: [3444:I:WMA] ============================================================================================================================
01-01 08:52:17.354 0 0 I [schedu][0xa4d78491c][01:45:16.309078] wlan: [3444:I:WMA] d6:44:3b:15:39:91 [01:45:16.252000] 2412 P_AP 0 82/0 0/0 1005 0 0 [00:00:00.000000] 0
01-01 08:52:17.354 0 0 I [schedu][0xa4d784af0][01:45:16.309102] wlan: [3444:I:WMA] [01:45:16.308000] [ROAM_RESULT]: VDEV[0] FAILED Reason: NO AP FOUND
01-01 08:52:20.921 0 0 E DTC_ETH,link_delay_work_func: 3003, SQI=0, link=0
01-01 08:52:26.041 0 0 E DTC_ETH,link_delay_work_func: 3003, SQI=0, link=0
01-01 08:52:31.161 0 0 E DTC_ETH,link_delay_work_func: 3003, SQI=0, link=0
01-01 08:52:36.281 0 0 E DTC_ETH,link_delay_work_func: 3003, SQI=0, link=0
01-01 08:52:41.402 0 0 E DTC_ETH,link_delay_work_func: 3003, SQI=0, link=0
01-01 08:52:43.709 0 0 I qcom_rpmh DRV: apps_rsc TCS Busy, retrying RPMH message send: addr=0x40d00
01-01 08:52:46.520 0 0 E DTC_ETH,link_delay_work_func: 3003, SQI=0, link=0
01-01 08:52:51.641 0 0 E DTC_ETH,link_delay_work_func: 3003, SQI=0, link=0
01-01 08:52:56.760 0 0 E DTC_ETH,link_delay_work_func: 3003, SQI=0, link=0
01-01 08:53:01.881 0 0 E DTC_ETH,link_delay_work_func: 3003, SQI=0, link=0
01-01 08:53:07.001 0 0 E DTC_ETH,link_delay_work_func: 3003, SQI=0, link=0
01-01 08:53:12.121 0 0 E DTC_ETH,link_delay_work_func: 3003, SQI=0, link=0
01-01 08:53:17.241 0 0 E DTC_ETH,link_delay_work_func: 3003, SQI=0, link=0
01-01 08:53:22.361 0 0 E DTC_ETH,link_delay_work_func: 3003, SQI=0, link=0
03-11 01:46:21.833 1530 2110 I DreamManagerService: Gently waking up from dream.
03-11 01:46:21.834 1530 1604 I DreamManagerService: Performing gentle wake from dream.
03-11 01:46:21.836 1530 2110 I ActivityTaskManager: FOREGROUND_APPLICATION_CHANGED to com.android.launcher3.uioverrides.QuickstepLauncher
03-11 01:46:21.886 1530 1630 I PowerManagerService: Powering on display group fromDreaming (groupId=0, uid=1000, reason=WAKE_REASON_UNKNOWN, details=android.server.power:DREAM_FINISHED)...
03-11 01:46:21.886 1530 1630 I PowerManagerService: Waking up from Dreaming (uid=1000, reason=WAKE_REASON_UNKNOWN, details=android.server.power:DREAM_FINISHED)...
03-11 01:46:21.941 1530 13170 W FreeFormWindowHelper: Current Display FreeFormTask is null
03-11 01:46:22.152 1530 4506 I DreamManagerService: Leaving dreamland.
03-11 01:46:22.153 1530 1604 I DreamManagerService: Performing gentle wake from dream.
03-11 01:46:22.154 1530 1604 I DreamController: Stopping dream: name=ComponentInfo{com.thundercomm.screensaver/com.thundercomm.screensaver.service.SystemDream}, isTest=false, canDoze=false, userId=0, reason='finished self'(from 'finished self')
03-11 01:46:22.168 1530 1608 W ActivityTaskManager: Can't find TaskDisplayArea to determine support for multi window. Task id=37 attached=false
03-11 01:46:23.123 1530 4506 I thunderperf: PlatormCompat.setOverrides: Uid1=10075 Pid1=2553 Uid2=10075 Pid2=2553
03-11 01:46:23.123 1530 4506 I thunderperf: PlatormCompat.setOverrides: needCheck:false
03-11 01:46:23.124 1530 4506 I thunderperf: CompatConfig.addOverrideUnsafe: bef-state=1
03-11 01:46:23.124 1530 4506 I thunderperf: CompatConfig.addOverrideUnsafe: aft-state=0
03-11 01:46:23.125 1530 4506 I thunderperf: CompatConfig.addOverrideUnsafe: bef-state=1
03-11 01:46:23.125 1530 4506 I thunderperf: CompatConfig.addOverrideUnsafe: aft-state=0
03-11 01:46:23.125 1530 4506 I thunderperf: CompatConfig.addOverrideUnsafe: bef-state=1
03-11 01:46:23.126 1530 4506 I thunderperf: CompatConfig.addOverrideUnsafe: aft-state=0
03-11 01:46:23.126 1530 4506 I thunderperf: CompatConfig.addOverrideUnsafe: bef-state=1
03-11 01:46:23.126 1530 4506 I thunderperf: CompatConfig.addOverrideUnsafe: aft-state=0
03-11 01:46:23.127 1530 4506 I thunderperf: CompatConfig.addOverrideUnsafe: bef-state=1
03-11 01:46:23.127 1530 4506 I thunderperf: CompatConfig.addOverrideUnsafe: aft-state=0
03-11 01:46:23.128 1530 4506 I thunderperf: CompatConfig.addOverrideUnsafe: bef-state=1
03-11 01:46:23.128 1530 4506 I thunderperf: CompatConfig.addOverrideUnsafe: aft-state=0
03-11 01:46:23.129 1530 4506 I thunderperf: CompatConfig.addOverrideUnsafe: bef-state=1
03-11 01:46:23.129 1530 4506 I thunderperf: CompatConfig.addOverrideUnsafe: aft-state=0
03-11 01:46:23.129 1530 4506 I thunderperf: CompatConfig.addOverrideUnsafe: bef-state=1
03-11 01:46:23.129 1530 4506 I thunderperf: CompatConfig.addOverrideUnsafe: aft-state=0
03-11 01:46:23.130 1530 4506 I thunderperf: CompatConfig.addOverrideUnsafe: bef-state=1
03-11 01:46:23.130 1530 4506 I thunderperf: CompatConfig.addOverrideUnsafe: aft-state=0
03-11 01:46:23.131 1530 4506 I thunderperf: CompatConfig.addOverrideUnsafe: bef-state=1
03-11 01:46:23.131 1530 4506 I thunderperf: CompatConfig.addOverrideUnsafe: aft-state=0
03-11 01:46:23.131 1530 4506 I thunderperf: CompatConfig.addOverrideUnsafe: bef-state=1
03-11 01:46:23.132 1530 4506 I thunderperf: CompatConfig.addOverrideUnsafe: aft-state=0
03-11 01:46:23.132 1530 4506 I thunderperf: CompatConfig.addOverrideUnsafe: bef-state=1
03-11 01:46:23.132 1530 4506 I thunderperf: CompatConfig.addOverrideUnsafe: aft-state=0
03-11 01:46:23.133 1530 4506 I thunderperf: CompatConfig.addOverrideUnsafe: bef-state=1
03-11 01:46:23.133 1530 4506 I thunderperf: CompatConfig.addOverrideUnsafe: aft-state=0
03-11 01:46:23.133 1530 4506 I thunderperf: CompatConfig.addOverrideUnsafe: bef-state=1
03-11 01:46:23.134 1530 4506 I thunderperf: CompatConfig.addOverrideUnsafe: aft-state=0
03-11 01:46:23.138 1530 4506 I ActivityTaskManager: START u0 {act=android.intent.action.MAIN cat=[android.intent.category.LAUNCHER] flg=0x10200000 cmp=com.android.settings/.Settings bnds=[2308,740][2494,940]} from uid 10075
03-11 01:46:23.149 1530 13170 W FreeFormWindowHelper: Current Display FreeFormTask is null
03-11 01:46:23.160 1530 13170 I ActivityTaskManager: FOREGROUND_APPLICATION_CHANGED to com.android.settings.homepage.SettingsHomepageActivity
03-11 01:46:23.265 1530 13170 W FreeFormWindowHelper: Current Display FreeFormTask is null
03-11 01:46:26.169 1530 2750 E TaskPersister: File error accessing recents directory (directory doesn't exist?).
01-01 08:53:27.481 0 0 E DTC_ETH,link_delay_work_func: 3003, SQI=0, link=0
01-01 08:53:32.601 0 0 E DTC_ETH,link_delay_work_func: 3003, SQI=0, link=0
03-11 01:46:32.222 1530 1607 I ActivityManager: Killing 14201:com.tencent.tmgp.sgame/u0a93 (adj 915): remove task
03-11 01:46:32.223 1530 1607 I ActivityManager: Killing 14234:com.tencent.tmgp.sgame:xg_vip_service/u0a93 (adj 905): remove task
03-11 01:46:32.224 1530 1614 I DropBoxManagerService: add tag=system_server_wtf isTagEnabled=true flags=0x2
03-11 01:46:32.226 1530 2750 E TaskPersister: File error accessing recents directory (directory doesn't exist?).
03-11 01:46:32.230 1530 2080 W FreeFormWindowHelper: Current Display FreeFormTask is null
03-11 01:46:32.230 1530 1614 I DropBoxManagerService: add tag=system_server_wtf isTagEnabled=true flags=0x2
03-11 01:46:32.277 1530 11533 W ActivityManager: Scheduling restart of crashed service com.tencent.tmgp.sgame/com.tencent.android.tpush.service.XGVipPushService in 1000ms for connection
03-11 01:46:32.315 1530 2117 W FreeFormWindowHelper: Current Display FreeFormTask is null
03-11 01:46:32.459 1530 2110 I WindowManager: WIN DEATH: Window{5c46a8c u0 com.tencent.tmgp.sgame/com.tencent.tmgp.sgame.SGameActivity}
03-11 01:46:32.467 1530 1608 W ActivityTaskManager: Can't find TaskDisplayArea to determine support for multi window. Task id=36 attached=false
03-11 01:46:32.467 1530 1608 W ActivityTaskManager: Can't find TaskDisplayArea to determine support for multi window. Task id=36 attached=false
03-11 01:46:32.468 1530 1607 W ActivityManager: setHasOverlayUi called on unknown pid: 14201
03-11 01:46:32.468 1530 1613 W UsageStatsService: Unexpected activity event reported! (com.tencent.tmgp.sgame/com.tencent.tmgp.sgame.SGameActivity event : 23 instanceId : 161263413)
03-11 01:46:33.000 1530 11533 W FreeFormWindowHelper: Current Display FreeFormTask is null
03-11 01:46:33.003 1530 11533 W FreeFormWindowHelper: Current Display FreeFormTask is null
03-11 01:46:33.021 1530 11533 W FreeFormWindowHelper: Current Display FreeFormTask is null
03-11 01:46:33.022 1530 5296 W FreeFormWindowHelper: Current Display FreeFormTask is null
03-11 01:46:33.045 1530 5296 W ActivityTaskManager: getTaskSnapshot: taskId=-733 not found
03-11 01:46:33.046 1530 5296 W ActivityTaskManager: getTaskSnapshot: taskId=-733 not found
03-11 01:46:33.050 1530 5296 W ActivityTaskManager: getTaskSnapshot: taskId=-732 not found
03-11 01:46:33.052 1530 5296 W ActivityTaskManager: getTaskSnapshot: taskId=-732 not found
03-11 01:46:33.052 1530 5296 W ActivityTaskManager: getTaskSnapshot: taskId=-732 not found
03-11 01:46:33.052 1530 5296 W FreeFormWindowHelper: Current Display FreeFormTask is null
03-11 01:46:33.052 1530 5296 W FreeFormWindowHelper: Current Display FreeFormTask is null
03-11 01:46:33.057 1530 11533 W FreeFormWindowHelper: Current Display FreeFormTask is null
03-11 01:46:33.057 1530 11533 W FreeFormWindowHelper: Current Display FreeFormTask is null
03-11 01:46:33.069 1530 11533 W FreeFormWindowHelper: Current Display FreeFormTask is null
03-11 01:46:33.069 1530 11533 W FreeFormWindowHelper: Current Display FreeFormTask is null
03-11 01:46:33.070 1530 11533 W FreeFormWindowHelper: Current Display FreeFormTask is null
03-11 01:46:33.071 1530 11533 W FreeFormWindowHelper: Current Display FreeFormTask is null
03-11 01:46:33.073 1530 11533 W ActivityTaskManager: getTaskSnapshot: taskId=-664 not found
03-11 01:46:33.075 1530 11533 W ActivityTaskManager: getTaskSnapshot: taskId=-664 not found
03-11 01:46:33.075 1530 11533 W ActivityTaskManager: getTaskSnapshot: taskId=-664 not found
03-11 01:46:33.075 1530 11533 W ActivityTaskManager: getTaskSnapshot: taskId=-664 not found
03-11 01:46:33.075 1530 11533 W ActivityTaskManager: getTaskSnapshot: taskId=-664 not found
03-11 01:46:33.086 1530 11533 W FreeFormWindowHelper: Current Display FreeFormTask is null
03-11 01:46:33.086 1530 11533 W FreeFormWindowHelper: Current Display FreeFormTask is null
03-11 01:46:33.103 1530 11533 W FreeFormWindowHelper: Current Display FreeFormTask is null
03-11 01:46:33.103 1530 11533 W FreeFormWindowHelper: Current Display FreeFormTask is null
03-11 01:46:33.148 1530 11533 W FreeFormWindowHelper: exitRecentTasks type=0
03-11 01:46:33.153 1530 5296 W FreeFormWindowHelper: Current Display FreeFormTask is null
03-11 01:46:33.154 1530 5296 W FreeFormWindowHelper: Current Display FreeFormTask is null
03-11 01:46:33.766 1530 5296 W FreeFormWindowHelper: Current Display FreeFormTask is null
03-11 01:46:33.767 1530 5296 W FreeFormWindowHelper: Current Display FreeFormTask is null
03-11 01:46:33.787 1530 7363 I ActivityTaskManager: FOREGROUND_APPLICATION_CHANGED to com.android.launcher3.uioverrides.QuickstepLauncher
03-11 01:46:33.857 1530 8134 I thunderperf: PlatormCompat.setOverrides: Uid1=10075 Pid1=2553 Uid2=10075 Pid2=2553
03-11 01:46:33.857 1530 8134 I thunderperf: PlatormCompat.setOverrides: needCheck:false
03-11 01:46:33.857 1530 8134 I thunderperf: CompatConfig.addOverrideUnsafe: bef-state=1
03-11 01:46:33.857 1530 8134 I thunderperf: CompatConfig.addOverrideUnsafe: aft-state=0
03-11 01:46:33.858 1530 8134 I thunderperf: CompatConfig.addOverrideUnsafe: bef-state=1
03-11 01:46:33.858 1530 8134 I thunderperf: CompatConfig.addOverrideUnsafe: aft-state=0
03-11 01:46:33.858 1530 8134 I thunderperf: CompatConfig.addOverrideUnsafe: bef-state=1
03-11 01:46:33.859 1530 8134 I thunderperf: CompatConfig.addOverrideUnsafe: aft-state=0
03-11 01:46:33.859 1530 8134 I thunderperf: CompatConfig.addOverrideUnsafe: bef-state=1
03-11 01:46:33.859 1530 8134 I thunderperf: CompatConfig.addOverrideUnsafe: aft-state=0
03-11 01:46:33.859 1530 8134 I thunderperf: CompatConfig.addOverrideUnsafe: bef-state=1
03-11 01:46:33.859 1530 8134 I thunderperf: CompatConfig.addOverrideUnsafe: aft-state=0
03-11 01:46:33.860 1530 8134 I thunderperf: CompatConfig.addOverrideUnsafe: bef-state=1
03-11 01:46:33.860 1530 8134 I thunderperf: CompatConfig.addOverrideUnsafe: aft-state=0
03-11 01:46:33.860 1530 8134 I thunderperf: CompatConfig.addOverrideUnsafe: bef-state=1
03-11 01:46:33.860 1530 8134 I thunderperf: CompatConfig.addOverrideUnsafe: aft-state=0
03-11 01:46:33.860 1530 8134 I thunderperf: CompatConfig.addOverrideUnsafe: bef-state=1
03-11 01:46:33.860 1530 8134 I thunderperf: CompatConfig.addOverrideUnsafe: aft-state=0
03-11 01:46:33.861 1530 8134 I thunderperf: CompatConfig.addOverrideUnsafe: bef-state=1
03-11 01:46:33.861 1530 8134 I thunderperf: CompatConfig.addOverrideUnsafe: aft-state=0
03-11 01:46:33.861 1530 8134 I thunderperf: CompatConfig.addOverrideUnsafe: bef-state=1
03-11 01:46:33.861 1530 8134 I thunderperf: CompatConfig.addOverrideUnsafe: aft-state=0
03-11 01:46:33.861 1530 8134 I thunderperf: CompatConfig.addOverrideUnsafe: bef-state=1
03-11 01:46:33.862 1530 8134 I thunderperf: CompatConfig.addOverrideUnsafe: aft-state=0
03-11 01:46:33.862 1530 8134 I thunderperf: CompatConfig.addOverrideUnsafe: bef-state=1
03-11 01:46:33.862 1530 8134 I thunderperf: CompatConfig.addOverrideUnsafe: aft-state=0
03-11 01:46:33.862 1530 8134 I thunderperf: CompatConfig.addOverrideUnsafe: bef-state=1
03-11 01:46:33.862 1530 8134 I thunderperf: CompatConfig.addOverrideUnsafe: aft-state=0
03-11 01:46:33.863 1530 8134 I thunderperf: CompatConfig.addOverrideUnsafe: bef-state=1
03-11 01:46:33.863 1530 8134 I thunderperf: CompatConfig.addOverrideUnsafe: aft-state=0
03-11 01:46:33.864 1530 8134 I ActivityTaskManager: START u0 {act=android.intent.action.MAIN cat=[android.intent.category.LAUNCHER] flg=0x10200000 cmp=com.tencent.tmgp.sgame/.SGameActivity bnds=[1017,120][1319,402]} from uid 10075
03-11 01:46:33.866 1530 8134 W ActivityTaskManager: Can't find TaskDisplayArea to determine support for multi window. Task id=38 attached=false
03-11 01:46:33.867 1530 8134 D CompatibilityChangeReporter: Compat change id reported: 174042980; UID 10093; state: DISABLED
03-11 01:46:33.867 1530 8134 D CompatibilityChangeReporter: Compat change id reported: 184838306; UID 10093; state: DISABLED
03-11 01:46:33.867 1530 8134 D CompatibilityChangeReporter: Compat change id reported: 185004937; UID 10093; state: DISABLED
03-11 01:46:33.868 1530 8134 D CompatibilityChangeReporter: Compat change id reported: 181136395; UID 10093; state: DISABLED
03-11 01:46:33.868 1530 8134 D CompatibilityChangeReporter: Compat change id reported: 174042936; UID 10093; state: DISABLED
03-11 01:46:33.869 1530 8134 D CompatibilityChangeReporter: Compat change id reported: 168419799; UID 10093; state: ENABLED
03-11 01:46:33.869 1530 8134 D CompatibilityChangeReporter: Compat change id reported: 182811243; UID 10093; state: DISABLED
03-11 01:46:33.869 1530 8134 D CompatibilityChangeReporter: Compat change id reported: 189969734; UID 10093; state: DISABLED
03-11 01:46:33.870 1530 8134 D CompatibilityChangeReporter: Compat change id reported: 176926753; UID 10093; state: DISABLED
03-11 01:46:33.870 1530 8134 D CompatibilityChangeReporter: Compat change id reported: 189969779; UID 10093; state: DISABLED
03-11 01:46:33.870 1530 8134 D CompatibilityChangeReporter: Compat change id reported: 176926829; UID 10093; state: DISABLED
03-11 01:46:33.870 1530 8134 D CompatibilityChangeReporter: Compat change id reported: 189969744; UID 10093; state: DISABLED
03-11 01:46:33.870 1530 8134 D CompatibilityChangeReporter: Compat change id reported: 176926771; UID 10093; state: DISABLED
03-11 01:46:33.870 1530 8134 D CompatibilityChangeReporter: Compat change id reported: 189970036; UID 10093; state: DISABLED
03-11 01:46:33.871 1530 8134 D CompatibilityChangeReporter: Compat change id reported: 176926741; UID 10093; state: DISABLED
03-11 01:46:33.871 1530 8134 D CompatibilityChangeReporter: Compat change id reported: 189969782; UID 10093; state: DISABLED
03-11 01:46:33.871 1530 8134 D CompatibilityChangeReporter: Compat change id reported: 189970038; UID 10093; state: DISABLED
03-11 01:46:33.871 1530 8134 D CompatibilityChangeReporter: Compat change id reported: 189969749; UID 10093; state: ENABLED
03-11 01:46:33.873 1530 5296 W FreeFormWindowHelper: Current Display FreeFormTask is null
03-11 01:46:33.877 1530 2108 I ActivityTaskManager: FOREGROUND_APPLICATION_CHANGED to com.tencent.tmgp.sgame.SGameActivity
03-11 01:46:33.880 1530 1607 D CompatibilityChangeReporter: Compat change id reported: 135634846; UID 10093; state: DISABLED
03-11 01:46:33.880 1530 1607 D CompatibilityChangeReporter: Compat change id reported: 177438394; UID 10093; state: DISABLED
03-11 01:46:33.880 1530 1607 D CompatibilityChangeReporter: Compat change id reported: 135772972; UID 10093; state: DISABLED
03-11 01:46:33.880 1530 1607 D CompatibilityChangeReporter: Compat change id reported: 135754954; UID 10093; state: DISABLED
03-11 01:46:33.880 1530 1615 D CompatibilityChangeReporter: Compat change id reported: 143937733; UID 10093; state: DISABLED
03-11 01:46:33.885 1530 1615 I ActivityManager: Start proc 14707:com.tencent.tmgp.sgame/u0a93 for pre-top-activity {com.tencent.tmgp.sgame/com.tencent.tmgp.sgame.SGameActivity}
03-11 01:46:33.886 1530 14708 W ContextImpl: Calling a method in the system process without a qualified user: android.app.ContextImpl.sendBroadcast:1173 com.qualcomm.qti.Performance$SendGameLaunchBroadcast.run:217 java.lang.Thread.run:920
01-01 08:53:34.945 0 0 I binder : 14707:14707 ioctl 40046210 7ff5e17364 returned -22
03-11 01:46:33.910 2054 3742 W ContextImpl: Calling a method in the system process without a qualified user: android.app.ContextImpl.startService:1816 android.content.ContextWrapper.startService:774 com.thundercomm.gamemode.ingame.services.GameModeActionUtils.startGameModeService:118 com.thundercomm.gamemode.ingame.services.GameModeActionUtils.startGameModeEntry:29 com.thundercomm.gamemode.ingame.services.ActivityMonitoringService$1.onActivityLaunch:140
03-11 01:46:33.913 1530 1530 I GameModeConfig: Current uri is uri = content://com.thundercomm.gamemode.api/gamemode_settings/gamemode_isgaming
03-11 01:46:33.914 1530 1530 I GameModeConfig: isGameModeOn = true
03-11 01:46:33.914 1530 1530 I GameModeConfig: isGaming = true
03-11 01:46:33.914 1530 1530 I GameModeConfig: isDisableNotification = true
03-11 01:46:33.914 1530 1530 I GameModeConfig: isGameModeOn = true
03-11 01:46:33.914 1530 1530 I GameModeConfig: isGaming = true
03-11 01:46:33.914 1530 1530 I GameModeConfig: isDisableNotification = true
01-01 08:53:34.968 0 0 W ALERT : changing window size from 16000000 to 20000000 at 2380064022580
01-01 08:53:34.972 0 0 I : [MAX975X:max96755x_drm_notifier_callback] *INFO* receives EARLY_BLANK:UNBLANK
01-01 08:53:34.972 0 0 I atmel_mxt_ts 0-004a: FB event:2,blank:0
01-01 08:53:34.972 0 0 I atmel_mxt_ts 0-004a: suspend: event = 2, blank = 0, not care
01-01 08:53:34.972 0 0 I [drm:dsi_display_set_mode] [msm-dsi-info]: mdp_transfer_time_us=0 us
01-01 08:53:34.972 0 0 I [drm:dsi_display_set_mode] [msm-dsi-info]: hactive= 2560,vactive= 1080,fps=30
01-01 08:53:34.972 0 0 I : [MAX975X:max96755x_drm_notifier_callback] *INFO* receives BLANK:UNBLANK
03-11 01:46:33.927 14707 14729 D ActivityThread: Loading provider com.tencent.tmgp.sgame.XG_SETTINGS_PROVIDER: com.tencent.tpns.baseapi.base.SettingsContentProvider
01-01 08:53:34.973 0 0 I atmel_mxt_ts 0-004a: FB event:1,blank:0
01-01 08:53:34.973 0 0 I atmel_mxt_ts 0-004a: drm_notifier_callback: UNBLANK! Resume by drm notifier.
03-11 01:46:33.933 1530 5296 D CompatibilityChangeReporter: Compat change id reported: 135634846; UID 10093; state: DISABLED
03-11 01:46:33.933 1530 5296 D CompatibilityChangeReporter: Compat change id reported: 177438394; UID 10093; state: DISABLED
03-11 01:46:33.933 1530 5296 D CompatibilityChangeReporter: Compat change id reported: 135772972; UID 10093; state: DISABLED
03-11 01:46:33.933 1530 5296 D CompatibilityChangeReporter: Compat change id reported: 135754954; UID 10093; state: DISABLED
03-11 01:46:33.933 1530 1615 D CompatibilityChangeReporter: Compat change id reported: 143937733; UID 10093; state: DISABLED
03-11 01:46:33.939 1530 1615 I ActivityManager: Start proc 14743:com.tencent.tmgp.sgame:xg_vip_service/u0a93 for service {com.tencent.tmgp.sgame/com.tencent.android.tpush.service.XGVipPushService}
03-11 01:46:33.940 1530 1607 I DisplayDeviceRepository: Display device changed: DisplayDeviceInfo{"内置屏幕": uniqueId="local:4630946816427681409", 2560 x 1080, modeId 3, defaultModeId 1, supportedModes [{id=1, width=2560, height=1080, fps=60.000004, alternativeRefreshRates=[30.000002, 45.0]}, {id=2, width=2560, height=1080, fps=45.0, alternativeRefreshRates=[30.000002, 60.000004]}, {id=3, width=2560, height=1080, fps=30.000002, alternativeRefreshRates=[45.0, 60.000004]}], colorMode 0, supportedColorModes [0], hdrCapabilities HdrCapabilities{mSupportedHdrTypes=[2, 3, 4], mMaxLuminance=500.0, mMaxAverageLuminance=500.0, mMinLuminance=0.0}, allmSupported false, gameContentTypeSupported false, density 240, 320.315 x 318.976 dpi, appVsyncOff 1000000, presDeadline 33333333, touch INTERNAL, rotation 0, type INTERNAL, address {port=129, model=0x40446d97fee5e6}, deviceProductInfo DeviceProductInfo{name=, manufacturerPnpId=QCM, productId=1, modelYear=null, manufactureDate=ManufactureDate{week=27, year=2006}, connectionToSinkType=0}, state ON, frameRateOverride , brightnessMinimum 0.0, brightnessMaximum 1.0, brightnessDefault 1.0, FLAG_DEFAULT_DISPLAY, FLAG_ROTATES_WITH_CONTENT, FLAG_SECURE, FLAG_SUPPORTS_PROTECTED_BUFFERS}
01-01 08:53:35.002 0 0 I binder : 14743:14743 ioctl 40046210 7ff5e17364 returned -22
03-11 01:46:33.980 1530 2110 W FreeFormWindowHelper: Current Display FreeFormTask is null
03-11 01:46:34.245 1530 2110 W WindowManager: Failed looking up window session=Session{ce86987 14707:u0a10093} callers=com.android.server.wm.WindowManagerService.windowForClientLocked:5628 com.android.server.wm.Session.insetsModified:629 android.view.IWindowSession$Stub.onTransact:1151
01-01 08:53:35.319 0 0 I binder : 14707:14742 ioctl 40046210 799c8c01f4 returned -22
03-11 01:46:34.432 1530 1789 W ActivityManager: Unable to start service Intent { act=com.tencent.tpns.mqttchannel.FEEDBACK pkg=com.tencent.tmgp.sgame } U=0: not found
01-01 08:53:35.976 0 0 W audit : audit_lost=1065 audit_rate_limit=5 audit_backlog_limit=64
01-01 08:53:35.976 0 0 E audit : rate limit exceeded
03-11 01:46:35.968 1530 2750 E TaskPersister: File error accessing recents directory (directory doesn't exist?).
01-01 08:53:37.720 0 0 E DTC_ETH,link_delay_work_func: 3003, SQI=0, link=0
03-11 01:46:37.887 1530 11533 W FreeFormWindowHelper: Current Display FreeFormTask is null
03-11 01:46:37.887 1530 11533 W FreeFormWindowHelper: Current Display FreeFormTask is null
03-11 01:46:37.888 1530 11533 W FreeFormWindowHelper: Current Display FreeFormTask is null
03-11 01:46:37.889 1530 5296 W FreeFormWindowHelper: Current Display FreeFormTask is null
03-11 01:46:37.931 1530 11533 W FreeFormWindowHelper: Current Display FreeFormTask is null
03-11 01:46:37.931 1530 5296 W FreeFormWindowHelper: Current Display FreeFormTask is null
03-11 01:46:37.944 1530 5296 W ActivityTaskManager: getTaskSnapshot: taskId=-847 not found
03-11 01:46:37.945 1530 5296 W ActivityTaskManager: getTaskSnapshot: taskId=-847 not found
03-11 01:46:37.945 1530 5296 W ActivityTaskManager: getTaskSnapshot: taskId=-847 not found
03-11 01:46:37.945 1530 5296 W ActivityTaskManager: getTaskSnapshot: taskId=-847 not found
03-11 01:46:37.964 1530 1563 W ActivityTaskManager: getTaskSnapshot: taskId=-847 not found
03-11 01:46:37.964 1530 1563 W ActivityTaskManager: getTaskSnapshot: taskId=-847 not found
03-11 01:46:37.966 1530 11533 W ActivityTaskManager: getTaskSnapshot: taskId=-847 not found
03-11 01:46:37.966 1530 1563 W ActivityTaskManager: getTaskSnapshot: taskId=-847 not found
03-11 01:46:37.968 1530 1563 W FreeFormWindowHelper: Current Display FreeFormTask is null
03-11 01:46:37.968 1530 11533 W FreeFormWindowHelper: Current Display FreeFormTask is null
03-11 01:46:37.968 1530 1563 W ActivityTaskManager: getTaskSnapshot: taskId=-847 not found
03-11 01:46:37.969 1530 1563 W ActivityTaskManager: getTaskSnapshot: taskId=-847 not found
03-11 01:46:37.969 1530 1563 W ActivityTaskManager: getTaskSnapshot: taskId=-847 not found
03-11 01:46:37.969 1530 1563 W ActivityTaskManager: getTaskSnapshot: taskId=-847 not found
03-11 01:46:37.969 1530 1563 W ActivityTaskManager: getTaskSnapshot: taskId=-847 not found
03-11 01:46:37.971 1530 11533 W FreeFormWindowHelper: Current Display FreeFormTask is null
03-11 01:46:37.972 1530 11533 W FreeFormWindowHelper: Current Display FreeFormTask is null
03-11 01:46:37.974 1530 11533 W ActivityTaskManager: getTaskSnapshot: taskId=-764 not found
03-11 01:46:37.975 1530 11533 W ActivityTaskManager: getTaskSnapshot: taskId=-764 not found
03-11 01:46:37.975 1530 11533 W ActivityTaskManager: getTaskSnapshot: taskId=-764 not found
03-11 01:46:37.975 1530 11533 W ActivityTaskManager: getTaskSnapshot: taskId=-764 not found
03-11 01:46:37.998 1530 11533 W FreeFormWindowHelper: Current Display FreeFormTask is null
03-11 01:46:37.998 1530 11533 W FreeFormWindowHelper: Current Display FreeFormTask is null
03-11 01:46:38.031 1530 1563 W FreeFormWindowHelper: Current Display FreeFormTask is null
03-11 01:46:38.031 1530 1563 W FreeFormWindowHelper: Current Display FreeFormTask is null
03-11 01:46:38.401 1530 1563 W FreeFormWindowHelper: Current Display FreeFormTask is null
03-11 01:46:38.401 1530 11533 W FreeFormWindowHelper: Current Display FreeFormTask is null
03-11 01:46:38.401 1530 11533 W FreeFormWindowHelper: Current Display FreeFormTask is null
03-11 01:46:38.769 1530 1563 I ActivityTaskManager: FOREGROUND_APPLICATION_CHANGED to com.android.launcher3.uioverrides.QuickstepLauncher
03-11 01:46:38.773 1530 2108 W FreeFormWindowHelper: Current Display FreeFormTask is null
03-11 01:46:38.773 1530 1789 W FreeFormWindowHelper: Current Display FreeFormTask is null
03-11 01:46:38.774 1530 1789 W FreeFormWindowHelper: Current Display FreeFormTask is null
03-11 01:46:38.800 1530 1789 W FreeFormWindowHelper: Current Display FreeFormTask is null
03-11 01:46:38.800 1530 1789 W FreeFormWindowHelper: Current Display FreeFormTask is null
03-11 01:46:38.873 1530 1563 W FreeFormWindowHelper: Current Display FreeFormTask is null
03-11 01:46:38.875 2054 3742 W ContextImpl: Calling a method in the system process without a qualified user: android.app.ContextImpl.startService:1816 android.content.ContextWrapper.startService:774 com.thundercomm.gamemode.ingame.services.GameModeActionUtils.startGameModeService:118 com.thundercomm.gamemode.ingame.services.GameModeActionUtils.startGameModeEntry:29 com.thundercomm.gamemode.ingame.services.ActivityMonitoringService$1.onActivityLaunch:140
03-11 01:46:38.878 1530 1530 I GameModeConfig: Current uri is uri = content://com.thundercomm.gamemode.api/gamemode_settings/gamemode_isgaming
03-11 01:46:38.879 1530 1530 I GameModeConfig: isGameModeOn = true
03-11 01:46:38.879 1530 1530 I GameModeConfig: isGaming = false
03-11 01:46:38.879 1530 1530 I GameModeConfig: isGameModeOn = true
03-11 01:46:38.879 1530 1530 I GameModeConfig: isGaming = false
03-11 01:46:38.879 1530 1530 I GameModeConfig: isDisableVoice = true
01-01 08:53:39.928 0 0 W ALERT : changing window size from 20000000 to 16000000 at 2385024021641
01-01 08:53:39.968 0 0 I : [MAX975X:max96755x_drm_notifier_callback] *INFO* receives EARLY_BLANK:UNBLANK
01-01 08:53:39.968 0 0 I atmel_mxt_ts 0-004a: FB event:2,blank:0
01-01 08:53:39.968 0 0 I atmel_mxt_ts 0-004a: suspend: event = 2, blank = 0, not care
