03-11 01:58:36.276 1950 1950 I sysui_multi_action: [757,0,758,1,759,0,927,3,928,0,1593,0]
03-11 01:58:36.276 1950 1950 I sysui_multi_action: [757,491,758,1,759,491,927,4,928,0,1311,-1,1593,0]
03-11 01:58:36.276 1950 1950 I sysui_multi_action: [757,0,758,1,759,0,927,5,928,0,1593,0]
03-11 01:58:36.276 1950 1950 I sysui_multi_action: [757,111,758,1]
03-11 01:58:36.276 1950 1950 I sysui_multi_action: [757,126,758,1,759,126,927,0,928,1,1593,0]
03-11 01:58:36.276 1950 1950 I sysui_multi_action: [757,113,758,1,759,113,927,1,928,1,1593,0]
03-11 01:58:36.276 1950 1950 I sysui_multi_action: [757,0,758,1,759,0,927,2,928,0,1593,0]
03-11 01:58:36.276 1950 1950 I sysui_multi_action: [757,0,758,1,759,0,927,3,928,0,1593,0]
03-11 01:58:36.291 9 9 I auditd : type=1400 audit(0.0:3913): avc: denied { kill } for comm="ksoftirqd/0" capability=5 scontext=u:r:kernel:s0 tcontext=u:r:kernel:s0 tclass=capability permissive=0
03-11 01:58:36.309 1530 1694 I input_focus: [Focus leaving c78a2bf com.tencent.tmgp.sgame/com.tencent.tmgp.sgame.SGameActivity (server),reason=setFocusedWindow]
03-11 01:58:36.309 1530 1694 I input_focus: [Focus entering bb33d3e NotificationShade (server),reason=setFocusedWindow]
03-11 01:58:36.625 1530 1711 I netstats_mobile_sample: [0,0,0,0,0,0,0,0,0,0,0,0,1678697055383]
03-11 01:58:36.626 1530 1711 I netstats_wifi_sample: [339191810,265542,5104139,68811,339187258,265538,5104139,68811,335393157,266945,4444185,67031,1678697055383]
03-11 01:58:37.182 1530 1694 I input_interaction: Interaction with: bb33d3e NotificationShade (server), edge-swipe (server), swipe-up (server), PointerEventDispatcher0 (server),
03-11 01:58:37.291 0 0 I auditd : type=1400 audit(0.0:3914): avc: denied { kill } for comm="swapper/0" capability=5 scontext=u:r:kernel:s0 tcontext=u:r:kernel:s0 tclass=capability permissive=0
03-11 01:58:38.014 1530 1563 I intercept_power: [ACTION_DOWN,0,0]
03-11 01:58:38.015 1530 1605 D CompatibilityChangeReporter: Compat change id reported: 173031413; UID 1000; state: ENABLED
03-11 01:58:38.016 1530 1605 D CompatibilityChangeReporter: Compat change id reported: 173031413; UID 1000; state: DISABLED
03-11 01:58:38.064 1530 1563 I intercept_power: [ACTION_UP,0,0]
03-11 01:58:38.065 1530 1530 D WindowManager: powerPress: eventTime=3104205 interactive=true count=0 beganFromNonInteractive=false mShortPressOnPowerBehavior=1
03-11 01:58:38.065 1530 1530 I PowerManagerService: Powering off display group due to power_button (groupId= 0, uid= 1000)...
03-11 01:58:38.065 1530 1530 I PowerManagerService: Going to sleep due to power_button (uid 1000)...
03-11 01:58:38.066 1530 1530 I power_sleep_requested: 1
03-11 01:58:38.067 1530 1630 I PowerManagerService: Sleeping display group (groupId=0, uid=1000)...
03-11 01:58:38.067 1530 1630 I PowerManagerService: Sleeping (uid 1000)...
03-11 01:58:38.101 1530 1630 I sysui_multi_action: [757,1696,758,6,759,0]
03-11 01:58:38.122 1530 1613 I am_pss : [21696,10093,com.tencent.tmgp.sgame,554240000,534790144,0,699047936,0,2,38]
03-11 01:58:38.129 1530 1613 I am_pss : [21731,10093,com.tencent.tmgp.sgame:xg_vip_service,14745600,8032256,0,112541696,0,3,6]
03-11 01:58:38.180 1530 1630 I DisplayPowerController[0]: Blocking screen off
03-11 01:58:38.181 1530 1888 E DisplayDeviceConfig: requesting nits when no mapping exists.
03-11 01:58:38.181 1530 1630 I DisplayPowerController[0]: Unblocked screen off after 1 ms
03-11 01:58:38.181 1530 1888 E DisplayDeviceConfig: requesting nits when no mapping exists.
03-11 01:58:38.182 1530 1614 I am_wtf : [0,1530,system_server,-1,DisplayDeviceConfig,requesting nits when no mapping exists.]
03-11 01:58:38.183 1530 1630 D ActivityTaskManager: Top Process State changed to PROCESS_STATE_TOP_SLEEPING
03-11 01:58:38.183 1530 1614 I DropBoxManagerService: add tag=system_server_wtf isTagEnabled=true flags=0x2
03-11 01:58:38.185 1530 1614 I am_wtf : [0,1530,system_server,-1,DisplayDeviceConfig,requesting nits when no mapping exists.]
03-11 01:58:38.186 21696 21696 I wm_on_top_resumed_lost_called: [201648842,com.tencent.tmgp.sgame.SGameActivity,topStateChangedWhenResumed]
03-11 01:58:38.186 1530 1614 I DropBoxManagerService: add tag=system_server_wtf isTagEnabled=true flags=0x2
03-11 01:58:38.186 1530 1630 I wm_pause_activity: [0,201648842,com.tencent.tmgp.sgame/.SGameActivity,userLeaving=false,sleep]
03-11 01:58:38.192 1530 1630 I wm_add_to_stopping: [0,152492181,com.android.launcher3/.uioverrides.QuickstepLauncher,makeInvisible]
03-11 01:58:38.194 1530 1607 I wm_add_to_stopping: [0,201648842,com.tencent.tmgp.sgame/.SGameActivity,makeInvisible]
03-11 01:58:38.196 1530 1607 W ProcessStats: Tracking association SourceState{5090c1e com.tencent.tmgp.sgame/10093 Top #5187} whose proc state 1 is better than process ProcessState{3bf7cff com.tencent.tmgp.sgame:xg_vip_service/10093 pkg=com.tencent.tmgp.sgame} proc state 7 (0 skipped)
03-11 01:58:38.197 1530 1630 V DisplayPowerController[0]: Brightness [0.0] reason changing to: 'screen_off', previous reason: 'manual'.
03-11 01:58:38.198 1530 1621 E KernelCpuSpeedReader: Failed to read cpu-freq: /sys/devices/system/cpu/cpu4/cpufreq/stats/time_in_state: open failed: ENOENT (No such file or directory)
03-11 01:58:38.198 1530 1621 E KernelCpuSpeedReader: Failed to read cpu-freq: /sys/devices/system/cpu/cpu0/cpufreq/stats/time_in_state: open failed: ENOENT (No such file or directory)
03-11 01:58:38.201 1530 1752 I GameModeConfig: isGameModeOn = true
03-11 01:58:38.201 1530 1752 I GameModeConfig: isGaming = true
03-11 01:58:38.201 1530 1752 I GameModeConfig: isDisableNotification = true
03-11 01:58:38.201 1530 1752 I GameModeConfig: isGameModeOn = true
03-11 01:58:38.201 1530 1752 I GameModeConfig: isGaming = true
03-11 01:58:38.201 1530 1752 I GameModeConfig: isDisableNotification = true
03-11 01:58:38.201 1530 1752 I GameModeConfig: isGameModeOn = true
03-11 01:58:38.201 1530 1752 I GameModeConfig: isGaming = true
03-11 01:58:38.201 1530 1752 I GameModeConfig: isDisableNotification = true
03-11 01:58:38.201 1530 1752 I GameModeConfig: isGameModeOn = true
03-11 01:58:38.201 1530 1752 I GameModeConfig: isGaming = true
03-11 01:58:38.201 1530 1752 I GameModeConfig: isDisableNotification = true
03-11 01:58:38.201 1530 1752 I GameModeConfig: isGameModeOn = true
03-11 01:58:38.201 1530 1752 I GameModeConfig: isGaming = true
03-11 01:58:38.201 1530 1752 I GameModeConfig: isDisableNotification = true
03-11 01:58:38.201 1530 1752 I GameModeConfig: isGameModeOn = true
03-11 01:58:38.201 1530 1752 I GameModeConfig: isGaming = true
03-11 01:58:38.201 1530 1752 I GameModeConfig: isDisableNotification = true
03-11 01:58:38.201 1530 1752 I GameModeConfig: isGameModeOn = true
03-11 01:58:38.201 1530 1752 I GameModeConfig: isGaming = true
03-11 01:58:38.201 1530 1752 I GameModeConfig: isDisableNotification = true
03-11 01:58:38.201 1530 1752 I GameModeConfig: isGameModeOn = true
03-11 01:58:38.201 1530 1752 I GameModeConfig: isGaming = true
03-11 01:58:38.201 1530 1752 I GameModeConfig: isDisableNotification = true
03-11 01:58:38.202 1530 1530 I notification_enqueue: [10078,1950,com.android.systemui,2048,NULL,0,Notification(channel=updateNotification shortcut=null contentView=null vibrate=null sound=null defaults=0x0 flags=0x0 color=0x00000000 vis=PRIVATE),1]
03-11 01:58:38.202 1950 1950 I sysui_multi_action: [757,111,758,2]
03-11 01:58:38.203 1950 1950 I sysui_multi_action: [757,111,758,2]
03-11 01:58:38.208 1530 1607 I DisplayDeviceRepository: Display device changed state: "内置屏幕", OFF
03-11 01:58:38.228 1530 4316 I sysui_multi_action: [757,128,758,2,793,2992155,794,1955,795,2992155,796,26,798,0,806,android,857,DEVELOPER_IMPORTANT,858,4,947,0,1395,2,1500,2991951,1688,1]
03-11 01:58:38.228 1530 4316 I notification_visibility: [-1|android|26|null|1000,0,2992155,2992155,0,0]
03-11 01:58:38.228 1530 4316 I sysui_multi_action: [757,128,758,2,793,3093611,794,1955,795,3093611,796,32,798,1,806,android,857,USB,858,1,947,0,1395,2,1500,3093251,1688,1]
03-11 01:58:38.228 1530 4316 I notification_visibility: [-1|android|32|null|1000,0,3093611,3093611,0,1]
03-11 01:58:38.228 1530 4316 I sysui_multi_action: [757,127,758,2]
03-11 01:58:38.228 1530 4316 I notification_panel_hidden:
01-01 09:05:39.288 0 0 I : [MAX975X:max96755x_drm_notifier_callback] *INFO* receives EARLY_BLANK:POWERDOWN
01-01 09:05:39.289 0 0 I atmel_mxt_ts 0-004a: FB event:2,blank:1
01-01 09:05:39.289 0 0 I atmel_mxt_ts 0-004a: drm_notifier_callback: POWERDOWN! Suspend by drm notifier.
01-01 09:05:39.339 0 0 I : [MAX975X:max96755x_drm_notifier_callback] *INFO* receives BLANK:POWERDOWN
01-01 09:05:39.339 0 0 I atmel_mxt_ts 0-004a: FB event:1,blank:1
01-01 09:05:39.339 0 0 I atmel_mxt_ts 0-004a: resume: event = 1 blank = 1, not care
03-11 01:58:38.300 1530 1530 I sysui_multi_action: [757,198,758,2,759,2,1359,235,1695,4]
03-11 01:58:38.300 1530 1530 I power_screen_state: [0,2,0,0,235]
03-11 01:58:38.300 1530 1530 I screen_toggled: 0
03-11 01:58:38.300 1530 1530 I sysui_multi_action: [757,804,799,screen_timeout,801,60,802,1]
03-11 01:58:38.301 1530 1694 I input_focus: [Focus leaving bb33d3e NotificationShade (server),reason=NO_WINDOW]
03-11 01:58:38.301 1530 1530 I sysui_multi_action: [757,1594,758,4,759,-2147483648,1359,2204867]
03-11 01:58:38.301 1530 1530 I power_screen_broadcast_send: 1
03-11 01:58:38.318 1530 1530 I battery_saving_stats: [0,1,0,2204943,0,0,3081154,0,0]
03-11 01:58:38.404 1530 1530 I GameModeConfig: isGameModeOn = true
03-11 01:58:38.404 1530 1530 I GameModeConfig: isGaming = true
03-11 01:58:38.404 1530 1530 I GameModeConfig: isDisableNotification = true
03-11 01:58:38.404 1530 1530 I GameModeConfig: isGameModeOn = true
03-11 01:58:38.404 1530 1530 I GameModeConfig: isGaming = true
03-11 01:58:38.404 1530 1530 I GameModeConfig: isDisableNotification = true
03-11 01:58:38.456 1530 1613 I am_meminfo: [3172827136,1482878976,7577600,371064832,641335296]
03-11 01:58:38.467 1530 1613 I am_pss : [3163,10034,com.baidu.input,117340160,102838272,0,259309568,1,7,10]
03-11 01:58:38.474 1530 1613 I am_pss : [1931,1002,com.android.bluetooth,23420928,18563072,0,126459904,1,0,7]
03-11 01:58:38.480 1530 1613 I am_pss : [2926,10091,com.android.providers.media.module,20228096,16543744,0,119525376,1,0,5]
03-11 01:58:38.485 1530 1613 I am_pss : [3603,10031,com.android.packageinstaller,16174080,724992,14424064,47161344,1,19,4]
03-11 01:58:38.491 1530 1613 I am_pss : [2423,10092,android.ext.services,12763136,6594560,0,112181248,1,5,5]
03-11 01:58:38.496 1530 1613 I am_pss : [2916,10069,com.qualcomm.location.XT,6578176,4321280,0,90902528,1,6,4]
03-11 01:58:38.500 1530 1613 I am_pss : [3555,10029,com.android.managedprovisioning,16589824,868352,14635008,48709632,1,19,4]
03-11 01:58:38.506 1530 1613 I am_pss : [2881,10085,com.qualcomm.qti.workloadclassifier,10826752,8220672,0,98787328,1,0,5]
03-11 01:58:38.512 1530 1613 I am_pss : [2824,10052,.pasr,5835776,3710976,0,86794240,1,0,5]
03-11 01:58:38.517 1530 1613 I am_pss : [2836,10081,com.qualcomm.qti.qccnetstat,6218752,4034560,0,88571904,1,0,4]
03-11 01:58:38.523 1530 1613 I am_pss : [2828,10076,com.qualcomm.qti.services.systemhelper:systemhelper_service,6396928,4173824,0,90144768,1,0,4]
03-11 01:58:38.528 1530 1613 I am_pss : [2811,1000,com.hryt.hiphishowfsecontrol,7733248,5226496,0,95985664,1,0,5]
03-11 01:58:38.534 1530 1613 I am_pss : [2780,10056,ts.car.uart,6000640,3887104,0,87105536,1,0,4]
03-11 01:58:38.539 1530 1613 I am_pss : [2754,10086,com.hht.lebocast,39257088,20717568,0,98246656,1,0,5]
03-11 01:58:38.545 1530 1613 I am_pss : [2636,10070,com.qualcomm.location,8566784,5677056,0,98992128,1,0,4]
03-11 01:58:38.551 1530 1613 I am_pss : [2334,1000,com.thundercomm.remotecontrolservice,9346048,6799360,0,96526336,1,0,5]
03-11 01:58:38.558 1530 1613 I am_pss : [2367,1000,com.qualcomm.qti.qdma,14777344,10981376,0,112988160,1,0,6]
03-11 01:58:38.560 21696 21696 I wm_on_paused_called: [201648842,com.tencent.tmgp.sgame.SGameActivity,performPause]
03-11 01:58:38.562 1530 1607 I sysui_multi_action: [757,803,799,window_time_0,802,42]
03-11 01:58:38.563 1530 1613 I am_pss : [3126,10061,com.qualcomm.qti.devicestatisticsservice,5772288,3653632,0,86491136,1,0,5]
03-11 01:58:38.563 1530 1530 I power_screen_broadcast_done: [0,262,1]
03-11 01:58:38.569 1530 1613 I am_pss : [2345,1000,com.thundercomm.tcservice,8750080,6385664,0,94830592,1,0,5]
03-11 01:58:38.574 1530 1613 I am_pss : [2300,1068,com.android.se,6130688,3936256,0,89100288,1,0,4]
03-11 01:58:38.579 1530 1613 I am_pss : [2292,10082,com.qti.qualcomm.mstatssystemservice,5876736,3751936,0,87396352,1,0,5]
03-11 01:58:38.584 1530 1613 I am_pss : [2268,1000,vendor.qti.qesdk.sysservice,5904384,3723264,0,88723456,1,0,4]
03-11 01:58:38.592 1530 1613 I am_pss : [2223,1000,com.thundercomm.tcsetupwizard,42627072,37359616,0,156565504,1,0,6]
01-01 09:05:39.640 0 0 E DTC_ETH,link_delay_work_func: 3003, SQI=0, link=0
03-11 01:58:38.598 1530 1613 I am_pss : [2190,1000,com.thundercomm.tchttpserver,6606848,4427776,0,89296896,1,0,5]
03-11 01:58:38.604 1530 1613 I am_pss : [2202,1000,com.tc.logclient,7098368,4685824,0,94490624,1,0,6]
03-11 01:58:38.610 1530 1613 I am_pss : [2172,10055,.qtidataservices,6179840,4009984,0,88719360,1,0,5]
03-11 01:58:38.616 1530 1613 I am_pss : [2157,1001,.dataservices,9138176,6660096,0,95150080,1,0,6]
03-11 01:58:38.624 1530 1613 I am_pss : [2139,1000,com.thundercomm.microsettings,12537856,5824512,0,106856448,1,0,5]
03-11 01:58:38.630 1530 1613 I am_pss : [2130,1000,com.thundercomm.microservice,6894592,4702208,0,90226688,1,0,5]
03-11 01:58:38.639 1530 1613 I am_pss : [2054,1000,com.thundercomm.gamemode,23236608,17883136,0,137932800,1,0,7]
03-11 01:58:38.647 1530 1613 I am_pss : [2008,1073,com.android.networkstack.process,13986816,10858496,0,106393600,1,0,5]
03-11 01:58:38.663 1530 4316 W FreeFormWindowHelper: Current Display FreeFormTask is null
03-11 01:58:38.672 1530 1613 I am_pss : [1530,1000,system,228488192,139669504,0,540917760,1,0,20]
03-11 01:58:38.929 1530 1695 I intercept_power: [ACTION_DOWN,0,0]
03-11 01:58:38.931 1530 1695 I PowerManagerService: Powering on display group fromAsleep (groupId=0, uid=1000, reason=WAKE_REASON_POWER_BUTTON, details=android.policy:POWER)...
03-11 01:58:38.931 1530 1695 I PowerManagerService: Waking up from Asleep (uid=1000, reason=WAKE_REASON_POWER_BUTTON, details=android.policy:POWER)...
03-11 01:58:38.936 1530 1630 I DisplayPowerController[0]: Blocking screen on until initial contents have been drawn.
03-11 01:58:38.936 1530 1695 I intercept_power: [ACTION_UP,0,0]
03-11 01:58:38.937 1530 1630 D ActivityTaskManager: Top Process State changed to PROCESS_STATE_TOP
03-11 01:58:38.937 1530 1530 I screen_toggled: 1
03-11 01:58:38.938 1530 1621 E KernelCpuSpeedReader: Failed to read cpu-freq: /sys/devices/system/cpu/cpu4/cpufreq/stats/time_in_state: open failed: ENOENT (No such file or directory)
03-11 01:58:38.939 1530 1621 E KernelCpuSpeedReader: Failed to read cpu-freq: /sys/devices/system/cpu/cpu0/cpufreq/stats/time_in_state: open failed: ENOENT (No such file or directory)
03-11 01:58:38.954 1530 1630 I wm_set_resumed_activity: [0,com.tencent.tmgp.sgame/.SGameActivity,resumeTopActivityInnerLocked]
03-11 01:58:38.961 1530 1630 I wm_resume_activity: [0,201648842,55,com.tencent.tmgp.sgame/.SGameActivity]
03-11 01:58:38.962 1530 1530 I power_screen_broadcast_send: 1
03-11 01:58:38.963 1530 1608 I input_focus: [Focus request c78a2bf com.tencent.tmgp.sgame/com.tencent.tmgp.sgame.SGameActivity,reason=UpdateInputWindows]
03-11 01:58:38.965 1530 1530 I WindowManager: Suppressed redundant power key press while already in the process of turning the screen on.
03-11 01:58:38.966 1530 1614 W BroadcastQueue: Background execution not allowed: receiving Intent { act=android.intent.action.USER_PRESENT flg=0x24200010 } to com.microsoft.emmx/org.chromium.chrome.browser.sharing.click_to_call.ClickToCallMessageHandler$PhoneUnlockedReceiver
03-11 01:58:38.972 1530 1630 V DisplayPowerController[0]: Brightness [1.0] reason changing to: 'manual', previous reason: 'screen_off'.
03-11 01:58:38.972 1530 1630 I sysui_multi_action: [757,1696,758,6,759,3]
03-11 01:58:38.972 1530 1630 I DisplayPowerController[0]: Unblocked screen on after 36 ms
03-11 01:58:38.976 1530 1607 I DisplayDeviceRepository: Display device changed state: "内置屏幕", ON
03-11 01:58:38.979 21696 21696 I wm_on_resume_called: [201648842,com.tencent.tmgp.sgame.SGameActivity,RESUME_ACTIVITY]
03-11 01:58:38.980 21696 21696 I wm_on_top_resumed_gained_called: [201648842,com.tencent.tmgp.sgame.SGameActivity,topWhenResuming]
01-01 09:05:40.024 0 0 I : [MAX975X:max96755x_drm_notifier_callback] *INFO* receives EARLY_BLANK:UNBLANK
01-01 09:05:40.024 0 0 I atmel_mxt_ts 0-004a: FB event:2,blank:0
01-01 09:05:40.024 0 0 I atmel_mxt_ts 0-004a: suspend: event = 2, blank = 0, not care
01-01 09:05:40.024 0 0 I [drm:dsi_display_set_mode] [msm-dsi-info]: mdp_transfer_time_us=0 us
01-01 09:05:40.024 0 0 I [drm:dsi_display_set_mode] [msm-dsi-info]: hactive= 2560,vactive= 1080,fps=30
01-01 09:05:40.024 0 0 I [drm:dsi_ctrl_isr_configure] [msm-dsi-info]: dsi-ctrl-0: IRQ 402 registered
03-11 01:58:38.987 1530 1530 I battery_saving_stats: [0,0,0,669,0,0,14427,0,0]
01-01 09:05:40.052 0 0 I [schedu][0xde415a335][01:58:39.006812] wlan: [3444:I:OSIF] scan start scan id 41004
03-11 01:58:39.016 1530 1530 I power_screen_broadcast_done: [1,54,1]
03-11 01:58:39.028 1530 1694 I input_interaction: Interaction with: edge-swipe (server), swipe-up (server), PointerEventDispatcher0 (server),
01-01 09:05:40.078 0 0 I : [MAX975X:max96755x_drm_notifier_callback] *INFO* receives BLANK:UNBLANK
01-01 09:05:40.078 0 0 I atmel_mxt_ts 0-004a: FB event:1,blank:0
01-01 09:05:40.078 0 0 I atmel_mxt_ts 0-004a: drm_notifier_callback: UNBLANK! Resume by drm notifier.
03-11 01:58:39.034 1530 1888 E DisplayDeviceConfig: requesting nits when no mapping exists.
03-11 01:58:39.035 1530 1888 E DisplayDeviceConfig: requesting nits when no mapping exists.
03-11 01:58:39.035 1530 1614 I am_wtf : [0,1530,system_server,-1,DisplayDeviceConfig,requesting nits when no mapping exists.]
03-11 01:58:39.036 1530 1530 I sysui_multi_action: [757,198,758,1,759,1,1359,107,1694,1]
03-11 01:58:39.036 1530 1530 I power_screen_state: [1,0,0,0,107]
03-11 01:58:39.038 1530 1694 I input_focus: [Focus entering c78a2bf com.tencent.tmgp.sgame/com.tencent.tmgp.sgame.SGameActivity (server),reason=setFocusedWindow]
03-11 01:58:39.042 1530 1614 I DropBoxManagerService: add tag=system_server_wtf isTagEnabled=true flags=0x2
03-11 01:58:39.043 1530 1614 I am_wtf : [0,1530,system_server,-1,DisplayDeviceConfig,requesting nits when no mapping exists.]
03-11 01:58:39.045 1530 1614 I DropBoxManagerService: add tag=system_server_wtf isTagEnabled=true flags=0x2
03-11 01:58:39.066 1530 1607 I wm_task_moved: [1,0,6]
03-11 01:58:39.066 1530 1607 I wm_add_to_stopping: [0,152492181,com.android.launcher3/.uioverrides.QuickstepLauncher,makeInvisible]
03-11 01:58:39.071 1530 1607 I wm_stop_activity: [0,152492181,com.android.launcher3/.uioverrides.QuickstepLauncher]
03-11 01:58:39.103 2553 2553 I wm_on_stop_called: [152492181,com.android.launcher3.uioverrides.QuickstepLauncher,STOP_ACTIVITY_ITEM]
03-11 01:58:39.114 1530 1613 W UsageStatsService: Unexpected activity event reported! (com.android.launcher3/com.android.launcher3.uioverrides.QuickstepLauncher event : 23 instanceId : 213544628)
03-11 01:58:39.291 0 0 I auditd : type=1400 audit(0.0:3915): avc: denied { kill } for comm="swapper/3" capability=5 scontext=u:r:kernel:s0 tcontext=u:r:kernel:s0 tclass=capability permissive=0
03-11 01:58:39.869 1530 1694 I input_interaction: Interaction with: c78a2bf com.tencent.tmgp.sgame/com.tencent.tmgp.sgame.SGameActivity (server), edge-swipe (server), swipe-up (server), PointerEventDispatcher0 (server),
03-11 01:58:40.771 1530 1711 I netstats_mobile_sample: [0,0,0,0,0,0,0,0,0,0,0,0,1678697059528]
03-11 01:58:40.771 1530 1711 I netstats_wifi_sample: [339191810,265542,5104139,68811,339187258,265538,5104139,68811,335393157,266945,4444185,67031,1678697059528]
03-11 01:58:41.291 0 0 I auditd : type=1400 audit(0.0:3916): avc: denied { kill } for comm="swapper/2" capability=5 scontext=u:r:kernel:s0 tcontext=u:r:kernel:s0 tclass=capability permissive=0
01-01 09:05:42.459 0 0 I [schedu][0xde6d6ee6a][01:58:41.414215] wlan: [3444:I:OSIF] vdev 0, scan id 41004 type COMPLETED(1) reason COMPLETED(1) scan found 21 bss
03-11 01:58:42.011 1530 1752 I GameModeConfig: isGameModeOn = true
03-11 01:58:42.011 1530 1752 I GameModeConfig: isGaming = true
03-11 01:58:42.011 1530 1752 I GameModeConfig: isDisableNotification = true
03-11 01:58:42.011 1530 1752 I GameModeConfig: isGameModeOn = true
03-11 01:58:42.011 1530 1752 I GameModeConfig: isGaming = true
03-11 01:58:42.011 1530 1752 I GameModeConfig: isDisableNotification = true
03-11 01:58:43.291 0 0 I auditd : type=1400 audit(0.0:3917): avc: denied { kill } for comm="swapper/2" capability=5 scontext=u:r:kernel:s0 tcontext=u:r:kernel:s0 tclass=capability permissive=0
01-01 09:05:44.760 0 0 E DTC_ETH,link_delay_work_func: 3003, SQI=0, link=0
03-11 01:58:43.863 1530 1711 I netstats_mobile_sample: [0,0,0,0,0,0,0,0,0,0,0,0,1678697062621]
03-11 01:58:43.863 1530 1711 I netstats_wifi_sample: [339191810,265542,5104139,68811,339187258,265538,5104139,68811,335393157,266945,4444185,67031,1678697062621]
03-11 01:58:44.291 0 0 I auditd : type=1400 audit(0.0:3918): avc: denied { kill } for comm="swapper/2" capability=5 scontext=u:r:kernel:s0 tcontext=u:r:kernel:s0 tclass=capability permissive=0
03-11 01:58:45.291 0 0 I auditd : type=1400 audit(0.0:3919): avc: denied { kill } for comm="swapper/2" capability=5 scontext=u:r:kernel:s0 tcontext=u:r:kernel:s0 tclass=capability permissive=0
03-11 01:58:45.740 1530 1530 I service_manager_stats: [100,72,21529]
03-11 01:58:46.209 1530 1711 I netstats_mobile_sample: [0,0,0,0,0,0,0,0,0,0,0,0,1678697064966]
03-11 01:58:46.209 1530 1711 I netstats_wifi_sample: [339191810,265542,5104139,68811,339187258,265538,5104139,68811,335393157,266945,4444185,67031,1678697064966]
03-11 01:58:46.291 0 0 I auditd : type=1400 audit(0.0:3920): avc: denied { kill } for comm="swapper/2" capability=5 scontext=u:r:kernel:s0 tcontext=u:r:kernel:s0 tclass=capability permissive=0
03-11 01:58:47.291 0 0 I auditd : type=1400 audit(0.0:3921): avc: denied { kill } for comm="swapper/2" capability=5 scontext=u:r:kernel:s0 tcontext=u:r:kernel:s0 tclass=capability permissive=0
03-11 01:58:48.141 1530 1711 I netstats_mobile_sample: [0,0,0,0,0,0,0,0,0,0,0,0,1678697066899]
03-11 01:58:48.142 1530 1711 I netstats_wifi_sample: [339191810,265542,5104139,68811,339187258,265538,5104139,68811,335393157,266945,4444185,67031,1678697066899]
03-11 01:58:48.203 1530 1752 I GameModeConfig: isGameModeOn = true
03-11 01:58:48.203 1530 1752 I GameModeConfig: isGaming = true
03-11 01:58:48.203 1530 1752 I GameModeConfig: isDisableNotification = true
03-11 01:58:48.203 1530 1752 I GameModeConfig: isGameModeOn = true
03-11 01:58:48.203 1530 1752 I GameModeConfig: isGaming = true
03-11 01:58:48.203 1530 1752 I GameModeConfig: isDisableNotification = true
03-11 01:58:48.291 0 0 I auditd : type=1400 audit(0.0:3922): avc: denied { kill } for comm="swapper/2" capability=5 scontext=u:r:kernel:s0 tcontext=u:r:kernel:s0 tclass=capability permissive=0
03-11 01:58:48.405 1530 1752 I GameModeConfig: isGameModeOn = true
03-11 01:58:48.405 1530 1752 I GameModeConfig: isGaming = true
03-11 01:58:48.405 1530 1752 I GameModeConfig: isDisableNotification = true
03-11 01:58:48.405 1530 1752 I GameModeConfig: isGameModeOn = true
03-11 01:58:48.405 1530 1752 I GameModeConfig: isGaming = true
03-11 01:58:48.405 1530 1752 I GameModeConfig: isDisableNotification = true
01-01 09:05:49.880 0 0 E DTC_ETH,link_delay_work_func: 3003, SQI=0, link=0
03-11 01:58:50.291 0 0 I auditd : type=1400 audit(0.0:3923): avc: denied { kill } for comm="swapper/2" capability=5 scontext=u:r:kernel:s0 tcontext=u:r:kernel:s0 tclass=capability permissive=0
01-01 09:05:52.270 0 0 I [schedu][0xdf211435c][01:58:51.225268] wlan: [3444:I:WMA] [01:58:51.169000] [ROAM_TRIGGER]: VDEV[0] Reason: "LOW RSSI" Cur_Rssi threshold:92 Current AP RSSI: 87
01-01 09:05:52.270 0 0 I [schedu][0xdf211470b][01:58:51.225317] wlan: [3444:I:WMA] [01:58:51.169000] [ROAM_SCAN]: VDEV[0] Scan_type: PARTIAL next_rssi_threshold: 92 dBm {2412 }
01-01 09:05:52.270 0 0 I [schedu][0xdf2114850][01:58:51.225333] wlan: [3444:I:WMA] ============================================================================================================================
01-01 09:05:52.270 0 0 I [schedu][0xdf21149f6][01:58:51.225355] wlan: [3444:I:WMA] AP BSSID TSTAMP CH TY ETP RSSI/SCR CU%/SCR TOT_SCR BL_RSN BL_SRC BL_TSTAMP BL_TIMEOUT(ms)
01-01 09:05:52.270 0 0 I [schedu][0xdf2114b2e][01:58:51.225372] wlan: [3444:I:WMA] ============================================================================================================================
01-01 09:05:52.270 0 0 I [schedu][0xdf2114d6a][01:58:51.225401] wlan: [3444:I:WMA] d6:44:3b:15:39:91 [01:58:51.169000] 2412 P_AP 0 87/0 0/0 1005 0 0 [00:00:00.000000] 0
01-01 09:05:52.271 0 0 I [schedu][0xdf2114f28][01:58:51.225425] wlan: [3444:I:WMA] [01:58:51.222000] [ROAM_RESULT]: VDEV[0] FAILED Reason: NO AP FOUND
03-11 01:58:51.291 0 0 I auditd : type=1400 audit(0.0:3924): avc: denied { kill } for comm="swapper/2" capability=5 scontext=u:r:kernel:s0 tcontext=u:r:kernel:s0 tclass=capability permissive=0
03-11 01:58:52.182 1530 1711 I netstats_mobile_sample: [0,0,0,0,0,0,0,0,0,0,0,0,1678697070940]
03-11 01:58:52.182 1530 1711 I netstats_wifi_sample: [339191810,265542,5104139,68811,339187258,265538,5104139,68811,335393157,266945,4444185,67031,1678697070940]
03-11 01:58:52.291 0 0 I auditd : type=1400 audit(0.0:3925): avc: denied { kill } for comm="swapper/2" capability=5 scontext=u:r:kernel:s0 tcontext=u:r:kernel:s0 tclass=capability permissive=0
03-11 01:58:53.291 0 0 I auditd : type=1400 audit(0.0:3926): avc: denied { kill } for comm="swapper/2" capability=5 scontext=u:r:kernel:s0 tcontext=u:r:kernel:s0 tclass=capability permissive=0
01-01 09:05:55.000 0 0 E DTC_ETH,link_delay_work_func: 3003, SQI=0, link=0
03-11 01:58:54.291 0 0 I auditd : type=1400 audit(0.0:3927): avc: denied { kill } for comm="swapper/2" capability=5 scontext=u:r:kernel:s0 tcontext=u:r:kernel:s0 tclass=capability permissive=0
03-11 01:58:55.291 0 0 I auditd : type=1400 audit(0.0:3928): avc: denied { kill } for comm="swapper/2" capability=5 scontext=u:r:kernel:s0 tcontext=u:r:kernel:s0 tclass=capability permissive=0
03-11 01:58:56.291 0 0 I auditd : type=1400 audit(0.0:3929): avc: denied { kill } for comm="swapper/2" capability=5 scontext=u:r:kernel:s0 tcontext=u:r:kernel:s0 tclass=capability permissive=0
03-11 01:58:57.291 0 0 I auditd : type=1400 audit(0.0:3930): avc: denied { kill } for comm="swapper/2" capability=5 scontext=u:r:kernel:s0 tcontext=u:r:kernel:s0 tclass=capability permissive=0
01-01 09:05:59.089 0 0 I logd : logdr: UID=1000 GID=1000 PID=22180 n tail=127 logMask=19 pid=0 start=0ns deadline=0ns
01-01 09:05:59.141 0 0 I [schedu][0xdf9ee2316][01:58:58.095877] wlan: [3444:I:WMA] [01:58:58.034000] [ROAM_TRIGGER]: VDEV[0] Reason: "FORCED SCAN"
01-01 09:05:59.141 0 0 I [schedu][0xdf9ee24f1][01:58:58.095902] wlan: [3444:I:WMA] [01:58:58.034000] [ROAM_SCAN]: VDEV[0] Scan_type: PARTIAL {2412 }
01-01 09:05:59.141 0 0 I [schedu][0xdf9ee2593][01:58:58.095910] wlan: [3444:I:WMA] ============================================================================================================================
01-01 09:05:59.141 0 0 I [schedu][0xdf9ee266e][01:58:58.095922] wlan: [3444:I:WMA] AP BSSID TSTAMP CH TY ETP RSSI/SCR CU%/SCR TOT_SCR BL_RSN BL_SRC BL_TSTAMP BL_TIMEOUT(ms)
01-01 09:05:59.141 0 0 I [schedu][0xdf9ee270e][01:58:58.095930] wlan: [3444:I:WMA] ============================================================================================================================
01-01 09:05:59.141 0 0 I [schedu][0xdf9ee2826][01:58:58.095944] wlan: [3444:I:WMA] d6:44:3b:15:39:91 [01:58:58.034000] 2412 P_AP 0 89/0 0/0 1005 0 0 [00:00:00.000000] 0
01-01 09:05:59.141 0 0 I [schedu][0xdf9ee2916][01:58:58.095957] wlan: [3444:I:WMA] [01:58:58.093000] [ROAM_RESULT]: VDEV[0] FAILED Reason: NO AP FOUND
01-01 09:05:59.201 0 0 I logd : logdr: UID=1000 GID=1000 PID=22183 n tail=127 logMask=80 pid=0 start=0ns deadline=0ns
03-11 01:58:58.243 835 835 I auditd : type=1400 audit(0.0:3931): avc: denied { search } for comm="wifi@1.0-servic" name="tombstones" dev="dm-10" ino=36 scontext=u:r:hal_wifi_default:s0 tcontext=u:object_r:vendor_tombstone_data_file:s0 tclass=dir permissive=0
03-11 01:58:58.248 835 835 E android.hardware.wifi@1.0-service: Failed to open directory: Permission denied
03-11 01:58:58.248 835 835 E android.hardware.wifi@1.0-service: Error occurred while deleting old tombstone files
03-11 01:58:58.248 835 835 E android.hardware.wifi@1.0-service: Error writing files to flash
01-01 09:05:59.300 0 0 E [wifi@1][0xdfa1c9efc][01:58:58.254542] wlan: [835:E:QDF] cds_flush_logs: 2424: Bug report already in progress - dropping! type:0, indicator=1 reason_code=0
01-01 09:05:59.300 0 0 E [wifi@1][0xdfa1ca208][01:58:58.254583] wlan: [835:E:HDD] __wlan_hdd_cfg80211_wifi_logger_get_ring_data: 9840: Failed to trigger bug report
01-01 09:05:59.338 0 0 I logd : logdr: UID=1000 GID=1000 PID=22185 n tail=127 logMask=19 pid=0 start=0ns deadline=0ns
03-11 01:58:58.291 0 0 I auditd : type=1400 audit(0.0:3932): avc: denied { kill } for comm="swapper/2" capability=5 scontext=u:r:kernel:s0 tcontext=u:r:kernel:s0 tclass=capability permissive=0
01-01 09:05:59.457 0 0 I logd : logdr: UID=1000 GID=1000 PID=22187 n tail=127 logMask=80 pid=0 start=0ns deadline=0ns
03-11 01:58:58.487 835 835 I auditd : type=1400 audit(0.0:3933): avc: denied { search } for comm="wifi@1.0-servic" name="tombstones" dev="dm-10" ino=36 scontext=u:r:hal_wifi_default:s0 tcontext=u:object_r:vendor_tombstone_data_file:s0 tclass=dir permissive=0
03-11 01:58:58.492 835 835 E android.hardware.wifi@1.0-service: Failed to open directory: Permission denied
03-11 01:58:58.493 835 835 E android.hardware.wifi@1.0-service: Error occurred while deleting old tombstone files
03-11 01:58:58.493 835 835 E android.hardware.wifi@1.0-service: Error writing files to flash
01-01 09:05:59.544 0 0 E [wifi@1][0xdfa644c44][01:58:58.499199] wlan: [835:E:QDF] cds_flush_logs: 2424: Bug report already in progress - dropping! type:0, indicator=1 reason_code=0
01-01 09:05:59.544 0 0 E [wifi@1][0xdfa644ebf][01:58:58.499232] wlan: [835:E:HDD] __wlan_hdd_cfg80211_wifi_logger_get_ring_data: 9840: Failed to trigger bug report
01-01 09:05:59.577 0 0 I logd : logdr: UID=1000 GID=1000 PID=22189 n tail=127 logMask=19 pid=0 start=0ns deadline=0ns
01-01 09:05:59.699 0 0 I logd : logdr: UID=1000 GID=1000 PID=22191 n tail=127 logMask=80 pid=0 start=0ns deadline=0ns
03-11 01:58:58.667 1530 1694 I input_interaction: Interaction with: c78a2bf com.tencent.tmgp.sgame/com.tencent.tmgp.sgame.SGameActivity (server), PointerEventDispatcher0 (server),
03-11 01:58:58.731 835 835 I auditd : type=1400 audit(0.0:3934): avc: denied { search } for comm="wifi@1.0-servic" name="tombstones" dev="dm-10" ino=36 scontext=u:r:hal_wifi_default:s0 tcontext=u:object_r:vendor_tombstone_data_file:s0 tclass=dir permissive=0
03-11 01:58:58.737 835 835 E android.hardware.wifi@1.0-service: Failed to open directory: Permission denied
03-11 01:58:58.737 835 835 E android.hardware.wifi@1.0-service: Error occurred while deleting old tombstone files
03-11 01:58:58.737 835 835 E android.hardware.wifi@1.0-service: Error writing files to flash
01-01 09:06:00.121 0 0 E DTC_ETH,link_delay_work_func: 3003, SQI=0, link=0
03-11 01:58:59.291 0 0 I auditd : type=1400 audit(0.0:3935): avc: denied { kill } for comm="swapper/2" capability=5 scontext=u:r:kernel:s0 tcontext=u:r:kernel:s0 tclass=capability permissive=0
01-01 09:06:01.446 0 0 E [wifi@1][0xdfc918baa][01:59:00.401271] wlan: [835:E:QDF] cds_flush_logs: 2424: Bug report already in progress - dropping! type:0, indicator=1 reason_code=0
01-01 09:06:01.446 0 0 E [wifi@1][0xdfc918f0b][01:59:00.401316] wlan: [835:E:HDD] __wlan_hdd_cfg80211_wifi_logger_get_ring_data: 9840: Failed to trigger bug report
03-11 01:59:00.631 835 835 I auditd : type=1400 audit(0.0:3936): avc: denied { search } for comm="wifi@1.0-servic" name="tombstones" dev="dm-10" ino=36 scontext=u:r:hal_wifi_default:s0 tcontext=u:object_r:vendor_tombstone_data_file:s0 tclass=dir permissive=0
03-11 01:59:00.636 835 835 E android.hardware.wifi@1.0-service: Failed to open directory: Permission denied
03-11 01:59:00.636 835 835 E android.hardware.wifi@1.0-service: Error occurred while deleting old tombstone files
03-11 01:59:00.636 835 835 E android.hardware.wifi@1.0-service: Error writing files to flash
03-11 01:59:00.755 21696 21696 I auditd : type=1400 audit(0.0:3937): avc: denied { read } for comm="pcdn_udp" name="snmp" dev="proc" ino=4026532261 scontext=u:r:untrusted_app_29:s0:c93,c256,c512,c768 tcontext=u:object_r:proc_net:s0 tclass=file permissive=0 app=com.tencent.tmgp.sgame
03-11 01:59:01.291 0 0 I auditd : type=1400 audit(0.0:3938): avc: denied { kill } for comm="swapper/2" capability=5 scontext=u:r:kernel:s0 tcontext=u:r:kernel:s0 tclass=capability permissive=0
01-01 09:06:02.600 0 0 I [schedu][0xdfde376f2][01:59:01.554702] wlan: [3444:I:WMA] [01:58:58.099000] [ROAM_TRIGGER]: VDEV[0] Reason: "FORCED SCAN" Sub-Reason: FULL SCAN
01-01 09:06:02.600 0 0 I [schedu][0xdfde379f6][01:59:01.554742] wlan: [3444:I:WMA] [01:58:58.099000] [ROAM_SCAN]: VDEV[0] Scan_type: FULL
01-01 09:06:02.600 0 0 I [schedu][0xdfde37b3d][01:59:01.554759] wlan: [3444:I:WMA] ============================================================================================================================
01-01 09:06:02.600 0 0 I [schedu][0xdfde37ff1][01:59:01.554822] wlan: [3444:I:WMA] AP BSSID TSTAMP CH TY ETP RSSI/SCR CU%/SCR TOT_SCR BL_RSN BL_SRC BL_TSTAMP BL_TIMEOUT(ms)
01-01 09:06:02.600 0 0 I [schedu][0xdfde3812b][01:59:01.554838] wlan: [3444:I:WMA] ============================================================================================================================
01-01 09:06:02.600 0 0 I [schedu][0xdfde38389][01:59:01.554870] wlan: [3444:I:WMA] d6:44:3b:15:39:91 [01:58:58.099000] 2412 P_AP 0 89/0 0/0 1005 0 0 [00:00:00.000000] 0
01-01 09:06:02.600 0 0 I [schedu][0xdfde38561][01:59:01.554894] wlan: [3444:I:WMA] [01:59:01.552000] [ROAM_RESULT]: VDEV[0] FAILED Reason: NO AP FOUND
03-11 01:59:02.291 0 0 I auditd : type=1400 audit(0.0:3939): avc: denied { kill } for comm="swapper/2" capability=5 scontext=u:r:kernel:s0 tcontext=u:r:kernel:s0 tclass=capability permissive=0
03-11 01:59:02.555 1530 1614 I am_uid_idle: 10064
03-11 01:59:03.291 0 0 I auditd : type=1400 audit(0.0:3940): avc: denied { kill } for comm="swapper/2" capability=5 scontext=u:r:kernel:s0 tcontext=u:r:kernel:s0 tclass=capability permissive=0
01-01 09:06:04.348 0 0 I logd : logdr: UID=1000 GID=1000 PID=22197 n tail=127 logMask=19 pid=0 start=0ns deadline=0ns
01-01 09:06:04.468 0 0 I logd : logdr: UID=1000 GID=1000 PID=22199 n tail=127 logMask=80 pid=0 start=0ns deadline=0ns
03-11 01:59:03.503 835 835 I auditd : type=1400 audit(0.0:3941): avc: denied { search } for comm="wifi@1.0-servic" name="tombstones" dev="dm-10" ino=36 scontext=u:r:hal_wifi_default:s0 tcontext=u:object_r:vendor_tombstone_data_file:s0 tclass=dir permissive=0
03-11 01:59:03.509 835 835 E android.hardware.wifi@1.0-service: Failed to open directory: Permission denied
03-11 01:59:03.510 835 835 E android.hardware.wifi@1.0-service: Error occurred while deleting old tombstone files
03-11 01:59:03.510 835 835 E android.hardware.wifi@1.0-service: Error writing files to flash
01-01 09:06:05.240 0 0 E DTC_ETH,link_delay_work_func: 3003, SQI=0, link=0
03-11 01:59:04.291 0 0 I auditd : type=1400 audit(0.0:3942): avc: denied { kill } for comm="swapper/2" capability=5 scontext=u:r:kernel:s0 tcontext=u:r:kernel:s0 tclass=capability permissive=0
03-11 01:59:04.494 1530 1711 I netstats_mobile_sample: [0,0,0,0,0,0,0,0,0,0,0,0,1678697083252]
03-11 01:59:04.494 1530 1711 I netstats_wifi_sample: [339191810,265542,5104139,68811,339187258,265538,5104139,68811,335393157,266945,4444185,67031,1678697083252]
01-01 09:06:06.061 0 0 E [wifi@1][0xe01d98292][01:59:05.015977] wlan: [835:E:QDF] cds_flush_logs: 2424: Bug report already in progress - dropping! type:0, indicator=1 reason_code=0
01-01 09:06:06.061 0 0 E [wifi@1][0xe01d985e6][01:59:05.016021] wlan: [835:E:HDD] __wlan_hdd_cfg80211_wifi_logger_get_ring_data: 9840: Failed to trigger bug report
01-01 09:06:06.098 0 0 I logd : logdr: UID=1000 GID=1000 PID=22204 n tail=127 logMask=19 pid=0 start=0ns deadline=0ns
01-01 09:06:06.215 0 0 I logd : logdr: UID=1000 GID=1000 PID=22206 n tail=127 logMask=80 pid=0 start=0ns deadline=0ns
03-11 01:59:05.243 835 835 I auditd : type=1400 audit(0.0:3943): avc: denied { search } for comm="wifi@1.0-servic" name="tombstones" dev="dm-10" ino=36 scontext=u:r:hal_wifi_default:s0 tcontext=u:object_r:vendor_tombstone_data_file:s0 tclass=dir permissive=0
03-11 01:59:05.250 835 835 E android.hardware.wifi@1.0-service: Failed to open directory: Permission denied
03-11 01:59:05.250 835 835 E android.hardware.wifi@1.0-service: Error occurred while deleting old tombstone files
03-11 01:59:05.250 835 835 E android.hardware.wifi@1.0-service: Error writing files to flash
03-11 01:59:05.291 0 0 I auditd : type=1400 audit(0.0:3944): avc: denied { kill } for comm="swapper/2" capability=5 scontext=u:r:kernel:s0 tcontext=u:r:kernel:s0 tclass=capability permissive=0
01-01 09:06:06.757 0 0 E [wifi@1][0xe02a566ba][01:59:05.711926] wlan: [835:E:QDF] cds_flush_logs: 2424: Bug report already in progress - dropping! type:0, indicator=1 reason_code=0
01-01 09:06:06.757 0 0 E [wifi@1][0xe02a56a28][01:59:05.711971] wlan: [835:E:HDD] __wlan_hdd_cfg80211_wifi_logger_get_ring_data: 9840: Failed to trigger bug report
01-01 09:06:06.784 0 0 I logd : logdr: UID=1000 GID=1000 PID=22208 n tail=127 logMask=19 pid=0 start=0ns deadline=0ns
01-01 09:06:06.824 0 0 I [schedu][0xe02b90b92][01:59:05.778977] wlan: [3444:I:WMA] [01:59:05.721000] [ROAM_TRIGGER]: VDEV[0] Reason: "FORCED SCAN"
01-01 09:06:06.824 0 0 I [schedu][0xe02b90d0b][01:59:05.778996] wlan: [3444:I:WMA] [01:59:05.721000] [ROAM_SCAN]: VDEV[0] Scan_type: PARTIAL {2412 }
01-01 09:06:06.824 0 0 I [schedu][0xe02b90d83][01:59:05.779003] wlan: [3444:I:WMA] ============================================================================================================================
01-01 09:06:06.824 0 0 I [schedu][0xe02b90e2c][01:59:05.779011] wlan: [3444:I:WMA] AP BSSID TSTAMP CH TY ETP RSSI/SCR CU%/SCR TOT_SCR BL_RSN BL_SRC BL_TSTAMP BL_TIMEOUT(ms)
01-01 09:06:06.824 0 0 I [schedu][0xe02b90ea6][01:59:05.779018] wlan: [3444:I:WMA] ============================================================================================================================
01-01 09:06:06.824 0 0 I [schedu][0xe02b90f82][01:59:05.779029] wlan: [3444:I:WMA] d6:44:3b:15:39:91 [01:59:05.721000] 2412 P_AP 0 87/0 0/0 1005 0 0 [00:00:00.000000] 0
01-01 09:06:06.824 0 0 I [schedu][0xe02b9113b][01:59:05.779052] wlan: [3444:I:WMA] [01:59:05.776000] [ROAM_RESULT]: VDEV[0] FAILED Reason: NO AP FOUND
03-11 01:59:05.943 835 835 I auditd : type=1400 audit(0.0:3945): avc: denied { search } for comm="wifi@1.0-servic" name="tombstones" dev="dm-10" ino=36 scontext=u:r:hal_wifi_default:s0 tcontext=u:object_r:vendor_tombstone_data_file:s0 tclass=dir permissive=0
03-11 01:59:05.948 835 835 E android.hardware.wifi@1.0-service: Failed to open directory: Permission denied
03-11 01:59:05.949 835 835 E android.hardware.wifi@1.0-service: Error occurred while deleting old tombstone files
03-11 01:59:05.949 835 835 E android.hardware.wifi@1.0-service: Error writing files to flash
03-11 01:59:06.188 1530 1754 I storage_state: [41217664-9172-527a-b3d5-edabb50a7d69,0,0,111052197888,118610538496]
03-11 01:59:07.291 0 0 I auditd : type=1400 audit(0.0:3946): avc: denied { kill } for comm="swapper/2" capability=5 scontext=u:r:kernel:s0 tcontext=u:r:kernel:s0 tclass=capability permissive=0
03-11 01:59:07.575 835 835 I auditd : type=1400 audit(0.0:3947): avc: denied { search } for comm="wifi@1.0-servic" name="tombstones" dev="dm-10" ino=36 scontext=u:r:hal_wifi_default:s0 tcontext=u:object_r:vendor_tombstone_data_file:s0 tclass=dir permissive=0
03-11 01:59:07.580 835 835 E android.hardware.wifi@1.0-service: Failed to open directory: Permission denied
03-11 01:59:07.580 835 835 E android.hardware.wifi@1.0-service: Error occurred while deleting old tombstone files
03-11 01:59:07.580 835 835 E android.hardware.wifi@1.0-service: Error writing files to flash
01-01 09:06:08.630 0 0 E [wifi@1][0xe04ca1e01][01:59:07.584876] wlan: [835:E:QDF] cds_flush_logs: 2424: Bug report already in progress - dropping! type:0, indicator=1 reason_code=0
01-01 09:06:08.630 0 0 E [wifi@1][0xe04ca2131][01:59:07.584918] wlan: [835:E:HDD] __wlan_hdd_cfg80211_wifi_logger_get_ring_data: 9840: Failed to trigger bug report
03-11 01:59:07.811 835 835 I auditd : type=1400 audit(0.0:3948): avc: denied { search } for comm="wifi@1.0-servic" name="tombstones" dev="dm-10" ino=36 scontext=u:r:hal_wifi_default:s0 tcontext=u:object_r:vendor_tombstone_data_file:s0 tclass=dir permissive=0
03-11 01:59:07.817 835 835 E android.hardware.wifi@1.0-service: Failed to open directory: Permission denied
03-11 01:59:07.817 835 835 E android.hardware.wifi@1.0-service: Error occurred while deleting old tombstone files
03-11 01:59:07.817 835 835 E android.hardware.wifi@1.0-service: Error writing files to flash
03-11 01:59:08.291 0 0 I auditd : type=1400 audit(0.0:3949): avc: denied { kill } for comm="swapper/2" capability=5 scontext=u:r:kernel:s0 tcontext=u:r:kernel:s0 tclass=capability permissive=0
01-01 09:06:10.084 0 0 I [schedu][0xe0673f7c5][01:59:09.038447] wlan: [3444:I:WMA] [01:59:05.783000] [ROAM_TRIGGER]: VDEV[0] Reason: "FORCED SCAN" Sub-Reason: FULL SCAN
01-01 09:06:10.084 0 0 I [schedu][0xe0673fec1][01:59:09.038539] wlan: [3444:I:WMA] [01:59:05.783000] [ROAM_SCAN]: VDEV[0] Scan_type: FULL
01-01 09:06:10.084 0 0 I [schedu][0xe0673ffeb][01:59:09.038555] wlan: [3444:I:WMA] ============================================================================================================================
01-01 09:06:10.084 0 0 I [schedu][0xe06740527][01:59:09.038625] wlan: [3444:I:WMA] AP BSSID TSTAMP CH TY ETP RSSI/SCR CU%/SCR TOT_SCR BL_RSN BL_SRC BL_TSTAMP BL_TIMEOUT(ms)
01-01 09:06:10.084 0 0 I [schedu][0xe06740668][01:59:09.038641] wlan: [3444:I:WMA] ============================================================================================================================
01-01 09:06:10.084 0 0 I [schedu][0xe067408a4][01:59:09.038671] wlan: [3444:I:WMA] d6:44:3b:15:39:91 [01:59:05.783000] 2412 P_AP 0 87/0 0/0 1005 0 0 [00:00:00.000000] 0
01-01 09:06:10.084 0 0 I [schedu][0xe06740a64][01:59:09.038694] wlan: [3444:I:WMA] [01:59:09.035000] [ROAM_RESULT]: VDEV[0] FAILED Reason: NO AP FOUND
03-11 01:59:09.291 9805 9805 I auditd : type=1400 audit(0.0:3950): avc: denied { kill } for comm="kworker/u16:10" capability=5 scontext=u:r:kernel:s0 tcontext=u:r:kernel:s0 tclass=capability permissive=0
01-01 09:06:10.360 0 0 E DTC_ETH,link_delay_work_func: 3003, SQI=0, link=0
01-01 09:06:10.725 0 0 E [wifi@1][0xe072fd00b][01:59:09.679623] wlan: [835:E:QDF] cds_flush_logs: 2424: Bug report already in progress - dropping! type:0, indicator=1 reason_code=0
01-01 09:06:10.725 0 0 E [wifi@1][0xe072fd34e][01:59:09.679667] wlan: [835:E:HDD] __wlan_hdd_cfg80211_wifi_logger_get_ring_data: 9840: Failed to trigger bug report
01-01 09:06:10.759 0 0 I logd : logdr: UID=1000 GID=1000 PID=22221 n tail=127 logMask=19 pid=0 start=0ns deadline=0ns
01-01 09:06:10.876 0 0 I logd : logdr: UID=1000 GID=1000 PID=22223 n tail=127 logMask=80 pid=0 start=0ns deadline=0ns
03-11 01:59:09.915 835 835 E android.hardware.wifi@1.0-service: Failed to open directory: Permission denied
03-11 01:59:09.915 835 835 E android.hardware.wifi@1.0-service: Error occurred while deleting old tombstone files
03-11 01:59:09.915 835 835 E android.hardware.wifi@1.0-service: Error writing files to flash
03-11 01:59:09.911 835 835 I auditd : type=1400 audit(0.0:3951): avc: denied { search } for comm="wifi@1.0-servic" name="tombstones" dev="dm-10" ino=36 scontext=u:r:hal_wifi_default:s0 tcontext=u:object_r:vendor_tombstone_data_file:s0 tclass=dir permissive=0
03-11 01:59:10.291 0 0 I auditd : type=1400 audit(0.0:3952): avc: denied { kill } for comm="swapper/2" capability=5 scontext=u:r:kernel:s0 tcontext=u:r:kernel:s0 tclass=capability permissive=0
01-01 09:06:11.814 0 0 I logd : logdr: UID=1000 GID=1000 PID=22225 n tail=127 logMask=19 pid=0 start=0ns deadline=0ns
01-01 09:06:11.934 0 0 I logd : logdr: UID=1000 GID=1000 PID=22227 n tail=127 logMask=80 pid=0 start=0ns deadline=0ns
03-11 01:59:10.967 835 835 I auditd : type=1400 audit(0.0:3953): avc: denied { search } for comm="wifi@1.0-servic" name="tombstones" dev="dm-10" ino=36 scontext=u:r:hal_wifi_default:s0 tcontext=u:object_r:vendor_tombstone_data_file:s0 tclass=dir permissive=0
03-11 01:59:10.973 835 835 E android.hardware.wifi@1.0-service: Failed to open directory: Permission denied
03-11 01:59:10.973 835 835 E android.hardware.wifi@1.0-service: Error occurred while deleting old tombstone files
03-11 01:59:10.973 835 835 E android.hardware.wifi@1.0-service: Error writing files to flash
03-11 01:59:11.291 0 0 I auditd : type=1400 audit(0.0:3954): avc: denied { kill } for comm="swapper/2" capability=5 scontext=u:r:kernel:s0 tcontext=u:r:kernel:s0 tclass=capability permissive=0
03-11 01:59:12.291 0 0 I auditd : type=1400 audit(0.0:3955): avc: denied { kill } for comm="swapper/2" capability=5 scontext=u:r:kernel:s0 tcontext=u:r:kernel:s0 tclass=capability permissive=0
03-11 01:59:13.291 0 0 I auditd : type=1400 audit(0.0:3956): avc: denied { kill } for comm="swapper/2" capability=5 scontext=u:r:kernel:s0 tcontext=u:r:kernel:s0 tclass=capability permissive=0
03-11 01:59:14.291 0 0 I auditd : type=1400 audit(0.0:3957): avc: denied { kill } for comm="swapper/2" capability=5 scontext=u:r:kernel:s0 tcontext=u:r:kernel:s0 tclass=capability permissive=0
01-01 09:06:15.480 0 0 E DTC_ETH,link_delay_work_func: 3003, SQI=0, link=0
03-11 01:59:17.291 3449 3449 I auditd : type=1400 audit(0.0:3958): avc: denied { kill } for comm="dp_rx_thread_0" capability=5 scontext=u:r:kernel:s0 tcontext=u:r:kernel:s0 tclass=capability permissive=0
03-11 01:59:19.291 0 0 I auditd : type=1400 audit(0.0:3959): avc: denied { kill } for comm="swapper/2" capability=5 scontext=u:r:kernel:s0 tcontext=u:r:kernel:s0 tclass=capability permissive=0
01-01 09:06:20.601 0 0 E DTC_ETH,link_delay_work_func: 3003, SQI=0, link=0
03-11 01:59:20.291 0 0 I auditd : type=1400 audit(0.0:3960): avc: denied { kill } for comm="swapper/2" capability=5 scontext=u:r:kernel:s0 tcontext=u:r:kernel:s0 tclass=capability permissive=0
03-11 01:59:21.291 0 0 I auditd : type=1400 audit(0.0:3961): avc: denied { kill } for comm="swapper/2" capability=5 scontext=u:r:kernel:s0 tcontext=u:r:kernel:s0 tclass=capability permissive=0
03-11 01:59:22.291 5003 5003 I auditd : type=1400 audit(0.0:3962): avc: denied { kill } for comm="kworker/u16:3" capability=5 scontext=u:r:kernel:s0 tcontext=u:r:kernel:s0 tclass=capability permissive=0
03-11 01:59:24.291 0 0 I auditd : type=1400 audit(0.0:3963): avc: denied { kill } for comm="swapper/2" capability=5 scontext=u:r:kernel:s0 tcontext=u:r:kernel:s0 tclass=capability permissive=0
01-01 09:06:25.721 0 0 E DTC_ETH,link_delay_work_func: 3003, SQI=0, link=0
03-11 01:59:25.291 0 0 I auditd : type=1400 audit(0.0:3964): avc: denied { kill } for comm="swapper/2" capability=5 scontext=u:r:kernel:s0 tcontext=u:r:kernel:s0 tclass=capability permissive=0
03-11 01:59:26.291 0 0 I auditd : type=1400 audit(0.0:3965): avc: denied { kill } for comm="swapper/2" capability=5 scontext=u:r:kernel:s0 tcontext=u:r:kernel:s0 tclass=capability permissive=0
03-11 01:59:27.291 0 0 I auditd : type=1400 audit(0.0:3966): avc: denied { kill } for comm="swapper/2" capability=5 scontext=u:r:kernel:s0 tcontext=u:r:kernel:s0 tclass=capability permissive=0
03-11 01:59:28.291 14648 14648 I auditd : type=1400 audit(0.0:3967): avc: denied { kill } for comm="kworker/2:1" capability=5 scontext=u:r:kernel:s0 tcontext=u:r:kernel:s0 tclass=capability permissive=0
03-11 01:59:29.291 0 0 I auditd : type=1400 audit(0.0:3968): avc: denied { kill } for comm="swapper/2" capability=5 scontext=u:r:kernel:s0 tcontext=u:r:kernel:s0 tclass=capability permissive=0
01-01 09:06:30.840 0 0 E DTC_ETH,link_delay_work_func: 3003, SQI=0, link=0
03-11 01:59:31.291 0 0 I auditd : type=1400 audit(0.0:3969): avc: denied { kill } for comm="swapper/2" capability=5 scontext=u:r:kernel:s0 tcontext=u:r:kernel:s0 tclass=capability permissive=0
03-11 01:59:33.291 0 0 I auditd : type=1400 audit(0.0:3970): avc: denied { kill } for comm="swapper/2" capability=5 scontext=u:r:kernel:s0 tcontext=u:r:kernel:s0 tclass=capability permissive=0
03-11 01:59:34.291 0 0 I auditd : type=1400 audit(0.0:3971): avc: denied { kill } for comm="swapper/2" capability=5 scontext=u:r:kernel:s0 tcontext=u:r:kernel:s0 tclass=capability permissive=0
01-01 09:06:35.960 0 0 E DTC_ETH,link_delay_work_func: 3003, SQI=0, link=0
03-11 01:59:35.291 0 0 I auditd : type=1400 audit(0.0:3972): avc: denied { kill } for comm="swapper/2" capability=5 scontext=u:r:kernel:s0 tcontext=u:r:kernel:s0 tclass=capability permissive=0
01-01 09:06:37.139 0 0 I logd : logdr: UID=1000 GID=1000 PID=22235 n tail=127 logMask=19 pid=0 start=0ns deadline=0ns
01-01 09:06:37.244 0 0 I logd : logdr: UID=1000 GID=1000 PID=22237 n tail=127 logMask=80 pid=0 start=0ns deadline=0ns
01-01 09:06:37.333 0 0 E [wifi@1][0xe25a32554][01:59:36.287694] wlan: [835:E:QDF] cds_flush_logs: 2424: Bug report already in progress - dropping! type:0, indicator=1 reason_code=0
