03-11 01:34:55.408 1530 8841 I thunderperf: CompatConfig.addOverrideUnsafe: aft-state=0
03-11 01:34:55.408 1530 8841 I thunderperf: CompatConfig.addOverrideUnsafe: bef-state=1
03-11 01:34:55.408 1530 8841 I thunderperf: CompatConfig.addOverrideUnsafe: aft-state=0
03-11 01:34:55.409 1530 8841 I thunderperf: CompatConfig.addOverrideUnsafe: bef-state=1
03-11 01:34:55.411 1530 8841 I thunderperf: CompatConfig.addOverrideUnsafe: aft-state=0
03-11 01:34:55.411 1530 8841 I thunderperf: CompatConfig.addOverrideUnsafe: bef-state=1
03-11 01:34:55.411 1530 8841 I thunderperf: CompatConfig.addOverrideUnsafe: aft-state=0
03-11 01:34:55.414 1530 8841 I ActivityTaskManager: START u0 {act=android.intent.action.MAIN cat=[android.intent.category.LAUNCHER] flg=0x10200000 cmp=com.tencent.tmgp.sgame/.SGameActivity bnds=[1017,120][1319,402]} from uid 10075
03-11 01:34:55.415 1530 8841 W ActivityTaskManager: Can't find TaskDisplayArea to determine support for multi window. Task id=30 attached=false
03-11 01:34:55.418 1530 8841 D CompatibilityChangeReporter: Compat change id reported: 168419799; UID 10093; state: ENABLED
03-11 01:34:55.419 1530 8841 D CompatibilityChangeReporter: Compat change id reported: 182811243; UID 10093; state: DISABLED
03-11 01:34:55.419 1530 8841 D CompatibilityChangeReporter: Compat change id reported: 189969734; UID 10093; state: DISABLED
03-11 01:34:55.419 1530 8841 D CompatibilityChangeReporter: Compat change id reported: 176926753; UID 10093; state: DISABLED
03-11 01:34:55.420 1530 8841 D CompatibilityChangeReporter: Compat change id reported: 189969779; UID 10093; state: DISABLED
03-11 01:34:55.420 1530 8841 D CompatibilityChangeReporter: Compat change id reported: 176926829; UID 10093; state: DISABLED
03-11 01:34:55.420 1530 8841 D CompatibilityChangeReporter: Compat change id reported: 189969744; UID 10093; state: DISABLED
03-11 01:34:55.420 1530 8841 D CompatibilityChangeReporter: Compat change id reported: 176926771; UID 10093; state: DISABLED
03-11 01:34:55.420 1530 8841 D CompatibilityChangeReporter: Compat change id reported: 189970036; UID 10093; state: DISABLED
03-11 01:34:55.421 1530 8841 D CompatibilityChangeReporter: Compat change id reported: 176926741; UID 10093; state: DISABLED
03-11 01:34:55.421 1530 8841 D CompatibilityChangeReporter: Compat change id reported: 189969782; UID 10093; state: DISABLED
03-11 01:34:55.421 1530 8841 D CompatibilityChangeReporter: Compat change id reported: 189970038; UID 10093; state: DISABLED
03-11 01:34:55.421 1530 8841 D CompatibilityChangeReporter: Compat change id reported: 189969749; UID 10093; state: ENABLED
03-11 01:34:55.423 1530 11635 W FreeFormWindowHelper: Current Display FreeFormTask is null
03-11 01:34:55.430 1530 2081 I ActivityTaskManager: FOREGROUND_APPLICATION_CHANGED to com.tencent.tmgp.sgame.SGameActivity
03-11 01:34:55.432 1530 1607 D CompatibilityChangeReporter: Compat change id reported: 135634846; UID 10093; state: DISABLED
03-11 01:34:55.432 1530 1607 D CompatibilityChangeReporter: Compat change id reported: 177438394; UID 10093; state: DISABLED
03-11 01:34:55.432 1530 1607 D CompatibilityChangeReporter: Compat change id reported: 135772972; UID 10093; state: DISABLED
03-11 01:34:55.432 1530 1607 D CompatibilityChangeReporter: Compat change id reported: 135754954; UID 10093; state: DISABLED
03-11 01:34:55.432 1530 1615 D CompatibilityChangeReporter: Compat change id reported: 143937733; UID 10093; state: DISABLED
03-11 01:34:55.437 1530 1615 I ActivityManager: Start proc 11664:com.tencent.tmgp.sgame/u0a93 for pre-top-activity {com.tencent.tmgp.sgame/com.tencent.tmgp.sgame.SGameActivity}
03-11 01:34:55.438 1530 11665 W ContextImpl: Calling a method in the system process without a qualified user: android.app.ContextImpl.sendBroadcast:1173 com.qualcomm.qti.Performance$SendGameLaunchBroadcast.run:217 java.lang.Thread.run:920
01-01 08:41:56.507 0 0 I binder : 11664:11664 ioctl 40046210 7ff5e17364 returned -22
03-11 01:34:55.474 2054 3742 W ContextImpl: Calling a method in the system process without a qualified user: android.app.ContextImpl.startService:1816 android.content.ContextWrapper.startService:774 com.thundercomm.gamemode.ingame.services.GameModeActionUtils.startGameModeService:118 com.thundercomm.gamemode.ingame.services.GameModeActionUtils.startGameModeEntry:29 com.thundercomm.gamemode.ingame.services.ActivityMonitoringService$1.onActivityLaunch:140
03-11 01:34:55.478 1530 1530 I GameModeConfig: Current uri is uri = content://com.thundercomm.gamemode.api/gamemode_settings/gamemode_isgaming
01-01 08:41:56.524 0 0 W ALERT : changing window size from 16000000 to 20000000 at 1681620025138
03-11 01:34:55.481 1530 1530 I GameModeConfig: isGameModeOn = true
03-11 01:34:55.481 1530 1530 I GameModeConfig: isGaming = true
03-11 01:34:55.481 1530 1530 I GameModeConfig: isDisableNotification = true
03-11 01:34:55.481 1530 1530 I GameModeConfig: isGameModeOn = true
03-11 01:34:55.481 1530 1530 I GameModeConfig: isGaming = true
03-11 01:34:55.481 1530 1530 I GameModeConfig: isDisableNotification = true
01-01 08:41:56.527 0 0 I : [MAX975X:max96755x_drm_notifier_callback] *INFO* receives EARLY_BLANK:UNBLANK
01-01 08:41:56.527 0 0 I atmel_mxt_ts 0-004a: FB event:2,blank:0
01-01 08:41:56.527 0 0 I atmel_mxt_ts 0-004a: suspend: event = 2, blank = 0, not care
01-01 08:41:56.527 0 0 I [drm:dsi_display_set_mode] [msm-dsi-info]: mdp_transfer_time_us=0 us
01-01 08:41:56.527 0 0 I [drm:dsi_display_set_mode] [msm-dsi-info]: hactive= 2560,vactive= 1080,fps=30
01-01 08:41:56.527 0 0 I : [MAX975X:max96755x_drm_notifier_callback] *INFO* receives BLANK:UNBLANK
01-01 08:41:56.528 0 0 I atmel_mxt_ts 0-004a: FB event:1,blank:0
01-01 08:41:56.528 0 0 I atmel_mxt_ts 0-004a: drm_notifier_callback: UNBLANK! Resume by drm notifier.
03-11 01:34:55.491 11664 11686 D ActivityThread: Loading provider com.tencent.tmgp.sgame.XG_SETTINGS_PROVIDER: com.tencent.tpns.baseapi.base.SettingsContentProvider
03-11 01:34:55.493 1530 1607 I DisplayDeviceRepository: Display device changed: DisplayDeviceInfo{"内置屏幕": uniqueId="local:4630946816427681409", 2560 x 1080, modeId 3, defaultModeId 1, supportedModes [{id=1, width=2560, height=1080, fps=60.000004, alternativeRefreshRates=[30.000002, 45.0]}, {id=2, width=2560, height=1080, fps=45.0, alternativeRefreshRates=[30.000002, 60.000004]}, {id=3, width=2560, height=1080, fps=30.000002, alternativeRefreshRates=[45.0, 60.000004]}], colorMode 0, supportedColorModes [0], hdrCapabilities HdrCapabilities{mSupportedHdrTypes=[2, 3, 4], mMaxLuminance=500.0, mMaxAverageLuminance=500.0, mMinLuminance=0.0}, allmSupported false, gameContentTypeSupported false, density 240, 320.315 x 318.976 dpi, appVsyncOff 1000000, presDeadline 33333333, touch INTERNAL, rotation 0, type INTERNAL, address {port=129, model=0x40446d97fee5e6}, deviceProductInfo DeviceProductInfo{name=, manufacturerPnpId=QCM, productId=1, modelYear=null, manufactureDate=ManufactureDate{week=27, year=2006}, connectionToSinkType=0}, state ON, frameRateOverride , brightnessMinimum 0.0, brightnessMaximum 1.0, brightnessDefault 1.0, FLAG_DEFAULT_DISPLAY, FLAG_ROTATES_WITH_CONTENT, FLAG_SECURE, FLAG_SUPPORTS_PROTECTED_BUFFERS}
01-01 08:41:56.544 0 0 W ALERT : changing window size from 20000000 to 8000000 at 1681640024774
03-11 01:34:55.503 1530 4316 D CompatibilityChangeReporter: Compat change id reported: 135634846; UID 10093; state: DISABLED
03-11 01:34:55.503 1530 4316 D CompatibilityChangeReporter: Compat change id reported: 177438394; UID 10093; state: DISABLED
03-11 01:34:55.503 1530 4316 D CompatibilityChangeReporter: Compat change id reported: 135772972; UID 10093; state: DISABLED
03-11 01:34:55.503 1530 4316 D CompatibilityChangeReporter: Compat change id reported: 135754954; UID 10093; state: DISABLED
03-11 01:34:55.503 1530 1615 D CompatibilityChangeReporter: Compat change id reported: 143937733; UID 10093; state: DISABLED
03-11 01:34:55.508 1530 1615 I ActivityManager: Start proc 11700:com.tencent.tmgp.sgame:xg_vip_service/u0a93 for service {com.tencent.tmgp.sgame/com.tencent.android.tpush.service.XGVipPushService}
01-01 08:41:56.570 0 0 I binder : 11700:11700 ioctl 40046210 7ff5e17364 returned -22
03-11 01:34:55.536 1530 6113 W FreeFormWindowHelper: Current Display FreeFormTask is null
03-11 01:34:55.799 1530 4316 W WindowManager: Failed looking up window session=Session{153a7cc 11664:u0a10093} callers=com.android.server.wm.WindowManagerService.windowForClientLocked:5628 com.android.server.wm.Session.insetsModified:629 android.view.IWindowSession$Stub.onTransact:1151
01-01 08:41:56.875 0 0 I binder : 11664:11701 ioctl 40046210 799a8271f4 returned -22
03-11 01:34:55.908 1530 2081 W ActivityManager: Unable to start service Intent { act=com.tencent.tpns.mqttchannel.FEEDBACK pkg=com.tencent.tmgp.sgame } U=0: not found
01-01 08:41:58.342 0 0 W audit : audit_lost=913 audit_rate_limit=5 audit_backlog_limit=64
01-01 08:41:58.342 0 0 E audit : rate limit exceeded
03-11 01:34:57.672 1530 2750 E TaskPersister: File error accessing recents directory (directory doesn't exist?).
03-11 01:34:59.974 1530 7363 W FreeFormWindowHelper: Current Display FreeFormTask is null
03-11 01:34:59.974 1530 7363 W FreeFormWindowHelper: Current Display FreeFormTask is null
03-11 01:34:59.974 1530 7363 W FreeFormWindowHelper: Current Display FreeFormTask is null
03-11 01:34:59.976 1530 7363 W FreeFormWindowHelper: Current Display FreeFormTask is null
03-11 01:35:00.021 1530 7363 W FreeFormWindowHelper: Current Display FreeFormTask is null
03-11 01:35:00.022 1530 11635 W FreeFormWindowHelper: Current Display FreeFormTask is null
03-11 01:35:00.035 1530 7363 W ActivityTaskManager: getTaskSnapshot: taskId=-760 not found
03-11 01:35:00.036 1530 7363 W ActivityTaskManager: getTaskSnapshot: taskId=-760 not found
03-11 01:35:00.036 1530 7363 W ActivityTaskManager: getTaskSnapshot: taskId=-760 not found
03-11 01:35:00.036 1530 7363 W ActivityTaskManager: getTaskSnapshot: taskId=-760 not found
03-11 01:35:00.058 1530 7363 W FreeFormWindowHelper: Current Display FreeFormTask is null
03-11 01:35:00.058 1530 7363 W FreeFormWindowHelper: Current Display FreeFormTask is null
03-11 01:35:00.059 1530 7363 W ActivityTaskManager: getTaskSnapshot: taskId=-760 not found
03-11 01:35:00.059 1530 7363 W ActivityTaskManager: getTaskSnapshot: taskId=-760 not found
03-11 01:35:00.059 1530 7363 W ActivityTaskManager: getTaskSnapshot: taskId=-760 not found
03-11 01:35:00.059 1530 7363 W ActivityTaskManager: getTaskSnapshot: taskId=-760 not found
03-11 01:35:00.121 1530 2080 W FreeFormWindowHelper: Current Display FreeFormTask is null
03-11 01:35:00.121 1530 2080 W FreeFormWindowHelper: Current Display FreeFormTask is null
03-11 01:35:00.188 1530 7363 W FreeFormWindowHelper: Current Display FreeFormTask is null
03-11 01:35:00.188 1530 7363 W FreeFormWindowHelper: Current Display FreeFormTask is null
03-11 01:35:00.189 1530 7363 W FreeFormWindowHelper: Current Display FreeFormTask is null
03-11 01:35:00.189 1530 7363 W FreeFormWindowHelper: Current Display FreeFormTask is null
03-11 01:35:00.190 1530 7363 W ActivityTaskManager: getTaskSnapshot: taskId=-546 not found
03-11 01:35:00.191 1530 7363 W ActivityTaskManager: getTaskSnapshot: taskId=-546 not found
03-11 01:35:00.192 1530 7363 W ActivityTaskManager: getTaskSnapshot: taskId=-546 not found
03-11 01:35:00.192 1530 7363 W ActivityTaskManager: getTaskSnapshot: taskId=-546 not found
03-11 01:35:00.222 1530 7363 W FreeFormWindowHelper: Current Display FreeFormTask is null
03-11 01:35:00.222 1530 7363 W FreeFormWindowHelper: Current Display FreeFormTask is null
03-11 01:35:00.255 1530 2081 W FreeFormWindowHelper: Current Display FreeFormTask is null
03-11 01:35:00.255 1530 2081 W FreeFormWindowHelper: Current Display FreeFormTask is null
01-01 08:42:01.400 0 0 E DTC_ETH,link_delay_work_func: 3003, SQI=0, link=0
03-11 01:35:03.562 1530 11635 W FreeFormWindowHelper: Current Display FreeFormTask is null
03-11 01:35:03.562 1530 11635 W FreeFormWindowHelper: Current Display FreeFormTask is null
03-11 01:35:03.562 1530 11635 W FreeFormWindowHelper: Current Display FreeFormTask is null
03-11 01:35:03.968 1530 2081 I ActivityTaskManager: FOREGROUND_APPLICATION_CHANGED to com.android.launcher3.uioverrides.QuickstepLauncher
03-11 01:35:03.999 1530 11635 W FreeFormWindowHelper: Current Display FreeFormTask is null
03-11 01:35:03.999 1530 2081 W FreeFormWindowHelper: Current Display FreeFormTask is null
03-11 01:35:04.000 1530 2081 W FreeFormWindowHelper: Current Display FreeFormTask is null
03-11 01:35:04.032 1530 4316 W FreeFormWindowHelper: Current Display FreeFormTask is null
03-11 01:35:04.032 1530 4506 W FreeFormWindowHelper: Current Display FreeFormTask is null
03-11 01:35:04.075 1530 11635 W FreeFormWindowHelper: Current Display FreeFormTask is null
03-11 01:35:04.076 2054 3742 W ContextImpl: Calling a method in the system process without a qualified user: android.app.ContextImpl.startService:1816 android.content.ContextWrapper.startService:774 com.thundercomm.gamemode.ingame.services.GameModeActionUtils.startGameModeService:118 com.thundercomm.gamemode.ingame.services.GameModeActionUtils.startGameModeEntry:29 com.thundercomm.gamemode.ingame.services.ActivityMonitoringService$1.onActivityLaunch:140
03-11 01:35:04.079 1530 1530 I GameModeConfig: Current uri is uri = content://com.thundercomm.gamemode.api/gamemode_settings/gamemode_isgaming
03-11 01:35:04.080 1530 1530 I GameModeConfig: isGameModeOn = true
03-11 01:35:04.080 1530 1530 I GameModeConfig: isGaming = false
03-11 01:35:04.080 1530 1530 I GameModeConfig: isGameModeOn = true
03-11 01:35:04.080 1530 1530 I GameModeConfig: isGaming = false
03-11 01:35:04.080 1530 1530 I GameModeConfig: isDisableVoice = true
01-01 08:42:05.128 0 0 W ALERT : changing window size from 8000000 to 16000000 at 1690224021072
01-01 08:42:05.165 0 0 I : [MAX975X:max96755x_drm_notifier_callback] *INFO* receives EARLY_BLANK:UNBLANK
01-01 08:42:05.165 0 0 I atmel_mxt_ts 0-004a: FB event:2,blank:0
01-01 08:42:05.165 0 0 I atmel_mxt_ts 0-004a: suspend: event = 2, blank = 0, not care
01-01 08:42:05.165 0 0 I [drm:dsi_display_set_mode] [msm-dsi-info]: mdp_transfer_time_us=0 us
01-01 08:42:05.165 0 0 I [drm:dsi_display_set_mode] [msm-dsi-info]: hactive= 2560,vactive= 1080,fps=60
01-01 08:42:05.165 0 0 I : [MAX975X:max96755x_drm_notifier_callback] *INFO* receives BLANK:UNBLANK
03-11 01:35:04.147 1530 1607 I DisplayDeviceRepository: Display device changed: DisplayDeviceInfo{"内置屏幕": uniqueId="local:4630946816427681409", 2560 x 1080, modeId 1, defaultModeId 1, supportedModes [{id=1, width=2560, height=1080, fps=60.000004, alternativeRefreshRates=[30.000002, 45.0]}, {id=2, width=2560, height=1080, fps=45.0, alternativeRefreshRates=[30.000002, 60.000004]}, {id=3, width=2560, height=1080, fps=30.000002, alternativeRefreshRates=[45.0, 60.000004]}], colorMode 0, supportedColorModes [0], hdrCapabilities HdrCapabilities{mSupportedHdrTypes=[2, 3, 4], mMaxLuminance=500.0, mMaxAverageLuminance=500.0, mMinLuminance=0.0}, allmSupported false, gameContentTypeSupported false, density 240, 320.315 x 318.976 dpi, appVsyncOff 1000000, presDeadline 16666666, touch INTERNAL, rotation 0, type INTERNAL, address {port=129, model=0x40446d97fee5e6}, deviceProductInfo DeviceProductInfo{name=, manufacturerPnpId=QCM, productId=1, modelYear=null, manufactureDate=ManufactureDate{week=27, year=2006}, connectionToSinkType=0}, state ON, frameRateOverride , brightnessMinimum 0.0, brightnessMaximum 1.0, brightnessDefault 1.0, FLAG_DEFAULT_DISPLAY, FLAG_ROTATES_WITH_CONTENT, FLAG_SECURE, FLAG_SUPPORTS_PROTECTED_BUFFERS}
01-01 08:42:05.301 0 0 I atmel_mxt_ts 0-004a: FB event:1,blank:0
01-01 08:42:05.301 0 0 I atmel_mxt_ts 0-004a: drm_notifier_callback: UNBLANK! Resume by drm notifier.
03-11 01:35:04.824 1530 11635 I ActivityTaskManager: FOREGROUND_APPLICATION_CHANGED to com.android.settings.homepage.SettingsHomepageActivity
03-11 01:35:04.928 1530 11635 W FreeFormWindowHelper: Current Display FreeFormTask is null
03-11 01:35:05.217 1530 4316 W FreeFormWindowHelper: exitRecentTasks type=0
01-01 08:42:06.521 0 0 E DTC_ETH,link_delay_work_func: 3003, SQI=0, link=0
03-11 01:35:07.827 1530 2750 E TaskPersister: File error accessing recents directory (directory doesn't exist?).
01-01 08:42:11.640 0 0 E DTC_ETH,link_delay_work_func: 3003, SQI=0, link=0
03-11 01:35:10.906 1530 2750 E TaskPersister: File error accessing recents directory (directory doesn't exist?).
03-11 01:35:10.906 1530 1607 I ActivityManager: Killing 11664:com.tencent.tmgp.sgame/u0a93 (adj 700): remove task
03-11 01:35:10.908 1530 1563 I ActivityManager: Killing 11700:com.tencent.tmgp.sgame:xg_vip_service/u0a93 (adj 500): remove task
03-11 01:35:10.909 1530 1614 I DropBoxManagerService: add tag=system_server_wtf isTagEnabled=true flags=0x2
03-11 01:35:10.910 1530 1614 I DropBoxManagerService: add tag=system_server_wtf isTagEnabled=true flags=0x2
03-11 01:35:10.910 1530 1563 W FreeFormWindowHelper: Current Display FreeFormTask is null
03-11 01:35:10.918 1530 1563 W ActivityManager: Scheduling restart of crashed service com.tencent.tmgp.sgame/com.tencent.android.tpush.service.XGVipPushService in 1000ms for connection
03-11 01:35:11.005 1530 1563 W FreeFormWindowHelper: Current Display FreeFormTask is null
03-11 01:35:11.047 1530 4506 I WindowManager: WIN DEATH: Window{4ff9b1b u0 com.tencent.tmgp.sgame/com.tencent.tmgp.sgame.SGameActivity}
03-11 01:35:11.052 1530 1607 W ActivityManager: setHasOverlayUi called on unknown pid: 11664
03-11 01:35:11.052 1530 1608 W ActivityTaskManager: Can't find TaskDisplayArea to determine support for multi window. Task id=30 attached=false
03-11 01:35:11.052 1530 1608 W ActivityTaskManager: Can't find TaskDisplayArea to determine support for multi window. Task id=30 attached=false
03-11 01:35:11.052 1530 1613 W UsageStatsService: Unexpected activity event reported! (com.tencent.tmgp.sgame/com.tencent.tmgp.sgame.SGameActivity event : 23 instanceId : 252608766)
03-11 01:35:11.669 1530 2080 W FreeFormWindowHelper: Current Display FreeFormTask is null
03-11 01:35:11.671 1530 6113 W FreeFormWindowHelper: Current Display FreeFormTask is null
03-11 01:35:11.672 1530 4506 W FreeFormWindowHelper: Current Display FreeFormTask is null
03-11 01:35:11.672 1530 4506 W FreeFormWindowHelper: Current Display FreeFormTask is null
03-11 01:35:11.673 1530 1563 W FreeFormWindowHelper: Current Display FreeFormTask is null
03-11 01:35:11.680 1530 1563 W ActivityTaskManager: getTaskSnapshot: taskId=-65 not found
03-11 01:35:11.682 1530 2080 W ActivityTaskManager: getTaskSnapshot: taskId=-65 not found
03-11 01:35:11.682 1530 2080 W ActivityTaskManager: getTaskSnapshot: taskId=-65 not found
03-11 01:35:11.682 1530 2080 W ActivityTaskManager: getTaskSnapshot: taskId=-65 not found
03-11 01:35:11.683 1530 2080 W FreeFormWindowHelper: Current Display FreeFormTask is null
03-11 01:35:11.683 1530 2080 W FreeFormWindowHelper: Current Display FreeFormTask is null
03-11 01:35:11.699 1530 4506 W FreeFormWindowHelper: Current Display FreeFormTask is null
03-11 01:35:11.699 1530 4506 W FreeFormWindowHelper: Current Display FreeFormTask is null
03-11 01:35:11.858 1530 1563 W FreeFormWindowHelper: Current Display FreeFormTask is null
03-11 01:35:11.858 1530 4506 W FreeFormWindowHelper: Current Display FreeFormTask is null
03-11 01:35:11.858 1530 2080 W FreeFormWindowHelper: Current Display FreeFormTask is null
03-11 01:35:11.859 1530 1563 W FreeFormWindowHelper: Current Display FreeFormTask is null
03-11 01:35:11.860 1530 1563 W ActivityTaskManager: getTaskSnapshot: taskId=-877 not found
03-11 01:35:11.861 1530 1563 W ActivityTaskManager: getTaskSnapshot: taskId=-876 not found
03-11 01:35:11.862 1530 1563 W ActivityTaskManager: getTaskSnapshot: taskId=-876 not found
03-11 01:35:11.862 1530 1563 W ActivityTaskManager: getTaskSnapshot: taskId=-876 not found
03-11 01:35:11.863 1530 1563 W ActivityTaskManager: getTaskSnapshot: taskId=-876 not found
03-11 01:35:11.866 1530 1563 W FreeFormWindowHelper: Current Display FreeFormTask is null
03-11 01:35:11.866 1530 1563 W FreeFormWindowHelper: Current Display FreeFormTask is null
03-11 01:35:11.883 1530 4506 W FreeFormWindowHelper: Current Display FreeFormTask is null
03-11 01:35:11.883 1530 4506 W FreeFormWindowHelper: Current Display FreeFormTask is null
03-11 01:35:13.372 1530 4506 W FreeFormWindowHelper: Current Display FreeFormTask is null
03-11 01:35:13.373 1530 4506 W FreeFormWindowHelper: Current Display FreeFormTask is null
03-11 01:35:13.373 1530 4506 W FreeFormWindowHelper: Current Display FreeFormTask is null
03-11 01:35:13.693 1530 4506 I ActivityTaskManager: FOREGROUND_APPLICATION_CHANGED to com.android.launcher3.uioverrides.QuickstepLauncher
03-11 01:35:13.699 1530 1607 I ActivityManager: PendingStartActivityUids startActivity to updateOomAdj delay:2029ms, uid:10075
03-11 01:35:13.705 1530 1563 W FreeFormWindowHelper: Current Display FreeFormTask is null
03-11 01:35:13.705 1530 2080 W FreeFormWindowHelper: Current Display FreeFormTask is null
03-11 01:35:13.706 1530 4506 W FreeFormWindowHelper: Current Display FreeFormTask is null
03-11 01:35:13.721 1530 2080 W FreeFormWindowHelper: Current Display FreeFormTask is null
03-11 01:35:13.721 1530 2080 W FreeFormWindowHelper: Current Display FreeFormTask is null
03-11 01:35:13.797 1530 2080 W FreeFormWindowHelper: Current Display FreeFormTask is null
03-11 01:35:14.052 1530 2750 E TaskPersister: File error accessing recents directory (directory doesn't exist?).
03-11 01:35:14.248 1530 2080 W FreeFormWindowHelper: exitRecentTasks type=0
03-11 01:35:14.923 1530 6113 I thunderperf: PlatormCompat.setOverrides: Uid1=10075 Pid1=2553 Uid2=10075 Pid2=2553
03-11 01:35:14.923 1530 6113 I thunderperf: PlatormCompat.setOverrides: needCheck:false
03-11 01:35:14.923 1530 6113 I thunderperf: CompatConfig.addOverrideUnsafe: bef-state=1
03-11 01:35:14.923 1530 6113 I thunderperf: CompatConfig.addOverrideUnsafe: aft-state=0
03-11 01:35:14.924 1530 6113 I thunderperf: CompatConfig.addOverrideUnsafe: bef-state=1
03-11 01:35:14.924 1530 6113 I thunderperf: CompatConfig.addOverrideUnsafe: aft-state=0
03-11 01:35:14.924 1530 6113 I thunderperf: CompatConfig.addOverrideUnsafe: bef-state=1
03-11 01:35:14.924 1530 6113 I thunderperf: CompatConfig.addOverrideUnsafe: aft-state=0
03-11 01:35:14.924 1530 6113 I thunderperf: CompatConfig.addOverrideUnsafe: bef-state=1
03-11 01:35:14.924 1530 6113 I thunderperf: CompatConfig.addOverrideUnsafe: aft-state=0
03-11 01:35:14.924 1530 6113 I thunderperf: CompatConfig.addOverrideUnsafe: bef-state=1
03-11 01:35:14.924 1530 6113 I thunderperf: CompatConfig.addOverrideUnsafe: aft-state=0
03-11 01:35:14.925 1530 6113 I thunderperf: CompatConfig.addOverrideUnsafe: bef-state=1
03-11 01:35:14.925 1530 6113 I thunderperf: CompatConfig.addOverrideUnsafe: aft-state=0
03-11 01:35:14.925 1530 6113 I thunderperf: CompatConfig.addOverrideUnsafe: bef-state=1
03-11 01:35:14.925 1530 6113 I thunderperf: CompatConfig.addOverrideUnsafe: aft-state=0
03-11 01:35:14.925 1530 6113 I thunderperf: CompatConfig.addOverrideUnsafe: bef-state=1
03-11 01:35:14.925 1530 6113 I thunderperf: CompatConfig.addOverrideUnsafe: aft-state=0
03-11 01:35:14.925 1530 6113 I thunderperf: CompatConfig.addOverrideUnsafe: bef-state=1
03-11 01:35:14.925 1530 6113 I thunderperf: CompatConfig.addOverrideUnsafe: aft-state=0
03-11 01:35:14.926 1530 6113 I thunderperf: CompatConfig.addOverrideUnsafe: bef-state=1
03-11 01:35:14.926 1530 6113 I thunderperf: CompatConfig.addOverrideUnsafe: aft-state=0
03-11 01:35:14.926 1530 6113 I thunderperf: CompatConfig.addOverrideUnsafe: bef-state=1
03-11 01:35:14.926 1530 6113 I thunderperf: CompatConfig.addOverrideUnsafe: aft-state=0
03-11 01:35:14.926 1530 6113 I thunderperf: CompatConfig.addOverrideUnsafe: bef-state=1
03-11 01:35:14.926 1530 6113 I thunderperf: CompatConfig.addOverrideUnsafe: aft-state=0
03-11 01:35:14.926 1530 6113 I thunderperf: CompatConfig.addOverrideUnsafe: bef-state=1
03-11 01:35:14.926 1530 6113 I thunderperf: CompatConfig.addOverrideUnsafe: aft-state=0
03-11 01:35:14.927 1530 6113 I thunderperf: CompatConfig.addOverrideUnsafe: bef-state=1
03-11 01:35:14.927 1530 6113 I thunderperf: CompatConfig.addOverrideUnsafe: aft-state=0
03-11 01:35:14.928 1530 6113 I ActivityTaskManager: START u0 {act=android.intent.action.MAIN cat=[android.intent.category.LAUNCHER] flg=0x10200000 cmp=com.tencent.tmgp.sgame/.SGameActivity bnds=[1017,120][1319,402]} from uid 10075
03-11 01:35:14.929 1530 6113 W ActivityTaskManager: Can't find TaskDisplayArea to determine support for multi window. Task id=31 attached=false
03-11 01:35:14.930 1530 6113 D CompatibilityChangeReporter: Compat change id reported: 174042980; UID 10093; state: DISABLED
03-11 01:35:14.930 1530 6113 D CompatibilityChangeReporter: Compat change id reported: 184838306; UID 10093; state: DISABLED
03-11 01:35:14.930 1530 6113 D CompatibilityChangeReporter: Compat change id reported: 185004937; UID 10093; state: DISABLED
03-11 01:35:14.930 1530 6113 D CompatibilityChangeReporter: Compat change id reported: 181136395; UID 10093; state: DISABLED
03-11 01:35:14.931 1530 6113 D CompatibilityChangeReporter: Compat change id reported: 174042936; UID 10093; state: DISABLED
03-11 01:35:14.931 1530 6113 D CompatibilityChangeReporter: Compat change id reported: 168419799; UID 10093; state: DISABLED
03-11 01:35:14.933 1530 2080 W FreeFormWindowHelper: Current Display FreeFormTask is null
03-11 01:35:14.934 1530 2080 I ActivityTaskManager: FOREGROUND_APPLICATION_CHANGED to com.tencent.tmgp.sgame.SGameActivity
03-11 01:35:14.937 1530 1607 D CompatibilityChangeReporter: Compat change id reported: 135634846; UID 10093; state: DISABLED
03-11 01:35:14.937 1530 1607 D CompatibilityChangeReporter: Compat change id reported: 177438394; UID 10093; state: DISABLED
03-11 01:35:14.937 1530 1607 D CompatibilityChangeReporter: Compat change id reported: 135772972; UID 10093; state: DISABLED
03-11 01:35:14.937 1530 1607 D CompatibilityChangeReporter: Compat change id reported: 135754954; UID 10093; state: DISABLED
03-11 01:35:14.938 1530 1615 D CompatibilityChangeReporter: Compat change id reported: 143937733; UID 10093; state: DISABLED
03-11 01:35:14.942 1530 1615 I ActivityManager: Start proc 12156:com.tencent.tmgp.sgame/u0a93 for pre-top-activity {com.tencent.tmgp.sgame/com.tencent.tmgp.sgame.SGameActivity}
03-11 01:35:14.943 1530 12157 W ContextImpl: Calling a method in the system process without a qualified user: android.app.ContextImpl.sendBroadcast:1173 com.qualcomm.qti.Performance$SendGameLaunchBroadcast.run:217 java.lang.Thread.run:920
01-01 08:42:15.996 0 0 I binder : 12156:12156 ioctl 40046210 7ff5e17364 returned -22
03-11 01:35:14.962 2054 3742 W ContextImpl: Calling a method in the system process without a qualified user: android.app.ContextImpl.startService:1816 android.content.ContextWrapper.startService:774 com.thundercomm.gamemode.ingame.services.GameModeActionUtils.startGameModeService:118 com.thundercomm.gamemode.ingame.services.GameModeActionUtils.startGameModeEntry:29 com.thundercomm.gamemode.ingame.services.ActivityMonitoringService$1.onActivityLaunch:140
03-11 01:35:14.965 1530 1530 I GameModeConfig: Current uri is uri = content://com.thundercomm.gamemode.api/gamemode_settings/gamemode_isgaming
03-11 01:35:14.966 1530 1530 I GameModeConfig: isGameModeOn = true
03-11 01:35:14.966 1530 1530 I GameModeConfig: isGaming = true
03-11 01:35:14.966 1530 1530 I GameModeConfig: isDisableNotification = true
03-11 01:35:14.966 1530 1530 I GameModeConfig: isGameModeOn = true
03-11 01:35:14.966 1530 1530 I GameModeConfig: isGaming = true
03-11 01:35:14.966 1530 1530 I GameModeConfig: isDisableNotification = true
01-01 08:42:16.024 0 0 W ALERT : changing window size from 16000000 to 20000000 at 1701120022110
03-11 01:35:14.979 12156 12178 D ActivityThread: Loading provider com.tencent.tmgp.sgame.XG_SETTINGS_PROVIDER: com.tencent.tpns.baseapi.base.SettingsContentProvider
01-01 08:42:16.025 0 0 I : [MAX975X:max96755x_drm_notifier_callback] *INFO* receives EARLY_BLANK:UNBLANK
01-01 08:42:16.025 0 0 I atmel_mxt_ts 0-004a: FB event:2,blank:0
01-01 08:42:16.025 0 0 I atmel_mxt_ts 0-004a: suspend: event = 2, blank = 0, not care
01-01 08:42:16.025 0 0 I [drm:dsi_display_set_mode] [msm-dsi-info]: mdp_transfer_time_us=0 us
01-01 08:42:16.025 0 0 I [drm:dsi_display_set_mode] [msm-dsi-info]: hactive= 2560,vactive= 1080,fps=30
01-01 08:42:16.025 0 0 I : [MAX975X:max96755x_drm_notifier_callback] *INFO* receives BLANK:UNBLANK
03-11 01:35:14.985 1530 1563 D CompatibilityChangeReporter: Compat change id reported: 135634846; UID 10093; state: DISABLED
03-11 01:35:14.985 1530 1563 D CompatibilityChangeReporter: Compat change id reported: 177438394; UID 10093; state: DISABLED
03-11 01:35:14.985 1530 1563 D CompatibilityChangeReporter: Compat change id reported: 135772972; UID 10093; state: DISABLED
03-11 01:35:14.985 1530 1563 D CompatibilityChangeReporter: Compat change id reported: 135754954; UID 10093; state: DISABLED
03-11 01:35:14.985 1530 1615 D CompatibilityChangeReporter: Compat change id reported: 143937733; UID 10093; state: DISABLED
03-11 01:35:14.990 1530 1615 I ActivityManager: Start proc 12187:com.tencent.tmgp.sgame:xg_vip_service/u0a93 for service {com.tencent.tmgp.sgame/com.tencent.android.tpush.service.XGVipPushService}
03-11 01:35:14.990 1530 1607 I DisplayDeviceRepository: Display device changed: DisplayDeviceInfo{"内置屏幕": uniqueId="local:4630946816427681409", 2560 x 1080, modeId 3, defaultModeId 1, supportedModes [{id=1, width=2560, height=1080, fps=60.000004, alternativeRefreshRates=[30.000002, 45.0]}, {id=2, width=2560, height=1080, fps=45.0, alternativeRefreshRates=[30.000002, 60.000004]}, {id=3, width=2560, height=1080, fps=30.000002, alternativeRefreshRates=[45.0, 60.000004]}], colorMode 0, supportedColorModes [0], hdrCapabilities HdrCapabilities{mSupportedHdrTypes=[2, 3, 4], mMaxLuminance=500.0, mMaxAverageLuminance=500.0, mMinLuminance=0.0}, allmSupported false, gameContentTypeSupported false, density 240, 320.315 x 318.976 dpi, appVsyncOff 1000000, presDeadline 33333333, touch INTERNAL, rotation 0, type INTERNAL, address {port=129, model=0x40446d97fee5e6}, deviceProductInfo DeviceProductInfo{name=, manufacturerPnpId=QCM, productId=1, modelYear=null, manufactureDate=ManufactureDate{week=27, year=2006}, connectionToSinkType=0}, state ON, frameRateOverride , brightnessMinimum 0.0, brightnessMaximum 1.0, brightnessDefault 1.0, FLAG_DEFAULT_DISPLAY, FLAG_ROTATES_WITH_CONTENT, FLAG_SECURE, FLAG_SUPPORTS_PROTECTED_BUFFERS}
01-01 08:42:16.060 0 0 I binder : 12187:12187 ioctl 40046210 7ff5e17364 returned -22
01-01 08:42:16.213 0 0 I atmel_mxt_ts 0-004a: FB event:1,blank:0
01-01 08:42:16.213 0 0 I atmel_mxt_ts 0-004a: drm_notifier_callback: UNBLANK! Resume by drm notifier.
03-11 01:35:15.188 1530 1563 W FreeFormWindowHelper: Current Display FreeFormTask is null
03-11 01:35:15.281 1530 1563 W WindowManager: Failed looking up window session=Session{ee0b98 12156:u0a10093} callers=com.android.server.wm.WindowManagerService.windowForClientLocked:5628 com.android.server.wm.Session.insetsModified:629 android.view.IWindowSession$Stub.onTransact:1151
01-01 08:42:16.369 0 0 I binder : 12156:12188 ioctl 40046210 79a0c0b1f4 returned -22
01-01 08:42:16.448 0 0 W audit : audit_lost=914 audit_rate_limit=5 audit_backlog_limit=64
01-01 08:42:16.448 0 0 E audit : rate limit exceeded
03-11 01:35:15.524 1530 4506 W ActivityManager: Unable to start service Intent { act=com.tencent.tpns.mqttchannel.FEEDBACK pkg=com.tencent.tmgp.sgame } U=0: not found
01-01 08:42:16.760 0 0 E DTC_ETH,link_delay_work_func: 3003, SQI=0, link=0
03-11 01:35:17.935 1530 2750 E TaskPersister: File error accessing recents directory (directory doesn't exist?).
01-01 08:42:21.880 0 0 E DTC_ETH,link_delay_work_func: 3003, SQI=0, link=0
01-01 08:42:25.868 0 0 I [schedu][0x7a891752b][01:35:24.823372] wlan: [3444:I:WMA] [01:35:24.764000] [ROAM_TRIGGER]: VDEV[0] Reason: "LOW RSSI" Cur_Rssi threshold:81 Current AP RSSI: 76
01-01 08:42:25.868 0 0 I [schedu][0x7a89175c3][01:35:24.823380] wlan: [3444:I:WMA] [01:35:24.764000] [ROAM_SCAN]: VDEV[0] Scan_type: PARTIAL next_rssi_threshold: 81 dBm {2412 }
01-01 08:42:25.868 0 0 I [schedu][0x7a8917606][01:35:24.823383] wlan: [3444:I:WMA] ============================================================================================================================
01-01 08:42:25.868 0 0 I [schedu][0x7a8917677][01:35:24.823389] wlan: [3444:I:WMA] AP BSSID TSTAMP CH TY ETP RSSI/SCR CU%/SCR TOT_SCR BL_RSN BL_SRC BL_TSTAMP BL_TIMEOUT(ms)
01-01 08:42:25.868 0 0 I [schedu][0x7a891771e][01:35:24.823398] wlan: [3444:I:WMA] ============================================================================================================================
01-01 08:42:25.868 0 0 I [schedu][0x7a8917790][01:35:24.823404] wlan: [3444:I:WMA] d6:44:3b:15:39:91 [01:35:24.764000] 2412 P_AP 0 76/0 0/0 1557 0 0 [00:00:00.000000] 0
01-01 08:42:25.868 0 0 I [schedu][0x7a89177c7][01:35:24.823407] wlan: [3444:I:WMA] [01:35:24.819000] [ROAM_RESULT]: VDEV[0] FAILED Reason: NO AP FOUND
01-01 08:42:27.000 0 0 E DTC_ETH,link_delay_work_func: 3003, SQI=0, link=0
01-01 08:42:28.943 0 0 I [schedu][0x7ac161dd3][01:35:27.897621] wlan: [3444:I:WMA] [01:35:24.825000] [ROAM_TRIGGER]: VDEV[0] Reason: "LOW RSSI" Sub-Reason: FULL SCAN Cur_Rssi threshold:81 Current AP RSSI: 76
01-01 08:42:28.943 0 0 I [schedu][0x7ac161f0b][01:35:27.897637] wlan: [3444:I:WMA] [01:35:24.825000] [ROAM_SCAN]: VDEV[0] Scan_type: FULL next_rssi_threshold: 81 dBm
01-01 08:42:28.943 0 0 I [schedu][0x7ac161f59][01:35:27.897641] wlan: [3444:I:WMA] ============================================================================================================================
01-01 08:42:28.943 0 0 I [schedu][0x7ac161fc0][01:35:27.897646] wlan: [3444:I:WMA] AP BSSID TSTAMP CH TY ETP RSSI/SCR CU%/SCR TOT_SCR BL_RSN BL_SRC BL_TSTAMP BL_TIMEOUT(ms)
01-01 08:42:28.943 0 0 I [schedu][0x7ac16200a][01:35:27.897650] wlan: [3444:I:WMA] ============================================================================================================================
01-01 08:42:28.943 0 0 I [schedu][0x7ac162096][01:35:27.897657] wlan: [3444:I:WMA] d6:44:3b:15:39:91 [01:35:24.825000] 2412 P_AP 0 76/0 0/0 1557 0 0 [00:00:00.000000] 0
01-01 08:42:28.943 0 0 I [schedu][0x7ac1620fd][01:35:27.897663] wlan: [3444:I:WMA] [01:35:27.893000] [ROAM_RESULT]: VDEV[0] FAILED Reason: NO AP FOUND
01-01 08:42:32.120 0 0 E DTC_ETH,link_delay_work_func: 3003, SQI=0, link=0
01-01 08:42:37.241 0 0 E DTC_ETH,link_delay_work_func: 3003, SQI=0, link=0
01-01 08:42:42.361 0 0 E DTC_ETH,link_delay_work_func: 3003, SQI=0, link=0
01-01 08:42:43.787 0 0 I [schedu][0x7bd12fdc4][01:35:42.741780] wlan: [3444:I:WMA] [01:35:42.683000] [ROAM_TRIGGER]: VDEV[0] Reason: "LOW RSSI" Cur_Rssi threshold:81 Current AP RSSI: 76
01-01 08:42:43.787 0 0 I [schedu][0x7bd130134][01:35:42.741826] wlan: [3444:I:WMA] [01:35:42.683000] [ROAM_SCAN]: VDEV[0] Scan_type: PARTIAL next_rssi_threshold: 81 dBm {2412 }
01-01 08:42:43.787 0 0 I [schedu][0x7bd130280][01:35:42.741843] wlan: [3444:I:WMA] ============================================================================================================================
01-01 08:42:43.787 0 0 I [schedu][0x7bd13042b][01:35:42.741865] wlan: [3444:I:WMA] AP BSSID TSTAMP CH TY ETP RSSI/SCR CU%/SCR TOT_SCR BL_RSN BL_SRC BL_TSTAMP BL_TIMEOUT(ms)
01-01 08:42:43.787 0 0 I [schedu][0x7bd1307ec][01:35:42.741915] wlan: [3444:I:WMA] ============================================================================================================================
01-01 08:42:43.787 0 0 I [schedu][0x7bd130a13][01:35:42.741944] wlan: [3444:I:WMA] d6:44:3b:15:39:91 [01:35:42.683000] 2412 P_AP 0 76/0 0/0 1557 0 0 [00:00:00.000000] 0
01-01 08:42:43.787 0 0 I [schedu][0x7bd130bde][01:35:42.741968] wlan: [3444:I:WMA] [01:35:42.736000] [ROAM_RESULT]: VDEV[0] FAILED Reason: NO AP FOUND
01-01 08:42:47.375 0 0 I [schedu][0x7c12e502f][01:35:46.330293] wlan: [3444:I:WMA] [01:35:42.743000] [ROAM_TRIGGER]: VDEV[0] Reason: "LOW RSSI" Sub-Reason: FULL SCAN Cur_Rssi threshold:81 Current AP RSSI: 76
01-01 08:42:47.375 0 0 I [schedu][0x7c12e53cc][01:35:46.330340] wlan: [3444:I:WMA] [01:35:42.743000] [ROAM_SCAN]: VDEV[0] Scan_type: FULL next_rssi_threshold: 81 dBm
01-01 08:42:47.375 0 0 I [schedu][0x7c12e5509][01:35:46.330357] wlan: [3444:I:WMA] ============================================================================================================================
01-01 08:42:47.375 0 0 I [schedu][0x7c12e56af][01:35:46.330379] wlan: [3444:I:WMA] AP BSSID TSTAMP CH TY ETP RSSI/SCR CU%/SCR TOT_SCR BL_RSN BL_SRC BL_TSTAMP BL_TIMEOUT(ms)
01-01 08:42:47.376 0 0 I [schedu][0x7c12e57df][01:35:46.330395] wlan: [3444:I:WMA] ============================================================================================================================
01-01 08:42:47.376 0 0 I [schedu][0x7c12e6006][01:35:46.330504] wlan: [3444:I:WMA] d6:44:3b:15:39:91 [01:35:42.743000] 2412 P_AP 0 76/0 0/0 1557 0 0 [00:00:00.000000] 0
01-01 08:42:47.376 0 0 I [schedu][0x7c12e61e1][01:35:46.330528] wlan: [3444:I:WMA] [01:35:46.325000] [ROAM_RESULT]: VDEV[0] FAILED Reason: NO AP FOUND
01-01 08:42:47.484 0 0 E DTC_ETH,link_delay_work_func: 3003, SQI=0, link=0
01-01 08:42:52.600 0 0 E DTC_ETH,link_delay_work_func: 3003, SQI=0, link=0
01-01 08:42:57.720 0 0 E DTC_ETH,link_delay_work_func: 3003, SQI=0, link=0
01-01 08:43:02.843 0 0 E DTC_ETH,link_delay_work_func: 3003, SQI=0, link=0
01-01 08:43:07.960 0 0 E DTC_ETH,link_delay_work_func: 3003, SQI=0, link=0
03-11 01:36:11.352 1530 1680 D ActivityManager: freezing 6024 com.android.webview:webview_apk
03-11 01:36:11.352 1530 1680 E ActivityManager: Unable to freeze binder for 6024 com.android.webview:webview_apk
03-11 01:36:11.354 1530 1680 D ActivityManager: froze 6024 com.android.webview:webview_apk
01-01 08:43:12.397 0 0 I binder : 1530:1680 ioctl 400c620e 7965bc15d8 returned -22
01-01 08:43:12.400 0 0 I binder : 1530:1680 ioctl c00c620f 7965bc15b8 returned -22
03-11 01:36:11.355 1530 1680 E ActivityManager: Unable to freeze binder for 6024 com.android.webview:webview_apk
03-11 01:36:11.360 1530 1680 I ActivityManager: Killing 6024:com.android.webview:webview_apk/u0a65 (adj 925): Unable to freeze binder interface
01-01 08:43:13.080 0 0 E DTC_ETH,link_delay_work_func: 3003, SQI=0, link=0
01-01 08:43:18.201 0 0 E DTC_ETH,link_delay_work_func: 3003, SQI=0, link=0
01-01 08:43:23.326 0 0 E DTC_ETH,link_delay_work_func: 3003, SQI=0, link=0
01-01 08:43:28.441 0 0 E DTC_ETH,link_delay_work_func: 3003, SQI=0, link=0
01-01 08:43:33.560 0 0 E DTC_ETH,link_delay_work_func: 3003, SQI=0, link=0
01-01 08:43:38.680 0 0 E DTC_ETH,link_delay_work_func: 3003, SQI=0, link=0
01-01 08:43:43.745 0 0 I perf : interrupt took too long (3928 > 3916), lowering kernel.perf_event_max_sample_rate to 50750
01-01 08:43:43.802 0 0 E DTC_ETH,link_delay_work_func: 3003, SQI=0, link=0
01-01 08:43:48.920 0 0 E DTC_ETH,link_delay_work_func: 3003, SQI=0, link=0
01-01 08:43:54.040 0 0 E DTC_ETH,link_delay_work_func: 3003, SQI=0, link=0
03-11 01:36:53.895 1530 1621 W BatteryExternalStatsWorker: error reading modem stats:ERROR_PHONE_NOT_AVAILABLE
03-11 01:36:53.922 1530 1621 E KernelCpuSpeedReader: Failed to read cpu-freq: /sys/devices/system/cpu/cpu4/cpufreq/stats/time_in_state: open failed: ENOENT (No such file or directory)
03-11 01:36:53.922 1530 1621 E KernelCpuSpeedReader: Failed to read cpu-freq: /sys/devices/system/cpu/cpu0/cpufreq/stats/time_in_state: open failed: ENOENT (No such file or directory)
01-01 08:43:54.977 0 0 W audit : audit_lost=918 audit_rate_limit=5 audit_backlog_limit=64
01-01 08:43:54.977 0 0 E audit : rate limit exceeded
01-01 08:43:59.160 0 0 E DTC_ETH,link_delay_work_func: 3003, SQI=0, link=0
01-01 08:44:04.280 0 0 E DTC_ETH,link_delay_work_func: 3003, SQI=0, link=0
01-01 08:44:09.400 0 0 E DTC_ETH,link_delay_work_func: 3003, SQI=0, link=0
01-01 08:44:14.520 0 0 E DTC_ETH,link_delay_work_func: 3003, SQI=0, link=0
01-01 08:44:15.460 0 0 I init : Untracked pid 12626 exited with status 0
01-01 08:44:18.617 0 0 D cnss : Host time = 1825918830 us, device time = 1812311050 us, offset = 13607780 us
01-01 08:44:18.617 0 0 D cnss : Updated time sync regs [0x984] = 0xcfa364, [0x988] = 0x0
01-01 08:44:18.916 0 0 I logd : logdr: UID=2000 GID=2000 PID=12649 b tail=0 logMask=99 pid=0 start=0ns deadline=0ns
01-01 08:44:19.641 0 0 E DTC_ETH,link_delay_work_func: 3003, SQI=0, link=0
01-01 08:44:24.767 0 0 E DTC_ETH,link_delay_work_func: 3003, SQI=0, link=0
01-01 08:44:29.881 0 0 E DTC_ETH,link_delay_work_func: 3003, SQI=0, link=0
01-01 08:44:34.063 0 0 I logd : logdr: UID=2000 GID=2000 PID=12653 b tail=0 logMask=99 pid=0 start=0ns deadline=0ns
01-01 08:44:35.002 0 0 E DTC_ETH,link_delay_work_func: 3003, SQI=0, link=0
01-01 08:44:40.120 0 0 E DTC_ETH,link_delay_work_func: 3003, SQI=0, link=0
03-11 01:37:40.702 1530 9804 W FreeFormWindowHelper: Current Display FreeFormTask is null
03-11 01:37:40.702 1530 9804 W FreeFormWindowHelper: Current Display FreeFormTask is null
03-11 01:37:40.705 1530 9804 W FreeFormWindowHelper: Current Display FreeFormTask is null
03-11 01:37:40.709 1530 9804 W FreeFormWindowHelper: Current Display FreeFormTask is null
03-11 01:37:40.758 1530 7363 W FreeFormWindowHelper: Current Display FreeFormTask is null
03-11 01:37:40.759 1530 2906 W FreeFormWindowHelper: Current Display FreeFormTask is null
03-11 01:37:40.759 1530 2906 W FreeFormWindowHelper: Current Display FreeFormTask is null
03-11 01:37:40.774 1530 2906 W ActivityTaskManager: getTaskSnapshot: taskId=-27 not found
03-11 01:37:40.775 1530 2906 W ActivityTaskManager: getTaskSnapshot: taskId=-26 not found
03-11 01:37:40.776 1530 2906 W ActivityTaskManager: getTaskSnapshot: taskId=-26 not found
03-11 01:37:40.776 1530 2906 W ActivityTaskManager: getTaskSnapshot: taskId=-26 not found
03-11 01:37:40.803 1530 2906 W FreeFormWindowHelper: Current Display FreeFormTask is null
03-11 01:37:40.804 1530 7363 W FreeFormWindowHelper: Current Display FreeFormTask is null
03-11 01:37:40.804 1530 2906 W ActivityTaskManager: getTaskSnapshot: taskId=-27 not found
03-11 01:37:40.804 1530 2906 W ActivityTaskManager: getTaskSnapshot: taskId=-26 not found
03-11 01:37:40.804 1530 2906 W ActivityTaskManager: getTaskSnapshot: taskId=-26 not found
03-11 01:37:40.804 1530 2906 W ActivityTaskManager: getTaskSnapshot: taskId=-26 not found
03-11 01:37:40.859 1530 7363 W FreeFormWindowHelper: Current Display FreeFormTask is null
03-11 01:37:40.859 1530 7363 W FreeFormWindowHelper: Current Display FreeFormTask is null
03-11 01:37:40.860 1530 7363 W FreeFormWindowHelper: Current Display FreeFormTask is null
03-11 01:37:40.861 1530 7363 W FreeFormWindowHelper: Current Display FreeFormTask is null
03-11 01:37:40.863 1530 7363 W ActivityTaskManager: getTaskSnapshot: taskId=-875 not found
03-11 01:37:40.864 1530 7363 W ActivityTaskManager: getTaskSnapshot: taskId=-874 not found
03-11 01:37:40.865 1530 7363 W ActivityTaskManager: getTaskSnapshot: taskId=-874 not found
03-11 01:37:40.865 1530 7363 W ActivityTaskManager: getTaskSnapshot: taskId=-874 not found
03-11 01:37:40.892 1530 7363 W FreeFormWindowHelper: Current Display FreeFormTask is null
03-11 01:37:40.892 1530 7363 W FreeFormWindowHelper: Current Display FreeFormTask is null
03-11 01:37:40.925 1530 12140 W FreeFormWindowHelper: Current Display FreeFormTask is null
03-11 01:37:40.925 1530 12140 W FreeFormWindowHelper: Current Display FreeFormTask is null
03-11 01:37:41.201 1530 6113 W FreeFormWindowHelper: Current Display FreeFormTask is null
03-11 01:37:41.201 1530 2080 W FreeFormWindowHelper: Current Display FreeFormTask is null
03-11 01:37:41.202 1530 12140 W FreeFormWindowHelper: Current Display FreeFormTask is null
03-11 01:37:41.602 1530 2080 I ActivityTaskManager: FOREGROUND_APPLICATION_CHANGED to com.android.launcher3.uioverrides.QuickstepLauncher
03-11 01:37:41.628 1530 1563 W FreeFormWindowHelper: Current Display FreeFormTask is null
03-11 01:37:41.630 1530 2080 W FreeFormWindowHelper: Current Display FreeFormTask is null
03-11 01:37:41.631 1530 1563 W FreeFormWindowHelper: Current Display FreeFormTask is null
03-11 01:37:41.661 1530 1563 W FreeFormWindowHelper: Current Display FreeFormTask is null
03-11 01:37:41.661 1530 1563 W FreeFormWindowHelper: Current Display FreeFormTask is null
03-11 01:37:41.717 1530 12140 W FreeFormWindowHelper: Current Display FreeFormTask is null
03-11 01:37:41.722 2054 3742 W ContextImpl: Calling a method in the system process without a qualified user: android.app.ContextImpl.startService:1816 android.content.ContextWrapper.startService:774 com.thundercomm.gamemode.ingame.services.GameModeActionUtils.startGameModeService:118 com.thundercomm.gamemode.ingame.services.GameModeActionUtils.startGameModeEntry:29 com.thundercomm.gamemode.ingame.services.ActivityMonitoringService$1.onActivityLaunch:140
03-11 01:37:41.729 1530 1530 I GameModeConfig: Current uri is uri = content://com.thundercomm.gamemode.api/gamemode_settings/gamemode_isgaming
03-11 01:37:41.732 1530 1530 I GameModeConfig: isGameModeOn = true
03-11 01:37:41.732 1530 1530 I GameModeConfig: isGaming = false
03-11 01:37:41.732 1530 1530 I GameModeConfig: isGameModeOn = true
03-11 01:37:41.732 1530 1530 I GameModeConfig: isGaming = false
03-11 01:37:41.732 1530 1530 I GameModeConfig: isDisableVoice = true
01-01 08:44:42.784 0 0 W ALERT : changing window size from 20000000 to 16000000 at 1847880031637
01-01 08:44:42.795 0 0 I : [MAX975X:max96755x_drm_notifier_callback] *INFO* receives EARLY_BLANK:UNBLANK
01-01 08:44:42.795 0 0 I atmel_mxt_ts 0-004a: FB event:2,blank:0
01-01 08:44:42.795 0 0 I atmel_mxt_ts 0-004a: suspend: event = 2, blank = 0, not care
01-01 08:44:42.795 0 0 I [drm:dsi_display_set_mode] [msm-dsi-info]: mdp_transfer_time_us=0 us
01-01 08:44:42.795 0 0 I [drm:dsi_display_set_mode] [msm-dsi-info]: hactive= 2560,vactive= 1080,fps=60
01-01 08:44:42.795 0 0 I : [MAX975X:max96755x_drm_notifier_callback] *INFO* receives BLANK:UNBLANK
03-11 01:37:41.776 1530 1607 I DisplayDeviceRepository: Display device changed: DisplayDeviceInfo{"内置屏幕": uniqueId="local:4630946816427681409", 2560 x 1080, modeId 1, defaultModeId 1, supportedModes [{id=1, width=2560, height=1080, fps=60.000004, alternativeRefreshRates=[30.000002, 45.0]}, {id=2, width=2560, height=1080, fps=45.0, alternativeRefreshRates=[30.000002, 60.000004]}, {id=3, width=2560, height=1080, fps=30.000002, alternativeRefreshRates=[45.0, 60.000004]}], colorMode 0, supportedColorModes [0], hdrCapabilities HdrCapabilities{mSupportedHdrTypes=[2, 3, 4], mMaxLuminance=500.0, mMaxAverageLuminance=500.0, mMinLuminance=0.0}, allmSupported false, gameContentTypeSupported false, density 240, 320.315 x 318.976 dpi, appVsyncOff 1000000, presDeadline 16666666, touch INTERNAL, rotation 0, type INTERNAL, address {port=129, model=0x40446d97fee5e6}, deviceProductInfo DeviceProductInfo{name=, manufacturerPnpId=QCM, productId=1, modelYear=null, manufactureDate=ManufactureDate{week=27, year=2006}, connectionToSinkType=0}, state ON, frameRateOverride , brightnessMinimum 0.0, brightnessMaximum 1.0, brightnessDefault 1.0, FLAG_DEFAULT_DISPLAY, FLAG_ROTATES_WITH_CONTENT, FLAG_SECURE, FLAG_SUPPORTS_PROTECTED_BUFFERS}
01-01 08:44:42.994 0 0 I atmel_mxt_ts 0-004a: FB event:1,blank:0
01-01 08:44:42.994 0 0 I atmel_mxt_ts 0-004a: drm_notifier_callback: UNBLANK! Resume by drm notifier.
03-11 01:37:42.240 1530 2080 I ActivityTaskManager: FOREGROUND_APPLICATION_CHANGED to com.android.settings.homepage.SettingsHomepageActivity
03-11 01:37:42.348 1530 1563 W FreeFormWindowHelper: Current Display FreeFormTask is null
03-11 01:37:42.637 1530 4690 W FreeFormWindowHelper: exitRecentTasks type=0
01-01 08:44:45.241 0 0 E DTC_ETH,link_delay_work_func: 3003, SQI=0, link=0
03-11 01:37:45.250 1530 2750 E TaskPersister: File error accessing recents directory (directory doesn't exist?).
01-01 08:44:50.360 0 0 E DTC_ETH,link_delay_work_func: 3003, SQI=0, link=0
01-01 08:44:50.938 0 0 I msm_vidc: err : ffffffff: .....: DBLP Set: status 0
01-01 08:44:55.481 0 0 E DTC_ETH,link_delay_work_func: 3003, SQI=0, link=0
01-01 08:45:00.601 0 0 E DTC_ETH,link_delay_work_func: 3003, SQI=0, link=0
01-01 08:45:05.725 0 0 E DTC_ETH,link_delay_work_func: 3003, SQI=0, link=0
01-01 08:45:06.714 0 0 I msm_vidc: err : ffffffff: .....: DBLP Set: status 0
01-01 08:45:10.840 0 0 E DTC_ETH,link_delay_work_func: 3003, SQI=0, link=0
01-01 08:45:15.961 0 0 E DTC_ETH,link_delay_work_func: 3003, SQI=0, link=0
03-11 01:38:16.785 1530 1614 I DropBoxManagerService: add tag=system_server_wtf isTagEnabled=true flags=0x2
03-11 01:38:16.788 1530 1614 I DropBoxManagerService: add tag=system_server_wtf isTagEnabled=true flags=0x2
03-11 01:38:16.792 1530 4690 W FreeFormWindowHelper: Current Display FreeFormTask is null
03-11 01:38:16.794 1530 1607 I ActivityManager: Killing 12156:com.tencent.tmgp.sgame/u0a93 (adj 905): remove task
03-11 01:38:16.796 1530 4690 I ActivityManager: Killing 12187:com.tencent.tmgp.sgame:xg_vip_service/u0a93 (adj 500): remove task
03-11 01:38:16.799 1530 2750 E TaskPersister: File error accessing recents directory (directory doesn't exist?).
03-11 01:38:16.848 1530 1563 W ActivityManager: Scheduling restart of crashed service com.tencent.tmgp.sgame/com.tencent.android.tpush.service.XGVipPushService in 1000ms for connection
03-11 01:38:16.882 1530 4690 W FreeFormWindowHelper: Current Display FreeFormTask is null
03-11 01:38:17.054 1530 7363 I WindowManager: WIN DEATH: Window{90dfa57 u0 com.tencent.tmgp.sgame/com.tencent.tmgp.sgame.SGameActivity}
03-11 01:38:17.061 1530 1607 W ActivityManager: setHasOverlayUi called on unknown pid: 12156
03-11 01:38:17.061 1530 1613 W UsageStatsService: Unexpected activity event reported! (com.tencent.tmgp.sgame/com.tencent.tmgp.sgame.SGameActivity event : 23 instanceId : 41171127)
