03-11 01:31:09.048 1530 5963 W FreeFormWindowHelper: Current Display FreeFormTask is null
03-11 01:31:09.064 1530 5963 W FreeFormWindowHelper: Current Display FreeFormTask is null
03-11 01:31:09.065 1530 5963 W FreeFormWindowHelper: Current Display FreeFormTask is null
01-01 08:38:11.000 0 0 E DTC_ETH,link_delay_work_func: 3003, SQI=0, link=0
03-11 01:31:10.966 1530 5963 W FreeFormWindowHelper: exitRecentTasks type=0
03-11 01:31:11.910 1530 10835 W FreeFormWindowHelper: Current Display FreeFormTask is null
03-11 01:31:11.910 1530 10835 W FreeFormWindowHelper: Current Display FreeFormTask is null
03-11 01:31:11.912 1530 5963 W FreeFormWindowHelper: Current Display FreeFormTask is null
03-11 01:31:11.924 1530 2080 W FreeFormWindowHelper: Current Display FreeFormTask is null
03-11 01:31:11.924 1530 10835 W FreeFormWindowHelper: Current Display FreeFormTask is null
03-11 01:31:11.926 1530 10835 W FreeFormWindowHelper: Current Display FreeFormTask is null
03-11 01:31:11.927 1530 10835 W FreeFormWindowHelper: Current Display FreeFormTask is null
03-11 01:31:11.929 1530 6113 W FreeFormWindowHelper: Current Display FreeFormTask is null
03-11 01:31:11.930 1530 6113 W FreeFormWindowHelper: Current Display FreeFormTask is null
03-11 01:31:11.932 1530 10835 W ActivityTaskManager: getTaskSnapshot: taskId=-809 not found
03-11 01:31:11.934 1530 2080 W ActivityTaskManager: getTaskSnapshot: taskId=-808 not found
03-11 01:31:11.935 1530 2080 W ActivityTaskManager: getTaskSnapshot: taskId=-808 not found
03-11 01:31:11.935 1530 2080 W ActivityTaskManager: getTaskSnapshot: taskId=-808 not found
03-11 01:31:11.939 1530 2080 W FreeFormWindowHelper: Current Display FreeFormTask is null
03-11 01:31:11.939 1530 2080 W FreeFormWindowHelper: Current Display FreeFormTask is null
03-11 01:31:12.294 1530 6113 W FreeFormWindowHelper: Current Display FreeFormTask is null
03-11 01:31:12.295 1530 6113 W FreeFormWindowHelper: Current Display FreeFormTask is null
03-11 01:31:12.306 1530 10835 W FreeFormWindowHelper: Current Display FreeFormTask is null
03-11 01:31:12.307 1530 6113 W FreeFormWindowHelper: Current Display FreeFormTask is null
03-11 01:31:12.323 1530 9804 W FreeFormWindowHelper: Current Display FreeFormTask is null
03-11 01:31:12.324 1530 10835 W FreeFormWindowHelper: Current Display FreeFormTask is null
03-11 01:31:12.340 1530 4910 W FreeFormWindowHelper: Current Display FreeFormTask is null
03-11 01:31:12.340 1530 4910 W FreeFormWindowHelper: Current Display FreeFormTask is null
03-11 01:31:12.357 1530 2080 W FreeFormWindowHelper: Current Display FreeFormTask is null
03-11 01:31:12.357 1530 2080 W FreeFormWindowHelper: Current Display FreeFormTask is null
03-11 01:31:12.373 1530 6113 W FreeFormWindowHelper: Current Display FreeFormTask is null
03-11 01:31:12.373 1530 4910 W FreeFormWindowHelper: Current Display FreeFormTask is null
03-11 01:31:12.390 1530 2080 W FreeFormWindowHelper: Current Display FreeFormTask is null
03-11 01:31:12.390 1530 9804 W FreeFormWindowHelper: Current Display FreeFormTask is null
03-11 01:31:12.407 1530 5963 W FreeFormWindowHelper: Current Display FreeFormTask is null
03-11 01:31:12.407 1530 4910 W FreeFormWindowHelper: Current Display FreeFormTask is null
03-11 01:31:12.423 1530 6113 W FreeFormWindowHelper: Current Display FreeFormTask is null
03-11 01:31:12.424 1530 10835 W FreeFormWindowHelper: Current Display FreeFormTask is null
03-11 01:31:12.440 1530 6113 W FreeFormWindowHelper: Current Display FreeFormTask is null
03-11 01:31:12.440 1530 2117 W FreeFormWindowHelper: Current Display FreeFormTask is null
03-11 01:31:12.458 1530 2117 W FreeFormWindowHelper: Current Display FreeFormTask is null
03-11 01:31:12.458 1530 2117 W FreeFormWindowHelper: Current Display FreeFormTask is null
03-11 01:31:12.473 1530 4910 W FreeFormWindowHelper: Current Display FreeFormTask is null
03-11 01:31:12.474 1530 4910 W FreeFormWindowHelper: Current Display FreeFormTask is null
03-11 01:31:12.490 1530 4910 W FreeFormWindowHelper: Current Display FreeFormTask is null
03-11 01:31:12.490 1530 5963 W FreeFormWindowHelper: Current Display FreeFormTask is null
03-11 01:31:12.507 1530 10835 W FreeFormWindowHelper: Current Display FreeFormTask is null
03-11 01:31:12.507 1530 10835 W FreeFormWindowHelper: Current Display FreeFormTask is null
03-11 01:31:12.524 1530 6113 W FreeFormWindowHelper: Current Display FreeFormTask is null
03-11 01:31:12.524 1530 4910 W FreeFormWindowHelper: Current Display FreeFormTask is null
03-11 01:31:12.540 1530 2117 W FreeFormWindowHelper: Current Display FreeFormTask is null
03-11 01:31:12.540 1530 6113 W FreeFormWindowHelper: Current Display FreeFormTask is null
03-11 01:31:12.557 1530 4910 W FreeFormWindowHelper: Current Display FreeFormTask is null
03-11 01:31:12.557 1530 4910 W FreeFormWindowHelper: Current Display FreeFormTask is null
03-11 01:31:12.574 1530 2080 W FreeFormWindowHelper: Current Display FreeFormTask is null
03-11 01:31:12.574 1530 2080 W FreeFormWindowHelper: Current Display FreeFormTask is null
03-11 01:31:12.592 1530 10835 W FreeFormWindowHelper: Current Display FreeFormTask is null
03-11 01:31:12.593 1530 10835 W FreeFormWindowHelper: Current Display FreeFormTask is null
03-11 01:31:12.593 1530 10835 W FreeFormWindowHelper: Current Display FreeFormTask is null
03-11 01:31:12.605 1530 4910 W FreeFormWindowHelper: Current Display FreeFormTask is null
03-11 01:31:12.605 1530 2080 W FreeFormWindowHelper: Current Display FreeFormTask is null
03-11 01:31:12.973 1530 2080 I ActivityTaskManager: FOREGROUND_APPLICATION_CHANGED to com.android.settings.homepage.SettingsHomepageActivity
03-11 01:31:13.004 1530 9804 D TelephonyRegistry: listen oscl: mHasNotifySubscriptionInfoChangedOccurred==false no callback
03-11 01:31:13.006 1530 4910 D TelephonyRegistry: listen oscl: mHasNotifySubscriptionInfoChangedOccurred==false no callback
03-11 01:31:13.033 1530 6113 I ProcessStatsService: Added stats: 1970-01-01-08-13-11, over +36s617ms
03-11 01:31:13.079 1530 10835 W FreeFormWindowHelper: Current Display FreeFormTask is null
03-11 01:31:13.367 1530 5963 W FreeFormWindowHelper: exitRecentTasks type=0
01-01 08:38:16.121 0 0 E DTC_ETH,link_delay_work_func: 3003, SQI=0, link=0
03-11 01:31:15.983 1530 2750 E TaskPersister: File error accessing recents directory (directory doesn't exist?).
01-01 08:38:21.241 0 0 E DTC_ETH,link_delay_work_func: 3003, SQI=0, link=0
03-11 01:31:24.519 1530 5963 W FreeFormWindowHelper: Current Display FreeFormTask is null
03-11 01:31:24.522 1530 5963 W FreeFormWindowHelper: Current Display FreeFormTask is null
03-11 01:31:24.526 1530 10835 W FreeFormWindowHelper: Current Display FreeFormTask is null
03-11 01:31:24.527 1530 6113 W FreeFormWindowHelper: Current Display FreeFormTask is null
03-11 01:31:24.527 1530 6113 W FreeFormWindowHelper: Current Display FreeFormTask is null
03-11 01:31:24.541 1530 6113 W ActivityTaskManager: getTaskSnapshot: taskId=-214 not found
03-11 01:31:24.546 1530 10835 W ActivityTaskManager: getTaskSnapshot: taskId=-213 not found
03-11 01:31:24.548 1530 10835 W ActivityTaskManager: getTaskSnapshot: taskId=-213 not found
03-11 01:31:24.548 1530 10835 W FreeFormWindowHelper: Current Display FreeFormTask is null
03-11 01:31:24.548 1530 6113 W ActivityTaskManager: getTaskSnapshot: taskId=-212 not found
03-11 01:31:24.549 1530 10835 W FreeFormWindowHelper: Current Display FreeFormTask is null
03-11 01:31:24.554 1530 6113 W FreeFormWindowHelper: Current Display FreeFormTask is null
03-11 01:31:24.554 1530 6113 W FreeFormWindowHelper: Current Display FreeFormTask is null
03-11 01:31:24.588 1530 6113 W FreeFormWindowHelper: Current Display FreeFormTask is null
03-11 01:31:24.588 1530 6113 W FreeFormWindowHelper: Current Display FreeFormTask is null
03-11 01:31:24.589 1530 6113 W FreeFormWindowHelper: Current Display FreeFormTask is null
03-11 01:31:24.591 1530 10835 W FreeFormWindowHelper: Current Display FreeFormTask is null
03-11 01:31:24.593 1530 6113 W ActivityTaskManager: getTaskSnapshot: taskId=-145 not found
03-11 01:31:24.596 1530 6113 W ActivityTaskManager: getTaskSnapshot: taskId=-144 not found
03-11 01:31:24.598 1530 6113 W ActivityTaskManager: getTaskSnapshot: taskId=-144 not found
03-11 01:31:24.598 1530 6113 W ActivityTaskManager: getTaskSnapshot: taskId=-144 not found
03-11 01:31:24.604 1530 6113 W FreeFormWindowHelper: Current Display FreeFormTask is null
03-11 01:31:24.604 1530 6113 W FreeFormWindowHelper: Current Display FreeFormTask is null
03-11 01:31:24.621 1530 10835 W FreeFormWindowHelper: Current Display FreeFormTask is null
03-11 01:31:24.621 1530 2080 W FreeFormWindowHelper: Current Display FreeFormTask is null
03-11 01:31:24.646 1530 2080 W FreeFormWindowHelper: exitRecentTasks type=0
03-11 01:31:24.655 1530 6113 W FreeFormWindowHelper: Current Display FreeFormTask is null
03-11 01:31:24.655 1530 6113 W FreeFormWindowHelper: Current Display FreeFormTask is null
03-11 01:31:25.307 1530 4910 W FreeFormWindowHelper: Current Display FreeFormTask is null
03-11 01:31:25.307 1530 2080 W FreeFormWindowHelper: Current Display FreeFormTask is null
01-01 08:38:26.360 0 0 E DTC_ETH,link_delay_work_func: 3003, SQI=0, link=0
03-11 01:31:25.320 1530 6113 I ActivityTaskManager: FOREGROUND_APPLICATION_CHANGED to com.android.launcher3.uioverrides.QuickstepLauncher
03-11 01:31:25.430 1530 6113 W FreeFormWindowHelper: Current Display FreeFormTask is null
03-11 01:31:25.667 1530 6113 I thunderperf: PlatormCompat.setOverrides: Uid1=10075 Pid1=2553 Uid2=10075 Pid2=2553
03-11 01:31:25.667 1530 6113 I thunderperf: PlatormCompat.setOverrides: needCheck:false
03-11 01:31:25.667 1530 6113 I thunderperf: CompatConfig.addOverrideUnsafe: bef-state=1
03-11 01:31:25.667 1530 6113 I thunderperf: CompatConfig.addOverrideUnsafe: aft-state=0
03-11 01:31:25.668 1530 6113 I thunderperf: CompatConfig.addOverrideUnsafe: bef-state=1
03-11 01:31:25.668 1530 6113 I thunderperf: CompatConfig.addOverrideUnsafe: aft-state=0
03-11 01:31:25.668 1530 6113 I thunderperf: CompatConfig.addOverrideUnsafe: bef-state=1
03-11 01:31:25.668 1530 6113 I thunderperf: CompatConfig.addOverrideUnsafe: aft-state=0
03-11 01:31:25.668 1530 6113 I thunderperf: CompatConfig.addOverrideUnsafe: bef-state=1
03-11 01:31:25.668 1530 6113 I thunderperf: CompatConfig.addOverrideUnsafe: aft-state=0
03-11 01:31:25.669 1530 6113 I thunderperf: CompatConfig.addOverrideUnsafe: bef-state=1
03-11 01:31:25.669 1530 6113 I thunderperf: CompatConfig.addOverrideUnsafe: aft-state=0
03-11 01:31:25.669 1530 6113 I thunderperf: CompatConfig.addOverrideUnsafe: bef-state=1
03-11 01:31:25.669 1530 6113 I thunderperf: CompatConfig.addOverrideUnsafe: aft-state=0
03-11 01:31:25.669 1530 6113 I thunderperf: CompatConfig.addOverrideUnsafe: bef-state=1
03-11 01:31:25.670 1530 6113 I thunderperf: CompatConfig.addOverrideUnsafe: aft-state=0
03-11 01:31:25.670 1530 6113 I thunderperf: CompatConfig.addOverrideUnsafe: bef-state=1
03-11 01:31:25.670 1530 6113 I thunderperf: CompatConfig.addOverrideUnsafe: aft-state=0
03-11 01:31:25.670 1530 6113 I thunderperf: CompatConfig.addOverrideUnsafe: bef-state=1
03-11 01:31:25.670 1530 6113 I thunderperf: CompatConfig.addOverrideUnsafe: aft-state=0
03-11 01:31:25.670 1530 6113 I thunderperf: CompatConfig.addOverrideUnsafe: bef-state=1
03-11 01:31:25.671 1530 6113 I thunderperf: CompatConfig.addOverrideUnsafe: aft-state=0
03-11 01:31:25.671 1530 6113 I thunderperf: CompatConfig.addOverrideUnsafe: bef-state=1
03-11 01:31:25.671 1530 6113 I thunderperf: CompatConfig.addOverrideUnsafe: aft-state=0
03-11 01:31:25.671 1530 6113 I thunderperf: CompatConfig.addOverrideUnsafe: bef-state=1
03-11 01:31:25.671 1530 6113 I thunderperf: CompatConfig.addOverrideUnsafe: aft-state=0
03-11 01:31:25.672 1530 6113 I thunderperf: CompatConfig.addOverrideUnsafe: bef-state=1
03-11 01:31:25.672 1530 6113 I thunderperf: CompatConfig.addOverrideUnsafe: aft-state=0
03-11 01:31:25.672 1530 6113 I thunderperf: CompatConfig.addOverrideUnsafe: bef-state=1
03-11 01:31:25.672 1530 6113 I thunderperf: CompatConfig.addOverrideUnsafe: aft-state=0
03-11 01:31:25.673 1530 6113 I ActivityTaskManager: START u0 {act=android.intent.action.MAIN cat=[android.intent.category.LAUNCHER] flg=0x10200000 cmp=com.tencent.tmgp.sgame/.SGameActivity bnds=[1017,120][1319,402]} from uid 10075
03-11 01:31:25.674 1530 6113 D CompatibilityChangeReporter: Compat change id reported: 168419799; UID 10093; state: DISABLED
03-11 01:31:25.677 1530 10835 W FreeFormWindowHelper: Current Display FreeFormTask is null
03-11 01:31:25.680 1530 10835 I ActivityTaskManager: FOREGROUND_APPLICATION_CHANGED to com.tencent.tmgp.sgame.SGameActivity
03-11 01:31:25.681 1530 10835 D CompatibilityChangeReporter: Compat change id reported: 174042980; UID 10093; state: DISABLED
03-11 01:31:25.681 1530 10835 D CompatibilityChangeReporter: Compat change id reported: 181136395; UID 10093; state: DISABLED
03-11 01:31:25.682 1530 10835 D CompatibilityChangeReporter: Compat change id reported: 174042936; UID 10093; state: DISABLED
03-11 01:31:25.682 1530 10835 D CompatibilityChangeReporter: Compat change id reported: 184838306; UID 10093; state: DISABLED
03-11 01:31:25.682 1530 10835 D CompatibilityChangeReporter: Compat change id reported: 185004937; UID 10093; state: DISABLED
03-11 01:31:25.694 2054 3742 W ContextImpl: Calling a method in the system process without a qualified user: android.app.ContextImpl.startService:1816 android.content.ContextWrapper.startService:774 com.thundercomm.gamemode.ingame.services.GameModeActionUtils.startGameModeService:118 com.thundercomm.gamemode.ingame.services.GameModeActionUtils.startGameModeEntry:29 com.thundercomm.gamemode.ingame.services.ActivityMonitoringService$1.onActivityLaunch:140
03-11 01:31:25.697 1530 1530 I GameModeConfig: Current uri is uri = content://com.thundercomm.gamemode.api/gamemode_settings/gamemode_isgaming
03-11 01:31:25.697 1530 1530 I GameModeConfig: isGameModeOn = true
03-11 01:31:25.697 1530 1530 I GameModeConfig: isGaming = true
03-11 01:31:25.697 1530 1530 I GameModeConfig: isDisableNotification = true
03-11 01:31:25.698 1530 1530 I GameModeConfig: isGameModeOn = true
03-11 01:31:25.698 1530 1530 I GameModeConfig: isGaming = true
03-11 01:31:25.698 1530 1530 I GameModeConfig: isDisableNotification = true
01-01 08:38:26.748 0 0 W ALERT : changing window size from 16000000 to 20000000 at 1471844015635
01-01 08:38:26.757 0 0 I : [MAX975X:max96755x_drm_notifier_callback] *INFO* receives EARLY_BLANK:UNBLANK
01-01 08:38:26.757 0 0 I atmel_mxt_ts 0-004a: FB event:2,blank:0
01-01 08:38:26.757 0 0 I atmel_mxt_ts 0-004a: suspend: event = 2, blank = 0, not care
01-01 08:38:26.757 0 0 I [drm:dsi_display_set_mode] [msm-dsi-info]: mdp_transfer_time_us=0 us
01-01 08:38:26.757 0 0 I [drm:dsi_display_set_mode] [msm-dsi-info]: hactive= 2560,vactive= 1080,fps=30
01-01 08:38:26.758 0 0 I : [MAX975X:max96755x_drm_notifier_callback] *INFO* receives BLANK:UNBLANK
03-11 01:31:25.725 1530 1607 I DisplayDeviceRepository: Display device changed: DisplayDeviceInfo{"内置屏幕": uniqueId="local:4630946816427681409", 2560 x 1080, modeId 3, defaultModeId 1, supportedModes [{id=1, width=2560, height=1080, fps=60.000004, alternativeRefreshRates=[30.000002, 45.0]}, {id=2, width=2560, height=1080, fps=45.0, alternativeRefreshRates=[30.000002, 60.000004]}, {id=3, width=2560, height=1080, fps=30.000002, alternativeRefreshRates=[45.0, 60.000004]}], colorMode 0, supportedColorModes [0], hdrCapabilities HdrCapabilities{mSupportedHdrTypes=[2, 3, 4], mMaxLuminance=500.0, mMaxAverageLuminance=500.0, mMinLuminance=0.0}, allmSupported false, gameContentTypeSupported false, density 240, 320.315 x 318.976 dpi, appVsyncOff 1000000, presDeadline 33333333, touch INTERNAL, rotation 0, type INTERNAL, address {port=129, model=0x40446d97fee5e6}, deviceProductInfo DeviceProductInfo{name=, manufacturerPnpId=QCM, productId=1, modelYear=null, manufactureDate=ManufactureDate{week=27, year=2006}, connectionToSinkType=0}, state ON, frameRateOverride , brightnessMinimum 0.0, brightnessMaximum 1.0, brightnessDefault 1.0, FLAG_DEFAULT_DISPLAY, FLAG_ROTATES_WITH_CONTENT, FLAG_SECURE, FLAG_SUPPORTS_PROTECTED_BUFFERS}
01-01 08:38:27.057 0 0 I atmel_mxt_ts 0-004a: FB event:1,blank:0
01-01 08:38:27.057 0 0 I atmel_mxt_ts 0-004a: drm_notifier_callback: UNBLANK! Resume by drm notifier.
03-11 01:31:26.084 1530 5963 W FreeFormWindowHelper: Current Display FreeFormTask is null
03-11 01:31:28.345 1530 6113 W FreeFormWindowHelper: Current Display FreeFormTask is null
03-11 01:31:28.346 1530 6113 W FreeFormWindowHelper: Current Display FreeFormTask is null
03-11 01:31:28.380 1530 6113 W FreeFormWindowHelper: Current Display FreeFormTask is null
03-11 01:31:28.380 1530 5963 W FreeFormWindowHelper: Current Display FreeFormTask is null
03-11 01:31:28.394 1530 6113 W ActivityTaskManager: getTaskSnapshot: taskId=-390 not found
03-11 01:31:28.394 1530 6113 W ActivityTaskManager: getTaskSnapshot: taskId=-389 not found
03-11 01:31:28.395 1530 6113 W ActivityTaskManager: getTaskSnapshot: taskId=-389 not found
03-11 01:31:28.395 1530 6113 W ActivityTaskManager: getTaskSnapshot: taskId=-389 not found
03-11 01:31:28.416 1530 6113 W FreeFormWindowHelper: Current Display FreeFormTask is null
03-11 01:31:28.416 1530 6113 W FreeFormWindowHelper: Current Display FreeFormTask is null
03-11 01:31:28.446 1530 5963 W FreeFormWindowHelper: Current Display FreeFormTask is null
03-11 01:31:28.446 1530 5963 W FreeFormWindowHelper: Current Display FreeFormTask is null
03-11 01:31:28.480 1530 5963 W FreeFormWindowHelper: Current Display FreeFormTask is null
03-11 01:31:28.480 1530 5963 W FreeFormWindowHelper: Current Display FreeFormTask is null
03-11 01:31:28.480 1530 5963 W FreeFormWindowHelper: Current Display FreeFormTask is null
03-11 01:31:28.481 1530 5963 W FreeFormWindowHelper: Current Display FreeFormTask is null
03-11 01:31:28.482 1530 5963 W ActivityTaskManager: getTaskSnapshot: taskId=-255 not found
03-11 01:31:28.483 1530 5963 W ActivityTaskManager: getTaskSnapshot: taskId=-254 not found
03-11 01:31:28.483 1530 5963 W ActivityTaskManager: getTaskSnapshot: taskId=-254 not found
03-11 01:31:28.484 1530 5963 W ActivityTaskManager: getTaskSnapshot: taskId=-254 not found
03-11 01:31:28.513 1530 5963 W FreeFormWindowHelper: Current Display FreeFormTask is null
03-11 01:31:28.513 1530 5963 W FreeFormWindowHelper: Current Display FreeFormTask is null
03-11 01:31:28.547 1530 6113 W FreeFormWindowHelper: Current Display FreeFormTask is null
03-11 01:31:28.547 1530 6113 W FreeFormWindowHelper: Current Display FreeFormTask is null
03-11 01:31:28.682 1530 2750 E TaskPersister: File error accessing recents directory (directory doesn't exist?).
03-11 01:31:28.802 1530 6113 W FreeFormWindowHelper: Current Display FreeFormTask is null
03-11 01:31:28.802 1530 6113 W FreeFormWindowHelper: Current Display FreeFormTask is null
03-11 01:31:28.802 1530 6113 W FreeFormWindowHelper: Current Display FreeFormTask is null
03-11 01:31:29.221 1530 10835 I ActivityTaskManager: FOREGROUND_APPLICATION_CHANGED to com.android.launcher3.uioverrides.QuickstepLauncher
03-11 01:31:29.250 1530 6113 W FreeFormWindowHelper: Current Display FreeFormTask is null
03-11 01:31:29.250 1530 10835 W FreeFormWindowHelper: Current Display FreeFormTask is null
03-11 01:31:29.251 1530 2117 W FreeFormWindowHelper: Current Display FreeFormTask is null
03-11 01:31:29.283 1530 2117 W FreeFormWindowHelper: Current Display FreeFormTask is null
03-11 01:31:29.283 1530 2117 W FreeFormWindowHelper: Current Display FreeFormTask is null
03-11 01:31:29.327 1530 2117 W FreeFormWindowHelper: Current Display FreeFormTask is null
03-11 01:31:29.329 2054 3742 W ContextImpl: Calling a method in the system process without a qualified user: android.app.ContextImpl.startService:1816 android.content.ContextWrapper.startService:774 com.thundercomm.gamemode.ingame.services.GameModeActionUtils.startGameModeService:118 com.thundercomm.gamemode.ingame.services.GameModeActionUtils.startGameModeEntry:29 com.thundercomm.gamemode.ingame.services.ActivityMonitoringService$1.onActivityLaunch:140
03-11 01:31:29.331 1530 1530 I GameModeConfig: Current uri is uri = content://com.thundercomm.gamemode.api/gamemode_settings/gamemode_isgaming
03-11 01:31:29.332 1530 1530 I GameModeConfig: isGameModeOn = true
03-11 01:31:29.332 1530 1530 I GameModeConfig: isGaming = false
03-11 01:31:29.332 1530 1530 I GameModeConfig: isGameModeOn = true
03-11 01:31:29.332 1530 1530 I GameModeConfig: isGaming = false
03-11 01:31:29.332 1530 1530 I GameModeConfig: isDisableVoice = true
01-01 08:38:30.388 0 0 W ALERT : changing window size from 20000000 to 16000000 at 1475484011571
01-01 08:38:30.416 0 0 I : [MAX975X:max96755x_drm_notifier_callback] *INFO* receives EARLY_BLANK:UNBLANK
01-01 08:38:30.416 0 0 I atmel_mxt_ts 0-004a: FB event:2,blank:0
01-01 08:38:30.416 0 0 I atmel_mxt_ts 0-004a: suspend: event = 2, blank = 0, not care
01-01 08:38:30.416 0 0 I [drm:dsi_display_set_mode] [msm-dsi-info]: mdp_transfer_time_us=0 us
01-01 08:38:30.416 0 0 I [drm:dsi_display_set_mode] [msm-dsi-info]: hactive= 2560,vactive= 1080,fps=60
01-01 08:38:30.416 0 0 I : [MAX975X:max96755x_drm_notifier_callback] *INFO* receives BLANK:UNBLANK
01-01 08:38:30.417 0 0 I atmel_mxt_ts 0-004a: FB event:1,blank:0
01-01 08:38:30.417 0 0 I atmel_mxt_ts 0-004a: drm_notifier_callback: UNBLANK! Resume by drm notifier.
03-11 01:31:29.398 1530 1607 I DisplayDeviceRepository: Display device changed: DisplayDeviceInfo{"内置屏幕": uniqueId="local:4630946816427681409", 2560 x 1080, modeId 1, defaultModeId 1, supportedModes [{id=1, width=2560, height=1080, fps=60.000004, alternativeRefreshRates=[30.000002, 45.0]}, {id=2, width=2560, height=1080, fps=45.0, alternativeRefreshRates=[30.000002, 60.000004]}, {id=3, width=2560, height=1080, fps=30.000002, alternativeRefreshRates=[45.0, 60.000004]}], colorMode 0, supportedColorModes [0], hdrCapabilities HdrCapabilities{mSupportedHdrTypes=[2, 3, 4], mMaxLuminance=500.0, mMaxAverageLuminance=500.0, mMinLuminance=0.0}, allmSupported false, gameContentTypeSupported false, density 240, 320.315 x 318.976 dpi, appVsyncOff 1000000, presDeadline 16666666, touch INTERNAL, rotation 0, type INTERNAL, address {port=129, model=0x40446d97fee5e6}, deviceProductInfo DeviceProductInfo{name=, manufacturerPnpId=QCM, productId=1, modelYear=null, manufactureDate=ManufactureDate{week=27, year=2006}, connectionToSinkType=0}, state ON, frameRateOverride , brightnessMinimum 0.0, brightnessMaximum 1.0, brightnessDefault 1.0, FLAG_DEFAULT_DISPLAY, FLAG_ROTATES_WITH_CONTENT, FLAG_SECURE, FLAG_SUPPORTS_PROTECTED_BUFFERS}
03-11 01:31:30.378 1530 9804 I ActivityTaskManager: FOREGROUND_APPLICATION_CHANGED to com.android.settings.homepage.SettingsHomepageActivity
03-11 01:31:30.397 1530 5963 D TelephonyRegistry: listen oscl: mHasNotifySubscriptionInfoChangedOccurred==false no callback
03-11 01:31:30.398 1530 7363 D TelephonyRegistry: listen oscl: mHasNotifySubscriptionInfoChangedOccurred==false no callback
03-11 01:31:30.418 1530 5963 I ProcessStatsService: Added stats: 1970-01-01-08-13-11, over +36s617ms
01-01 08:38:31.483 0 0 E DTC_ETH,link_delay_work_func: 3003, SQI=0, link=0
03-11 01:31:30.481 1530 9804 W FreeFormWindowHelper: Current Display FreeFormTask is null
03-11 01:31:30.754 1530 9804 W FreeFormWindowHelper: exitRecentTasks type=0
03-11 01:31:31.361 1530 10835 E UserRestrictionsUtils: Unknown restriction queried by uid 1000 (com.thundercomm.remotecontrolservice et al): null
03-11 01:31:31.362 1530 10835 E UserRestrictionsUtils: Unknown restriction queried by uid 1000 (com.thundercomm.remotecontrolservice et al): null
03-11 01:31:33.380 1530 2750 E TaskPersister: File error accessing recents directory (directory doesn't exist?).
01-01 08:38:36.601 0 0 E DTC_ETH,link_delay_work_func: 3003, SQI=0, link=0
01-01 08:38:41.720 0 0 E DTC_ETH,link_delay_work_func: 3003, SQI=0, link=0
01-01 08:38:46.841 0 0 E DTC_ETH,link_delay_work_func: 3003, SQI=0, link=0
01-01 08:38:51.961 0 0 E DTC_ETH,link_delay_work_func: 3003, SQI=0, link=0
01-01 08:38:57.080 0 0 E DTC_ETH,link_delay_work_func: 3003, SQI=0, link=0
01-01 08:39:02.201 0 0 E DTC_ETH,link_delay_work_func: 3003, SQI=0, link=0
01-01 08:39:03.643 0 0 I msm_vidc: err : ffffffff: .....: DBLP Set: status 0
01-01 08:39:07.321 0 0 E DTC_ETH,link_delay_work_func: 3003, SQI=0, link=0
01-01 08:39:08.570 0 0 I msm_vidc: err : ffffffff: .....: DBLP Set: status 0
01-01 08:39:12.444 0 0 E DTC_ETH,link_delay_work_func: 3003, SQI=0, link=0
01-01 08:39:17.561 0 0 E DTC_ETH,link_delay_work_func: 3003, SQI=0, link=0
01-01 08:39:22.681 0 0 E DTC_ETH,link_delay_work_func: 3003, SQI=0, link=0
03-11 01:32:25.553 1530 1630 V DisplayPowerController[0]: Brightness [0.05] reason changing to: 'manual [ dim ]', previous reason: 'manual'.
03-11 01:32:25.554 1530 1630 W PowerManagerService: Screen on took 566464 ms
03-11 01:32:25.566 1530 1888 E DisplayDeviceConfig: requesting nits when no mapping exists.
03-11 01:32:25.567 1530 1888 E DisplayDeviceConfig: requesting nits when no mapping exists.
03-11 01:32:25.569 1530 1614 I DropBoxManagerService: add tag=system_server_wtf isTagEnabled=true flags=0x2
03-11 01:32:25.572 1530 1614 I DropBoxManagerService: add tag=system_server_wtf isTagEnabled=true flags=0x2
03-11 01:32:25.582 1530 1888 E DisplayDeviceConfig: requesting nits when no mapping exists.
03-11 01:32:25.582 1530 1888 E DisplayDeviceConfig: requesting nits when no mapping exists.
03-11 01:32:25.583 1530 1614 I DropBoxManagerService: add tag=system_server_wtf isTagEnabled=true flags=0x2
03-11 01:32:25.585 1530 1614 I DropBoxManagerService: add tag=system_server_wtf isTagEnabled=true flags=0x2
03-11 01:32:25.598 1530 1888 E DisplayDeviceConfig: requesting nits when no mapping exists.
03-11 01:32:25.599 1530 1888 E DisplayDeviceConfig: requesting nits when no mapping exists.
03-11 01:32:25.600 1530 1614 I DropBoxManagerService: add tag=system_server_wtf isTagEnabled=true flags=0x2
03-11 01:32:25.614 1530 1888 E DisplayDeviceConfig: requesting nits when no mapping exists.
03-11 01:32:25.615 1530 1888 E DisplayDeviceConfig: requesting nits when no mapping exists.
03-11 01:32:25.631 1530 1888 E DisplayDeviceConfig: requesting nits when no mapping exists.
03-11 01:32:25.632 1530 1888 E DisplayDeviceConfig: requesting nits when no mapping exists.
03-11 01:32:25.648 1530 1888 E DisplayDeviceConfig: requesting nits when no mapping exists.
03-11 01:32:25.649 1530 1888 E DisplayDeviceConfig: requesting nits when no mapping exists.
03-11 01:32:25.665 1530 1888 E DisplayDeviceConfig: requesting nits when no mapping exists.
03-11 01:32:25.665 1530 1888 E DisplayDeviceConfig: requesting nits when no mapping exists.
03-11 01:32:25.682 1530 1888 E DisplayDeviceConfig: requesting nits when no mapping exists.
03-11 01:32:25.682 1530 1888 E DisplayDeviceConfig: requesting nits when no mapping exists.
03-11 01:32:25.698 1530 1888 E DisplayDeviceConfig: requesting nits when no mapping exists.
03-11 01:32:25.700 1530 1888 E DisplayDeviceConfig: requesting nits when no mapping exists.
03-11 01:32:25.715 1530 1888 E DisplayDeviceConfig: requesting nits when no mapping exists.
03-11 01:32:25.717 1530 1888 E DisplayDeviceConfig: requesting nits when no mapping exists.
03-11 01:32:25.732 1530 1888 E DisplayDeviceConfig: requesting nits when no mapping exists.
03-11 01:32:25.732 1530 1888 E DisplayDeviceConfig: requesting nits when no mapping exists.
03-11 01:32:25.748 1530 1888 E DisplayDeviceConfig: requesting nits when no mapping exists.
03-11 01:32:25.749 1530 1888 E DisplayDeviceConfig: requesting nits when no mapping exists.
03-11 01:32:25.765 1530 1888 E DisplayDeviceConfig: requesting nits when no mapping exists.
03-11 01:32:25.766 1530 1888 E DisplayDeviceConfig: requesting nits when no mapping exists.
03-11 01:32:25.782 1530 1888 E DisplayDeviceConfig: requesting nits when no mapping exists.
03-11 01:32:25.782 1530 1888 E DisplayDeviceConfig: requesting nits when no mapping exists.
03-11 01:32:25.799 1530 1888 E DisplayDeviceConfig: requesting nits when no mapping exists.
03-11 01:32:25.800 1530 1888 E DisplayDeviceConfig: requesting nits when no mapping exists.
03-11 01:32:25.815 1530 1888 E DisplayDeviceConfig: requesting nits when no mapping exists.
03-11 01:32:25.817 1530 1888 E DisplayDeviceConfig: requesting nits when no mapping exists.
03-11 01:32:25.832 1530 1888 E DisplayDeviceConfig: requesting nits when no mapping exists.
03-11 01:32:25.833 1530 1888 E DisplayDeviceConfig: requesting nits when no mapping exists.
03-11 01:32:25.849 1530 1888 E DisplayDeviceConfig: requesting nits when no mapping exists.
03-11 01:32:25.849 1530 1888 E DisplayDeviceConfig: requesting nits when no mapping exists.
03-11 01:32:25.865 1530 1888 E DisplayDeviceConfig: requesting nits when no mapping exists.
03-11 01:32:25.866 1530 1888 E DisplayDeviceConfig: requesting nits when no mapping exists.
03-11 01:32:25.882 1530 1888 E DisplayDeviceConfig: requesting nits when no mapping exists.
03-11 01:32:25.883 1530 1888 E DisplayDeviceConfig: requesting nits when no mapping exists.
03-11 01:32:25.899 1530 1888 E DisplayDeviceConfig: requesting nits when no mapping exists.
03-11 01:32:25.899 1530 1888 E DisplayDeviceConfig: requesting nits when no mapping exists.
03-11 01:32:25.916 1530 1888 E DisplayDeviceConfig: requesting nits when no mapping exists.
03-11 01:32:25.916 1530 1888 E DisplayDeviceConfig: requesting nits when no mapping exists.
03-11 01:32:25.932 1530 1888 E DisplayDeviceConfig: requesting nits when no mapping exists.
03-11 01:32:25.933 1530 1888 E DisplayDeviceConfig: requesting nits when no mapping exists.
03-11 01:32:25.949 1530 1888 E DisplayDeviceConfig: requesting nits when no mapping exists.
03-11 01:32:25.949 1530 1888 E DisplayDeviceConfig: requesting nits when no mapping exists.
03-11 01:32:25.966 1530 1888 E DisplayDeviceConfig: requesting nits when no mapping exists.
03-11 01:32:25.966 1530 1888 E DisplayDeviceConfig: requesting nits when no mapping exists.
03-11 01:32:25.982 1530 1888 E DisplayDeviceConfig: requesting nits when no mapping exists.
03-11 01:32:25.983 1530 1888 E DisplayDeviceConfig: requesting nits when no mapping exists.
03-11 01:32:25.999 1530 1888 E DisplayDeviceConfig: requesting nits when no mapping exists.
03-11 01:32:25.999 1530 1888 E DisplayDeviceConfig: requesting nits when no mapping exists.
03-11 01:32:26.015 1530 1888 E DisplayDeviceConfig: requesting nits when no mapping exists.
03-11 01:32:26.016 1530 1888 E DisplayDeviceConfig: requesting nits when no mapping exists.
03-11 01:32:26.032 1530 1888 E DisplayDeviceConfig: requesting nits when no mapping exists.
03-11 01:32:26.032 1530 1888 E DisplayDeviceConfig: requesting nits when no mapping exists.
03-11 01:32:26.049 1530 1888 E DisplayDeviceConfig: requesting nits when no mapping exists.
03-11 01:32:26.050 1530 1888 E DisplayDeviceConfig: requesting nits when no mapping exists.
03-11 01:32:26.066 1530 1888 E DisplayDeviceConfig: requesting nits when no mapping exists.
03-11 01:32:26.066 1530 1888 E DisplayDeviceConfig: requesting nits when no mapping exists.
03-11 01:32:26.083 1530 1888 E DisplayDeviceConfig: requesting nits when no mapping exists.
03-11 01:32:26.083 1530 1888 E DisplayDeviceConfig: requesting nits when no mapping exists.
03-11 01:32:26.099 1530 1888 E DisplayDeviceConfig: requesting nits when no mapping exists.
03-11 01:32:26.100 1530 1888 E DisplayDeviceConfig: requesting nits when no mapping exists.
03-11 01:32:26.116 1530 1888 E DisplayDeviceConfig: requesting nits when no mapping exists.
03-11 01:32:26.117 1530 1888 E DisplayDeviceConfig: requesting nits when no mapping exists.
03-11 01:32:26.133 1530 1888 E DisplayDeviceConfig: requesting nits when no mapping exists.
03-11 01:32:26.133 1530 1888 E DisplayDeviceConfig: requesting nits when no mapping exists.
03-11 01:32:26.149 1530 1888 E DisplayDeviceConfig: requesting nits when no mapping exists.
03-11 01:32:26.149 1530 1888 E DisplayDeviceConfig: requesting nits when no mapping exists.
03-11 01:32:26.166 1530 1888 E DisplayDeviceConfig: requesting nits when no mapping exists.
03-11 01:32:26.167 1530 1888 E DisplayDeviceConfig: requesting nits when no mapping exists.
03-11 01:32:26.183 1530 1888 E DisplayDeviceConfig: requesting nits when no mapping exists.
03-11 01:32:26.183 1530 1888 E DisplayDeviceConfig: requesting nits when no mapping exists.
03-11 01:32:26.199 1530 1888 E DisplayDeviceConfig: requesting nits when no mapping exists.
03-11 01:32:26.200 1530 1888 E DisplayDeviceConfig: requesting nits when no mapping exists.
03-11 01:32:26.216 1530 1888 E DisplayDeviceConfig: requesting nits when no mapping exists.
03-11 01:32:26.216 1530 1888 E DisplayDeviceConfig: requesting nits when no mapping exists.
03-11 01:32:26.233 1530 1888 E DisplayDeviceConfig: requesting nits when no mapping exists.
03-11 01:32:26.233 1530 1888 E DisplayDeviceConfig: requesting nits when no mapping exists.
03-11 01:32:26.249 1530 1888 E DisplayDeviceConfig: requesting nits when no mapping exists.
03-11 01:32:26.250 1530 1888 E DisplayDeviceConfig: requesting nits when no mapping exists.
03-11 01:32:26.266 1530 1888 E DisplayDeviceConfig: requesting nits when no mapping exists.
03-11 01:32:26.267 1530 1888 E DisplayDeviceConfig: requesting nits when no mapping exists.
03-11 01:32:26.283 1530 1888 E DisplayDeviceConfig: requesting nits when no mapping exists.
03-11 01:32:26.284 1530 1888 E DisplayDeviceConfig: requesting nits when no mapping exists.
03-11 01:32:26.300 1530 1888 E DisplayDeviceConfig: requesting nits when no mapping exists.
03-11 01:32:26.300 1530 1888 E DisplayDeviceConfig: requesting nits when no mapping exists.
03-11 01:32:26.316 1530 1888 E DisplayDeviceConfig: requesting nits when no mapping exists.
03-11 01:32:26.317 1530 1888 E DisplayDeviceConfig: requesting nits when no mapping exists.
03-11 01:32:26.333 1530 1888 E DisplayDeviceConfig: requesting nits when no mapping exists.
03-11 01:32:26.334 1530 1888 E DisplayDeviceConfig: requesting nits when no mapping exists.
03-11 01:32:26.350 1530 1888 E DisplayDeviceConfig: requesting nits when no mapping exists.
03-11 01:32:26.350 1530 1888 E DisplayDeviceConfig: requesting nits when no mapping exists.
03-11 01:32:26.366 1530 1888 E DisplayDeviceConfig: requesting nits when no mapping exists.
03-11 01:32:26.367 1530 1888 E DisplayDeviceConfig: requesting nits when no mapping exists.
03-11 01:32:26.383 1530 1888 E DisplayDeviceConfig: requesting nits when no mapping exists.
03-11 01:32:26.384 1530 1888 E DisplayDeviceConfig: requesting nits when no mapping exists.
03-11 01:32:26.400 1530 1888 E DisplayDeviceConfig: requesting nits when no mapping exists.
03-11 01:32:26.401 1530 1888 E DisplayDeviceConfig: requesting nits when no mapping exists.
03-11 01:32:26.416 1530 1888 E DisplayDeviceConfig: requesting nits when no mapping exists.
03-11 01:32:26.417 1530 1888 E DisplayDeviceConfig: requesting nits when no mapping exists.
03-11 01:32:26.433 1530 1888 E DisplayDeviceConfig: requesting nits when no mapping exists.
03-11 01:32:26.433 1530 1888 E DisplayDeviceConfig: requesting nits when no mapping exists.
03-11 01:32:26.450 1530 1888 E DisplayDeviceConfig: requesting nits when no mapping exists.
03-11 01:32:26.450 1530 1888 E DisplayDeviceConfig: requesting nits when no mapping exists.
03-11 01:32:26.467 1530 1888 E DisplayDeviceConfig: requesting nits when no mapping exists.
03-11 01:32:26.468 1530 1888 E DisplayDeviceConfig: requesting nits when no mapping exists.
03-11 01:32:26.483 1530 1888 E DisplayDeviceConfig: requesting nits when no mapping exists.
03-11 01:32:26.484 1530 1888 E DisplayDeviceConfig: requesting nits when no mapping exists.
03-11 01:32:26.500 1530 1888 E DisplayDeviceConfig: requesting nits when no mapping exists.
03-11 01:32:26.501 1530 1888 E DisplayDeviceConfig: requesting nits when no mapping exists.
03-11 01:32:26.516 1530 1888 E DisplayDeviceConfig: requesting nits when no mapping exists.
03-11 01:32:26.517 1530 1888 E DisplayDeviceConfig: requesting nits when no mapping exists.
01-01 08:39:27.800 0 0 E DTC_ETH,link_delay_work_func: 3003, SQI=0, link=0
03-11 01:32:29.234 1530 1614 W ActivityManager: Stopping service due to app idle: u0a93 -2m28s821ms com.tencent.tmgp.sgame/com.tencent.android.tpush.service.XGVipPushService
03-11 01:32:29.234 1530 1614 W ActivityManager: Stopping service due to app idle: u0a93 -2m28s777ms com.tencent.tmgp.sgame/com.tencent.tpns.mqttchannel.services.MqttService
01-01 08:39:32.921 0 0 E DTC_ETH,link_delay_work_func: 3003, SQI=0, link=0
03-11 01:32:32.552 1530 1630 I PowerManagerService: Napping display group (groupId=0, uid=1000)...
03-11 01:32:32.552 1530 1630 I PowerManagerService: Nap time (uid 1000)...
03-11 01:32:32.554 1530 1630 I DreamManagerService: Entering dreamland.
03-11 01:32:32.556 1530 1630 I PowerManagerService: Dreaming...
03-11 01:32:32.568 1530 1604 I DreamController: Starting dream: name=ComponentInfo{com.thundercomm.screensaver/com.thundercomm.screensaver.service.SystemDream}, isTest=false, canDoze=false, userId=0
03-11 01:32:32.589 1530 5963 I ActivityTaskManager: START u0 {flg=0x10000000 pkg=com.thundercomm.screensaver cmp=com.thundercomm.screensaver/android.service.dreams.DreamActivity (has extras)} from uid 10047
03-11 01:32:32.592 1530 5963 W ActivityTaskManager: Can't find TaskDisplayArea to determine support for multi window. Task id=29 attached=false
03-11 01:32:32.602 1530 9804 I ActivityTaskManager: FOREGROUND_APPLICATION_CHANGED to android.service.dreams.DreamActivity
03-11 01:32:32.602 1530 9804 I ActivityTaskManager: The Process com.thundercomm.screensaver Already Exists in BG. So sending its PID: 3999
03-11 01:32:32.602 1530 9804 W ActivityTaskManager: Tried to set launchTime (0) < mLastActivityLaunchTime (959640)
03-11 01:32:32.611 1530 5963 W WindowManager: Failed looking up window session=Session{8507c92 3999:u0a10047} callers=com.android.server.wm.WindowManagerService.windowForClientLocked:5628 com.android.server.wm.Session.insetsModified:629 android.view.IWindowSession$Stub.onTransact:1151
03-11 01:32:32.643 1530 1630 V DisplayPowerController[0]: Brightness [1.0] reason changing to: 'manual', previous reason: 'manual [ dim ]'.
03-11 01:32:32.650 1530 1888 E DisplayDeviceConfig: requesting nits when no mapping exists.
03-11 01:32:32.650 1530 1888 E DisplayDeviceConfig: requesting nits when no mapping exists.
03-11 01:32:32.667 1530 1888 E DisplayDeviceConfig: requesting nits when no mapping exists.
03-11 01:32:32.667 1530 1888 E DisplayDeviceConfig: requesting nits when no mapping exists.
03-11 01:32:32.684 1530 1888 E DisplayDeviceConfig: requesting nits when no mapping exists.
03-11 01:32:32.684 1530 1888 E DisplayDeviceConfig: requesting nits when no mapping exists.
03-11 01:32:32.701 1530 1888 E DisplayDeviceConfig: requesting nits when no mapping exists.
03-11 01:32:32.701 1530 1888 E DisplayDeviceConfig: requesting nits when no mapping exists.
03-11 01:32:32.705 1530 9804 W FreeFormWindowHelper: Current Display FreeFormTask is null
03-11 01:32:32.717 1530 1888 E DisplayDeviceConfig: requesting nits when no mapping exists.
03-11 01:32:32.718 1530 1888 E DisplayDeviceConfig: requesting nits when no mapping exists.
03-11 01:32:32.734 1530 1888 E DisplayDeviceConfig: requesting nits when no mapping exists.
03-11 01:32:32.734 1530 1888 E DisplayDeviceConfig: requesting nits when no mapping exists.
03-11 01:32:32.750 1530 1888 E DisplayDeviceConfig: requesting nits when no mapping exists.
03-11 01:32:32.751 1530 1888 E DisplayDeviceConfig: requesting nits when no mapping exists.
03-11 01:32:32.767 1530 1888 E DisplayDeviceConfig: requesting nits when no mapping exists.
03-11 01:32:32.767 1530 1888 E DisplayDeviceConfig: requesting nits when no mapping exists.
03-11 01:32:32.784 1530 1888 E DisplayDeviceConfig: requesting nits when no mapping exists.
03-11 01:32:32.784 1530 1888 E DisplayDeviceConfig: requesting nits when no mapping exists.
03-11 01:32:32.801 1530 1888 E DisplayDeviceConfig: requesting nits when no mapping exists.
03-11 01:32:32.801 1530 1888 E DisplayDeviceConfig: requesting nits when no mapping exists.
03-11 01:32:32.817 1530 1888 E DisplayDeviceConfig: requesting nits when no mapping exists.
03-11 01:32:32.818 1530 1888 E DisplayDeviceConfig: requesting nits when no mapping exists.
03-11 01:32:32.834 1530 1888 E DisplayDeviceConfig: requesting nits when no mapping exists.
03-11 01:32:32.834 1530 1888 E DisplayDeviceConfig: requesting nits when no mapping exists.
03-11 01:32:32.851 1530 1888 E DisplayDeviceConfig: requesting nits when no mapping exists.
03-11 01:32:32.851 1530 1888 E DisplayDeviceConfig: requesting nits when no mapping exists.
03-11 01:32:32.867 1530 1888 E DisplayDeviceConfig: requesting nits when no mapping exists.
03-11 01:32:32.867 1530 1888 E DisplayDeviceConfig: requesting nits when no mapping exists.
03-11 01:32:32.884 1530 1888 E DisplayDeviceConfig: requesting nits when no mapping exists.
03-11 01:32:32.884 1530 1888 E DisplayDeviceConfig: requesting nits when no mapping exists.
03-11 01:32:32.901 1530 1888 E DisplayDeviceConfig: requesting nits when no mapping exists.
03-11 01:32:32.901 1530 1888 E DisplayDeviceConfig: requesting nits when no mapping exists.
03-11 01:32:32.917 1530 1888 E DisplayDeviceConfig: requesting nits when no mapping exists.
03-11 01:32:32.917 1530 1888 E DisplayDeviceConfig: requesting nits when no mapping exists.
03-11 01:32:32.934 1530 1888 E DisplayDeviceConfig: requesting nits when no mapping exists.
03-11 01:32:32.934 1530 1888 E DisplayDeviceConfig: requesting nits when no mapping exists.
03-11 01:32:32.951 1530 1888 E DisplayDeviceConfig: requesting nits when no mapping exists.
03-11 01:32:32.951 1530 1888 E DisplayDeviceConfig: requesting nits when no mapping exists.
03-11 01:32:32.967 1530 1888 E DisplayDeviceConfig: requesting nits when no mapping exists.
03-11 01:32:32.968 1530 1888 E DisplayDeviceConfig: requesting nits when no mapping exists.
03-11 01:32:32.984 1530 1888 E DisplayDeviceConfig: requesting nits when no mapping exists.
03-11 01:32:32.984 1530 1888 E DisplayDeviceConfig: requesting nits when no mapping exists.
03-11 01:32:33.001 1530 1888 E DisplayDeviceConfig: requesting nits when no mapping exists.
03-11 01:32:33.001 1530 1888 E DisplayDeviceConfig: requesting nits when no mapping exists.
03-11 01:32:33.017 1530 1888 E DisplayDeviceConfig: requesting nits when no mapping exists.
03-11 01:32:33.018 1530 1888 E DisplayDeviceConfig: requesting nits when no mapping exists.
03-11 01:32:33.034 1530 1888 E DisplayDeviceConfig: requesting nits when no mapping exists.
03-11 01:32:33.034 1530 1888 E DisplayDeviceConfig: requesting nits when no mapping exists.
03-11 01:32:33.051 1530 1888 E DisplayDeviceConfig: requesting nits when no mapping exists.
03-11 01:32:33.051 1530 1888 E DisplayDeviceConfig: requesting nits when no mapping exists.
03-11 01:32:33.068 1530 1888 E DisplayDeviceConfig: requesting nits when no mapping exists.
03-11 01:32:33.068 1530 1888 E DisplayDeviceConfig: requesting nits when no mapping exists.
03-11 01:32:33.084 1530 1888 E DisplayDeviceConfig: requesting nits when no mapping exists.
03-11 01:32:33.084 1530 1888 E DisplayDeviceConfig: requesting nits when no mapping exists.
03-11 01:32:33.101 1530 1888 E DisplayDeviceConfig: requesting nits when no mapping exists.
03-11 01:32:33.101 1530 1888 E DisplayDeviceConfig: requesting nits when no mapping exists.
03-11 01:32:33.118 1530 1888 E DisplayDeviceConfig: requesting nits when no mapping exists.
03-11 01:32:33.118 1530 1888 E DisplayDeviceConfig: requesting nits when no mapping exists.
03-11 01:32:33.134 1530 1888 E DisplayDeviceConfig: requesting nits when no mapping exists.
03-11 01:32:33.135 1530 1888 E DisplayDeviceConfig: requesting nits when no mapping exists.
03-11 01:32:33.151 1530 1888 E DisplayDeviceConfig: requesting nits when no mapping exists.
03-11 01:32:33.151 1530 1888 E DisplayDeviceConfig: requesting nits when no mapping exists.
03-11 01:32:33.168 1530 1888 E DisplayDeviceConfig: requesting nits when no mapping exists.
03-11 01:32:33.168 1530 1888 E DisplayDeviceConfig: requesting nits when no mapping exists.
03-11 01:32:33.185 1530 1888 E DisplayDeviceConfig: requesting nits when no mapping exists.
03-11 01:32:33.185 1530 1888 E DisplayDeviceConfig: requesting nits when no mapping exists.
03-11 01:32:33.201 1530 1888 E DisplayDeviceConfig: requesting nits when no mapping exists.
03-11 01:32:33.202 1530 1888 E DisplayDeviceConfig: requesting nits when no mapping exists.
03-11 01:32:33.218 1530 1888 E DisplayDeviceConfig: requesting nits when no mapping exists.
03-11 01:32:33.218 1530 1888 E DisplayDeviceConfig: requesting nits when no mapping exists.
03-11 01:32:33.235 1530 1888 E DisplayDeviceConfig: requesting nits when no mapping exists.
03-11 01:32:33.235 1530 1888 E DisplayDeviceConfig: requesting nits when no mapping exists.
03-11 01:32:33.251 1530 1888 E DisplayDeviceConfig: requesting nits when no mapping exists.
03-11 01:32:33.251 1530 1888 E DisplayDeviceConfig: requesting nits when no mapping exists.
03-11 01:32:33.268 1530 1888 E DisplayDeviceConfig: requesting nits when no mapping exists.
03-11 01:32:33.268 1530 1888 E DisplayDeviceConfig: requesting nits when no mapping exists.
03-11 01:32:33.285 1530 1888 E DisplayDeviceConfig: requesting nits when no mapping exists.
03-11 01:32:33.285 1530 1888 E DisplayDeviceConfig: requesting nits when no mapping exists.
03-11 01:32:33.301 1530 1888 E DisplayDeviceConfig: requesting nits when no mapping exists.
03-11 01:32:33.302 1530 1888 E DisplayDeviceConfig: requesting nits when no mapping exists.
03-11 01:32:33.318 1530 1888 E DisplayDeviceConfig: requesting nits when no mapping exists.
03-11 01:32:33.318 1530 1888 E DisplayDeviceConfig: requesting nits when no mapping exists.
03-11 01:32:33.335 1530 1888 E DisplayDeviceConfig: requesting nits when no mapping exists.
03-11 01:32:33.335 1530 1888 E DisplayDeviceConfig: requesting nits when no mapping exists.
03-11 01:32:33.351 1530 1888 E DisplayDeviceConfig: requesting nits when no mapping exists.
03-11 01:32:33.352 1530 1888 E DisplayDeviceConfig: requesting nits when no mapping exists.
03-11 01:32:33.368 1530 1888 E DisplayDeviceConfig: requesting nits when no mapping exists.
03-11 01:32:33.368 1530 1888 E DisplayDeviceConfig: requesting nits when no mapping exists.
03-11 01:32:33.385 1530 1888 E DisplayDeviceConfig: requesting nits when no mapping exists.
03-11 01:32:33.385 1530 1888 E DisplayDeviceConfig: requesting nits when no mapping exists.
03-11 01:32:33.402 1530 1888 E DisplayDeviceConfig: requesting nits when no mapping exists.
03-11 01:32:33.402 1530 1888 E DisplayDeviceConfig: requesting nits when no mapping exists.
03-11 01:32:33.418 1530 1888 E DisplayDeviceConfig: requesting nits when no mapping exists.
03-11 01:32:33.418 1530 1888 E DisplayDeviceConfig: requesting nits when no mapping exists.
03-11 01:32:33.435 1530 1888 E DisplayDeviceConfig: requesting nits when no mapping exists.
03-11 01:32:33.435 1530 1888 E DisplayDeviceConfig: requesting nits when no mapping exists.
03-11 01:32:33.452 1530 1888 E DisplayDeviceConfig: requesting nits when no mapping exists.
03-11 01:32:33.452 1530 1888 E DisplayDeviceConfig: requesting nits when no mapping exists.
03-11 01:32:33.468 1530 1888 E DisplayDeviceConfig: requesting nits when no mapping exists.
03-11 01:32:33.469 1530 1888 E DisplayDeviceConfig: requesting nits when no mapping exists.
03-11 01:32:33.485 1530 1888 E DisplayDeviceConfig: requesting nits when no mapping exists.
03-11 01:32:33.485 1530 1888 E DisplayDeviceConfig: requesting nits when no mapping exists.
03-11 01:32:33.502 1530 1888 E DisplayDeviceConfig: requesting nits when no mapping exists.
03-11 01:32:33.502 1530 1888 E DisplayDeviceConfig: requesting nits when no mapping exists.
03-11 01:32:33.519 1530 1888 E DisplayDeviceConfig: requesting nits when no mapping exists.
03-11 01:32:33.519 1530 1888 E DisplayDeviceConfig: requesting nits when no mapping exists.
03-11 01:32:33.535 1530 1888 E DisplayDeviceConfig: requesting nits when no mapping exists.
03-11 01:32:33.535 1530 1888 E DisplayDeviceConfig: requesting nits when no mapping exists.
03-11 01:32:33.552 1530 1888 E DisplayDeviceConfig: requesting nits when no mapping exists.
03-11 01:32:33.552 1530 1888 E DisplayDeviceConfig: requesting nits when no mapping exists.
03-11 01:32:33.569 1530 1888 E DisplayDeviceConfig: requesting nits when no mapping exists.
03-11 01:32:33.569 1530 1888 E DisplayDeviceConfig: requesting nits when no mapping exists.
03-11 01:32:33.585 1530 1888 E DisplayDeviceConfig: requesting nits when no mapping exists.
03-11 01:32:33.585 1530 1888 E DisplayDeviceConfig: requesting nits when no mapping exists.
03-11 01:32:33.602 1530 1888 E DisplayDeviceConfig: requesting nits when no mapping exists.
03-11 01:32:33.602 1530 1888 E DisplayDeviceConfig: requesting nits when no mapping exists.
01-01 08:39:38.041 0 0 E DTC_ETH,link_delay_work_func: 3003, SQI=0, link=0
01-01 08:39:43.160 0 0 E DTC_ETH,link_delay_work_func: 3003, SQI=0, link=0
01-01 08:39:48.281 0 0 E DTC_ETH,link_delay_work_func: 3003, SQI=0, link=0
01-01 08:39:53.400 0 0 E DTC_ETH,link_delay_work_func: 3003, SQI=0, link=0
01-01 08:39:58.520 0 0 E DTC_ETH,link_delay_work_func: 3003, SQI=0, link=0
01-01 08:40:03.640 0 0 E DTC_ETH,link_delay_work_func: 3003, SQI=0, link=0
01-01 08:40:08.761 0 0 E DTC_ETH,link_delay_work_func: 3003, SQI=0, link=0
01-01 08:40:13.880 0 0 E DTC_ETH,link_delay_work_func: 3003, SQI=0, link=0
01-01 08:40:19.001 0 0 E DTC_ETH,link_delay_work_func: 3003, SQI=0, link=0
01-01 08:40:24.120 0 0 E DTC_ETH,link_delay_work_func: 3003, SQI=0, link=0
01-01 08:40:29.240 0 0 E DTC_ETH,link_delay_work_func: 3003, SQI=0, link=0
01-01 08:40:34.361 0 0 E DTC_ETH,link_delay_work_func: 3003, SQI=0, link=0
01-01 08:40:39.481 0 0 E DTC_ETH,link_delay_work_func: 3003, SQI=0, link=0
