03-11 01:51:52.395 1530 9804 W FreeFormWindowHelper: Current Display FreeFormTask is null
03-11 01:51:52.397 1530 9804 I ActivityManager: Killing 18725:com.tencent.tmgp.sgame:xg_vip_service/u0a93 (adj 500): remove task
03-11 01:51:52.397 1530 9804 I ActivityManager: Killing 18693:com.tencent.tmgp.sgame/u0a93 (adj 500): remove task
03-11 01:51:52.399 1530 1614 I DropBoxManagerService: add tag=system_server_wtf isTagEnabled=true flags=0x2
03-11 01:51:52.401 1530 2750 E TaskPersister: File error accessing recents directory (directory doesn't exist?).
03-11 01:51:52.408 1530 9804 W ActivityManager: Scheduling restart of crashed service com.tencent.tmgp.sgame/com.tencent.android.tpush.service.XGVipPushService in 1000ms for connection
03-11 01:51:52.444 1530 2906 I WindowManager: WIN DEATH: Window{baba8f8 u0 com.tencent.tmgp.sgame/com.tencent.tmgp.sgame.SGameActivity}
03-11 01:51:52.447 1530 1607 W ActivityManager: setHasOverlayUi called on unknown pid: 18693
03-11 01:51:52.447 1530 1613 W UsageStatsService: Unexpected activity event reported! (com.tencent.tmgp.sgame/com.tencent.tmgp.sgame.SGameActivity event : 23 instanceId : 190691800)
03-11 01:51:52.447 1530 1608 W ActivityTaskManager: Can't find TaskDisplayArea to determine support for multi window. Task id=47 attached=false
03-11 01:51:52.447 1530 1608 W ActivityTaskManager: Can't find TaskDisplayArea to determine support for multi window. Task id=47 attached=false
03-11 01:51:52.492 1530 9804 W FreeFormWindowHelper: Current Display FreeFormTask is null
03-11 01:51:53.632 1530 1789 W FreeFormWindowHelper: Current Display FreeFormTask is null
03-11 01:51:53.633 1530 1789 W FreeFormWindowHelper: Current Display FreeFormTask is null
03-11 01:51:53.654 1530 2906 W FreeFormWindowHelper: Current Display FreeFormTask is null
03-11 01:51:53.655 1530 2906 W FreeFormWindowHelper: Current Display FreeFormTask is null
03-11 01:51:53.655 1530 1789 W FreeFormWindowHelper: Current Display FreeFormTask is null
03-11 01:51:53.663 1530 1789 W ActivityTaskManager: getTaskSnapshot: taskId=-103 not found
03-11 01:51:53.665 1530 2906 W ActivityTaskManager: getTaskSnapshot: taskId=-103 not found
03-11 01:51:53.665 1530 1789 W ActivityTaskManager: getTaskSnapshot: taskId=-103 not found
03-11 01:51:53.665 1530 1789 W ActivityTaskManager: getTaskSnapshot: taskId=-103 not found
03-11 01:51:53.666 1530 1789 W FreeFormWindowHelper: Current Display FreeFormTask is null
03-11 01:51:53.666 1530 1789 W FreeFormWindowHelper: Current Display FreeFormTask is null
03-11 01:51:53.669 1530 2906 W FreeFormWindowHelper: Current Display FreeFormTask is null
03-11 01:51:53.670 1530 2906 W FreeFormWindowHelper: Current Display FreeFormTask is null
03-11 01:51:53.671 1530 1789 W FreeFormWindowHelper: Current Display FreeFormTask is null
03-11 01:51:53.671 1530 1789 W FreeFormWindowHelper: Current Display FreeFormTask is null
03-11 01:51:53.673 1530 2906 W ActivityTaskManager: getTaskSnapshot: taskId=-66 not found
03-11 01:51:53.674 1530 1789 W ActivityTaskManager: getTaskSnapshot: taskId=-66 not found
03-11 01:51:53.675 1530 1789 W ActivityTaskManager: getTaskSnapshot: taskId=-66 not found
03-11 01:51:53.675 1530 1789 W ActivityTaskManager: getTaskSnapshot: taskId=-66 not found
03-11 01:51:53.675 1530 1789 W ActivityTaskManager: getTaskSnapshot: taskId=-66 not found
03-11 01:51:53.689 1530 1789 W FreeFormWindowHelper: Current Display FreeFormTask is null
03-11 01:51:53.689 1530 1789 W FreeFormWindowHelper: Current Display FreeFormTask is null
01-01 08:58:55.160 0 0 E DTC_ETH,link_delay_work_func: 3003, SQI=0, link=0
03-11 01:51:54.130 1530 1789 W FreeFormWindowHelper: Current Display FreeFormTask is null
03-11 01:51:54.130 1530 1789 W FreeFormWindowHelper: Current Display FreeFormTask is null
03-11 01:51:54.130 1530 2081 W FreeFormWindowHelper: Current Display FreeFormTask is null
03-11 01:51:54.460 1530 1789 I ActivityTaskManager: FOREGROUND_APPLICATION_CHANGED to com.android.launcher3.uioverrides.QuickstepLauncher
03-11 01:51:54.464 1530 13170 W FreeFormWindowHelper: Current Display FreeFormTask is null
03-11 01:51:54.464 1530 2906 W FreeFormWindowHelper: Current Display FreeFormTask is null
03-11 01:51:54.465 1530 2906 W FreeFormWindowHelper: Current Display FreeFormTask is null
03-11 01:51:54.478 1530 9804 W FreeFormWindowHelper: Current Display FreeFormTask is null
03-11 01:51:54.479 1530 9804 W FreeFormWindowHelper: Current Display FreeFormTask is null
03-11 01:51:54.564 1530 12686 W FreeFormWindowHelper: Current Display FreeFormTask is null
03-11 01:51:55.408 1530 2906 W FreeFormWindowHelper: exitRecentTasks type=0
03-11 01:51:55.424 1530 9804 W FreeFormWindowHelper: Current Display FreeFormTask is null
03-11 01:51:55.424 1530 9804 W FreeFormWindowHelper: Current Display FreeFormTask is null
03-11 01:51:55.446 1530 2750 E TaskPersister: File error accessing recents directory (directory doesn't exist?).
03-11 01:51:56.980 1530 2906 I thunderperf: PlatormCompat.setOverrides: Uid1=10075 Pid1=2553 Uid2=10075 Pid2=2553
03-11 01:51:56.980 1530 2906 I thunderperf: PlatormCompat.setOverrides: needCheck:false
03-11 01:51:56.980 1530 2906 I thunderperf: CompatConfig.addOverrideUnsafe: bef-state=1
03-11 01:51:56.980 1530 2906 I thunderperf: CompatConfig.addOverrideUnsafe: aft-state=0
03-11 01:51:56.980 1530 2906 I thunderperf: CompatConfig.addOverrideUnsafe: bef-state=1
03-11 01:51:56.980 1530 2906 I thunderperf: CompatConfig.addOverrideUnsafe: aft-state=0
03-11 01:51:56.980 1530 2906 I thunderperf: CompatConfig.addOverrideUnsafe: bef-state=1
03-11 01:51:56.980 1530 2906 I thunderperf: CompatConfig.addOverrideUnsafe: aft-state=0
03-11 01:51:56.981 1530 2906 I thunderperf: CompatConfig.addOverrideUnsafe: bef-state=1
03-11 01:51:56.981 1530 2906 I thunderperf: CompatConfig.addOverrideUnsafe: aft-state=0
03-11 01:51:56.981 1530 2906 I thunderperf: CompatConfig.addOverrideUnsafe: bef-state=1
03-11 01:51:56.981 1530 2906 I thunderperf: CompatConfig.addOverrideUnsafe: aft-state=0
03-11 01:51:56.981 1530 2906 I thunderperf: CompatConfig.addOverrideUnsafe: bef-state=1
03-11 01:51:56.981 1530 2906 I thunderperf: CompatConfig.addOverrideUnsafe: aft-state=0
03-11 01:51:56.981 1530 2906 I thunderperf: CompatConfig.addOverrideUnsafe: bef-state=1
03-11 01:51:56.981 1530 2906 I thunderperf: CompatConfig.addOverrideUnsafe: aft-state=0
03-11 01:51:56.982 1530 2906 I thunderperf: CompatConfig.addOverrideUnsafe: bef-state=1
03-11 01:51:56.982 1530 2906 I thunderperf: CompatConfig.addOverrideUnsafe: aft-state=0
03-11 01:51:56.982 1530 2906 I thunderperf: CompatConfig.addOverrideUnsafe: bef-state=1
03-11 01:51:56.982 1530 2906 I thunderperf: CompatConfig.addOverrideUnsafe: aft-state=0
03-11 01:51:56.982 1530 2906 I thunderperf: CompatConfig.addOverrideUnsafe: bef-state=1
03-11 01:51:56.982 1530 2906 I thunderperf: CompatConfig.addOverrideUnsafe: aft-state=0
03-11 01:51:56.982 1530 2906 I thunderperf: CompatConfig.addOverrideUnsafe: bef-state=1
03-11 01:51:56.982 1530 2906 I thunderperf: CompatConfig.addOverrideUnsafe: aft-state=0
03-11 01:51:56.983 1530 2906 I thunderperf: CompatConfig.addOverrideUnsafe: bef-state=1
03-11 01:51:56.983 1530 2906 I thunderperf: CompatConfig.addOverrideUnsafe: aft-state=0
03-11 01:51:56.983 1530 2906 I thunderperf: CompatConfig.addOverrideUnsafe: bef-state=1
03-11 01:51:56.983 1530 2906 I thunderperf: CompatConfig.addOverrideUnsafe: aft-state=0
03-11 01:51:56.983 1530 2906 I thunderperf: CompatConfig.addOverrideUnsafe: bef-state=1
03-11 01:51:56.983 1530 2906 I thunderperf: CompatConfig.addOverrideUnsafe: aft-state=0
03-11 01:51:56.984 1530 2906 I ActivityTaskManager: START u0 {act=android.intent.action.MAIN cat=[android.intent.category.LAUNCHER] flg=0x10200000 cmp=com.tencent.tmgp.sgame/.SGameActivity bnds=[1017,120][1319,402]} from uid 10075
03-11 01:51:56.986 1530 2906 W ActivityTaskManager: Can't find TaskDisplayArea to determine support for multi window. Task id=48 attached=false
03-11 01:51:56.987 1530 2906 D CompatibilityChangeReporter: Compat change id reported: 174042980; UID 10093; state: DISABLED
03-11 01:51:56.987 1530 2906 D CompatibilityChangeReporter: Compat change id reported: 184838306; UID 10093; state: DISABLED
03-11 01:51:56.987 1530 2906 D CompatibilityChangeReporter: Compat change id reported: 185004937; UID 10093; state: DISABLED
03-11 01:51:56.987 1530 2906 D CompatibilityChangeReporter: Compat change id reported: 181136395; UID 10093; state: DISABLED
03-11 01:51:56.988 1530 2906 D CompatibilityChangeReporter: Compat change id reported: 174042936; UID 10093; state: DISABLED
03-11 01:51:56.988 1530 2906 D CompatibilityChangeReporter: Compat change id reported: 168419799; UID 10093; state: DISABLED
03-11 01:51:56.991 1530 9804 W FreeFormWindowHelper: Current Display FreeFormTask is null
03-11 01:51:56.991 1530 9804 I ActivityTaskManager: FOREGROUND_APPLICATION_CHANGED to com.tencent.tmgp.sgame.SGameActivity
03-11 01:51:56.993 1530 1607 D CompatibilityChangeReporter: Compat change id reported: 135634846; UID 10093; state: DISABLED
03-11 01:51:56.993 1530 1607 D CompatibilityChangeReporter: Compat change id reported: 177438394; UID 10093; state: DISABLED
03-11 01:51:56.993 1530 1607 D CompatibilityChangeReporter: Compat change id reported: 135772972; UID 10093; state: DISABLED
03-11 01:51:56.993 1530 1607 D CompatibilityChangeReporter: Compat change id reported: 135754954; UID 10093; state: DISABLED
03-11 01:51:56.993 1530 1615 D CompatibilityChangeReporter: Compat change id reported: 143937733; UID 10093; state: DISABLED
03-11 01:51:57.000 1530 1615 I ActivityManager: Start proc 19199:com.tencent.tmgp.sgame/u0a93 for pre-top-activity {com.tencent.tmgp.sgame/com.tencent.tmgp.sgame.SGameActivity}
03-11 01:51:57.001 1530 19201 W ContextImpl: Calling a method in the system process without a qualified user: android.app.ContextImpl.sendBroadcast:1173 com.qualcomm.qti.Performance$SendGameLaunchBroadcast.run:217 java.lang.Thread.run:920
01-01 08:58:58.058 0 0 I binder : 19199:19199 ioctl 40046210 7ff5e17364 returned -22
03-11 01:51:57.021 2054 3742 W ContextImpl: Calling a method in the system process without a qualified user: android.app.ContextImpl.startService:1816 android.content.ContextWrapper.startService:774 com.thundercomm.gamemode.ingame.services.GameModeActionUtils.startGameModeService:118 com.thundercomm.gamemode.ingame.services.GameModeActionUtils.startGameModeEntry:29 com.thundercomm.gamemode.ingame.services.ActivityMonitoringService$1.onActivityLaunch:140
03-11 01:51:57.023 1530 1530 I GameModeConfig: Current uri is uri = content://com.thundercomm.gamemode.api/gamemode_settings/gamemode_isgaming
03-11 01:51:57.026 1530 1530 I GameModeConfig: isGameModeOn = true
03-11 01:51:57.026 1530 1530 I GameModeConfig: isGaming = true
03-11 01:51:57.026 1530 1530 I GameModeConfig: isDisableNotification = true
03-11 01:51:57.026 1530 1530 I GameModeConfig: isGameModeOn = true
03-11 01:51:57.026 1530 1530 I GameModeConfig: isGaming = true
03-11 01:51:57.026 1530 1530 I GameModeConfig: isDisableNotification = true
01-01 08:58:58.072 0 0 W ALERT : changing window size from 16000000 to 8000000 at 2703168018186
03-11 01:51:57.038 19199 19222 D ActivityThread: Loading provider com.tencent.tmgp.sgame.XG_SETTINGS_PROVIDER: com.tencent.tpns.baseapi.base.SettingsContentProvider
01-01 08:58:58.081 0 0 I : [MAX975X:max96755x_drm_notifier_callback] *INFO* receives EARLY_BLANK:UNBLANK
01-01 08:58:58.081 0 0 I atmel_mxt_ts 0-004a: FB event:2,blank:0
01-01 08:58:58.081 0 0 I atmel_mxt_ts 0-004a: suspend: event = 2, blank = 0, not care
01-01 08:58:58.081 0 0 I [drm:dsi_display_set_mode] [msm-dsi-info]: mdp_transfer_time_us=0 us
01-01 08:58:58.081 0 0 I [drm:dsi_display_set_mode] [msm-dsi-info]: hactive= 2560,vactive= 1080,fps=30
01-01 08:58:58.082 0 0 I : [MAX975X:max96755x_drm_notifier_callback] *INFO* receives BLANK:UNBLANK
03-11 01:51:57.044 1530 9804 D CompatibilityChangeReporter: Compat change id reported: 135634846; UID 10093; state: DISABLED
03-11 01:51:57.044 1530 9804 D CompatibilityChangeReporter: Compat change id reported: 177438394; UID 10093; state: DISABLED
03-11 01:51:57.044 1530 9804 D CompatibilityChangeReporter: Compat change id reported: 135772972; UID 10093; state: DISABLED
03-11 01:51:57.044 1530 9804 D CompatibilityChangeReporter: Compat change id reported: 135754954; UID 10093; state: DISABLED
03-11 01:51:57.044 1530 1615 D CompatibilityChangeReporter: Compat change id reported: 143937733; UID 10093; state: DISABLED
03-11 01:51:57.047 1530 1607 I DisplayDeviceRepository: Display device changed: DisplayDeviceInfo{"内置屏幕": uniqueId="local:4630946816427681409", 2560 x 1080, modeId 3, defaultModeId 1, supportedModes [{id=1, width=2560, height=1080, fps=60.000004, alternativeRefreshRates=[30.000002, 45.0]}, {id=2, width=2560, height=1080, fps=45.0, alternativeRefreshRates=[30.000002, 60.000004]}, {id=3, width=2560, height=1080, fps=30.000002, alternativeRefreshRates=[45.0, 60.000004]}], colorMode 0, supportedColorModes [0], hdrCapabilities HdrCapabilities{mSupportedHdrTypes=[2, 3, 4], mMaxLuminance=500.0, mMaxAverageLuminance=500.0, mMinLuminance=0.0}, allmSupported false, gameContentTypeSupported false, density 240, 320.315 x 318.976 dpi, appVsyncOff 1000000, presDeadline 33333333, touch INTERNAL, rotation 0, type INTERNAL, address {port=129, model=0x40446d97fee5e6}, deviceProductInfo DeviceProductInfo{name=, manufacturerPnpId=QCM, productId=1, modelYear=null, manufactureDate=ManufactureDate{week=27, year=2006}, connectionToSinkType=0}, state ON, frameRateOverride , brightnessMinimum 0.0, brightnessMaximum 1.0, brightnessDefault 1.0, FLAG_DEFAULT_DISPLAY, FLAG_ROTATES_WITH_CONTENT, FLAG_SECURE, FLAG_SUPPORTS_PROTECTED_BUFFERS}
03-11 01:51:57.050 1530 1615 I ActivityManager: Start proc 19233:com.tencent.tmgp.sgame:xg_vip_service/u0a93 for service {com.tencent.tmgp.sgame/com.tencent.android.tpush.service.XGVipPushService}
01-01 08:58:58.097 0 0 I atmel_mxt_ts 0-004a: FB event:1,blank:0
01-01 08:58:58.097 0 0 I atmel_mxt_ts 0-004a: drm_notifier_callback: UNBLANK! Resume by drm notifier.
01-01 08:58:58.109 0 0 I binder : 19233:19233 ioctl 40046210 7ff5e17364 returned -22
03-11 01:51:57.094 1530 2906 W FreeFormWindowHelper: Current Display FreeFormTask is null
03-11 01:51:57.345 1530 13170 W WindowManager: Failed looking up window session=Session{8d4c766 19199:u0a10093} callers=com.android.server.wm.WindowManagerService.windowForClientLocked:5628 com.android.server.wm.Session.insetsModified:629 android.view.IWindowSession$Stub.onTransact:1151
01-01 08:58:58.427 0 0 I binder : 19199:19235 ioctl 40046210 7999acc1f4 returned -22
03-11 01:51:58.200 1530 13170 W ActivityManager: Unable to start service Intent { act=com.tencent.tpns.mqttchannel.FEEDBACK pkg=com.tencent.tmgp.sgame } U=0: not found
01-01 08:58:59.342 0 0 W audit : audit_lost=1174 audit_rate_limit=5 audit_backlog_limit=64
01-01 08:58:59.342 0 0 E audit : rate limit exceeded
01-01 08:59:00.280 0 0 E DTC_ETH,link_delay_work_func: 3003, SQI=0, link=0
03-11 01:51:59.992 1530 2750 E TaskPersister: File error accessing recents directory (directory doesn't exist?).
01-01 08:59:05.401 0 0 E DTC_ETH,link_delay_work_func: 3003, SQI=0, link=0
03-11 01:52:09.399 1530 2109 W FreeFormWindowHelper: Current Display FreeFormTask is null
03-11 01:52:09.400 1530 2109 W FreeFormWindowHelper: Current Display FreeFormTask is null
03-11 01:52:09.400 1530 2109 W FreeFormWindowHelper: Current Display FreeFormTask is null
03-11 01:52:09.402 1530 4316 W FreeFormWindowHelper: Current Display FreeFormTask is null
03-11 01:52:09.408 1530 4316 W FreeFormWindowHelper: Current Display FreeFormTask is null
03-11 01:52:09.408 1530 4316 W FreeFormWindowHelper: Current Display FreeFormTask is null
03-11 01:52:09.409 1530 4316 W FreeFormWindowHelper: Current Display FreeFormTask is null
03-11 01:52:09.417 1530 4316 W ActivityTaskManager: getTaskSnapshot: taskId=-334 not found
03-11 01:52:09.418 1530 4316 W ActivityTaskManager: getTaskSnapshot: taskId=-333 not found
03-11 01:52:09.419 1530 4316 W ActivityTaskManager: getTaskSnapshot: taskId=-332 not found
03-11 01:52:09.419 1530 4316 W ActivityTaskManager: getTaskSnapshot: taskId=-332 not found
03-11 01:52:09.464 1530 4316 W FreeFormWindowHelper: Current Display FreeFormTask is null
03-11 01:52:09.465 1530 9804 W FreeFormWindowHelper: Current Display FreeFormTask is null
03-11 01:52:09.465 1530 4316 W ActivityTaskManager: getTaskSnapshot: taskId=-334 not found
03-11 01:52:09.465 1530 4316 W ActivityTaskManager: getTaskSnapshot: taskId=-333 not found
03-11 01:52:09.465 1530 4316 W ActivityTaskManager: getTaskSnapshot: taskId=-332 not found
03-11 01:52:09.465 1530 4316 W ActivityTaskManager: getTaskSnapshot: taskId=-332 not found
01-01 08:59:10.520 0 0 E DTC_ETH,link_delay_work_func: 3003, SQI=0, link=0
03-11 01:52:09.495 1530 9804 W FreeFormWindowHelper: Current Display FreeFormTask is null
03-11 01:52:09.495 1530 9804 W ActivityTaskManager: getTaskSnapshot: taskId=-332 not found
03-11 01:52:09.496 1530 2109 W FreeFormWindowHelper: Current Display FreeFormTask is null
03-11 01:52:09.497 1530 4316 W ActivityTaskManager: getTaskSnapshot: taskId=-240 not found
03-11 01:52:09.497 1530 4316 W ActivityTaskManager: getTaskSnapshot: taskId=-240 not found
03-11 01:52:09.497 1530 4316 W ActivityTaskManager: getTaskSnapshot: taskId=-240 not found
03-11 01:52:09.498 1530 4316 W ActivityTaskManager: getTaskSnapshot: taskId=-240 not found
03-11 01:52:09.527 1530 4316 W FreeFormWindowHelper: Current Display FreeFormTask is null
03-11 01:52:09.527 1530 4316 W FreeFormWindowHelper: Current Display FreeFormTask is null
03-11 01:52:09.561 1530 2109 W FreeFormWindowHelper: Current Display FreeFormTask is null
03-11 01:52:09.561 1530 2109 W FreeFormWindowHelper: Current Display FreeFormTask is null
03-11 01:52:09.872 1530 4316 W FreeFormWindowHelper: Current Display FreeFormTask is null
03-11 01:52:09.872 1530 4316 W FreeFormWindowHelper: Current Display FreeFormTask is null
03-11 01:52:09.872 1530 4316 W FreeFormWindowHelper: Current Display FreeFormTask is null
03-11 01:52:10.266 1530 2109 I ActivityTaskManager: FOREGROUND_APPLICATION_CHANGED to com.android.launcher3.uioverrides.QuickstepLauncher
03-11 01:52:10.297 1530 4316 W FreeFormWindowHelper: Current Display FreeFormTask is null
03-11 01:52:10.297 1530 2081 W FreeFormWindowHelper: Current Display FreeFormTask is null
03-11 01:52:10.298 1530 2906 W FreeFormWindowHelper: Current Display FreeFormTask is null
03-11 01:52:10.330 1530 12686 W FreeFormWindowHelper: Current Display FreeFormTask is null
03-11 01:52:10.330 1530 12686 W FreeFormWindowHelper: Current Display FreeFormTask is null
03-11 01:52:10.371 1530 4316 W FreeFormWindowHelper: Current Display FreeFormTask is null
03-11 01:52:10.373 2054 3742 W ContextImpl: Calling a method in the system process without a qualified user: android.app.ContextImpl.startService:1816 android.content.ContextWrapper.startService:774 com.thundercomm.gamemode.ingame.services.GameModeActionUtils.startGameModeService:118 com.thundercomm.gamemode.ingame.services.GameModeActionUtils.startGameModeEntry:29 com.thundercomm.gamemode.ingame.services.ActivityMonitoringService$1.onActivityLaunch:140
03-11 01:52:10.376 1530 1530 I GameModeConfig: Current uri is uri = content://com.thundercomm.gamemode.api/gamemode_settings/gamemode_isgaming
03-11 01:52:10.377 1530 1530 I GameModeConfig: isGameModeOn = true
03-11 01:52:10.377 1530 1530 I GameModeConfig: isGaming = false
03-11 01:52:10.377 1530 1530 I GameModeConfig: isGameModeOn = true
03-11 01:52:10.377 1530 1530 I GameModeConfig: isGaming = false
03-11 01:52:10.378 1530 1530 I GameModeConfig: isDisableVoice = true
01-01 08:59:11.424 0 0 W ALERT : changing window size from 8000000 to 16000000 at 2716520024171
01-01 08:59:11.463 0 0 I : [MAX975X:max96755x_drm_notifier_callback] *INFO* receives EARLY_BLANK:UNBLANK
01-01 08:59:11.463 0 0 I atmel_mxt_ts 0-004a: FB event:2,blank:0
01-01 08:59:11.463 0 0 I atmel_mxt_ts 0-004a: suspend: event = 2, blank = 0, not care
01-01 08:59:11.463 0 0 I [drm:dsi_display_set_mode] [msm-dsi-info]: mdp_transfer_time_us=0 us
01-01 08:59:11.463 0 0 I [drm:dsi_display_set_mode] [msm-dsi-info]: hactive= 2560,vactive= 1080,fps=60
01-01 08:59:11.463 0 0 I : [MAX975X:max96755x_drm_notifier_callback] *INFO* receives BLANK:UNBLANK
01-01 08:59:11.464 0 0 I atmel_mxt_ts 0-004a: FB event:1,blank:0
01-01 08:59:11.464 0 0 I atmel_mxt_ts 0-004a: drm_notifier_callback: UNBLANK! Resume by drm notifier.
03-11 01:52:10.445 1530 1607 I DisplayDeviceRepository: Display device changed: DisplayDeviceInfo{"内置屏幕": uniqueId="local:4630946816427681409", 2560 x 1080, modeId 1, defaultModeId 1, supportedModes [{id=1, width=2560, height=1080, fps=60.000004, alternativeRefreshRates=[30.000002, 45.0]}, {id=2, width=2560, height=1080, fps=45.0, alternativeRefreshRates=[30.000002, 60.000004]}, {id=3, width=2560, height=1080, fps=30.000002, alternativeRefreshRates=[45.0, 60.000004]}], colorMode 0, supportedColorModes [0], hdrCapabilities HdrCapabilities{mSupportedHdrTypes=[2, 3, 4], mMaxLuminance=500.0, mMaxAverageLuminance=500.0, mMinLuminance=0.0}, allmSupported false, gameContentTypeSupported false, density 240, 320.315 x 318.976 dpi, appVsyncOff 1000000, presDeadline 16666666, touch INTERNAL, rotation 0, type INTERNAL, address {port=129, model=0x40446d97fee5e6}, deviceProductInfo DeviceProductInfo{name=, manufacturerPnpId=QCM, productId=1, modelYear=null, manufactureDate=ManufactureDate{week=27, year=2006}, connectionToSinkType=0}, state ON, frameRateOverride , brightnessMinimum 0.0, brightnessMaximum 1.0, brightnessDefault 1.0, FLAG_DEFAULT_DISPLAY, FLAG_ROTATES_WITH_CONTENT, FLAG_SECURE, FLAG_SUPPORTS_PROTECTED_BUFFERS}
03-11 01:52:10.896 1530 12686 I ActivityTaskManager: FOREGROUND_APPLICATION_CHANGED to com.android.settings.homepage.SettingsHomepageActivity
03-11 01:52:11.000 1530 12686 W FreeFormWindowHelper: Current Display FreeFormTask is null
03-11 01:52:11.265 1530 9804 W FreeFormWindowHelper: exitRecentTasks type=0
03-11 01:52:13.898 1530 2750 E TaskPersister: File error accessing recents directory (directory doesn't exist?).
03-11 01:52:14.259 1530 1607 I ActivityManager: Killing 19199:com.tencent.tmgp.sgame/u0a93 (adj 700): remove task
03-11 01:52:14.261 1530 12686 I ActivityManager: Killing 19233:com.tencent.tmgp.sgame:xg_vip_service/u0a93 (adj 500): remove task
03-11 01:52:14.261 1530 1614 I DropBoxManagerService: add tag=system_server_wtf isTagEnabled=true flags=0x2
03-11 01:52:14.263 1530 9804 W FreeFormWindowHelper: Current Display FreeFormTask is null
03-11 01:52:14.263 1530 1614 I DropBoxManagerService: add tag=system_server_wtf isTagEnabled=true flags=0x2
03-11 01:52:14.264 1530 2750 E TaskPersister: File error accessing recents directory (directory doesn't exist?).
03-11 01:52:14.275 1530 12686 W ActivityManager: Scheduling restart of crashed service com.tencent.tmgp.sgame/com.tencent.android.tpush.service.XGVipPushService in 1000ms for connection
03-11 01:52:14.359 1530 12686 W FreeFormWindowHelper: Current Display FreeFormTask is null
03-11 01:52:14.402 1530 13170 I WindowManager: WIN DEATH: Window{4b20afd u0 com.tencent.tmgp.sgame/com.tencent.tmgp.sgame.SGameActivity}
03-11 01:52:14.405 1530 1607 W ActivityManager: setHasOverlayUi called on unknown pid: 19199
03-11 01:52:14.405 1530 1613 W UsageStatsService: Unexpected activity event reported! (com.tencent.tmgp.sgame/com.tencent.tmgp.sgame.SGameActivity event : 23 instanceId : 69560413)
03-11 01:52:14.405 1530 1608 W ActivityTaskManager: Can't find TaskDisplayArea to determine support for multi window. Task id=48 attached=false
03-11 01:52:14.405 1530 1608 W ActivityTaskManager: Can't find TaskDisplayArea to determine support for multi window. Task id=48 attached=false
01-01 08:59:15.640 0 0 E DTC_ETH,link_delay_work_func: 3003, SQI=0, link=0
03-11 01:52:14.860 1530 2906 W FreeFormWindowHelper: Current Display FreeFormTask is null
03-11 01:52:14.862 1530 2906 W FreeFormWindowHelper: Current Display FreeFormTask is null
03-11 01:52:14.864 1530 2110 W FreeFormWindowHelper: Current Display FreeFormTask is null
03-11 01:52:14.864 1530 2110 W FreeFormWindowHelper: Current Display FreeFormTask is null
03-11 01:52:14.864 1530 2110 W FreeFormWindowHelper: Current Display FreeFormTask is null
03-11 01:52:14.873 1530 2110 W ActivityTaskManager: getTaskSnapshot: taskId=-874 not found
03-11 01:52:14.874 1530 10350 W FreeFormWindowHelper: Current Display FreeFormTask is null
03-11 01:52:14.874 1530 10350 W FreeFormWindowHelper: Current Display FreeFormTask is null
03-11 01:52:14.875 1530 10350 W ActivityTaskManager: getTaskSnapshot: taskId=-874 not found
03-11 01:52:14.875 1530 10350 W ActivityTaskManager: getTaskSnapshot: taskId=-874 not found
03-11 01:52:14.875 1530 10350 W ActivityTaskManager: getTaskSnapshot: taskId=-874 not found
03-11 01:52:14.890 1530 11635 W FreeFormWindowHelper: Current Display FreeFormTask is null
03-11 01:52:14.890 1530 11635 W FreeFormWindowHelper: Current Display FreeFormTask is null
03-11 01:52:14.923 1530 10350 W FreeFormWindowHelper: Current Display FreeFormTask is null
03-11 01:52:14.923 1530 2110 W FreeFormWindowHelper: Current Display FreeFormTask is null
03-11 01:52:14.924 1530 2110 W FreeFormWindowHelper: Current Display FreeFormTask is null
03-11 01:52:14.925 1530 2110 W FreeFormWindowHelper: Current Display FreeFormTask is null
03-11 01:52:14.926 1530 10350 W ActivityTaskManager: getTaskSnapshot: taskId=-811 not found
03-11 01:52:14.927 1530 2110 W ActivityTaskManager: getTaskSnapshot: taskId=-811 not found
03-11 01:52:14.927 1530 2110 W ActivityTaskManager: getTaskSnapshot: taskId=-811 not found
03-11 01:52:14.927 1530 2110 W ActivityTaskManager: getTaskSnapshot: taskId=-810 not found
03-11 01:52:14.928 1530 2110 W ActivityTaskManager: getTaskSnapshot: taskId=-810 not found
03-11 01:52:14.940 1530 2110 W FreeFormWindowHelper: Current Display FreeFormTask is null
03-11 01:52:14.940 1530 2110 W FreeFormWindowHelper: Current Display FreeFormTask is null
03-11 01:52:14.957 1530 8134 W FreeFormWindowHelper: Current Display FreeFormTask is null
03-11 01:52:14.957 1530 8134 W FreeFormWindowHelper: Current Display FreeFormTask is null
03-11 01:52:15.237 1530 2110 W FreeFormWindowHelper: Current Display FreeFormTask is null
03-11 01:52:15.237 1530 10350 W FreeFormWindowHelper: Current Display FreeFormTask is null
03-11 01:52:15.237 1530 8134 W FreeFormWindowHelper: Current Display FreeFormTask is null
03-11 01:52:15.528 1530 8134 I ActivityTaskManager: FOREGROUND_APPLICATION_CHANGED to com.android.launcher3.uioverrides.QuickstepLauncher
03-11 01:52:15.532 1530 5963 W FreeFormWindowHelper: Current Display FreeFormTask is null
03-11 01:52:15.532 1530 2906 W FreeFormWindowHelper: Current Display FreeFormTask is null
03-11 01:52:15.532 1530 2110 W FreeFormWindowHelper: Current Display FreeFormTask is null
03-11 01:52:15.546 1530 8134 W FreeFormWindowHelper: Current Display FreeFormTask is null
03-11 01:52:15.546 1530 8134 W FreeFormWindowHelper: Current Display FreeFormTask is null
03-11 01:52:15.632 1530 10350 W FreeFormWindowHelper: Current Display FreeFormTask is null
03-11 01:52:16.079 1530 8134 W FreeFormWindowHelper: exitRecentTasks type=0
03-11 01:52:16.744 1530 8134 I thunderperf: PlatormCompat.setOverrides: Uid1=10075 Pid1=2553 Uid2=10075 Pid2=2553
03-11 01:52:16.744 1530 8134 I thunderperf: PlatormCompat.setOverrides: needCheck:false
03-11 01:52:16.744 1530 8134 I thunderperf: CompatConfig.addOverrideUnsafe: bef-state=1
03-11 01:52:16.744 1530 8134 I thunderperf: CompatConfig.addOverrideUnsafe: aft-state=0
03-11 01:52:16.744 1530 8134 I thunderperf: CompatConfig.addOverrideUnsafe: bef-state=1
03-11 01:52:16.744 1530 8134 I thunderperf: CompatConfig.addOverrideUnsafe: aft-state=0
03-11 01:52:16.744 1530 8134 I thunderperf: CompatConfig.addOverrideUnsafe: bef-state=1
03-11 01:52:16.745 1530 8134 I thunderperf: CompatConfig.addOverrideUnsafe: aft-state=0
03-11 01:52:16.745 1530 8134 I thunderperf: CompatConfig.addOverrideUnsafe: bef-state=1
03-11 01:52:16.745 1530 8134 I thunderperf: CompatConfig.addOverrideUnsafe: aft-state=0
03-11 01:52:16.745 1530 8134 I thunderperf: CompatConfig.addOverrideUnsafe: bef-state=1
03-11 01:52:16.745 1530 8134 I thunderperf: CompatConfig.addOverrideUnsafe: aft-state=0
03-11 01:52:16.745 1530 8134 I thunderperf: CompatConfig.addOverrideUnsafe: bef-state=1
03-11 01:52:16.745 1530 8134 I thunderperf: CompatConfig.addOverrideUnsafe: aft-state=0
03-11 01:52:16.745 1530 8134 I thunderperf: CompatConfig.addOverrideUnsafe: bef-state=1
03-11 01:52:16.746 1530 8134 I thunderperf: CompatConfig.addOverrideUnsafe: aft-state=0
03-11 01:52:16.746 1530 8134 I thunderperf: CompatConfig.addOverrideUnsafe: bef-state=1
03-11 01:52:16.746 1530 8134 I thunderperf: CompatConfig.addOverrideUnsafe: aft-state=0
03-11 01:52:16.746 1530 8134 I thunderperf: CompatConfig.addOverrideUnsafe: bef-state=1
03-11 01:52:16.746 1530 8134 I thunderperf: CompatConfig.addOverrideUnsafe: aft-state=0
03-11 01:52:16.746 1530 8134 I thunderperf: CompatConfig.addOverrideUnsafe: bef-state=1
03-11 01:52:16.746 1530 8134 I thunderperf: CompatConfig.addOverrideUnsafe: aft-state=0
03-11 01:52:16.746 1530 8134 I thunderperf: CompatConfig.addOverrideUnsafe: bef-state=1
03-11 01:52:16.746 1530 8134 I thunderperf: CompatConfig.addOverrideUnsafe: aft-state=0
03-11 01:52:16.747 1530 8134 I thunderperf: CompatConfig.addOverrideUnsafe: bef-state=1
03-11 01:52:16.747 1530 8134 I thunderperf: CompatConfig.addOverrideUnsafe: aft-state=0
03-11 01:52:16.747 1530 8134 I thunderperf: CompatConfig.addOverrideUnsafe: bef-state=1
03-11 01:52:16.747 1530 8134 I thunderperf: CompatConfig.addOverrideUnsafe: aft-state=0
03-11 01:52:16.747 1530 8134 I thunderperf: CompatConfig.addOverrideUnsafe: bef-state=1
03-11 01:52:16.747 1530 8134 I thunderperf: CompatConfig.addOverrideUnsafe: aft-state=0
03-11 01:52:16.748 1530 8134 I ActivityTaskManager: START u0 {act=android.intent.action.MAIN cat=[android.intent.category.LAUNCHER] flg=0x10200000 cmp=com.tencent.tmgp.sgame/.SGameActivity bnds=[1017,120][1319,402]} from uid 10075
03-11 01:52:16.749 1530 8134 W ActivityTaskManager: Can't find TaskDisplayArea to determine support for multi window. Task id=49 attached=false
03-11 01:52:16.750 1530 8134 D CompatibilityChangeReporter: Compat change id reported: 174042980; UID 10093; state: DISABLED
03-11 01:52:16.751 1530 8134 D CompatibilityChangeReporter: Compat change id reported: 184838306; UID 10093; state: DISABLED
03-11 01:52:16.751 1530 8134 D CompatibilityChangeReporter: Compat change id reported: 185004937; UID 10093; state: DISABLED
03-11 01:52:16.751 1530 8134 D CompatibilityChangeReporter: Compat change id reported: 181136395; UID 10093; state: DISABLED
03-11 01:52:16.751 1530 8134 D CompatibilityChangeReporter: Compat change id reported: 174042936; UID 10093; state: DISABLED
03-11 01:52:16.752 1530 8134 D CompatibilityChangeReporter: Compat change id reported: 168419799; UID 10093; state: ENABLED
03-11 01:52:16.752 1530 8134 D CompatibilityChangeReporter: Compat change id reported: 182811243; UID 10093; state: DISABLED
03-11 01:52:16.752 1530 8134 D CompatibilityChangeReporter: Compat change id reported: 189969734; UID 10093; state: DISABLED
03-11 01:52:16.753 1530 8134 D CompatibilityChangeReporter: Compat change id reported: 176926753; UID 10093; state: DISABLED
03-11 01:52:16.753 1530 8134 D CompatibilityChangeReporter: Compat change id reported: 189969779; UID 10093; state: DISABLED
03-11 01:52:16.753 1530 8134 D CompatibilityChangeReporter: Compat change id reported: 176926829; UID 10093; state: DISABLED
03-11 01:52:16.753 1530 8134 D CompatibilityChangeReporter: Compat change id reported: 189969744; UID 10093; state: DISABLED
03-11 01:52:16.753 1530 8134 D CompatibilityChangeReporter: Compat change id reported: 176926771; UID 10093; state: DISABLED
03-11 01:52:16.753 1530 8134 D CompatibilityChangeReporter: Compat change id reported: 189970036; UID 10093; state: DISABLED
03-11 01:52:16.754 1530 8134 D CompatibilityChangeReporter: Compat change id reported: 176926741; UID 10093; state: DISABLED
03-11 01:52:16.754 1530 8134 D CompatibilityChangeReporter: Compat change id reported: 189969782; UID 10093; state: DISABLED
03-11 01:52:16.754 1530 8134 D CompatibilityChangeReporter: Compat change id reported: 189970038; UID 10093; state: DISABLED
03-11 01:52:16.754 1530 8134 D CompatibilityChangeReporter: Compat change id reported: 189969749; UID 10093; state: ENABLED
03-11 01:52:16.756 1530 2906 W FreeFormWindowHelper: Current Display FreeFormTask is null
03-11 01:52:16.758 1530 2906 I ActivityTaskManager: FOREGROUND_APPLICATION_CHANGED to com.tencent.tmgp.sgame.SGameActivity
03-11 01:52:16.761 1530 1607 D CompatibilityChangeReporter: Compat change id reported: 135634846; UID 10093; state: DISABLED
03-11 01:52:16.762 1530 1607 D CompatibilityChangeReporter: Compat change id reported: 177438394; UID 10093; state: DISABLED
03-11 01:52:16.762 1530 1607 D CompatibilityChangeReporter: Compat change id reported: 135772972; UID 10093; state: DISABLED
03-11 01:52:16.762 1530 1607 D CompatibilityChangeReporter: Compat change id reported: 135754954; UID 10093; state: DISABLED
03-11 01:52:16.762 1530 1615 D CompatibilityChangeReporter: Compat change id reported: 143937733; UID 10093; state: DISABLED
03-11 01:52:16.766 1530 1615 I ActivityManager: Start proc 19694:com.tencent.tmgp.sgame/u0a93 for pre-top-activity {com.tencent.tmgp.sgame/com.tencent.tmgp.sgame.SGameActivity}
03-11 01:52:16.767 1530 19696 W ContextImpl: Calling a method in the system process without a qualified user: android.app.ContextImpl.sendBroadcast:1173 com.qualcomm.qti.Performance$SendGameLaunchBroadcast.run:217 java.lang.Thread.run:920
01-01 08:59:17.822 0 0 I binder : 19694:19694 ioctl 40046210 7ff5e17364 returned -22
03-11 01:52:16.786 2054 3742 W ContextImpl: Calling a method in the system process without a qualified user: android.app.ContextImpl.startService:1816 android.content.ContextWrapper.startService:774 com.thundercomm.gamemode.ingame.services.GameModeActionUtils.startGameModeService:118 com.thundercomm.gamemode.ingame.services.GameModeActionUtils.startGameModeEntry:29 com.thundercomm.gamemode.ingame.services.ActivityMonitoringService$1.onActivityLaunch:140
03-11 01:52:16.790 1530 1530 I GameModeConfig: Current uri is uri = content://com.thundercomm.gamemode.api/gamemode_settings/gamemode_isgaming
03-11 01:52:16.791 1530 1530 I GameModeConfig: isGameModeOn = true
03-11 01:52:16.791 1530 1530 I GameModeConfig: isGaming = true
03-11 01:52:16.791 1530 1530 I GameModeConfig: isDisableNotification = true
03-11 01:52:16.791 1530 1530 I GameModeConfig: isGameModeOn = true
03-11 01:52:16.791 1530 1530 I GameModeConfig: isGaming = true
03-11 01:52:16.791 1530 1530 I GameModeConfig: isDisableNotification = true
01-01 08:59:17.840 0 0 W ALERT : changing window size from 16000000 to 8000000 at 2722936022918
01-01 08:59:17.845 0 0 I : [MAX975X:max96755x_drm_notifier_callback] *INFO* receives EARLY_BLANK:UNBLANK
01-01 08:59:17.845 0 0 I atmel_mxt_ts 0-004a: FB event:2,blank:0
01-01 08:59:17.845 0 0 I atmel_mxt_ts 0-004a: suspend: event = 2, blank = 0, not care
01-01 08:59:17.846 0 0 I [drm:dsi_display_set_mode] [msm-dsi-info]: mdp_transfer_time_us=0 us
01-01 08:59:17.846 0 0 I [drm:dsi_display_set_mode] [msm-dsi-info]: hactive= 2560,vactive= 1080,fps=30
01-01 08:59:17.846 0 0 I : [MAX975X:max96755x_drm_notifier_callback] *INFO* receives BLANK:UNBLANK
01-01 08:59:17.846 0 0 I atmel_mxt_ts 0-004a: FB event:1,blank:0
01-01 08:59:17.846 0 0 I atmel_mxt_ts 0-004a: drm_notifier_callback: UNBLANK! Resume by drm notifier.
03-11 01:52:16.802 19694 19716 D ActivityThread: Loading provider com.tencent.tmgp.sgame.XG_SETTINGS_PROVIDER: com.tencent.tpns.baseapi.base.SettingsContentProvider
03-11 01:52:16.808 1530 2906 D CompatibilityChangeReporter: Compat change id reported: 135634846; UID 10093; state: DISABLED
03-11 01:52:16.808 1530 2906 D CompatibilityChangeReporter: Compat change id reported: 177438394; UID 10093; state: DISABLED
03-11 01:52:16.808 1530 2906 D CompatibilityChangeReporter: Compat change id reported: 135772972; UID 10093; state: DISABLED
03-11 01:52:16.808 1530 2906 D CompatibilityChangeReporter: Compat change id reported: 135754954; UID 10093; state: DISABLED
03-11 01:52:16.808 1530 1615 D CompatibilityChangeReporter: Compat change id reported: 143937733; UID 10093; state: DISABLED
03-11 01:52:16.811 1530 1607 I DisplayDeviceRepository: Display device changed: DisplayDeviceInfo{"内置屏幕": uniqueId="local:4630946816427681409", 2560 x 1080, modeId 3, defaultModeId 1, supportedModes [{id=1, width=2560, height=1080, fps=60.000004, alternativeRefreshRates=[30.000002, 45.0]}, {id=2, width=2560, height=1080, fps=45.0, alternativeRefreshRates=[30.000002, 60.000004]}, {id=3, width=2560, height=1080, fps=30.000002, alternativeRefreshRates=[45.0, 60.000004]}], colorMode 0, supportedColorModes [0], hdrCapabilities HdrCapabilities{mSupportedHdrTypes=[2, 3, 4], mMaxLuminance=500.0, mMaxAverageLuminance=500.0, mMinLuminance=0.0}, allmSupported false, gameContentTypeSupported false, density 240, 320.315 x 318.976 dpi, appVsyncOff 1000000, presDeadline 33333333, touch INTERNAL, rotation 0, type INTERNAL, address {port=129, model=0x40446d97fee5e6}, deviceProductInfo DeviceProductInfo{name=, manufacturerPnpId=QCM, productId=1, modelYear=null, manufactureDate=ManufactureDate{week=27, year=2006}, connectionToSinkType=0}, state ON, frameRateOverride , brightnessMinimum 0.0, brightnessMaximum 1.0, brightnessDefault 1.0, FLAG_DEFAULT_DISPLAY, FLAG_ROTATES_WITH_CONTENT, FLAG_SECURE, FLAG_SUPPORTS_PROTECTED_BUFFERS}
03-11 01:52:16.817 1530 1615 I ActivityManager: Start proc 19729:com.tencent.tmgp.sgame:xg_vip_service/u0a93 for service {com.tencent.tmgp.sgame/com.tencent.android.tpush.service.XGVipPushService}
01-01 08:59:17.871 0 0 I binder : 19729:19729 ioctl 40046210 7ff5e17364 returned -22
03-11 01:52:16.860 1530 2110 W FreeFormWindowHelper: Current Display FreeFormTask is null
03-11 01:52:17.110 1530 2906 W WindowManager: Failed looking up window session=Session{afc751b 19694:u0a10093} callers=com.android.server.wm.WindowManagerService.windowForClientLocked:5628 com.android.server.wm.Session.insetsModified:629 android.view.IWindowSession$Stub.onTransact:1151
01-01 08:59:18.189 0 0 I binder : 19694:19730 ioctl 40046210 79a169b1f4 returned -22
03-11 01:52:17.482 1530 10350 W ActivityManager: Unable to start service Intent { act=com.tencent.tpns.mqttchannel.FEEDBACK pkg=com.tencent.tmgp.sgame } U=0: not found
03-11 01:52:17.906 1530 2750 E TaskPersister: File error accessing recents directory (directory doesn't exist?).
01-01 08:59:19.737 0 0 D cnss : Host time = 2727038780 us, device time = 2713320240 us, offset = 13718540 us
01-01 08:59:19.737 0 0 D cnss : Updated time sync regs [0x984] = 0xd1540c, [0x988] = 0x0
01-01 08:59:20.760 0 0 E DTC_ETH,link_delay_work_func: 3003, SQI=0, link=0
03-11 01:52:20.790 1530 2117 W FreeFormWindowHelper: Current Display FreeFormTask is null
03-11 01:52:20.791 1530 2117 W FreeFormWindowHelper: Current Display FreeFormTask is null
03-11 01:52:20.791 1530 2117 W FreeFormWindowHelper: Current Display FreeFormTask is null
03-11 01:52:20.792 1530 2117 W FreeFormWindowHelper: Current Display FreeFormTask is null
03-11 01:52:20.838 1530 2110 W FreeFormWindowHelper: Current Display FreeFormTask is null
03-11 01:52:20.838 1530 2110 W FreeFormWindowHelper: Current Display FreeFormTask is null
03-11 01:52:20.838 1530 2110 W FreeFormWindowHelper: Current Display FreeFormTask is null
03-11 01:52:20.847 1530 2110 W ActivityTaskManager: getTaskSnapshot: taskId=-943 not found
03-11 01:52:20.848 1530 2110 W ActivityTaskManager: getTaskSnapshot: taskId=-943 not found
03-11 01:52:20.848 1530 2110 W ActivityTaskManager: getTaskSnapshot: taskId=-943 not found
03-11 01:52:20.848 1530 2110 W ActivityTaskManager: getTaskSnapshot: taskId=-943 not found
03-11 01:52:20.875 1530 2110 W FreeFormWindowHelper: Current Display FreeFormTask is null
03-11 01:52:20.875 1530 2117 W FreeFormWindowHelper: Current Display FreeFormTask is null
03-11 01:52:20.875 1530 2110 W ActivityTaskManager: getTaskSnapshot: taskId=-943 not found
03-11 01:52:20.875 1530 2110 W ActivityTaskManager: getTaskSnapshot: taskId=-943 not found
03-11 01:52:20.876 1530 2110 W ActivityTaskManager: getTaskSnapshot: taskId=-943 not found
03-11 01:52:20.876 1530 2110 W ActivityTaskManager: getTaskSnapshot: taskId=-943 not found
03-11 01:52:20.938 1530 2117 W FreeFormWindowHelper: Current Display FreeFormTask is null
03-11 01:52:20.938 1530 2117 W FreeFormWindowHelper: Current Display FreeFormTask is null
03-11 01:52:21.038 1530 2117 W FreeFormWindowHelper: Current Display FreeFormTask is null
03-11 01:52:21.038 1530 2110 W FreeFormWindowHelper: Current Display FreeFormTask is null
03-11 01:52:21.039 1530 2117 W FreeFormWindowHelper: Current Display FreeFormTask is null
03-11 01:52:21.040 1530 2110 W FreeFormWindowHelper: Current Display FreeFormTask is null
03-11 01:52:21.040 1530 2110 W ActivityTaskManager: getTaskSnapshot: taskId=-696 not found
03-11 01:52:21.041 1530 2110 W ActivityTaskManager: getTaskSnapshot: taskId=-696 not found
03-11 01:52:21.041 1530 2110 W ActivityTaskManager: getTaskSnapshot: taskId=-696 not found
03-11 01:52:21.041 1530 2110 W ActivityTaskManager: getTaskSnapshot: taskId=-696 not found
03-11 01:52:21.071 1530 2110 W FreeFormWindowHelper: Current Display FreeFormTask is null
03-11 01:52:21.072 1530 2110 W FreeFormWindowHelper: Current Display FreeFormTask is null
03-11 01:52:21.105 1530 5963 W FreeFormWindowHelper: Current Display FreeFormTask is null
03-11 01:52:21.105 1530 2110 W FreeFormWindowHelper: Current Display FreeFormTask is null
03-11 01:52:21.414 1530 2906 W FreeFormWindowHelper: Current Display FreeFormTask is null
03-11 01:52:21.414 1530 2110 W FreeFormWindowHelper: Current Display FreeFormTask is null
03-11 01:52:21.414 1530 2110 W FreeFormWindowHelper: Current Display FreeFormTask is null
03-11 01:52:21.777 1530 2110 I ActivityTaskManager: FOREGROUND_APPLICATION_CHANGED to com.android.launcher3.uioverrides.QuickstepLauncher
03-11 01:52:21.808 1530 2906 W FreeFormWindowHelper: Current Display FreeFormTask is null
03-11 01:52:21.809 1530 10350 W FreeFormWindowHelper: Current Display FreeFormTask is null
03-11 01:52:21.809 1530 2117 W FreeFormWindowHelper: Current Display FreeFormTask is null
03-11 01:52:21.841 1530 2906 W FreeFormWindowHelper: Current Display FreeFormTask is null
03-11 01:52:21.841 1530 2906 W FreeFormWindowHelper: Current Display FreeFormTask is null
03-11 01:52:21.883 1530 2117 W FreeFormWindowHelper: Current Display FreeFormTask is null
03-11 01:52:21.885 2054 3742 W ContextImpl: Calling a method in the system process without a qualified user: android.app.ContextImpl.startService:1816 android.content.ContextWrapper.startService:774 com.thundercomm.gamemode.ingame.services.GameModeActionUtils.startGameModeService:118 com.thundercomm.gamemode.ingame.services.GameModeActionUtils.startGameModeEntry:29 com.thundercomm.gamemode.ingame.services.ActivityMonitoringService$1.onActivityLaunch:140
03-11 01:52:21.888 1530 1530 I GameModeConfig: Current uri is uri = content://com.thundercomm.gamemode.api/gamemode_settings/gamemode_isgaming
03-11 01:52:21.889 1530 1530 I GameModeConfig: isGameModeOn = true
03-11 01:52:21.889 1530 1530 I GameModeConfig: isGaming = false
03-11 01:52:21.889 1530 1530 I GameModeConfig: isGameModeOn = true
03-11 01:52:21.889 1530 1530 I GameModeConfig: isGaming = false
03-11 01:52:21.889 1530 1530 I GameModeConfig: isDisableVoice = true
01-01 08:59:22.936 0 0 W ALERT : changing window size from 8000000 to 16000000 at 2728032024427
01-01 08:59:22.974 0 0 I : [MAX975X:max96755x_drm_notifier_callback] *INFO* receives EARLY_BLANK:UNBLANK
01-01 08:59:22.974 0 0 I atmel_mxt_ts 0-004a: FB event:2,blank:0
01-01 08:59:22.974 0 0 I atmel_mxt_ts 0-004a: suspend: event = 2, blank = 0, not care
01-01 08:59:22.974 0 0 I [drm:dsi_display_set_mode] [msm-dsi-info]: mdp_transfer_time_us=0 us
01-01 08:59:22.974 0 0 I [drm:dsi_display_set_mode] [msm-dsi-info]: hactive= 2560,vactive= 1080,fps=60
01-01 08:59:22.974 0 0 I : [MAX975X:max96755x_drm_notifier_callback] *INFO* receives BLANK:UNBLANK
01-01 08:59:22.975 0 0 I atmel_mxt_ts 0-004a: FB event:1,blank:0
01-01 08:59:22.975 0 0 I atmel_mxt_ts 0-004a: drm_notifier_callback: UNBLANK! Resume by drm notifier.
03-11 01:52:21.956 1530 1607 I DisplayDeviceRepository: Display device changed: DisplayDeviceInfo{"内置屏幕": uniqueId="local:4630946816427681409", 2560 x 1080, modeId 1, defaultModeId 1, supportedModes [{id=1, width=2560, height=1080, fps=60.000004, alternativeRefreshRates=[30.000002, 45.0]}, {id=2, width=2560, height=1080, fps=45.0, alternativeRefreshRates=[30.000002, 60.000004]}, {id=3, width=2560, height=1080, fps=30.000002, alternativeRefreshRates=[45.0, 60.000004]}], colorMode 0, supportedColorModes [0], hdrCapabilities HdrCapabilities{mSupportedHdrTypes=[2, 3, 4], mMaxLuminance=500.0, mMaxAverageLuminance=500.0, mMinLuminance=0.0}, allmSupported false, gameContentTypeSupported false, density 240, 320.315 x 318.976 dpi, appVsyncOff 1000000, presDeadline 16666666, touch INTERNAL, rotation 0, type INTERNAL, address {port=129, model=0x40446d97fee5e6}, deviceProductInfo DeviceProductInfo{name=, manufacturerPnpId=QCM, productId=1, modelYear=null, manufactureDate=ManufactureDate{week=27, year=2006}, connectionToSinkType=0}, state ON, frameRateOverride , brightnessMinimum 0.0, brightnessMaximum 1.0, brightnessDefault 1.0, FLAG_DEFAULT_DISPLAY, FLAG_ROTATES_WITH_CONTENT, FLAG_SECURE, FLAG_SUPPORTS_PROTECTED_BUFFERS}
03-11 01:52:23.180 1530 2117 I ActivityTaskManager: FOREGROUND_APPLICATION_CHANGED to com.android.settings.homepage.SettingsHomepageActivity
03-11 01:52:23.197 1530 1621 W BatteryExternalStatsWorker: error reading modem stats:ERROR_PHONE_NOT_AVAILABLE
03-11 01:52:23.206 1530 1621 E KernelCpuSpeedReader: Failed to read cpu-freq: /sys/devices/system/cpu/cpu4/cpufreq/stats/time_in_state: open failed: ENOENT (No such file or directory)
03-11 01:52:23.206 1530 1621 E KernelCpuSpeedReader: Failed to read cpu-freq: /sys/devices/system/cpu/cpu0/cpufreq/stats/time_in_state: open failed: ENOENT (No such file or directory)
01-01 08:59:24.254 0 0 W audit : audit_lost=1175 audit_rate_limit=5 audit_backlog_limit=64
01-01 08:59:24.254 0 0 E audit : rate limit exceeded
03-11 01:52:23.226 1530 1621 W BatteryExternalStatsWorker: error reading modem stats:ERROR_PHONE_NOT_AVAILABLE
03-11 01:52:23.228 1530 1621 E KernelCpuSpeedReader: Failed to read cpu-freq: /sys/devices/system/cpu/cpu4/cpufreq/stats/time_in_state: open failed: ENOENT (No such file or directory)
03-11 01:52:23.228 1530 1621 E KernelCpuSpeedReader: Failed to read cpu-freq: /sys/devices/system/cpu/cpu0/cpufreq/stats/time_in_state: open failed: ENOENT (No such file or directory)
03-11 01:52:23.284 1530 3072 W FreeFormWindowHelper: Current Display FreeFormTask is null
03-11 01:52:23.563 1530 2117 W FreeFormWindowHelper: exitRecentTasks type=0
01-01 08:59:25.880 0 0 E DTC_ETH,link_delay_work_func: 3003, SQI=0, link=0
03-11 01:52:26.182 1530 2750 E TaskPersister: File error accessing recents directory (directory doesn't exist?).
03-11 01:52:27.226 1530 1614 I DropBoxManagerService: add tag=system_server_wtf isTagEnabled=true flags=0x2
03-11 01:52:27.227 1530 2117 W FreeFormWindowHelper: Current Display FreeFormTask is null
03-11 01:52:27.228 1530 2117 I ActivityManager: Killing 19694:com.tencent.tmgp.sgame/u0a93 (adj 700): remove task
03-11 01:52:27.228 1530 2117 I ActivityManager: Killing 19729:com.tencent.tmgp.sgame:xg_vip_service/u0a93 (adj 500): remove task
03-11 01:52:27.230 1530 1614 I DropBoxManagerService: add tag=system_server_wtf isTagEnabled=true flags=0x2
03-11 01:52:27.231 1530 2750 E TaskPersister: File error accessing recents directory (directory doesn't exist?).
03-11 01:52:27.259 1530 2117 W ActivityManager: Scheduling restart of crashed service com.tencent.tmgp.sgame/com.tencent.android.tpush.service.XGVipPushService in 1000ms for connection
03-11 01:52:27.278 1530 4910 I WindowManager: WIN DEATH: Window{fb1c7f6 u0 com.tencent.tmgp.sgame/com.tencent.tmgp.sgame.SGameActivity}
03-11 01:52:27.281 1530 1607 W ActivityManager: setHasOverlayUi called on unknown pid: 19694
03-11 01:52:27.282 1530 1613 W UsageStatsService: Unexpected activity event reported! (com.tencent.tmgp.sgame/com.tencent.tmgp.sgame.SGameActivity event : 23 instanceId : 223531990)
03-11 01:52:27.282 1530 1608 W ActivityTaskManager: Can't find TaskDisplayArea to determine support for multi window. Task id=49 attached=false
03-11 01:52:27.282 1530 1608 W ActivityTaskManager: Can't find TaskDisplayArea to determine support for multi window. Task id=49 attached=false
03-11 01:52:27.326 1530 4910 W FreeFormWindowHelper: Current Display FreeFormTask is null
01-01 08:59:31.000 0 0 E DTC_ETH,link_delay_work_func: 3003, SQI=0, link=0
03-11 01:52:30.281 1530 2750 E TaskPersister: File error accessing recents directory (directory doesn't exist?).
01-01 08:59:36.120 0 0 E DTC_ETH,link_delay_work_func: 3003, SQI=0, link=0
01-01 08:59:41.241 0 0 E DTC_ETH,link_delay_work_func: 3003, SQI=0, link=0
01-01 08:59:43.035 0 0 I msm_vidc: err : ffffffff: .....: DBLP Set: status 0
01-01 08:59:46.361 0 0 E DTC_ETH,link_delay_work_func: 3003, SQI=0, link=0
01-01 08:59:49.147 0 0 I msm_vidc: err : ffffffff: .....: DBLP Set: status 0
01-01 08:59:51.481 0 0 E DTC_ETH,link_delay_work_func: 3003, SQI=0, link=0
01-01 08:59:55.227 0 0 I msm_vidc: err : ffffffff: .....: DBLP Set: status 0
01-01 08:59:56.601 0 0 E DTC_ETH,link_delay_work_func: 3003, SQI=0, link=0
01-01 08:59:58.234 0 0 I msm_vidc: err : ffffffff: .....: DBLP Set: status 0
01-01 09:00:01.721 0 0 E DTC_ETH,link_delay_work_func: 3003, SQI=0, link=0
