03-11 02:15:07.367 1530 1694 I input_interaction: Interaction with: 88dbfd8 StatusBar (server), edge-swipe (server), swipe-up (server), PointerEventDispatcher0 (server),
03-11 02:15:07.775 1530 1754 I storage_state: [41217664-9172-527a-b3d5-edabb50a7d69,0,0,109763502080,118610538496]
03-11 02:15:07.939 1530 1694 I input_interaction: Interaction with: c78a2bf com.tencent.tmgp.sgame/com.tencent.tmgp.sgame.SGameActivity (server), edge-swipe (server), swipe-up (server), PointerEventDispatcher0 (server),
03-11 02:15:08.492 1530 1711 I netstats_mobile_sample: [0,0,0,0,0,0,0,0,0,0,0,0,1678698047249]
03-11 02:15:08.492 1530 1711 I netstats_wifi_sample: [339191810,265542,5104139,68811,339187258,265538,5104139,68811,335393157,266945,4444185,67031,1678698047249]
03-11 02:15:08.843 1530 1694 I input_interaction: Interaction with: 88dbfd8 StatusBar (server), edge-swipe (server), swipe-up (server), PointerEventDispatcher0 (server),
03-11 02:15:08.848 1950 1950 I sysui_multi_action: [757,803,799,panel_open,802,1]
03-11 02:15:08.850 1950 1950 I sysui_multi_action: [757,1328,758,4,1326,61,1327,0,1329,0]
03-11 02:15:08.880 1530 7363 I sysui_multi_action: [757,127,758,1]
03-11 02:15:08.880 1530 7363 I sysui_multi_action: [757,804,799,note_load,801,2,802,1]
03-11 02:15:08.880 1530 7363 I notification_panel_revealed: 2
03-11 02:15:08.889 1530 1608 I input_focus: [Focus request bb33d3e NotificationShade,reason=UpdateInputWindows]
03-11 02:15:08.897 1530 7363 I sysui_multi_action: [757,128,758,1,793,3982824,794,0,795,3982824,796,26,798,0,806,android,857,DEVELOPER_IMPORTANT,858,4,947,0,1395,2,1500,3982620,1688,1]
03-11 02:15:08.897 1530 7363 I sysui_multi_action: [757,804,799,note_freshness,801,3982824,802,1]
03-11 02:15:08.897 1530 7363 I notification_visibility: [-1|android|26|null|1000,1,3982824,3982824,0,0]
03-11 02:15:08.898 1530 7363 I sysui_multi_action: [757,128,758,1,793,4084281,794,0,795,4084281,796,32,798,1,806,android,857,USB,858,1,947,0,1395,2,1500,4083921,1688,1]
03-11 02:15:08.898 1530 7363 I sysui_multi_action: [757,804,799,note_freshness,801,4084281,802,1]
03-11 02:15:08.898 1530 7363 I notification_visibility: [-1|android|32|null|1000,1,4084281,4084281,0,1]
03-11 02:15:08.905 1950 1950 I sysui_multi_action: [757,111,758,1]
03-11 02:15:08.905 1950 1950 I sysui_multi_action: [757,126,758,1,759,126,927,0,928,1,1593,0]
03-11 02:15:08.905 1950 1950 I sysui_multi_action: [757,113,758,1,759,113,927,1,928,1,1593,0]
03-11 02:15:08.905 1950 1950 I sysui_multi_action: [757,0,758,1,759,0,927,2,928,0,1593,0]
03-11 02:15:08.905 1950 1950 I sysui_multi_action: [757,0,758,1,759,0,927,3,928,0,1593,0]
03-11 02:15:08.905 1950 1950 I sysui_multi_action: [757,491,758,1,759,491,927,4,928,0,1311,-1,1593,0]
03-11 02:15:08.905 1950 1950 I sysui_multi_action: [757,0,758,1,759,0,927,5,928,0,1593,0]
03-11 02:15:08.906 1950 1950 I sysui_multi_action: [757,111,758,1]
03-11 02:15:08.906 1950 1950 I sysui_multi_action: [757,126,758,1,759,126,927,0,928,1,1593,0]
03-11 02:15:08.906 1950 1950 I sysui_multi_action: [757,113,758,1,759,113,927,1,928,1,1593,0]
03-11 02:15:08.906 1950 1950 I sysui_multi_action: [757,0,758,1,759,0,927,2,928,0,1593,0]
03-11 02:15:08.906 1950 1950 I sysui_multi_action: [757,0,758,1,759,0,927,3,928,0,1593,0]
03-11 02:15:08.929 1530 1694 I input_focus: [Focus leaving c78a2bf com.tencent.tmgp.sgame/com.tencent.tmgp.sgame.SGameActivity (server),reason=setFocusedWindow]
03-11 02:15:08.929 1530 1694 I input_focus: [Focus entering bb33d3e NotificationShade (server),reason=setFocusedWindow]
03-11 02:15:09.291 0 0 I auditd : type=1400 audit(0.0:4803): avc: denied { kill } for comm="swapper/1" capability=5 scontext=u:r:kernel:s0 tcontext=u:r:kernel:s0 tclass=capability permissive=0
03-11 02:15:09.787 1530 1694 I input_interaction: Interaction with: bb33d3e NotificationShade (server), edge-swipe (server), swipe-up (server), PointerEventDispatcher0 (server),
03-11 02:15:10.041 1530 1752 I GameModeConfig: isGameModeOn = true
03-11 02:15:10.042 1530 1752 I GameModeConfig: isGaming = true
03-11 02:15:10.042 1530 1752 I GameModeConfig: isDisableNotification = true
03-11 02:15:10.042 1530 1752 I GameModeConfig: isGameModeOn = true
03-11 02:15:10.042 1530 1752 I GameModeConfig: isGaming = true
03-11 02:15:10.042 1530 1752 I GameModeConfig: isDisableNotification = true
03-11 02:15:10.042 1530 1752 I GameModeConfig: isGameModeOn = true
03-11 02:15:10.042 1530 1752 I GameModeConfig: isGaming = true
03-11 02:15:10.042 1530 1752 I GameModeConfig: isDisableNotification = true
03-11 02:15:10.042 1530 1752 I GameModeConfig: isGameModeOn = true
03-11 02:15:10.042 1530 1752 I GameModeConfig: isGaming = true
03-11 02:15:10.042 1530 1752 I GameModeConfig: isDisableNotification = true
03-11 02:15:10.042 1530 1752 I GameModeConfig: isGameModeOn = true
03-11 02:15:10.042 1530 1752 I GameModeConfig: isGaming = true
03-11 02:15:10.042 1530 1752 I GameModeConfig: isDisableNotification = true
03-11 02:15:10.042 1530 1752 I GameModeConfig: isGameModeOn = true
03-11 02:15:10.042 1530 1752 I GameModeConfig: isGaming = true
03-11 02:15:10.042 1530 1752 I GameModeConfig: isDisableNotification = true
03-11 02:15:10.042 1530 1752 I GameModeConfig: isGameModeOn = true
03-11 02:15:10.042 1530 1752 I GameModeConfig: isGaming = true
03-11 02:15:10.042 1530 1752 I GameModeConfig: isDisableNotification = true
03-11 02:15:10.042 1530 1752 I GameModeConfig: isGameModeOn = true
03-11 02:15:10.042 1530 1752 I GameModeConfig: isGaming = true
03-11 02:15:10.042 1530 1752 I GameModeConfig: isDisableNotification = true
03-11 02:15:10.043 1530 1530 I notification_enqueue: [10078,1950,com.android.systemui,2048,NULL,0,Notification(channel=updateNotification shortcut=null contentView=null vibrate=null sound=null defaults=0x0 flags=0x0 color=0x00000000 vis=PRIVATE),1]
03-11 02:15:10.043 1950 1950 I sysui_multi_action: [757,111,758,2]
03-11 02:15:10.044 1950 1950 I sysui_multi_action: [757,111,758,2]
03-11 02:15:10.116 1530 1608 I input_focus: [Focus request c78a2bf com.tencent.tmgp.sgame/com.tencent.tmgp.sgame.SGameActivity,reason=UpdateInputWindows]
03-11 02:15:10.118 1530 7363 I sysui_multi_action: [757,128,758,2,793,3984045,794,1221,795,3984045,796,26,798,0,806,android,857,DEVELOPER_IMPORTANT,858,4,947,0,1395,2,1500,3983841,1688,1]
03-11 02:15:10.119 1530 7363 I notification_visibility: [-1|android|26|null|1000,0,3984045,3984045,0,0]
03-11 02:15:10.119 1530 7363 I sysui_multi_action: [757,128,758,2,793,4085502,794,1221,795,4085502,796,32,798,1,806,android,857,USB,858,1,947,0,1395,2,1500,4085142,1688,1]
03-11 02:15:10.119 1530 7363 I notification_visibility: [-1|android|32|null|1000,0,4085502,4085502,0,1]
03-11 02:15:10.119 1530 7363 I sysui_multi_action: [757,127,758,2]
03-11 02:15:10.119 1530 7363 I notification_panel_hidden:
03-11 02:15:10.166 1530 1694 I input_focus: [Focus leaving bb33d3e NotificationShade (server),reason=NO_WINDOW]
03-11 02:15:10.166 1530 1694 I input_focus: [Focus entering c78a2bf com.tencent.tmgp.sgame/com.tencent.tmgp.sgame.SGameActivity (server),reason=setFocusedWindow]
03-11 02:15:10.246 1530 1530 I GameModeConfig: isGameModeOn = true
03-11 02:15:10.246 1530 1530 I GameModeConfig: isGaming = true
03-11 02:15:10.246 1530 1530 I GameModeConfig: isDisableNotification = true
03-11 02:15:10.246 1530 1530 I GameModeConfig: isGameModeOn = true
03-11 02:15:10.246 1530 1530 I GameModeConfig: isGaming = true
03-11 02:15:10.246 1530 1530 I GameModeConfig: isDisableNotification = true
03-11 02:15:10.291 0 0 I auditd : type=1400 audit(0.0:4804): avc: denied { kill } for comm="swapper/1" capability=5 scontext=u:r:kernel:s0 tcontext=u:r:kernel:s0 tclass=capability permissive=0
03-11 02:15:10.517 1530 1694 I input_interaction: Interaction with: c78a2bf com.tencent.tmgp.sgame/com.tencent.tmgp.sgame.SGameActivity (server), edge-swipe (server), swipe-up (server), PointerEventDispatcher0 (server),
03-11 02:15:10.913 1530 1711 I netstats_mobile_sample: [0,0,0,0,0,0,0,0,0,0,0,0,1678698049671]
03-11 02:15:10.914 1530 1711 I netstats_wifi_sample: [339191810,265542,5104139,68811,339187258,265538,5104139,68811,335393157,266945,4444185,67031,1678698049671]
03-11 02:15:11.291 88 88 I auditd : type=1400 audit(0.0:4805): avc: denied { kill } for comm="qmp_aop" capability=5 scontext=u:r:kernel:s0 tcontext=u:r:kernel:s0 tclass=capability permissive=0
03-11 02:15:11.463 21696 21696 I view_enqueue_input_event: [Motion - Cancel,com.tencent.tmgp.sgame/com.tencent.tmgp.sgame.SGameActivity]
03-11 02:15:11.471 1530 1694 I input_interaction: Interaction with: edge-swipe (server), swipe-up (server), PointerEventDispatcher0 (server),
03-11 02:15:11.523 1530 7363 I sysui_multi_action: [757,803,799,key_back_press,802,1]
03-11 02:15:11.526 1530 1694 I input_interaction: Interaction with: c78a2bf com.tencent.tmgp.sgame/com.tencent.tmgp.sgame.SGameActivity (server), PointerEventDispatcher0 (server),
01-01 09:22:12.920 0 0 E DTC_ETH,link_delay_work_func: 3003, SQI=0, link=0
03-11 02:15:11.914 1530 1694 I input_interaction: Interaction with: c78a2bf com.tencent.tmgp.sgame/com.tencent.tmgp.sgame.SGameActivity (server), edge-swipe (server), swipe-up (server), PointerEventDispatcher0 (server),
03-11 02:15:12.291 0 0 I auditd : type=1400 audit(0.0:4806): avc: denied { kill } for comm="swapper/1" capability=5 scontext=u:r:kernel:s0 tcontext=u:r:kernel:s0 tclass=capability permissive=0
03-11 02:15:12.744 1530 1711 I netstats_mobile_sample: [0,0,0,0,0,0,0,0,0,0,0,0,1678698051502]
03-11 02:15:12.745 1530 1711 I netstats_wifi_sample: [339191810,265542,5104139,68811,339187258,265538,5104139,68811,335393157,266945,4444185,67031,1678698051502]
03-11 02:15:13.291 0 0 I auditd : type=1400 audit(0.0:4807): avc: denied { kill } for comm="swapper/1" capability=5 scontext=u:r:kernel:s0 tcontext=u:r:kernel:s0 tclass=capability permissive=0
03-11 02:15:14.291 0 0 I auditd : type=1400 audit(0.0:4808): avc: denied { kill } for comm="swapper/1" capability=5 scontext=u:r:kernel:s0 tcontext=u:r:kernel:s0 tclass=capability permissive=0
03-11 02:15:14.800 1530 1711 I netstats_mobile_sample: [0,0,0,0,0,0,0,0,0,0,0,0,1678698053558]
03-11 02:15:14.800 1530 1711 I netstats_wifi_sample: [339191810,265542,5104139,68811,339187258,265538,5104139,68811,335393157,266945,4444185,67031,1678698053558]
03-11 02:15:15.291 0 0 I auditd : type=1400 audit(0.0:4809): avc: denied { kill } for comm="swapper/1" capability=5 scontext=u:r:kernel:s0 tcontext=u:r:kernel:s0 tclass=capability permissive=0
03-11 02:15:16.291 0 0 I auditd : type=1400 audit(0.0:4810): avc: denied { kill } for comm="swapper/1" capability=5 scontext=u:r:kernel:s0 tcontext=u:r:kernel:s0 tclass=capability permissive=0
03-11 02:15:16.857 1530 1711 I netstats_mobile_sample: [0,0,0,0,0,0,0,0,0,0,0,0,1678698055615]
03-11 02:15:16.857 1530 1711 I netstats_wifi_sample: [339191810,265542,5104139,68811,339187258,265538,5104139,68811,335393157,266945,4444185,67031,1678698055615]
01-01 09:22:18.040 0 0 E DTC_ETH,link_delay_work_func: 3003, SQI=0, link=0
03-11 02:15:17.291 0 0 I auditd : type=1400 audit(0.0:4811): avc: denied { kill } for comm="swapper/1" capability=5 scontext=u:r:kernel:s0 tcontext=u:r:kernel:s0 tclass=capability permissive=0
03-11 02:15:18.704 1530 1711 I netstats_mobile_sample: [0,0,0,0,0,0,0,0,0,0,0,0,1678698057461]
03-11 02:15:18.704 1530 1711 I netstats_wifi_sample: [339191810,265542,5104139,68811,339187258,265538,5104139,68811,335393157,266945,4444185,67031,1678698057461]
03-11 02:15:19.291 0 0 I auditd : type=1400 audit(0.0:4812): avc: denied { kill } for comm="swapper/1" capability=5 scontext=u:r:kernel:s0 tcontext=u:r:kernel:s0 tclass=capability permissive=0
03-11 02:15:20.295 1530 1752 I GameModeConfig: isGameModeOn = true
03-11 02:15:20.295 1530 1752 I GameModeConfig: isGaming = true
03-11 02:15:20.295 1530 1752 I GameModeConfig: isDisableNotification = true
03-11 02:15:20.295 1530 1752 I GameModeConfig: isGameModeOn = true
03-11 02:15:20.295 1530 1752 I GameModeConfig: isGaming = true
03-11 02:15:20.295 1530 1752 I GameModeConfig: isDisableNotification = true
03-11 02:15:20.570 1530 1711 I netstats_mobile_sample: [0,0,0,0,0,0,0,0,0,0,0,0,1678698059327]
03-11 02:15:20.570 1530 1711 I netstats_wifi_sample: [339191810,265542,5104139,68811,339187258,265538,5104139,68811,335393157,266945,4444185,67031,1678698059327]
03-11 02:15:21.291 0 0 I auditd : type=1400 audit(0.0:4813): avc: denied { kill } for comm="swapper/1" capability=5 scontext=u:r:kernel:s0 tcontext=u:r:kernel:s0 tclass=capability permissive=0
01-01 09:22:23.160 0 0 E DTC_ETH,link_delay_work_func: 3003, SQI=0, link=0
03-11 02:15:22.291 0 0 I auditd : type=1400 audit(0.0:4814): avc: denied { kill } for comm="swapper/1" capability=5 scontext=u:r:kernel:s0 tcontext=u:r:kernel:s0 tclass=capability permissive=0
03-11 02:15:22.641 1530 1711 I netstats_mobile_sample: [0,0,0,0,0,0,0,0,0,0,0,0,1678698061399]
03-11 02:15:22.642 1530 1711 I netstats_wifi_sample: [339191810,265542,5104139,68811,339187258,265538,5104139,68811,335393157,266945,4444185,67031,1678698061399]
03-11 02:15:22.964 21696 21696 I view_enqueue_input_event: [Motion - Cancel,com.tencent.tmgp.sgame/com.tencent.tmgp.sgame.SGameActivity]
03-11 02:15:22.973 1530 1694 I input_interaction: Interaction with: 88dbfd8 StatusBar (server), edge-swipe (server), swipe-up (server), PointerEventDispatcher0 (server),
03-11 02:15:23.819 1530 1530 I service_manager_stats: [100,68,19521]
03-11 02:15:23.874 1530 1694 I input_interaction: Interaction with: c78a2bf com.tencent.tmgp.sgame/com.tencent.tmgp.sgame.SGameActivity (server), edge-swipe (server), swipe-up (server), PointerEventDispatcher0 (server),
03-11 02:15:24.291 0 0 I auditd : type=1400 audit(0.0:4815): avc: denied { kill } for comm="swapper/3" capability=5 scontext=u:r:kernel:s0 tcontext=u:r:kernel:s0 tclass=capability permissive=0
03-11 02:15:25.167 1530 1694 I input_interaction: Interaction with: 88dbfd8 StatusBar (server), edge-swipe (server), swipe-up (server), PointerEventDispatcher0 (server),
03-11 02:15:25.172 1950 1950 I sysui_multi_action: [757,803,799,panel_open,802,1]
03-11 02:15:25.175 1950 1950 I sysui_multi_action: [757,1328,758,4,1326,81,1327,4,1329,0]
03-11 02:15:25.256 1530 8134 I sysui_multi_action: [757,127,758,1]
03-11 02:15:25.256 1530 8134 I sysui_multi_action: [757,804,799,note_load,801,2,802,1]
03-11 02:15:25.256 1530 8134 I notification_panel_revealed: 2
03-11 02:15:25.266 1530 1608 I input_focus: [Focus request bb33d3e NotificationShade,reason=UpdateInputWindows]
03-11 02:15:25.273 1530 7363 I sysui_multi_action: [757,128,758,1,793,3999200,794,0,795,3999200,796,26,798,0,806,android,857,DEVELOPER_IMPORTANT,858,4,947,0,1395,2,1500,3998996,1688,1]
03-11 02:15:25.273 1530 7363 I sysui_multi_action: [757,804,799,note_freshness,801,3999200,802,1]
03-11 02:15:25.273 1530 7363 I notification_visibility: [-1|android|26|null|1000,1,3999200,3999200,0,0]
03-11 02:15:25.274 1530 7363 I sysui_multi_action: [757,128,758,1,793,4100657,794,0,795,4100657,796,32,798,1,806,android,857,USB,858,1,947,0,1395,2,1500,4100297,1688,1]
03-11 02:15:25.274 1530 7363 I sysui_multi_action: [757,804,799,note_freshness,801,4100657,802,1]
03-11 02:15:25.274 1530 7363 I notification_visibility: [-1|android|32|null|1000,1,4100657,4100657,0,1]
03-11 02:15:25.277 1950 1950 I sysui_multi_action: [757,111,758,1]
03-11 02:15:25.278 1950 1950 I sysui_multi_action: [757,126,758,1,759,126,927,0,928,1,1593,0]
03-11 02:15:25.278 1950 1950 I sysui_multi_action: [757,113,758,1,759,113,927,1,928,1,1593,0]
03-11 02:15:25.278 1950 1950 I sysui_multi_action: [757,0,758,1,759,0,927,2,928,0,1593,0]
03-11 02:15:25.278 1950 1950 I sysui_multi_action: [757,0,758,1,759,0,927,3,928,0,1593,0]
03-11 02:15:25.278 1950 1950 I sysui_multi_action: [757,491,758,1,759,491,927,4,928,0,1311,-1,1593,0]
03-11 02:15:25.278 1950 1950 I sysui_multi_action: [757,0,758,1,759,0,927,5,928,0,1593,0]
03-11 02:15:25.278 1950 1950 I sysui_multi_action: [757,111,758,1]
03-11 02:15:25.278 1950 1950 I sysui_multi_action: [757,126,758,1,759,126,927,0,928,1,1593,0]
03-11 02:15:25.279 1950 1950 I sysui_multi_action: [757,113,758,1,759,113,927,1,928,1,1593,0]
03-11 02:15:25.279 1950 1950 I sysui_multi_action: [757,0,758,1,759,0,927,2,928,0,1593,0]
03-11 02:15:25.279 1950 1950 I sysui_multi_action: [757,0,758,1,759,0,927,3,928,0,1593,0]
03-11 02:15:25.302 1530 1694 I input_focus: [Focus leaving c78a2bf com.tencent.tmgp.sgame/com.tencent.tmgp.sgame.SGameActivity (server),reason=setFocusedWindow]
03-11 02:15:25.302 1530 1694 I input_focus: [Focus entering bb33d3e NotificationShade (server),reason=setFocusedWindow]
03-11 02:15:25.619 1530 1711 I netstats_mobile_sample: [0,0,0,0,0,0,0,0,0,0,0,0,1678698064377]
03-11 02:15:25.620 1530 1711 I netstats_wifi_sample: [339191810,265542,5104139,68811,339187258,265538,5104139,68811,335393157,266945,4444185,67031,1678698064377]
03-11 02:15:26.291 0 0 I auditd : type=1400 audit(0.0:4816): avc: denied { kill } for comm="swapper/3" capability=5 scontext=u:r:kernel:s0 tcontext=u:r:kernel:s0 tclass=capability permissive=0
03-11 02:15:26.444 1530 1694 I input_interaction: Interaction with: bb33d3e NotificationShade (server), edge-swipe (server), swipe-up (server), PointerEventDispatcher0 (server),
03-11 02:15:26.549 1530 1564 I intercept_power: [ACTION_DOWN,0,0]
03-11 02:15:26.615 1530 1564 I intercept_power: [ACTION_UP,0,0]
03-11 02:15:26.615 1530 1530 D WindowManager: powerPress: eventTime=4112756 interactive=true count=0 beganFromNonInteractive=false mShortPressOnPowerBehavior=1
03-11 02:15:26.616 1530 1530 I PowerManagerService: Powering off display group due to power_button (groupId= 0, uid= 1000)...
03-11 02:15:26.616 1530 1530 I PowerManagerService: Going to sleep due to power_button (uid 1000)...
03-11 02:15:26.618 1530 1530 I power_sleep_requested: 1
03-11 02:15:26.623 1530 1630 I PowerManagerService: Sleeping display group (groupId=0, uid=1000)...
03-11 02:15:26.623 1530 1630 I PowerManagerService: Sleeping (uid 1000)...
03-11 02:15:26.638 1530 1613 I am_pss : [21731,10093,com.tencent.tmgp.sgame:xg_vip_service,16387072,8314880,0,112746496,0,3,9]
03-11 02:15:26.650 1530 1613 I am_pss : [2553,10075,com.android.launcher3,78066688,66240512,0,206073856,0,6,10]
03-11 02:15:26.658 1530 1630 I sysui_multi_action: [757,1696,758,6,759,0]
03-11 02:15:26.750 1530 1630 I DisplayPowerController[0]: Blocking screen off
03-11 02:15:26.750 1530 1888 E DisplayDeviceConfig: requesting nits when no mapping exists.
03-11 02:15:26.750 1530 1630 I DisplayPowerController[0]: Unblocked screen off after 0 ms
03-11 02:15:26.756 1530 1630 D ActivityTaskManager: Top Process State changed to PROCESS_STATE_TOP_SLEEPING
03-11 02:15:26.759 1530 1630 I wm_pause_activity: [0,201648842,com.tencent.tmgp.sgame/.SGameActivity,userLeaving=false,sleep]
03-11 02:15:26.759 21696 21696 I wm_on_top_resumed_lost_called: [201648842,com.tencent.tmgp.sgame.SGameActivity,topStateChangedWhenResumed]
03-11 02:15:26.761 1530 1607 W ProcessStats: Tracking association SourceState{5090c1e com.tencent.tmgp.sgame/10093 Top #5420} whose proc state 1 is better than process ProcessState{3bf7cff com.tencent.tmgp.sgame:xg_vip_service/10093 pkg=com.tencent.tmgp.sgame} proc state 7 (0 skipped)
03-11 02:15:26.763 1530 1621 E KernelCpuSpeedReader: Failed to read cpu-freq: /sys/devices/system/cpu/cpu4/cpufreq/stats/time_in_state: open failed: ENOENT (No such file or directory)
03-11 02:15:26.764 1530 1621 E KernelCpuSpeedReader: Failed to read cpu-freq: /sys/devices/system/cpu/cpu0/cpufreq/stats/time_in_state: open failed: ENOENT (No such file or directory)
03-11 02:15:26.766 1530 1888 E DisplayDeviceConfig: requesting nits when no mapping exists.
03-11 02:15:26.766 1530 1614 I am_wtf : [0,1530,system_server,-1,DisplayDeviceConfig,requesting nits when no mapping exists.]
03-11 02:15:26.766 1530 1752 I GameModeConfig: isGameModeOn = true
03-11 02:15:26.766 1530 1752 I GameModeConfig: isGaming = true
03-11 02:15:26.766 1530 1752 I GameModeConfig: isDisableNotification = true
03-11 02:15:26.766 1530 1752 I GameModeConfig: isGameModeOn = true
03-11 02:15:26.766 1530 1752 I GameModeConfig: isGaming = true
03-11 02:15:26.766 1530 1752 I GameModeConfig: isDisableNotification = true
03-11 02:15:26.766 1530 1752 I GameModeConfig: isGameModeOn = true
03-11 02:15:26.767 1530 1752 I GameModeConfig: isGaming = true
03-11 02:15:26.767 1530 1752 I GameModeConfig: isDisableNotification = true
03-11 02:15:26.767 1530 1752 I GameModeConfig: isGameModeOn = true
03-11 02:15:26.767 1530 1752 I GameModeConfig: isGaming = true
03-11 02:15:26.767 1530 1752 I GameModeConfig: isDisableNotification = true
03-11 02:15:26.767 1530 1752 I GameModeConfig: isGameModeOn = true
03-11 02:15:26.767 1530 1752 I GameModeConfig: isGaming = true
03-11 02:15:26.767 1530 1752 I GameModeConfig: isDisableNotification = true
03-11 02:15:26.767 1530 1752 I GameModeConfig: isGameModeOn = true
03-11 02:15:26.767 1530 1752 I GameModeConfig: isGaming = true
03-11 02:15:26.767 1530 1752 I GameModeConfig: isDisableNotification = true
03-11 02:15:26.767 1530 1752 I GameModeConfig: isGameModeOn = true
03-11 02:15:26.767 1530 1752 I GameModeConfig: isGaming = true
03-11 02:15:26.767 1530 1752 I GameModeConfig: isDisableNotification = true
03-11 02:15:26.767 1530 1752 I GameModeConfig: isGameModeOn = true
03-11 02:15:26.767 1530 1752 I GameModeConfig: isGaming = true
03-11 02:15:26.767 1530 1752 I GameModeConfig: isDisableNotification = true
03-11 02:15:26.768 1530 1614 I DropBoxManagerService: add tag=system_server_wtf isTagEnabled=true flags=0x2
03-11 02:15:26.768 1950 1950 I sysui_multi_action: [757,111,758,2]
03-11 02:15:26.768 1950 1950 I sysui_multi_action: [757,111,758,2]
03-11 02:15:26.768 1530 1530 I notification_enqueue: [10078,1950,com.android.systemui,2048,NULL,0,Notification(channel=updateNotification shortcut=null contentView=null vibrate=null sound=null defaults=0x0 flags=0x0 color=0x00000000 vis=PRIVATE),1]
03-11 02:15:26.777 1530 1630 V DisplayPowerController[0]: Brightness [0.0] reason changing to: 'screen_off', previous reason: 'manual'.
03-11 02:15:26.777 1530 1607 I DisplayDeviceRepository: Display device changed state: "内置屏幕", OFF
03-11 02:15:26.787 1530 1614 I am_wtf : [0,1530,system_server,-1,DisplayDeviceConfig,requesting nits when no mapping exists.]
03-11 02:15:26.788 1530 1614 I DropBoxManagerService: add tag=system_server_wtf isTagEnabled=true flags=0x2
03-11 02:15:26.800 1530 1608 I input_focus: [Focus request c78a2bf com.tencent.tmgp.sgame/com.tencent.tmgp.sgame.SGameActivity,reason=UpdateInputWindows]
03-11 02:15:26.813 1530 1564 I sysui_multi_action: [757,128,758,2,793,4000740,794,1540,795,4000740,796,26,798,0,806,android,857,DEVELOPER_IMPORTANT,858,4,947,0,1395,2,1500,4000536,1688,1]
03-11 02:15:26.814 1530 1564 I notification_visibility: [-1|android|26|null|1000,0,4000740,4000740,0,0]
03-11 02:15:26.814 1530 1564 I sysui_multi_action: [757,128,758,2,793,4102197,794,1540,795,4102197,796,32,798,1,806,android,857,USB,858,1,947,0,1395,2,1500,4101837,1688,1]
03-11 02:15:26.814 1530 1564 I notification_visibility: [-1|android|32|null|1000,0,4102197,4102197,0,1]
03-11 02:15:26.814 1530 7363 I sysui_multi_action: [757,127,758,2]
03-11 02:15:26.814 1530 7363 I notification_panel_hidden:
01-01 09:22:27.877 0 0 I : [MAX975X:max96755x_drm_notifier_callback] *INFO* receives EARLY_BLANK:POWERDOWN
01-01 09:22:27.878 0 0 I atmel_mxt_ts 0-004a: FB event:2,blank:1
01-01 09:22:27.878 0 0 I atmel_mxt_ts 0-004a: drm_notifier_callback: POWERDOWN! Suspend by drm notifier.
01-01 09:22:27.928 0 0 I : [MAX975X:max96755x_drm_notifier_callback] *INFO* receives BLANK:POWERDOWN
01-01 09:22:27.928 0 0 I atmel_mxt_ts 0-004a: FB event:1,blank:1
01-01 09:22:27.928 0 0 I atmel_mxt_ts 0-004a: resume: event = 1 blank = 1, not care
03-11 02:15:26.889 1530 1530 I sysui_multi_action: [757,198,758,2,759,2,1359,273,1695,4]
03-11 02:15:26.889 1530 1530 I power_screen_state: [0,2,0,0,273]
03-11 02:15:26.889 1530 1530 I screen_toggled: 0
03-11 02:15:26.889 1530 1530 I sysui_multi_action: [757,804,799,screen_timeout,801,60,802,1]
03-11 02:15:26.889 1530 1530 I sysui_multi_action: [757,1594,758,4,759,-2147483648,1359,766419]
03-11 02:15:26.892 1530 1694 I input_focus: [Focus leaving bb33d3e NotificationShade (server),reason=NO_WINDOW]
03-11 02:15:26.892 1530 1694 I input_focus: [Focus entering c78a2bf com.tencent.tmgp.sgame/com.tencent.tmgp.sgame.SGameActivity (server),reason=setFocusedWindow]
03-11 02:15:26.895 1530 1530 I power_screen_broadcast_send: 1
03-11 02:15:26.906 1530 1530 I battery_saving_stats: [0,1,0,766463,0,0,4088821,0,0]
03-11 02:15:26.971 1530 1530 I GameModeConfig: isGameModeOn = true
03-11 02:15:26.971 1530 1530 I GameModeConfig: isGaming = true
03-11 02:15:26.971 1530 1530 I GameModeConfig: isDisableNotification = true
03-11 02:15:26.971 1530 1530 I GameModeConfig: isGameModeOn = true
03-11 02:15:26.971 1530 1530 I GameModeConfig: isGaming = true
03-11 02:15:26.971 1530 1530 I GameModeConfig: isDisableNotification = true
03-11 02:15:27.112 21696 21696 I wm_on_paused_called: [201648842,com.tencent.tmgp.sgame.SGameActivity,performPause]
03-11 02:15:27.113 1530 1564 I wm_add_to_stopping: [0,201648842,com.tencent.tmgp.sgame/.SGameActivity,completePauseLocked]
03-11 02:15:27.121 1530 1607 I wm_stop_activity: [0,201648842,com.tencent.tmgp.sgame/.SGameActivity]
03-11 02:15:27.122 1530 1607 I sysui_multi_action: [757,803,799,window_time_0,802,767]
03-11 02:15:27.124 1530 1530 I power_screen_broadcast_done: [0,229,1]
03-11 02:15:27.135 21696 21696 I wm_on_stop_called: [201648842,com.tencent.tmgp.sgame.SGameActivity,STOP_ACTIVITY_ITEM]
03-11 02:15:27.139 1530 1694 I input_focus: [Focus leaving c78a2bf com.tencent.tmgp.sgame/com.tencent.tmgp.sgame.SGameActivity (server),reason=NOT_VISIBLE]
03-11 02:15:27.218 1530 6113 W FreeFormWindowHelper: Current Display FreeFormTask is null
01-01 09:22:28.281 0 0 E DTC_ETH,link_delay_work_func: 3003, SQI=0, link=0
03-11 02:15:27.545 1530 7363 I intercept_power: [ACTION_DOWN,0,0]
03-11 02:15:27.549 1530 7363 I PowerManagerService: Powering on display group fromAsleep (groupId=0, uid=1000, reason=WAKE_REASON_POWER_BUTTON, details=android.policy:POWER)...
03-11 02:15:27.549 1530 7363 I PowerManagerService: Waking up from Asleep (uid=1000, reason=WAKE_REASON_POWER_BUTTON, details=android.policy:POWER)...
03-11 02:15:27.553 1530 1630 I DisplayPowerController[0]: Blocking screen on until initial contents have been drawn.
03-11 02:15:27.553 1530 1630 D ActivityTaskManager: Top Process State changed to PROCESS_STATE_TOP
03-11 02:15:27.554 1530 1621 E KernelCpuSpeedReader: Failed to read cpu-freq: /sys/devices/system/cpu/cpu4/cpufreq/stats/time_in_state: open failed: ENOENT (No such file or directory)
03-11 02:15:27.555 1530 1621 E KernelCpuSpeedReader: Failed to read cpu-freq: /sys/devices/system/cpu/cpu0/cpufreq/stats/time_in_state: open failed: ENOENT (No such file or directory)
03-11 02:15:27.558 1530 1530 I screen_toggled: 1
03-11 02:15:27.559 1530 1630 I wm_set_resumed_activity: [0,com.tencent.tmgp.sgame/.SGameActivity,resumeTopActivityInnerLocked]
03-11 02:15:27.559 1530 1564 I intercept_power: [ACTION_UP,0,0]
03-11 02:15:27.560 1530 1630 I wm_resume_activity: [0,201648842,55,com.tencent.tmgp.sgame/.SGameActivity]
03-11 02:15:27.560 1530 1564 I sysui_multi_action: [757,803,799,key_back_press,802,1]
03-11 02:15:27.566 1530 1530 I power_screen_broadcast_send: 1
03-11 02:15:27.566 1530 1630 V DisplayPowerController[0]: Brightness [1.0] reason changing to: 'manual', previous reason: 'screen_off'.
03-11 02:15:27.566 1530 1630 I sysui_multi_action: [757,1696,758,6,759,3]
03-11 02:15:27.566 1530 1630 I DisplayPowerController[0]: Unblocked screen on after 13 ms
01-01 09:22:28.616 0 0 I : [MAX975X:max96755x_drm_notifier_callback] *INFO* receives EARLY_BLANK:UNBLANK
01-01 09:22:28.616 0 0 I atmel_mxt_ts 0-004a: FB event:2,blank:0
01-01 09:22:28.616 0 0 I atmel_mxt_ts 0-004a: suspend: event = 2, blank = 0, not care
01-01 09:22:28.616 0 0 I [drm:dsi_display_set_mode] [msm-dsi-info]: mdp_transfer_time_us=0 us
01-01 09:22:28.616 0 0 I [drm:dsi_display_set_mode] [msm-dsi-info]: hactive= 2560,vactive= 1080,fps=30
01-01 09:22:28.616 0 0 I [drm:dsi_ctrl_isr_configure] [msm-dsi-info]: dsi-ctrl-0: IRQ 402 registered
03-11 02:15:27.571 1530 1607 I DisplayDeviceRepository: Display device changed state: "内置屏幕", ON
03-11 02:15:27.576 1530 1614 W BroadcastQueue: Background execution not allowed: receiving Intent { act=android.intent.action.USER_PRESENT flg=0x24200010 } to com.microsoft.emmx/org.chromium.chrome.browser.sharing.click_to_call.ClickToCallMessageHandler$PhoneUnlockedReceiver
03-11 02:15:27.584 1530 1530 I battery_saving_stats: [0,0,0,678,0,0,15357,0,0]
03-11 02:15:27.603 21696 21696 I wm_on_restart_called: [201648842,com.tencent.tmgp.sgame.SGameActivity,performRestartActivity]
03-11 02:15:27.603 21696 21696 I wm_on_start_called: [201648842,com.tencent.tmgp.sgame.SGameActivity,handleStartActivity]
03-11 02:15:27.608 21696 21696 I wm_on_resume_called: [201648842,com.tencent.tmgp.sgame.SGameActivity,RESUME_ACTIVITY]
03-11 02:15:27.608 21696 21696 I wm_on_top_resumed_gained_called: [201648842,com.tencent.tmgp.sgame.SGameActivity,topWhenResuming]
03-11 02:15:27.618 1530 1608 I input_focus: [Focus request c78a2bf com.tencent.tmgp.sgame/com.tencent.tmgp.sgame.SGameActivity,reason=UpdateInputWindows]
01-01 09:22:28.670 0 0 I : [MAX975X:max96755x_drm_notifier_callback] *INFO* receives BLANK:UNBLANK
03-11 02:15:27.627 1530 1888 E DisplayDeviceConfig: requesting nits when no mapping exists.
01-01 09:22:28.670 0 0 I atmel_mxt_ts 0-004a: FB event:1,blank:0
03-11 02:15:27.627 1530 1614 I am_wtf : [0,1530,system_server,-1,DisplayDeviceConfig,requesting nits when no mapping exists.]
03-11 02:15:27.627 1530 1888 E DisplayDeviceConfig: requesting nits when no mapping exists.
03-11 02:15:27.628 1530 1530 I sysui_multi_action: [757,198,758,1,759,1,1359,82,1694,1]
03-11 02:15:27.628 1530 1530 I power_screen_state: [1,0,0,0,82]
03-11 02:15:27.629 1530 1614 I DropBoxManagerService: add tag=system_server_wtf isTagEnabled=true flags=0x2
03-11 02:15:27.629 1530 1530 I power_screen_broadcast_done: [1,63,1]
03-11 02:15:27.629 1530 1614 I am_wtf : [0,1530,system_server,-1,DisplayDeviceConfig,requesting nits when no mapping exists.]
03-11 02:15:27.630 1530 1614 I DropBoxManagerService: add tag=system_server_wtf isTagEnabled=true flags=0x2
03-11 02:15:27.630 1530 1694 I input_focus: [Focus entering c78a2bf com.tencent.tmgp.sgame/com.tencent.tmgp.sgame.SGameActivity (server),reason=Window became focusable. Previous reason: NO_WINDOW]
01-01 09:22:28.670 0 0 I atmel_mxt_ts 0-004a: drm_notifier_callback: UNBLANK! Resume by drm notifier.
03-11 02:15:28.291 0 0 I auditd : type=1400 audit(0.0:4817): avc: denied { kill } for comm="swapper/3" capability=5 scontext=u:r:kernel:s0 tcontext=u:r:kernel:s0 tclass=capability permissive=0
03-11 02:15:29.291 0 0 I auditd : type=1400 audit(0.0:4818): avc: denied { kill } for comm="swapper/0" capability=5 scontext=u:r:kernel:s0 tcontext=u:r:kernel:s0 tclass=capability permissive=0
03-11 02:15:29.513 1530 1694 I input_interaction: Interaction with: c78a2bf com.tencent.tmgp.sgame/com.tencent.tmgp.sgame.SGameActivity (server), edge-swipe (server), swipe-up (server), PointerEventDispatcher0 (server),
03-11 02:15:30.013 1530 1711 I netstats_mobile_sample: [0,0,0,0,0,0,0,0,0,0,0,0,1678698068771]
03-11 02:15:30.013 1530 1711 I netstats_wifi_sample: [339191810,265542,5104139,68811,339187258,265538,5104139,68811,335393157,266945,4444185,67031,1678698068771]
03-11 02:15:30.291 0 0 I auditd : type=1400 audit(0.0:4819): avc: denied { kill } for comm="swapper/0" capability=5 scontext=u:r:kernel:s0 tcontext=u:r:kernel:s0 tclass=capability permissive=0
03-11 02:15:31.291 0 0 I auditd : type=1400 audit(0.0:4820): avc: denied { kill } for comm="swapper/0" capability=5 scontext=u:r:kernel:s0 tcontext=u:r:kernel:s0 tclass=capability permissive=0
03-11 02:15:32.075 1530 1711 I netstats_mobile_sample: [0,0,0,0,0,0,0,0,0,0,0,0,1678698070833]
03-11 02:15:32.075 1530 1711 I netstats_wifi_sample: [339191810,265542,5104139,68811,339187258,265538,5104139,68811,335393157,266945,4444185,67031,1678698070833]
03-11 02:15:32.291 0 0 I auditd : type=1400 audit(0.0:4821): avc: denied { kill } for comm="swapper/0" capability=5 scontext=u:r:kernel:s0 tcontext=u:r:kernel:s0 tclass=capability permissive=0
01-01 09:22:33.400 0 0 E DTC_ETH,link_delay_work_func: 3003, SQI=0, link=0
03-11 02:15:32.601 1530 1694 I input_interaction: Interaction with: 88dbfd8 StatusBar (server), edge-swipe (server), swipe-up (server), PointerEventDispatcher0 (server),
03-11 02:15:32.606 1950 1950 I sysui_multi_action: [757,803,799,panel_open,802,1]
03-11 02:15:32.609 1950 1950 I sysui_multi_action: [757,1328,758,4,1326,80,1327,0,1329,0]
03-11 02:15:32.660 1530 7363 I sysui_multi_action: [757,127,758,1]
03-11 02:15:32.661 1530 7363 I sysui_multi_action: [757,804,799,note_load,801,2,802,1]
03-11 02:15:32.661 1530 7363 I notification_panel_revealed: 2
03-11 02:15:32.663 1950 1950 I sysui_multi_action: [757,111,758,1]
03-11 02:15:32.663 1950 1950 I sysui_multi_action: [757,126,758,1,759,126,927,0,928,1,1593,1]
03-11 02:15:32.663 1950 1950 I sysui_multi_action: [757,113,758,1,759,113,927,1,928,1,1593,1]
03-11 02:15:32.663 1950 1950 I sysui_multi_action: [757,0,758,1,759,0,927,2,928,0,1593,1]
03-11 02:15:32.663 1950 1950 I sysui_multi_action: [757,0,758,1,759,0,927,3,928,0,1593,1]
03-11 02:15:32.663 1950 1950 I sysui_multi_action: [757,491,758,1,759,491,927,4,928,0,1311,-1,1593,0]
03-11 02:15:32.663 1950 1950 I sysui_multi_action: [757,0,758,1,759,0,927,5,928,0,1593,0]
03-11 02:15:32.664 1950 1950 I sysui_multi_action: [757,111,758,1]
03-11 02:15:32.664 1950 1950 I sysui_multi_action: [757,126,758,1,759,126,927,0,928,1,1593,1]
03-11 02:15:32.664 1950 1950 I sysui_multi_action: [757,113,758,1,759,113,927,1,928,1,1593,1]
03-11 02:15:32.664 1950 1950 I sysui_multi_action: [757,0,758,1,759,0,927,2,928,0,1593,1]
03-11 02:15:32.664 1950 1950 I sysui_multi_action: [757,0,758,1,759,0,927,3,928,0,1593,1]
03-11 02:15:32.674 1530 1608 I input_focus: [Focus request bb33d3e NotificationShade,reason=UpdateInputWindows]
03-11 02:15:32.683 1530 8134 I sysui_multi_action: [757,128,758,1,793,4006610,794,0,795,4006610,796,26,798,0,806,android,857,DEVELOPER_IMPORTANT,858,4,947,0,1395,2,1500,4006406,1688,1]
03-11 02:15:32.683 1530 8134 I sysui_multi_action: [757,804,799,note_freshness,801,4006610,802,1]
03-11 02:15:32.683 1530 8134 I notification_visibility: [-1|android|26|null|1000,1,4006610,4006610,0,0]
03-11 02:15:32.684 1530 8134 I sysui_multi_action: [757,128,758,1,793,4108067,794,0,795,4108067,796,32,798,1,806,android,857,USB,858,1,947,0,1395,2,1500,4107707,1688,1]
03-11 02:15:32.684 1530 8134 I sysui_multi_action: [757,804,799,note_freshness,801,4108067,802,1]
03-11 02:15:32.684 1530 8134 I notification_visibility: [-1|android|32|null|1000,1,4108067,4108067,0,1]
03-11 02:15:32.709 1530 1694 I input_focus: [Focus leaving c78a2bf com.tencent.tmgp.sgame/com.tencent.tmgp.sgame.SGameActivity (server),reason=setFocusedWindow]
03-11 02:15:32.709 1530 1694 I input_focus: [Focus entering bb33d3e NotificationShade (server),reason=setFocusedWindow]
03-11 02:15:33.291 0 0 I auditd : type=1400 audit(0.0:4822): avc: denied { kill } for comm="swapper/0" capability=5 scontext=u:r:kernel:s0 tcontext=u:r:kernel:s0 tclass=capability permissive=0
03-11 02:15:34.012 1530 1694 I input_interaction: Interaction with: bb33d3e NotificationShade (server), edge-swipe (server), swipe-up (server), PointerEventDispatcher0 (server),
03-11 02:15:34.033 1530 1711 I netstats_mobile_sample: [0,0,0,0,0,0,0,0,0,0,0,0,1678698072790]
03-11 02:15:34.033 1530 1711 I netstats_wifi_sample: [339191810,265542,5104139,68811,339187258,265538,5104139,68811,335393157,266945,4444185,67031,1678698072790]
03-11 02:15:34.291 0 0 I auditd : type=1400 audit(0.0:4823): avc: denied { kill } for comm="swapper/0" capability=5 scontext=u:r:kernel:s0 tcontext=u:r:kernel:s0 tclass=capability permissive=0
03-11 02:15:34.691 1530 1752 I GameModeConfig: isGameModeOn = true
03-11 02:15:34.691 1530 1752 I GameModeConfig: isGaming = true
03-11 02:15:34.691 1530 1752 I GameModeConfig: isDisableNotification = true
03-11 02:15:34.691 1530 1752 I GameModeConfig: isGameModeOn = true
03-11 02:15:34.691 1530 1752 I GameModeConfig: isGaming = true
03-11 02:15:34.691 1530 1752 I GameModeConfig: isDisableNotification = true
03-11 02:15:34.692 1530 1752 I GameModeConfig: isGameModeOn = true
03-11 02:15:34.692 1530 1752 I GameModeConfig: isGaming = true
03-11 02:15:34.692 1530 1752 I GameModeConfig: isDisableNotification = true
03-11 02:15:34.692 1530 1752 I GameModeConfig: isGameModeOn = true
03-11 02:15:34.692 1530 1752 I GameModeConfig: isGaming = true
03-11 02:15:34.692 1530 1752 I GameModeConfig: isDisableNotification = true
03-11 02:15:34.692 1530 1752 I GameModeConfig: isGameModeOn = true
03-11 02:15:34.692 1530 1752 I GameModeConfig: isGaming = true
03-11 02:15:34.692 1530 1752 I GameModeConfig: isDisableNotification = true
03-11 02:15:34.692 1530 1752 I GameModeConfig: isGameModeOn = true
03-11 02:15:34.692 1530 1752 I GameModeConfig: isGaming = true
03-11 02:15:34.692 1530 1752 I GameModeConfig: isDisableNotification = true
03-11 02:15:34.692 1530 1752 I GameModeConfig: isGameModeOn = true
03-11 02:15:34.692 1530 1752 I GameModeConfig: isGaming = true
03-11 02:15:34.692 1530 1752 I GameModeConfig: isDisableNotification = true
03-11 02:15:34.692 1530 1752 I GameModeConfig: isGameModeOn = true
03-11 02:15:34.692 1530 1752 I GameModeConfig: isGaming = true
03-11 02:15:34.692 1530 1752 I GameModeConfig: isDisableNotification = true
03-11 02:15:34.694 1950 1950 I sysui_multi_action: [757,111,758,2]
03-11 02:15:34.694 1950 1950 I sysui_multi_action: [757,111,758,2]
03-11 02:15:34.695 1530 1530 I notification_enqueue: [10078,1950,com.android.systemui,2048,NULL,0,Notification(channel=updateNotification shortcut=null contentView=null vibrate=null sound=null defaults=0x0 flags=0x0 color=0x00000000 vis=PRIVATE),1]
03-11 02:15:34.765 1530 1608 I input_focus: [Focus request c78a2bf com.tencent.tmgp.sgame/com.tencent.tmgp.sgame.SGameActivity,reason=UpdateInputWindows]
03-11 02:15:34.768 1530 6113 I sysui_multi_action: [757,128,758,2,793,4008695,794,2085,795,4008695,796,26,798,0,806,android,857,DEVELOPER_IMPORTANT,858,4,947,0,1395,2,1500,4008491,1688,1]
03-11 02:15:34.768 1530 6113 I notification_visibility: [-1|android|26|null|1000,0,4008695,4008695,0,0]
03-11 02:15:34.768 1530 6113 I sysui_multi_action: [757,128,758,2,793,4110151,794,2084,795,4110151,796,32,798,1,806,android,857,USB,858,1,947,0,1395,2,1500,4109791,1688,1]
03-11 02:15:34.768 1530 6113 I notification_visibility: [-1|android|32|null|1000,0,4110151,4110151,0,1]
03-11 02:15:34.769 1530 4910 I sysui_multi_action: [757,127,758,2]
03-11 02:15:34.769 1530 4910 I notification_panel_hidden:
03-11 02:15:34.815 1530 1694 I input_focus: [Focus leaving bb33d3e NotificationShade (server),reason=NO_WINDOW]
03-11 02:15:34.815 1530 1694 I input_focus: [Focus entering c78a2bf com.tencent.tmgp.sgame/com.tencent.tmgp.sgame.SGameActivity (server),reason=setFocusedWindow]
03-11 02:15:34.898 1530 1530 I GameModeConfig: isGameModeOn = true
03-11 02:15:34.899 1530 1530 I GameModeConfig: isGaming = true
03-11 02:15:34.899 1530 1530 I GameModeConfig: isDisableNotification = true
03-11 02:15:34.899 1530 1530 I GameModeConfig: isGameModeOn = true
03-11 02:15:34.899 1530 1530 I GameModeConfig: isGaming = true
03-11 02:15:34.899 1530 1530 I GameModeConfig: isDisableNotification = true
03-11 02:15:35.068 1530 1694 I input_interaction: Interaction with: c78a2bf com.tencent.tmgp.sgame/com.tencent.tmgp.sgame.SGameActivity (server), edge-swipe (server), swipe-up (server), PointerEventDispatcher0 (server),
03-11 02:15:36.712 1530 1711 I netstats_mobile_sample: [0,0,0,0,0,0,0,0,0,0,0,0,1678698075470]
03-11 02:15:36.712 1530 1711 I netstats_wifi_sample: [339191810,265542,5104139,68811,339187258,265538,5104139,68811,335393157,266945,4444185,67031,1678698075470]
03-11 02:15:36.980 1530 1752 I GameModeConfig: isGameModeOn = true
03-11 02:15:36.980 1530 1752 I GameModeConfig: isGaming = true
03-11 02:15:36.980 1530 1752 I GameModeConfig: isDisableNotification = true
03-11 02:15:36.980 1530 1752 I GameModeConfig: isGameModeOn = true
03-11 02:15:36.980 1530 1752 I GameModeConfig: isGaming = true
03-11 02:15:36.980 1530 1752 I GameModeConfig: isDisableNotification = true
03-11 02:15:37.291 0 0 I auditd : type=1400 audit(0.0:4824): avc: denied { kill } for comm="swapper/0" capability=5 scontext=u:r:kernel:s0 tcontext=u:r:kernel:s0 tclass=capability permissive=0
01-01 09:22:38.521 0 0 E DTC_ETH,link_delay_work_func: 3003, SQI=0, link=0
03-11 02:15:37.648 1530 1694 I input_interaction: Interaction with: 88dbfd8 StatusBar (server), edge-swipe (server), swipe-up (server), PointerEventDispatcher0 (server),
03-11 02:15:37.654 1950 1950 I sysui_multi_action: [757,803,799,panel_open,802,1]
03-11 02:15:37.656 1950 1950 I sysui_multi_action: [757,1328,758,4,1326,46,1327,0,1329,0]
03-11 02:15:37.748 1530 4910 I sysui_multi_action: [757,127,758,1]
03-11 02:15:37.748 1530 4910 I sysui_multi_action: [757,804,799,note_load,801,2,802,1]
03-11 02:15:37.749 1530 4910 I notification_panel_revealed: 2
03-11 02:15:37.758 1530 1608 I input_focus: [Focus request bb33d3e NotificationShade,reason=UpdateInputWindows]
03-11 02:15:37.767 1530 4910 I sysui_multi_action: [757,128,758,1,793,4011694,794,0,795,4011694,796,26,798,0,806,android,857,DEVELOPER_IMPORTANT,858,4,947,0,1395,2,1500,4011490,1688,1]
03-11 02:15:37.767 1530 4910 I sysui_multi_action: [757,804,799,note_freshness,801,4011694,802,1]
03-11 02:15:37.767 1530 4910 I notification_visibility: [-1|android|26|null|1000,1,4011694,4011694,0,0]
03-11 02:15:37.767 1530 4910 I sysui_multi_action: [757,128,758,1,793,4113150,794,0,795,4113150,796,32,798,1,806,android,857,USB,858,1,947,0,1395,2,1500,4112790,1688,1]
03-11 02:15:37.768 1530 4910 I sysui_multi_action: [757,804,799,note_freshness,801,4113150,802,1]
03-11 02:15:37.768 1530 4910 I notification_visibility: [-1|android|32|null|1000,1,4113150,4113150,0,1]
03-11 02:15:37.770 1950 1950 I sysui_multi_action: [757,111,758,1]
03-11 02:15:37.770 1950 1950 I sysui_multi_action: [757,126,758,1,759,126,927,0,928,1,1593,0]
03-11 02:15:37.770 1950 1950 I sysui_multi_action: [757,113,758,1,759,113,927,1,928,1,1593,0]
03-11 02:15:37.770 1950 1950 I sysui_multi_action: [757,0,758,1,759,0,927,2,928,0,1593,0]
03-11 02:15:37.770 1950 1950 I sysui_multi_action: [757,0,758,1,759,0,927,3,928,0,1593,0]
03-11 02:15:37.771 1950 1950 I sysui_multi_action: [757,491,758,1,759,491,927,4,928,0,1311,-1,1593,0]
03-11 02:15:37.771 1950 1950 I sysui_multi_action: [757,0,758,1,759,0,927,5,928,0,1593,0]
03-11 02:15:37.771 1950 1950 I sysui_multi_action: [757,111,758,1]
03-11 02:15:37.771 1950 1950 I sysui_multi_action: [757,126,758,1,759,126,927,0,928,1,1593,0]
03-11 02:15:37.771 1950 1950 I sysui_multi_action: [757,113,758,1,759,113,927,1,928,1,1593,0]
03-11 02:15:37.771 1950 1950 I sysui_multi_action: [757,0,758,1,759,0,927,2,928,0,1593,0]
03-11 02:15:37.771 1950 1950 I sysui_multi_action: [757,0,758,1,759,0,927,3,928,0,1593,0]
03-11 02:15:37.788 1530 1694 I input_focus: [Focus leaving c78a2bf com.tencent.tmgp.sgame/com.tencent.tmgp.sgame.SGameActivity (server),reason=setFocusedWindow]
03-11 02:15:37.788 1530 1694 I input_focus: [Focus entering bb33d3e NotificationShade (server),reason=setFocusedWindow]
03-11 02:15:38.291 0 0 I auditd : type=1400 audit(0.0:4825): avc: denied { kill } for comm="swapper/0" capability=5 scontext=u:r:kernel:s0 tcontext=u:r:kernel:s0 tclass=capability permissive=0
03-11 02:15:38.852 1530 1694 I input_interaction: Interaction with: bb33d3e NotificationShade (server), edge-swipe (server), swipe-up (server), PointerEventDispatcher0 (server),
03-11 02:15:38.950 1530 4910 I ActivityTaskManager: START u0 {act=android.settings.NOTIFICATION_SETTINGS flg=0x1000c000 cmp=com.android.settings/.homepage.SettingsHomepageActivity} from uid 10078
03-11 02:15:38.953 1530 4910 I wm_task_moved: [1,1,7]
03-11 02:15:38.954 1530 4910 I wm_focused_root_task: [0,0,1,55,bringingFoundTaskToFront returnToHome]
03-11 02:15:38.954 1530 4910 I wm_task_moved: [22,1,7]
03-11 02:15:38.954 1530 4910 I wm_task_to_front: [0,22]
03-11 02:15:38.955 21696 21696 I wm_on_top_resumed_lost_called: [201648842,com.tencent.tmgp.sgame.SGameActivity,topStateChangedWhenResumed]
03-11 02:15:38.955 1530 4910 I wm_focused_root_task: [0,0,22,1,bringingFoundTaskToFront]
03-11 02:15:38.956 1530 4910 I wm_set_resumed_activity: [0,com.android.settings/.Settings,bringingFoundTaskToFront]
03-11 02:15:38.956 1530 4910 I wm_finish_activity: [0,89475057,22,com.android.settings/.Settings,clear-task-all]
03-11 02:15:38.957 1530 4910 I wm_destroy_activity: [0,89475057,22,com.android.settings/.Settings,finish-imm:finishIfPossible]
03-11 02:15:38.962 1530 4910 I wm_task_moved: [1,1,7]
03-11 02:15:38.962 1530 4910 I wm_focused_root_task: [0,0,1,22,reuseOrNewTask returnToHome]
03-11 02:15:38.962 1530 4910 I wm_task_moved: [22,1,7]
03-11 02:15:38.962 1530 4910 I wm_focused_root_task: [0,0,22,1,reuseOrNewTask]
03-11 02:15:38.962 1530 4910 I wm_create_activity: [0,222955391,22,com.android.settings/.homepage.SettingsHomepageActivity,android.settings.NOTIFICATION_SETTINGS,NULL,NULL,272678912]
03-11 02:15:38.966 1530 4910 I wm_pause_activity: [0,201648842,com.tencent.tmgp.sgame/.SGameActivity,userLeaving=true,pauseBackTasks]
03-11 02:15:38.976 2054 3742 W ContextImpl: Calling a method in the system process without a qualified user: android.app.ContextImpl.startService:1816 android.content.ContextWrapper.startService:774 com.thundercomm.gamemode.ingame.services.GameModeActionUtils.startGameModeService:118 com.thundercomm.gamemode.ingame.services.GameModeActionUtils.startGameModeEntry:29 com.thundercomm.gamemode.ingame.services.ActivityMonitoringService$1.onActivityLaunch:140
03-11 02:15:38.978 1530 8134 I am_uid_running: 10064
03-11 02:15:38.979 1530 8134 D CompatibilityChangeReporter: Compat change id reported: 135634846; UID 10064; state: DISABLED
03-11 02:15:38.979 1530 8134 D CompatibilityChangeReporter: Compat change id reported: 177438394; UID 10064; state: DISABLED
03-11 02:15:38.979 1530 8134 D CompatibilityChangeReporter: Compat change id reported: 135772972; UID 10064; state: DISABLED
03-11 02:15:38.979 1530 8134 D CompatibilityChangeReporter: Compat change id reported: 135754954; UID 10064; state: ENABLED
03-11 02:15:38.979 1530 1615 D CompatibilityChangeReporter: Compat change id reported: 143937733; UID 10064; state: ENABLED
03-11 02:15:38.981 6115 6115 I wm_on_destroy_called: [89475057,com.android.settings.Settings,performDestroy]
03-11 02:15:38.983 1530 1615 I am_proc_start: [0,22454,10064,com.thundercomm.gamemode.provider,content provider,{com.thundercomm.gamemode.provider/com.thundercomm.gamemode.provider.SettingsProvider}]
03-11 02:15:38.983 1530 1615 I ActivityManager: Start proc 22454:com.thundercomm.gamemode.provider/u0a64 for content provider {com.thundercomm.gamemode.provider/com.thundercomm.gamemode.provider.SettingsProvider}
03-11 02:15:38.986 1530 1613 W UsageStatsService: Unexpected activity event reported! (com.android.settings/com.android.settings.homepage.SettingsHomepageActivity event : 23 instanceId : 246570250)
01-01 09:22:40.036 0 0 I binder : 22454:22454 ioctl 40046210 7ff5e17364 returned -22
01-01 09:22:40.036 0 0 W ALERT : changing window size from 20000000 to 16000000 at 4125132021498
03-11 02:15:38.992 1530 8134 I am_proc_bound: [0,22454,com.thundercomm.gamemode.provider]
03-11 02:15:38.993 1530 8134 D CompatibilityChangeReporter: Compat change id reported: 168419799; UID 10064; state: DISABLED
03-11 02:15:38.994 1530 8134 I ActivityTaskManager: The Process com.android.settings Already Exists in BG. So sending its PID: 6115
03-11 02:15:38.994 1530 8134 I wm_add_to_stopping: [0,201648842,com.tencent.tmgp.sgame/.SGameActivity,makeInvisible]
03-11 02:15:38.994 1530 8134 I am_uid_active: 10064
01-01 09:22:40.056 0 0 I : [MAX975X:max96755x_drm_notifier_callback] *INFO* receives EARLY_BLANK:UNBLANK
01-01 09:22:40.056 0 0 I atmel_mxt_ts 0-004a: FB event:2,blank:0
01-01 09:22:40.056 0 0 I atmel_mxt_ts 0-004a: suspend: event = 2, blank = 0, not care
01-01 09:22:40.056 0 0 I [drm:dsi_display_set_mode] [msm-dsi-info]: mdp_transfer_time_us=0 us
01-01 09:22:40.056 0 0 I [drm:dsi_display_set_mode] [msm-dsi-info]: hactive= 2560,vactive= 1080,fps=60
01-01 09:22:40.056 0 0 I : [MAX975X:max96755x_drm_notifier_callback] *INFO* receives BLANK:UNBLANK
01-01 09:22:40.056 0 0 I atmel_mxt_ts 0-004a: FB event:1,blank:0
01-01 09:22:40.056 0 0 I atmel_mxt_ts 0-004a: drm_notifier_callback: UNBLANK! Resume by drm notifier.
03-11 02:15:39.017 1530 1530 I GameModeConfig: Current uri is uri = content://com.thundercomm.gamemode.api/gamemode_settings/gamemode_isgaming
03-11 02:15:39.020 1530 1530 I GameModeConfig: isGameModeOn = true
03-11 02:15:39.020 1530 1530 I GameModeConfig: isGaming = false
03-11 02:15:39.020 1530 1530 I GameModeConfig: isGameModeOn = true
03-11 02:15:39.020 1530 1530 I GameModeConfig: isGaming = false
03-11 02:15:39.020 1530 1530 I GameModeConfig: isDisableVoice = true
