03-11 01:47:18.353 1530 1614 I DropBoxManagerService: add tag=system_server_wtf isTagEnabled=true flags=0x2
03-11 01:47:18.354 1530 12686 I ActivityManager: Killing 15684:com.tencent.tmgp.sgame/u0a93 (adj 700): remove task
03-11 01:47:18.354 1530 1614 I DropBoxManagerService: add tag=system_server_wtf isTagEnabled=true flags=0x2
03-11 01:47:18.354 1530 12686 I ActivityManager: Killing 15715:com.tencent.tmgp.sgame:xg_vip_service/u0a93 (adj 500): remove task
03-11 01:47:18.354 1530 4910 W FreeFormWindowHelper: Current Display FreeFormTask is null
03-11 01:47:18.357 1530 2750 E TaskPersister: File error accessing recents directory (directory doesn't exist?).
03-11 01:47:18.380 1530 12686 W ActivityManager: Scheduling restart of crashed service com.tencent.tmgp.sgame/com.tencent.android.tpush.service.XGVipPushService in 1000ms for connection
03-11 01:47:18.399 1530 7363 I WindowManager: WIN DEATH: Window{48c733f u0 com.tencent.tmgp.sgame/com.tencent.tmgp.sgame.SGameActivity}
03-11 01:47:18.402 1530 1607 W ActivityManager: setHasOverlayUi called on unknown pid: 15684
03-11 01:47:18.402 1530 1613 W UsageStatsService: Unexpected activity event reported! (com.tencent.tmgp.sgame/com.tencent.tmgp.sgame.SGameActivity event : 23 instanceId : 99808671)
03-11 01:47:18.402 1530 1608 W ActivityTaskManager: Can't find TaskDisplayArea to determine support for multi window. Task id=40 attached=false
03-11 01:47:18.402 1530 1608 W ActivityTaskManager: Can't find TaskDisplayArea to determine support for multi window. Task id=40 attached=false
03-11 01:47:18.452 1530 10350 W FreeFormWindowHelper: Current Display FreeFormTask is null
03-11 01:47:19.089 1530 11533 W FreeFormWindowHelper: Current Display FreeFormTask is null
03-11 01:47:19.090 1530 11533 W FreeFormWindowHelper: Current Display FreeFormTask is null
03-11 01:47:19.096 1530 7363 W FreeFormWindowHelper: Current Display FreeFormTask is null
03-11 01:47:19.096 1530 7363 W FreeFormWindowHelper: Current Display FreeFormTask is null
03-11 01:47:19.096 1530 11533 W FreeFormWindowHelper: Current Display FreeFormTask is null
03-11 01:47:19.105 1530 7363 W ActivityTaskManager: getTaskSnapshot: taskId=-646 not found
03-11 01:47:19.107 1530 11533 W FreeFormWindowHelper: Current Display FreeFormTask is null
03-11 01:47:19.107 1530 7363 W FreeFormWindowHelper: Current Display FreeFormTask is null
03-11 01:47:19.107 1530 11533 W ActivityTaskManager: getTaskSnapshot: taskId=-646 not found
03-11 01:47:19.107 1530 11533 W ActivityTaskManager: getTaskSnapshot: taskId=-646 not found
03-11 01:47:19.107 1530 11533 W ActivityTaskManager: getTaskSnapshot: taskId=-646 not found
03-11 01:47:19.113 1530 7363 W FreeFormWindowHelper: Current Display FreeFormTask is null
03-11 01:47:19.113 1530 7363 W FreeFormWindowHelper: Current Display FreeFormTask is null
03-11 01:47:19.148 1530 11533 W ActivityTaskManager: getTaskSnapshot: taskId=-645 not found
03-11 01:47:19.149 1530 7363 W ActivityTaskManager: getTaskSnapshot: taskId=-645 not found
03-11 01:47:19.164 1530 7363 W FreeFormWindowHelper: Current Display FreeFormTask is null
03-11 01:47:19.164 1530 11533 W FreeFormWindowHelper: Current Display FreeFormTask is null
03-11 01:47:19.164 1530 11533 W FreeFormWindowHelper: Current Display FreeFormTask is null
03-11 01:47:19.165 1530 7363 W FreeFormWindowHelper: Current Display FreeFormTask is null
03-11 01:47:19.166 1530 11533 W ActivityTaskManager: getTaskSnapshot: taskId=-571 not found
03-11 01:47:19.168 1530 11533 W ActivityTaskManager: getTaskSnapshot: taskId=-570 not found
03-11 01:47:19.169 1530 11533 W ActivityTaskManager: getTaskSnapshot: taskId=-570 not found
03-11 01:47:19.169 1530 11533 W ActivityTaskManager: getTaskSnapshot: taskId=-570 not found
03-11 01:47:19.169 1530 11533 W ActivityTaskManager: getTaskSnapshot: taskId=-570 not found
03-11 01:47:19.180 1530 11533 W FreeFormWindowHelper: Current Display FreeFormTask is null
03-11 01:47:19.180 1530 11533 W FreeFormWindowHelper: Current Display FreeFormTask is null
03-11 01:47:19.196 1530 11533 W FreeFormWindowHelper: Current Display FreeFormTask is null
03-11 01:47:19.196 1530 10350 W FreeFormWindowHelper: Current Display FreeFormTask is null
03-11 01:47:19.620 1530 10350 W FreeFormWindowHelper: Current Display FreeFormTask is null
03-11 01:47:19.620 1530 10350 W FreeFormWindowHelper: Current Display FreeFormTask is null
03-11 01:47:19.620 1530 11533 W FreeFormWindowHelper: Current Display FreeFormTask is null
03-11 01:47:19.936 1530 11533 I ActivityTaskManager: FOREGROUND_APPLICATION_CHANGED to com.android.launcher3.uioverrides.QuickstepLauncher
03-11 01:47:19.950 1530 12140 W FreeFormWindowHelper: Current Display FreeFormTask is null
03-11 01:47:19.950 1530 12140 W FreeFormWindowHelper: Current Display FreeFormTask is null
03-11 01:47:19.950 1530 7363 W FreeFormWindowHelper: Current Display FreeFormTask is null
03-11 01:47:19.966 1530 11533 W FreeFormWindowHelper: Current Display FreeFormTask is null
03-11 01:47:19.966 1530 11533 W FreeFormWindowHelper: Current Display FreeFormTask is null
03-11 01:47:20.041 1530 4910 W FreeFormWindowHelper: Current Display FreeFormTask is null
03-11 01:47:20.463 1530 4910 W FreeFormWindowHelper: exitRecentTasks type=0
03-11 01:47:21.402 1530 2750 E TaskPersister: File error accessing recents directory (directory doesn't exist?).
01-01 08:54:23.800 0 0 E DTC_ETH,link_delay_work_func: 3003, SQI=0, link=0
01-01 08:54:28.921 0 0 E DTC_ETH,link_delay_work_func: 3003, SQI=0, link=0
01-01 08:54:30.177 0 0 I [schedu][0xae5792e43][01:47:29.131760] wlan: [3444:I:WMA] [01:47:29.067000] [ROAM_TRIGGER]: VDEV[0] Reason: "LOW RSSI" Cur_Rssi threshold:87 Current AP RSSI: 76
01-01 08:54:30.177 0 0 I [schedu][0xae5793144][01:47:29.131800] wlan: [3444:I:WMA] [01:47:29.067000] [ROAM_SCAN]: VDEV[0] Scan_type: PARTIAL next_rssi_threshold: 81 dBm {2412 }
01-01 08:54:30.177 0 0 I [schedu][0xae579327c][01:47:29.131816] wlan: [3444:I:WMA] ============================================================================================================================
01-01 08:54:30.177 0 0 I [schedu][0xae5793435][01:47:29.131839] wlan: [3444:I:WMA] AP BSSID TSTAMP CH TY ETP RSSI/SCR CU%/SCR TOT_SCR BL_RSN BL_SRC BL_TSTAMP BL_TIMEOUT(ms)
01-01 08:54:30.177 0 0 I [schedu][0xae5793574][01:47:29.131856] wlan: [3444:I:WMA] ============================================================================================================================
01-01 08:54:30.177 0 0 I [schedu][0xae5793796][01:47:29.131884] wlan: [3444:I:WMA] d6:44:3b:15:39:91 [01:47:29.067000] 2412 P_AP 0 76/0 0/0 1557 0 0 [00:00:00.000000] 0
01-01 08:54:30.177 0 0 I [schedu][0xae5793954][01:47:29.131907] wlan: [3444:I:WMA] [01:47:29.125000] [ROAM_RESULT]: VDEV[0] FAILED Reason: NO AP FOUND
01-01 08:54:31.678 0 0 I [schedu][0xae730e210][01:47:30.632611] wlan: [3444:I:WMA] [01:47:29.130000] [ROAM_TRIGGER]: VDEV[0] Reason: "LOW RSSI" Sub-Reason: FULL SCAN Cur_Rssi threshold:81 Current AP RSSI: 76
01-01 08:54:31.678 0 0 I [schedu][0xae730e4d1][01:47:30.632647] wlan: [3444:I:WMA] [01:47:29.130000] [ROAM_SCAN]: VDEV[0] Scan_type: FULL next_rssi_threshold: 81 dBm
01-01 08:54:31.678 0 0 I [schedu][0xae730e60a][01:47:30.632663] wlan: [3444:I:WMA] ============================================================================================================================
01-01 08:54:31.678 0 0 I [schedu][0xae730e7ba][01:47:30.632686] wlan: [3444:I:WMA] AP BSSID TSTAMP CH TY ETP RSSI/SCR CU%/SCR TOT_SCR BL_RSN BL_SRC BL_TSTAMP BL_TIMEOUT(ms)
01-01 08:54:31.678 0 0 I [schedu][0xae730e8ee][01:47:30.632702] wlan: [3444:I:WMA] ============================================================================================================================
01-01 08:54:31.678 0 0 I [schedu][0xae730ee05][01:47:30.632770] wlan: [3444:I:WMA] d6:44:3b:15:39:91 [01:47:29.130000] 2412 P_AP 0 76/0 0/0 1557 0 0 [00:00:00.000000] 0
01-01 08:54:31.678 0 0 I [schedu][0xae730efe8][01:47:30.632795] wlan: [3444:I:WMA] [01:47:30.626000] [ROAM_RESULT]: VDEV[0] FAILED Reason: NO AP FOUND
01-01 08:54:32.059 0 0 I msm_vidc: err : ffffffff: .....: DBLP Set: status 0
01-01 08:54:34.041 0 0 E DTC_ETH,link_delay_work_func: 3003, SQI=0, link=0
01-01 08:54:35.099 0 0 I msm_vidc: err : ffffffff: .....: DBLP Set: status 0
01-01 08:54:38.106 0 0 I msm_vidc: err : ffffffff: .....: DBLP Set: status 0
01-01 08:54:39.161 0 0 E DTC_ETH,link_delay_work_func: 3003, SQI=0, link=0
03-11 01:47:41.661 1530 1680 D ActivityManager: freezing 3202 com.qti.diagservices
03-11 01:47:41.661 1530 1680 E ActivityManager: Unable to freeze binder for 3202 com.qti.diagservices
01-01 08:54:42.707 0 0 I binder : 1530:1680 ioctl 400c620e 7965bc15d8 returned -22
01-01 08:54:42.708 0 0 I binder : 1530:1680 ioctl c00c620f 7965bc15b8 returned -22
03-11 01:47:41.662 1530 1680 D ActivityManager: froze 3202 com.qti.diagservices
03-11 01:47:41.663 1530 1680 E ActivityManager: Unable to freeze binder for 3202 com.qti.diagservices
03-11 01:47:41.664 1530 1680 I ActivityManager: Killing 3202:com.qti.diagservices/1000 (adj 935): Unable to freeze binder interface
03-11 01:47:41.704 1530 4910 W ActivityManager: Scheduling restart of crashed service com.qti.diagservices/.QTIDiagServices in 1000ms for start-requested
03-11 01:47:42.707 1530 1614 D CompatibilityChangeReporter: Compat change id reported: 135634846; UID 1000; state: DISABLED
03-11 01:47:42.707 1530 1614 D CompatibilityChangeReporter: Compat change id reported: 177438394; UID 1000; state: DISABLED
03-11 01:47:42.707 1530 1614 D CompatibilityChangeReporter: Compat change id reported: 135772972; UID 1000; state: DISABLED
03-11 01:47:42.707 1530 1614 D CompatibilityChangeReporter: Compat change id reported: 135754954; UID 1000; state: ENABLED
03-11 01:47:42.730 1530 1615 I ActivityManager: Start proc 16172:com.qti.diagservices/1000 for service {com.qti.diagservices/com.qti.diagservices.QTIDiagServices}
01-01 08:54:43.809 0 0 I binder : 16172:16172 ioctl 40046210 7ff5e17364 returned -22
01-01 08:54:44.280 0 0 E DTC_ETH,link_delay_work_func: 3003, SQI=0, link=0
01-01 08:54:49.401 0 0 E DTC_ETH,link_delay_work_func: 3003, SQI=0, link=0
01-01 08:54:53.243 0 0 I msm_vidc: err : ffffffff: .....: DBLP Set: status 0
01-01 08:54:54.521 0 0 E DTC_ETH,link_delay_work_func: 3003, SQI=0, link=0
01-01 08:54:56.282 0 0 I msm_vidc: err : ffffffff: .....: DBLP Set: status 0
01-01 08:54:59.354 0 0 I msm_vidc: err : ffffffff: .....: DBLP Set: status 0
01-01 08:54:59.641 0 0 E DTC_ETH,link_delay_work_func: 3003, SQI=0, link=0
01-01 08:55:04.761 0 0 E DTC_ETH,link_delay_work_func: 3003, SQI=0, link=0
01-01 08:55:05.402 0 0 I msm_vidc: err : ffffffff: .....: DBLP Set: status 0
01-01 08:55:08.442 0 0 I msm_vidc: err : ffffffff: .....: DBLP Set: status 0
01-01 08:55:09.881 0 0 E DTC_ETH,link_delay_work_func: 3003, SQI=0, link=0
03-11 01:48:13.408 1530 1630 V DisplayPowerController[0]: Brightness [0.05] reason changing to: 'manual [ dim ]', previous reason: 'manual'.
03-11 01:48:13.409 1530 1630 W PowerManagerService: Screen on took 111523 ms
03-11 01:48:13.421 1530 1888 E DisplayDeviceConfig: requesting nits when no mapping exists.
03-11 01:48:13.422 1530 1888 E DisplayDeviceConfig: requesting nits when no mapping exists.
03-11 01:48:13.424 1530 1614 I DropBoxManagerService: add tag=system_server_wtf isTagEnabled=true flags=0x2
03-11 01:48:13.429 1530 1614 I DropBoxManagerService: add tag=system_server_wtf isTagEnabled=true flags=0x2
03-11 01:48:13.438 1530 1888 E DisplayDeviceConfig: requesting nits when no mapping exists.
03-11 01:48:13.438 1530 1888 E DisplayDeviceConfig: requesting nits when no mapping exists.
03-11 01:48:13.439 1530 1614 I DropBoxManagerService: add tag=system_server_wtf isTagEnabled=true flags=0x2
03-11 01:48:13.441 1530 1614 I DropBoxManagerService: add tag=system_server_wtf isTagEnabled=true flags=0x2
03-11 01:48:13.442 1530 1888 E DisplayDeviceConfig: requesting nits when no mapping exists.
03-11 01:48:13.443 1530 1888 E DisplayDeviceConfig: requesting nits when no mapping exists.
03-11 01:48:13.444 1530 1614 I DropBoxManagerService: add tag=system_server_wtf isTagEnabled=true flags=0x2
03-11 01:48:13.458 1530 1888 E DisplayDeviceConfig: requesting nits when no mapping exists.
03-11 01:48:13.458 1530 1888 E DisplayDeviceConfig: requesting nits when no mapping exists.
03-11 01:48:13.474 1530 1888 E DisplayDeviceConfig: requesting nits when no mapping exists.
03-11 01:48:13.475 1530 1888 E DisplayDeviceConfig: requesting nits when no mapping exists.
03-11 01:48:13.491 1530 1888 E DisplayDeviceConfig: requesting nits when no mapping exists.
03-11 01:48:13.492 1530 1888 E DisplayDeviceConfig: requesting nits when no mapping exists.
03-11 01:48:13.508 1530 1888 E DisplayDeviceConfig: requesting nits when no mapping exists.
03-11 01:48:13.509 1530 1888 E DisplayDeviceConfig: requesting nits when no mapping exists.
03-11 01:48:13.525 1530 1888 E DisplayDeviceConfig: requesting nits when no mapping exists.
03-11 01:48:13.526 1530 1888 E DisplayDeviceConfig: requesting nits when no mapping exists.
03-11 01:48:13.542 1530 1888 E DisplayDeviceConfig: requesting nits when no mapping exists.
03-11 01:48:13.542 1530 1888 E DisplayDeviceConfig: requesting nits when no mapping exists.
03-11 01:48:13.558 1530 1888 E DisplayDeviceConfig: requesting nits when no mapping exists.
03-11 01:48:13.559 1530 1888 E DisplayDeviceConfig: requesting nits when no mapping exists.
03-11 01:48:13.575 1530 1888 E DisplayDeviceConfig: requesting nits when no mapping exists.
03-11 01:48:13.576 1530 1888 E DisplayDeviceConfig: requesting nits when no mapping exists.
03-11 01:48:13.592 1530 1888 E DisplayDeviceConfig: requesting nits when no mapping exists.
03-11 01:48:13.592 1530 1888 E DisplayDeviceConfig: requesting nits when no mapping exists.
03-11 01:48:13.608 1530 1888 E DisplayDeviceConfig: requesting nits when no mapping exists.
03-11 01:48:13.609 1530 1888 E DisplayDeviceConfig: requesting nits when no mapping exists.
03-11 01:48:13.625 1530 1888 E DisplayDeviceConfig: requesting nits when no mapping exists.
03-11 01:48:13.626 1530 1888 E DisplayDeviceConfig: requesting nits when no mapping exists.
03-11 01:48:13.641 1530 1888 E DisplayDeviceConfig: requesting nits when no mapping exists.
03-11 01:48:13.642 1530 1888 E DisplayDeviceConfig: requesting nits when no mapping exists.
03-11 01:48:13.658 1530 1888 E DisplayDeviceConfig: requesting nits when no mapping exists.
03-11 01:48:13.658 1530 1888 E DisplayDeviceConfig: requesting nits when no mapping exists.
03-11 01:48:13.675 1530 1888 E DisplayDeviceConfig: requesting nits when no mapping exists.
03-11 01:48:13.676 1530 1888 E DisplayDeviceConfig: requesting nits when no mapping exists.
03-11 01:48:13.692 1530 1888 E DisplayDeviceConfig: requesting nits when no mapping exists.
03-11 01:48:13.693 1530 1888 E DisplayDeviceConfig: requesting nits when no mapping exists.
03-11 01:48:13.709 1530 1888 E DisplayDeviceConfig: requesting nits when no mapping exists.
03-11 01:48:13.710 1530 1888 E DisplayDeviceConfig: requesting nits when no mapping exists.
03-11 01:48:13.726 1530 1888 E DisplayDeviceConfig: requesting nits when no mapping exists.
03-11 01:48:13.726 1530 1888 E DisplayDeviceConfig: requesting nits when no mapping exists.
03-11 01:48:13.742 1530 1888 E DisplayDeviceConfig: requesting nits when no mapping exists.
03-11 01:48:13.743 1530 1888 E DisplayDeviceConfig: requesting nits when no mapping exists.
03-11 01:48:13.759 1530 1888 E DisplayDeviceConfig: requesting nits when no mapping exists.
03-11 01:48:13.759 1530 1888 E DisplayDeviceConfig: requesting nits when no mapping exists.
03-11 01:48:13.776 1530 1888 E DisplayDeviceConfig: requesting nits when no mapping exists.
03-11 01:48:13.776 1530 1888 E DisplayDeviceConfig: requesting nits when no mapping exists.
03-11 01:48:13.792 1530 1888 E DisplayDeviceConfig: requesting nits when no mapping exists.
03-11 01:48:13.793 1530 1888 E DisplayDeviceConfig: requesting nits when no mapping exists.
03-11 01:48:13.809 1530 1888 E DisplayDeviceConfig: requesting nits when no mapping exists.
03-11 01:48:13.809 1530 1888 E DisplayDeviceConfig: requesting nits when no mapping exists.
03-11 01:48:13.825 1530 1888 E DisplayDeviceConfig: requesting nits when no mapping exists.
03-11 01:48:13.826 1530 1888 E DisplayDeviceConfig: requesting nits when no mapping exists.
03-11 01:48:13.842 1530 1888 E DisplayDeviceConfig: requesting nits when no mapping exists.
03-11 01:48:13.842 1530 1888 E DisplayDeviceConfig: requesting nits when no mapping exists.
03-11 01:48:13.859 1530 1888 E DisplayDeviceConfig: requesting nits when no mapping exists.
03-11 01:48:13.860 1530 1888 E DisplayDeviceConfig: requesting nits when no mapping exists.
03-11 01:48:13.876 1530 1888 E DisplayDeviceConfig: requesting nits when no mapping exists.
03-11 01:48:13.877 1530 1888 E DisplayDeviceConfig: requesting nits when no mapping exists.
03-11 01:48:13.892 1530 1888 E DisplayDeviceConfig: requesting nits when no mapping exists.
03-11 01:48:13.893 1530 1888 E DisplayDeviceConfig: requesting nits when no mapping exists.
03-11 01:48:13.909 1530 1888 E DisplayDeviceConfig: requesting nits when no mapping exists.
03-11 01:48:13.911 1530 1888 E DisplayDeviceConfig: requesting nits when no mapping exists.
03-11 01:48:13.925 1530 1888 E DisplayDeviceConfig: requesting nits when no mapping exists.
03-11 01:48:13.926 1530 1888 E DisplayDeviceConfig: requesting nits when no mapping exists.
03-11 01:48:13.942 1530 1888 E DisplayDeviceConfig: requesting nits when no mapping exists.
03-11 01:48:13.943 1530 1888 E DisplayDeviceConfig: requesting nits when no mapping exists.
01-01 08:55:15.000 0 0 E DTC_ETH,link_delay_work_func: 3003, SQI=0, link=0
03-11 01:48:13.959 1530 1888 E DisplayDeviceConfig: requesting nits when no mapping exists.
03-11 01:48:13.959 1530 1888 E DisplayDeviceConfig: requesting nits when no mapping exists.
03-11 01:48:13.976 1530 1888 E DisplayDeviceConfig: requesting nits when no mapping exists.
03-11 01:48:13.976 1530 1888 E DisplayDeviceConfig: requesting nits when no mapping exists.
03-11 01:48:13.992 1530 1888 E DisplayDeviceConfig: requesting nits when no mapping exists.
03-11 01:48:13.993 1530 1888 E DisplayDeviceConfig: requesting nits when no mapping exists.
03-11 01:48:14.009 1530 1888 E DisplayDeviceConfig: requesting nits when no mapping exists.
03-11 01:48:14.009 1530 1888 E DisplayDeviceConfig: requesting nits when no mapping exists.
03-11 01:48:14.026 1530 1888 E DisplayDeviceConfig: requesting nits when no mapping exists.
03-11 01:48:14.026 1530 1888 E DisplayDeviceConfig: requesting nits when no mapping exists.
03-11 01:48:14.043 1530 1888 E DisplayDeviceConfig: requesting nits when no mapping exists.
03-11 01:48:14.043 1530 1888 E DisplayDeviceConfig: requesting nits when no mapping exists.
03-11 01:48:14.059 1530 1888 E DisplayDeviceConfig: requesting nits when no mapping exists.
03-11 01:48:14.060 1530 1888 E DisplayDeviceConfig: requesting nits when no mapping exists.
03-11 01:48:14.076 1530 1888 E DisplayDeviceConfig: requesting nits when no mapping exists.
03-11 01:48:14.076 1530 1888 E DisplayDeviceConfig: requesting nits when no mapping exists.
03-11 01:48:14.093 1530 1888 E DisplayDeviceConfig: requesting nits when no mapping exists.
03-11 01:48:14.094 1530 1888 E DisplayDeviceConfig: requesting nits when no mapping exists.
03-11 01:48:14.109 1530 1888 E DisplayDeviceConfig: requesting nits when no mapping exists.
03-11 01:48:14.109 1530 1888 E DisplayDeviceConfig: requesting nits when no mapping exists.
03-11 01:48:14.126 1530 1888 E DisplayDeviceConfig: requesting nits when no mapping exists.
03-11 01:48:14.126 1530 1888 E DisplayDeviceConfig: requesting nits when no mapping exists.
03-11 01:48:14.143 1530 1888 E DisplayDeviceConfig: requesting nits when no mapping exists.
03-11 01:48:14.143 1530 1888 E DisplayDeviceConfig: requesting nits when no mapping exists.
03-11 01:48:14.159 1530 1888 E DisplayDeviceConfig: requesting nits when no mapping exists.
03-11 01:48:14.160 1530 1888 E DisplayDeviceConfig: requesting nits when no mapping exists.
03-11 01:48:14.176 1530 1888 E DisplayDeviceConfig: requesting nits when no mapping exists.
03-11 01:48:14.176 1530 1888 E DisplayDeviceConfig: requesting nits when no mapping exists.
03-11 01:48:14.192 1530 1888 E DisplayDeviceConfig: requesting nits when no mapping exists.
03-11 01:48:14.193 1530 1888 E DisplayDeviceConfig: requesting nits when no mapping exists.
03-11 01:48:14.209 1530 1888 E DisplayDeviceConfig: requesting nits when no mapping exists.
03-11 01:48:14.210 1530 1888 E DisplayDeviceConfig: requesting nits when no mapping exists.
03-11 01:48:14.226 1530 1888 E DisplayDeviceConfig: requesting nits when no mapping exists.
03-11 01:48:14.227 1530 1888 E DisplayDeviceConfig: requesting nits when no mapping exists.
03-11 01:48:14.242 1530 1888 E DisplayDeviceConfig: requesting nits when no mapping exists.
03-11 01:48:14.244 1530 1888 E DisplayDeviceConfig: requesting nits when no mapping exists.
03-11 01:48:14.260 1530 1888 E DisplayDeviceConfig: requesting nits when no mapping exists.
03-11 01:48:14.260 1530 1888 E DisplayDeviceConfig: requesting nits when no mapping exists.
03-11 01:48:14.276 1530 1888 E DisplayDeviceConfig: requesting nits when no mapping exists.
03-11 01:48:14.277 1530 1888 E DisplayDeviceConfig: requesting nits when no mapping exists.
03-11 01:48:14.293 1530 1888 E DisplayDeviceConfig: requesting nits when no mapping exists.
03-11 01:48:14.294 1530 1888 E DisplayDeviceConfig: requesting nits when no mapping exists.
03-11 01:48:14.309 1530 1888 E DisplayDeviceConfig: requesting nits when no mapping exists.
03-11 01:48:14.311 1530 1888 E DisplayDeviceConfig: requesting nits when no mapping exists.
03-11 01:48:14.326 1530 1888 E DisplayDeviceConfig: requesting nits when no mapping exists.
03-11 01:48:14.327 1530 1888 E DisplayDeviceConfig: requesting nits when no mapping exists.
03-11 01:48:14.343 1530 1888 E DisplayDeviceConfig: requesting nits when no mapping exists.
03-11 01:48:14.343 1530 1888 E DisplayDeviceConfig: requesting nits when no mapping exists.
03-11 01:48:14.360 1530 1888 E DisplayDeviceConfig: requesting nits when no mapping exists.
03-11 01:48:14.360 1530 1888 E DisplayDeviceConfig: requesting nits when no mapping exists.
01-01 08:55:20.120 0 0 E DTC_ETH,link_delay_work_func: 3003, SQI=0, link=0
03-11 01:48:20.406 1530 1630 I PowerManagerService: Napping display group (groupId=0, uid=1000)...
03-11 01:48:20.406 1530 1630 I PowerManagerService: Nap time (uid 1000)...
03-11 01:48:20.408 1530 1630 I DreamManagerService: Entering dreamland.
03-11 01:48:20.418 1530 1630 I PowerManagerService: Dreaming...
03-11 01:48:20.419 1530 1604 I DreamController: Starting dream: name=ComponentInfo{com.thundercomm.screensaver/com.thundercomm.screensaver.service.SystemDream}, isTest=false, canDoze=false, userId=0
03-11 01:48:20.439 1530 4910 I ActivityTaskManager: START u0 {flg=0x10000000 pkg=com.thundercomm.screensaver cmp=com.thundercomm.screensaver/android.service.dreams.DreamActivity (has extras)} from uid 10047
03-11 01:48:20.443 1530 4910 W ActivityTaskManager: Can't find TaskDisplayArea to determine support for multi window. Task id=41 attached=false
03-11 01:48:20.451 1530 4910 I ActivityTaskManager: FOREGROUND_APPLICATION_CHANGED to android.service.dreams.DreamActivity
03-11 01:48:20.452 1530 4910 I ActivityTaskManager: The Process com.thundercomm.screensaver Already Exists in BG. So sending its PID: 3999
03-11 01:48:20.452 1530 4910 W ActivityTaskManager: Tried to set launchTime (0) < mLastActivityLaunchTime (2182756)
03-11 01:48:20.462 1530 7363 W WindowManager: Failed looking up window session=Session{8507c92 3999:u0a10047} callers=com.android.server.wm.WindowManagerService.windowForClientLocked:5628 com.android.server.wm.Session.insetsModified:629 android.view.IWindowSession$Stub.onTransact:1151
03-11 01:48:20.491 1530 1630 V DisplayPowerController[0]: Brightness [1.0] reason changing to: 'manual', previous reason: 'manual [ dim ]'.
03-11 01:48:20.493 1530 1888 E DisplayDeviceConfig: requesting nits when no mapping exists.
03-11 01:48:20.494 1530 1888 E DisplayDeviceConfig: requesting nits when no mapping exists.
03-11 01:48:20.510 1530 1888 E DisplayDeviceConfig: requesting nits when no mapping exists.
03-11 01:48:20.510 1530 1888 E DisplayDeviceConfig: requesting nits when no mapping exists.
03-11 01:48:20.527 1530 1888 E DisplayDeviceConfig: requesting nits when no mapping exists.
03-11 01:48:20.527 1530 1888 E DisplayDeviceConfig: requesting nits when no mapping exists.
03-11 01:48:20.544 1530 1888 E DisplayDeviceConfig: requesting nits when no mapping exists.
03-11 01:48:20.544 1530 1888 E DisplayDeviceConfig: requesting nits when no mapping exists.
03-11 01:48:20.554 1530 4910 W FreeFormWindowHelper: Current Display FreeFormTask is null
03-11 01:48:20.561 1530 1888 E DisplayDeviceConfig: requesting nits when no mapping exists.
03-11 01:48:20.561 1530 1888 E DisplayDeviceConfig: requesting nits when no mapping exists.
03-11 01:48:20.577 1530 1888 E DisplayDeviceConfig: requesting nits when no mapping exists.
03-11 01:48:20.577 1530 1888 E DisplayDeviceConfig: requesting nits when no mapping exists.
03-11 01:48:20.594 1530 1888 E DisplayDeviceConfig: requesting nits when no mapping exists.
03-11 01:48:20.594 1530 1888 E DisplayDeviceConfig: requesting nits when no mapping exists.
03-11 01:48:20.610 1530 1888 E DisplayDeviceConfig: requesting nits when no mapping exists.
03-11 01:48:20.611 1530 1888 E DisplayDeviceConfig: requesting nits when no mapping exists.
03-11 01:48:20.628 1530 1888 E DisplayDeviceConfig: requesting nits when no mapping exists.
03-11 01:48:20.628 1530 1888 E DisplayDeviceConfig: requesting nits when no mapping exists.
03-11 01:48:20.644 1530 1888 E DisplayDeviceConfig: requesting nits when no mapping exists.
03-11 01:48:20.644 1530 1888 E DisplayDeviceConfig: requesting nits when no mapping exists.
03-11 01:48:20.661 1530 1888 E DisplayDeviceConfig: requesting nits when no mapping exists.
03-11 01:48:20.661 1530 1888 E DisplayDeviceConfig: requesting nits when no mapping exists.
03-11 01:48:20.678 1530 1888 E DisplayDeviceConfig: requesting nits when no mapping exists.
03-11 01:48:20.678 1530 1888 E DisplayDeviceConfig: requesting nits when no mapping exists.
03-11 01:48:20.694 1530 1888 E DisplayDeviceConfig: requesting nits when no mapping exists.
03-11 01:48:20.694 1530 1888 E DisplayDeviceConfig: requesting nits when no mapping exists.
03-11 01:48:20.710 1530 1888 E DisplayDeviceConfig: requesting nits when no mapping exists.
03-11 01:48:20.711 1530 1888 E DisplayDeviceConfig: requesting nits when no mapping exists.
03-11 01:48:20.727 1530 1888 E DisplayDeviceConfig: requesting nits when no mapping exists.
03-11 01:48:20.727 1530 1888 E DisplayDeviceConfig: requesting nits when no mapping exists.
03-11 01:48:20.744 1530 1888 E DisplayDeviceConfig: requesting nits when no mapping exists.
03-11 01:48:20.744 1530 1888 E DisplayDeviceConfig: requesting nits when no mapping exists.
03-11 01:48:20.761 1530 1888 E DisplayDeviceConfig: requesting nits when no mapping exists.
03-11 01:48:20.761 1530 1888 E DisplayDeviceConfig: requesting nits when no mapping exists.
03-11 01:48:20.777 1530 1888 E DisplayDeviceConfig: requesting nits when no mapping exists.
03-11 01:48:20.777 1530 1888 E DisplayDeviceConfig: requesting nits when no mapping exists.
03-11 01:48:20.794 1530 1888 E DisplayDeviceConfig: requesting nits when no mapping exists.
03-11 01:48:20.795 1530 1888 E DisplayDeviceConfig: requesting nits when no mapping exists.
03-11 01:48:20.811 1530 1888 E DisplayDeviceConfig: requesting nits when no mapping exists.
03-11 01:48:20.811 1530 1888 E DisplayDeviceConfig: requesting nits when no mapping exists.
03-11 01:48:20.827 1530 1888 E DisplayDeviceConfig: requesting nits when no mapping exists.
03-11 01:48:20.827 1530 1888 E DisplayDeviceConfig: requesting nits when no mapping exists.
03-11 01:48:20.844 1530 1888 E DisplayDeviceConfig: requesting nits when no mapping exists.
03-11 01:48:20.844 1530 1888 E DisplayDeviceConfig: requesting nits when no mapping exists.
03-11 01:48:20.858 1530 1888 E DisplayDeviceConfig: requesting nits when no mapping exists.
03-11 01:48:20.859 1530 1888 E DisplayDeviceConfig: requesting nits when no mapping exists.
03-11 01:48:20.875 1530 1888 E DisplayDeviceConfig: requesting nits when no mapping exists.
03-11 01:48:20.875 1530 1888 E DisplayDeviceConfig: requesting nits when no mapping exists.
03-11 01:48:20.892 1530 1888 E DisplayDeviceConfig: requesting nits when no mapping exists.
03-11 01:48:20.892 1530 1888 E DisplayDeviceConfig: requesting nits when no mapping exists.
03-11 01:48:20.909 1530 1888 E DisplayDeviceConfig: requesting nits when no mapping exists.
03-11 01:48:20.909 1530 1888 E DisplayDeviceConfig: requesting nits when no mapping exists.
03-11 01:48:20.925 1530 1888 E DisplayDeviceConfig: requesting nits when no mapping exists.
03-11 01:48:20.925 1530 1888 E DisplayDeviceConfig: requesting nits when no mapping exists.
03-11 01:48:20.942 1530 1888 E DisplayDeviceConfig: requesting nits when no mapping exists.
03-11 01:48:20.942 1530 1888 E DisplayDeviceConfig: requesting nits when no mapping exists.
03-11 01:48:20.959 1530 1888 E DisplayDeviceConfig: requesting nits when no mapping exists.
03-11 01:48:20.959 1530 1888 E DisplayDeviceConfig: requesting nits when no mapping exists.
03-11 01:48:20.975 1530 1888 E DisplayDeviceConfig: requesting nits when no mapping exists.
03-11 01:48:20.975 1530 1888 E DisplayDeviceConfig: requesting nits when no mapping exists.
03-11 01:48:20.992 1530 1888 E DisplayDeviceConfig: requesting nits when no mapping exists.
03-11 01:48:20.992 1530 1888 E DisplayDeviceConfig: requesting nits when no mapping exists.
03-11 01:48:21.009 1530 1888 E DisplayDeviceConfig: requesting nits when no mapping exists.
03-11 01:48:21.009 1530 1888 E DisplayDeviceConfig: requesting nits when no mapping exists.
03-11 01:48:21.025 1530 1888 E DisplayDeviceConfig: requesting nits when no mapping exists.
03-11 01:48:21.026 1530 1888 E DisplayDeviceConfig: requesting nits when no mapping exists.
03-11 01:48:21.042 1530 1888 E DisplayDeviceConfig: requesting nits when no mapping exists.
03-11 01:48:21.042 1530 1888 E DisplayDeviceConfig: requesting nits when no mapping exists.
03-11 01:48:21.059 1530 1888 E DisplayDeviceConfig: requesting nits when no mapping exists.
03-11 01:48:21.059 1530 1888 E DisplayDeviceConfig: requesting nits when no mapping exists.
03-11 01:48:21.076 1530 1888 E DisplayDeviceConfig: requesting nits when no mapping exists.
03-11 01:48:21.076 1530 1888 E DisplayDeviceConfig: requesting nits when no mapping exists.
03-11 01:48:21.092 1530 1888 E DisplayDeviceConfig: requesting nits when no mapping exists.
03-11 01:48:21.092 1530 1888 E DisplayDeviceConfig: requesting nits when no mapping exists.
03-11 01:48:21.109 1530 1888 E DisplayDeviceConfig: requesting nits when no mapping exists.
03-11 01:48:21.109 1530 1888 E DisplayDeviceConfig: requesting nits when no mapping exists.
03-11 01:48:21.126 1530 1888 E DisplayDeviceConfig: requesting nits when no mapping exists.
03-11 01:48:21.126 1530 1888 E DisplayDeviceConfig: requesting nits when no mapping exists.
03-11 01:48:21.142 1530 1888 E DisplayDeviceConfig: requesting nits when no mapping exists.
03-11 01:48:21.142 1530 1888 E DisplayDeviceConfig: requesting nits when no mapping exists.
03-11 01:48:21.159 1530 1888 E DisplayDeviceConfig: requesting nits when no mapping exists.
03-11 01:48:21.159 1530 1888 E DisplayDeviceConfig: requesting nits when no mapping exists.
03-11 01:48:21.176 1530 1888 E DisplayDeviceConfig: requesting nits when no mapping exists.
03-11 01:48:21.176 1530 1888 E DisplayDeviceConfig: requesting nits when no mapping exists.
03-11 01:48:21.193 1530 1888 E DisplayDeviceConfig: requesting nits when no mapping exists.
03-11 01:48:21.193 1530 1888 E DisplayDeviceConfig: requesting nits when no mapping exists.
03-11 01:48:21.209 1530 1888 E DisplayDeviceConfig: requesting nits when no mapping exists.
03-11 01:48:21.209 1530 1888 E DisplayDeviceConfig: requesting nits when no mapping exists.
03-11 01:48:21.226 1530 1888 E DisplayDeviceConfig: requesting nits when no mapping exists.
03-11 01:48:21.226 1530 1888 E DisplayDeviceConfig: requesting nits when no mapping exists.
03-11 01:48:21.243 1530 1888 E DisplayDeviceConfig: requesting nits when no mapping exists.
03-11 01:48:21.243 1530 1888 E DisplayDeviceConfig: requesting nits when no mapping exists.
03-11 01:48:21.259 1530 1888 E DisplayDeviceConfig: requesting nits when no mapping exists.
03-11 01:48:21.259 1530 1888 E DisplayDeviceConfig: requesting nits when no mapping exists.
03-11 01:48:21.276 1530 1888 E DisplayDeviceConfig: requesting nits when no mapping exists.
03-11 01:48:21.276 1530 1888 E DisplayDeviceConfig: requesting nits when no mapping exists.
03-11 01:48:21.293 1530 1888 E DisplayDeviceConfig: requesting nits when no mapping exists.
03-11 01:48:21.293 1530 1888 E DisplayDeviceConfig: requesting nits when no mapping exists.
03-11 01:48:21.309 1530 1888 E DisplayDeviceConfig: requesting nits when no mapping exists.
03-11 01:48:21.310 1530 1888 E DisplayDeviceConfig: requesting nits when no mapping exists.
03-11 01:48:21.326 1530 1888 E DisplayDeviceConfig: requesting nits when no mapping exists.
03-11 01:48:21.326 1530 1888 E DisplayDeviceConfig: requesting nits when no mapping exists.
03-11 01:48:21.343 1530 1888 E DisplayDeviceConfig: requesting nits when no mapping exists.
03-11 01:48:21.343 1530 1888 E DisplayDeviceConfig: requesting nits when no mapping exists.
03-11 01:48:21.360 1530 1888 E DisplayDeviceConfig: requesting nits when no mapping exists.
03-11 01:48:21.360 1530 1888 E DisplayDeviceConfig: requesting nits when no mapping exists.
03-11 01:48:21.376 1530 1888 E DisplayDeviceConfig: requesting nits when no mapping exists.
03-11 01:48:21.376 1530 1888 E DisplayDeviceConfig: requesting nits when no mapping exists.
03-11 01:48:21.393 1530 1888 E DisplayDeviceConfig: requesting nits when no mapping exists.
03-11 01:48:21.393 1530 1888 E DisplayDeviceConfig: requesting nits when no mapping exists.
03-11 01:48:21.410 1530 1888 E DisplayDeviceConfig: requesting nits when no mapping exists.
03-11 01:48:21.410 1530 1888 E DisplayDeviceConfig: requesting nits when no mapping exists.
03-11 01:48:21.426 1530 1888 E DisplayDeviceConfig: requesting nits when no mapping exists.
03-11 01:48:21.426 1530 1888 E DisplayDeviceConfig: requesting nits when no mapping exists.
03-11 01:48:21.443 1530 1888 E DisplayDeviceConfig: requesting nits when no mapping exists.
03-11 01:48:21.443 1530 1888 E DisplayDeviceConfig: requesting nits when no mapping exists.
01-01 08:55:24.443 0 0 I msm_vidc: err : ffffffff: .....: DBLP Set: status 0
01-01 08:55:25.241 0 0 E DTC_ETH,link_delay_work_func: 3003, SQI=0, link=0
01-01 08:55:30.360 0 0 E DTC_ETH,link_delay_work_func: 3003, SQI=0, link=0
01-01 08:55:35.480 0 0 E DTC_ETH,link_delay_work_func: 3003, SQI=0, link=0
01-01 08:55:40.603 0 0 E DTC_ETH,link_delay_work_func: 3003, SQI=0, link=0
01-01 08:55:45.721 0 0 E DTC_ETH,link_delay_work_func: 3003, SQI=0, link=0
01-01 08:55:50.841 0 0 E DTC_ETH,link_delay_work_func: 3003, SQI=0, link=0
01-01 08:55:55.961 0 0 E DTC_ETH,link_delay_work_func: 3003, SQI=0, link=0
01-01 08:56:01.080 0 0 E DTC_ETH,link_delay_work_func: 3003, SQI=0, link=0
03-11 01:49:03.983 1530 4910 I DreamManagerService: Gently waking up from dream.
03-11 01:49:03.984 1530 1604 I DreamManagerService: Performing gentle wake from dream.
03-11 01:49:03.986 1530 4910 I ActivityTaskManager: FOREGROUND_APPLICATION_CHANGED to com.android.launcher3.uioverrides.QuickstepLauncher
03-11 01:49:04.033 1530 1630 I PowerManagerService: Powering on display group fromDreaming (groupId=0, uid=1000, reason=WAKE_REASON_UNKNOWN, details=android.server.power:DREAM_FINISHED)...
03-11 01:49:04.033 1530 1630 I PowerManagerService: Waking up from Dreaming (uid=1000, reason=WAKE_REASON_UNKNOWN, details=android.server.power:DREAM_FINISHED)...
03-11 01:49:04.091 1530 12140 W FreeFormWindowHelper: Current Display FreeFormTask is null
03-11 01:49:04.289 1530 4910 I DreamManagerService: Leaving dreamland.
03-11 01:49:04.291 1530 1604 I DreamManagerService: Performing gentle wake from dream.
03-11 01:49:04.291 1530 1604 I DreamController: Stopping dream: name=ComponentInfo{com.thundercomm.screensaver/com.thundercomm.screensaver.service.SystemDream}, isTest=false, canDoze=false, userId=0, reason='finished self'(from 'finished self')
03-11 01:49:04.304 1530 1608 W ActivityTaskManager: Can't find TaskDisplayArea to determine support for multi window. Task id=41 attached=false
01-01 08:56:06.200 0 0 E DTC_ETH,link_delay_work_func: 3003, SQI=0, link=0
03-11 01:49:05.227 1530 12140 I thunderperf: PlatormCompat.setOverrides: Uid1=10075 Pid1=2553 Uid2=10075 Pid2=2553
03-11 01:49:05.227 1530 12140 I thunderperf: PlatormCompat.setOverrides: needCheck:false
03-11 01:49:05.228 1530 12140 I thunderperf: CompatConfig.addOverrideUnsafe: bef-state=1
03-11 01:49:05.228 1530 12140 I thunderperf: CompatConfig.addOverrideUnsafe: aft-state=0
03-11 01:49:05.229 1530 12140 I thunderperf: CompatConfig.addOverrideUnsafe: bef-state=1
03-11 01:49:05.229 1530 12140 I thunderperf: CompatConfig.addOverrideUnsafe: aft-state=0
03-11 01:49:05.230 1530 12140 I thunderperf: CompatConfig.addOverrideUnsafe: bef-state=1
03-11 01:49:05.230 1530 12140 I thunderperf: CompatConfig.addOverrideUnsafe: aft-state=0
03-11 01:49:05.230 1530 12140 I thunderperf: CompatConfig.addOverrideUnsafe: bef-state=1
03-11 01:49:05.231 1530 12140 I thunderperf: CompatConfig.addOverrideUnsafe: aft-state=0
03-11 01:49:05.233 1530 12140 I thunderperf: CompatConfig.addOverrideUnsafe: bef-state=1
03-11 01:49:05.233 1530 12140 I thunderperf: CompatConfig.addOverrideUnsafe: aft-state=0
03-11 01:49:05.234 1530 12140 I thunderperf: CompatConfig.addOverrideUnsafe: bef-state=1
03-11 01:49:05.234 1530 12140 I thunderperf: CompatConfig.addOverrideUnsafe: aft-state=0
03-11 01:49:05.235 1530 12140 I thunderperf: CompatConfig.addOverrideUnsafe: bef-state=1
03-11 01:49:05.235 1530 12140 I thunderperf: CompatConfig.addOverrideUnsafe: aft-state=0
03-11 01:49:05.235 1530 12140 I thunderperf: CompatConfig.addOverrideUnsafe: bef-state=1
03-11 01:49:05.236 1530 12140 I thunderperf: CompatConfig.addOverrideUnsafe: aft-state=0
03-11 01:49:05.236 1530 12140 I thunderperf: CompatConfig.addOverrideUnsafe: bef-state=1
03-11 01:49:05.236 1530 12140 I thunderperf: CompatConfig.addOverrideUnsafe: aft-state=0
03-11 01:49:05.237 1530 12140 I thunderperf: CompatConfig.addOverrideUnsafe: bef-state=1
03-11 01:49:05.237 1530 12140 I thunderperf: CompatConfig.addOverrideUnsafe: aft-state=0
03-11 01:49:05.238 1530 12140 I thunderperf: CompatConfig.addOverrideUnsafe: bef-state=1
03-11 01:49:05.238 1530 12140 I thunderperf: CompatConfig.addOverrideUnsafe: aft-state=0
03-11 01:49:05.238 1530 12140 I thunderperf: CompatConfig.addOverrideUnsafe: bef-state=1
03-11 01:49:05.238 1530 12140 I thunderperf: CompatConfig.addOverrideUnsafe: aft-state=0
03-11 01:49:05.239 1530 12140 I thunderperf: CompatConfig.addOverrideUnsafe: bef-state=1
03-11 01:49:05.239 1530 12140 I thunderperf: CompatConfig.addOverrideUnsafe: aft-state=0
03-11 01:49:05.240 1530 12140 I thunderperf: CompatConfig.addOverrideUnsafe: bef-state=1
03-11 01:49:05.240 1530 12140 I thunderperf: CompatConfig.addOverrideUnsafe: aft-state=0
03-11 01:49:05.245 1530 12140 I ActivityTaskManager: START u0 {act=android.intent.action.MAIN cat=[android.intent.category.LAUNCHER] flg=0x10200000 cmp=com.android.settings/.Settings bnds=[2308,740][2494,940]} from uid 10075
03-11 01:49:05.249 1530 12140 D CompatibilityChangeReporter: Compat change id reported: 168419799; UID 1000; state: DISABLED
03-11 01:49:05.257 1530 10350 W FreeFormWindowHelper: Current Display FreeFormTask is null
03-11 01:49:05.263 1530 11533 I ActivityTaskManager: FOREGROUND_APPLICATION_CHANGED to com.android.settings.homepage.SettingsHomepageActivity
03-11 01:49:05.266 1530 11533 D CompatibilityChangeReporter: Compat change id reported: 174042980; UID 1000; state: DISABLED
03-11 01:49:05.266 1530 11533 D CompatibilityChangeReporter: Compat change id reported: 181136395; UID 1000; state: DISABLED
03-11 01:49:05.266 1530 11533 D CompatibilityChangeReporter: Compat change id reported: 174042936; UID 1000; state: DISABLED
03-11 01:49:05.368 1530 2109 W FreeFormWindowHelper: Current Display FreeFormTask is null
03-11 01:49:08.274 1530 2750 E TaskPersister: File error accessing recents directory (directory doesn't exist?).
01-01 08:56:11.320 0 0 E DTC_ETH,link_delay_work_func: 3003, SQI=0, link=0
03-11 01:49:11.648 1530 4910 W FreeFormWindowHelper: Current Display FreeFormTask is null
03-11 01:49:11.656 1530 4910 W FreeFormWindowHelper: Current Display FreeFormTask is null
03-11 01:49:11.666 1530 10350 W FreeFormWindowHelper: Current Display FreeFormTask is null
03-11 01:49:11.666 1530 10350 W FreeFormWindowHelper: Current Display FreeFormTask is null
03-11 01:49:11.667 1530 10350 W FreeFormWindowHelper: Current Display FreeFormTask is null
03-11 01:49:11.681 1530 10350 W ActivityTaskManager: getTaskSnapshot: taskId=-80 not found
03-11 01:49:11.684 1530 10350 W ActivityTaskManager: getTaskSnapshot: taskId=-79 not found
03-11 01:49:11.687 1530 2109 W ActivityTaskManager: getTaskSnapshot: taskId=-78 not found
03-11 01:49:11.689 1530 2109 W ActivityTaskManager: getTaskSnapshot: taskId=-76 not found
03-11 01:49:11.689 1530 2109 W FreeFormWindowHelper: Current Display FreeFormTask is null
03-11 01:49:11.689 1530 2109 W FreeFormWindowHelper: Current Display FreeFormTask is null
03-11 01:49:11.691 1530 2109 W ActivityTaskManager: getTaskSnapshot: taskId=-76 not found
03-11 01:49:11.696 1530 2109 W ActivityTaskManager: getTaskSnapshot: taskId=-80 not found
03-11 01:49:11.696 1530 2109 W ActivityTaskManager: getTaskSnapshot: taskId=-79 not found
03-11 01:49:11.697 1530 2109 W ActivityTaskManager: getTaskSnapshot: taskId=-78 not found
03-11 01:49:11.697 1530 2109 W ActivityTaskManager: getTaskSnapshot: taskId=-76 not found
03-11 01:49:11.697 1530 10350 W ActivityTaskManager: getTaskSnapshot: taskId=-80 not found
03-11 01:49:11.701 1530 5963 W FreeFormWindowHelper: Current Display FreeFormTask is null
03-11 01:49:11.702 1530 5963 W FreeFormWindowHelper: Current Display FreeFormTask is null
03-11 01:49:11.710 1530 10350 W ActivityTaskManager: getTaskSnapshot: taskId=-79 not found
03-11 01:49:11.710 1530 2109 W ActivityTaskManager: getTaskSnapshot: taskId=-34 not found
03-11 01:49:11.712 1530 2109 W ActivityTaskManager: getTaskSnapshot: taskId=-34 not found
03-11 01:49:11.712 1530 2109 W ActivityTaskManager: getTaskSnapshot: taskId=-33 not found
03-11 01:49:11.714 1530 2109 W ActivityTaskManager: getTaskSnapshot: taskId=-33 not found
03-11 01:49:11.714 1530 2109 W ActivityTaskManager: getTaskSnapshot: taskId=-33 not found
03-11 01:49:11.718 1530 2109 W FreeFormWindowHelper: Current Display FreeFormTask is null
03-11 01:49:11.718 1530 2109 W FreeFormWindowHelper: Current Display FreeFormTask is null
03-11 01:49:11.734 1530 4910 W FreeFormWindowHelper: Current Display FreeFormTask is null
03-11 01:49:11.734 1530 4910 W FreeFormWindowHelper: Current Display FreeFormTask is null
03-11 01:49:11.869 1530 7363 W FreeFormWindowHelper: exitRecentTasks type=0
03-11 01:49:11.874 1530 7363 W FreeFormWindowHelper: Current Display FreeFormTask is null
03-11 01:49:11.874 1530 7363 W FreeFormWindowHelper: Current Display FreeFormTask is null
03-11 01:49:12.519 1530 5963 W FreeFormWindowHelper: Current Display FreeFormTask is null
03-11 01:49:12.519 1530 5963 W FreeFormWindowHelper: Current Display FreeFormTask is null
03-11 01:49:12.533 1530 10350 I ActivityTaskManager: FOREGROUND_APPLICATION_CHANGED to com.android.launcher3.uioverrides.QuickstepLauncher
03-11 01:49:12.606 1530 4910 I thunderperf: PlatormCompat.setOverrides: Uid1=10075 Pid1=2553 Uid2=10075 Pid2=2553
03-11 01:49:12.606 1530 4910 I thunderperf: PlatormCompat.setOverrides: needCheck:false
03-11 01:49:12.606 1530 4910 I thunderperf: CompatConfig.addOverrideUnsafe: bef-state=1
03-11 01:49:12.606 1530 4910 I thunderperf: CompatConfig.addOverrideUnsafe: aft-state=0
03-11 01:49:12.606 1530 4910 I thunderperf: CompatConfig.addOverrideUnsafe: bef-state=1
03-11 01:49:12.606 1530 4910 I thunderperf: CompatConfig.addOverrideUnsafe: aft-state=0
03-11 01:49:12.607 1530 4910 I thunderperf: CompatConfig.addOverrideUnsafe: bef-state=1
03-11 01:49:12.607 1530 4910 I thunderperf: CompatConfig.addOverrideUnsafe: aft-state=0
03-11 01:49:12.607 1530 4910 I thunderperf: CompatConfig.addOverrideUnsafe: bef-state=1
03-11 01:49:12.607 1530 4910 I thunderperf: CompatConfig.addOverrideUnsafe: aft-state=0
03-11 01:49:12.607 1530 4910 I thunderperf: CompatConfig.addOverrideUnsafe: bef-state=1
03-11 01:49:12.607 1530 4910 I thunderperf: CompatConfig.addOverrideUnsafe: aft-state=0
03-11 01:49:12.608 1530 4910 I thunderperf: CompatConfig.addOverrideUnsafe: bef-state=1
03-11 01:49:12.608 1530 4910 I thunderperf: CompatConfig.addOverrideUnsafe: aft-state=0
03-11 01:49:12.608 1530 4910 I thunderperf: CompatConfig.addOverrideUnsafe: bef-state=1
03-11 01:49:12.608 1530 4910 I thunderperf: CompatConfig.addOverrideUnsafe: aft-state=0
03-11 01:49:12.608 1530 4910 I thunderperf: CompatConfig.addOverrideUnsafe: bef-state=1
03-11 01:49:12.609 1530 4910 I thunderperf: CompatConfig.addOverrideUnsafe: aft-state=0
03-11 01:49:12.609 1530 4910 I thunderperf: CompatConfig.addOverrideUnsafe: bef-state=1
03-11 01:49:12.609 1530 4910 I thunderperf: CompatConfig.addOverrideUnsafe: aft-state=0
03-11 01:49:12.609 1530 4910 I thunderperf: CompatConfig.addOverrideUnsafe: bef-state=1
03-11 01:49:12.609 1530 4910 I thunderperf: CompatConfig.addOverrideUnsafe: aft-state=0
03-11 01:49:12.609 1530 4910 I thunderperf: CompatConfig.addOverrideUnsafe: bef-state=1
03-11 01:49:12.610 1530 4910 I thunderperf: CompatConfig.addOverrideUnsafe: aft-state=0
03-11 01:49:12.610 1530 4910 I thunderperf: CompatConfig.addOverrideUnsafe: bef-state=1
03-11 01:49:12.610 1530 4910 I thunderperf: CompatConfig.addOverrideUnsafe: aft-state=0
03-11 01:49:12.610 1530 4910 I thunderperf: CompatConfig.addOverrideUnsafe: bef-state=1
03-11 01:49:12.610 1530 4910 I thunderperf: CompatConfig.addOverrideUnsafe: aft-state=0
03-11 01:49:12.611 1530 4910 I thunderperf: CompatConfig.addOverrideUnsafe: bef-state=1
03-11 01:49:12.611 1530 4910 I thunderperf: CompatConfig.addOverrideUnsafe: aft-state=0
03-11 01:49:12.612 1530 4910 I ActivityTaskManager: START u0 {act=android.intent.action.MAIN cat=[android.intent.category.LAUNCHER] flg=0x10200000 cmp=com.tencent.tmgp.sgame/.SGameActivity bnds=[1017,120][1319,402]} from uid 10075
03-11 01:49:12.613 1530 4910 W ActivityTaskManager: Can't find TaskDisplayArea to determine support for multi window. Task id=42 attached=false
03-11 01:49:12.614 1530 4910 D CompatibilityChangeReporter: Compat change id reported: 174042980; UID 10093; state: DISABLED
03-11 01:49:12.615 1530 4910 D CompatibilityChangeReporter: Compat change id reported: 184838306; UID 10093; state: DISABLED
03-11 01:49:12.615 1530 4910 D CompatibilityChangeReporter: Compat change id reported: 185004937; UID 10093; state: DISABLED
03-11 01:49:12.615 1530 4910 D CompatibilityChangeReporter: Compat change id reported: 181136395; UID 10093; state: DISABLED
03-11 01:49:12.615 1530 4910 D CompatibilityChangeReporter: Compat change id reported: 174042936; UID 10093; state: DISABLED
03-11 01:49:12.616 1530 4910 D CompatibilityChangeReporter: Compat change id reported: 168419799; UID 10093; state: DISABLED
03-11 01:49:12.619 1530 1607 D CompatibilityChangeReporter: Compat change id reported: 135634846; UID 10093; state: DISABLED
03-11 01:49:12.619 1530 1607 D CompatibilityChangeReporter: Compat change id reported: 177438394; UID 10093; state: DISABLED
03-11 01:49:12.619 1530 1607 D CompatibilityChangeReporter: Compat change id reported: 135772972; UID 10093; state: DISABLED
03-11 01:49:12.619 1530 1607 D CompatibilityChangeReporter: Compat change id reported: 135754954; UID 10093; state: DISABLED
03-11 01:49:12.621 1530 1615 D CompatibilityChangeReporter: Compat change id reported: 143937733; UID 10093; state: DISABLED
03-11 01:49:12.622 1530 7363 W FreeFormWindowHelper: Current Display FreeFormTask is null
03-11 01:49:12.624 1530 7363 I ActivityTaskManager: FOREGROUND_APPLICATION_CHANGED to com.tencent.tmgp.sgame.SGameActivity
03-11 01:49:12.628 1530 1615 I ActivityManager: Start proc 16241:com.tencent.tmgp.sgame/u0a93 for pre-top-activity {com.tencent.tmgp.sgame/com.tencent.tmgp.sgame.SGameActivity}
03-11 01:49:12.629 1530 16242 W ContextImpl: Calling a method in the system process without a qualified user: android.app.ContextImpl.sendBroadcast:1173 com.qualcomm.qti.Performance$SendGameLaunchBroadcast.run:217 java.lang.Thread.run:920
01-01 08:56:13.683 0 0 I binder : 16241:16241 ioctl 40046210 7ff5e17364 returned -22
03-11 01:49:12.650 2054 3742 W ContextImpl: Calling a method in the system process without a qualified user: android.app.ContextImpl.startService:1816 android.content.ContextWrapper.startService:774 com.thundercomm.gamemode.ingame.services.GameModeActionUtils.startGameModeService:118 com.thundercomm.gamemode.ingame.services.GameModeActionUtils.startGameModeEntry:29 com.thundercomm.gamemode.ingame.services.ActivityMonitoringService$1.onActivityLaunch:140
03-11 01:49:12.654 1530 1530 I GameModeConfig: Current uri is uri = content://com.thundercomm.gamemode.api/gamemode_settings/gamemode_isgaming
03-11 01:49:12.655 1530 1530 I GameModeConfig: isGameModeOn = true
03-11 01:49:12.655 1530 1530 I GameModeConfig: isGaming = true
03-11 01:49:12.655 1530 1530 I GameModeConfig: isDisableNotification = true
03-11 01:49:12.656 1530 1530 I GameModeConfig: isGameModeOn = true
