03-11 01:57:27.180 1530 1662 D CompatibilityChangeReporter: Compat change id reported: 181136395; UID 10093; state: DISABLED
03-11 01:57:27.181 1530 1662 D CompatibilityChangeReporter: Compat change id reported: 174042936; UID 10093; state: DISABLED
03-11 01:57:27.181 1530 1662 D CompatibilityChangeReporter: Compat change id reported: 168419799; UID 10093; state: DISABLED
03-11 01:57:27.184 1530 9804 W FreeFormWindowHelper: Current Display FreeFormTask is null
03-11 01:57:27.184 1530 1607 D CompatibilityChangeReporter: Compat change id reported: 135634846; UID 10093; state: DISABLED
03-11 01:57:27.184 1530 1607 D CompatibilityChangeReporter: Compat change id reported: 177438394; UID 10093; state: DISABLED
03-11 01:57:27.185 1530 1607 D CompatibilityChangeReporter: Compat change id reported: 135772972; UID 10093; state: DISABLED
03-11 01:57:27.185 1530 1607 D CompatibilityChangeReporter: Compat change id reported: 135754954; UID 10093; state: DISABLED
03-11 01:57:27.185 1530 1615 D CompatibilityChangeReporter: Compat change id reported: 143937733; UID 10093; state: DISABLED
03-11 01:57:27.186 1530 9804 I ActivityTaskManager: FOREGROUND_APPLICATION_CHANGED to com.tencent.tmgp.sgame.SGameActivity
03-11 01:57:27.190 1530 20732 W ContextImpl: Calling a method in the system process without a qualified user: android.app.ContextImpl.sendBroadcast:1173 com.qualcomm.qti.Performance$SendGameLaunchBroadcast.run:217 java.lang.Thread.run:920
03-11 01:57:27.191 1530 1615 I ActivityManager: Start proc 20731:com.tencent.tmgp.sgame/u0a93 for pre-top-activity {com.tencent.tmgp.sgame/com.tencent.tmgp.sgame.SGameActivity}
01-01 09:04:28.245 0 0 I binder : 20731:20731 ioctl 40046210 7ff5e17364 returned -22
03-11 01:57:27.210 2054 3742 W ContextImpl: Calling a method in the system process without a qualified user: android.app.ContextImpl.startService:1816 android.content.ContextWrapper.startService:774 com.thundercomm.gamemode.ingame.services.GameModeActionUtils.startGameModeService:118 com.thundercomm.gamemode.ingame.services.GameModeActionUtils.startGameModeEntry:29 com.thundercomm.gamemode.ingame.services.ActivityMonitoringService$1.onActivityLaunch:140
03-11 01:57:27.213 1530 1530 I GameModeConfig: Current uri is uri = content://com.thundercomm.gamemode.api/gamemode_settings/gamemode_isgaming
03-11 01:57:27.214 1530 1530 I GameModeConfig: isGameModeOn = true
03-11 01:57:27.214 1530 1530 I GameModeConfig: isGaming = true
03-11 01:57:27.214 1530 1530 I GameModeConfig: isDisableNotification = true
03-11 01:57:27.214 1530 1530 I GameModeConfig: isGameModeOn = true
03-11 01:57:27.214 1530 1530 I GameModeConfig: isGaming = true
03-11 01:57:27.214 1530 1530 I GameModeConfig: isDisableNotification = true
01-01 09:04:28.264 0 0 W ALERT : changing window size from 16000000 to 20000000 at 3033360017748
03-11 01:57:27.226 20731 20753 D ActivityThread: Loading provider com.tencent.tmgp.sgame.XG_SETTINGS_PROVIDER: com.tencent.tpns.baseapi.base.SettingsContentProvider
01-01 09:04:28.275 0 0 I : [MAX975X:max96755x_drm_notifier_callback] *INFO* receives EARLY_BLANK:UNBLANK
01-01 09:04:28.275 0 0 I atmel_mxt_ts 0-004a: FB event:2,blank:0
01-01 09:04:28.275 0 0 I atmel_mxt_ts 0-004a: suspend: event = 2, blank = 0, not care
01-01 09:04:28.275 0 0 I [drm:dsi_display_set_mode] [msm-dsi-info]: mdp_transfer_time_us=0 us
01-01 09:04:28.275 0 0 I [drm:dsi_display_set_mode] [msm-dsi-info]: hactive= 2560,vactive= 1080,fps=30
01-01 09:04:28.275 0 0 I : [MAX975X:max96755x_drm_notifier_callback] *INFO* receives BLANK:UNBLANK
03-11 01:57:27.237 1530 2081 D CompatibilityChangeReporter: Compat change id reported: 135634846; UID 10093; state: DISABLED
03-11 01:57:27.237 1530 2081 D CompatibilityChangeReporter: Compat change id reported: 177438394; UID 10093; state: DISABLED
03-11 01:57:27.237 1530 2081 D CompatibilityChangeReporter: Compat change id reported: 135772972; UID 10093; state: DISABLED
03-11 01:57:27.237 1530 2081 D CompatibilityChangeReporter: Compat change id reported: 135754954; UID 10093; state: DISABLED
03-11 01:57:27.238 1530 1615 D CompatibilityChangeReporter: Compat change id reported: 143937733; UID 10093; state: DISABLED
03-11 01:57:27.240 1530 1607 I DisplayDeviceRepository: Display device changed: DisplayDeviceInfo{"内置屏幕": uniqueId="local:4630946816427681409", 2560 x 1080, modeId 3, defaultModeId 1, supportedModes [{id=1, width=2560, height=1080, fps=60.000004, alternativeRefreshRates=[30.000002, 45.0]}, {id=2, width=2560, height=1080, fps=45.0, alternativeRefreshRates=[30.000002, 60.000004]}, {id=3, width=2560, height=1080, fps=30.000002, alternativeRefreshRates=[45.0, 60.000004]}], colorMode 0, supportedColorModes [0], hdrCapabilities HdrCapabilities{mSupportedHdrTypes=[2, 3, 4], mMaxLuminance=500.0, mMaxAverageLuminance=500.0, mMinLuminance=0.0}, allmSupported false, gameContentTypeSupported false, density 240, 320.315 x 318.976 dpi, appVsyncOff 1000000, presDeadline 33333333, touch INTERNAL, rotation 0, type INTERNAL, address {port=129, model=0x40446d97fee5e6}, deviceProductInfo DeviceProductInfo{name=, manufacturerPnpId=QCM, productId=1, modelYear=null, manufactureDate=ManufactureDate{week=27, year=2006}, connectionToSinkType=0}, state ON, frameRateOverride , brightnessMinimum 0.0, brightnessMaximum 1.0, brightnessDefault 1.0, FLAG_DEFAULT_DISPLAY, FLAG_ROTATES_WITH_CONTENT, FLAG_SECURE, FLAG_SUPPORTS_PROTECTED_BUFFERS}
03-11 01:57:27.246 1530 1615 I ActivityManager: Start proc 20765:com.tencent.tmgp.sgame:xg_vip_service/u0a93 for service {com.tencent.tmgp.sgame/com.tencent.android.tpush.service.XGVipPushService}
01-01 09:04:28.309 0 0 I binder : 20765:20765 ioctl 40046210 7ff5e17364 returned -22
01-01 09:04:28.433 0 0 I atmel_mxt_ts 0-004a: FB event:1,blank:0
01-01 09:04:28.433 0 0 I atmel_mxt_ts 0-004a: drm_notifier_callback: UNBLANK! Resume by drm notifier.
03-11 01:57:27.437 1530 9804 W FreeFormWindowHelper: Current Display FreeFormTask is null
03-11 01:57:27.538 1530 2081 W WindowManager: Failed looking up window session=Session{dfbfe8 20731:u0a10093} callers=com.android.server.wm.WindowManagerService.windowForClientLocked:5628 com.android.server.wm.Session.insetsModified:629 android.view.IWindowSession$Stub.onTransact:1151
01-01 09:04:28.619 0 0 I binder : 20731:20767 ioctl 40046210 799c02e1f4 returned -22
03-11 01:57:28.174 1530 2750 E TaskPersister: File error accessing recents directory (directory doesn't exist?).
01-01 09:04:29.342 0 0 W audit : audit_lost=1269 audit_rate_limit=5 audit_backlog_limit=64
01-01 09:04:29.342 0 0 E audit : rate limit exceeded
03-11 01:57:29.261 1530 11635 W ActivityManager: Unable to start service Intent { act=com.tencent.tpns.mqttchannel.FEEDBACK pkg=com.tencent.tmgp.sgame } U=0: not found
01-01 09:04:33.080 0 0 E DTC_ETH,link_delay_work_func: 3003, SQI=0, link=0
03-11 01:57:34.460 1530 11635 W FreeFormWindowHelper: Current Display FreeFormTask is null
03-11 01:57:34.460 1530 11635 W FreeFormWindowHelper: Current Display FreeFormTask is null
03-11 01:57:34.461 1530 11635 W FreeFormWindowHelper: Current Display FreeFormTask is null
03-11 01:57:34.461 1530 9804 W FreeFormWindowHelper: Current Display FreeFormTask is null
03-11 01:57:34.508 1530 8134 W FreeFormWindowHelper: Current Display FreeFormTask is null
03-11 01:57:34.508 1530 11635 W FreeFormWindowHelper: Current Display FreeFormTask is null
03-11 01:57:34.520 1530 8134 W FreeFormWindowHelper: Current Display FreeFormTask is null
03-11 01:57:34.521 1530 8134 W FreeFormWindowHelper: Current Display FreeFormTask is null
03-11 01:57:34.523 1530 8134 W ActivityTaskManager: getTaskSnapshot: taskId=-215 not found
03-11 01:57:34.523 1530 8134 W ActivityTaskManager: getTaskSnapshot: taskId=-215 not found
03-11 01:57:34.523 1530 8134 W ActivityTaskManager: getTaskSnapshot: taskId=-215 not found
03-11 01:57:34.523 1530 8134 W ActivityTaskManager: getTaskSnapshot: taskId=-215 not found
03-11 01:57:34.545 1530 11635 W FreeFormWindowHelper: Current Display FreeFormTask is null
03-11 01:57:34.545 1530 9804 W FreeFormWindowHelper: Current Display FreeFormTask is null
03-11 01:57:34.545 1530 11635 W ActivityTaskManager: getTaskSnapshot: taskId=-215 not found
03-11 01:57:34.546 1530 11635 W ActivityTaskManager: getTaskSnapshot: taskId=-215 not found
03-11 01:57:34.546 1530 11635 W ActivityTaskManager: getTaskSnapshot: taskId=-215 not found
03-11 01:57:34.546 1530 11635 W ActivityTaskManager: getTaskSnapshot: taskId=-215 not found
03-11 01:57:34.546 1530 11635 W ActivityTaskManager: getTaskSnapshot: taskId=-215 not found --------- beginning of events
03-11 01:57:34.551 1530 1604 I sysui_multi_action: [319,3,322,88,325,3040,757,761,758,9,759,5,806,com.android.launcher3,871,com.android.launcher3.uioverrides.QuickstepLauncher,905,0,1320,4,1321,1]
03-11 01:57:34.609 1530 9804 W FreeFormWindowHelper: Current Display FreeFormTask is null
03-11 01:57:34.609 1530 9804 W FreeFormWindowHelper: Current Display FreeFormTask is null
03-11 01:57:34.720 1530 1678 I commit_sys_config_file: [settings-1-0,1]
03-11 01:57:34.769 1530 9804 W FreeFormWindowHelper: Current Display FreeFormTask is null
03-11 01:57:34.769 1530 9804 W FreeFormWindowHelper: Current Display FreeFormTask is null
03-11 01:57:34.769 1530 9804 W FreeFormWindowHelper: Current Display FreeFormTask is null
03-11 01:57:34.851 1530 1613 I sysui_latency: [8,91]
03-11 01:57:35.144 1530 2110 I wm_task_moved: [1,1,7]
03-11 01:57:35.144 1530 2110 I wm_focused_root_task: [0,0,1,53,RecentsAnimation.onAnimationFinished()]
03-11 01:57:35.144 20731 20731 I wm_on_top_resumed_lost_called: [132235026,com.tencent.tmgp.sgame.SGameActivity,topStateChangedWhenResumed]
03-11 01:57:35.145 1530 2110 I wm_pause_activity: [0,132235026,com.tencent.tmgp.sgame/.SGameActivity,userLeaving=false,pauseBackTasks]
03-11 01:57:35.146 1530 2110 I ActivityTaskManager: FOREGROUND_APPLICATION_CHANGED to com.android.launcher3.uioverrides.QuickstepLauncher
03-11 01:57:35.146 1530 2110 I wm_set_resumed_activity: [0,com.android.launcher3/.uioverrides.QuickstepLauncher,resumeTopActivityInnerLocked]
03-11 01:57:35.147 1530 2110 I wm_resume_activity: [0,152492181,10,com.android.launcher3/.uioverrides.QuickstepLauncher]
03-11 01:57:35.147 1530 2110 I wm_add_to_stopping: [0,132235026,com.tencent.tmgp.sgame/.SGameActivity,makeInvisible]
03-11 01:57:35.147 2553 2553 I wm_on_resume_called: [152492181,com.android.launcher3.uioverrides.QuickstepLauncher,RESUME_ACTIVITY]
03-11 01:57:35.149 1530 1608 I input_focus: [Focus request f58b61 com.android.launcher3/com.android.launcher3.uioverrides.QuickstepLauncher,reason=UpdateInputWindows]
03-11 01:57:35.149 1530 1607 I sysui_multi_action: [757,803,799,window_time_0,802,8]
03-11 01:57:35.150 1530 2110 W FreeFormWindowHelper: Current Display FreeFormTask is null
03-11 01:57:35.150 1530 5963 W FreeFormWindowHelper: Current Display FreeFormTask is null
03-11 01:57:35.150 1530 5963 W FreeFormWindowHelper: Current Display FreeFormTask is null
03-11 01:57:35.151 1530 6113 I wm_stop_activity: [0,132235026,com.tencent.tmgp.sgame/.SGameActivity]
03-11 01:57:35.155 1530 1607 I sysui_multi_action: [757,803,799,window_time_0,802,0]
03-11 01:57:35.177 1530 2110 W FreeFormWindowHelper: Current Display FreeFormTask is null
03-11 01:57:35.177 1530 2110 W FreeFormWindowHelper: Current Display FreeFormTask is null
03-11 01:57:35.177 1530 1694 I input_focus: [Focus leaving recents_animation_input_consumer (server),reason=NOT_VISIBLE]
03-11 01:57:35.180 2553 2553 I wm_on_top_resumed_gained_called: [152492181,com.android.launcher3.uioverrides.QuickstepLauncher,topStateChangedWhenResumed]
03-11 01:57:35.210 1530 1694 I input_focus: [Focus entering f58b61 com.android.launcher3/com.android.launcher3.uioverrides.QuickstepLauncher (server),reason=setFocusedWindow]
03-11 01:57:35.249 1530 11635 W FreeFormWindowHelper: Current Display FreeFormTask is null
03-11 01:57:35.251 2054 3742 W ContextImpl: Calling a method in the system process without a qualified user: android.app.ContextImpl.startService:1816 android.content.ContextWrapper.startService:774 com.thundercomm.gamemode.ingame.services.GameModeActionUtils.startGameModeService:118 com.thundercomm.gamemode.ingame.services.GameModeActionUtils.startGameModeEntry:29 com.thundercomm.gamemode.ingame.services.ActivityMonitoringService$1.onActivityLaunch:140
03-11 01:57:35.255 1530 1530 I GameModeConfig: Current uri is uri = content://com.thundercomm.gamemode.api/gamemode_settings/gamemode_isgaming
03-11 01:57:35.257 1530 1530 I GameModeConfig: isGameModeOn = true
03-11 01:57:35.257 1530 1530 I GameModeConfig: isGaming = false
03-11 01:57:35.257 1530 1530 I GameModeConfig: isGameModeOn = true
03-11 01:57:35.257 1530 1530 I GameModeConfig: isGaming = false
03-11 01:57:35.257 1530 1530 I GameModeConfig: isDisableVoice = true
01-01 09:04:36.304 0 0 W ALERT : changing window size from 20000000 to 16000000 at 3041400017015
03-11 01:57:35.291 0 0 I auditd : type=1400 audit(0.0:3740): avc: denied { kill } for comm="swapper/7" capability=5 scontext=u:r:kernel:s0 tcontext=u:r:kernel:s0 tclass=capability permissive=0
01-01 09:04:36.344 0 0 I : [MAX975X:max96755x_drm_notifier_callback] *INFO* receives EARLY_BLANK:UNBLANK
01-01 09:04:36.344 0 0 I atmel_mxt_ts 0-004a: FB event:2,blank:0
01-01 09:04:36.344 0 0 I atmel_mxt_ts 0-004a: suspend: event = 2, blank = 0, not care
01-01 09:04:36.344 0 0 I [drm:dsi_display_set_mode] [msm-dsi-info]: mdp_transfer_time_us=0 us
01-01 09:04:36.344 0 0 I [drm:dsi_display_set_mode] [msm-dsi-info]: hactive= 2560,vactive= 1080,fps=60
01-01 09:04:36.344 0 0 I : [MAX975X:max96755x_drm_notifier_callback] *INFO* receives BLANK:UNBLANK
01-01 09:04:36.345 0 0 I atmel_mxt_ts 0-004a: FB event:1,blank:0
01-01 09:04:36.345 0 0 I atmel_mxt_ts 0-004a: drm_notifier_callback: UNBLANK! Resume by drm notifier.
03-11 01:57:35.326 1530 1607 I DisplayDeviceRepository: Display device changed: DisplayDeviceInfo{"内置屏幕": uniqueId="local:4630946816427681409", 2560 x 1080, modeId 1, defaultModeId 1, supportedModes [{id=1, width=2560, height=1080, fps=60.000004, alternativeRefreshRates=[30.000002, 45.0]}, {id=2, width=2560, height=1080, fps=45.0, alternativeRefreshRates=[30.000002, 60.000004]}, {id=3, width=2560, height=1080, fps=30.000002, alternativeRefreshRates=[45.0, 60.000004]}], colorMode 0, supportedColorModes [0], hdrCapabilities HdrCapabilities{mSupportedHdrTypes=[2, 3, 4], mMaxLuminance=500.0, mMaxAverageLuminance=500.0, mMinLuminance=0.0}, allmSupported false, gameContentTypeSupported false, density 240, 320.315 x 318.976 dpi, appVsyncOff 1000000, presDeadline 16666666, touch INTERNAL, rotation 0, type INTERNAL, address {port=129, model=0x40446d97fee5e6}, deviceProductInfo DeviceProductInfo{name=, manufacturerPnpId=QCM, productId=1, modelYear=null, manufactureDate=ManufactureDate{week=27, year=2006}, connectionToSinkType=0}, state ON, frameRateOverride , brightnessMinimum 0.0, brightnessMaximum 1.0, brightnessDefault 1.0, FLAG_DEFAULT_DISPLAY, FLAG_ROTATES_WITH_CONTENT, FLAG_SECURE, FLAG_SUPPORTS_PROTECTED_BUFFERS}
03-11 01:57:35.358 1530 1678 I commit_sys_config_file: [settings-1-0,1]
03-11 01:57:35.712 20731 20731 I wm_on_paused_called: [132235026,com.tencent.tmgp.sgame.SGameActivity,performPause]
03-11 01:57:35.718 20731 20731 I wm_on_stop_called: [132235026,com.tencent.tmgp.sgame.SGameActivity,STOP_ACTIVITY_ITEM]
03-11 01:57:36.291 0 0 I auditd : type=1400 audit(0.0:3741): avc: denied { kill } for comm="swapper/7" capability=5 scontext=u:r:kernel:s0 tcontext=u:r:kernel:s0 tclass=capability permissive=0
03-11 01:57:36.765 1530 1694 I input_interaction: Interaction with: f58b61 com.android.launcher3/com.android.launcher3.uioverrides.QuickstepLauncher (server), b266317 com.android.systemui.ImageWallpaper (server), edge-swipe (server), swipe-up (server), PointerEventDispatcher0 (server),
03-11 01:57:36.879 1530 5963 I wm_task_moved: [1,1,7]
03-11 01:57:36.880 1530 5963 I wm_set_resumed_activity: [0,com.android.launcher3/.uioverrides.QuickstepLauncher,positionChildAt]
03-11 01:57:36.880 1530 5963 I wm_task_moved: [22,1,7]
03-11 01:57:36.880 1530 5963 I wm_task_to_front: [0,22]
03-11 01:57:36.880 1530 5963 I wm_focused_root_task: [0,0,22,1,moveTaskToFront findTaskToMoveToFront]
03-11 01:57:36.880 1530 5963 I wm_set_resumed_activity: [0,com.android.settings/.Settings,moveTaskToFront findTaskToMoveToFront]
03-11 01:57:36.880 1530 5963 I wm_pause_activity: [0,152492181,com.android.launcher3/.uioverrides.QuickstepLauncher,userLeaving=true,pauseBackTasks]
03-11 01:57:36.882 2553 2553 I wm_on_top_resumed_lost_called: [152492181,com.android.launcher3.uioverrides.QuickstepLauncher,topStateChangedWhenResumed]
03-11 01:57:36.883 2553 2553 I wm_on_paused_called: [152492181,com.android.launcher3.uioverrides.QuickstepLauncher,performPause]
03-11 01:57:36.884 1530 11635 I ActivityTaskManager: FOREGROUND_APPLICATION_CHANGED to com.android.settings.homepage.SettingsHomepageActivity
03-11 01:57:36.884 1530 11635 I wm_set_resumed_activity: [0,com.android.settings/.Settings,resumeTopActivityInnerLocked]
03-11 01:57:36.884 1530 11635 I wm_add_to_stopping: [0,152492181,com.android.launcher3/.uioverrides.QuickstepLauncher,makeInvisible]
03-11 01:57:36.886 1530 11635 I wm_resume_activity: [0,89475057,22,com.android.settings/.Settings]
03-11 01:57:36.889 1530 1607 I sysui_multi_action: [757,803,799,window_time_0,802,2]
03-11 01:57:36.895 6115 6115 I wm_on_restart_called: [89475057,com.android.settings.Settings,performRestartActivity]
03-11 01:57:36.897 6115 6115 I wm_on_start_called: [89475057,com.android.settings.Settings,handleStartActivity]
03-11 01:57:36.898 6115 6115 I snet_event_log: [120484087,-1,]
03-11 01:57:36.898 6115 6115 I wm_on_resume_called: [89475057,com.android.settings.Settings,RESUME_ACTIVITY]
03-11 01:57:36.898 6115 6115 I sysui_multi_action: [757,35,758,1,833,0,1089,0]
03-11 01:57:36.899 1530 1621 W BatteryExternalStatsWorker: error reading modem stats:ERROR_PHONE_NOT_AVAILABLE
03-11 01:57:36.900 6115 6115 I sysui_multi_action: [757,3000,758,1,833,0,1089,0]
03-11 01:57:36.900 6115 6115 I sysui_multi_action: [757,3000,758,1,833,0,1089,0]
03-11 01:57:36.900 6115 6115 I wm_on_top_resumed_gained_called: [89475057,com.android.settings.Settings,topWhenResuming]
03-11 01:57:36.901 1530 1694 I input_focus: [Focus leaving f58b61 com.android.launcher3/com.android.launcher3.uioverrides.QuickstepLauncher (server),reason=NO_WINDOW]
03-11 01:57:36.909 1530 1621 E KernelCpuSpeedReader: Failed to read cpu-freq: /sys/devices/system/cpu/cpu4/cpufreq/stats/time_in_state: open failed: ENOENT (No such file or directory)
03-11 01:57:36.909 1530 1621 E KernelCpuSpeedReader: Failed to read cpu-freq: /sys/devices/system/cpu/cpu0/cpufreq/stats/time_in_state: open failed: ENOENT (No such file or directory)
03-11 01:57:36.903 569 569 I auditd : type=1400 audit(0.0:3742): avc: denied { read } for comm="Binder:569_2" name="wakeup58" dev="sysfs" ino=71861 scontext=u:r:system_suspend:s0 tcontext=u:object_r:sysfs:s0 tclass=dir permissive=0
03-11 01:57:36.903 569 569 I auditd : type=1400 audit(0.0:3743): avc: denied { read } for comm="Binder:569_2" name="wakeup48" dev="sysfs" ino=67225 scontext=u:r:system_suspend:s0 tcontext=u:object_r:sysfs:s0 tclass=dir permissive=0
03-11 01:57:36.903 569 569 I auditd : type=1400 audit(0.0:3744): avc: denied { read } for comm="Binder:569_2" name="wakeup4" dev="sysfs" ino=47037 scontext=u:r:system_suspend:s0 tcontext=u:object_r:sysfs:s0 tclass=dir permissive=0
03-11 01:57:36.903 569 569 I auditd : type=1400 audit(0.0:3745): avc: denied { read } for comm="Binder:569_2" name="wakeup76" dev="sysfs" ino=76818 scontext=u:r:system_suspend:s0 tcontext=u:object_r:sysfs:s0 tclass=dir permissive=0
01-01 09:04:37.956 0 0 W audit : audit_lost=1270 audit_rate_limit=5 audit_backlog_limit=64
01-01 09:04:37.956 0 0 E audit : rate limit exceeded
03-11 01:57:36.918 1530 1608 I input_focus: [Focus request 94f71a4 com.android.settings/com.android.settings.Settings,reason=UpdateInputWindows]
03-11 01:57:36.930 1530 1604 I sysui_multi_action: [319,11,321,10,322,47,325,3043,757,761,758,9,759,4,806,com.android.settings,871,com.android.settings.Settings,904,com.android.launcher3,905,0,1320,4,1321,1]
03-11 01:57:36.933 1530 1694 I input_focus: [Focus entering 94f71a4 com.android.settings/com.android.settings.Settings (server),reason=setFocusedWindow]
03-11 01:57:36.937 1530 1621 W BatteryExternalStatsWorker: error reading modem stats:ERROR_PHONE_NOT_AVAILABLE
03-11 01:57:36.937 1530 1621 E KernelCpuSpeedReader: Failed to read cpu-freq: /sys/devices/system/cpu/cpu4/cpufreq/stats/time_in_state: open failed: ENOENT (No such file or directory)
03-11 01:57:36.937 1530 1621 E KernelCpuSpeedReader: Failed to read cpu-freq: /sys/devices/system/cpu/cpu0/cpufreq/stats/time_in_state: open failed: ENOENT (No such file or directory)
03-11 01:57:36.987 1530 5963 W FreeFormWindowHelper: Current Display FreeFormTask is null
01-01 09:04:38.200 0 0 E DTC_ETH,link_delay_work_func: 3003, SQI=0, link=0
03-11 01:57:37.250 1530 1607 I wm_stop_activity: [0,152492181,com.android.launcher3/.uioverrides.QuickstepLauncher]
03-11 01:57:37.265 1530 11635 W FreeFormWindowHelper: exitRecentTasks type=0
03-11 01:57:37.268 2553 2553 I wm_on_stop_called: [152492181,com.android.launcher3.uioverrides.QuickstepLauncher,STOP_ACTIVITY_ITEM]
03-11 01:57:37.562 1530 1711 I netstats_mobile_sample: [0,0,0,0,0,0,0,0,0,0,0,0,1678696996320]
03-11 01:57:37.562 1530 1711 I netstats_wifi_sample: [339191810,265542,5104139,68811,339187258,265538,5104139,68811,335393157,266945,4444185,67031,1678696996320]
03-11 01:57:38.226 1530 1694 I input_interaction: Interaction with: 94f71a4 com.android.settings/com.android.settings.Settings (server), edge-swipe (server), swipe-up (server), PointerEventDispatcher0 (server),
03-11 01:57:38.291 0 0 I auditd : type=1400 audit(0.0:3841): avc: denied { kill } for comm="swapper/7" capability=5 scontext=u:r:kernel:s0 tcontext=u:r:kernel:s0 tclass=capability permissive=0
03-11 01:57:38.356 6115 6115 I sysui_multi_action: [757,830,758,4,833,0,854,game_setting_gpu_custom_dpi,1089,0]
03-11 01:57:38.366 1530 1608 I input_focus: [Focus request 11eb1b3 PopupWindow:e33c7de,reason=UpdateInputWindows]
03-11 01:57:38.387 1530 1694 I input_focus: [Focus leaving 94f71a4 com.android.settings/com.android.settings.Settings (server),reason=setFocusedWindow]
03-11 01:57:38.387 1530 1694 I input_focus: [Focus entering 11eb1b3 PopupWindow:e33c7de (server),reason=setFocusedWindow]
03-11 01:57:38.993 1530 1694 I input_interaction: Interaction with: 11eb1b3 PopupWindow:e33c7de (server), edge-swipe (server), swipe-up (server), PointerEventDispatcher0 (server),
03-11 01:57:39.151 1530 1608 I input_focus: [Focus request 94f71a4 com.android.settings/com.android.settings.Settings,reason=UpdateInputWindows]
03-11 01:57:39.172 1530 1694 I input_focus: [Focus leaving 11eb1b3 PopupWindow:e33c7de (server),reason=NOT_FOCUSABLE]
03-11 01:57:39.172 1530 1694 I input_focus: [Focus entering 94f71a4 com.android.settings/com.android.settings.Settings (server),reason=setFocusedWindow]
03-11 01:57:39.185 1530 1608 I input_focus: [Focus request ebace46 com.android.settings/com.android.settings.Settings,reason=UpdateInputWindows]
03-11 01:57:39.206 1530 1694 I input_focus: [Focus leaving 94f71a4 com.android.settings/com.android.settings.Settings (server),reason=setFocusedWindow]
03-11 01:57:39.206 1530 1694 I input_focus: [Focus entering ebace46 com.android.settings/com.android.settings.Settings (server),reason=setFocusedWindow]
03-11 01:57:39.291 0 0 I auditd : type=1400 audit(0.0:3842): avc: denied { kill } for comm="swapper/7" capability=5 scontext=u:r:kernel:s0 tcontext=u:r:kernel:s0 tclass=capability permissive=0
03-11 01:57:39.886 1530 2750 E TaskPersister: File error accessing recents directory (directory doesn't exist?).
03-11 01:57:39.941 1530 1711 I netstats_mobile_sample: [0,0,0,0,0,0,0,0,0,0,0,0,1678696998699]
03-11 01:57:39.941 1530 1711 I netstats_wifi_sample: [339191810,265542,5104139,68811,339187258,265538,5104139,68811,335393157,266945,4444185,67031,1678696998699]
03-11 01:57:40.291 0 0 I auditd : type=1400 audit(0.0:3843): avc: denied { kill } for comm="swapper/7" capability=5 scontext=u:r:kernel:s0 tcontext=u:r:kernel:s0 tclass=capability permissive=0
03-11 01:57:40.437 1530 1694 I input_interaction: Interaction with: ebace46 com.android.settings/com.android.settings.Settings (server), edge-swipe (server), swipe-up (server), PointerEventDispatcher0 (server),
03-11 01:57:40.613 1530 1608 I input_focus: [Focus request 94f71a4 com.android.settings/com.android.settings.Settings,reason=UpdateInputWindows]
03-11 01:57:40.613 1530 2110 I wm_finish_activity: [0,132235026,53,com.tencent.tmgp.sgame/.SGameActivity,remove-task]
03-11 01:57:40.614 1530 2110 I wm_destroy_activity: [0,132235026,53,com.tencent.tmgp.sgame/.SGameActivity,finish-imm:finishIfPossible]
03-11 01:57:40.615 1530 1614 I am_wtf : [0,1530,system_server,-1,ActivityManager,Sending non-protected broadcast com.thundercomm.gamemode.REMOVE_GAME_TASK from system 2054:com.thundercomm.gamemode/1000 pkg com.thundercomm.gamemode]
03-11 01:57:40.615 1530 1614 I DropBoxManagerService: add tag=system_server_wtf isTagEnabled=true flags=0x2
03-11 01:57:40.615 1530 1607 I sysui_multi_action: [757,803,799,window_time_0,802,3]
03-11 01:57:40.616 1530 1614 I am_wtf : [0,1530,system_server,-1,ActivityManager,Sending non-protected broadcast com.thundercomm.gamemode.REMOVE_GAME_TASK from system 2054:com.thundercomm.gamemode/1000 pkg com.thundercomm.gamemode]
03-11 01:57:40.617 1530 2110 I ActivityManager: Killing 20731:com.tencent.tmgp.sgame/u0a93 (adj 700): remove task
03-11 01:57:40.617 1530 2110 I am_kill : [0,20731,com.tencent.tmgp.sgame,700,remove task]
03-11 01:57:40.617 1530 5963 W FreeFormWindowHelper: Current Display FreeFormTask is null
03-11 01:57:40.617 1530 2110 I ActivityManager: Killing 20765:com.tencent.tmgp.sgame:xg_vip_service/u0a93 (adj 500): remove task
03-11 01:57:40.617 1530 2110 I am_kill : [0,20765,com.tencent.tmgp.sgame:xg_vip_service,500,remove task]
03-11 01:57:40.617 1530 1614 I DropBoxManagerService: add tag=system_server_wtf isTagEnabled=true flags=0x2
03-11 01:57:40.619 1530 2750 E TaskPersister: File error accessing recents directory (directory doesn't exist?).
03-11 01:57:40.628 1530 5963 I am_proc_died: [0,20765,com.tencent.tmgp.sgame:xg_vip_service,500,10]
03-11 01:57:40.629 1530 5963 W ActivityManager: Scheduling restart of crashed service com.tencent.tmgp.sgame/com.tencent.android.tpush.service.XGVipPushService in 1000ms for connection
03-11 01:57:40.629 1530 5963 I am_schedule_service_restart: [0,com.tencent.tmgp.sgame/com.tencent.android.tpush.service.XGVipPushService,1000]
03-11 01:57:40.642 1530 1694 I input_focus: [Focus entering 94f71a4 com.android.settings/com.android.settings.Settings (server),reason=setFocusedWindow]
03-11 01:57:40.664 1530 5963 I am_proc_died: [0,20731,com.tencent.tmgp.sgame,700,10]
03-11 01:57:40.664 1530 4910 I WindowManager: WIN DEATH: Window{a6d36e7 u0 com.tencent.tmgp.sgame/com.tencent.tmgp.sgame.SGameActivity}
03-11 01:57:40.665 1530 5963 I am_uid_stopped: 10093
03-11 01:57:40.666 1530 5963 I wm_task_removed: [53,removeChild:removeChild last r=ActivityRecord{7e1bf12 u0 com.tencent.tmgp.sgame/.SGameActivity t-1 f}} in t=Task{bc2f455 #53 type=standard A=10093:com.tencent.tmgp.sgame U=0 visible=false mode=fullscreen translucent=true sz=0}]
03-11 01:57:40.666 1530 5963 I wm_task_removed: [53,removeChild]
03-11 01:57:40.667 1530 1607 W ActivityManager: setHasOverlayUi called on unknown pid: 20731
03-11 01:57:40.667 1530 1613 W UsageStatsService: Unexpected activity event reported! (com.tencent.tmgp.sgame/com.tencent.tmgp.sgame.SGameActivity event : 23 instanceId : 226417991)
03-11 01:57:40.667 1530 1608 W ActivityTaskManager: Can't find TaskDisplayArea to determine support for multi window. Task id=53 attached=false
03-11 01:57:40.667 1530 1608 W ActivityTaskManager: Can't find TaskDisplayArea to determine support for multi window. Task id=53 attached=false
03-11 01:57:40.714 1530 4910 W FreeFormWindowHelper: Current Display FreeFormTask is null
03-11 01:57:41.258 1530 1694 I input_interaction: Interaction with: 94f71a4 com.android.settings/com.android.settings.Settings (server), edge-swipe (server), swipe-up (server), PointerEventDispatcher0 (server),
03-11 01:57:41.261 1530 5963 W FreeFormWindowHelper: Current Display FreeFormTask is null
03-11 01:57:41.261 1530 8134 I wm_task_moved: [1,0,0]
03-11 01:57:41.261 1530 8134 I wm_task_moved: [1,0,5]
03-11 01:57:41.262 1530 5963 W FreeFormWindowHelper: Current Display FreeFormTask is null
03-11 01:57:41.263 2553 2553 I wm_on_restart_called: [152492181,com.android.launcher3.uioverrides.QuickstepLauncher,performRestartActivity]
03-11 01:57:41.264 1530 4910 W FreeFormWindowHelper: Current Display FreeFormTask is null
03-11 01:57:41.264 1530 4910 W FreeFormWindowHelper: Current Display FreeFormTask is null
03-11 01:57:41.264 1530 4910 W FreeFormWindowHelper: Current Display FreeFormTask is null
03-11 01:57:41.271 2553 2553 I wm_on_start_called: [152492181,com.android.launcher3.uioverrides.QuickstepLauncher,handleStartActivity]
03-11 01:57:41.273 1530 3072 W ActivityTaskManager: getTaskSnapshot: taskId=-474 not found
03-11 01:57:41.274 1530 4910 W FreeFormWindowHelper: Current Display FreeFormTask is null
03-11 01:57:41.274 1530 4910 W FreeFormWindowHelper: Current Display FreeFormTask is null
03-11 01:57:41.274 1530 4910 W ActivityTaskManager: getTaskSnapshot: taskId=-474 not found
03-11 01:57:41.274 1530 4910 W ActivityTaskManager: getTaskSnapshot: taskId=-474 not found
03-11 01:57:41.274 1530 4910 W ActivityTaskManager: getTaskSnapshot: taskId=-474 not found
03-11 01:57:41.293 1530 4910 W FreeFormWindowHelper: Current Display FreeFormTask is null
03-11 01:57:41.293 1530 4910 W FreeFormWindowHelper: Current Display FreeFormTask is null
03-11 01:57:41.297 1530 1604 I sysui_multi_action: [319,3,322,34,325,3047,757,761,758,9,759,5,806,com.android.launcher3,871,com.android.launcher3.uioverrides.QuickstepLauncher,905,0,1320,4,1321,1]
03-11 01:57:41.317 6115 6115 I view_enqueue_input_event: [Motion - Cancel,com.android.settings/com.android.settings.Settings]
03-11 01:57:41.318 2553 2553 I sysui_latency: [1,35]
03-11 01:57:41.318 1530 1608 I input_focus: [Focus request recents_animation_input_consumer,reason=UpdateInputWindows]
03-11 01:57:41.324 1530 8134 W FreeFormWindowHelper: Current Display FreeFormTask is null
03-11 01:57:41.324 1530 4910 W FreeFormWindowHelper: Current Display FreeFormTask is null
03-11 01:57:41.325 1530 4910 W FreeFormWindowHelper: Current Display FreeFormTask is null
03-11 01:57:41.325 1530 8134 W FreeFormWindowHelper: Current Display FreeFormTask is null
03-11 01:57:41.326 1530 1694 I input_interaction: Interaction with: edge-swipe (server), swipe-up (server), PointerEventDispatcher0 (server),
03-11 01:57:41.326 1530 4910 W ActivityTaskManager: getTaskSnapshot: taskId=-411 not found
03-11 01:57:41.328 1530 4910 W ActivityTaskManager: getTaskSnapshot: taskId=-410 not found
03-11 01:57:41.329 1530 4910 W ActivityTaskManager: getTaskSnapshot: taskId=-410 not found
03-11 01:57:41.329 1530 4910 W ActivityTaskManager: getTaskSnapshot: taskId=-410 not found
03-11 01:57:41.329 1530 4910 W ActivityTaskManager: getTaskSnapshot: taskId=-410 not found
03-11 01:57:41.341 1530 4910 W FreeFormWindowHelper: Current Display FreeFormTask is null
03-11 01:57:41.341 1530 8134 W FreeFormWindowHelper: Current Display FreeFormTask is null
03-11 01:57:41.341 1530 1694 I input_focus: [Focus leaving 94f71a4 com.android.settings/com.android.settings.Settings (server),reason=NOT_FOCUSABLE]
03-11 01:57:41.342 1530 1694 I input_focus: [Focus entering recents_animation_input_consumer (server),reason=setFocusedWindow]
03-11 01:57:41.357 1530 5963 W FreeFormWindowHelper: Current Display FreeFormTask is null
03-11 01:57:41.358 1530 8134 W FreeFormWindowHelper: Current Display FreeFormTask is null
03-11 01:57:41.472 1530 1678 I commit_sys_config_file: [settings-1-0,2]
03-11 01:57:41.597 1530 1613 I sysui_latency: [8,36]
03-11 01:57:41.648 1530 5963 W FreeFormWindowHelper: Current Display FreeFormTask is null
03-11 01:57:41.648 1530 5963 W FreeFormWindowHelper: Current Display FreeFormTask is null
03-11 01:57:41.649 1530 5963 W FreeFormWindowHelper: Current Display FreeFormTask is null
03-11 01:57:41.994 1530 5963 I wm_task_moved: [1,1,6]
03-11 01:57:41.994 1530 5963 I wm_focused_root_task: [0,0,1,22,RecentsAnimation.onAnimationFinished()]
03-11 01:57:41.994 6115 6115 I wm_on_top_resumed_lost_called: [89475057,com.android.settings.Settings,topStateChangedWhenResumed]
03-11 01:57:41.995 1530 5963 I wm_pause_activity: [0,89475057,com.android.settings/.Settings,userLeaving=false,pauseBackTasks]
03-11 01:57:41.995 1530 5963 I ActivityTaskManager: FOREGROUND_APPLICATION_CHANGED to com.android.launcher3.uioverrides.QuickstepLauncher
03-11 01:57:41.995 1530 5963 I wm_set_resumed_activity: [0,com.android.launcher3/.uioverrides.QuickstepLauncher,resumeTopActivityInnerLocked]
03-11 01:57:41.996 1530 5963 I wm_resume_activity: [0,152492181,10,com.android.launcher3/.uioverrides.QuickstepLauncher]
03-11 01:57:41.996 1530 5963 I wm_add_to_stopping: [0,89475057,com.android.settings/.Settings,makeInvisible]
03-11 01:57:41.996 2553 2553 I wm_on_resume_called: [152492181,com.android.launcher3.uioverrides.QuickstepLauncher,RESUME_ACTIVITY]
03-11 01:57:41.998 1530 1608 I input_focus: [Focus request f58b61 com.android.launcher3/com.android.launcher3.uioverrides.QuickstepLauncher,reason=UpdateInputWindows]
03-11 01:57:41.999 6115 6115 I sysui_multi_action: [757,35,758,2,1089,5101]
03-11 01:57:41.999 1530 1607 I sysui_multi_action: [757,803,799,window_time_0,802,2]
03-11 01:57:41.999 1530 8134 W FreeFormWindowHelper: Current Display FreeFormTask is null
03-11 01:57:41.999 6115 6115 I sysui_multi_action: [757,3000,758,2,1089,5099]
03-11 01:57:41.999 1530 8134 W FreeFormWindowHelper: Current Display FreeFormTask is null
03-11 01:57:42.000 6115 6115 I sysui_multi_action: [757,3000,758,2,1089,5100]
03-11 01:57:42.000 1530 8134 W FreeFormWindowHelper: Current Display FreeFormTask is null
03-11 01:57:42.000 1530 2117 I wm_stop_activity: [0,89475057,com.android.settings/.Settings]
03-11 01:57:42.000 6115 6115 I wm_on_paused_called: [89475057,com.android.settings.Settings,performPause]
03-11 01:57:42.003 6115 6115 I wm_on_stop_called: [89475057,com.android.settings.Settings,STOP_ACTIVITY_ITEM]
03-11 01:57:42.004 1530 1607 I sysui_multi_action: [757,803,799,window_time_0,802,0]
03-11 01:57:42.010 1530 1694 I input_focus: [Focus leaving recents_animation_input_consumer (server),reason=NOT_VISIBLE]
03-11 01:57:42.015 1530 3072 W FreeFormWindowHelper: Current Display FreeFormTask is null
03-11 01:57:42.015 1530 3072 W FreeFormWindowHelper: Current Display FreeFormTask is null
03-11 01:57:42.017 2553 2553 I wm_on_top_resumed_gained_called: [152492181,com.android.launcher3.uioverrides.QuickstepLauncher,topStateChangedWhenResumed]
03-11 01:57:42.027 1530 1694 I input_focus: [Focus entering f58b61 com.android.launcher3/com.android.launcher3.uioverrides.QuickstepLauncher (server),reason=setFocusedWindow]
03-11 01:57:42.100 1530 8134 W FreeFormWindowHelper: Current Display FreeFormTask is null
03-11 01:57:42.213 1530 1678 I commit_sys_config_file: [settings-1-0,1]
01-01 09:04:43.320 0 0 E DTC_ETH,link_delay_work_func: 3003, SQI=0, link=0
03-11 01:57:42.361 1530 1694 I input_interaction: Interaction with: f58b61 com.android.launcher3/com.android.launcher3.uioverrides.QuickstepLauncher (server), b266317 com.android.systemui.ImageWallpaper (server), edge-swipe (server), swipe-up (server), PointerEventDispatcher0 (server),
03-11 01:57:42.426 2553 2553 I view_enqueue_input_event: [Motion - Cancel,com.android.launcher3/com.android.launcher3.uioverrides.QuickstepLauncher]
03-11 01:57:42.428 1530 1694 I input_interaction: Interaction with: edge-swipe (server), swipe-up (server), PointerEventDispatcher0 (server),
03-11 01:57:42.492 1530 11635 W FreeFormWindowHelper: exitRecentTasks type=0
03-11 01:57:43.291 0 0 I auditd : type=1400 audit(0.0:3844): avc: denied { kill } for comm="swapper/7" capability=5 scontext=u:r:kernel:s0 tcontext=u:r:kernel:s0 tclass=capability permissive=0
03-11 01:57:43.365 1530 1694 I input_interaction: Interaction with: f58b61 com.android.launcher3/com.android.launcher3.uioverrides.QuickstepLauncher (server), b266317 com.android.systemui.ImageWallpaper (server), edge-swipe (server), swipe-up (server), PointerEventDispatcher0 (server),
03-11 01:57:43.511 1530 8134 I thunderperf: PlatormCompat.setOverrides: Uid1=10075 Pid1=2553 Uid2=10075 Pid2=2553
03-11 01:57:43.511 1530 8134 I thunderperf: PlatormCompat.setOverrides: needCheck:false
03-11 01:57:43.511 1530 8134 I thunderperf: CompatConfig.addOverrideUnsafe: bef-state=1
03-11 01:57:43.511 1530 8134 I thunderperf: CompatConfig.addOverrideUnsafe: aft-state=0
03-11 01:57:43.512 1530 8134 I thunderperf: CompatConfig.addOverrideUnsafe: bef-state=1
03-11 01:57:43.512 1530 8134 I thunderperf: CompatConfig.addOverrideUnsafe: aft-state=0
03-11 01:57:43.512 1530 8134 I thunderperf: CompatConfig.addOverrideUnsafe: bef-state=1
03-11 01:57:43.512 1530 8134 I thunderperf: CompatConfig.addOverrideUnsafe: aft-state=0
03-11 01:57:43.512 1530 8134 I thunderperf: CompatConfig.addOverrideUnsafe: bef-state=1
03-11 01:57:43.512 1530 8134 I thunderperf: CompatConfig.addOverrideUnsafe: aft-state=0
03-11 01:57:43.512 1530 8134 I thunderperf: CompatConfig.addOverrideUnsafe: bef-state=1
03-11 01:57:43.513 1530 8134 I thunderperf: CompatConfig.addOverrideUnsafe: aft-state=0
03-11 01:57:43.513 1530 8134 I thunderperf: CompatConfig.addOverrideUnsafe: bef-state=1
03-11 01:57:43.513 1530 8134 I thunderperf: CompatConfig.addOverrideUnsafe: aft-state=0
03-11 01:57:43.513 1530 8134 I thunderperf: CompatConfig.addOverrideUnsafe: bef-state=1
03-11 01:57:43.513 1530 8134 I thunderperf: CompatConfig.addOverrideUnsafe: aft-state=0
03-11 01:57:43.513 1530 8134 I thunderperf: CompatConfig.addOverrideUnsafe: bef-state=1
03-11 01:57:43.513 1530 8134 I thunderperf: CompatConfig.addOverrideUnsafe: aft-state=0
03-11 01:57:43.514 1530 8134 I thunderperf: CompatConfig.addOverrideUnsafe: bef-state=1
03-11 01:57:43.514 1530 8134 I thunderperf: CompatConfig.addOverrideUnsafe: aft-state=0
03-11 01:57:43.514 1530 8134 I thunderperf: CompatConfig.addOverrideUnsafe: bef-state=1
03-11 01:57:43.514 1530 8134 I thunderperf: CompatConfig.addOverrideUnsafe: aft-state=0
03-11 01:57:43.514 1530 8134 I thunderperf: CompatConfig.addOverrideUnsafe: bef-state=1
03-11 01:57:43.514 1530 8134 I thunderperf: CompatConfig.addOverrideUnsafe: aft-state=0
03-11 01:57:43.514 1530 8134 I thunderperf: CompatConfig.addOverrideUnsafe: bef-state=1
03-11 01:57:43.514 1530 8134 I thunderperf: CompatConfig.addOverrideUnsafe: aft-state=0
03-11 01:57:43.515 1530 8134 I thunderperf: CompatConfig.addOverrideUnsafe: bef-state=1
03-11 01:57:43.515 1530 8134 I thunderperf: CompatConfig.addOverrideUnsafe: aft-state=0
03-11 01:57:43.515 1530 8134 I thunderperf: CompatConfig.addOverrideUnsafe: bef-state=1
03-11 01:57:43.515 1530 8134 I thunderperf: CompatConfig.addOverrideUnsafe: aft-state=0
03-11 01:57:43.516 1530 8134 I ActivityTaskManager: START u0 {act=android.intent.action.MAIN cat=[android.intent.category.LAUNCHER] flg=0x10200000 cmp=com.tencent.tmgp.sgame/.SGameActivity bnds=[1017,120][1319,402]} from uid 10075
03-11 01:57:43.517 1530 8134 I wm_task_created: [54,-1]
03-11 01:57:43.517 1530 8134 W ActivityTaskManager: Can't find TaskDisplayArea to determine support for multi window. Task id=54 attached=false
03-11 01:57:43.518 1530 8134 D CompatibilityChangeReporter: Compat change id reported: 174042980; UID 10093; state: DISABLED
03-11 01:57:43.519 1530 8134 D CompatibilityChangeReporter: Compat change id reported: 184838306; UID 10093; state: DISABLED
03-11 01:57:43.519 1530 8134 D CompatibilityChangeReporter: Compat change id reported: 185004937; UID 10093; state: DISABLED
03-11 01:57:43.519 1530 8134 D CompatibilityChangeReporter: Compat change id reported: 181136395; UID 10093; state: DISABLED
03-11 01:57:43.519 1530 8134 D CompatibilityChangeReporter: Compat change id reported: 174042936; UID 10093; state: DISABLED
03-11 01:57:43.520 1530 8134 I wm_task_moved: [54,1,7]
03-11 01:57:43.520 1530 8134 I wm_task_to_front: [0,54]
03-11 01:57:43.520 1530 8134 I wm_create_task: [0,54]
03-11 01:57:43.520 1530 8134 I wm_create_activity: [0,119720258,54,com.tencent.tmgp.sgame/.SGameActivity,android.intent.action.MAIN,NULL,NULL,270532608]
03-11 01:57:43.520 1530 8134 I wm_task_moved: [54,1,7]
03-11 01:57:43.520 1530 8134 D CompatibilityChangeReporter: Compat change id reported: 168419799; UID 10093; state: ENABLED
03-11 01:57:43.520 1530 8134 D CompatibilityChangeReporter: Compat change id reported: 182811243; UID 10093; state: DISABLED
03-11 01:57:43.521 1530 8134 D CompatibilityChangeReporter: Compat change id reported: 189969734; UID 10093; state: DISABLED
03-11 01:57:43.521 1530 8134 D CompatibilityChangeReporter: Compat change id reported: 176926753; UID 10093; state: DISABLED
03-11 01:57:43.521 1530 8134 D CompatibilityChangeReporter: Compat change id reported: 189969779; UID 10093; state: DISABLED
03-11 01:57:43.521 1530 8134 D CompatibilityChangeReporter: Compat change id reported: 176926829; UID 10093; state: DISABLED
03-11 01:57:43.521 1530 8134 D CompatibilityChangeReporter: Compat change id reported: 189969744; UID 10093; state: DISABLED
03-11 01:57:43.522 1530 8134 D CompatibilityChangeReporter: Compat change id reported: 176926771; UID 10093; state: DISABLED
03-11 01:57:43.522 1530 8134 D CompatibilityChangeReporter: Compat change id reported: 189970036; UID 10093; state: DISABLED
03-11 01:57:43.522 1530 8134 D CompatibilityChangeReporter: Compat change id reported: 176926741; UID 10093; state: DISABLED
03-11 01:57:43.522 1530 8134 D CompatibilityChangeReporter: Compat change id reported: 189969782; UID 10093; state: DISABLED
03-11 01:57:43.522 1530 8134 D CompatibilityChangeReporter: Compat change id reported: 189970038; UID 10093; state: DISABLED
03-11 01:57:43.522 1530 8134 D CompatibilityChangeReporter: Compat change id reported: 189969749; UID 10093; state: ENABLED
03-11 01:57:43.523 1530 8134 I wm_pause_activity: [0,152492181,com.android.launcher3/.uioverrides.QuickstepLauncher,userLeaving=true,pauseBackTasks]
03-11 01:57:43.525 1530 3072 W FreeFormWindowHelper: Current Display FreeFormTask is null
03-11 01:57:43.526 2553 2553 I wm_on_top_resumed_lost_called: [152492181,com.android.launcher3.uioverrides.QuickstepLauncher,topStateChangedWhenResumed]
03-11 01:57:43.526 2553 2553 I wm_on_paused_called: [152492181,com.android.launcher3.uioverrides.QuickstepLauncher,performPause]
03-11 01:57:43.527 1530 8134 I ActivityTaskManager: FOREGROUND_APPLICATION_CHANGED to com.tencent.tmgp.sgame.SGameActivity
03-11 01:57:43.528 1530 8134 I wm_add_to_stopping: [0,152492181,com.android.launcher3/.uioverrides.QuickstepLauncher,makeInvisible]
03-11 01:57:43.531 1530 1607 I am_uid_running: 10093
03-11 01:57:43.531 1530 1607 D CompatibilityChangeReporter: Compat change id reported: 135634846; UID 10093; state: DISABLED
03-11 01:57:43.531 1530 1607 D CompatibilityChangeReporter: Compat change id reported: 177438394; UID 10093; state: DISABLED
03-11 01:57:43.531 1530 1607 D CompatibilityChangeReporter: Compat change id reported: 135772972; UID 10093; state: DISABLED
03-11 01:57:43.531 1530 1607 D CompatibilityChangeReporter: Compat change id reported: 135754954; UID 10093; state: DISABLED
03-11 01:57:43.531 1530 1615 D CompatibilityChangeReporter: Compat change id reported: 143937733; UID 10093; state: DISABLED
03-11 01:57:43.532 1530 1607 I sysui_multi_action: [757,803,799,window_time_0,802,1]
03-11 01:57:43.533 1530 1694 I input_focus: [Focus leaving f58b61 com.android.launcher3/com.android.launcher3.uioverrides.QuickstepLauncher (server),reason=NO_WINDOW]
03-11 01:57:43.536 1530 1615 I am_proc_start: [0,21205,10093,com.tencent.tmgp.sgame,pre-top-activity,{com.tencent.tmgp.sgame/com.tencent.tmgp.sgame.SGameActivity}]
03-11 01:57:43.537 1530 1615 I ActivityManager: Start proc 21205:com.tencent.tmgp.sgame/u0a93 for pre-top-activity {com.tencent.tmgp.sgame/com.tencent.tmgp.sgame.SGameActivity}
03-11 01:57:43.537 1530 21206 W ContextImpl: Calling a method in the system process without a qualified user: android.app.ContextImpl.sendBroadcast:1173 com.qualcomm.qti.Performance$SendGameLaunchBroadcast.run:217 java.lang.Thread.run:920
01-01 09:04:44.594 0 0 I binder : 21205:21205 ioctl 40046210 7ff5e17364 returned -22
03-11 01:57:43.551 1530 8134 I am_proc_bound: [0,21205,com.tencent.tmgp.sgame]
03-11 01:57:43.553 1530 8134 I wm_restart_activity: [0,119720258,54,com.tencent.tmgp.sgame/.SGameActivity]
03-11 01:57:43.553 1530 8134 I wm_set_resumed_activity: [0,com.tencent.tmgp.sgame/.SGameActivity,minimalResumeActivityLocked]
03-11 01:57:43.554 1530 1607 I am_uid_active: 10093
03-11 01:57:43.559 2054 3742 W ContextImpl: Calling a method in the system process without a qualified user: android.app.ContextImpl.startService:1816 android.content.ContextWrapper.startService:774 com.thundercomm.gamemode.ingame.services.GameModeActionUtils.startGameModeService:118 com.thundercomm.gamemode.ingame.services.GameModeActionUtils.startGameModeEntry:29 com.thundercomm.gamemode.ingame.services.ActivityMonitoringService$1.onActivityLaunch:140
01-01 09:04:44.608 0 0 W ALERT : changing window size from 16000000 to 20000000 at 3049704022012
03-11 01:57:43.563 1530 1530 I GameModeConfig: Current uri is uri = content://com.thundercomm.gamemode.api/gamemode_settings/gamemode_isgaming
03-11 01:57:43.564 1530 1530 I GameModeConfig: isGameModeOn = true
03-11 01:57:43.564 1530 1530 I GameModeConfig: isGaming = true
03-11 01:57:43.565 1530 1530 I GameModeConfig: isDisableNotification = true
03-11 01:57:43.565 1530 1530 I GameModeConfig: isGameModeOn = true
03-11 01:57:43.565 1530 1530 I GameModeConfig: isGaming = true
03-11 01:57:43.565 1530 1530 I GameModeConfig: isDisableNotification = true
01-01 09:04:44.614 0 0 I : [MAX975X:max96755x_drm_notifier_callback] *INFO* receives EARLY_BLANK:UNBLANK
01-01 09:04:44.614 0 0 I atmel_mxt_ts 0-004a: FB event:2,blank:0
01-01 09:04:44.614 0 0 I atmel_mxt_ts 0-004a: suspend: event = 2, blank = 0, not care
01-01 09:04:44.614 0 0 I [drm:dsi_display_set_mode] [msm-dsi-info]: mdp_transfer_time_us=0 us
01-01 09:04:44.614 0 0 I [drm:dsi_display_set_mode] [msm-dsi-info]: hactive= 2560,vactive= 1080,fps=30
01-01 09:04:44.614 0 0 I : [MAX975X:max96755x_drm_notifier_callback] *INFO* receives BLANK:UNBLANK
01-01 09:04:44.614 0 0 I atmel_mxt_ts 0-004a: FB event:1,blank:0
01-01 09:04:44.614 0 0 I atmel_mxt_ts 0-004a: drm_notifier_callback: UNBLANK! Resume by drm notifier.
03-11 01:57:43.576 21205 21226 D ActivityThread: Loading provider com.tencent.tmgp.sgame.XG_SETTINGS_PROVIDER: com.tencent.tpns.baseapi.base.SettingsContentProvider
03-11 01:57:43.580 1530 1607 I DisplayDeviceRepository: Display device changed: DisplayDeviceInfo{"内置屏幕": uniqueId="local:4630946816427681409", 2560 x 1080, modeId 3, defaultModeId 1, supportedModes [{id=1, width=2560, height=1080, fps=60.000004, alternativeRefreshRates=[30.000002, 45.0]}, {id=2, width=2560, height=1080, fps=45.0, alternativeRefreshRates=[30.000002, 60.000004]}, {id=3, width=2560, height=1080, fps=30.000002, alternativeRefreshRates=[45.0, 60.000004]}], colorMode 0, supportedColorModes [0], hdrCapabilities HdrCapabilities{mSupportedHdrTypes=[2, 3, 4], mMaxLuminance=500.0, mMaxAverageLuminance=500.0, mMinLuminance=0.0}, allmSupported false, gameContentTypeSupported false, density 240, 320.315 x 318.976 dpi, appVsyncOff 1000000, presDeadline 33333333, touch INTERNAL, rotation 0, type INTERNAL, address {port=129, model=0x40446d97fee5e6}, deviceProductInfo DeviceProductInfo{name=, manufacturerPnpId=QCM, productId=1, modelYear=null, manufactureDate=ManufactureDate{week=27, year=2006}, connectionToSinkType=0}, state ON, frameRateOverride , brightnessMinimum 0.0, brightnessMaximum 1.0, brightnessDefault 1.0, FLAG_DEFAULT_DISPLAY, FLAG_ROTATES_WITH_CONTENT, FLAG_SECURE, FLAG_SUPPORTS_PROTECTED_BUFFERS}
01-01 09:04:44.628 0 0 W ALERT : changing window size from 20000000 to 8000000 at 3049724023158
03-11 01:57:43.586 1530 3072 D CompatibilityChangeReporter: Compat change id reported: 135634846; UID 10093; state: DISABLED
03-11 01:57:43.586 1530 3072 D CompatibilityChangeReporter: Compat change id reported: 177438394; UID 10093; state: DISABLED
03-11 01:57:43.586 1530 3072 D CompatibilityChangeReporter: Compat change id reported: 135772972; UID 10093; state: DISABLED
03-11 01:57:43.586 1530 3072 D CompatibilityChangeReporter: Compat change id reported: 135754954; UID 10093; state: DISABLED
03-11 01:57:43.587 1530 1615 D CompatibilityChangeReporter: Compat change id reported: 143937733; UID 10093; state: DISABLED
03-11 01:57:43.592 1530 1615 I am_proc_start: [0,21239,10093,com.tencent.tmgp.sgame:xg_vip_service,service,{com.tencent.tmgp.sgame/com.tencent.android.tpush.service.XGVipPushService}]
03-11 01:57:43.592 1530 1615 I ActivityManager: Start proc 21239:com.tencent.tmgp.sgame:xg_vip_service/u0a93 for service {com.tencent.tmgp.sgame/com.tencent.android.tpush.service.XGVipPushService}
01-01 09:04:44.647 0 0 I binder : 21239:21239 ioctl 40046210 7ff5e17364 returned -22
03-11 01:57:43.603 1530 3072 I am_proc_bound: [0,21239,com.tencent.tmgp.sgame:xg_vip_service]
03-11 01:57:43.643 1530 2117 W FreeFormWindowHelper: Current Display FreeFormTask is null
03-11 01:57:43.760 1530 1678 I commit_sys_config_file: [settings-1-0,1]
03-11 01:57:43.880 21205 21205 I wm_on_create_called: [119720258,com.tencent.tmgp.sgame.SGameActivity,performCreate]
03-11 01:57:43.881 21205 21205 I wm_on_start_called: [119720258,com.tencent.tmgp.sgame.SGameActivity,handleStartActivity]
