03-11 01:57:56.560 1530 1607 I DisplayDeviceRepository: Display device changed: DisplayDeviceInfo{"内置屏幕": uniqueId="local:4630946816427681409", 2560 x 1080, modeId 3, defaultModeId 1, supportedModes [{id=1, width=2560, height=1080, fps=60.000004, alternativeRefreshRates=[30.000002, 45.0]}, {id=2, width=2560, height=1080, fps=45.0, alternativeRefreshRates=[30.000002, 60.000004]}, {id=3, width=2560, height=1080, fps=30.000002, alternativeRefreshRates=[45.0, 60.000004]}], colorMode 0, supportedColorModes [0], hdrCapabilities HdrCapabilities{mSupportedHdrTypes=[2, 3, 4], mMaxLuminance=500.0, mMaxAverageLuminance=500.0, mMinLuminance=0.0}, allmSupported false, gameContentTypeSupported false, density 240, 320.315 x 318.976 dpi, appVsyncOff 1000000, presDeadline 33333333, touch INTERNAL, rotation 0, type INTERNAL, address {port=129, model=0x40446d97fee5e6}, deviceProductInfo DeviceProductInfo{name=, manufacturerPnpId=QCM, productId=1, modelYear=null, manufactureDate=ManufactureDate{week=27, year=2006}, connectionToSinkType=0}, state ON, frameRateOverride , brightnessMinimum 0.0, brightnessMaximum 1.0, brightnessDefault 1.0, FLAG_DEFAULT_DISPLAY, FLAG_ROTATES_WITH_CONTENT, FLAG_SECURE, FLAG_SUPPORTS_PROTECTED_BUFFERS}
03-11 01:57:56.573 1530 1563 I am_proc_bound: [0,21731,com.tencent.tmgp.sgame:xg_vip_service]
01-01 09:04:57.617 0 0 I binder : 21731:21731 ioctl 40046210 7ff5e17364 returned -22
03-11 01:57:56.607 1530 4910 W FreeFormWindowHelper: Current Display FreeFormTask is null
03-11 01:57:56.730 1530 1678 I commit_sys_config_file: [settings-1-0,1]
03-11 01:57:56.845 21696 21696 I wm_on_create_called: [201648842,com.tencent.tmgp.sgame.SGameActivity,performCreate]
03-11 01:57:56.846 21696 21696 I wm_on_start_called: [201648842,com.tencent.tmgp.sgame.SGameActivity,handleStartActivity]
03-11 01:57:56.849 21696 21696 I wm_on_resume_called: [201648842,com.tencent.tmgp.sgame.SGameActivity,RESUME_ACTIVITY]
03-11 01:57:56.852 1530 9804 W WindowManager: Failed looking up window session=Session{e903b60 21696:u0a10093} callers=com.android.server.wm.WindowManagerService.windowForClientLocked:5628 com.android.server.wm.Session.insetsModified:629 android.view.IWindowSession$Stub.onTransact:1151
03-11 01:57:56.853 21696 21696 I wm_on_top_resumed_gained_called: [201648842,com.tencent.tmgp.sgame.SGameActivity,topStateChangedWhenResumed]
03-11 01:57:56.881 1530 1608 I input_focus: [Focus request c78a2bf com.tencent.tmgp.sgame/com.tencent.tmgp.sgame.SGameActivity,reason=UpdateInputWindows]
01-01 09:04:57.942 0 0 I binder : 21696:21732 ioctl 40046210 79a35fb1f4 returned -22
03-11 01:57:56.895 21696 21696 I auditd : type=1400 audit(0.0:3867): avc: granted { execute } for comm="tbs_preinit" path="/data/user/0/com.tencent.tmgp.sgame/app_tbs_64/core_share/libwebp_base.so" dev="dm-10" ino=5511 scontext=u:r:untrusted_app_29:s0:c93,c256,c512,c768 tcontext=u:object_r:app_data_file:s0:c93,c256,c512,c768 tclass=file app=com.tencent.tmgp.sgame
03-11 01:57:56.903 21696 21696 I auditd : type=1400 audit(0.0:3868): avc: granted { execute } for comm="logging-thread" path="/data/user/0/com.tencent.tmgp.sgame/app_tbs_64/core_share/libx5log.so" dev="dm-10" ino=5517 scontext=u:r:untrusted_app_29:s0:c93,c256,c512,c768 tcontext=u:object_r:app_data_file:s0:c93,c256,c512,c768 tclass=file app=com.tencent.tmgp.sgame
03-11 01:57:56.929 1530 1604 I sysui_multi_action: [319,18,321,16,322,430,325,3062,757,761,758,7,759,1,806,com.tencent.tmgp.sgame,871,com.tencent.tmgp.sgame.SGameActivity,904,com.android.launcher3,905,0,945,26,1320,4,1321,4]
03-11 01:57:56.929 1530 1604 I wm_activity_launch_time: [0,201648842,com.tencent.tmgp.sgame/.SGameActivity,430]
03-11 01:57:56.931 21696 21696 I auditd : type=1400 audit(0.0:3869): avc: granted { execute } for comm="TP-IoBound-3" path="/data/user/0/com.tencent.tmgp.sgame/app_tbs_64/core_share/libqb_keystore.so" dev="dm-10" ino=5485 scontext=u:r:untrusted_app_29:s0:c93,c256,c512,c768 tcontext=u:object_r:app_data_file:s0:c93,c256,c512,c768 tclass=file app=com.tencent.tmgp.sgame
03-11 01:57:56.939 21696 21696 I auditd : type=1400 audit(0.0:3870): avc: granted { execute } for comm="tbs_preinit" path="/data/user/0/com.tencent.tmgp.sgame/app_tbs_64/core_share/libmttwebview.so" dev="dm-10" ino=5406 scontext=u:r:untrusted_app_29:s0:c93,c256,c512,c768 tcontext=u:object_r:app_data_file:s0:c93,c256,c512,c768 tclass=file app=com.tencent.tmgp.sgame
03-11 01:57:56.947 1530 1694 I input_focus: [Focus entering c78a2bf com.tencent.tmgp.sgame/com.tencent.tmgp.sgame.SGameActivity (server),reason=setFocusedWindow]
03-11 01:57:56.955 21696 21696 I auditd : type=1400 audit(0.0:3871): avc: granted { execute } for comm="beacon-thread-1" path="/data/user/0/com.tencent.tmgp.sgame/app_tbs_64/core_share/libtbsbeaconid.so" dev="dm-10" ino=5497 scontext=u:r:untrusted_app_29:s0:c93,c256,c512,c768 tcontext=u:object_r:app_data_file:s0:c93,c256,c512,c768 tclass=file app=com.tencent.tmgp.sgame
01-01 09:04:58.010 0 0 W audit : audit_lost=1366 audit_rate_limit=5 audit_backlog_limit=64
01-01 09:04:58.010 0 0 E audit : rate limit exceeded
03-11 01:57:57.048 1530 1607 I wm_stop_activity: [0,152492181,com.android.launcher3/.uioverrides.QuickstepLauncher]
03-11 01:57:57.091 2553 2553 I wm_on_stop_called: [152492181,com.android.launcher3.uioverrides.QuickstepLauncher,STOP_ACTIVITY_ITEM]
03-11 01:57:57.133 1530 11635 W ActivityManager: Unable to start service Intent { act=com.tencent.tpns.mqttchannel.FEEDBACK pkg=com.tencent.tmgp.sgame } U=0: not found
03-11 01:57:57.313 1530 1694 I input_interaction: Interaction with: c78a2bf com.tencent.tmgp.sgame/com.tencent.tmgp.sgame.SGameActivity (server), edge-swipe (server), swipe-up (server), PointerEventDispatcher0 (server),
03-11 01:57:57.620 1530 2750 E TaskPersister: File error accessing recents directory (directory doesn't exist?).
01-01 09:04:58.680 0 0 E DTC_ETH,link_delay_work_func: 3003, SQI=0, link=0
03-11 01:57:58.291 0 0 I auditd : type=1400 audit(0.0:3875): avc: denied { kill } for comm="swapper/6" capability=5 scontext=u:r:kernel:s0 tcontext=u:r:kernel:s0 tclass=capability permissive=0
03-11 01:57:58.491 1530 10835 W FreeFormWindowHelper: Current Display FreeFormTask is null
03-11 01:57:58.491 1530 10835 W FreeFormWindowHelper: Current Display FreeFormTask is null
03-11 01:57:58.492 1530 10835 I wm_task_moved: [1,0,0]
03-11 01:57:58.492 1530 10835 I wm_task_moved: [1,0,6]
03-11 01:57:58.496 1530 10835 W FreeFormWindowHelper: Current Display FreeFormTask is null
03-11 01:57:58.498 1530 1563 W FreeFormWindowHelper: Current Display FreeFormTask is null
03-11 01:57:58.498 2553 2553 I wm_on_restart_called: [152492181,com.android.launcher3.uioverrides.QuickstepLauncher,performRestartActivity]
03-11 01:57:58.499 1530 10835 W FreeFormWindowHelper: Current Display FreeFormTask is null
03-11 01:57:58.499 1530 10835 W FreeFormWindowHelper: Current Display FreeFormTask is null
03-11 01:57:58.510 2553 2553 I wm_on_start_called: [152492181,com.android.launcher3.uioverrides.QuickstepLauncher,handleStartActivity]
03-11 01:57:58.513 1530 10835 W ActivityTaskManager: getTaskSnapshot: taskId=-238 not found
03-11 01:57:58.513 1530 10835 W ActivityTaskManager: getTaskSnapshot: taskId=-238 not found
03-11 01:57:58.513 1530 10835 W ActivityTaskManager: getTaskSnapshot: taskId=-238 not found
03-11 01:57:58.513 1530 10835 W ActivityTaskManager: getTaskSnapshot: taskId=-238 not found
03-11 01:57:58.553 1530 10835 W FreeFormWindowHelper: Current Display FreeFormTask is null
03-11 01:57:58.553 1530 1563 W FreeFormWindowHelper: Current Display FreeFormTask is null
03-11 01:57:58.553 1530 10835 W ActivityTaskManager: getTaskSnapshot: taskId=-238 not found
03-11 01:57:58.553 1530 10835 W ActivityTaskManager: getTaskSnapshot: taskId=-238 not found
03-11 01:57:58.554 1530 10835 W ActivityTaskManager: getTaskSnapshot: taskId=-238 not found
03-11 01:57:58.554 1530 10835 W ActivityTaskManager: getTaskSnapshot: taskId=-238 not found
03-11 01:57:58.560 1530 1604 I sysui_multi_action: [319,3,322,65,325,3064,757,761,758,9,759,5,806,com.android.launcher3,871,com.android.launcher3.uioverrides.QuickstepLauncher,905,0,1320,4,1321,1]
03-11 01:57:58.616 1530 1563 W FreeFormWindowHelper: Current Display FreeFormTask is null
03-11 01:57:58.616 1530 8841 W FreeFormWindowHelper: Current Display FreeFormTask is null
03-11 01:57:58.711 1530 1678 I commit_sys_config_file: [settings-1-0,2]
03-11 01:57:58.723 1530 1563 W FreeFormWindowHelper: exitRecentTasks type=0
03-11 01:57:58.749 1530 1563 W FreeFormWindowHelper: Current Display FreeFormTask is null
03-11 01:57:58.749 1530 1563 W FreeFormWindowHelper: Current Display FreeFormTask is null
03-11 01:57:58.858 1530 1613 I sysui_latency: [8,68]
03-11 01:57:58.927 1530 1678 I commit_sys_config_file: [settings-1-0,1]
03-11 01:57:59.415 21696 21696 I auditd : type=1400 audit(0.0:3876): avc: denied { getattr } for comm="UnityMain" path="/sys/devices/soc0/machine" dev="sysfs" ino=66663 scontext=u:r:untrusted_app_29:s0:c93,c256,c512,c768 tcontext=u:object_r:vendor_sysfs_soc:s0 tclass=file permissive=0 app=com.tencent.tmgp.sgame
03-11 01:57:59.415 21696 21696 I auditd : type=1400 audit(0.0:3877): avc: denied { getattr } for comm="UnityMain" path="/sys/devices/soc0/machine" dev="sysfs" ino=66663 scontext=u:r:untrusted_app_29:s0:c93,c256,c512,c768 tcontext=u:object_r:vendor_sysfs_soc:s0 tclass=file permissive=0 app=com.tencent.tmgp.sgame
03-11 01:57:59.515 1530 1694 I input_interaction: Interaction with: c78a2bf com.tencent.tmgp.sgame/com.tencent.tmgp.sgame.SGameActivity (server), b266317 com.android.systemui.ImageWallpaper (server), edge-swipe (server), swipe-up (server), PointerEventDispatcher0 (server),
03-11 01:58:00.291 0 0 I auditd : type=1400 audit(0.0:3878): avc: denied { kill } for comm="swapper/7" capability=5 scontext=u:r:kernel:s0 tcontext=u:r:kernel:s0 tclass=capability permissive=0
03-11 01:58:00.555 21696 21696 I auditd : type=1400 audit(0.0:3879): avc: denied { read } for comm="pcdn_udp" name="snmp" dev="proc" ino=4026532261 scontext=u:r:untrusted_app_29:s0:c93,c256,c512,c768 tcontext=u:object_r:proc_net:s0 tclass=file permissive=0 app=com.tencent.tmgp.sgame
03-11 01:58:00.655 21696 21696 I auditd : type=1400 audit(0.0:3880): avc: denied { read } for comm="pcdn_udp" name="snmp" dev="proc" ino=4026532261 scontext=u:r:untrusted_app_29:s0:c93,c256,c512,c768 tcontext=u:object_r:proc_net:s0 tclass=file permissive=0 app=com.tencent.tmgp.sgame
03-11 01:58:01.291 0 0 I auditd : type=1400 audit(0.0:3881): avc: denied { kill } for comm="swapper/7" capability=5 scontext=u:r:kernel:s0 tcontext=u:r:kernel:s0 tclass=capability permissive=0
03-11 01:58:01.624 1530 1563 I ActivityManager: PendingStartActivityUids startActivity to updateOomAdj delay:3130ms, uid:10075
03-11 01:58:02.291 0 0 I auditd : type=1400 audit(0.0:3882): avc: denied { kill } for comm="swapper/7" capability=5 scontext=u:r:kernel:s0 tcontext=u:r:kernel:s0 tclass=capability permissive=0
01-01 09:05:03.800 0 0 E DTC_ETH,link_delay_work_func: 3003, SQI=0, link=0
03-11 01:58:03.291 0 0 I auditd : type=1400 audit(0.0:3883): avc: denied { kill } for comm="swapper/7" capability=5 scontext=u:r:kernel:s0 tcontext=u:r:kernel:s0 tclass=capability permissive=0
03-11 01:58:03.958 1530 1711 I netstats_mobile_sample: [0,0,0,0,0,0,0,0,0,0,0,0,1678697022716]
03-11 01:58:03.958 1530 1711 I netstats_wifi_sample: [339191810,265542,5104139,68811,339187258,265538,5104139,68811,335393157,266945,4444185,67031,1678697022716]
03-11 01:58:04.101 1530 1530 I service_manager_stats: [100,21,14752]
03-11 01:58:04.291 0 0 I auditd : type=1400 audit(0.0:3884): avc: denied { kill } for comm="swapper/7" capability=5 scontext=u:r:kernel:s0 tcontext=u:r:kernel:s0 tclass=capability permissive=0
03-11 01:58:05.253 1530 1694 I input_interaction: Interaction with: 88dbfd8 StatusBar (server), edge-swipe (server), swipe-up (server), PointerEventDispatcher0 (server),
03-11 01:58:05.255 1950 1950 I sysui_multi_action: [757,803,799,panel_open,802,1]
03-11 01:58:05.255 1950 1950 I sysui_multi_action: [757,1328,758,4,1326,75,1327,2,1329,0]
03-11 01:58:05.291 0 0 I auditd : type=1400 audit(0.0:3885): avc: denied { kill } for comm="swapper/7" capability=5 scontext=u:r:kernel:s0 tcontext=u:r:kernel:s0 tclass=capability permissive=0
03-11 01:58:05.304 1530 4910 I sysui_multi_action: [757,127,758,1]
03-11 01:58:05.304 1530 4910 I sysui_multi_action: [757,804,799,note_load,801,2,802,1]
03-11 01:58:05.304 1530 4910 I notification_panel_revealed: 2
03-11 01:58:05.312 1530 1608 I input_focus: [Focus request bb33d3e NotificationShade,reason=UpdateInputWindows]
03-11 01:58:05.316 1530 4910 I sysui_multi_action: [757,128,758,1,793,2959243,794,0,795,2959243,796,26,798,0,806,android,857,DEVELOPER_IMPORTANT,858,4,947,0,1395,2,1500,2959039,1688,1]
03-11 01:58:05.316 1530 4910 I sysui_multi_action: [757,804,799,note_freshness,801,2959243,802,1]
03-11 01:58:05.316 1530 4910 I notification_visibility: [-1|android|26|null|1000,1,2959243,2959243,0,0]
03-11 01:58:05.317 1530 4910 I sysui_multi_action: [757,128,758,1,793,3060700,794,0,795,3060700,796,32,798,1,806,android,857,USB,858,1,947,0,1395,2,1500,3060340,1688,1]
03-11 01:58:05.317 1530 4910 I sysui_multi_action: [757,804,799,note_freshness,801,3060700,802,1]
03-11 01:58:05.317 1530 4910 I notification_visibility: [-1|android|32|null|1000,1,3060700,3060700,0,1]
03-11 01:58:05.333 1530 1694 I input_focus: [Focus leaving c78a2bf com.tencent.tmgp.sgame/com.tencent.tmgp.sgame.SGameActivity (server),reason=setFocusedWindow]
03-11 01:58:05.333 1530 1694 I input_focus: [Focus entering bb33d3e NotificationShade (server),reason=setFocusedWindow]
03-11 01:58:05.432 1950 1950 I sysui_multi_action: [757,111,758,1]
03-11 01:58:05.432 1950 1950 I sysui_multi_action: [757,126,758,1,759,126,927,0,928,1,1593,0]
03-11 01:58:05.432 1950 1950 I sysui_multi_action: [757,113,758,1,759,113,927,1,928,1,1593,0]
03-11 01:58:05.432 1950 1950 I sysui_multi_action: [757,0,758,1,759,0,927,2,928,0,1593,0]
03-11 01:58:05.432 1950 1950 I sysui_multi_action: [757,0,758,1,759,0,927,3,928,0,1593,0]
03-11 01:58:05.433 1950 1950 I sysui_multi_action: [757,491,758,1,759,491,927,4,928,0,1311,-1,1593,0]
03-11 01:58:05.433 1950 1950 I sysui_multi_action: [757,0,758,1,759,0,927,5,928,0,1593,0]
03-11 01:58:05.433 1950 1950 I sysui_multi_action: [757,111,758,1]
03-11 01:58:05.433 1950 1950 I sysui_multi_action: [757,126,758,1,759,126,927,0,928,1,1593,0]
03-11 01:58:05.433 1950 1950 I sysui_multi_action: [757,113,758,1,759,113,927,1,928,1,1593,0]
03-11 01:58:05.433 1950 1950 I sysui_multi_action: [757,0,758,1,759,0,927,2,928,0,1593,0]
03-11 01:58:05.433 1950 1950 I sysui_multi_action: [757,0,758,1,759,0,927,3,928,0,1593,0]
03-11 01:58:06.059 1530 1711 I netstats_mobile_sample: [0,0,0,0,0,0,0,0,0,0,0,0,1678697024817]
03-11 01:58:06.059 1530 1711 I netstats_wifi_sample: [339191810,265542,5104139,68811,339187258,265538,5104139,68811,335393157,266945,4444185,67031,1678697024817]
03-11 01:58:06.223 1530 1694 I input_interaction: Interaction with: bb33d3e NotificationShade (server), edge-swipe (server), swipe-up (server), PointerEventDispatcher0 (server),
03-11 01:58:06.291 0 0 I auditd : type=1400 audit(0.0:3886): avc: denied { kill } for comm="swapper/7" capability=5 scontext=u:r:kernel:s0 tcontext=u:r:kernel:s0 tclass=capability permissive=0
03-11 01:58:06.635 1530 1752 I GameModeConfig: isGameModeOn = true
03-11 01:58:06.635 1530 1752 I GameModeConfig: isGaming = true
03-11 01:58:06.635 1530 1752 I GameModeConfig: isDisableNotification = true
03-11 01:58:06.635 1530 1752 I GameModeConfig: isGameModeOn = true
03-11 01:58:06.635 1530 1752 I GameModeConfig: isGaming = true
03-11 01:58:06.635 1530 1752 I GameModeConfig: isDisableNotification = true
03-11 01:58:06.635 1530 1752 I GameModeConfig: isGameModeOn = true
03-11 01:58:06.635 1530 1752 I GameModeConfig: isGaming = true
03-11 01:58:06.635 1530 1752 I GameModeConfig: isDisableNotification = true
03-11 01:58:06.635 1530 1752 I GameModeConfig: isGameModeOn = true
03-11 01:58:06.635 1530 1752 I GameModeConfig: isGaming = true
03-11 01:58:06.635 1530 1752 I GameModeConfig: isDisableNotification = true
03-11 01:58:06.635 1530 1752 I GameModeConfig: isGameModeOn = true
03-11 01:58:06.635 1530 1752 I GameModeConfig: isGaming = true
03-11 01:58:06.635 1530 1752 I GameModeConfig: isDisableNotification = true
03-11 01:58:06.635 1530 1752 I GameModeConfig: isGameModeOn = true
03-11 01:58:06.635 1530 1752 I GameModeConfig: isGaming = true
03-11 01:58:06.635 1530 1752 I GameModeConfig: isDisableNotification = true
03-11 01:58:06.635 1530 1752 I GameModeConfig: isGameModeOn = true
03-11 01:58:06.635 1530 1752 I GameModeConfig: isGaming = true
03-11 01:58:06.635 1530 1752 I GameModeConfig: isDisableNotification = true
03-11 01:58:06.636 1530 1752 I GameModeConfig: isGameModeOn = true
03-11 01:58:06.636 1530 1752 I GameModeConfig: isGaming = true
03-11 01:58:06.636 1530 1752 I GameModeConfig: isDisableNotification = true
03-11 01:58:06.636 1530 1530 I notification_enqueue: [10078,1950,com.android.systemui,2048,NULL,0,Notification(channel=updateNotification shortcut=null contentView=null vibrate=null sound=null defaults=0x0 flags=0x0 color=0x00000000 vis=PRIVATE),1]
03-11 01:58:06.636 1950 1950 I sysui_multi_action: [757,111,758,2]
03-11 01:58:06.636 1950 1950 I sysui_multi_action: [757,111,758,2]
03-11 01:58:06.774 1530 1608 I input_focus: [Focus request c78a2bf com.tencent.tmgp.sgame/com.tencent.tmgp.sgame.SGameActivity,reason=UpdateInputWindows]
03-11 01:58:06.776 1530 4910 I sysui_multi_action: [757,128,758,2,793,2960703,794,1460,795,2960703,796,26,798,0,806,android,857,DEVELOPER_IMPORTANT,858,4,947,0,1395,2,1500,2960499,1688,1]
03-11 01:58:06.777 1530 4910 I notification_visibility: [-1|android|26|null|1000,0,2960703,2960703,0,0]
03-11 01:58:06.777 1530 4910 I sysui_multi_action: [757,128,758,2,793,3062160,794,1460,795,3062160,796,32,798,1,806,android,857,USB,858,1,947,0,1395,2,1500,3061800,1688,1]
03-11 01:58:06.777 1530 4910 I notification_visibility: [-1|android|32|null|1000,0,3062160,3062160,0,1]
03-11 01:58:06.777 1530 4910 I sysui_multi_action: [757,127,758,2]
03-11 01:58:06.777 1530 4910 I notification_panel_hidden:
03-11 01:58:06.837 1530 1530 I GameModeConfig: isGameModeOn = true
03-11 01:58:06.837 1530 1530 I GameModeConfig: isGaming = true
03-11 01:58:06.837 1530 1694 I input_focus: [Focus leaving bb33d3e NotificationShade (server),reason=NO_WINDOW]
03-11 01:58:06.837 1530 1530 I GameModeConfig: isDisableNotification = true
03-11 01:58:06.837 1530 1530 I GameModeConfig: isGameModeOn = true
03-11 01:58:06.837 1530 1530 I GameModeConfig: isGaming = true
03-11 01:58:06.837 1530 1530 I GameModeConfig: isDisableNotification = true
03-11 01:58:06.837 1530 1694 I input_focus: [Focus entering c78a2bf com.tencent.tmgp.sgame/com.tencent.tmgp.sgame.SGameActivity (server),reason=setFocusedWindow]
03-11 01:58:06.847 1530 1613 I am_pss : [21696,10093,com.tencent.tmgp.sgame,546718720,527278080,0,691482624,0,2,28]
03-11 01:58:07.291 0 0 I auditd : type=1400 audit(0.0:3887): avc: denied { kill } for comm="swapper/7" capability=5 scontext=u:r:kernel:s0 tcontext=u:r:kernel:s0 tclass=capability permissive=0
03-11 01:58:07.508 1530 1694 I input_interaction: Interaction with: c78a2bf com.tencent.tmgp.sgame/com.tencent.tmgp.sgame.SGameActivity (server), b266317 com.android.systemui.ImageWallpaper (server), edge-swipe (server), swipe-up (server), PointerEventDispatcher0 (server),
03-11 01:58:07.858 1530 1711 I netstats_mobile_sample: [0,0,0,0,0,0,0,0,0,0,0,0,1678697026616]
03-11 01:58:07.858 1530 1711 I netstats_wifi_sample: [339191810,265542,5104139,68811,339187258,265538,5104139,68811,335393157,266945,4444185,67031,1678697026616]
01-01 09:05:08.920 0 0 E DTC_ETH,link_delay_work_func: 3003, SQI=0, link=0
03-11 01:58:08.291 0 0 I auditd : type=1400 audit(0.0:3888): avc: denied { kill } for comm="swapper/7" capability=5 scontext=u:r:kernel:s0 tcontext=u:r:kernel:s0 tclass=capability permissive=0
03-11 01:58:09.291 0 0 I auditd : type=1400 audit(0.0:3889): avc: denied { kill } for comm="swapper/7" capability=5 scontext=u:r:kernel:s0 tcontext=u:r:kernel:s0 tclass=capability permissive=0
03-11 01:58:09.768 1530 1711 I netstats_mobile_sample: [0,0,0,0,0,0,0,0,0,0,0,0,1678697028526]
03-11 01:58:09.768 1530 1711 I netstats_wifi_sample: [339191810,265542,5104139,68811,339187258,265538,5104139,68811,335393157,266945,4444185,67031,1678697028526]
03-11 01:58:10.291 0 0 I auditd : type=1400 audit(0.0:3890): avc: denied { kill } for comm="swapper/7" capability=5 scontext=u:r:kernel:s0 tcontext=u:r:kernel:s0 tclass=capability permissive=0
03-11 01:58:11.291 0 0 I auditd : type=1400 audit(0.0:3891): avc: denied { kill } for comm="swapper/7" capability=5 scontext=u:r:kernel:s0 tcontext=u:r:kernel:s0 tclass=capability permissive=0
03-11 01:58:11.812 1530 1694 I input_interaction: Interaction with: 88dbfd8 StatusBar (server), edge-swipe (server), swipe-up (server), PointerEventDispatcher0 (server),
03-11 01:58:11.813 1950 1950 I sysui_multi_action: [757,803,799,panel_open,802,1]
03-11 01:58:11.814 1950 1950 I sysui_multi_action: [757,1328,758,4,1326,65,1327,0,1329,0]
03-11 01:58:11.882 1530 1563 I sysui_multi_action: [757,127,758,1]
03-11 01:58:11.882 1530 1563 I sysui_multi_action: [757,804,799,note_load,801,2,802,1]
03-11 01:58:11.882 1530 1563 I notification_panel_revealed: 2
03-11 01:58:11.887 1530 1608 I input_focus: [Focus request bb33d3e NotificationShade,reason=UpdateInputWindows]
03-11 01:58:11.892 1530 4910 I sysui_multi_action: [757,128,758,1,793,2965819,794,0,795,2965819,796,26,798,0,806,android,857,DEVELOPER_IMPORTANT,858,4,947,0,1395,2,1500,2965615,1688,1]
03-11 01:58:11.892 1530 4910 I sysui_multi_action: [757,804,799,note_freshness,801,2965819,802,1]
03-11 01:58:11.892 1530 4910 I notification_visibility: [-1|android|26|null|1000,1,2965819,2965819,0,0]
03-11 01:58:11.892 1530 4910 I sysui_multi_action: [757,128,758,1,793,3067275,794,0,795,3067275,796,32,798,1,806,android,857,USB,858,1,947,0,1395,2,1500,3066915,1688,1]
03-11 01:58:11.892 1530 4910 I sysui_multi_action: [757,804,799,note_freshness,801,3067275,802,1]
03-11 01:58:11.892 1530 4910 I notification_visibility: [-1|android|32|null|1000,1,3067275,3067275,0,1]
03-11 01:58:11.898 1530 1711 I netstats_mobile_sample: [0,0,0,0,0,0,0,0,0,0,0,0,1678697030656]
03-11 01:58:11.898 1530 1711 I netstats_wifi_sample: [339191810,265542,5104139,68811,339187258,265538,5104139,68811,335393157,266945,4444185,67031,1678697030656]
03-11 01:58:11.916 1530 1694 I input_focus: [Focus leaving c78a2bf com.tencent.tmgp.sgame/com.tencent.tmgp.sgame.SGameActivity (server),reason=setFocusedWindow]
03-11 01:58:11.916 1530 1694 I input_focus: [Focus entering bb33d3e NotificationShade (server),reason=setFocusedWindow]
03-11 01:58:11.948 1950 1950 I sysui_multi_action: [757,111,758,1]
03-11 01:58:11.948 1950 1950 I sysui_multi_action: [757,126,758,1,759,126,927,0,928,1,1593,0]
03-11 01:58:11.948 1950 1950 I sysui_multi_action: [757,113,758,1,759,113,927,1,928,1,1593,0]
03-11 01:58:11.948 1950 1950 I sysui_multi_action: [757,0,758,1,759,0,927,2,928,0,1593,0]
03-11 01:58:11.948 1950 1950 I sysui_multi_action: [757,0,758,1,759,0,927,3,928,0,1593,0]
03-11 01:58:11.948 1950 1950 I sysui_multi_action: [757,491,758,1,759,491,927,4,928,0,1311,-1,1593,0]
03-11 01:58:11.948 1950 1950 I sysui_multi_action: [757,0,758,1,759,0,927,5,928,0,1593,0]
03-11 01:58:11.948 1950 1950 I sysui_multi_action: [757,111,758,1]
03-11 01:58:11.948 1950 1950 I sysui_multi_action: [757,126,758,1,759,126,927,0,928,1,1593,0]
03-11 01:58:11.948 1950 1950 I sysui_multi_action: [757,113,758,1,759,113,927,1,928,1,1593,0]
03-11 01:58:11.948 1950 1950 I sysui_multi_action: [757,0,758,1,759,0,927,2,928,0,1593,0]
03-11 01:58:11.948 1950 1950 I sysui_multi_action: [757,0,758,1,759,0,927,3,928,0,1593,0]
03-11 01:58:12.291 0 0 I auditd : type=1400 audit(0.0:3892): avc: denied { kill } for comm="swapper/7" capability=5 scontext=u:r:kernel:s0 tcontext=u:r:kernel:s0 tclass=capability permissive=0
03-11 01:58:12.984 1530 1694 I input_interaction: Interaction with: bb33d3e NotificationShade (server), edge-swipe (server), swipe-up (server), PointerEventDispatcher0 (server),
01-01 09:05:14.041 0 0 E DTC_ETH,link_delay_work_func: 3003, SQI=0, link=0
03-11 01:58:13.291 0 0 I auditd : type=1400 audit(0.0:3893): avc: denied { kill } for comm="swapper/7" capability=5 scontext=u:r:kernel:s0 tcontext=u:r:kernel:s0 tclass=capability permissive=0
03-11 01:58:13.418 1530 1752 I GameModeConfig: isGameModeOn = true
03-11 01:58:13.418 1530 1752 I GameModeConfig: isGaming = true
03-11 01:58:13.418 1530 1752 I GameModeConfig: isDisableNotification = true
03-11 01:58:13.418 1530 1752 I GameModeConfig: isGameModeOn = true
03-11 01:58:13.418 1530 1752 I GameModeConfig: isGaming = true
03-11 01:58:13.418 1530 1752 I GameModeConfig: isDisableNotification = true
03-11 01:58:13.418 1530 1752 I GameModeConfig: isGameModeOn = true
03-11 01:58:13.418 1530 1752 I GameModeConfig: isGaming = true
03-11 01:58:13.418 1530 1752 I GameModeConfig: isDisableNotification = true
03-11 01:58:13.418 1530 1752 I GameModeConfig: isGameModeOn = true
03-11 01:58:13.418 1530 1752 I GameModeConfig: isGaming = true
03-11 01:58:13.418 1530 1752 I GameModeConfig: isDisableNotification = true
03-11 01:58:13.418 1530 1752 I GameModeConfig: isGameModeOn = true
03-11 01:58:13.418 1530 1752 I GameModeConfig: isGaming = true
03-11 01:58:13.418 1530 1752 I GameModeConfig: isDisableNotification = true
03-11 01:58:13.418 1530 1752 I GameModeConfig: isGameModeOn = true
03-11 01:58:13.418 1530 1752 I GameModeConfig: isGaming = true
03-11 01:58:13.418 1530 1752 I GameModeConfig: isDisableNotification = true
03-11 01:58:13.418 1530 1752 I GameModeConfig: isGameModeOn = true
03-11 01:58:13.418 1530 1752 I GameModeConfig: isGaming = true
03-11 01:58:13.418 1530 1752 I GameModeConfig: isDisableNotification = true
03-11 01:58:13.418 1530 1752 I GameModeConfig: isGameModeOn = true
03-11 01:58:13.418 1530 1752 I GameModeConfig: isGaming = true
03-11 01:58:13.418 1530 1752 I GameModeConfig: isDisableNotification = true
03-11 01:58:13.419 1530 1530 I notification_enqueue: [10078,1950,com.android.systemui,2048,NULL,0,Notification(channel=updateNotification shortcut=null contentView=null vibrate=null sound=null defaults=0x0 flags=0x0 color=0x00000000 vis=PRIVATE),1]
03-11 01:58:13.419 1950 1950 I sysui_multi_action: [757,111,758,2]
03-11 01:58:13.419 1950 1950 I sysui_multi_action: [757,111,758,2]
03-11 01:58:13.522 1530 1608 I input_focus: [Focus request c78a2bf com.tencent.tmgp.sgame/com.tencent.tmgp.sgame.SGameActivity,reason=UpdateInputWindows]
03-11 01:58:13.524 1530 1563 I sysui_multi_action: [757,128,758,2,793,2967451,794,1632,795,2967451,796,26,798,0,806,android,857,DEVELOPER_IMPORTANT,858,4,947,0,1395,2,1500,2967247,1688,1]
03-11 01:58:13.524 1530 1563 I notification_visibility: [-1|android|26|null|1000,0,2967451,2967451,0,0]
03-11 01:58:13.524 1530 1563 I sysui_multi_action: [757,128,758,2,793,3068907,794,1632,795,3068907,796,32,798,1,806,android,857,USB,858,1,947,0,1395,2,1500,3068547,1688,1]
03-11 01:58:13.524 1530 1563 I notification_visibility: [-1|android|32|null|1000,0,3068907,3068907,0,1]
03-11 01:58:13.526 1530 1563 I sysui_multi_action: [757,127,758,2]
03-11 01:58:13.526 1530 1563 I notification_panel_hidden:
03-11 01:58:13.587 1530 1694 I input_focus: [Focus leaving bb33d3e NotificationShade (server),reason=NO_WINDOW]
03-11 01:58:13.587 1530 1694 I input_focus: [Focus entering c78a2bf com.tencent.tmgp.sgame/com.tencent.tmgp.sgame.SGameActivity (server),reason=setFocusedWindow]
03-11 01:58:13.619 1530 1530 I GameModeConfig: isGameModeOn = true
03-11 01:58:13.619 1530 1530 I GameModeConfig: isGaming = true
03-11 01:58:13.619 1530 1530 I GameModeConfig: isDisableNotification = true
03-11 01:58:13.619 1530 1530 I GameModeConfig: isGameModeOn = true
03-11 01:58:13.619 1530 1530 I GameModeConfig: isGaming = true
03-11 01:58:13.619 1530 1530 I GameModeConfig: isDisableNotification = true
03-11 01:58:13.679 1530 1694 I input_interaction: Interaction with: c78a2bf com.tencent.tmgp.sgame/com.tencent.tmgp.sgame.SGameActivity (server), b266317 com.android.systemui.ImageWallpaper (server), edge-swipe (server), swipe-up (server), PointerEventDispatcher0 (server),
03-11 01:58:13.868 1530 1711 I netstats_mobile_sample: [0,0,0,0,0,0,0,0,0,0,0,0,1678697032626]
03-11 01:58:13.868 1530 1711 I netstats_wifi_sample: [339191810,265542,5104139,68811,339187258,265538,5104139,68811,335393157,266945,4444185,67031,1678697032626]
03-11 01:58:14.291 0 0 I auditd : type=1400 audit(0.0:3894): avc: denied { kill } for comm="swapper/7" capability=5 scontext=u:r:kernel:s0 tcontext=u:r:kernel:s0 tclass=capability permissive=0
03-11 01:58:15.291 0 0 I auditd : type=1400 audit(0.0:3895): avc: denied { kill } for comm="swapper/7" capability=5 scontext=u:r:kernel:s0 tcontext=u:r:kernel:s0 tclass=capability permissive=0
01-01 09:05:16.431 0 0 I [schedu][0xdc90d5f91][01:58:15.385643] wlan: [3444:I:WMA] [01:58:15.326000] [ROAM_TRIGGER]: VDEV[0] Reason: "LOW RSSI" Cur_Rssi threshold:96 Current AP RSSI: 82
01-01 09:05:16.431 0 0 I [schedu][0xdc90d603e][01:58:15.385652] wlan: [3444:I:WMA] [01:58:15.326000] [ROAM_SCAN]: VDEV[0] Scan_type: PARTIAL next_rssi_threshold: 86 dBm {2412 }
01-01 09:05:16.431 0 0 I [schedu][0xdc90d608c][01:58:15.385656] wlan: [3444:I:WMA] ============================================================================================================================
01-01 09:05:16.431 0 0 I [schedu][0xdc90d6108][01:58:15.385663] wlan: [3444:I:WMA] AP BSSID TSTAMP CH TY ETP RSSI/SCR CU%/SCR TOT_SCR BL_RSN BL_SRC BL_TSTAMP BL_TIMEOUT(ms)
01-01 09:05:16.431 0 0 I [schedu][0xdc90d6152][01:58:15.385667] wlan: [3444:I:WMA] ============================================================================================================================
01-01 09:05:16.431 0 0 I [schedu][0xdc90d61d8][01:58:15.385674] wlan: [3444:I:WMA] d6:44:3b:15:39:91 [01:58:15.326000] 2412 P_AP 0 82/0 0/0 1005 0 0 [00:00:00.000000] 0
01-01 09:05:16.431 0 0 I [schedu][0xdc90d6218][01:58:15.385677] wlan: [3444:I:WMA] [01:58:15.382000] [ROAM_RESULT]: VDEV[0] FAILED Reason: NO AP FOUND
03-11 01:58:16.117 1530 1711 I netstats_mobile_sample: [0,0,0,0,0,0,0,0,0,0,0,0,1678697034875]
03-11 01:58:16.117 1530 1711 I netstats_wifi_sample: [339191810,265542,5104139,68811,339187258,265538,5104139,68811,335393157,266945,4444185,67031,1678697034875]
03-11 01:58:16.291 20218 20218 I auditd : type=1400 audit(0.0:3896): avc: denied { kill } for comm="kworker/u17:2" capability=5 scontext=u:r:kernel:s0 tcontext=u:r:kernel:s0 tclass=capability permissive=0
03-11 01:58:16.852 1530 1752 I GameModeConfig: isGameModeOn = true
03-11 01:58:16.852 1530 1752 I GameModeConfig: isGaming = true
03-11 01:58:16.852 1530 1752 I GameModeConfig: isDisableNotification = true
03-11 01:58:16.852 1530 1752 I GameModeConfig: isGameModeOn = true
03-11 01:58:16.852 1530 1752 I GameModeConfig: isGaming = true
03-11 01:58:16.852 1530 1752 I GameModeConfig: isDisableNotification = true
03-11 01:58:17.291 0 0 I auditd : type=1400 audit(0.0:3897): avc: denied { kill } for comm="swapper/7" capability=5 scontext=u:r:kernel:s0 tcontext=u:r:kernel:s0 tclass=capability permissive=0
01-01 09:05:19.160 0 0 E DTC_ETH,link_delay_work_func: 3003, SQI=0, link=0
03-11 01:58:18.291 0 0 I auditd : type=1400 audit(0.0:3898): avc: denied { kill } for comm="swapper/2" capability=5 scontext=u:r:kernel:s0 tcontext=u:r:kernel:s0 tclass=capability permissive=0
01-01 09:05:19.702 0 0 I [schedu][0xdcccbcad1][01:58:18.657047] wlan: [3444:I:WMA] [01:58:15.388000] [ROAM_TRIGGER]: VDEV[0] Reason: "LOW RSSI" Sub-Reason: FULL SCAN Cur_Rssi threshold:86 Current AP RSSI: 82
01-01 09:05:19.702 0 0 I [schedu][0xdcccbce6e][01:58:18.657095] wlan: [3444:I:WMA] [01:58:15.388000] [ROAM_SCAN]: VDEV[0] Scan_type: FULL next_rssi_threshold: 87 dBm
01-01 09:05:19.702 0 0 I [schedu][0xdcccbcfba][01:58:18.657112] wlan: [3444:I:WMA] ============================================================================================================================
01-01 09:05:19.702 0 0 I [schedu][0xdcccbd15b][01:58:18.657134] wlan: [3444:I:WMA] AP BSSID TSTAMP CH TY ETP RSSI/SCR CU%/SCR TOT_SCR BL_RSN BL_SRC BL_TSTAMP BL_TIMEOUT(ms)
01-01 09:05:19.702 0 0 I [schedu][0xdcccbd294][01:58:18.657150] wlan: [3444:I:WMA] ============================================================================================================================
01-01 09:05:19.702 0 0 I [schedu][0xdcccbd4d6][01:58:18.657180] wlan: [3444:I:WMA] d6:44:3b:15:39:91 [01:58:15.388000] 2412 P_AP 0 82/0 0/0 1005 0 0 [00:00:00.000000] 0
01-01 09:05:19.702 0 0 I [schedu][0xdcccbd6a3][01:58:18.657204] wlan: [3444:I:WMA] [01:58:18.653000] [ROAM_RESULT]: VDEV[0] FAILED Reason: NO AP FOUND
03-11 01:58:19.232 21696 21696 I view_enqueue_input_event: [Motion - Cancel,com.tencent.tmgp.sgame/com.tencent.tmgp.sgame.SGameActivity]
03-11 01:58:19.245 1530 1694 I input_interaction: Interaction with: edge-swipe (server), swipe-up (server), PointerEventDispatcher0 (server),
03-11 01:58:19.291 0 0 I auditd : type=1400 audit(0.0:3899): avc: denied { kill } for comm="swapper/2" capability=5 scontext=u:r:kernel:s0 tcontext=u:r:kernel:s0 tclass=capability permissive=0
03-11 01:58:19.462 1530 1563 I sysui_multi_action: [757,803,799,key_back_press,802,1]
03-11 01:58:19.465 1530 1694 I input_interaction: Interaction with: c78a2bf com.tencent.tmgp.sgame/com.tencent.tmgp.sgame.SGameActivity (server), PointerEventDispatcher0 (server),
03-11 01:58:19.993 1530 1694 I input_interaction: Interaction with: c78a2bf com.tencent.tmgp.sgame/com.tencent.tmgp.sgame.SGameActivity (server), b266317 com.android.systemui.ImageWallpaper (server), edge-swipe (server), swipe-up (server), PointerEventDispatcher0 (server),
03-11 01:58:20.025 21696 21696 I view_enqueue_input_event: [Motion - Cancel,com.tencent.tmgp.sgame/com.tencent.tmgp.sgame.SGameActivity]
03-11 01:58:20.032 1530 1694 I input_interaction: Interaction with: edge-swipe (server), swipe-up (server), PointerEventDispatcher0 (server),
03-11 01:58:20.140 1530 1711 I netstats_mobile_sample: [0,0,0,0,0,0,0,0,0,0,0,0,1678697038898]
03-11 01:58:20.140 1530 1711 I netstats_wifi_sample: [339191810,265542,5104139,68811,339187258,265538,5104139,68811,335393157,266945,4444185,67031,1678697038898]
03-11 01:58:20.342 1530 1563 I sysui_multi_action: [757,803,799,key_back_press,802,1]
03-11 01:58:20.345 1530 1694 I input_interaction: Interaction with: c78a2bf com.tencent.tmgp.sgame/com.tencent.tmgp.sgame.SGameActivity (server), PointerEventDispatcher0 (server),
03-11 01:58:21.291 0 0 I auditd : type=1400 audit(0.0:3900): avc: denied { kill } for comm="swapper/2" capability=5 scontext=u:r:kernel:s0 tcontext=u:r:kernel:s0 tclass=capability permissive=0
03-11 01:58:21.480 1530 1694 I input_interaction: Interaction with: c78a2bf com.tencent.tmgp.sgame/com.tencent.tmgp.sgame.SGameActivity (server), b266317 com.android.systemui.ImageWallpaper (server), edge-swipe (server), swipe-up (server), PointerEventDispatcher0 (server),
03-11 01:58:22.291 0 0 I auditd : type=1400 audit(0.0:3901): avc: denied { kill } for comm="swapper/2" capability=5 scontext=u:r:kernel:s0 tcontext=u:r:kernel:s0 tclass=capability permissive=0
03-11 01:58:23.073 21696 21696 I view_enqueue_input_event: [Motion - Cancel,com.tencent.tmgp.sgame/com.tencent.tmgp.sgame.SGameActivity]
03-11 01:58:23.079 1530 1694 I input_interaction: Interaction with: edge-swipe (server), swipe-up (server), PointerEventDispatcher0 (server),
01-01 09:05:24.280 0 0 E DTC_ETH,link_delay_work_func: 3003, SQI=0, link=0
03-11 01:58:23.289 1530 4910 I sysui_multi_action: [757,803,799,key_back_press,802,1]
03-11 01:58:23.292 1530 1694 I input_interaction: Interaction with: c78a2bf com.tencent.tmgp.sgame/com.tencent.tmgp.sgame.SGameActivity (server), PointerEventDispatcher0 (server),
03-11 01:58:23.291 0 0 I auditd : type=1400 audit(0.0:3902): avc: denied { kill } for comm="swapper/2" capability=5 scontext=u:r:kernel:s0 tcontext=u:r:kernel:s0 tclass=capability permissive=0
03-11 01:58:23.451 1530 1752 I GameModeConfig: isGameModeOn = true
03-11 01:58:23.451 1530 1752 I GameModeConfig: isGaming = true
03-11 01:58:23.451 1530 1752 I GameModeConfig: isDisableNotification = true
03-11 01:58:23.451 1530 1752 I GameModeConfig: isGameModeOn = true
03-11 01:58:23.451 1530 1752 I GameModeConfig: isGaming = true
03-11 01:58:23.451 1530 1752 I GameModeConfig: isDisableNotification = true
03-11 01:58:23.589 1530 1694 I input_interaction: Interaction with: c78a2bf com.tencent.tmgp.sgame/com.tencent.tmgp.sgame.SGameActivity (server), b266317 com.android.systemui.ImageWallpaper (server), edge-swipe (server), swipe-up (server), PointerEventDispatcher0 (server),
03-11 01:58:23.620 1530 1752 I GameModeConfig: isGameModeOn = true
03-11 01:58:23.621 1530 1752 I GameModeConfig: isGaming = true
03-11 01:58:23.621 1530 1752 I GameModeConfig: isDisableNotification = true
03-11 01:58:23.621 1530 1752 I GameModeConfig: isGameModeOn = true
03-11 01:58:23.621 1530 1752 I GameModeConfig: isGaming = true
03-11 01:58:23.621 1530 1752 I GameModeConfig: isDisableNotification = true
03-11 01:58:23.696 21696 21696 I view_enqueue_input_event: [Motion - Cancel,com.tencent.tmgp.sgame/com.tencent.tmgp.sgame.SGameActivity]
03-11 01:58:23.704 1530 1694 I input_interaction: Interaction with: edge-swipe (server), swipe-up (server), PointerEventDispatcher0 (server),
03-11 01:58:24.101 1530 4910 I sysui_multi_action: [757,803,799,key_back_press,802,1]
03-11 01:58:24.103 1530 1694 I input_interaction: Interaction with: c78a2bf com.tencent.tmgp.sgame/com.tencent.tmgp.sgame.SGameActivity (server), PointerEventDispatcher0 (server),
03-11 01:58:24.206 1530 1711 I netstats_mobile_sample: [0,0,0,0,0,0,0,0,0,0,0,0,1678697042964]
03-11 01:58:24.206 1530 1711 I netstats_wifi_sample: [339191810,265542,5104139,68811,339187258,265538,5104139,68811,335393157,266945,4444185,67031,1678697042964]
03-11 01:58:24.211 1530 1712 I service_manager_stats: [100,40,20110]
03-11 01:58:24.291 0 0 I auditd : type=1400 audit(0.0:3903): avc: denied { kill } for comm="swapper/2" capability=5 scontext=u:r:kernel:s0 tcontext=u:r:kernel:s0 tclass=capability permissive=0
03-11 01:58:24.686 1530 1694 I input_interaction: Interaction with: c78a2bf com.tencent.tmgp.sgame/com.tencent.tmgp.sgame.SGameActivity (server), b266317 com.android.systemui.ImageWallpaper (server), edge-swipe (server), swipe-up (server), PointerEventDispatcher0 (server),
03-11 01:58:25.291 0 0 I auditd : type=1400 audit(0.0:3904): avc: denied { kill } for comm="swapper/2" capability=5 scontext=u:r:kernel:s0 tcontext=u:r:kernel:s0 tclass=capability permissive=0
03-11 01:58:26.291 0 0 I auditd : type=1400 audit(0.0:3905): avc: denied { kill } for comm="swapper/2" capability=5 scontext=u:r:kernel:s0 tcontext=u:r:kernel:s0 tclass=capability permissive=0
03-11 01:58:27.265 1530 1605 I WindowManager: Could not transfer touch to the status bar
03-11 01:58:27.291 0 0 I auditd : type=1400 audit(0.0:3906): avc: denied { kill } for comm="swapper/2" capability=5 scontext=u:r:kernel:s0 tcontext=u:r:kernel:s0 tclass=capability permissive=0
03-11 01:58:28.291 0 0 I auditd : type=1400 audit(0.0:3907): avc: denied { kill } for comm="swapper/2" capability=5 scontext=u:r:kernel:s0 tcontext=u:r:kernel:s0 tclass=capability permissive=0
01-01 09:05:29.400 0 0 E DTC_ETH,link_delay_work_func: 3003, SQI=0, link=0
03-11 01:58:28.396 1530 1694 I input_interaction: Interaction with: 88dbfd8 StatusBar (server), edge-swipe (server), swipe-up (server), PointerEventDispatcher0 (server),
03-11 01:58:28.400 1950 1950 I sysui_multi_action: [757,803,799,panel_open,802,1]
03-11 01:58:28.402 1950 1950 I sysui_multi_action: [757,1328,758,4,1326,75,1327,0,1329,0]
03-11 01:58:28.497 1530 1563 I sysui_multi_action: [757,127,758,1]
03-11 01:58:28.498 1530 1563 I sysui_multi_action: [757,804,799,note_load,801,2,802,1]
03-11 01:58:28.498 1530 1563 I notification_panel_revealed: 2
03-11 01:58:28.510 1530 1608 I input_focus: [Focus request bb33d3e NotificationShade,reason=UpdateInputWindows]
03-11 01:58:28.517 1530 4910 I sysui_multi_action: [757,128,758,1,793,2982444,794,0,795,2982444,796,26,798,0,806,android,857,DEVELOPER_IMPORTANT,858,4,947,0,1395,2,1500,2982240,1688,1]
03-11 01:58:28.517 1530 4910 I sysui_multi_action: [757,804,799,note_freshness,801,2982444,802,1]
03-11 01:58:28.517 1530 4910 I notification_visibility: [-1|android|26|null|1000,1,2982444,2982444,0,0]
03-11 01:58:28.517 1530 4910 I sysui_multi_action: [757,128,758,1,793,3083900,794,0,795,3083900,796,32,798,1,806,android,857,USB,858,1,947,0,1395,2,1500,3083540,1688,1]
03-11 01:58:28.517 1530 4910 I sysui_multi_action: [757,804,799,note_freshness,801,3083900,802,1]
03-11 01:58:28.517 1530 4910 I notification_visibility: [-1|android|32|null|1000,1,3083900,3083900,0,1]
03-11 01:58:28.524 1530 1694 I input_focus: [Focus leaving c78a2bf com.tencent.tmgp.sgame/com.tencent.tmgp.sgame.SGameActivity (server),reason=setFocusedWindow]
03-11 01:58:28.524 1530 1694 I input_focus: [Focus entering bb33d3e NotificationShade (server),reason=setFocusedWindow]
03-11 01:58:28.554 1950 1950 I sysui_multi_action: [757,111,758,1]
03-11 01:58:28.554 1950 1950 I sysui_multi_action: [757,126,758,1,759,126,927,0,928,1,1593,0]
03-11 01:58:28.554 1950 1950 I sysui_multi_action: [757,113,758,1,759,113,927,1,928,1,1593,0]
03-11 01:58:28.554 1950 1950 I sysui_multi_action: [757,0,758,1,759,0,927,2,928,0,1593,0]
03-11 01:58:28.554 1950 1950 I sysui_multi_action: [757,0,758,1,759,0,927,3,928,0,1593,0]
03-11 01:58:28.555 1950 1950 I sysui_multi_action: [757,491,758,1,759,491,927,4,928,0,1311,-1,1593,0]
03-11 01:58:28.555 1950 1950 I sysui_multi_action: [757,0,758,1,759,0,927,5,928,0,1593,0]
03-11 01:58:28.555 1950 1950 I sysui_multi_action: [757,111,758,1]
03-11 01:58:28.555 1950 1950 I sysui_multi_action: [757,126,758,1,759,126,927,0,928,1,1593,0]
03-11 01:58:28.555 1950 1950 I sysui_multi_action: [757,113,758,1,759,113,927,1,928,1,1593,0]
03-11 01:58:28.555 1950 1950 I sysui_multi_action: [757,0,758,1,759,0,927,2,928,0,1593,0]
03-11 01:58:28.555 1950 1950 I sysui_multi_action: [757,0,758,1,759,0,927,3,928,0,1593,0]
03-11 01:58:28.576 1530 1711 I netstats_mobile_sample: [0,0,0,0,0,0,0,0,0,0,0,0,1678697047334]
03-11 01:58:28.576 1530 1711 I netstats_wifi_sample: [339191810,265542,5104139,68811,339187258,265538,5104139,68811,335393157,266945,4444185,67031,1678697047334]
03-11 01:58:29.291 0 0 I auditd : type=1400 audit(0.0:3908): avc: denied { kill } for comm="swapper/2" capability=5 scontext=u:r:kernel:s0 tcontext=u:r:kernel:s0 tclass=capability permissive=0
03-11 01:58:29.940 1530 1694 I input_interaction: Interaction with: bb33d3e NotificationShade (server), edge-swipe (server), swipe-up (server), PointerEventDispatcher0 (server),
03-11 01:58:31.465 1530 1711 I netstats_mobile_sample: [0,0,0,0,0,0,0,0,0,0,0,0,1678697050223]
03-11 01:58:31.466 1530 1711 I netstats_wifi_sample: [339191810,265542,5104139,68811,339187258,265538,5104139,68811,335393157,266945,4444185,67031,1678697050223]
03-11 01:58:31.797 1530 1752 I GameModeConfig: isGameModeOn = true
03-11 01:58:31.797 1530 1752 I GameModeConfig: isGaming = true
03-11 01:58:31.797 1530 1752 I GameModeConfig: isDisableNotification = true
03-11 01:58:31.797 1530 1752 I GameModeConfig: isGameModeOn = true
03-11 01:58:31.797 1530 1752 I GameModeConfig: isGaming = true
03-11 01:58:31.797 1530 1752 I GameModeConfig: isDisableNotification = true
03-11 01:58:31.797 1530 1752 I GameModeConfig: isGameModeOn = true
03-11 01:58:31.797 1530 1752 I GameModeConfig: isGaming = true
03-11 01:58:31.797 1530 1752 I GameModeConfig: isDisableNotification = true
03-11 01:58:31.797 1530 1752 I GameModeConfig: isGameModeOn = true
03-11 01:58:31.797 1530 1752 I GameModeConfig: isGaming = true
03-11 01:58:31.797 1530 1752 I GameModeConfig: isDisableNotification = true
03-11 01:58:31.799 1530 1752 I GameModeConfig: isGameModeOn = true
03-11 01:58:31.799 1530 1752 I GameModeConfig: isGaming = true
03-11 01:58:31.799 1530 1752 I GameModeConfig: isDisableNotification = true
03-11 01:58:31.799 1530 1752 I GameModeConfig: isGameModeOn = true
03-11 01:58:31.799 1530 1752 I GameModeConfig: isGaming = true
03-11 01:58:31.799 1530 1752 I GameModeConfig: isDisableNotification = true
03-11 01:58:31.800 1530 1752 I GameModeConfig: isGameModeOn = true
03-11 01:58:31.800 1530 1752 I GameModeConfig: isGaming = true
03-11 01:58:31.800 1530 1752 I GameModeConfig: isDisableNotification = true
03-11 01:58:31.800 1530 1752 I GameModeConfig: isGameModeOn = true
03-11 01:58:31.800 1530 1752 I GameModeConfig: isGaming = true
03-11 01:58:31.800 1530 1752 I GameModeConfig: isDisableNotification = true
03-11 01:58:31.802 1530 1530 I notification_enqueue: [10078,1950,com.android.systemui,2048,NULL,0,Notification(channel=updateNotification shortcut=null contentView=null vibrate=null sound=null defaults=0x0 flags=0x0 color=0x00000000 vis=PRIVATE),1]
03-11 01:58:31.802 1950 1950 I sysui_multi_action: [757,111,758,2]
03-11 01:58:31.802 1950 1950 I sysui_multi_action: [757,111,758,2]
03-11 01:58:32.004 1530 1530 I GameModeConfig: isGameModeOn = true
03-11 01:58:32.004 1530 1530 I GameModeConfig: isGaming = true
03-11 01:58:32.004 1530 1530 I GameModeConfig: isDisableNotification = true
03-11 01:58:32.004 1530 1530 I GameModeConfig: isGameModeOn = true
03-11 01:58:32.004 1530 1530 I GameModeConfig: isGaming = true
03-11 01:58:32.004 1530 1530 I GameModeConfig: isDisableNotification = true
03-11 01:58:32.011 1530 1608 I input_focus: [Focus request c78a2bf com.tencent.tmgp.sgame/com.tencent.tmgp.sgame.SGameActivity,reason=UpdateInputWindows]
03-11 01:58:32.014 1530 1563 I sysui_multi_action: [757,128,758,2,793,2985941,794,3497,795,2985941,796,26,798,0,806,android,857,DEVELOPER_IMPORTANT,858,4,947,0,1395,2,1500,2985737,1688,1]
03-11 01:58:32.014 1530 1563 I notification_visibility: [-1|android|26|null|1000,0,2985941,2985941,0,0]
03-11 01:58:32.014 1530 1563 I sysui_multi_action: [757,128,758,2,793,3087397,794,3497,795,3087397,796,32,798,1,806,android,857,USB,858,1,947,0,1395,2,1500,3087037,1688,1]
03-11 01:58:32.014 1530 1563 I notification_visibility: [-1|android|32|null|1000,0,3087397,3087397,0,1]
03-11 01:58:32.014 1530 1563 I sysui_multi_action: [757,127,758,2]
03-11 01:58:32.014 1530 1563 I notification_panel_hidden:
03-11 01:58:32.065 1530 1694 I input_focus: [Focus leaving bb33d3e NotificationShade (server),reason=NO_WINDOW]
03-11 01:58:32.065 1530 1694 I input_focus: [Focus entering c78a2bf com.tencent.tmgp.sgame/com.tencent.tmgp.sgame.SGameActivity (server),reason=setFocusedWindow]
03-11 01:58:32.291 0 0 I auditd : type=1400 audit(0.0:3909): avc: denied { kill } for comm="swapper/3" capability=5 scontext=u:r:kernel:s0 tcontext=u:r:kernel:s0 tclass=capability permissive=0
03-11 01:58:32.643 1530 1694 I input_interaction: Interaction with: c78a2bf com.tencent.tmgp.sgame/com.tencent.tmgp.sgame.SGameActivity (server), b266317 com.android.systemui.ImageWallpaper (server), edge-swipe (server), swipe-up (server), PointerEventDispatcher0 (server),
03-11 01:58:33.291 0 0 I auditd : type=1400 audit(0.0:3910): avc: denied { kill } for comm="swapper/3" capability=5 scontext=u:r:kernel:s0 tcontext=u:r:kernel:s0 tclass=capability permissive=0
01-01 09:05:34.520 0 0 E DTC_ETH,link_delay_work_func: 3003, SQI=0, link=0
03-11 01:58:34.291 3449 3449 I auditd : type=1400 audit(0.0:3911): avc: denied { kill } for comm="dp_rx_thread_0" capability=5 scontext=u:r:kernel:s0 tcontext=u:r:kernel:s0 tclass=capability permissive=0
03-11 01:58:34.326 1530 1711 I netstats_mobile_sample: [0,0,0,0,0,0,0,0,0,0,0,0,1678697053084]
03-11 01:58:34.326 1530 1711 I netstats_wifi_sample: [339191810,265542,5104139,68811,339187258,265538,5104139,68811,335393157,266945,4444185,67031,1678697053084]
03-11 01:58:35.291 681 681 I auditd : type=1400 audit(0.0:3912): avc: denied { kill } for comm="kworker/u17:9" capability=5 scontext=u:r:kernel:s0 tcontext=u:r:kernel:s0 tclass=capability permissive=0
03-11 01:58:36.202 1530 1694 I input_interaction: Interaction with: 88dbfd8 StatusBar (server), edge-swipe (server), swipe-up (server), PointerEventDispatcher0 (server),
03-11 01:58:36.206 1950 1950 I sysui_multi_action: [757,803,799,panel_open,802,1]
03-11 01:58:36.208 1950 1950 I sysui_multi_action: [757,1328,758,4,1326,90,1327,3,1329,0]
03-11 01:58:36.255 1530 1563 I sysui_multi_action: [757,127,758,1]
03-11 01:58:36.255 1530 1563 I sysui_multi_action: [757,804,799,note_load,801,2,802,1]
03-11 01:58:36.256 1530 1563 I notification_panel_revealed: 2
03-11 01:58:36.266 1530 1608 I input_focus: [Focus request bb33d3e NotificationShade,reason=UpdateInputWindows]
03-11 01:58:36.273 1530 10835 I sysui_multi_action: [757,128,758,1,793,2990200,794,0,795,2990200,796,26,798,0,806,android,857,DEVELOPER_IMPORTANT,858,4,947,0,1395,2,1500,2989996,1688,1]
03-11 01:58:36.273 1530 10835 I sysui_multi_action: [757,804,799,note_freshness,801,2990200,802,1]
03-11 01:58:36.273 1530 10835 I notification_visibility: [-1|android|26|null|1000,1,2990200,2990200,0,0]
03-11 01:58:36.273 1530 10835 I sysui_multi_action: [757,128,758,1,793,3091656,794,0,795,3091656,796,32,798,1,806,android,857,USB,858,1,947,0,1395,2,1500,3091296,1688,1]
03-11 01:58:36.273 1530 10835 I sysui_multi_action: [757,804,799,note_freshness,801,3091656,802,1]
03-11 01:58:36.273 1530 10835 I notification_visibility: [-1|android|32|null|1000,1,3091656,3091656,0,1]
03-11 01:58:36.275 1950 1950 I sysui_multi_action: [757,111,758,1]
03-11 01:58:36.275 1950 1950 I sysui_multi_action: [757,126,758,1,759,126,927,0,928,1,1593,0]
03-11 01:58:36.275 1950 1950 I sysui_multi_action: [757,113,758,1,759,113,927,1,928,1,1593,0]
03-11 01:58:36.275 1950 1950 I sysui_multi_action: [757,0,758,1,759,0,927,2,928,0,1593,0]
