03-11 01:38:47.027 1530 13170 W ActivityTaskManager: getTaskSnapshot: taskId=-711 not found
03-11 01:38:47.030 1530 13170 W FreeFormWindowHelper: Current Display FreeFormTask is null
03-11 01:38:47.030 1530 13170 W FreeFormWindowHelper: Current Display FreeFormTask is null
03-11 01:38:47.047 1530 13170 W FreeFormWindowHelper: Current Display FreeFormTask is null
03-11 01:38:47.047 1530 13170 W FreeFormWindowHelper: Current Display FreeFormTask is null
03-11 01:38:47.365 1530 11533 W FreeFormWindowHelper: Current Display FreeFormTask is null
03-11 01:38:47.365 1530 11533 W FreeFormWindowHelper: Current Display FreeFormTask is null
03-11 01:38:47.382 1530 8841 W FreeFormWindowHelper: Current Display FreeFormTask is null
03-11 01:38:47.382 1530 11533 W FreeFormWindowHelper: Current Display FreeFormTask is null
03-11 01:38:47.399 1530 8841 W FreeFormWindowHelper: Current Display FreeFormTask is null
03-11 01:38:47.399 1530 13170 W FreeFormWindowHelper: Current Display FreeFormTask is null
03-11 01:38:47.415 1530 13170 W FreeFormWindowHelper: Current Display FreeFormTask is null
03-11 01:38:47.415 1530 11533 W FreeFormWindowHelper: Current Display FreeFormTask is null
03-11 01:38:47.432 1530 11533 W FreeFormWindowHelper: Current Display FreeFormTask is null
03-11 01:38:47.432 1530 11533 W FreeFormWindowHelper: Current Display FreeFormTask is null
03-11 01:38:47.449 1530 11533 W FreeFormWindowHelper: Current Display FreeFormTask is null
03-11 01:38:47.449 1530 4316 W FreeFormWindowHelper: Current Display FreeFormTask is null
03-11 01:38:47.465 1530 13170 W FreeFormWindowHelper: Current Display FreeFormTask is null
03-11 01:38:47.466 1530 11533 W FreeFormWindowHelper: Current Display FreeFormTask is null
03-11 01:38:47.482 1530 4316 W FreeFormWindowHelper: Current Display FreeFormTask is null
03-11 01:38:47.482 1530 4316 W FreeFormWindowHelper: Current Display FreeFormTask is null
03-11 01:38:47.499 1530 4316 W FreeFormWindowHelper: Current Display FreeFormTask is null
03-11 01:38:47.499 1530 4316 W FreeFormWindowHelper: Current Display FreeFormTask is null
03-11 01:38:47.516 1530 4316 W FreeFormWindowHelper: Current Display FreeFormTask is null
03-11 01:38:47.516 1530 4316 W FreeFormWindowHelper: Current Display FreeFormTask is null
03-11 01:38:47.532 1530 13170 W FreeFormWindowHelper: Current Display FreeFormTask is null
03-11 01:38:47.532 1530 8841 W FreeFormWindowHelper: Current Display FreeFormTask is null
03-11 01:38:47.549 1530 13170 W FreeFormWindowHelper: Current Display FreeFormTask is null
03-11 01:38:47.549 1530 11533 W FreeFormWindowHelper: Current Display FreeFormTask is null
03-11 01:38:47.566 1530 11533 W FreeFormWindowHelper: Current Display FreeFormTask is null
03-11 01:38:47.566 1530 11533 W FreeFormWindowHelper: Current Display FreeFormTask is null
03-11 01:38:47.582 1530 4316 W FreeFormWindowHelper: Current Display FreeFormTask is null
03-11 01:38:47.582 1530 4316 W FreeFormWindowHelper: Current Display FreeFormTask is null
03-11 01:38:47.599 1530 4690 W FreeFormWindowHelper: Current Display FreeFormTask is null
03-11 01:38:47.599 1530 8841 W FreeFormWindowHelper: Current Display FreeFormTask is null
03-11 01:38:47.616 1530 13170 W FreeFormWindowHelper: Current Display FreeFormTask is null
03-11 01:38:47.616 1530 8841 W FreeFormWindowHelper: Current Display FreeFormTask is null
03-11 01:38:47.632 1530 11533 W FreeFormWindowHelper: Current Display FreeFormTask is null
03-11 01:38:47.633 1530 11533 W FreeFormWindowHelper: Current Display FreeFormTask is null
03-11 01:38:47.649 1530 4316 W FreeFormWindowHelper: Current Display FreeFormTask is null
03-11 01:38:47.649 1530 4316 W FreeFormWindowHelper: Current Display FreeFormTask is null
03-11 01:38:47.667 1530 8841 W FreeFormWindowHelper: Current Display FreeFormTask is null
03-11 01:38:47.667 1530 8841 W FreeFormWindowHelper: Current Display FreeFormTask is null
03-11 01:38:47.667 1530 4316 W FreeFormWindowHelper: Current Display FreeFormTask is null
03-11 01:38:47.674 1530 13170 W FreeFormWindowHelper: Current Display FreeFormTask is null
03-11 01:38:47.674 1530 4316 W FreeFormWindowHelper: Current Display FreeFormTask is null
03-11 01:38:48.042 1530 11533 I ActivityTaskManager: FOREGROUND_APPLICATION_CHANGED to com.android.settings.homepage.SettingsHomepageActivity
03-11 01:38:48.145 1530 2081 W FreeFormWindowHelper: Current Display FreeFormTask is null
03-11 01:38:48.420 1530 11533 W FreeFormWindowHelper: exitRecentTasks type=0
01-01 08:45:51.802 0 0 E DTC_ETH,link_delay_work_func: 3003, SQI=0, link=0
03-11 01:38:51.044 1530 2750 E TaskPersister: File error accessing recents directory (directory doesn't exist?).
01-01 08:45:56.920 0 0 E DTC_ETH,link_delay_work_func: 3003, SQI=0, link=0
01-01 08:46:02.040 0 0 E DTC_ETH,link_delay_work_func: 3003, SQI=0, link=0
01-01 08:46:07.160 0 0 E DTC_ETH,link_delay_work_func: 3003, SQI=0, link=0
01-01 08:46:08.155 0 0 I msm_vidc: err : ffffffff: .....: DBLP Set: status 0
01-01 08:46:12.281 0 0 E DTC_ETH,link_delay_work_func: 3003, SQI=0, link=0
01-01 08:46:14.175 0 0 I msm_vidc: err : ffffffff: .....: DBLP Set: status 0
01-01 08:46:17.210 0 0 I msm_vidc: err : ffffffff: .....: DBLP Set: status 0
01-01 08:46:17.400 0 0 E DTC_ETH,link_delay_work_func: 3003, SQI=0, link=0
01-01 08:46:22.523 0 0 E DTC_ETH,link_delay_work_func: 3003, SQI=0, link=0
01-01 08:46:27.641 0 0 E DTC_ETH,link_delay_work_func: 3003, SQI=0, link=0
01-01 08:46:29.242 0 0 I msm_vidc: err : ffffffff: .....: DBLP Set: status 0
01-01 08:46:32.765 0 0 E DTC_ETH,link_delay_work_func: 3003, SQI=0, link=0
01-01 08:46:35.322 0 0 I msm_vidc: err : ffffffff: .....: DBLP Set: status 0
01-01 08:46:37.881 0 0 E DTC_ETH,link_delay_work_func: 3003, SQI=0, link=0
01-01 08:46:43.002 0 0 E DTC_ETH,link_delay_work_func: 3003, SQI=0, link=0
01-01 08:46:48.121 0 0 E DTC_ETH,link_delay_work_func: 3003, SQI=0, link=0
01-01 08:46:50.395 0 0 I msm_vidc: err : ffffffff: .....: DBLP Set: status 0
01-01 08:46:53.240 0 0 E DTC_ETH,link_delay_work_func: 3003, SQI=0, link=0
03-11 01:39:54.998 1530 1630 V DisplayPowerController[0]: Brightness [0.05] reason changing to: 'manual [ dim ]', previous reason: 'manual'.
03-11 01:39:54.999 1530 1630 W PowerManagerService: Screen on took 359687 ms
03-11 01:39:55.009 1530 1888 E DisplayDeviceConfig: requesting nits when no mapping exists.
03-11 01:39:55.009 1530 1888 E DisplayDeviceConfig: requesting nits when no mapping exists.
03-11 01:39:55.012 1530 1614 I DropBoxManagerService: add tag=system_server_wtf isTagEnabled=true flags=0x2
03-11 01:39:55.015 1530 1614 I DropBoxManagerService: add tag=system_server_wtf isTagEnabled=true flags=0x2
03-11 01:39:55.025 1530 1888 E DisplayDeviceConfig: requesting nits when no mapping exists.
03-11 01:39:55.025 1530 1888 E DisplayDeviceConfig: requesting nits when no mapping exists.
03-11 01:39:55.026 1530 1614 I DropBoxManagerService: add tag=system_server_wtf isTagEnabled=true flags=0x2
03-11 01:39:55.029 1530 1614 I DropBoxManagerService: add tag=system_server_wtf isTagEnabled=true flags=0x2
03-11 01:39:55.041 1530 1888 E DisplayDeviceConfig: requesting nits when no mapping exists.
03-11 01:39:55.041 1530 1888 E DisplayDeviceConfig: requesting nits when no mapping exists.
03-11 01:39:55.042 1530 1614 I DropBoxManagerService: add tag=system_server_wtf isTagEnabled=true flags=0x2
03-11 01:39:55.061 1530 1888 E DisplayDeviceConfig: requesting nits when no mapping exists.
03-11 01:39:55.062 1530 1888 E DisplayDeviceConfig: requesting nits when no mapping exists.
03-11 01:39:55.077 1530 1888 E DisplayDeviceConfig: requesting nits when no mapping exists.
03-11 01:39:55.078 1530 1888 E DisplayDeviceConfig: requesting nits when no mapping exists.
03-11 01:39:55.094 1530 1888 E DisplayDeviceConfig: requesting nits when no mapping exists.
03-11 01:39:55.095 1530 1888 E DisplayDeviceConfig: requesting nits when no mapping exists.
03-11 01:39:55.111 1530 1888 E DisplayDeviceConfig: requesting nits when no mapping exists.
03-11 01:39:55.111 1530 1888 E DisplayDeviceConfig: requesting nits when no mapping exists.
03-11 01:39:55.128 1530 1888 E DisplayDeviceConfig: requesting nits when no mapping exists.
03-11 01:39:55.128 1530 1888 E DisplayDeviceConfig: requesting nits when no mapping exists.
03-11 01:39:55.146 1530 1888 E DisplayDeviceConfig: requesting nits when no mapping exists.
03-11 01:39:55.148 1530 1888 E DisplayDeviceConfig: requesting nits when no mapping exists.
03-11 01:39:55.161 1530 1888 E DisplayDeviceConfig: requesting nits when no mapping exists.
03-11 01:39:55.161 1530 1888 E DisplayDeviceConfig: requesting nits when no mapping exists.
03-11 01:39:55.178 1530 1888 E DisplayDeviceConfig: requesting nits when no mapping exists.
03-11 01:39:55.178 1530 1888 E DisplayDeviceConfig: requesting nits when no mapping exists.
03-11 01:39:55.195 1530 1888 E DisplayDeviceConfig: requesting nits when no mapping exists.
03-11 01:39:55.195 1530 1888 E DisplayDeviceConfig: requesting nits when no mapping exists.
03-11 01:39:55.211 1530 1888 E DisplayDeviceConfig: requesting nits when no mapping exists.
03-11 01:39:55.212 1530 1888 E DisplayDeviceConfig: requesting nits when no mapping exists.
03-11 01:39:55.228 1530 1888 E DisplayDeviceConfig: requesting nits when no mapping exists.
03-11 01:39:55.229 1530 1888 E DisplayDeviceConfig: requesting nits when no mapping exists.
03-11 01:39:55.245 1530 1888 E DisplayDeviceConfig: requesting nits when no mapping exists.
03-11 01:39:55.245 1530 1888 E DisplayDeviceConfig: requesting nits when no mapping exists.
03-11 01:39:55.261 1530 1888 E DisplayDeviceConfig: requesting nits when no mapping exists.
03-11 01:39:55.262 1530 1888 E DisplayDeviceConfig: requesting nits when no mapping exists.
03-11 01:39:55.278 1530 1888 E DisplayDeviceConfig: requesting nits when no mapping exists.
03-11 01:39:55.278 1530 1888 E DisplayDeviceConfig: requesting nits when no mapping exists.
03-11 01:39:55.295 1530 1888 E DisplayDeviceConfig: requesting nits when no mapping exists.
03-11 01:39:55.296 1530 1888 E DisplayDeviceConfig: requesting nits when no mapping exists.
03-11 01:39:55.312 1530 1888 E DisplayDeviceConfig: requesting nits when no mapping exists.
03-11 01:39:55.312 1530 1888 E DisplayDeviceConfig: requesting nits when no mapping exists.
03-11 01:39:55.328 1530 1888 E DisplayDeviceConfig: requesting nits when no mapping exists.
03-11 01:39:55.329 1530 1888 E DisplayDeviceConfig: requesting nits when no mapping exists.
03-11 01:39:55.345 1530 1888 E DisplayDeviceConfig: requesting nits when no mapping exists.
03-11 01:39:55.345 1530 1888 E DisplayDeviceConfig: requesting nits when no mapping exists.
03-11 01:39:55.362 1530 1888 E DisplayDeviceConfig: requesting nits when no mapping exists.
03-11 01:39:55.362 1530 1888 E DisplayDeviceConfig: requesting nits when no mapping exists.
03-11 01:39:55.378 1530 1888 E DisplayDeviceConfig: requesting nits when no mapping exists.
03-11 01:39:55.379 1530 1888 E DisplayDeviceConfig: requesting nits when no mapping exists.
03-11 01:39:55.395 1530 1888 E DisplayDeviceConfig: requesting nits when no mapping exists.
03-11 01:39:55.396 1530 1888 E DisplayDeviceConfig: requesting nits when no mapping exists.
03-11 01:39:55.412 1530 1888 E DisplayDeviceConfig: requesting nits when no mapping exists.
03-11 01:39:55.412 1530 1888 E DisplayDeviceConfig: requesting nits when no mapping exists.
03-11 01:39:55.428 1530 1888 E DisplayDeviceConfig: requesting nits when no mapping exists.
03-11 01:39:55.429 1530 1888 E DisplayDeviceConfig: requesting nits when no mapping exists.
03-11 01:39:55.445 1530 1888 E DisplayDeviceConfig: requesting nits when no mapping exists.
03-11 01:39:55.446 1530 1888 E DisplayDeviceConfig: requesting nits when no mapping exists.
03-11 01:39:55.462 1530 1888 E DisplayDeviceConfig: requesting nits when no mapping exists.
03-11 01:39:55.462 1530 1888 E DisplayDeviceConfig: requesting nits when no mapping exists.
03-11 01:39:55.478 1530 1888 E DisplayDeviceConfig: requesting nits when no mapping exists.
03-11 01:39:55.479 1530 1888 E DisplayDeviceConfig: requesting nits when no mapping exists.
03-11 01:39:55.495 1530 1888 E DisplayDeviceConfig: requesting nits when no mapping exists.
03-11 01:39:55.496 1530 1888 E DisplayDeviceConfig: requesting nits when no mapping exists.
03-11 01:39:55.512 1530 1888 E DisplayDeviceConfig: requesting nits when no mapping exists.
03-11 01:39:55.512 1530 1888 E DisplayDeviceConfig: requesting nits when no mapping exists.
03-11 01:39:55.528 1530 1888 E DisplayDeviceConfig: requesting nits when no mapping exists.
03-11 01:39:55.529 1530 1888 E DisplayDeviceConfig: requesting nits when no mapping exists.
03-11 01:39:55.545 1530 1888 E DisplayDeviceConfig: requesting nits when no mapping exists.
03-11 01:39:55.546 1530 1888 E DisplayDeviceConfig: requesting nits when no mapping exists.
03-11 01:39:55.562 1530 1888 E DisplayDeviceConfig: requesting nits when no mapping exists.
03-11 01:39:55.562 1530 1888 E DisplayDeviceConfig: requesting nits when no mapping exists.
03-11 01:39:55.579 1530 1888 E DisplayDeviceConfig: requesting nits when no mapping exists.
03-11 01:39:55.579 1530 1888 E DisplayDeviceConfig: requesting nits when no mapping exists.
03-11 01:39:55.595 1530 1888 E DisplayDeviceConfig: requesting nits when no mapping exists.
03-11 01:39:55.596 1530 1888 E DisplayDeviceConfig: requesting nits when no mapping exists.
03-11 01:39:55.613 1530 1888 E DisplayDeviceConfig: requesting nits when no mapping exists.
03-11 01:39:55.614 1530 1888 E DisplayDeviceConfig: requesting nits when no mapping exists.
03-11 01:39:55.629 1530 1888 E DisplayDeviceConfig: requesting nits when no mapping exists.
03-11 01:39:55.629 1530 1888 E DisplayDeviceConfig: requesting nits when no mapping exists.
03-11 01:39:55.646 1530 1888 E DisplayDeviceConfig: requesting nits when no mapping exists.
03-11 01:39:55.646 1530 1888 E DisplayDeviceConfig: requesting nits when no mapping exists.
03-11 01:39:55.662 1530 1888 E DisplayDeviceConfig: requesting nits when no mapping exists.
03-11 01:39:55.663 1530 1888 E DisplayDeviceConfig: requesting nits when no mapping exists.
03-11 01:39:55.679 1530 1888 E DisplayDeviceConfig: requesting nits when no mapping exists.
03-11 01:39:55.680 1530 1888 E DisplayDeviceConfig: requesting nits when no mapping exists.
03-11 01:39:55.696 1530 1888 E DisplayDeviceConfig: requesting nits when no mapping exists.
03-11 01:39:55.696 1530 1888 E DisplayDeviceConfig: requesting nits when no mapping exists.
03-11 01:39:55.712 1530 1888 E DisplayDeviceConfig: requesting nits when no mapping exists.
03-11 01:39:55.713 1530 1888 E DisplayDeviceConfig: requesting nits when no mapping exists.
03-11 01:39:55.729 1530 1888 E DisplayDeviceConfig: requesting nits when no mapping exists.
03-11 01:39:55.729 1530 1888 E DisplayDeviceConfig: requesting nits when no mapping exists.
03-11 01:39:55.746 1530 1888 E DisplayDeviceConfig: requesting nits when no mapping exists.
03-11 01:39:55.746 1530 1888 E DisplayDeviceConfig: requesting nits when no mapping exists.
03-11 01:39:55.762 1530 1888 E DisplayDeviceConfig: requesting nits when no mapping exists.
03-11 01:39:55.763 1530 1888 E DisplayDeviceConfig: requesting nits when no mapping exists.
03-11 01:39:55.779 1530 1888 E DisplayDeviceConfig: requesting nits when no mapping exists.
03-11 01:39:55.779 1530 1888 E DisplayDeviceConfig: requesting nits when no mapping exists.
03-11 01:39:55.797 1530 1888 E DisplayDeviceConfig: requesting nits when no mapping exists.
03-11 01:39:55.798 1530 1888 E DisplayDeviceConfig: requesting nits when no mapping exists.
03-11 01:39:55.813 1530 1888 E DisplayDeviceConfig: requesting nits when no mapping exists.
03-11 01:39:55.814 1530 1888 E DisplayDeviceConfig: requesting nits when no mapping exists.
03-11 01:39:55.829 1530 1888 E DisplayDeviceConfig: requesting nits when no mapping exists.
03-11 01:39:55.829 1530 1888 E DisplayDeviceConfig: requesting nits when no mapping exists.
03-11 01:39:55.846 1530 1888 E DisplayDeviceConfig: requesting nits when no mapping exists.
03-11 01:39:55.846 1530 1888 E DisplayDeviceConfig: requesting nits when no mapping exists.
03-11 01:39:55.864 1530 1888 E DisplayDeviceConfig: requesting nits when no mapping exists.
03-11 01:39:55.864 1530 1888 E DisplayDeviceConfig: requesting nits when no mapping exists.
03-11 01:39:55.880 1530 1888 E DisplayDeviceConfig: requesting nits when no mapping exists.
03-11 01:39:55.881 1530 1888 E DisplayDeviceConfig: requesting nits when no mapping exists.
03-11 01:39:55.896 1530 1888 E DisplayDeviceConfig: requesting nits when no mapping exists.
03-11 01:39:55.898 1530 1888 E DisplayDeviceConfig: requesting nits when no mapping exists.
03-11 01:39:55.912 1530 1888 E DisplayDeviceConfig: requesting nits when no mapping exists.
03-11 01:39:55.913 1530 1888 E DisplayDeviceConfig: requesting nits when no mapping exists.
03-11 01:39:55.929 1530 1888 E DisplayDeviceConfig: requesting nits when no mapping exists.
03-11 01:39:55.930 1530 1888 E DisplayDeviceConfig: requesting nits when no mapping exists.
03-11 01:39:55.946 1530 1888 E DisplayDeviceConfig: requesting nits when no mapping exists.
03-11 01:39:55.948 1530 1888 E DisplayDeviceConfig: requesting nits when no mapping exists.
03-11 01:39:55.962 1530 1888 E DisplayDeviceConfig: requesting nits when no mapping exists.
03-11 01:39:55.963 1530 1888 E DisplayDeviceConfig: requesting nits when no mapping exists.
01-01 08:46:58.360 0 0 E DTC_ETH,link_delay_work_func: 3003, SQI=0, link=0
01-01 08:46:59.451 0 0 I msm_vidc: err : ffffffff: .....: DBLP Set: status 0
03-11 01:40:01.997 1530 1630 I PowerManagerService: Napping display group (groupId=0, uid=1000)...
03-11 01:40:01.997 1530 1630 I PowerManagerService: Nap time (uid 1000)...
03-11 01:40:01.999 1530 1630 I DreamManagerService: Entering dreamland.
03-11 01:40:02.002 1530 1630 I PowerManagerService: Dreaming...
03-11 01:40:02.004 1530 1604 I DreamController: Starting dream: name=ComponentInfo{com.thundercomm.screensaver/com.thundercomm.screensaver.service.SystemDream}, isTest=false, canDoze=false, userId=0
03-11 01:40:02.012 1530 11533 I ActivityTaskManager: START u0 {flg=0x10000000 pkg=com.thundercomm.screensaver cmp=com.thundercomm.screensaver/android.service.dreams.DreamActivity (has extras)} from uid 10047
03-11 01:40:02.016 1530 11533 W ActivityTaskManager: Can't find TaskDisplayArea to determine support for multi window. Task id=34 attached=false
03-11 01:40:02.024 1530 11533 I ActivityTaskManager: FOREGROUND_APPLICATION_CHANGED to android.service.dreams.DreamActivity
03-11 01:40:02.025 1530 11533 I ActivityTaskManager: The Process com.thundercomm.screensaver Already Exists in BG. So sending its PID: 3999
03-11 01:40:02.025 1530 11533 W ActivityTaskManager: Tried to set launchTime (0) < mLastActivityLaunchTime (1538744)
03-11 01:40:02.063 1530 1630 V DisplayPowerController[0]: Brightness [1.0] reason changing to: 'manual', previous reason: 'manual [ dim ]'.
03-11 01:40:02.080 1530 1888 E DisplayDeviceConfig: requesting nits when no mapping exists.
03-11 01:40:02.080 1530 1888 E DisplayDeviceConfig: requesting nits when no mapping exists.
03-11 01:40:02.096 1530 1888 E DisplayDeviceConfig: requesting nits when no mapping exists.
03-11 01:40:02.097 1530 1888 E DisplayDeviceConfig: requesting nits when no mapping exists.
03-11 01:40:02.113 1530 1888 E DisplayDeviceConfig: requesting nits when no mapping exists.
03-11 01:40:02.113 1530 1888 E DisplayDeviceConfig: requesting nits when no mapping exists.
03-11 01:40:02.126 1530 2081 W FreeFormWindowHelper: Current Display FreeFormTask is null
03-11 01:40:02.131 1530 1888 E DisplayDeviceConfig: requesting nits when no mapping exists.
03-11 01:40:02.131 1530 1888 E DisplayDeviceConfig: requesting nits when no mapping exists.
03-11 01:40:02.147 1530 1888 E DisplayDeviceConfig: requesting nits when no mapping exists.
03-11 01:40:02.147 1530 1888 E DisplayDeviceConfig: requesting nits when no mapping exists.
03-11 01:40:02.163 1530 1888 E DisplayDeviceConfig: requesting nits when no mapping exists.
03-11 01:40:02.163 1530 1888 E DisplayDeviceConfig: requesting nits when no mapping exists.
03-11 01:40:02.180 1530 1888 E DisplayDeviceConfig: requesting nits when no mapping exists.
03-11 01:40:02.180 1530 1888 E DisplayDeviceConfig: requesting nits when no mapping exists.
03-11 01:40:02.197 1530 1888 E DisplayDeviceConfig: requesting nits when no mapping exists.
03-11 01:40:02.198 1530 1888 E DisplayDeviceConfig: requesting nits when no mapping exists.
03-11 01:40:02.214 1530 1888 E DisplayDeviceConfig: requesting nits when no mapping exists.
03-11 01:40:02.214 1530 1888 E DisplayDeviceConfig: requesting nits when no mapping exists.
03-11 01:40:02.231 1530 1888 E DisplayDeviceConfig: requesting nits when no mapping exists.
03-11 01:40:02.231 1530 1888 E DisplayDeviceConfig: requesting nits when no mapping exists.
03-11 01:40:02.247 1530 1888 E DisplayDeviceConfig: requesting nits when no mapping exists.
03-11 01:40:02.248 1530 1888 E DisplayDeviceConfig: requesting nits when no mapping exists.
03-11 01:40:02.264 1530 1888 E DisplayDeviceConfig: requesting nits when no mapping exists.
03-11 01:40:02.264 1530 1888 E DisplayDeviceConfig: requesting nits when no mapping exists.
03-11 01:40:02.280 1530 1888 E DisplayDeviceConfig: requesting nits when no mapping exists.
03-11 01:40:02.280 1530 1888 E DisplayDeviceConfig: requesting nits when no mapping exists.
03-11 01:40:02.297 1530 1888 E DisplayDeviceConfig: requesting nits when no mapping exists.
03-11 01:40:02.297 1530 1888 E DisplayDeviceConfig: requesting nits when no mapping exists.
03-11 01:40:02.313 1530 1888 E DisplayDeviceConfig: requesting nits when no mapping exists.
03-11 01:40:02.314 1530 1888 E DisplayDeviceConfig: requesting nits when no mapping exists.
03-11 01:40:02.330 1530 1888 E DisplayDeviceConfig: requesting nits when no mapping exists.
03-11 01:40:02.330 1530 1888 E DisplayDeviceConfig: requesting nits when no mapping exists.
03-11 01:40:02.347 1530 1888 E DisplayDeviceConfig: requesting nits when no mapping exists.
03-11 01:40:02.347 1530 1888 E DisplayDeviceConfig: requesting nits when no mapping exists.
03-11 01:40:02.363 1530 1888 E DisplayDeviceConfig: requesting nits when no mapping exists.
03-11 01:40:02.364 1530 1888 E DisplayDeviceConfig: requesting nits when no mapping exists.
03-11 01:40:02.380 1530 1888 E DisplayDeviceConfig: requesting nits when no mapping exists.
03-11 01:40:02.380 1530 1888 E DisplayDeviceConfig: requesting nits when no mapping exists.
03-11 01:40:02.397 1530 1888 E DisplayDeviceConfig: requesting nits when no mapping exists.
03-11 01:40:02.397 1530 1888 E DisplayDeviceConfig: requesting nits when no mapping exists.
03-11 01:40:02.414 1530 1888 E DisplayDeviceConfig: requesting nits when no mapping exists.
03-11 01:40:02.414 1530 1888 E DisplayDeviceConfig: requesting nits when no mapping exists.
03-11 01:40:02.430 1530 1888 E DisplayDeviceConfig: requesting nits when no mapping exists.
03-11 01:40:02.430 1530 1888 E DisplayDeviceConfig: requesting nits when no mapping exists.
01-01 08:47:03.481 0 0 E DTC_ETH,link_delay_work_func: 3003, SQI=0, link=0
03-11 01:40:02.447 1530 1888 E DisplayDeviceConfig: requesting nits when no mapping exists.
03-11 01:40:02.447 1530 1888 E DisplayDeviceConfig: requesting nits when no mapping exists.
03-11 01:40:02.464 1530 1888 E DisplayDeviceConfig: requesting nits when no mapping exists.
03-11 01:40:02.464 1530 1888 E DisplayDeviceConfig: requesting nits when no mapping exists.
03-11 01:40:02.480 1530 1888 E DisplayDeviceConfig: requesting nits when no mapping exists.
03-11 01:40:02.481 1530 1888 E DisplayDeviceConfig: requesting nits when no mapping exists.
03-11 01:40:02.497 1530 1888 E DisplayDeviceConfig: requesting nits when no mapping exists.
03-11 01:40:02.497 1530 1888 E DisplayDeviceConfig: requesting nits when no mapping exists.
03-11 01:40:02.514 1530 1888 E DisplayDeviceConfig: requesting nits when no mapping exists.
03-11 01:40:02.514 1530 1888 E DisplayDeviceConfig: requesting nits when no mapping exists.
03-11 01:40:02.531 1530 1888 E DisplayDeviceConfig: requesting nits when no mapping exists.
03-11 01:40:02.531 1530 1888 E DisplayDeviceConfig: requesting nits when no mapping exists.
03-11 01:40:02.547 1530 1888 E DisplayDeviceConfig: requesting nits when no mapping exists.
03-11 01:40:02.547 1530 1888 E DisplayDeviceConfig: requesting nits when no mapping exists.
03-11 01:40:02.564 1530 1888 E DisplayDeviceConfig: requesting nits when no mapping exists.
03-11 01:40:02.564 1530 1888 E DisplayDeviceConfig: requesting nits when no mapping exists.
03-11 01:40:02.581 1530 1888 E DisplayDeviceConfig: requesting nits when no mapping exists.
03-11 01:40:02.581 1530 1888 E DisplayDeviceConfig: requesting nits when no mapping exists.
03-11 01:40:02.597 1530 1888 E DisplayDeviceConfig: requesting nits when no mapping exists.
03-11 01:40:02.597 1530 1888 E DisplayDeviceConfig: requesting nits when no mapping exists.
03-11 01:40:02.614 1530 1888 E DisplayDeviceConfig: requesting nits when no mapping exists.
03-11 01:40:02.614 1530 1888 E DisplayDeviceConfig: requesting nits when no mapping exists.
03-11 01:40:02.631 1530 1888 E DisplayDeviceConfig: requesting nits when no mapping exists.
03-11 01:40:02.631 1530 1888 E DisplayDeviceConfig: requesting nits when no mapping exists.
03-11 01:40:02.648 1530 1888 E DisplayDeviceConfig: requesting nits when no mapping exists.
03-11 01:40:02.648 1530 1888 E DisplayDeviceConfig: requesting nits when no mapping exists.
03-11 01:40:02.664 1530 1888 E DisplayDeviceConfig: requesting nits when no mapping exists.
03-11 01:40:02.664 1530 1888 E DisplayDeviceConfig: requesting nits when no mapping exists.
03-11 01:40:02.681 1530 1888 E DisplayDeviceConfig: requesting nits when no mapping exists.
03-11 01:40:02.681 1530 1888 E DisplayDeviceConfig: requesting nits when no mapping exists.
03-11 01:40:02.697 1530 1888 E DisplayDeviceConfig: requesting nits when no mapping exists.
03-11 01:40:02.698 1530 1888 E DisplayDeviceConfig: requesting nits when no mapping exists.
03-11 01:40:02.714 1530 1888 E DisplayDeviceConfig: requesting nits when no mapping exists.
03-11 01:40:02.714 1530 1888 E DisplayDeviceConfig: requesting nits when no mapping exists.
03-11 01:40:02.731 1530 1888 E DisplayDeviceConfig: requesting nits when no mapping exists.
03-11 01:40:02.731 1530 1888 E DisplayDeviceConfig: requesting nits when no mapping exists.
03-11 01:40:02.747 1530 1888 E DisplayDeviceConfig: requesting nits when no mapping exists.
03-11 01:40:02.748 1530 1888 E DisplayDeviceConfig: requesting nits when no mapping exists.
03-11 01:40:02.764 1530 1888 E DisplayDeviceConfig: requesting nits when no mapping exists.
03-11 01:40:02.764 1530 1888 E DisplayDeviceConfig: requesting nits when no mapping exists.
03-11 01:40:02.781 1530 1888 E DisplayDeviceConfig: requesting nits when no mapping exists.
03-11 01:40:02.781 1530 1888 E DisplayDeviceConfig: requesting nits when no mapping exists.
03-11 01:40:02.798 1530 1888 E DisplayDeviceConfig: requesting nits when no mapping exists.
03-11 01:40:02.798 1530 1888 E DisplayDeviceConfig: requesting nits when no mapping exists.
03-11 01:40:02.814 1530 1888 E DisplayDeviceConfig: requesting nits when no mapping exists.
03-11 01:40:02.814 1530 1888 E DisplayDeviceConfig: requesting nits when no mapping exists.
03-11 01:40:02.831 1530 1888 E DisplayDeviceConfig: requesting nits when no mapping exists.
03-11 01:40:02.831 1530 1888 E DisplayDeviceConfig: requesting nits when no mapping exists.
03-11 01:40:02.848 1530 1888 E DisplayDeviceConfig: requesting nits when no mapping exists.
03-11 01:40:02.848 1530 1888 E DisplayDeviceConfig: requesting nits when no mapping exists.
03-11 01:40:02.864 1530 1888 E DisplayDeviceConfig: requesting nits when no mapping exists.
03-11 01:40:02.865 1530 1888 E DisplayDeviceConfig: requesting nits when no mapping exists.
03-11 01:40:02.881 1530 1888 E DisplayDeviceConfig: requesting nits when no mapping exists.
03-11 01:40:02.881 1530 1888 E DisplayDeviceConfig: requesting nits when no mapping exists.
03-11 01:40:02.898 1530 1888 E DisplayDeviceConfig: requesting nits when no mapping exists.
03-11 01:40:02.898 1530 1888 E DisplayDeviceConfig: requesting nits when no mapping exists.
03-11 01:40:02.915 1530 1888 E DisplayDeviceConfig: requesting nits when no mapping exists.
03-11 01:40:02.915 1530 1888 E DisplayDeviceConfig: requesting nits when no mapping exists.
03-11 01:40:02.931 1530 1888 E DisplayDeviceConfig: requesting nits when no mapping exists.
03-11 01:40:02.932 1530 1888 E DisplayDeviceConfig: requesting nits when no mapping exists.
03-11 01:40:02.948 1530 1888 E DisplayDeviceConfig: requesting nits when no mapping exists.
03-11 01:40:02.948 1530 1888 E DisplayDeviceConfig: requesting nits when no mapping exists.
03-11 01:40:02.965 1530 1888 E DisplayDeviceConfig: requesting nits when no mapping exists.
03-11 01:40:02.965 1530 1888 E DisplayDeviceConfig: requesting nits when no mapping exists.
03-11 01:40:02.981 1530 1888 E DisplayDeviceConfig: requesting nits when no mapping exists.
03-11 01:40:02.981 1530 1888 E DisplayDeviceConfig: requesting nits when no mapping exists.
03-11 01:40:02.998 1530 1888 E DisplayDeviceConfig: requesting nits when no mapping exists.
03-11 01:40:02.998 1530 1888 E DisplayDeviceConfig: requesting nits when no mapping exists.
03-11 01:40:03.015 1530 1888 E DisplayDeviceConfig: requesting nits when no mapping exists.
03-11 01:40:03.015 1530 1888 E DisplayDeviceConfig: requesting nits when no mapping exists.
01-01 08:47:08.600 0 0 E DTC_ETH,link_delay_work_func: 3003, SQI=0, link=0
01-01 08:47:13.724 0 0 E DTC_ETH,link_delay_work_func: 3003, SQI=0, link=0
01-01 08:47:18.841 0 0 E DTC_ETH,link_delay_work_func: 3003, SQI=0, link=0
01-01 08:47:23.960 0 0 E DTC_ETH,link_delay_work_func: 3003, SQI=0, link=0
01-01 08:47:25.504 0 0 I [schedu][0x8ff796733][01:40:24.459239] wlan: [3444:I:WMA] [01:40:24.400000] [ROAM_TRIGGER]: VDEV[0] Reason: "LOW RSSI" Cur_Rssi threshold:81 Current AP RSSI: 76
01-01 08:47:25.504 0 0 I [schedu][0x8ff796c68][01:40:24.459308] wlan: [3444:I:WMA] [01:40:24.400000] [ROAM_SCAN]: VDEV[0] Scan_type: PARTIAL next_rssi_threshold: 81 dBm {2412 }
01-01 08:47:25.504 0 0 I [schedu][0x8ff796db5][01:40:24.459326] wlan: [3444:I:WMA] ============================================================================================================================
01-01 08:47:25.504 0 0 I [schedu][0x8ff796f76][01:40:24.459349] wlan: [3444:I:WMA] AP BSSID TSTAMP CH TY ETP RSSI/SCR CU%/SCR TOT_SCR BL_RSN BL_SRC BL_TSTAMP BL_TIMEOUT(ms)
01-01 08:47:25.504 0 0 I [schedu][0x8ff7970ba][01:40:24.459366] wlan: [3444:I:WMA] ============================================================================================================================
01-01 08:47:25.504 0 0 I [schedu][0x8ff797319][01:40:24.459398] wlan: [3444:I:WMA] d6:44:3b:15:39:91 [01:40:24.400000] 2412 P_AP 0 76/0 0/0 1557 0 0 [00:00:00.000000] 0
01-01 08:47:25.504 0 0 I [schedu][0x8ff7974e9][01:40:24.459422] wlan: [3444:I:WMA] [01:40:24.457000] [ROAM_RESULT]: VDEV[0] FAILED Reason: NO AP FOUND
01-01 08:47:28.982 0 0 I [schedu][0x903745570][01:40:27.937189] wlan: [3444:I:WMA] [01:40:24.463000] [ROAM_TRIGGER]: VDEV[0] Reason: "LOW RSSI" Sub-Reason: FULL SCAN Cur_Rssi threshold:81 Current AP RSSI: 76
01-01 08:47:28.982 0 0 I [schedu][0x903745915][01:40:27.937237] wlan: [3444:I:WMA] [01:40:24.463000] [ROAM_SCAN]: VDEV[0] Scan_type: FULL next_rssi_threshold: 81 dBm
01-01 08:47:28.982 0 0 I [schedu][0x903745a6b][01:40:27.937255] wlan: [3444:I:WMA] ============================================================================================================================
01-01 08:47:28.982 0 0 I [schedu][0x903745c42][01:40:27.937280] wlan: [3444:I:WMA] AP BSSID TSTAMP CH TY ETP RSSI/SCR CU%/SCR TOT_SCR BL_RSN BL_SRC BL_TSTAMP BL_TIMEOUT(ms)
01-01 08:47:28.982 0 0 I [schedu][0x903745d78][01:40:27.937296] wlan: [3444:I:WMA] ============================================================================================================================
01-01 08:47:28.982 0 0 I [schedu][0x903745fd6][01:40:27.937328] wlan: [3444:I:WMA] d6:44:3b:15:39:91 [01:40:24.463000] 2412 P_AP 0 76/0 0/0 1557 0 0 [00:00:00.000000] 0
01-01 08:47:28.982 0 0 I [schedu][0x903746516][01:40:27.937397] wlan: [3444:I:WMA] [01:40:27.935000] [ROAM_RESULT]: VDEV[0] FAILED Reason: NO AP FOUND
01-01 08:47:29.080 0 0 E DTC_ETH,link_delay_work_func: 3003, SQI=0, link=0
01-01 08:47:34.200 0 0 E DTC_ETH,link_delay_work_func: 3003, SQI=0, link=0
03-11 01:40:36.919 1530 1614 W ActivityManager: Stopping service due to app idle: u0a93 -2m0s134ms com.tencent.tmgp.sgame/com.tencent.android.tpush.service.XGVipPushService
03-11 01:40:36.920 1530 1614 W ActivityManager: Stopping service due to app idle: u0a93 -2m0s73ms com.tencent.tmgp.sgame/com.tencent.tpns.mqttchannel.services.MqttService
01-01 08:47:39.320 0 0 E DTC_ETH,link_delay_work_func: 3003, SQI=0, link=0
01-01 08:47:44.441 0 0 E DTC_ETH,link_delay_work_func: 3003, SQI=0, link=0
01-01 08:47:49.561 0 0 E DTC_ETH,link_delay_work_func: 3003, SQI=0, link=0
01-01 08:47:54.680 0 0 E DTC_ETH,link_delay_work_func: 3003, SQI=0, link=0
01-01 08:47:59.800 0 0 E DTC_ETH,link_delay_work_func: 3003, SQI=0, link=0
01-01 08:48:04.921 0 0 E DTC_ETH,link_delay_work_func: 3003, SQI=0, link=0
01-01 08:48:06.946 0 0 I [schedu][0x92ee690dc][01:41:05.901075] wlan: [3444:I:WMA] [01:41:05.843000] [ROAM_TRIGGER]: VDEV[0] Reason: "PER"
01-01 08:48:06.946 0 0 I [schedu][0x92ee693f3][01:41:05.901116] wlan: [3444:I:WMA] [01:41:05.843000] [ROAM_SCAN]: VDEV[0] Scan_type: PARTIAL {2412 }
01-01 08:48:06.946 0 0 I [schedu][0x92ee69536][01:41:05.901132] wlan: [3444:I:WMA] ============================================================================================================================
01-01 08:48:06.946 0 0 I [schedu][0x92ee696f4][01:41:05.901156] wlan: [3444:I:WMA] AP BSSID TSTAMP CH TY ETP RSSI/SCR CU%/SCR TOT_SCR BL_RSN BL_SRC BL_TSTAMP BL_TIMEOUT(ms)
01-01 08:48:06.946 0 0 I [schedu][0x92ee69a41][01:41:05.901200] wlan: [3444:I:WMA] ============================================================================================================================
01-01 08:48:06.946 0 0 I [schedu][0x92ee69c6a][01:41:05.901228] wlan: [3444:I:WMA] d6:44:3b:15:39:91 [01:41:05.843000] 2412 P_AP 0 70/0 0/0 1932 0 0 [00:00:00.000000] 0
01-01 08:48:06.946 0 0 I [schedu][0x92ee69e3d][01:41:05.901253] wlan: [3444:I:WMA] [01:41:05.899000] [ROAM_RESULT]: VDEV[0] FAILED Reason: NO AP FOUND
01-01 08:48:10.041 0 0 E DTC_ETH,link_delay_work_func: 3003, SQI=0, link=0
01-01 08:48:10.655 0 0 I [schedu][0x933253a0b][01:41:09.610210] wlan: [3444:I:WMA] [01:41:05.905000] [ROAM_TRIGGER]: VDEV[0] Reason: "PER" Sub-Reason: FULL SCAN
01-01 08:48:10.655 0 0 I [schedu][0x933253d16][01:41:09.610251] wlan: [3444:I:WMA] [01:41:05.905000] [ROAM_SCAN]: VDEV[0] Scan_type: FULL
01-01 08:48:10.655 0 0 I [schedu][0x933253e47][01:41:09.610267] wlan: [3444:I:WMA] ============================================================================================================================
01-01 08:48:10.655 0 0 I [schedu][0x933253ff6][01:41:09.610289] wlan: [3444:I:WMA] AP BSSID TSTAMP CH TY ETP RSSI/SCR CU%/SCR TOT_SCR BL_RSN BL_SRC BL_TSTAMP BL_TIMEOUT(ms)
01-01 08:48:10.655 0 0 I [schedu][0x933254121][01:41:09.610305] wlan: [3444:I:WMA] ============================================================================================================================
01-01 08:48:10.655 0 0 I [schedu][0x933254561][01:41:09.610361] wlan: [3444:I:WMA] d6:44:3b:15:39:91 [01:41:05.905000] 2412 P_AP 0 70/0 0/0 1932 0 0 [00:00:00.000000] 0
01-01 08:48:10.655 0 0 I [schedu][0x933254734][01:41:09.610386] wlan: [3444:I:WMA] [01:41:09.608000] [ROAM_RESULT]: VDEV[0] FAILED Reason: NO AP FOUND
01-01 08:48:15.161 0 0 E DTC_ETH,link_delay_work_func: 3003, SQI=0, link=0
01-01 08:48:20.281 0 0 E DTC_ETH,link_delay_work_func: 3003, SQI=0, link=0
01-01 08:48:25.401 0 0 E DTC_ETH,link_delay_work_func: 3003, SQI=0, link=0
01-01 08:48:26.021 0 0 I [schedu][0x944bb069d][01:41:24.976352] wlan: [3444:I:WMA] [01:41:24.919000] [ROAM_TRIGGER]: VDEV[0] Reason: "LOW RSSI" Cur_Rssi threshold:81 Current AP RSSI: 76
01-01 08:48:26.021 0 0 I [schedu][0x944bb09ed][01:41:24.976395] wlan: [3444:I:WMA] [01:41:24.919000] [ROAM_SCAN]: VDEV[0] Scan_type: PARTIAL next_rssi_threshold: 81 dBm {2412 }
01-01 08:48:26.021 0 0 I [schedu][0x944bb0b27][01:41:24.976412] wlan: [3444:I:WMA] ============================================================================================================================
01-01 08:48:26.021 0 0 I [schedu][0x944bb0cd9][01:41:24.976434] wlan: [3444:I:WMA] AP BSSID TSTAMP CH TY ETP RSSI/SCR CU%/SCR TOT_SCR BL_RSN BL_SRC BL_TSTAMP BL_TIMEOUT(ms)
01-01 08:48:26.022 0 0 I [schedu][0x944bb0e1b][01:41:24.976451] wlan: [3444:I:WMA] ============================================================================================================================
01-01 08:48:26.022 0 0 I [schedu][0x944bb1044][01:41:24.976480] wlan: [3444:I:WMA] d6:44:3b:15:39:91 [01:41:24.919000] 2412 P_AP 0 76/0 0/0 1557 0 0 [00:00:00.000000] 0
01-01 08:48:26.022 0 0 I [schedu][0x944bb120e][01:41:24.976504] wlan: [3444:I:WMA] [01:41:24.974000] [ROAM_RESULT]: VDEV[0] FAILED Reason: NO AP FOUND
01-01 08:48:30.520 0 0 E DTC_ETH,link_delay_work_func: 3003, SQI=0, link=0
01-01 08:48:35.304 0 0 I logd : logdr: UID=2000 GID=2000 PID=13683 b tail=0 logMask=99 pid=0 start=0ns deadline=0ns
01-01 08:48:35.640 0 0 E DTC_ETH,link_delay_work_func: 3003, SQI=0, link=0
03-11 01:41:36.378 1530 2081 I DreamManagerService: Gently waking up from dream.
03-11 01:41:36.379 1530 1604 I DreamManagerService: Performing gentle wake from dream.
03-11 01:41:36.381 1530 8841 I ActivityTaskManager: FOREGROUND_APPLICATION_CHANGED to com.android.settings.homepage.SettingsHomepageActivity
03-11 01:41:36.474 1530 1630 I PowerManagerService: Powering on display group fromDreaming (groupId=0, uid=1000, reason=WAKE_REASON_UNKNOWN, details=android.server.power:DREAM_FINISHED)...
03-11 01:41:36.474 1530 1630 I PowerManagerService: Waking up from Dreaming (uid=1000, reason=WAKE_REASON_UNKNOWN, details=android.server.power:DREAM_FINISHED)...
03-11 01:41:36.562 1530 11533 W FreeFormWindowHelper: Current Display FreeFormTask is null
03-11 01:41:36.989 1530 4316 I DreamManagerService: Leaving dreamland.
03-11 01:41:36.990 1530 1604 I DreamManagerService: Performing gentle wake from dream.
03-11 01:41:36.990 1530 1604 I DreamController: Stopping dream: name=ComponentInfo{com.thundercomm.screensaver/com.thundercomm.screensaver.service.SystemDream}, isTest=false, canDoze=false, userId=0, reason='finished self'(from 'finished self')
03-11 01:41:37.008 1530 1608 W ActivityTaskManager: Can't find TaskDisplayArea to determine support for multi window. Task id=34 attached=false
01-01 08:48:40.761 0 0 E DTC_ETH,link_delay_work_func: 3003, SQI=0, link=0
01-01 08:48:41.946 0 0 I msm_vidc: err : ffffffff: .....: DBLP Set: status 0
01-01 08:48:45.880 0 0 E DTC_ETH,link_delay_work_func: 3003, SQI=0, link=0
01-01 08:48:51.000 0 0 E DTC_ETH,link_delay_work_func: 3003, SQI=0, link=0
03-11 01:41:50.905 1530 2750 E TaskPersister: File error accessing recents directory (directory doesn't exist?).
03-11 01:41:50.906 1530 1614 I DropBoxManagerService: add tag=system_server_wtf isTagEnabled=true flags=0x2
03-11 01:41:50.912 1530 8841 W FreeFormWindowHelper: Current Display FreeFormTask is null
03-11 01:41:50.914 1530 1607 I ActivityManager: Killing 13204:com.tencent.tmgp.sgame/u0a93 (adj 900): remove task
03-11 01:41:50.914 1530 1614 I DropBoxManagerService: add tag=system_server_wtf isTagEnabled=true flags=0x2
03-11 01:41:50.915 1530 1607 I ActivityManager: Killing 13241:com.tencent.tmgp.sgame:xg_vip_service/u0a93 (adj 910): remove task
03-11 01:41:50.978 1530 8841 W ActivityManager: Scheduling restart of crashed service com.tencent.tmgp.sgame/com.tencent.android.tpush.service.XGVipPushService in 1000ms for connection
03-11 01:41:51.005 1530 13170 W FreeFormWindowHelper: Current Display FreeFormTask is null
01-01 08:48:52.179 0 0 I binder : undelivered transaction 831926, process died.
03-11 01:41:51.144 1530 2109 I WindowManager: WIN DEATH: Window{f925e80 u0 com.tencent.tmgp.sgame/com.tencent.tmgp.sgame.SGameActivity}
03-11 01:41:51.149 1530 1607 W ActivityManager: setHasOverlayUi called on unknown pid: 13204
03-11 01:41:51.149 1530 1613 W UsageStatsService: Unexpected activity event reported! (com.tencent.tmgp.sgame/com.tencent.tmgp.sgame.SGameActivity event : 23 instanceId : 140788576)
03-11 01:41:51.149 1530 1608 W ActivityTaskManager: Can't find TaskDisplayArea to determine support for multi window. Task id=33 attached=false
03-11 01:41:51.149 1530 1608 W ActivityTaskManager: Can't find TaskDisplayArea to determine support for multi window. Task id=33 attached=false
03-11 01:41:51.613 1530 2081 W FreeFormWindowHelper: Current Display FreeFormTask is null
03-11 01:41:51.616 1530 2081 W FreeFormWindowHelper: Current Display FreeFormTask is null
03-11 01:41:51.637 1530 2109 W FreeFormWindowHelper: Current Display FreeFormTask is null
03-11 01:41:51.638 1530 2081 W FreeFormWindowHelper: Current Display FreeFormTask is null
03-11 01:41:51.638 1530 2109 W FreeFormWindowHelper: Current Display FreeFormTask is null
03-11 01:41:51.648 1530 4690 W FreeFormWindowHelper: Current Display FreeFormTask is null
03-11 01:41:51.649 1530 4690 W FreeFormWindowHelper: Current Display FreeFormTask is null
03-11 01:41:51.650 1530 4690 W ActivityTaskManager: getTaskSnapshot: taskId=-87 not found
03-11 01:41:51.651 1530 12140 W ActivityTaskManager: getTaskSnapshot: taskId=-87 not found
03-11 01:41:51.654 1530 12140 W ActivityTaskManager: getTaskSnapshot: taskId=-87 not found
03-11 01:41:51.654 1530 4690 W ActivityTaskManager: getTaskSnapshot: taskId=-86 not found
03-11 01:41:51.655 1530 4690 W FreeFormWindowHelper: Current Display FreeFormTask is null
03-11 01:41:51.656 1530 4690 W FreeFormWindowHelper: Current Display FreeFormTask is null
03-11 01:41:51.657 1530 4690 W ActivityTaskManager: getTaskSnapshot: taskId=-87 not found
03-11 01:41:51.681 1530 2109 W FreeFormWindowHelper: Current Display FreeFormTask is null
03-11 01:41:51.681 1530 2109 W FreeFormWindowHelper: Current Display FreeFormTask is null
03-11 01:41:52.143 1530 4690 W FreeFormWindowHelper: Current Display FreeFormTask is null
03-11 01:41:52.144 1530 2109 W FreeFormWindowHelper: Current Display FreeFormTask is null
03-11 01:41:52.145 1530 12140 W FreeFormWindowHelper: Current Display FreeFormTask is null
03-11 01:41:52.477 1530 12140 I ActivityTaskManager: FOREGROUND_APPLICATION_CHANGED to com.android.launcher3.uioverrides.QuickstepLauncher
03-11 01:41:52.493 1530 2081 W FreeFormWindowHelper: Current Display FreeFormTask is null
03-11 01:41:52.493 1530 4690 W FreeFormWindowHelper: Current Display FreeFormTask is null
03-11 01:41:52.494 1530 4690 W FreeFormWindowHelper: Current Display FreeFormTask is null
03-11 01:41:52.512 1530 4910 W FreeFormWindowHelper: Current Display FreeFormTask is null
03-11 01:41:52.512 1530 4910 W FreeFormWindowHelper: Current Display FreeFormTask is null
03-11 01:41:52.588 1530 4910 W FreeFormWindowHelper: Current Display FreeFormTask is null
03-11 01:41:53.019 1530 2081 W FreeFormWindowHelper: exitRecentTasks type=0
03-11 01:41:54.090 1530 2081 I thunderperf: PlatormCompat.setOverrides: Uid1=10075 Pid1=2553 Uid2=10075 Pid2=2553
03-11 01:41:54.090 1530 2081 I thunderperf: PlatormCompat.setOverrides: needCheck:false
03-11 01:41:54.090 1530 2081 I thunderperf: CompatConfig.addOverrideUnsafe: bef-state=1
03-11 01:41:54.090 1530 2081 I thunderperf: CompatConfig.addOverrideUnsafe: aft-state=0
03-11 01:41:54.090 1530 2081 I thunderperf: CompatConfig.addOverrideUnsafe: bef-state=1
03-11 01:41:54.090 1530 2081 I thunderperf: CompatConfig.addOverrideUnsafe: aft-state=0
03-11 01:41:54.091 1530 2081 I thunderperf: CompatConfig.addOverrideUnsafe: bef-state=1
03-11 01:41:54.091 1530 2081 I thunderperf: CompatConfig.addOverrideUnsafe: aft-state=0
03-11 01:41:54.091 1530 2081 I thunderperf: CompatConfig.addOverrideUnsafe: bef-state=1
03-11 01:41:54.091 1530 2081 I thunderperf: CompatConfig.addOverrideUnsafe: aft-state=0
03-11 01:41:54.091 1530 2081 I thunderperf: CompatConfig.addOverrideUnsafe: bef-state=1
03-11 01:41:54.091 1530 2081 I thunderperf: CompatConfig.addOverrideUnsafe: aft-state=0
03-11 01:41:54.092 1530 2081 I thunderperf: CompatConfig.addOverrideUnsafe: bef-state=1
03-11 01:41:54.092 1530 2081 I thunderperf: CompatConfig.addOverrideUnsafe: aft-state=0
03-11 01:41:54.092 1530 2081 I thunderperf: CompatConfig.addOverrideUnsafe: bef-state=1
03-11 01:41:54.092 1530 2081 I thunderperf: CompatConfig.addOverrideUnsafe: aft-state=0
03-11 01:41:54.092 1530 2081 I thunderperf: CompatConfig.addOverrideUnsafe: bef-state=1
03-11 01:41:54.092 1530 2081 I thunderperf: CompatConfig.addOverrideUnsafe: aft-state=0
03-11 01:41:54.093 1530 2081 I thunderperf: CompatConfig.addOverrideUnsafe: bef-state=1
03-11 01:41:54.093 1530 2081 I thunderperf: CompatConfig.addOverrideUnsafe: aft-state=0
03-11 01:41:54.093 1530 2081 I thunderperf: CompatConfig.addOverrideUnsafe: bef-state=1
03-11 01:41:54.093 1530 2081 I thunderperf: CompatConfig.addOverrideUnsafe: aft-state=0
03-11 01:41:54.093 1530 2081 I thunderperf: CompatConfig.addOverrideUnsafe: bef-state=1
03-11 01:41:54.093 1530 2081 I thunderperf: CompatConfig.addOverrideUnsafe: aft-state=0
03-11 01:41:54.093 1530 2081 I thunderperf: CompatConfig.addOverrideUnsafe: bef-state=1
03-11 01:41:54.093 1530 2081 I thunderperf: CompatConfig.addOverrideUnsafe: aft-state=0
03-11 01:41:54.094 1530 2081 I thunderperf: CompatConfig.addOverrideUnsafe: bef-state=1
03-11 01:41:54.094 1530 2081 I thunderperf: CompatConfig.addOverrideUnsafe: aft-state=0
03-11 01:41:54.094 1530 2081 I thunderperf: CompatConfig.addOverrideUnsafe: bef-state=1
03-11 01:41:54.094 1530 2081 I thunderperf: CompatConfig.addOverrideUnsafe: aft-state=0
03-11 01:41:54.095 1530 2081 I ActivityTaskManager: START u0 {act=android.intent.action.MAIN cat=[android.intent.category.LAUNCHER] flg=0x10200000 cmp=com.tencent.tmgp.sgame/.SGameActivity bnds=[1017,120][1319,402]} from uid 10075
03-11 01:41:54.096 1530 2081 W ActivityTaskManager: Can't find TaskDisplayArea to determine support for multi window. Task id=35 attached=false
03-11 01:41:54.098 1530 2081 D CompatibilityChangeReporter: Compat change id reported: 174042980; UID 10093; state: DISABLED
03-11 01:41:54.098 1530 2081 D CompatibilityChangeReporter: Compat change id reported: 184838306; UID 10093; state: DISABLED
03-11 01:41:54.098 1530 2081 D CompatibilityChangeReporter: Compat change id reported: 185004937; UID 10093; state: DISABLED
03-11 01:41:54.098 1530 2081 D CompatibilityChangeReporter: Compat change id reported: 181136395; UID 10093; state: DISABLED
03-11 01:41:54.099 1530 2081 D CompatibilityChangeReporter: Compat change id reported: 174042936; UID 10093; state: DISABLED
03-11 01:41:54.099 1530 2081 D CompatibilityChangeReporter: Compat change id reported: 168419799; UID 10093; state: ENABLED
03-11 01:41:54.100 1530 2081 D CompatibilityChangeReporter: Compat change id reported: 182811243; UID 10093; state: DISABLED
03-11 01:41:54.100 1530 2081 D CompatibilityChangeReporter: Compat change id reported: 189969734; UID 10093; state: DISABLED
03-11 01:41:54.100 1530 2081 D CompatibilityChangeReporter: Compat change id reported: 176926753; UID 10093; state: DISABLED
03-11 01:41:54.100 1530 2081 D CompatibilityChangeReporter: Compat change id reported: 189969779; UID 10093; state: DISABLED
03-11 01:41:54.100 1530 2081 D CompatibilityChangeReporter: Compat change id reported: 176926829; UID 10093; state: DISABLED
03-11 01:41:54.100 1530 2081 D CompatibilityChangeReporter: Compat change id reported: 189969744; UID 10093; state: DISABLED
03-11 01:41:54.101 1530 2081 D CompatibilityChangeReporter: Compat change id reported: 176926771; UID 10093; state: DISABLED
03-11 01:41:54.101 1530 2081 D CompatibilityChangeReporter: Compat change id reported: 189970036; UID 10093; state: DISABLED
03-11 01:41:54.101 1530 2081 D CompatibilityChangeReporter: Compat change id reported: 176926741; UID 10093; state: DISABLED
03-11 01:41:54.101 1530 2081 D CompatibilityChangeReporter: Compat change id reported: 189969782; UID 10093; state: DISABLED
03-11 01:41:54.101 1530 2081 D CompatibilityChangeReporter: Compat change id reported: 189970038; UID 10093; state: DISABLED
03-11 01:41:54.102 1530 2081 D CompatibilityChangeReporter: Compat change id reported: 189969749; UID 10093; state: ENABLED
03-11 01:41:54.104 1530 4690 W FreeFormWindowHelper: Current Display FreeFormTask is null
03-11 01:41:54.107 1530 1607 D CompatibilityChangeReporter: Compat change id reported: 135634846; UID 10093; state: DISABLED
03-11 01:41:54.107 1530 1607 D CompatibilityChangeReporter: Compat change id reported: 177438394; UID 10093; state: DISABLED
03-11 01:41:54.107 1530 1607 D CompatibilityChangeReporter: Compat change id reported: 135772972; UID 10093; state: DISABLED
03-11 01:41:54.107 1530 1607 D CompatibilityChangeReporter: Compat change id reported: 135754954; UID 10093; state: DISABLED
03-11 01:41:54.108 1530 1615 D CompatibilityChangeReporter: Compat change id reported: 143937733; UID 10093; state: DISABLED
03-11 01:41:54.108 1530 2109 I ActivityTaskManager: FOREGROUND_APPLICATION_CHANGED to com.tencent.tmgp.sgame.SGameActivity
03-11 01:41:54.112 1530 1615 I ActivityManager: Start proc 13716:com.tencent.tmgp.sgame/u0a93 for pre-top-activity {com.tencent.tmgp.sgame/com.tencent.tmgp.sgame.SGameActivity}
