03-11 02:07:53.359 1530 1711 I netstats_wifi_sample: [339191810,265542,5104139,68811,339187258,265538,5104139,68811,335393157,266945,4444185,67031,1678697612116]
03-11 02:07:54.291 5003 5003 I auditd : type=1400 audit(0.0:4434): avc: denied { kill } for comm="kworker/u16:3" capability=5 scontext=u:r:kernel:s0 tcontext=u:r:kernel:s0 tclass=capability permissive=0
03-11 02:07:55.291 0 0 I auditd : type=1400 audit(0.0:4435): avc: denied { kill } for comm="swapper/3" capability=5 scontext=u:r:kernel:s0 tcontext=u:r:kernel:s0 tclass=capability permissive=0
03-11 02:07:55.895 1530 1711 I netstats_mobile_sample: [0,0,0,0,0,0,0,0,0,0,0,0,1678697614653]
03-11 02:07:55.895 1530 1711 I netstats_wifi_sample: [339191810,265542,5104139,68811,339187258,265538,5104139,68811,335393157,266945,4444185,67031,1678697614653]
01-01 09:14:57.721 0 0 E DTC_ETH,link_delay_work_func: 3003, SQI=0, link=0
03-11 02:07:57.291 0 0 I auditd : type=1400 audit(0.0:4436): avc: denied { kill } for comm="swapper/3" capability=5 scontext=u:r:kernel:s0 tcontext=u:r:kernel:s0 tclass=capability permissive=0
03-11 02:07:58.291 0 0 I auditd : type=1400 audit(0.0:4437): avc: denied { kill } for comm="swapper/3" capability=5 scontext=u:r:kernel:s0 tcontext=u:r:kernel:s0 tclass=capability permissive=0
03-11 02:07:58.503 1530 1711 I netstats_mobile_sample: [0,0,0,0,0,0,0,0,0,0,0,0,1678697617261]
03-11 02:07:58.503 1530 1711 I netstats_wifi_sample: [339191810,265542,5104139,68811,339187258,265538,5104139,68811,335393157,266945,4444185,67031,1678697617261]
03-11 02:07:59.291 0 0 I auditd : type=1400 audit(0.0:4438): avc: denied { kill } for comm="swapper/3" capability=5 scontext=u:r:kernel:s0 tcontext=u:r:kernel:s0 tclass=capability permissive=0
03-11 02:08:00.291 0 0 I auditd : type=1400 audit(0.0:4439): avc: denied { kill } for comm="swapper/3" capability=5 scontext=u:r:kernel:s0 tcontext=u:r:kernel:s0 tclass=capability permissive=0
03-11 02:08:00.762 1530 1711 I netstats_mobile_sample: [0,0,0,0,0,0,0,0,0,0,0,0,1678697619520]
03-11 02:08:00.763 1530 1711 I netstats_wifi_sample: [339191810,265542,5104139,68811,339187258,265538,5104139,68811,335393157,266945,4444185,67031,1678697619520]
03-11 02:08:01.291 0 0 I auditd : type=1400 audit(0.0:4440): avc: denied { kill } for comm="swapper/3" capability=5 scontext=u:r:kernel:s0 tcontext=u:r:kernel:s0 tclass=capability permissive=0
03-11 02:08:01.531 21696 21696 I auditd : type=1400 audit(0.0:4441): avc: denied { read } for comm="pcdn_udp" name="snmp" dev="proc" ino=4026532261 scontext=u:r:untrusted_app_29:s0:c93,c256,c512,c768 tcontext=u:object_r:proc_net:s0 tclass=file permissive=0 app=com.tencent.tmgp.sgame
01-01 09:15:02.840 0 0 E DTC_ETH,link_delay_work_func: 3003, SQI=0, link=0
03-11 02:08:03.105 1530 1711 I netstats_mobile_sample: [0,0,0,0,0,0,0,0,0,0,0,0,1678697621862]
03-11 02:08:03.105 1530 1711 I netstats_wifi_sample: [339191810,265542,5104139,68811,339187258,265538,5104139,68811,335393157,266945,4444185,67031,1678697621862]
03-11 02:08:03.117 1530 1712 I service_manager_stats: [100,71,61394]
03-11 02:08:03.291 0 0 I auditd : type=1400 audit(0.0:4442): avc: denied { kill } for comm="swapper/3" capability=5 scontext=u:r:kernel:s0 tcontext=u:r:kernel:s0 tclass=capability permissive=0
03-11 02:08:04.291 0 0 I auditd : type=1400 audit(0.0:4443): avc: denied { kill } for comm="swapper/3" capability=5 scontext=u:r:kernel:s0 tcontext=u:r:kernel:s0 tclass=capability permissive=0
03-11 02:08:04.943 1530 1711 I netstats_mobile_sample: [0,0,0,0,0,0,0,0,0,0,0,0,1678697623701]
03-11 02:08:04.944 1530 1711 I netstats_wifi_sample: [339191810,265542,5104139,68811,339187258,265538,5104139,68811,335393157,266945,4444185,67031,1678697623701]
03-11 02:08:05.291 0 0 I auditd : type=1400 audit(0.0:4444): avc: denied { kill } for comm="swapper/3" capability=5 scontext=u:r:kernel:s0 tcontext=u:r:kernel:s0 tclass=capability permissive=0
03-11 02:08:06.291 0 0 I auditd : type=1400 audit(0.0:4445): avc: denied { kill } for comm="swapper/3" capability=5 scontext=u:r:kernel:s0 tcontext=u:r:kernel:s0 tclass=capability permissive=0
01-01 09:15:07.960 0 0 E DTC_ETH,link_delay_work_func: 3003, SQI=0, link=0
03-11 02:08:07.080 1530 1754 I storage_state: [41217664-9172-527a-b3d5-edabb50a7d69,0,0,110346059776,118610538496]
03-11 02:08:07.291 0 0 I auditd : type=1400 audit(0.0:4446): avc: denied { kill } for comm="swapper/3" capability=5 scontext=u:r:kernel:s0 tcontext=u:r:kernel:s0 tclass=capability permissive=0
03-11 02:08:08.247 1530 1711 I netstats_mobile_sample: [0,0,0,0,0,0,0,0,0,0,0,0,1678697627005]
03-11 02:08:08.247 1530 1711 I netstats_wifi_sample: [339191810,265542,5104139,68811,339187258,265538,5104139,68811,335393157,266945,4444185,67031,1678697627005]
03-11 02:08:08.291 0 0 I auditd : type=1400 audit(0.0:4447): avc: denied { kill } for comm="swapper/3" capability=5 scontext=u:r:kernel:s0 tcontext=u:r:kernel:s0 tclass=capability permissive=0
03-11 02:08:11.291 0 0 I auditd : type=1400 audit(0.0:4448): avc: denied { kill } for comm="swapper/3" capability=5 scontext=u:r:kernel:s0 tcontext=u:r:kernel:s0 tclass=capability permissive=0
03-11 02:08:11.401 1530 1711 I netstats_mobile_sample: [0,0,0,0,0,0,0,0,0,0,0,0,1678697630159]
03-11 02:08:11.402 1530 1711 I netstats_wifi_sample: [339191810,265542,5104139,68811,339187258,265538,5104139,68811,335393157,266945,4444185,67031,1678697630159]
01-01 09:15:13.080 0 0 E DTC_ETH,link_delay_work_func: 3003, SQI=0, link=0
03-11 02:08:12.291 0 0 I auditd : type=1400 audit(0.0:4449): avc: denied { kill } for comm="swapper/3" capability=5 scontext=u:r:kernel:s0 tcontext=u:r:kernel:s0 tclass=capability permissive=0
03-11 02:08:13.291 0 0 I auditd : type=1400 audit(0.0:4450): avc: denied { kill } for comm="swapper/3" capability=5 scontext=u:r:kernel:s0 tcontext=u:r:kernel:s0 tclass=capability permissive=0
03-11 02:08:14.016 1530 1711 I netstats_mobile_sample: [0,0,0,0,0,0,0,0,0,0,0,0,1678697632774]
03-11 02:08:14.017 1530 1711 I netstats_wifi_sample: [339191810,265542,5104139,68811,339187258,265538,5104139,68811,335393157,266945,4444185,67031,1678697632774]
03-11 02:08:14.291 0 0 I auditd : type=1400 audit(0.0:4451): avc: denied { kill } for comm="swapper/3" capability=5 scontext=u:r:kernel:s0 tcontext=u:r:kernel:s0 tclass=capability permissive=0
03-11 02:08:15.291 0 0 I auditd : type=1400 audit(0.0:4452): avc: denied { kill } for comm="swapper/3" capability=5 scontext=u:r:kernel:s0 tcontext=u:r:kernel:s0 tclass=capability permissive=0
03-11 02:08:16.155 1530 1711 I netstats_mobile_sample: [0,0,0,0,0,0,0,0,0,0,0,0,1678697634912]
03-11 02:08:16.155 1530 1711 I netstats_wifi_sample: [339191810,265542,5104139,68811,339187258,265538,5104139,68811,335393157,266945,4444185,67031,1678697634912]
03-11 02:08:16.291 0 0 I auditd : type=1400 audit(0.0:4453): avc: denied { kill } for comm="swapper/3" capability=5 scontext=u:r:kernel:s0 tcontext=u:r:kernel:s0 tclass=capability permissive=0
01-01 09:15:18.200 0 0 E DTC_ETH,link_delay_work_func: 3003, SQI=0, link=0
03-11 02:08:17.291 0 0 I auditd : type=1400 audit(0.0:4454): avc: denied { kill } for comm="swapper/3" capability=5 scontext=u:r:kernel:s0 tcontext=u:r:kernel:s0 tclass=capability permissive=0
03-11 02:08:18.291 0 0 I auditd : type=1400 audit(0.0:4455): avc: denied { kill } for comm="swapper/3" capability=5 scontext=u:r:kernel:s0 tcontext=u:r:kernel:s0 tclass=capability permissive=0
03-11 02:08:18.425 1530 1711 I netstats_mobile_sample: [0,0,0,0,0,0,0,0,0,0,0,0,1678697637183]
03-11 02:08:18.426 1530 1711 I netstats_wifi_sample: [339191810,265542,5104139,68811,339187258,265538,5104139,68811,335393157,266945,4444185,67031,1678697637183]
03-11 02:08:19.291 0 0 I auditd : type=1400 audit(0.0:4456): avc: denied { kill } for comm="swapper/3" capability=5 scontext=u:r:kernel:s0 tcontext=u:r:kernel:s0 tclass=capability permissive=0
01-01 09:15:20.404 0 0 I [schedu][0x107c3eadd1][02:08:19.358953] wlan: [3444:I:WMA] [02:08:19.300000] [ROAM_TRIGGER]: VDEV[0] Reason: "LOW RSSI" Cur_Rssi threshold:86 Current AP RSSI: 77
01-01 09:15:20.404 0 0 I [schedu][0x107c3eb0a3][02:08:19.358991] wlan: [3444:I:WMA] [02:08:19.300000] [ROAM_SCAN]: VDEV[0] Scan_type: PARTIAL next_rssi_threshold: 81 dBm {2412 }
01-01 09:15:20.404 0 0 I [schedu][0x107c3eb1e0][02:08:19.359007] wlan: [3444:I:WMA] ============================================================================================================================
01-01 09:15:20.404 0 0 I [schedu][0x107c3eb38d][02:08:19.359030] wlan: [3444:I:WMA] AP BSSID TSTAMP CH TY ETP RSSI/SCR CU%/SCR TOT_SCR BL_RSN BL_SRC BL_TSTAMP BL_TIMEOUT(ms)
01-01 09:15:20.404 0 0 I [schedu][0x107c3eb4bc][02:08:19.359045] wlan: [3444:I:WMA] ============================================================================================================================
01-01 09:15:20.404 0 0 I [schedu][0x107c3ebef2][02:08:19.359182] wlan: [3444:I:WMA] d6:44:3b:15:39:91 [02:08:19.300000] 2412 P_AP 0 77/0 0/0 1557 0 0 [00:00:00.000000] 0
01-01 09:15:20.404 0 0 I [schedu][0x107c3ec0ff][02:08:19.359209] wlan: [3444:I:WMA] [02:08:19.356000] [ROAM_RESULT]: VDEV[0] FAILED Reason: NO AP FOUND
03-11 02:08:20.291 0 0 I auditd : type=1400 audit(0.0:4457): avc: denied { kill } for comm="swapper/3" capability=5 scontext=u:r:kernel:s0 tcontext=u:r:kernel:s0 tclass=capability permissive=0
03-11 02:08:21.291 0 0 I auditd : type=1400 audit(0.0:4458): avc: denied { kill } for comm="swapper/3" capability=5 scontext=u:r:kernel:s0 tcontext=u:r:kernel:s0 tclass=capability permissive=0
03-11 02:08:21.633 1530 1711 I netstats_mobile_sample: [0,0,0,0,0,0,0,0,0,0,0,0,1678697640391]
03-11 02:08:21.633 1530 1711 I netstats_wifi_sample: [339191810,265542,5104139,68811,339187258,265538,5104139,68811,335393157,266945,4444185,67031,1678697640391]
01-01 09:15:23.321 0 0 E DTC_ETH,link_delay_work_func: 3003, SQI=0, link=0
03-11 02:08:22.291 0 0 I auditd : type=1400 audit(0.0:4459): avc: denied { kill } for comm="swapper/3" capability=5 scontext=u:r:kernel:s0 tcontext=u:r:kernel:s0 tclass=capability permissive=0
01-01 09:15:23.782 0 0 I [schedu][0x10801c62e2][02:08:22.737155] wlan: [3444:I:WMA] [02:08:19.365000] [ROAM_TRIGGER]: VDEV[0] Reason: "LOW RSSI" Sub-Reason: FULL SCAN Cur_Rssi threshold:87 Current AP RSSI: 82
01-01 09:15:23.782 0 0 I [schedu][0x10801c667d][02:08:22.737202] wlan: [3444:I:WMA] [02:08:19.365000] [ROAM_SCAN]: VDEV[0] Scan_type: FULL next_rssi_threshold: 87 dBm
01-01 09:15:23.782 0 0 I [schedu][0x10801c67c1][02:08:22.737219] wlan: [3444:I:WMA] ============================================================================================================================
01-01 09:15:23.782 0 0 I [schedu][0x10801c696b][02:08:22.737241] wlan: [3444:I:WMA] AP BSSID TSTAMP CH TY ETP RSSI/SCR CU%/SCR TOT_SCR BL_RSN BL_SRC BL_TSTAMP BL_TIMEOUT(ms)
01-01 09:15:23.782 0 0 I [schedu][0x10801c6aa5][02:08:22.737258] wlan: [3444:I:WMA] ============================================================================================================================
01-01 09:15:23.782 0 0 I [schedu][0x10801c6cce][02:08:22.737286] wlan: [3444:I:WMA] d6:44:3b:15:39:91 [02:08:19.365000] 2412 P_AP 0 77/0 0/0 1557 0 0 [00:00:00.000000] 0
01-01 09:15:23.782 0 0 I [schedu][0x10801c6e89][02:08:22.737309] wlan: [3444:I:WMA] [02:08:22.734000] [ROAM_RESULT]: VDEV[0] FAILED Reason: NO AP FOUND
03-11 02:08:23.291 0 0 I auditd : type=1400 audit(0.0:4460): avc: denied { kill } for comm="swapper/3" capability=5 scontext=u:r:kernel:s0 tcontext=u:r:kernel:s0 tclass=capability permissive=0
03-11 02:08:24.291 0 0 I auditd : type=1400 audit(0.0:4461): avc: denied { kill } for comm="swapper/3" capability=5 scontext=u:r:kernel:s0 tcontext=u:r:kernel:s0 tclass=capability permissive=0
03-11 02:08:25.291 0 0 I auditd : type=1400 audit(0.0:4462): avc: denied { kill } for comm="swapper/3" capability=5 scontext=u:r:kernel:s0 tcontext=u:r:kernel:s0 tclass=capability permissive=0
03-11 02:08:26.291 0 0 I auditd : type=1400 audit(0.0:4463): avc: denied { kill } for comm="swapper/3" capability=5 scontext=u:r:kernel:s0 tcontext=u:r:kernel:s0 tclass=capability permissive=0
03-11 02:08:26.561 1530 1711 I netstats_mobile_sample: [0,0,0,0,0,0,0,0,0,0,0,0,1678697645319]
03-11 02:08:26.561 1530 1711 I netstats_wifi_sample: [339191810,265542,5104139,68811,339187258,265538,5104139,68811,335393157,266945,4444185,67031,1678697645319]
03-11 02:08:27.291 0 0 I auditd : type=1400 audit(0.0:4464): avc: denied { kill } for comm="swapper/3" capability=5 scontext=u:r:kernel:s0 tcontext=u:r:kernel:s0 tclass=capability permissive=0
01-01 09:15:28.440 0 0 E DTC_ETH,link_delay_work_func: 3003, SQI=0, link=0
03-11 02:08:28.291 0 0 I auditd : type=1400 audit(0.0:4465): avc: denied { kill } for comm="swapper/3" capability=5 scontext=u:r:kernel:s0 tcontext=u:r:kernel:s0 tclass=capability permissive=0
03-11 02:08:29.291 0 0 I auditd : type=1400 audit(0.0:4466): avc: denied { kill } for comm="swapper/3" capability=5 scontext=u:r:kernel:s0 tcontext=u:r:kernel:s0 tclass=capability permissive=0
03-11 02:08:29.978 1530 1711 I netstats_mobile_sample: [0,0,0,0,0,0,0,0,0,0,0,0,1678697648735]
03-11 02:08:29.978 1530 1711 I netstats_wifi_sample: [339191810,265542,5104139,68811,339187258,265538,5104139,68811,335393157,266945,4444185,67031,1678697648735]
03-11 02:08:30.291 0 0 I auditd : type=1400 audit(0.0:4467): avc: denied { kill } for comm="swapper/3" capability=5 scontext=u:r:kernel:s0 tcontext=u:r:kernel:s0 tclass=capability permissive=0
03-11 02:08:31.291 0 0 I auditd : type=1400 audit(0.0:4468): avc: denied { kill } for comm="swapper/3" capability=5 scontext=u:r:kernel:s0 tcontext=u:r:kernel:s0 tclass=capability permissive=0
03-11 02:08:32.291 5496 5496 I auditd : type=1400 audit(0.0:4469): avc: denied { kill } for comm="kworker/u16:15" capability=5 scontext=u:r:kernel:s0 tcontext=u:r:kernel:s0 tclass=capability permissive=0
01-01 09:15:33.563 0 0 E DTC_ETH,link_delay_work_func: 3003, SQI=0, link=0
03-11 02:08:32.547 1530 1711 I netstats_mobile_sample: [0,0,0,0,0,0,0,0,0,0,0,0,1678697651304]
03-11 02:08:32.547 1530 1711 I netstats_wifi_sample: [339191810,265542,5104139,68811,339187258,265538,5104139,68811,335393157,266945,4444185,67031,1678697651304]
03-11 02:08:33.291 0 0 I auditd : type=1400 audit(0.0:4470): avc: denied { kill } for comm="swapper/1" capability=5 scontext=u:r:kernel:s0 tcontext=u:r:kernel:s0 tclass=capability permissive=0
03-11 02:08:34.291 0 0 I auditd : type=1400 audit(0.0:4471): avc: denied { kill } for comm="swapper/1" capability=5 scontext=u:r:kernel:s0 tcontext=u:r:kernel:s0 tclass=capability permissive=0
03-11 02:08:35.020 1530 1711 I netstats_mobile_sample: [0,0,0,0,0,0,0,0,0,0,0,0,1678697653777]
03-11 02:08:35.020 1530 1711 I netstats_wifi_sample: [339191810,265542,5104139,68811,339187258,265538,5104139,68811,335393157,266945,4444185,67031,1678697653777]
03-11 02:08:35.291 0 0 I auditd : type=1400 audit(0.0:4472): avc: denied { kill } for comm="swapper/1" capability=5 scontext=u:r:kernel:s0 tcontext=u:r:kernel:s0 tclass=capability permissive=0
03-11 02:08:37.193 1530 1711 I netstats_mobile_sample: [0,0,0,0,0,0,0,0,0,0,0,0,1678697655951]
03-11 02:08:37.193 1530 1711 I netstats_wifi_sample: [339191810,265542,5104139,68811,339187258,265538,5104139,68811,335393157,266945,4444185,67031,1678697655951]
01-01 09:15:38.684 0 0 E DTC_ETH,link_delay_work_func: 3003, SQI=0, link=0
03-11 02:08:39.755 1530 1711 I netstats_mobile_sample: [0,0,0,0,0,0,0,0,0,0,0,0,1678697658513]
03-11 02:08:39.756 1530 1711 I netstats_wifi_sample: [339191810,265542,5104139,68811,339187258,265538,5104139,68811,335393157,266945,4444185,67031,1678697658513]
03-11 02:08:40.291 0 0 I auditd : type=1400 audit(0.0:4473): avc: denied { kill } for comm="swapper/3" capability=5 scontext=u:r:kernel:s0 tcontext=u:r:kernel:s0 tclass=capability permissive=0
01-01 09:15:42.116 0 0 I [schedu][0x1095178d09][02:08:41.070730] wlan: [3444:I:WMA] [02:08:41.010000] [ROAM_TRIGGER]: VDEV[0] Reason: "LOW RSSI" Cur_Rssi threshold:87 Current AP RSSI: 76
01-01 09:15:42.116 0 0 I [schedu][0x1095179022][02:08:41.070771] wlan: [3444:I:WMA] [02:08:41.010000] [ROAM_SCAN]: VDEV[0] Scan_type: PARTIAL next_rssi_threshold: 81 dBm {2412 }
01-01 09:15:42.116 0 0 I [schedu][0x109517916f][02:08:41.070788] wlan: [3444:I:WMA] ============================================================================================================================
01-01 09:15:42.116 0 0 I [schedu][0x1095179321][02:08:41.070811] wlan: [3444:I:WMA] AP BSSID TSTAMP CH TY ETP RSSI/SCR CU%/SCR TOT_SCR BL_RSN BL_SRC BL_TSTAMP BL_TIMEOUT(ms)
01-01 09:15:42.116 0 0 I [schedu][0x1095179456][02:08:41.070827] wlan: [3444:I:WMA] ============================================================================================================================
01-01 09:15:42.116 0 0 I [schedu][0x1095179b46][02:08:41.070919] wlan: [3444:I:WMA] d6:44:3b:15:39:91 [02:08:41.010000] 2412 P_AP 0 76/0 0/0 1557 0 0 [00:00:00.000000] 0
01-01 09:15:42.116 0 0 I [schedu][0x1095179d17][02:08:41.070944] wlan: [3444:I:WMA] [02:08:41.068000] [ROAM_RESULT]: VDEV[0] FAILED Reason: NO AP FOUND
03-11 02:08:41.291 0 0 I auditd : type=1400 audit(0.0:4474): avc: denied { kill } for comm="swapper/3" capability=5 scontext=u:r:kernel:s0 tcontext=u:r:kernel:s0 tclass=capability permissive=0
03-11 02:08:41.599 1530 1711 I netstats_mobile_sample: [0,0,0,0,0,0,0,0,0,0,0,0,1678697660357]
03-11 02:08:41.600 1530 1711 I netstats_wifi_sample: [339191810,265542,5104139,68811,339187258,265538,5104139,68811,335393157,266945,4444185,67031,1678697660357]
03-11 02:08:42.291 0 0 I auditd : type=1400 audit(0.0:4475): avc: denied { kill } for comm="swapper/3" capability=5 scontext=u:r:kernel:s0 tcontext=u:r:kernel:s0 tclass=capability permissive=0
01-01 09:15:43.801 0 0 E DTC_ETH,link_delay_work_func: 3003, SQI=0, link=0
03-11 02:08:43.291 2706 2706 I auditd : type=1400 audit(0.0:4476): avc: denied { kill } for comm="irq/17-9091000." capability=5 scontext=u:r:kernel:s0 tcontext=u:r:kernel:s0 tclass=capability permissive=0
03-11 02:08:44.291 0 0 I auditd : type=1400 audit(0.0:4477): avc: denied { kill } for comm="swapper/3" capability=5 scontext=u:r:kernel:s0 tcontext=u:r:kernel:s0 tclass=capability permissive=0
01-01 09:15:45.582 0 0 I [schedu][0x10990f239c][02:08:44.537271] wlan: [3444:I:WMA] [02:08:41.074000] [ROAM_TRIGGER]: VDEV[0] Reason: "LOW RSSI" Sub-Reason: FULL SCAN Cur_Rssi threshold:81 Current AP RSSI: 76
01-01 09:15:45.582 0 0 I [schedu][0x10990f276a][02:08:44.537321] wlan: [3444:I:WMA] [02:08:41.074000] [ROAM_SCAN]: VDEV[0] Scan_type: FULL next_rssi_threshold: 81 dBm
01-01 09:15:45.582 0 0 I [schedu][0x10990f28b0][02:08:44.537338] wlan: [3444:I:WMA] ============================================================================================================================
01-01 09:15:45.582 0 0 I [schedu][0x10990f2a62][02:08:44.537361] wlan: [3444:I:WMA] AP BSSID TSTAMP CH TY ETP RSSI/SCR CU%/SCR TOT_SCR BL_RSN BL_SRC BL_TSTAMP BL_TIMEOUT(ms)
01-01 09:15:45.582 0 0 I [schedu][0x10990f2b8d][02:08:44.537376] wlan: [3444:I:WMA] ============================================================================================================================
01-01 09:15:45.582 0 0 I [schedu][0x10990f2dcf][02:08:44.537406] wlan: [3444:I:WMA] d6:44:3b:15:39:91 [02:08:41.074000] 2412 P_AP 0 76/0 0/0 1557 0 0 [00:00:00.000000] 0
01-01 09:15:45.582 0 0 I [schedu][0x10990f2f7b][02:08:44.537429] wlan: [3444:I:WMA] [02:08:44.536000] [ROAM_RESULT]: VDEV[0] FAILED Reason: NO AP FOUND
03-11 02:08:45.052 1530 1711 I netstats_mobile_sample: [0,0,0,0,0,0,0,0,0,0,0,0,1678697663810]
03-11 02:08:45.053 1530 1711 I netstats_wifi_sample: [339191810,265542,5104139,68811,339187258,265538,5104139,68811,335393157,266945,4444185,67031,1678697663810]
03-11 02:08:45.291 0 0 I auditd : type=1400 audit(0.0:4478): avc: denied { kill } for comm="swapper/3" capability=5 scontext=u:r:kernel:s0 tcontext=u:r:kernel:s0 tclass=capability permissive=0
03-11 02:08:46.291 0 0 I auditd : type=1400 audit(0.0:4479): avc: denied { kill } for comm="swapper/3" capability=5 scontext=u:r:kernel:s0 tcontext=u:r:kernel:s0 tclass=capability permissive=0
03-11 02:08:47.291 0 0 I auditd : type=1400 audit(0.0:4480): avc: denied { kill } for comm="swapper/3" capability=5 scontext=u:r:kernel:s0 tcontext=u:r:kernel:s0 tclass=capability permissive=0
03-11 02:08:47.862 1530 1711 I netstats_mobile_sample: [0,0,0,0,0,0,0,0,0,0,0,0,1678697666620]
03-11 02:08:47.863 1530 1711 I netstats_wifi_sample: [339191810,265542,5104139,68811,339187258,265538,5104139,68811,335393157,266945,4444185,67031,1678697666620]
01-01 09:15:48.920 0 0 E DTC_ETH,link_delay_work_func: 3003, SQI=0, link=0
03-11 02:08:48.291 0 0 I auditd : type=1400 audit(0.0:4481): avc: denied { kill } for comm="swapper/3" capability=5 scontext=u:r:kernel:s0 tcontext=u:r:kernel:s0 tclass=capability permissive=0
03-11 02:08:49.291 0 0 I auditd : type=1400 audit(0.0:4482): avc: denied { kill } for comm="swapper/3" capability=5 scontext=u:r:kernel:s0 tcontext=u:r:kernel:s0 tclass=capability permissive=0
03-11 02:08:51.288 1530 1711 I netstats_mobile_sample: [0,0,0,0,0,0,0,0,0,0,0,0,1678697670046]
03-11 02:08:51.288 1530 1711 I netstats_wifi_sample: [339191810,265542,5104139,68811,339187258,265538,5104139,68811,335393157,266945,4444185,67031,1678697670046]
03-11 02:08:52.291 0 0 I auditd : type=1400 audit(0.0:4483): avc: denied { kill } for comm="swapper/3" capability=5 scontext=u:r:kernel:s0 tcontext=u:r:kernel:s0 tclass=capability permissive=0
01-01 09:15:54.045 0 0 E DTC_ETH,link_delay_work_func: 3003, SQI=0, link=0
03-11 02:08:53.291 0 0 I auditd : type=1400 audit(0.0:4484): avc: denied { kill } for comm="swapper/3" capability=5 scontext=u:r:kernel:s0 tcontext=u:r:kernel:s0 tclass=capability permissive=0
03-11 02:08:53.679 1530 1711 I netstats_mobile_sample: [0,0,0,0,0,0,0,0,0,0,0,0,1678697672437]
03-11 02:08:53.679 1530 1711 I netstats_wifi_sample: [339191810,265542,5104139,68811,339187258,265538,5104139,68811,335393157,266945,4444185,67031,1678697672437]
03-11 02:08:54.291 0 0 I auditd : type=1400 audit(0.0:4485): avc: denied { kill } for comm="swapper/3" capability=5 scontext=u:r:kernel:s0 tcontext=u:r:kernel:s0 tclass=capability permissive=0
03-11 02:08:55.291 3449 3449 I auditd : type=1400 audit(0.0:4486): avc: denied { kill } for comm="dp_rx_thread_0" capability=5 scontext=u:r:kernel:s0 tcontext=u:r:kernel:s0 tclass=capability permissive=0
03-11 02:08:55.632 1530 1711 I netstats_mobile_sample: [0,0,0,0,0,0,0,0,0,0,0,0,1678697674389]
03-11 02:08:55.632 1530 1711 I netstats_wifi_sample: [339191810,265542,5104139,68811,339187258,265538,5104139,68811,335393157,266945,4444185,67031,1678697674389]
03-11 02:08:56.291 0 0 I auditd : type=1400 audit(0.0:4487): avc: denied { kill } for comm="swapper/3" capability=5 scontext=u:r:kernel:s0 tcontext=u:r:kernel:s0 tclass=capability permissive=0
03-11 02:08:57.291 0 0 I auditd : type=1400 audit(0.0:4488): avc: denied { kill } for comm="swapper/3" capability=5 scontext=u:r:kernel:s0 tcontext=u:r:kernel:s0 tclass=capability permissive=0
03-11 02:08:57.642 1530 1711 I netstats_mobile_sample: [0,0,0,0,0,0,0,0,0,0,0,0,1678697676399]
03-11 02:08:57.642 1530 1711 I netstats_wifi_sample: [339191810,265542,5104139,68811,339187258,265538,5104139,68811,335393157,266945,4444185,67031,1678697676399]
01-01 09:15:59.161 0 0 E DTC_ETH,link_delay_work_func: 3003, SQI=0, link=0
03-11 02:08:58.291 0 0 I auditd : type=1400 audit(0.0:4489): avc: denied { kill } for comm="swapper/3" capability=5 scontext=u:r:kernel:s0 tcontext=u:r:kernel:s0 tclass=capability permissive=0
03-11 02:08:59.806 1530 1711 I netstats_mobile_sample: [0,0,0,0,0,0,0,0,0,0,0,0,1678697678563]
03-11 02:08:59.806 1530 1711 I netstats_wifi_sample: [339191810,265542,5104139,68811,339187258,265538,5104139,68811,335393157,266945,4444185,67031,1678697678563]
03-11 02:09:00.291 0 0 I auditd : type=1400 audit(0.0:4490): avc: denied { kill } for comm="swapper/2" capability=5 scontext=u:r:kernel:s0 tcontext=u:r:kernel:s0 tclass=capability permissive=0
03-11 02:09:01.291 5003 5003 I auditd : type=1400 audit(0.0:4491): avc: denied { kill } for comm="kworker/u16:3" capability=5 scontext=u:r:kernel:s0 tcontext=u:r:kernel:s0 tclass=capability permissive=0
03-11 02:09:01.619 21696 21696 I auditd : type=1400 audit(0.0:4492): avc: denied { read } for comm="pcdn_udp" name="snmp" dev="proc" ino=4026532261 scontext=u:r:untrusted_app_29:s0:c93,c256,c512,c768 tcontext=u:object_r:proc_net:s0 tclass=file permissive=0 app=com.tencent.tmgp.sgame
03-11 02:09:01.875 1530 1711 I netstats_mobile_sample: [0,0,0,0,0,0,0,0,0,0,0,0,1678697680632]
03-11 02:09:01.875 1530 1711 I netstats_wifi_sample: [339191810,265542,5104139,68811,339187258,265538,5104139,68811,335393157,266945,4444185,67031,1678697680632]
03-11 02:09:02.291 0 0 I auditd : type=1400 audit(0.0:4493): avc: denied { kill } for comm="swapper/2" capability=5 scontext=u:r:kernel:s0 tcontext=u:r:kernel:s0 tclass=capability permissive=0
01-01 09:16:04.280 0 0 E DTC_ETH,link_delay_work_func: 3003, SQI=0, link=0
03-11 02:09:03.291 0 0 I auditd : type=1400 audit(0.0:4494): avc: denied { kill } for comm="swapper/2" capability=5 scontext=u:r:kernel:s0 tcontext=u:r:kernel:s0 tclass=capability permissive=0
03-11 02:09:03.851 1530 1711 I netstats_mobile_sample: [0,0,0,0,0,0,0,0,0,0,0,0,1678697682609]
03-11 02:09:03.851 1530 1711 I netstats_wifi_sample: [339191810,265542,5104139,68811,339187258,265538,5104139,68811,335393157,266945,4444185,67031,1678697682609]
03-11 02:09:04.291 0 0 I auditd : type=1400 audit(0.0:4495): avc: denied { kill } for comm="swapper/2" capability=5 scontext=u:r:kernel:s0 tcontext=u:r:kernel:s0 tclass=capability permissive=0
03-11 02:09:05.291 0 0 I auditd : type=1400 audit(0.0:4496): avc: denied { kill } for comm="swapper/2" capability=5 scontext=u:r:kernel:s0 tcontext=u:r:kernel:s0 tclass=capability permissive=0
03-11 02:09:05.752 1530 1711 I netstats_mobile_sample: [0,0,0,0,0,0,0,0,0,0,0,0,1678697684510]
03-11 02:09:05.753 1530 1711 I netstats_wifi_sample: [339191810,265542,5104139,68811,339187258,265538,5104139,68811,335393157,266945,4444185,67031,1678697684510]
03-11 02:09:06.291 0 0 I auditd : type=1400 audit(0.0:4497): avc: denied { kill } for comm="swapper/2" capability=5 scontext=u:r:kernel:s0 tcontext=u:r:kernel:s0 tclass=capability permissive=0
03-11 02:09:07.179 1530 1754 I storage_state: [41217664-9172-527a-b3d5-edabb50a7d69,0,0,110277386240,118610538496]
03-11 02:09:07.291 0 0 I auditd : type=1400 audit(0.0:4498): avc: denied { kill } for comm="swapper/2" capability=5 scontext=u:r:kernel:s0 tcontext=u:r:kernel:s0 tclass=capability permissive=0
03-11 02:09:07.592 1530 1711 I netstats_mobile_sample: [0,0,0,0,0,0,0,0,0,0,0,0,1678697686349]
03-11 02:09:07.592 1530 1711 I netstats_wifi_sample: [339191810,265542,5104139,68811,339187258,265538,5104139,68811,335393157,266945,4444185,67031,1678697686349]
03-11 02:09:07.604 1530 1712 I service_manager_stats: [100,68,64488]
03-11 02:09:08.291 0 0 I auditd : type=1400 audit(0.0:4499): avc: denied { kill } for comm="swapper/2" capability=5 scontext=u:r:kernel:s0 tcontext=u:r:kernel:s0 tclass=capability permissive=0
01-01 09:16:09.400 0 0 E DTC_ETH,link_delay_work_func: 3003, SQI=0, link=0
03-11 02:09:09.291 0 0 I auditd : type=1400 audit(0.0:4500): avc: denied { kill } for comm="swapper/2" capability=5 scontext=u:r:kernel:s0 tcontext=u:r:kernel:s0 tclass=capability permissive=0
03-11 02:09:09.643 1530 1711 I netstats_mobile_sample: [0,0,0,0,0,0,0,0,0,0,0,0,1678697688400]
03-11 02:09:09.643 1530 1711 I netstats_wifi_sample: [339191810,265542,5104139,68811,339187258,265538,5104139,68811,335393157,266945,4444185,67031,1678697688400]
03-11 02:09:10.291 0 0 I auditd : type=1400 audit(0.0:4501): avc: denied { kill } for comm="swapper/2" capability=5 scontext=u:r:kernel:s0 tcontext=u:r:kernel:s0 tclass=capability permissive=0
03-11 02:09:11.291 0 0 I auditd : type=1400 audit(0.0:4502): avc: denied { kill } for comm="swapper/2" capability=5 scontext=u:r:kernel:s0 tcontext=u:r:kernel:s0 tclass=capability permissive=0
03-11 02:09:11.501 1530 1711 I netstats_mobile_sample: [0,0,0,0,0,0,0,0,0,0,0,0,1678697690259]
03-11 02:09:11.501 1530 1711 I netstats_wifi_sample: [339191810,265542,5104139,68811,339187258,265538,5104139,68811,335393157,266945,4444185,67031,1678697690259]
03-11 02:09:12.291 0 0 I auditd : type=1400 audit(0.0:4503): avc: denied { kill } for comm="swapper/2" capability=5 scontext=u:r:kernel:s0 tcontext=u:r:kernel:s0 tclass=capability permissive=0
03-11 02:09:13.291 0 0 I auditd : type=1400 audit(0.0:4504): avc: denied { kill } for comm="swapper/2" capability=5 scontext=u:r:kernel:s0 tcontext=u:r:kernel:s0 tclass=capability permissive=0
01-01 09:16:14.521 0 0 E DTC_ETH,link_delay_work_func: 3003, SQI=0, link=0
03-11 02:09:13.803 1530 1711 I netstats_mobile_sample: [0,0,0,0,0,0,0,0,0,0,0,0,1678697692560]
03-11 02:09:13.805 1530 1711 I netstats_wifi_sample: [339191810,265542,5104139,68811,339187258,265538,5104139,68811,335393157,266945,4444185,67031,1678697692560]
03-11 02:09:14.291 0 0 I auditd : type=1400 audit(0.0:4505): avc: denied { kill } for comm="swapper/2" capability=5 scontext=u:r:kernel:s0 tcontext=u:r:kernel:s0 tclass=capability permissive=0
03-11 02:09:15.291 0 0 I auditd : type=1400 audit(0.0:4506): avc: denied { kill } for comm="swapper/2" capability=5 scontext=u:r:kernel:s0 tcontext=u:r:kernel:s0 tclass=capability permissive=0
03-11 02:09:16.291 0 0 I auditd : type=1400 audit(0.0:4507): avc: denied { kill } for comm="swapper/2" capability=5 scontext=u:r:kernel:s0 tcontext=u:r:kernel:s0 tclass=capability permissive=0
03-11 02:09:16.371 1530 1711 I netstats_mobile_sample: [0,0,0,0,0,0,0,0,0,0,0,0,1678697695129]
03-11 02:09:16.371 1530 1711 I netstats_wifi_sample: [339191810,265542,5104139,68811,339187258,265538,5104139,68811,335393157,266945,4444185,67031,1678697695129]
03-11 02:09:17.291 0 0 I auditd : type=1400 audit(0.0:4508): avc: denied { kill } for comm="swapper/2" capability=5 scontext=u:r:kernel:s0 tcontext=u:r:kernel:s0 tclass=capability permissive=0
03-11 02:09:18.291 0 0 I auditd : type=1400 audit(0.0:4509): avc: denied { kill } for comm="swapper/2" capability=5 scontext=u:r:kernel:s0 tcontext=u:r:kernel:s0 tclass=capability permissive=0
01-01 09:16:19.640 0 0 E DTC_ETH,link_delay_work_func: 3003, SQI=0, link=0
03-11 02:09:19.141 1530 1711 I netstats_mobile_sample: [0,0,0,0,0,0,0,0,0,0,0,0,1678697697899]
03-11 02:09:19.142 1530 1711 I netstats_wifi_sample: [339191810,265542,5104139,68811,339187258,265538,5104139,68811,335393157,266945,4444185,67031,1678697697899]
03-11 02:09:19.291 0 0 I auditd : type=1400 audit(0.0:4510): avc: denied { kill } for comm="swapper/2" capability=5 scontext=u:r:kernel:s0 tcontext=u:r:kernel:s0 tclass=capability permissive=0
03-11 02:09:21.291 0 0 I auditd : type=1400 audit(0.0:4511): avc: denied { kill } for comm="swapper/2" capability=5 scontext=u:r:kernel:s0 tcontext=u:r:kernel:s0 tclass=capability permissive=0
03-11 02:09:21.325 1530 1711 I netstats_mobile_sample: [0,0,0,0,0,0,0,0,0,0,0,0,1678697700083]
03-11 02:09:21.326 1530 1711 I netstats_wifi_sample: [339191810,265542,5104139,68811,339187258,265538,5104139,68811,335393157,266945,4444185,67031,1678697700083]
03-11 02:09:22.291 0 0 I auditd : type=1400 audit(0.0:4512): avc: denied { kill } for comm="swapper/2" capability=5 scontext=u:r:kernel:s0 tcontext=u:r:kernel:s0 tclass=capability permissive=0
03-11 02:09:23.291 0 0 I auditd : type=1400 audit(0.0:4513): avc: denied { kill } for comm="swapper/2" capability=5 scontext=u:r:kernel:s0 tcontext=u:r:kernel:s0 tclass=capability permissive=0
03-11 02:09:23.639 1530 1711 I netstats_mobile_sample: [0,0,0,0,0,0,0,0,0,0,0,0,1678697702397]
03-11 02:09:23.640 1530 1711 I netstats_wifi_sample: [339191810,265542,5104139,68811,339187258,265538,5104139,68811,335393157,266945,4444185,67031,1678697702397]
01-01 09:16:24.761 0 0 E DTC_ETH,link_delay_work_func: 3003, SQI=0, link=0
03-11 02:09:24.291 0 0 I auditd : type=1400 audit(0.0:4514): avc: denied { kill } for comm="swapper/2" capability=5 scontext=u:r:kernel:s0 tcontext=u:r:kernel:s0 tclass=capability permissive=0
03-11 02:09:25.291 0 0 I auditd : type=1400 audit(0.0:4515): avc: denied { kill } for comm="swapper/2" capability=5 scontext=u:r:kernel:s0 tcontext=u:r:kernel:s0 tclass=capability permissive=0
03-11 02:09:26.131 1530 1711 I netstats_mobile_sample: [0,0,0,0,0,0,0,0,0,0,0,0,1678697704889]
03-11 02:09:26.131 1530 1711 I netstats_wifi_sample: [339191810,265542,5104139,68811,339187258,265538,5104139,68811,335393157,266945,4444185,67031,1678697704889]
03-11 02:09:26.291 0 0 I auditd : type=1400 audit(0.0:4516): avc: denied { kill } for comm="swapper/2" capability=5 scontext=u:r:kernel:s0 tcontext=u:r:kernel:s0 tclass=capability permissive=0
03-11 02:09:28.541 1530 1711 I netstats_mobile_sample: [0,0,0,0,0,0,0,0,0,0,0,0,1678697707298]
03-11 02:09:28.541 1530 1711 I netstats_wifi_sample: [339191810,265542,5104139,68811,339187258,265538,5104139,68811,335393157,266945,4444185,67031,1678697707298]
01-01 09:16:29.881 0 0 E DTC_ETH,link_delay_work_func: 3003, SQI=0, link=0
03-11 02:09:29.291 0 0 I auditd : type=1400 audit(0.0:4517): avc: denied { kill } for comm="swapper/2" capability=5 scontext=u:r:kernel:s0 tcontext=u:r:kernel:s0 tclass=capability permissive=0
03-11 02:09:30.291 0 0 I auditd : type=1400 audit(0.0:4518): avc: denied { kill } for comm="swapper/2" capability=5 scontext=u:r:kernel:s0 tcontext=u:r:kernel:s0 tclass=capability permissive=0
03-11 02:09:31.291 0 0 I auditd : type=1400 audit(0.0:4519): avc: denied { kill } for comm="swapper/2" capability=5 scontext=u:r:kernel:s0 tcontext=u:r:kernel:s0 tclass=capability permissive=0
03-11 02:09:31.452 1530 1711 I netstats_mobile_sample: [0,0,0,0,0,0,0,0,0,0,0,0,1678697710210]
03-11 02:09:31.452 1530 1711 I netstats_wifi_sample: [339191810,265542,5104139,68811,339187258,265538,5104139,68811,335393157,266945,4444185,67031,1678697710210]
01-01 09:16:33.420 0 0 I [schedu][0x10cfcdfe22][02:09:32.374638] wlan: [3444:I:WMA] [02:09:32.316000] [ROAM_TRIGGER]: VDEV[0] Reason: "LOW RSSI" Cur_Rssi threshold:81 Current AP RSSI: 77
01-01 09:16:33.420 0 0 I [schedu][0x10cfce0165][02:09:32.374681] wlan: [3444:I:WMA] [02:09:32.316000] [ROAM_SCAN]: VDEV[0] Scan_type: PARTIAL next_rssi_threshold: 81 dBm {2412 }
01-01 09:16:33.420 0 0 I [schedu][0x10cfce02a5][02:09:32.374698] wlan: [3444:I:WMA] ============================================================================================================================
01-01 09:16:33.420 0 0 I [schedu][0x10cfce0454][02:09:32.374720] wlan: [3444:I:WMA] AP BSSID TSTAMP CH TY ETP RSSI/SCR CU%/SCR TOT_SCR BL_RSN BL_SRC BL_TSTAMP BL_TIMEOUT(ms)
01-01 09:16:33.420 0 0 I [schedu][0x10cfce0590][02:09:32.374737] wlan: [3444:I:WMA] ============================================================================================================================
01-01 09:16:33.420 0 0 I [schedu][0x10cfce07a2][02:09:32.374764] wlan: [3444:I:WMA] d6:44:3b:15:39:91 [02:09:32.316000] 2412 P_AP 0 77/0 0/0 1557 0 0 [00:00:00.000000] 0
01-01 09:16:33.420 0 0 I [schedu][0x10cfce0965][02:09:32.374788] wlan: [3444:I:WMA] [02:09:32.372000] [ROAM_RESULT]: VDEV[0] FAILED Reason: NO AP FOUND
01-01 09:16:35.000 0 0 E DTC_ETH,link_delay_work_func: 3003, SQI=0, link=0
03-11 02:09:34.291 0 0 I auditd : type=1400 audit(0.0:4520): avc: denied { kill } for comm="swapper/2" capability=5 scontext=u:r:kernel:s0 tcontext=u:r:kernel:s0 tclass=capability permissive=0
01-01 09:16:36.686 0 0 I [schedu][0x10d38aef0f][02:09:35.640997] wlan: [3444:I:WMA] [02:09:32.379000] [ROAM_TRIGGER]: VDEV[0] Reason: "LOW RSSI" Sub-Reason: FULL SCAN Cur_Rssi threshold:86 Current AP RSSI: 81
01-01 09:16:36.686 0 0 I [schedu][0x10d38af28f][02:09:35.641043] wlan: [3444:I:WMA] [02:09:32.379000] [ROAM_SCAN]: VDEV[0] Scan_type: FULL next_rssi_threshold: 86 dBm
01-01 09:16:36.686 0 0 I [schedu][0x10d38af3d1][02:09:35.641060] wlan: [3444:I:WMA] ============================================================================================================================
01-01 09:16:36.686 0 0 I [schedu][0x10d38af590][02:09:35.641083] wlan: [3444:I:WMA] AP BSSID TSTAMP CH TY ETP RSSI/SCR CU%/SCR TOT_SCR BL_RSN BL_SRC BL_TSTAMP BL_TIMEOUT(ms)
01-01 09:16:36.686 0 0 I [schedu][0x10d38af6c0][02:09:35.641099] wlan: [3444:I:WMA] ============================================================================================================================
01-01 09:16:36.686 0 0 I [schedu][0x10d38af900][02:09:35.641129] wlan: [3444:I:WMA] d6:44:3b:15:39:91 [02:09:32.379000] 2412 P_AP 0 77/0 0/0 1557 0 0 [00:00:00.000000] 0
01-01 09:16:36.686 0 0 I [schedu][0x10d38afad9][02:09:35.641154] wlan: [3444:I:WMA] [02:09:35.639000] [ROAM_RESULT]: VDEV[0] FAILED Reason: NO AP FOUND
03-11 02:09:36.291 0 0 I auditd : type=1400 audit(0.0:4521): avc: denied { kill } for comm="swapper/2" capability=5 scontext=u:r:kernel:s0 tcontext=u:r:kernel:s0 tclass=capability permissive=0
03-11 02:09:36.711 1530 1711 I netstats_mobile_sample: [0,0,0,0,0,0,0,0,0,0,0,0,1678697715469]
03-11 02:09:36.712 1530 1711 I netstats_wifi_sample: [339191810,265542,5104139,68811,339187258,265538,5104139,68811,335393157,266945,4444185,67031,1678697715469]
03-11 02:09:37.291 0 0 I auditd : type=1400 audit(0.0:4522): avc: denied { kill } for comm="swapper/2" capability=5 scontext=u:r:kernel:s0 tcontext=u:r:kernel:s0 tclass=capability permissive=0
03-11 02:09:38.291 0 0 I auditd : type=1400 audit(0.0:4523): avc: denied { kill } for comm="swapper/2" capability=5 scontext=u:r:kernel:s0 tcontext=u:r:kernel:s0 tclass=capability permissive=0
01-01 09:16:40.122 0 0 E DTC_ETH,link_delay_work_func: 3003, SQI=0, link=0
03-11 02:09:39.291 0 0 I auditd : type=1400 audit(0.0:4524): avc: denied { kill } for comm="swapper/2" capability=5 scontext=u:r:kernel:s0 tcontext=u:r:kernel:s0 tclass=capability permissive=0
03-11 02:09:39.706 1530 1711 I netstats_mobile_sample: [0,0,0,0,0,0,0,0,0,0,0,0,1678697718463]
03-11 02:09:39.706 1530 1711 I netstats_wifi_sample: [339191810,265542,5104139,68811,339187258,265538,5104139,68811,335393157,266945,4444185,67031,1678697718463]
03-11 02:09:40.291 0 0 I auditd : type=1400 audit(0.0:4525): avc: denied { kill } for comm="swapper/2" capability=5 scontext=u:r:kernel:s0 tcontext=u:r:kernel:s0 tclass=capability permissive=0
03-11 02:09:41.291 0 0 I auditd : type=1400 audit(0.0:4526): avc: denied { kill } for comm="swapper/2" capability=5 scontext=u:r:kernel:s0 tcontext=u:r:kernel:s0 tclass=capability permissive=0
03-11 02:09:42.291 0 0 I auditd : type=1400 audit(0.0:4527): avc: denied { kill } for comm="swapper/2" capability=5 scontext=u:r:kernel:s0 tcontext=u:r:kernel:s0 tclass=capability permissive=0
03-11 02:09:42.808 1530 1711 I netstats_mobile_sample: [0,0,0,0,0,0,0,0,0,0,0,0,1678697721566]
03-11 02:09:42.809 1530 1711 I netstats_wifi_sample: [339191810,265542,5104139,68811,339187258,265538,5104139,68811,335393157,266945,4444185,67031,1678697721566]
03-11 02:09:43.291 0 0 I auditd : type=1400 audit(0.0:4528): avc: denied { kill } for comm="swapper/2" capability=5 scontext=u:r:kernel:s0 tcontext=u:r:kernel:s0 tclass=capability permissive=0
01-01 09:16:45.240 0 0 E DTC_ETH,link_delay_work_func: 3003, SQI=0, link=0
03-11 02:09:44.291 0 0 I auditd : type=1400 audit(0.0:4529): avc: denied { kill } for comm="swapper/2" capability=5 scontext=u:r:kernel:s0 tcontext=u:r:kernel:s0 tclass=capability permissive=0
03-11 02:09:45.291 287 287 I auditd : type=1400 audit(0.0:4530): avc: denied { kill } for comm="kgsl_worker_thr" capability=5 scontext=u:r:kernel:s0 tcontext=u:r:kernel:s0 tclass=capability permissive=0
03-11 02:09:45.547 1530 1711 I netstats_mobile_sample: [0,0,0,0,0,0,0,0,0,0,0,0,1678697724304]
03-11 02:09:45.547 1530 1711 I netstats_wifi_sample: [339191810,265542,5104139,68811,339187258,265538,5104139,68811,335393157,266945,4444185,67031,1678697724304]
03-11 02:09:47.291 0 0 I auditd : type=1400 audit(0.0:4531): avc: denied { kill } for comm="swapper/2" capability=5 scontext=u:r:kernel:s0 tcontext=u:r:kernel:s0 tclass=capability permissive=0
03-11 02:09:48.239 1530 1711 I netstats_mobile_sample: [0,0,0,0,0,0,0,0,0,0,0,0,1678697726997]
03-11 02:09:48.239 1530 1711 I netstats_wifi_sample: [339191810,265542,5104139,68811,339187258,265538,5104139,68811,335393157,266945,4444185,67031,1678697726997]
03-11 02:09:48.291 0 0 I auditd : type=1400 audit(0.0:4532): avc: denied { kill } for comm="swapper/2" capability=5 scontext=u:r:kernel:s0 tcontext=u:r:kernel:s0 tclass=capability permissive=0
01-01 09:16:50.360 0 0 E DTC_ETH,link_delay_work_func: 3003, SQI=0, link=0
03-11 02:09:50.291 0 0 I auditd : type=1400 audit(0.0:4533): avc: denied { kill } for comm="swapper/2" capability=5 scontext=u:r:kernel:s0 tcontext=u:r:kernel:s0 tclass=capability permissive=0
03-11 02:09:51.291 13 13 I auditd : type=1400 audit(0.0:4534): avc: denied { kill } for comm="rcuop/0" capability=5 scontext=u:r:kernel:s0 tcontext=u:r:kernel:s0 tclass=capability permissive=0
03-11 02:09:51.492 1530 1711 I netstats_mobile_sample: [0,0,0,0,0,0,0,0,0,0,0,0,1678697730250]
03-11 02:09:51.492 1530 1711 I netstats_wifi_sample: [339191810,265542,5104139,68811,339187258,265538,5104139,68811,335393157,266945,4444185,67031,1678697730250]
03-11 02:09:52.291 0 0 I auditd : type=1400 audit(0.0:4535): avc: denied { kill } for comm="swapper/2" capability=5 scontext=u:r:kernel:s0 tcontext=u:r:kernel:s0 tclass=capability permissive=0
03-11 02:09:54.291 0 0 I auditd : type=1400 audit(0.0:4536): avc: denied { kill } for comm="swapper/2" capability=5 scontext=u:r:kernel:s0 tcontext=u:r:kernel:s0 tclass=capability permissive=0
01-01 09:16:55.480 0 0 E DTC_ETH,link_delay_work_func: 3003, SQI=0, link=0
03-11 02:09:54.575 1530 1711 I netstats_mobile_sample: [0,0,0,0,0,0,0,0,0,0,0,0,1678697733332]
03-11 02:09:54.575 1530 1711 I netstats_wifi_sample: [339191810,265542,5104139,68811,339187258,265538,5104139,68811,335393157,266945,4444185,67031,1678697733332]
03-11 02:09:55.291 0 0 I auditd : type=1400 audit(0.0:4537): avc: denied { kill } for comm="swapper/2" capability=5 scontext=u:r:kernel:s0 tcontext=u:r:kernel:s0 tclass=capability permissive=0
03-11 02:09:56.291 0 0 I auditd : type=1400 audit(0.0:4538): avc: denied { kill } for comm="swapper/2" capability=5 scontext=u:r:kernel:s0 tcontext=u:r:kernel:s0 tclass=capability permissive=0
03-11 02:09:58.241 1530 1711 I netstats_mobile_sample: [0,0,0,0,0,0,0,0,0,0,0,0,1678697736998]
03-11 02:09:58.241 1530 1711 I netstats_wifi_sample: [339191810,265542,5104139,68811,339187258,265538,5104139,68811,335393157,266945,4444185,67031,1678697736998]
03-11 02:09:58.291 0 0 I auditd : type=1400 audit(0.0:4539): avc: denied { kill } for comm="swapper/3" capability=5 scontext=u:r:kernel:s0 tcontext=u:r:kernel:s0 tclass=capability permissive=0
01-01 09:17:00.600 0 0 E DTC_ETH,link_delay_work_func: 3003, SQI=0, link=0
03-11 02:10:00.291 0 0 I auditd : type=1400 audit(0.0:4540): avc: denied { kill } for comm="swapper/3" capability=5 scontext=u:r:kernel:s0 tcontext=u:r:kernel:s0 tclass=capability permissive=0
03-11 02:10:00.403 1530 1711 I netstats_mobile_sample: [0,0,0,0,0,0,0,0,0,0,0,0,1678697739161]
03-11 02:10:00.403 1530 1711 I netstats_wifi_sample: [339191810,265542,5104139,68811,339187258,265538,5104139,68811,335393157,266945,4444185,67031,1678697739161]
03-11 02:10:01.291 0 0 I auditd : type=1400 audit(0.0:4541): avc: denied { kill } for comm="swapper/3" capability=5 scontext=u:r:kernel:s0 tcontext=u:r:kernel:s0 tclass=capability permissive=0
03-11 02:10:01.719 21696 21696 I auditd : type=1400 audit(0.0:4542): avc: denied { read } for comm="pcdn_udp" name="snmp" dev="proc" ino=4026532261 scontext=u:r:untrusted_app_29:s0:c93,c256,c512,c768 tcontext=u:object_r:proc_net:s0 tclass=file permissive=0 app=com.tencent.tmgp.sgame
03-11 02:10:02.291 0 0 I auditd : type=1400 audit(0.0:4543): avc: denied { kill } for comm="swapper/3" capability=5 scontext=u:r:kernel:s0 tcontext=u:r:kernel:s0 tclass=capability permissive=0
01-01 09:17:03.712 0 0 I [soft_i][0x10f2789b8c][02:10:02.666657] wlan: [0:I:QDF] ARP-RS TX: SA:be:b2:6c:76:ac:67 DA:d6:44:3b:15:39:91 msdu_id:2800 status: nack
03-11 02:10:02.887 1530 1711 I netstats_mobile_sample: [0,0,0,0,0,0,0,0,0,0,0,0,1678697741644]
03-11 02:10:02.887 1530 1711 I netstats_wifi_sample: [339191810,265542,5104139,68811,339187258,265538,5104139,68811,335393157,266945,4444185,67031,1678697741644]
03-11 02:10:03.291 0 0 I auditd : type=1400 audit(0.0:4544): avc: denied { kill } for comm="swapper/3" capability=5 scontext=u:r:kernel:s0 tcontext=u:r:kernel:s0 tclass=capability permissive=0
03-11 02:10:04.291 0 0 I auditd : type=1400 audit(0.0:4545): avc: denied { kill } for comm="swapper/3" capability=5 scontext=u:r:kernel:s0 tcontext=u:r:kernel:s0 tclass=capability permissive=0
01-01 09:17:05.721 0 0 E DTC_ETH,link_delay_work_func: 3003, SQI=0, link=0
03-11 02:10:05.534 1530 1711 I netstats_mobile_sample: [0,0,0,0,0,0,0,0,0,0,0,0,1678697744291]
03-11 02:10:05.534 1530 1711 I netstats_wifi_sample: [339191810,265542,5104139,68811,339187258,265538,5104139,68811,335393157,266945,4444185,67031,1678697744291]
03-11 02:10:06.291 0 0 I auditd : type=1400 audit(0.0:4546): avc: denied { kill } for comm="swapper/3" capability=5 scontext=u:r:kernel:s0 tcontext=u:r:kernel:s0 tclass=capability permissive=0
03-11 02:10:07.291 0 0 I auditd : type=1400 audit(0.0:4547): avc: denied { kill } for comm="swapper/0" capability=5 scontext=u:r:kernel:s0 tcontext=u:r:kernel:s0 tclass=capability permissive=0
03-11 02:10:07.867 1530 1711 I netstats_mobile_sample: [0,0,0,0,0,0,0,0,0,0,0,0,1678697746625]
03-11 02:10:07.868 1530 1711 I netstats_wifi_sample: [339191810,265542,5104139,68811,339187258,265538,5104139,68811,335393157,266945,4444185,67031,1678697746625]
03-11 02:10:08.291 0 0 I auditd : type=1400 audit(0.0:4548): avc: denied { kill } for comm="swapper/0" capability=5 scontext=u:r:kernel:s0 tcontext=u:r:kernel:s0 tclass=capability permissive=0
01-01 09:17:10.841 0 0 E DTC_ETH,link_delay_work_func: 3003, SQI=0, link=0
03-11 02:10:10.051 1530 1711 I netstats_mobile_sample: [0,0,0,0,0,0,0,0,0,0,0,0,1678697748808]
03-11 02:10:10.051 1530 1711 I netstats_wifi_sample: [339191810,265542,5104139,68811,339187258,265538,5104139,68811,335393157,266945,4444185,67031,1678697748808]
03-11 02:10:10.291 22373 22373 I auditd : type=1400 audit(0.0:4549): avc: denied { kill } for comm="kworker/u17:1" capability=5 scontext=u:r:kernel:s0 tcontext=u:r:kernel:s0 tclass=capability permissive=0
03-11 02:10:11.291 0 0 I auditd : type=1400 audit(0.0:4550): avc: denied { kill } for comm="swapper/1" capability=5 scontext=u:r:kernel:s0 tcontext=u:r:kernel:s0 tclass=capability permissive=0
03-11 02:10:11.932 1530 1711 I netstats_mobile_sample: [0,0,0,0,0,0,0,0,0,0,0,0,1678697750690]
03-11 02:10:11.933 1530 1711 I netstats_wifi_sample: [339191810,265542,5104139,68811,339187258,265538,5104139,68811,335393157,266945,4444185,67031,1678697750690]
03-11 02:10:12.291 0 0 I auditd : type=1400 audit(0.0:4551): avc: denied { kill } for comm="swapper/1" capability=5 scontext=u:r:kernel:s0 tcontext=u:r:kernel:s0 tclass=capability permissive=0
03-11 02:10:13.291 0 0 I auditd : type=1400 audit(0.0:4552): avc: denied { kill } for comm="swapper/1" capability=5 scontext=u:r:kernel:s0 tcontext=u:r:kernel:s0 tclass=capability permissive=0
03-11 02:10:14.161 1530 1711 I netstats_mobile_sample: [0,0,0,0,0,0,0,0,0,0,0,0,1678697752918]
03-11 02:10:14.161 1530 1711 I netstats_wifi_sample: [339191810,265542,5104139,68811,339187258,265538,5104139,68811,335393157,266945,4444185,67031,1678697752918]
03-11 02:10:14.175 1530 1712 I service_manager_stats: [100,75,66571]
01-01 09:17:15.960 0 0 E DTC_ETH,link_delay_work_func: 3003, SQI=0, link=0
03-11 02:10:16.204 1530 1711 I netstats_mobile_sample: [0,0,0,0,0,0,0,0,0,0,0,0,1678697754962]
03-11 02:10:16.205 1530 1711 I netstats_wifi_sample: [339191810,265542,5104139,68811,339187258,265538,5104139,68811,335393157,266945,4444185,67031,1678697754962]
03-11 02:10:16.291 0 0 I auditd : type=1400 audit(0.0:4553): avc: denied { kill } for comm="swapper/1" capability=5 scontext=u:r:kernel:s0 tcontext=u:r:kernel:s0 tclass=capability permissive=0
03-11 02:10:18.291 48 48 I auditd : type=1400 audit(0.0:4554): avc: denied { kill } for comm="rcuop/4" capability=5 scontext=u:r:kernel:s0 tcontext=u:r:kernel:s0 tclass=capability permissive=0
03-11 02:10:18.652 1530 1711 I netstats_mobile_sample: [0,0,0,0,0,0,0,0,0,0,0,0,1678697757410]
03-11 02:10:18.653 1530 1711 I netstats_wifi_sample: [339191810,265542,5104139,68811,339187258,265538,5104139,68811,335393157,266945,4444185,67031,1678697757410]
03-11 02:10:19.291 0 0 I auditd : type=1400 audit(0.0:4555): avc: denied { kill } for comm="swapper/3" capability=5 scontext=u:r:kernel:s0 tcontext=u:r:kernel:s0 tclass=capability permissive=0
01-01 09:17:21.081 0 0 E DTC_ETH,link_delay_work_func: 3003, SQI=0, link=0
03-11 02:10:20.291 0 0 I auditd : type=1400 audit(0.0:4556): avc: denied { kill } for comm="swapper/3" capability=5 scontext=u:r:kernel:s0 tcontext=u:r:kernel:s0 tclass=capability permissive=0
03-11 02:10:21.291 0 0 I auditd : type=1400 audit(0.0:4557): avc: denied { kill } for comm="swapper/3" capability=5 scontext=u:r:kernel:s0 tcontext=u:r:kernel:s0 tclass=capability permissive=0
03-11 02:10:21.514 1530 1711 I netstats_mobile_sample: [0,0,0,0,0,0,0,0,0,0,0,0,1678697760272]
03-11 02:10:21.515 1530 1711 I netstats_wifi_sample: [339191810,265542,5104139,68811,339187258,265538,5104139,68811,335393157,266945,4444185,67031,1678697760272]
03-11 02:10:23.291 0 0 I auditd : type=1400 audit(0.0:4558): avc: denied { kill } for comm="swapper/3" capability=5 scontext=u:r:kernel:s0 tcontext=u:r:kernel:s0 tclass=capability permissive=0
03-11 02:10:24.291 0 0 I auditd : type=1400 audit(0.0:4559): avc: denied { kill } for comm="swapper/3" capability=5 scontext=u:r:kernel:s0 tcontext=u:r:kernel:s0 tclass=capability permissive=0
