03-11 01:41:54.113 1530 13717 W ContextImpl: Calling a method in the system process without a qualified user: android.app.ContextImpl.sendBroadcast:1173 com.qualcomm.qti.Performance$SendGameLaunchBroadcast.run:217 java.lang.Thread.run:920
01-01 08:48:55.168 0 0 I binder : 13716:13716 ioctl 40046210 7ff5e17364 returned -22
03-11 01:41:54.135 2054 3742 W ContextImpl: Calling a method in the system process without a qualified user: android.app.ContextImpl.startService:1816 android.content.ContextWrapper.startService:774 com.thundercomm.gamemode.ingame.services.GameModeActionUtils.startGameModeService:118 com.thundercomm.gamemode.ingame.services.GameModeActionUtils.startGameModeEntry:29 com.thundercomm.gamemode.ingame.services.ActivityMonitoringService$1.onActivityLaunch:140
03-11 01:41:54.138 1530 1530 I GameModeConfig: Current uri is uri = content://com.thundercomm.gamemode.api/gamemode_settings/gamemode_isgaming
03-11 01:41:54.140 1530 1530 I GameModeConfig: isGameModeOn = true
03-11 01:41:54.140 1530 1530 I GameModeConfig: isGaming = true
03-11 01:41:54.140 1530 1530 I GameModeConfig: isDisableNotification = true
03-11 01:41:54.140 1530 1530 I GameModeConfig: isGameModeOn = true
03-11 01:41:54.140 1530 1530 I GameModeConfig: isGaming = true
03-11 01:41:54.140 1530 1530 I GameModeConfig: isDisableNotification = true
03-11 01:41:54.149 13716 13738 D ActivityThread: Loading provider com.tencent.tmgp.sgame.XG_SETTINGS_PROVIDER: com.tencent.tpns.baseapi.base.SettingsContentProvider
01-01 08:48:55.200 0 0 W ALERT : changing window size from 16000000 to 20000000 at 2100296023364
01-01 08:48:55.201 0 0 I : [MAX975X:max96755x_drm_notifier_callback] *INFO* receives EARLY_BLANK:UNBLANK
01-01 08:48:55.201 0 0 I atmel_mxt_ts 0-004a: FB event:2,blank:0
01-01 08:48:55.201 0 0 I atmel_mxt_ts 0-004a: suspend: event = 2, blank = 0, not care
01-01 08:48:55.201 0 0 I [drm:dsi_display_set_mode] [msm-dsi-info]: mdp_transfer_time_us=0 us
01-01 08:48:55.201 0 0 I [drm:dsi_display_set_mode] [msm-dsi-info]: hactive= 2560,vactive= 1080,fps=30
01-01 08:48:55.201 0 0 I : [MAX975X:max96755x_drm_notifier_callback] *INFO* receives BLANK:UNBLANK
01-01 08:48:55.201 0 0 I atmel_mxt_ts 0-004a: FB event:1,blank:0
01-01 08:48:55.201 0 0 I atmel_mxt_ts 0-004a: drm_notifier_callback: UNBLANK! Resume by drm notifier.
03-11 01:41:54.158 1530 2081 D CompatibilityChangeReporter: Compat change id reported: 135634846; UID 10093; state: DISABLED
03-11 01:41:54.158 1530 2081 D CompatibilityChangeReporter: Compat change id reported: 177438394; UID 10093; state: DISABLED
03-11 01:41:54.158 1530 2081 D CompatibilityChangeReporter: Compat change id reported: 135772972; UID 10093; state: DISABLED
03-11 01:41:54.158 1530 2081 D CompatibilityChangeReporter: Compat change id reported: 135754954; UID 10093; state: DISABLED
03-11 01:41:54.158 1530 1615 D CompatibilityChangeReporter: Compat change id reported: 143937733; UID 10093; state: DISABLED
03-11 01:41:54.163 1530 1615 I ActivityManager: Start proc 13750:com.tencent.tmgp.sgame:xg_vip_service/u0a93 for service {com.tencent.tmgp.sgame/com.tencent.android.tpush.service.XGVipPushService}
03-11 01:41:54.166 1530 1607 I DisplayDeviceRepository: Display device changed: DisplayDeviceInfo{"内置屏幕": uniqueId="local:4630946816427681409", 2560 x 1080, modeId 3, defaultModeId 1, supportedModes [{id=1, width=2560, height=1080, fps=60.000004, alternativeRefreshRates=[30.000002, 45.0]}, {id=2, width=2560, height=1080, fps=45.0, alternativeRefreshRates=[30.000002, 60.000004]}, {id=3, width=2560, height=1080, fps=30.000002, alternativeRefreshRates=[45.0, 60.000004]}], colorMode 0, supportedColorModes [0], hdrCapabilities HdrCapabilities{mSupportedHdrTypes=[2, 3, 4], mMaxLuminance=500.0, mMaxAverageLuminance=500.0, mMinLuminance=0.0}, allmSupported false, gameContentTypeSupported false, density 240, 320.315 x 318.976 dpi, appVsyncOff 1000000, presDeadline 33333333, touch INTERNAL, rotation 0, type INTERNAL, address {port=129, model=0x40446d97fee5e6}, deviceProductInfo DeviceProductInfo{name=, manufacturerPnpId=QCM, productId=1, modelYear=null, manufactureDate=ManufactureDate{week=27, year=2006}, connectionToSinkType=0}, state ON, frameRateOverride , brightnessMinimum 0.0, brightnessMaximum 1.0, brightnessDefault 1.0, FLAG_DEFAULT_DISPLAY, FLAG_ROTATES_WITH_CONTENT, FLAG_SECURE, FLAG_SUPPORTS_PROTECTED_BUFFERS}
01-01 08:48:55.223 0 0 I binder : 13750:13750 ioctl 40046210 7ff5e17364 returned -22
03-11 01:41:54.209 1530 4910 W FreeFormWindowHelper: Current Display FreeFormTask is null
03-11 01:41:54.457 1530 2109 W WindowManager: Failed looking up window session=Session{f108e0a 13716:u0a10093} callers=com.android.server.wm.WindowManagerService.windowForClientLocked:5628 com.android.server.wm.Session.insetsModified:629 android.view.IWindowSession$Stub.onTransact:1151
01-01 08:48:55.545 0 0 I binder : 13716:13748 ioctl 40046210 799d3931f4 returned -22
03-11 01:41:54.550 1530 2109 W ActivityManager: Unable to start service Intent { act=com.tencent.tpns.mqttchannel.FEEDBACK pkg=com.tencent.tmgp.sgame } U=0: not found
03-11 01:41:54.649 1530 2750 E TaskPersister: File error accessing recents directory (directory doesn't exist?).
01-01 08:48:56.120 0 0 E DTC_ETH,link_delay_work_func: 3003, SQI=0, link=0
01-01 08:48:56.162 0 0 W audit : audit_lost=969 audit_rate_limit=5 audit_backlog_limit=64
01-01 08:48:56.162 0 0 E audit : rate limit exceeded
03-11 01:41:58.139 1530 4910 W FreeFormWindowHelper: Current Display FreeFormTask is null
03-11 01:41:58.139 1530 4910 W FreeFormWindowHelper: Current Display FreeFormTask is null
03-11 01:41:58.140 1530 4910 W FreeFormWindowHelper: Current Display FreeFormTask is null
03-11 01:41:58.145 1530 4910 W FreeFormWindowHelper: Current Display FreeFormTask is null
03-11 01:41:58.146 1530 4316 W FreeFormWindowHelper: Current Display FreeFormTask is null
03-11 01:41:58.146 1530 4316 W FreeFormWindowHelper: Current Display FreeFormTask is null
03-11 01:41:58.146 1530 4910 W FreeFormWindowHelper: Current Display FreeFormTask is null
03-11 01:41:58.154 1530 4910 W ActivityTaskManager: getTaskSnapshot: taskId=-591 not found
03-11 01:41:58.155 1530 4910 W ActivityTaskManager: getTaskSnapshot: taskId=-591 not found
03-11 01:41:58.155 1530 4910 W ActivityTaskManager: getTaskSnapshot: taskId=-591 not found
03-11 01:41:58.155 1530 4910 W ActivityTaskManager: getTaskSnapshot: taskId=-591 not found
03-11 01:41:58.196 1530 4316 W FreeFormWindowHelper: Current Display FreeFormTask is null
03-11 01:41:58.196 1530 4910 W FreeFormWindowHelper: Current Display FreeFormTask is null
03-11 01:41:58.196 1530 4316 W ActivityTaskManager: getTaskSnapshot: taskId=-591 not found
03-11 01:41:58.197 1530 4316 W ActivityTaskManager: getTaskSnapshot: taskId=-591 not found
03-11 01:41:58.197 1530 4316 W ActivityTaskManager: getTaskSnapshot: taskId=-591 not found
03-11 01:41:58.197 1530 4316 W ActivityTaskManager: getTaskSnapshot: taskId=-591 not found
03-11 01:41:58.259 1530 4316 W FreeFormWindowHelper: Current Display FreeFormTask is null
03-11 01:41:58.259 1530 4316 W FreeFormWindowHelper: Current Display FreeFormTask is null
03-11 01:41:58.366 1530 2081 W FreeFormWindowHelper: Current Display FreeFormTask is null
03-11 01:41:58.366 1530 13700 W FreeFormWindowHelper: Current Display FreeFormTask is null
03-11 01:41:58.366 1530 4690 W FreeFormWindowHelper: Current Display FreeFormTask is null
03-11 01:41:58.367 1530 4690 W FreeFormWindowHelper: Current Display FreeFormTask is null
03-11 01:41:58.368 1530 4690 W ActivityTaskManager: getTaskSnapshot: taskId=-369 not found
03-11 01:41:58.369 1530 4690 W ActivityTaskManager: getTaskSnapshot: taskId=-368 not found
03-11 01:41:58.369 1530 4690 W ActivityTaskManager: getTaskSnapshot: taskId=-368 not found
03-11 01:41:58.370 1530 4690 W ActivityTaskManager: getTaskSnapshot: taskId=-368 not found
03-11 01:41:58.392 1530 4690 W FreeFormWindowHelper: Current Display FreeFormTask is null
03-11 01:41:58.393 1530 4690 W FreeFormWindowHelper: Current Display FreeFormTask is null
03-11 01:41:58.426 1530 2081 W FreeFormWindowHelper: Current Display FreeFormTask is null
03-11 01:41:58.426 1530 2081 W FreeFormWindowHelper: Current Display FreeFormTask is null
03-11 01:41:59.169 1530 2081 W FreeFormWindowHelper: Current Display FreeFormTask is null
03-11 01:41:59.169 1530 4690 W FreeFormWindowHelper: Current Display FreeFormTask is null
03-11 01:41:59.169 1530 2081 W FreeFormWindowHelper: Current Display FreeFormTask is null
03-11 01:41:59.242 1530 2081 I ActivityManager: PendingStartActivityUids startActivity to updateOomAdj delay:1101ms, uid:10075
03-11 01:41:59.601 1530 4690 I ActivityTaskManager: FOREGROUND_APPLICATION_CHANGED to com.android.launcher3.uioverrides.QuickstepLauncher
03-11 01:41:59.631 1530 4690 W FreeFormWindowHelper: Current Display FreeFormTask is null
03-11 01:41:59.631 1530 4910 W FreeFormWindowHelper: Current Display FreeFormTask is null
03-11 01:41:59.631 1530 2081 W FreeFormWindowHelper: Current Display FreeFormTask is null
03-11 01:41:59.663 1530 8841 W FreeFormWindowHelper: Current Display FreeFormTask is null
03-11 01:41:59.663 1530 8841 W FreeFormWindowHelper: Current Display FreeFormTask is null
03-11 01:41:59.707 1530 8841 W FreeFormWindowHelper: Current Display FreeFormTask is null
03-11 01:41:59.709 2054 3742 W ContextImpl: Calling a method in the system process without a qualified user: android.app.ContextImpl.startService:1816 android.content.ContextWrapper.startService:774 com.thundercomm.gamemode.ingame.services.GameModeActionUtils.startGameModeService:118 com.thundercomm.gamemode.ingame.services.GameModeActionUtils.startGameModeEntry:29 com.thundercomm.gamemode.ingame.services.ActivityMonitoringService$1.onActivityLaunch:140
03-11 01:41:59.712 1530 1530 I GameModeConfig: Current uri is uri = content://com.thundercomm.gamemode.api/gamemode_settings/gamemode_isgaming
03-11 01:41:59.713 1530 1530 I GameModeConfig: isGameModeOn = true
03-11 01:41:59.713 1530 1530 I GameModeConfig: isGaming = false
03-11 01:41:59.713 1530 1530 I GameModeConfig: isGameModeOn = true
03-11 01:41:59.713 1530 1530 I GameModeConfig: isGaming = false
03-11 01:41:59.713 1530 1530 I GameModeConfig: isDisableVoice = true
01-01 08:49:00.760 0 0 W ALERT : changing window size from 20000000 to 16000000 at 2105856017216
01-01 08:49:00.797 0 0 I : [MAX975X:max96755x_drm_notifier_callback] *INFO* receives EARLY_BLANK:UNBLANK
01-01 08:49:00.797 0 0 I atmel_mxt_ts 0-004a: FB event:2,blank:0
01-01 08:49:00.797 0 0 I atmel_mxt_ts 0-004a: suspend: event = 2, blank = 0, not care
01-01 08:49:00.797 0 0 I [drm:dsi_display_set_mode] [msm-dsi-info]: mdp_transfer_time_us=0 us
01-01 08:49:00.797 0 0 I [drm:dsi_display_set_mode] [msm-dsi-info]: hactive= 2560,vactive= 1080,fps=60
01-01 08:49:00.797 0 0 I : [MAX975X:max96755x_drm_notifier_callback] *INFO* receives BLANK:UNBLANK
01-01 08:49:00.798 0 0 I atmel_mxt_ts 0-004a: FB event:1,blank:0
01-01 08:49:00.798 0 0 I atmel_mxt_ts 0-004a: drm_notifier_callback: UNBLANK! Resume by drm notifier.
03-11 01:41:59.779 1530 1607 I DisplayDeviceRepository: Display device changed: DisplayDeviceInfo{"内置屏幕": uniqueId="local:4630946816427681409", 2560 x 1080, modeId 1, defaultModeId 1, supportedModes [{id=1, width=2560, height=1080, fps=60.000004, alternativeRefreshRates=[30.000002, 45.0]}, {id=2, width=2560, height=1080, fps=45.0, alternativeRefreshRates=[30.000002, 60.000004]}, {id=3, width=2560, height=1080, fps=30.000002, alternativeRefreshRates=[45.0, 60.000004]}], colorMode 0, supportedColorModes [0], hdrCapabilities HdrCapabilities{mSupportedHdrTypes=[2, 3, 4], mMaxLuminance=500.0, mMaxAverageLuminance=500.0, mMinLuminance=0.0}, allmSupported false, gameContentTypeSupported false, density 240, 320.315 x 318.976 dpi, appVsyncOff 1000000, presDeadline 16666666, touch INTERNAL, rotation 0, type INTERNAL, address {port=129, model=0x40446d97fee5e6}, deviceProductInfo DeviceProductInfo{name=, manufacturerPnpId=QCM, productId=1, modelYear=null, manufactureDate=ManufactureDate{week=27, year=2006}, connectionToSinkType=0}, state ON, frameRateOverride , brightnessMinimum 0.0, brightnessMaximum 1.0, brightnessDefault 1.0, FLAG_DEFAULT_DISPLAY, FLAG_ROTATES_WITH_CONTENT, FLAG_SECURE, FLAG_SUPPORTS_PROTECTED_BUFFERS}
01-01 08:49:01.240 0 0 E DTC_ETH,link_delay_work_func: 3003, SQI=0, link=0
03-11 01:42:00.251 1530 6113 I ActivityTaskManager: FOREGROUND_APPLICATION_CHANGED to com.android.settings.homepage.SettingsHomepageActivity
03-11 01:42:00.268 1530 1621 W BatteryExternalStatsWorker: error reading modem stats:ERROR_PHONE_NOT_AVAILABLE
03-11 01:42:00.278 1530 1621 E KernelCpuSpeedReader: Failed to read cpu-freq: /sys/devices/system/cpu/cpu4/cpufreq/stats/time_in_state: open failed: ENOENT (No such file or directory)
03-11 01:42:00.278 1530 1621 E KernelCpuSpeedReader: Failed to read cpu-freq: /sys/devices/system/cpu/cpu0/cpufreq/stats/time_in_state: open failed: ENOENT (No such file or directory)
01-01 08:49:01.326 0 0 W audit : audit_lost=972 audit_rate_limit=5 audit_backlog_limit=64
01-01 08:49:01.326 0 0 E audit : rate limit exceeded
03-11 01:42:00.306 1530 1621 W BatteryExternalStatsWorker: error reading modem stats:ERROR_PHONE_NOT_AVAILABLE
03-11 01:42:00.307 1530 1621 E KernelCpuSpeedReader: Failed to read cpu-freq: /sys/devices/system/cpu/cpu4/cpufreq/stats/time_in_state: open failed: ENOENT (No such file or directory)
03-11 01:42:00.308 1530 1621 E KernelCpuSpeedReader: Failed to read cpu-freq: /sys/devices/system/cpu/cpu0/cpufreq/stats/time_in_state: open failed: ENOENT (No such file or directory)
03-11 01:42:00.354 1530 4316 W FreeFormWindowHelper: Current Display FreeFormTask is null
03-11 01:42:00.632 1530 13700 W FreeFormWindowHelper: exitRecentTasks type=0
03-11 01:42:03.254 1530 2750 E TaskPersister: File error accessing recents directory (directory doesn't exist?).
03-11 01:42:04.683 1530 1614 I DropBoxManagerService: add tag=system_server_wtf isTagEnabled=true flags=0x2
03-11 01:42:04.684 1530 8841 I ActivityManager: Killing 13750:com.tencent.tmgp.sgame:xg_vip_service/u0a93 (adj 500): remove task
03-11 01:42:04.684 1530 8841 I ActivityManager: Killing 13716:com.tencent.tmgp.sgame/u0a93 (adj 500): remove task
03-11 01:42:04.685 1530 8841 W FreeFormWindowHelper: Current Display FreeFormTask is null
03-11 01:42:04.686 1530 1614 I DropBoxManagerService: add tag=system_server_wtf isTagEnabled=true flags=0x2
03-11 01:42:04.686 1530 2750 E TaskPersister: File error accessing recents directory (directory doesn't exist?).
03-11 01:42:04.698 1530 8841 W ActivityManager: Scheduling restart of crashed service com.tencent.tmgp.sgame/com.tencent.android.tpush.service.XGVipPushService in 1000ms for connection
03-11 01:42:04.731 1530 1613 W UsageStatsService: Unexpected activity event reported! (com.tencent.tmgp.sgame/com.tencent.tmgp.sgame.SGameActivity event : 23 instanceId : 36142456)
03-11 01:42:04.734 1530 10835 W WindowManager: Failed looking up window session=Session{f108e0a 13716:u0a10093} callers=com.android.server.wm.WindowManagerService.windowForClientLocked:5628 com.android.server.wm.WindowState$DeathRecipient.binderDied:3067 android.os.IBinder$DeathRecipient.binderDied:314
03-11 01:42:04.734 1530 10835 I WindowManager: WIN DEATH: null
03-11 01:42:04.734 1530 1607 W ActivityManager: setHasOverlayUi called on unknown pid: 13716
03-11 01:42:04.735 1530 1608 W ActivityTaskManager: Can't find TaskDisplayArea to determine support for multi window. Task id=35 attached=false
03-11 01:42:04.735 1530 1608 W ActivityTaskManager: Can't find TaskDisplayArea to determine support for multi window. Task id=35 attached=false
03-11 01:42:04.782 1530 10835 W FreeFormWindowHelper: Current Display FreeFormTask is null
01-01 08:49:06.360 0 0 E DTC_ETH,link_delay_work_func: 3003, SQI=0, link=0
03-11 01:42:05.535 1530 2110 W FreeFormWindowHelper: Current Display FreeFormTask is null
03-11 01:42:05.536 1530 8841 W FreeFormWindowHelper: Current Display FreeFormTask is null
03-11 01:42:05.538 1530 13170 W FreeFormWindowHelper: Current Display FreeFormTask is null
03-11 01:42:05.538 1530 13170 W FreeFormWindowHelper: Current Display FreeFormTask is null
03-11 01:42:05.539 1530 13170 W FreeFormWindowHelper: Current Display FreeFormTask is null
03-11 01:42:05.548 1530 8841 W ActivityTaskManager: getTaskSnapshot: taskId=-199 not found
03-11 01:42:05.549 1530 13170 W FreeFormWindowHelper: Current Display FreeFormTask is null
03-11 01:42:05.549 1530 13170 W FreeFormWindowHelper: Current Display FreeFormTask is null
03-11 01:42:05.550 1530 13170 W ActivityTaskManager: getTaskSnapshot: taskId=-199 not found
03-11 01:42:05.550 1530 13170 W ActivityTaskManager: getTaskSnapshot: taskId=-199 not found
03-11 01:42:05.550 1530 13170 W ActivityTaskManager: getTaskSnapshot: taskId=-199 not found
03-11 01:42:05.559 1530 13170 W FreeFormWindowHelper: Current Display FreeFormTask is null
03-11 01:42:05.560 1530 13170 W FreeFormWindowHelper: Current Display FreeFormTask is null
03-11 01:42:05.782 1530 5296 W FreeFormWindowHelper: Current Display FreeFormTask is null
03-11 01:42:05.783 1530 5296 W FreeFormWindowHelper: Current Display FreeFormTask is null
03-11 01:42:05.783 1530 5296 W FreeFormWindowHelper: Current Display FreeFormTask is null
03-11 01:42:05.784 1530 2110 W FreeFormWindowHelper: Current Display FreeFormTask is null
03-11 01:42:05.785 1530 2110 W ActivityTaskManager: getTaskSnapshot: taskId=-952 not found
03-11 01:42:05.786 1530 8841 W ActivityTaskManager: getTaskSnapshot: taskId=-952 not found
03-11 01:42:05.786 1530 8841 W ActivityTaskManager: getTaskSnapshot: taskId=-952 not found
03-11 01:42:05.786 1530 8841 W ActivityTaskManager: getTaskSnapshot: taskId=-952 not found
03-11 01:42:05.786 1530 8841 W ActivityTaskManager: getTaskSnapshot: taskId=-952 not found
03-11 01:42:05.794 1530 8841 W FreeFormWindowHelper: Current Display FreeFormTask is null
03-11 01:42:05.794 1530 8841 W FreeFormWindowHelper: Current Display FreeFormTask is null
03-11 01:42:05.810 1530 8841 W FreeFormWindowHelper: Current Display FreeFormTask is null
03-11 01:42:05.811 1530 8841 W FreeFormWindowHelper: Current Display FreeFormTask is null
03-11 01:42:06.506 1530 5296 W FreeFormWindowHelper: Current Display FreeFormTask is null
03-11 01:42:06.506 1530 5296 W FreeFormWindowHelper: Current Display FreeFormTask is null
03-11 01:42:06.506 1530 5296 W FreeFormWindowHelper: Current Display FreeFormTask is null
03-11 01:42:06.850 1530 5296 I ActivityTaskManager: FOREGROUND_APPLICATION_CHANGED to com.android.launcher3.uioverrides.QuickstepLauncher
03-11 01:42:06.857 1530 10835 W FreeFormWindowHelper: Current Display FreeFormTask is null
03-11 01:42:06.857 1530 10835 W FreeFormWindowHelper: Current Display FreeFormTask is null
03-11 01:42:06.858 1530 4506 W FreeFormWindowHelper: Current Display FreeFormTask is null
03-11 01:42:06.872 1530 4506 W FreeFormWindowHelper: Current Display FreeFormTask is null
03-11 01:42:06.872 1530 4506 W FreeFormWindowHelper: Current Display FreeFormTask is null
03-11 01:42:06.957 1530 5296 W FreeFormWindowHelper: Current Display FreeFormTask is null
03-11 01:42:07.734 1530 2750 E TaskPersister: File error accessing recents directory (directory doesn't exist?).
03-11 01:42:08.332 1530 4506 W FreeFormWindowHelper: exitRecentTasks type=0
03-11 01:42:08.347 1530 4506 W FreeFormWindowHelper: Current Display FreeFormTask is null
03-11 01:42:08.347 1530 4506 W FreeFormWindowHelper: Current Display FreeFormTask is null
03-11 01:42:09.235 1530 4506 I thunderperf: PlatormCompat.setOverrides: Uid1=10075 Pid1=2553 Uid2=10075 Pid2=2553
03-11 01:42:09.235 1530 4506 I thunderperf: PlatormCompat.setOverrides: needCheck:false
03-11 01:42:09.235 1530 4506 I thunderperf: CompatConfig.addOverrideUnsafe: bef-state=1
03-11 01:42:09.235 1530 4506 I thunderperf: CompatConfig.addOverrideUnsafe: aft-state=0
03-11 01:42:09.235 1530 4506 I thunderperf: CompatConfig.addOverrideUnsafe: bef-state=1
03-11 01:42:09.235 1530 4506 I thunderperf: CompatConfig.addOverrideUnsafe: aft-state=0
03-11 01:42:09.236 1530 4506 I thunderperf: CompatConfig.addOverrideUnsafe: bef-state=1
03-11 01:42:09.236 1530 4506 I thunderperf: CompatConfig.addOverrideUnsafe: aft-state=0
03-11 01:42:09.236 1530 4506 I thunderperf: CompatConfig.addOverrideUnsafe: bef-state=1
03-11 01:42:09.236 1530 4506 I thunderperf: CompatConfig.addOverrideUnsafe: aft-state=0
03-11 01:42:09.236 1530 4506 I thunderperf: CompatConfig.addOverrideUnsafe: bef-state=1
03-11 01:42:09.236 1530 4506 I thunderperf: CompatConfig.addOverrideUnsafe: aft-state=0
03-11 01:42:09.236 1530 4506 I thunderperf: CompatConfig.addOverrideUnsafe: bef-state=1
03-11 01:42:09.236 1530 4506 I thunderperf: CompatConfig.addOverrideUnsafe: aft-state=0
03-11 01:42:09.237 1530 4506 I thunderperf: CompatConfig.addOverrideUnsafe: bef-state=1
03-11 01:42:09.237 1530 4506 I thunderperf: CompatConfig.addOverrideUnsafe: aft-state=0
03-11 01:42:09.237 1530 4506 I thunderperf: CompatConfig.addOverrideUnsafe: bef-state=1
03-11 01:42:09.237 1530 4506 I thunderperf: CompatConfig.addOverrideUnsafe: aft-state=0
03-11 01:42:09.237 1530 4506 I thunderperf: CompatConfig.addOverrideUnsafe: bef-state=1
03-11 01:42:09.237 1530 4506 I thunderperf: CompatConfig.addOverrideUnsafe: aft-state=0
03-11 01:42:09.237 1530 4506 I thunderperf: CompatConfig.addOverrideUnsafe: bef-state=1
03-11 01:42:09.237 1530 4506 I thunderperf: CompatConfig.addOverrideUnsafe: aft-state=0
03-11 01:42:09.238 1530 4506 I thunderperf: CompatConfig.addOverrideUnsafe: bef-state=1
03-11 01:42:09.238 1530 4506 I thunderperf: CompatConfig.addOverrideUnsafe: aft-state=0
03-11 01:42:09.238 1530 4506 I thunderperf: CompatConfig.addOverrideUnsafe: bef-state=1
03-11 01:42:09.238 1530 4506 I thunderperf: CompatConfig.addOverrideUnsafe: aft-state=0
03-11 01:42:09.238 1530 4506 I thunderperf: CompatConfig.addOverrideUnsafe: bef-state=1
03-11 01:42:09.238 1530 4506 I thunderperf: CompatConfig.addOverrideUnsafe: aft-state=0
03-11 01:42:09.238 1530 4506 I thunderperf: CompatConfig.addOverrideUnsafe: bef-state=1
03-11 01:42:09.239 1530 4506 I thunderperf: CompatConfig.addOverrideUnsafe: aft-state=0
03-11 01:42:09.240 1530 4506 I ActivityTaskManager: START u0 {act=android.intent.action.MAIN cat=[android.intent.category.LAUNCHER] flg=0x10200000 cmp=com.tencent.tmgp.sgame/.SGameActivity bnds=[1017,120][1319,402]} from uid 10075
03-11 01:42:09.241 1530 4506 W ActivityTaskManager: Can't find TaskDisplayArea to determine support for multi window. Task id=36 attached=false
03-11 01:42:09.242 1530 4506 D CompatibilityChangeReporter: Compat change id reported: 174042980; UID 10093; state: DISABLED
03-11 01:42:09.242 1530 4506 D CompatibilityChangeReporter: Compat change id reported: 184838306; UID 10093; state: DISABLED
03-11 01:42:09.242 1530 4506 D CompatibilityChangeReporter: Compat change id reported: 185004937; UID 10093; state: DISABLED
03-11 01:42:09.243 1530 4506 D CompatibilityChangeReporter: Compat change id reported: 181136395; UID 10093; state: DISABLED
03-11 01:42:09.243 1530 4506 D CompatibilityChangeReporter: Compat change id reported: 174042936; UID 10093; state: DISABLED
03-11 01:42:09.244 1530 4506 D CompatibilityChangeReporter: Compat change id reported: 168419799; UID 10093; state: DISABLED
03-11 01:42:09.246 1530 5296 W FreeFormWindowHelper: Current Display FreeFormTask is null
03-11 01:42:09.247 1530 5296 I ActivityTaskManager: FOREGROUND_APPLICATION_CHANGED to com.tencent.tmgp.sgame.SGameActivity
03-11 01:42:09.251 1530 1607 D CompatibilityChangeReporter: Compat change id reported: 135634846; UID 10093; state: DISABLED
03-11 01:42:09.251 1530 1607 D CompatibilityChangeReporter: Compat change id reported: 177438394; UID 10093; state: DISABLED
03-11 01:42:09.251 1530 1607 D CompatibilityChangeReporter: Compat change id reported: 135772972; UID 10093; state: DISABLED
03-11 01:42:09.251 1530 1607 D CompatibilityChangeReporter: Compat change id reported: 135754954; UID 10093; state: DISABLED
03-11 01:42:09.251 1530 1615 D CompatibilityChangeReporter: Compat change id reported: 143937733; UID 10093; state: DISABLED
03-11 01:42:09.256 1530 1615 I ActivityManager: Start proc 14201:com.tencent.tmgp.sgame/u0a93 for pre-top-activity {com.tencent.tmgp.sgame/com.tencent.tmgp.sgame.SGameActivity}
03-11 01:42:09.256 1530 14202 W ContextImpl: Calling a method in the system process without a qualified user: android.app.ContextImpl.sendBroadcast:1173 com.qualcomm.qti.Performance$SendGameLaunchBroadcast.run:217 java.lang.Thread.run:920
01-01 08:49:10.311 0 0 I binder : 14201:14201 ioctl 40046210 7ff5e17364 returned -22
03-11 01:42:09.274 2054 3742 W ContextImpl: Calling a method in the system process without a qualified user: android.app.ContextImpl.startService:1816 android.content.ContextWrapper.startService:774 com.thundercomm.gamemode.ingame.services.GameModeActionUtils.startGameModeService:118 com.thundercomm.gamemode.ingame.services.GameModeActionUtils.startGameModeEntry:29 com.thundercomm.gamemode.ingame.services.ActivityMonitoringService$1.onActivityLaunch:140
03-11 01:42:09.278 1530 1530 I GameModeConfig: Current uri is uri = content://com.thundercomm.gamemode.api/gamemode_settings/gamemode_isgaming
03-11 01:42:09.279 1530 1530 I GameModeConfig: isGameModeOn = true
03-11 01:42:09.279 1530 1530 I GameModeConfig: isGaming = true
03-11 01:42:09.279 1530 1530 I GameModeConfig: isDisableNotification = true
03-11 01:42:09.279 1530 1530 I GameModeConfig: isGameModeOn = true
03-11 01:42:09.279 1530 1530 I GameModeConfig: isGaming = true
03-11 01:42:09.279 1530 1530 I GameModeConfig: isDisableNotification = true
01-01 08:49:10.328 0 0 W ALERT : changing window size from 16000000 to 8000000 at 2115424015858
01-01 08:49:10.336 0 0 I : [MAX975X:max96755x_drm_notifier_callback] *INFO* receives EARLY_BLANK:UNBLANK
01-01 08:49:10.336 0 0 I atmel_mxt_ts 0-004a: FB event:2,blank:0
01-01 08:49:10.336 0 0 I atmel_mxt_ts 0-004a: suspend: event = 2, blank = 0, not care
01-01 08:49:10.336 0 0 I [drm:dsi_display_set_mode] [msm-dsi-info]: mdp_transfer_time_us=0 us
01-01 08:49:10.336 0 0 I [drm:dsi_display_set_mode] [msm-dsi-info]: hactive= 2560,vactive= 1080,fps=30
01-01 08:49:10.337 0 0 I : [MAX975X:max96755x_drm_notifier_callback] *INFO* receives BLANK:UNBLANK
01-01 08:49:10.337 0 0 I atmel_mxt_ts 0-004a: FB event:1,blank:0
01-01 08:49:10.337 0 0 I atmel_mxt_ts 0-004a: drm_notifier_callback: UNBLANK! Resume by drm notifier.
03-11 01:42:09.292 14201 14224 D ActivityThread: Loading provider com.tencent.tmgp.sgame.XG_SETTINGS_PROVIDER: com.tencent.tpns.baseapi.base.SettingsContentProvider
03-11 01:42:09.297 1530 5296 D CompatibilityChangeReporter: Compat change id reported: 135634846; UID 10093; state: DISABLED
03-11 01:42:09.297 1530 5296 D CompatibilityChangeReporter: Compat change id reported: 177438394; UID 10093; state: DISABLED
03-11 01:42:09.297 1530 5296 D CompatibilityChangeReporter: Compat change id reported: 135772972; UID 10093; state: DISABLED
03-11 01:42:09.297 1530 5296 D CompatibilityChangeReporter: Compat change id reported: 135754954; UID 10093; state: DISABLED
03-11 01:42:09.298 1530 1615 D CompatibilityChangeReporter: Compat change id reported: 143937733; UID 10093; state: DISABLED
03-11 01:42:09.302 1530 1607 I DisplayDeviceRepository: Display device changed: DisplayDeviceInfo{"内置屏幕": uniqueId="local:4630946816427681409", 2560 x 1080, modeId 3, defaultModeId 1, supportedModes [{id=1, width=2560, height=1080, fps=60.000004, alternativeRefreshRates=[30.000002, 45.0]}, {id=2, width=2560, height=1080, fps=45.0, alternativeRefreshRates=[30.000002, 60.000004]}, {id=3, width=2560, height=1080, fps=30.000002, alternativeRefreshRates=[45.0, 60.000004]}], colorMode 0, supportedColorModes [0], hdrCapabilities HdrCapabilities{mSupportedHdrTypes=[2, 3, 4], mMaxLuminance=500.0, mMaxAverageLuminance=500.0, mMinLuminance=0.0}, allmSupported false, gameContentTypeSupported false, density 240, 320.315 x 318.976 dpi, appVsyncOff 1000000, presDeadline 33333333, touch INTERNAL, rotation 0, type INTERNAL, address {port=129, model=0x40446d97fee5e6}, deviceProductInfo DeviceProductInfo{name=, manufacturerPnpId=QCM, productId=1, modelYear=null, manufactureDate=ManufactureDate{week=27, year=2006}, connectionToSinkType=0}, state ON, frameRateOverride , brightnessMinimum 0.0, brightnessMaximum 1.0, brightnessDefault 1.0, FLAG_DEFAULT_DISPLAY, FLAG_ROTATES_WITH_CONTENT, FLAG_SECURE, FLAG_SUPPORTS_PROTECTED_BUFFERS}
03-11 01:42:09.302 1530 1615 I ActivityManager: Start proc 14234:com.tencent.tmgp.sgame:xg_vip_service/u0a93 for service {com.tencent.tmgp.sgame/com.tencent.android.tpush.service.XGVipPushService}
01-01 08:49:10.359 0 0 I binder : 14234:14234 ioctl 40046210 7ff5e17364 returned -22
03-11 01:42:09.349 1530 2117 W FreeFormWindowHelper: Current Display FreeFormTask is null
03-11 01:42:09.599 1530 2110 W WindowManager: Failed looking up window session=Session{d7fa119 14201:u0a10093} callers=com.android.server.wm.WindowManagerService.windowForClientLocked:5628 com.android.server.wm.Session.insetsModified:629 android.view.IWindowSession$Stub.onTransact:1151
01-01 08:49:10.682 0 0 I binder : 14201:14235 ioctl 40046210 799dea71f4 returned -22
01-01 08:49:10.752 0 0 W audit : audit_lost=1064 audit_rate_limit=5 audit_backlog_limit=64
01-01 08:49:10.752 0 0 E audit : rate limit exceeded
03-11 01:42:09.932 1530 2117 W ActivityManager: Unable to start service Intent { act=com.tencent.tpns.mqttchannel.FEEDBACK pkg=com.tencent.tmgp.sgame } U=0: not found
01-01 08:49:11.480 0 0 E DTC_ETH,link_delay_work_func: 3003, SQI=0, link=0
03-11 01:42:12.247 1530 2750 E TaskPersister: File error accessing recents directory (directory doesn't exist?).
03-11 01:42:15.367 1530 8841 W FreeFormWindowHelper: Current Display FreeFormTask is null
03-11 01:42:15.367 1530 8841 W FreeFormWindowHelper: Current Display FreeFormTask is null
03-11 01:42:15.368 1530 8841 W FreeFormWindowHelper: Current Display FreeFormTask is null
03-11 01:42:15.370 1530 8841 W FreeFormWindowHelper: Current Display FreeFormTask is null
03-11 01:42:15.382 1530 2906 W FreeFormWindowHelper: Current Display FreeFormTask is null
03-11 01:42:15.382 1530 13170 W FreeFormWindowHelper: Current Display FreeFormTask is null
03-11 01:42:15.382 1530 13170 W FreeFormWindowHelper: Current Display FreeFormTask is null
03-11 01:42:15.391 1530 13170 W ActivityTaskManager: getTaskSnapshot: taskId=-366 not found
03-11 01:42:15.392 1530 13170 W ActivityTaskManager: getTaskSnapshot: taskId=-366 not found
03-11 01:42:15.392 1530 13170 W ActivityTaskManager: getTaskSnapshot: taskId=-366 not found
03-11 01:42:15.392 1530 13170 W ActivityTaskManager: getTaskSnapshot: taskId=-366 not found
03-11 01:42:15.438 1530 2906 W FreeFormWindowHelper: Current Display FreeFormTask is null
03-11 01:42:15.438 1530 13170 W FreeFormWindowHelper: Current Display FreeFormTask is null
03-11 01:42:15.438 1530 2906 W ActivityTaskManager: getTaskSnapshot: taskId=-366 not found
03-11 01:42:15.438 1530 2906 W ActivityTaskManager: getTaskSnapshot: taskId=-366 not found
03-11 01:42:15.438 1530 2906 W ActivityTaskManager: getTaskSnapshot: taskId=-366 not found
03-11 01:42:15.438 1530 2906 W ActivityTaskManager: getTaskSnapshot: taskId=-366 not found
03-11 01:42:15.500 1530 2906 W FreeFormWindowHelper: Current Display FreeFormTask is null
03-11 01:42:15.500 1530 2906 W FreeFormWindowHelper: Current Display FreeFormTask is null
01-01 08:49:16.600 0 0 E DTC_ETH,link_delay_work_func: 3003, SQI=0, link=0
03-11 01:42:15.868 1530 2110 W FreeFormWindowHelper: Current Display FreeFormTask is null
03-11 01:42:15.868 1530 2906 W FreeFormWindowHelper: Current Display FreeFormTask is null
03-11 01:42:15.869 1530 2080 W FreeFormWindowHelper: Current Display FreeFormTask is null
03-11 01:42:15.870 1530 13170 W FreeFormWindowHelper: Current Display FreeFormTask is null
03-11 01:42:15.870 1530 13170 W ActivityTaskManager: getTaskSnapshot: taskId=-866 not found
03-11 01:42:15.871 1530 13170 W ActivityTaskManager: getTaskSnapshot: taskId=-866 not found
03-11 01:42:15.871 1530 13170 W ActivityTaskManager: getTaskSnapshot: taskId=-866 not found
03-11 01:42:15.871 1530 13170 W ActivityTaskManager: getTaskSnapshot: taskId=-866 not found
03-11 01:42:15.901 1530 13170 W FreeFormWindowHelper: Current Display FreeFormTask is null
03-11 01:42:15.902 1530 8841 W FreeFormWindowHelper: Current Display FreeFormTask is null
03-11 01:42:15.935 1530 2117 W FreeFormWindowHelper: Current Display FreeFormTask is null
03-11 01:42:15.935 1530 2080 W FreeFormWindowHelper: Current Display FreeFormTask is null
03-11 01:42:16.009 1530 2117 W FreeFormWindowHelper: exitRecentTasks type=0
03-11 01:42:16.035 1530 2117 W FreeFormWindowHelper: Current Display FreeFormTask is null
03-11 01:42:16.036 1530 8841 W FreeFormWindowHelper: Current Display FreeFormTask is null
03-11 01:42:16.570 1530 2117 W FreeFormWindowHelper: Current Display FreeFormTask is null
03-11 01:42:16.570 1530 2080 W FreeFormWindowHelper: Current Display FreeFormTask is null
03-11 01:42:16.577 1530 2117 I ActivityTaskManager: FOREGROUND_APPLICATION_CHANGED to com.android.launcher3.uioverrides.QuickstepLauncher
03-11 01:42:16.587 1530 1607 I ActivityManager: PendingStartActivityUids startActivity to updateOomAdj delay:1217ms, uid:10075
03-11 01:42:16.684 1530 8841 W FreeFormWindowHelper: Current Display FreeFormTask is null
03-11 01:42:16.686 2054 3742 W ContextImpl: Calling a method in the system process without a qualified user: android.app.ContextImpl.startService:1816 android.content.ContextWrapper.startService:774 com.thundercomm.gamemode.ingame.services.GameModeActionUtils.startGameModeService:118 com.thundercomm.gamemode.ingame.services.GameModeActionUtils.startGameModeEntry:29 com.thundercomm.gamemode.ingame.services.ActivityMonitoringService$1.onActivityLaunch:140
03-11 01:42:16.689 1530 1530 I GameModeConfig: Current uri is uri = content://com.thundercomm.gamemode.api/gamemode_settings/gamemode_isgaming
03-11 01:42:16.690 1530 1530 I GameModeConfig: isGameModeOn = true
03-11 01:42:16.690 1530 1530 I GameModeConfig: isGaming = false
03-11 01:42:16.690 1530 1530 I GameModeConfig: isGameModeOn = true
03-11 01:42:16.690 1530 1530 I GameModeConfig: isGaming = false
03-11 01:42:16.690 1530 1530 I GameModeConfig: isDisableVoice = true
01-01 08:49:17.736 0 0 W ALERT : changing window size from 8000000 to 16000000 at 2122832017209
01-01 08:49:17.770 0 0 I : [MAX975X:max96755x_drm_notifier_callback] *INFO* receives EARLY_BLANK:UNBLANK
01-01 08:49:17.770 0 0 I atmel_mxt_ts 0-004a: FB event:2,blank:0
01-01 08:49:17.770 0 0 I atmel_mxt_ts 0-004a: suspend: event = 2, blank = 0, not care
01-01 08:49:17.770 0 0 I [drm:dsi_display_set_mode] [msm-dsi-info]: mdp_transfer_time_us=0 us
01-01 08:49:17.771 0 0 I [drm:dsi_display_set_mode] [msm-dsi-info]: hactive= 2560,vactive= 1080,fps=60
01-01 08:49:17.771 0 0 I : [MAX975X:max96755x_drm_notifier_callback] *INFO* receives BLANK:UNBLANK
01-01 08:49:17.771 0 0 I atmel_mxt_ts 0-004a: FB event:1,blank:0
01-01 08:49:17.771 0 0 I atmel_mxt_ts 0-004a: drm_notifier_callback: UNBLANK! Resume by drm notifier.
03-11 01:42:16.753 1530 1607 I DisplayDeviceRepository: Display device changed: DisplayDeviceInfo{"内置屏幕": uniqueId="local:4630946816427681409", 2560 x 1080, modeId 1, defaultModeId 1, supportedModes [{id=1, width=2560, height=1080, fps=60.000004, alternativeRefreshRates=[30.000002, 45.0]}, {id=2, width=2560, height=1080, fps=45.0, alternativeRefreshRates=[30.000002, 60.000004]}, {id=3, width=2560, height=1080, fps=30.000002, alternativeRefreshRates=[45.0, 60.000004]}], colorMode 0, supportedColorModes [0], hdrCapabilities HdrCapabilities{mSupportedHdrTypes=[2, 3, 4], mMaxLuminance=500.0, mMaxAverageLuminance=500.0, mMinLuminance=0.0}, allmSupported false, gameContentTypeSupported false, density 240, 320.315 x 318.976 dpi, appVsyncOff 1000000, presDeadline 16666666, touch INTERNAL, rotation 0, type INTERNAL, address {port=129, model=0x40446d97fee5e6}, deviceProductInfo DeviceProductInfo{name=, manufacturerPnpId=QCM, productId=1, modelYear=null, manufactureDate=ManufactureDate{week=27, year=2006}, connectionToSinkType=0}, state ON, frameRateOverride , brightnessMinimum 0.0, brightnessMaximum 1.0, brightnessDefault 1.0, FLAG_DEFAULT_DISPLAY, FLAG_ROTATES_WITH_CONTENT, FLAG_SECURE, FLAG_SUPPORTS_PROTECTED_BUFFERS}
01-01 08:49:21.720 0 0 E DTC_ETH,link_delay_work_func: 3003, SQI=0, link=0
01-01 08:49:26.840 0 0 E DTC_ETH,link_delay_work_func: 3003, SQI=0, link=0
01-01 08:49:31.961 0 0 E DTC_ETH,link_delay_work_func: 3003, SQI=0, link=0
01-01 08:49:37.081 0 0 E DTC_ETH,link_delay_work_func: 3003, SQI=0, link=0
01-01 08:49:39.387 0 0 I msm_vidc: err : ffffffff: .....: DBLP Set: status 0
01-01 08:49:42.201 0 0 E DTC_ETH,link_delay_work_func: 3003, SQI=0, link=0
01-01 08:49:42.363 0 0 I msm_vidc: err : ffffffff: .....: DBLP Set: status 0
01-01 08:49:47.320 0 0 E DTC_ETH,link_delay_work_func: 3003, SQI=0, link=0
01-01 08:49:52.440 0 0 E DTC_ETH,link_delay_work_func: 3003, SQI=0, link=0
01-01 08:49:54.458 0 0 I msm_vidc: err : ffffffff: .....: DBLP Set: status 0
01-01 08:49:57.561 0 0 E DTC_ETH,link_delay_work_func: 3003, SQI=0, link=0
01-01 08:50:00.506 0 0 I msm_vidc: err : ffffffff: .....: DBLP Set: status 0
01-01 08:50:02.681 0 0 E DTC_ETH,link_delay_work_func: 3003, SQI=0, link=0
01-01 08:50:03.642 0 0 I msm_vidc: err : ffffffff: .....: DBLP Set: status 0
01-01 08:50:07.802 0 0 E DTC_ETH,link_delay_work_func: 3003, SQI=0, link=0
03-11 01:43:09.001 1530 1630 V DisplayPowerController[0]: Brightness [0.05] reason changing to: 'manual [ dim ]', previous reason: 'manual'.
03-11 01:43:09.002 1530 1630 W PowerManagerService: Screen on took 92528 ms
03-11 01:43:09.006 1530 1888 E DisplayDeviceConfig: requesting nits when no mapping exists.
03-11 01:43:09.007 1530 1888 E DisplayDeviceConfig: requesting nits when no mapping exists.
03-11 01:43:09.008 1530 1614 I DropBoxManagerService: add tag=system_server_wtf isTagEnabled=true flags=0x2
03-11 01:43:09.012 1530 1614 I DropBoxManagerService: add tag=system_server_wtf isTagEnabled=true flags=0x2
03-11 01:43:09.022 1530 1888 E DisplayDeviceConfig: requesting nits when no mapping exists.
03-11 01:43:09.022 1530 1888 E DisplayDeviceConfig: requesting nits when no mapping exists.
03-11 01:43:09.024 1530 1614 I DropBoxManagerService: add tag=system_server_wtf isTagEnabled=true flags=0x2
03-11 01:43:09.025 1530 1614 I DropBoxManagerService: add tag=system_server_wtf isTagEnabled=true flags=0x2
03-11 01:43:09.038 1530 1888 E DisplayDeviceConfig: requesting nits when no mapping exists.
03-11 01:43:09.039 1530 1888 E DisplayDeviceConfig: requesting nits when no mapping exists.
03-11 01:43:09.040 1530 1614 I DropBoxManagerService: add tag=system_server_wtf isTagEnabled=true flags=0x2
03-11 01:43:09.045 1530 1888 E DisplayDeviceConfig: requesting nits when no mapping exists.
03-11 01:43:09.046 1530 1888 E DisplayDeviceConfig: requesting nits when no mapping exists.
03-11 01:43:09.060 1530 1888 E DisplayDeviceConfig: requesting nits when no mapping exists.
03-11 01:43:09.061 1530 1888 E DisplayDeviceConfig: requesting nits when no mapping exists.
03-11 01:43:09.077 1530 1888 E DisplayDeviceConfig: requesting nits when no mapping exists.
03-11 01:43:09.078 1530 1888 E DisplayDeviceConfig: requesting nits when no mapping exists.
03-11 01:43:09.093 1530 1888 E DisplayDeviceConfig: requesting nits when no mapping exists.
03-11 01:43:09.094 1530 1888 E DisplayDeviceConfig: requesting nits when no mapping exists.
03-11 01:43:09.110 1530 1888 E DisplayDeviceConfig: requesting nits when no mapping exists.
03-11 01:43:09.111 1530 1888 E DisplayDeviceConfig: requesting nits when no mapping exists.
03-11 01:43:09.127 1530 1888 E DisplayDeviceConfig: requesting nits when no mapping exists.
03-11 01:43:09.128 1530 1888 E DisplayDeviceConfig: requesting nits when no mapping exists.
03-11 01:43:09.144 1530 1888 E DisplayDeviceConfig: requesting nits when no mapping exists.
03-11 01:43:09.145 1530 1888 E DisplayDeviceConfig: requesting nits when no mapping exists.
03-11 01:43:09.160 1530 1888 E DisplayDeviceConfig: requesting nits when no mapping exists.
03-11 01:43:09.161 1530 1888 E DisplayDeviceConfig: requesting nits when no mapping exists.
03-11 01:43:09.177 1530 1888 E DisplayDeviceConfig: requesting nits when no mapping exists.
03-11 01:43:09.178 1530 1888 E DisplayDeviceConfig: requesting nits when no mapping exists.
03-11 01:43:09.194 1530 1888 E DisplayDeviceConfig: requesting nits when no mapping exists.
03-11 01:43:09.194 1530 1888 E DisplayDeviceConfig: requesting nits when no mapping exists.
03-11 01:43:09.211 1530 1888 E DisplayDeviceConfig: requesting nits when no mapping exists.
03-11 01:43:09.211 1530 1888 E DisplayDeviceConfig: requesting nits when no mapping exists.
03-11 01:43:09.227 1530 1888 E DisplayDeviceConfig: requesting nits when no mapping exists.
03-11 01:43:09.228 1530 1888 E DisplayDeviceConfig: requesting nits when no mapping exists.
03-11 01:43:09.244 1530 1888 E DisplayDeviceConfig: requesting nits when no mapping exists.
03-11 01:43:09.245 1530 1888 E DisplayDeviceConfig: requesting nits when no mapping exists.
03-11 01:43:09.261 1530 1888 E DisplayDeviceConfig: requesting nits when no mapping exists.
03-11 01:43:09.261 1530 1888 E DisplayDeviceConfig: requesting nits when no mapping exists.
03-11 01:43:09.277 1530 1888 E DisplayDeviceConfig: requesting nits when no mapping exists.
03-11 01:43:09.278 1530 1888 E DisplayDeviceConfig: requesting nits when no mapping exists.
03-11 01:43:09.294 1530 1888 E DisplayDeviceConfig: requesting nits when no mapping exists.
03-11 01:43:09.295 1530 1888 E DisplayDeviceConfig: requesting nits when no mapping exists.
03-11 01:43:09.311 1530 1888 E DisplayDeviceConfig: requesting nits when no mapping exists.
03-11 01:43:09.312 1530 1888 E DisplayDeviceConfig: requesting nits when no mapping exists.
03-11 01:43:09.328 1530 1888 E DisplayDeviceConfig: requesting nits when no mapping exists.
03-11 01:43:09.328 1530 1888 E DisplayDeviceConfig: requesting nits when no mapping exists.
03-11 01:43:09.347 1530 1888 E DisplayDeviceConfig: requesting nits when no mapping exists.
03-11 01:43:09.347 1530 1888 E DisplayDeviceConfig: requesting nits when no mapping exists.
03-11 01:43:09.361 1530 1888 E DisplayDeviceConfig: requesting nits when no mapping exists.
03-11 01:43:09.361 1530 1888 E DisplayDeviceConfig: requesting nits when no mapping exists.
03-11 01:43:09.377 1530 1888 E DisplayDeviceConfig: requesting nits when no mapping exists.
03-11 01:43:09.378 1530 1888 E DisplayDeviceConfig: requesting nits when no mapping exists.
03-11 01:43:09.394 1530 1888 E DisplayDeviceConfig: requesting nits when no mapping exists.
03-11 01:43:09.394 1530 1888 E DisplayDeviceConfig: requesting nits when no mapping exists.
03-11 01:43:09.411 1530 1888 E DisplayDeviceConfig: requesting nits when no mapping exists.
03-11 01:43:09.411 1530 1888 E DisplayDeviceConfig: requesting nits when no mapping exists.
03-11 01:43:09.427 1530 1888 E DisplayDeviceConfig: requesting nits when no mapping exists.
03-11 01:43:09.428 1530 1888 E DisplayDeviceConfig: requesting nits when no mapping exists.
03-11 01:43:09.446 1530 1888 E DisplayDeviceConfig: requesting nits when no mapping exists.
03-11 01:43:09.447 1530 1888 E DisplayDeviceConfig: requesting nits when no mapping exists.
03-11 01:43:09.461 1530 1888 E DisplayDeviceConfig: requesting nits when no mapping exists.
03-11 01:43:09.461 1530 1888 E DisplayDeviceConfig: requesting nits when no mapping exists.
03-11 01:43:09.478 1530 1888 E DisplayDeviceConfig: requesting nits when no mapping exists.
03-11 01:43:09.478 1530 1888 E DisplayDeviceConfig: requesting nits when no mapping exists.
03-11 01:43:09.494 1530 1888 E DisplayDeviceConfig: requesting nits when no mapping exists.
03-11 01:43:09.495 1530 1888 E DisplayDeviceConfig: requesting nits when no mapping exists.
03-11 01:43:09.511 1530 1888 E DisplayDeviceConfig: requesting nits when no mapping exists.
03-11 01:43:09.512 1530 1888 E DisplayDeviceConfig: requesting nits when no mapping exists.
03-11 01:43:09.528 1530 1888 E DisplayDeviceConfig: requesting nits when no mapping exists.
03-11 01:43:09.528 1530 1888 E DisplayDeviceConfig: requesting nits when no mapping exists.
03-11 01:43:09.545 1530 1888 E DisplayDeviceConfig: requesting nits when no mapping exists.
03-11 01:43:09.546 1530 1888 E DisplayDeviceConfig: requesting nits when no mapping exists.
03-11 01:43:09.561 1530 1888 E DisplayDeviceConfig: requesting nits when no mapping exists.
03-11 01:43:09.562 1530 1888 E DisplayDeviceConfig: requesting nits when no mapping exists.
03-11 01:43:09.578 1530 1888 E DisplayDeviceConfig: requesting nits when no mapping exists.
03-11 01:43:09.579 1530 1888 E DisplayDeviceConfig: requesting nits when no mapping exists.
03-11 01:43:09.595 1530 1888 E DisplayDeviceConfig: requesting nits when no mapping exists.
03-11 01:43:09.595 1530 1888 E DisplayDeviceConfig: requesting nits when no mapping exists.
03-11 01:43:09.612 1530 1888 E DisplayDeviceConfig: requesting nits when no mapping exists.
03-11 01:43:09.614 1530 1888 E DisplayDeviceConfig: requesting nits when no mapping exists.
03-11 01:43:09.628 1530 1888 E DisplayDeviceConfig: requesting nits when no mapping exists.
03-11 01:43:09.630 1530 1888 E DisplayDeviceConfig: requesting nits when no mapping exists.
03-11 01:43:09.645 1530 1888 E DisplayDeviceConfig: requesting nits when no mapping exists.
03-11 01:43:09.645 1530 1888 E DisplayDeviceConfig: requesting nits when no mapping exists.
03-11 01:43:09.661 1530 1888 E DisplayDeviceConfig: requesting nits when no mapping exists.
03-11 01:43:09.662 1530 1888 E DisplayDeviceConfig: requesting nits when no mapping exists.
03-11 01:43:09.678 1530 1888 E DisplayDeviceConfig: requesting nits when no mapping exists.
03-11 01:43:09.679 1530 1888 E DisplayDeviceConfig: requesting nits when no mapping exists.
03-11 01:43:09.694 1530 1888 E DisplayDeviceConfig: requesting nits when no mapping exists.
03-11 01:43:09.695 1530 1888 E DisplayDeviceConfig: requesting nits when no mapping exists.
03-11 01:43:09.711 1530 1888 E DisplayDeviceConfig: requesting nits when no mapping exists.
03-11 01:43:09.712 1530 1888 E DisplayDeviceConfig: requesting nits when no mapping exists.
03-11 01:43:09.728 1530 1888 E DisplayDeviceConfig: requesting nits when no mapping exists.
03-11 01:43:09.729 1530 1888 E DisplayDeviceConfig: requesting nits when no mapping exists.
03-11 01:43:09.745 1530 1888 E DisplayDeviceConfig: requesting nits when no mapping exists.
03-11 01:43:09.745 1530 1888 E DisplayDeviceConfig: requesting nits when no mapping exists.
03-11 01:43:09.762 1530 1888 E DisplayDeviceConfig: requesting nits when no mapping exists.
03-11 01:43:09.762 1530 1888 E DisplayDeviceConfig: requesting nits when no mapping exists.
03-11 01:43:09.778 1530 1888 E DisplayDeviceConfig: requesting nits when no mapping exists.
03-11 01:43:09.779 1530 1888 E DisplayDeviceConfig: requesting nits when no mapping exists.
03-11 01:43:09.795 1530 1888 E DisplayDeviceConfig: requesting nits when no mapping exists.
03-11 01:43:09.796 1530 1888 E DisplayDeviceConfig: requesting nits when no mapping exists.
03-11 01:43:09.812 1530 1888 E DisplayDeviceConfig: requesting nits when no mapping exists.
03-11 01:43:09.812 1530 1888 E DisplayDeviceConfig: requesting nits when no mapping exists.
03-11 01:43:09.829 1530 1888 E DisplayDeviceConfig: requesting nits when no mapping exists.
03-11 01:43:09.829 1530 1888 E DisplayDeviceConfig: requesting nits when no mapping exists.
03-11 01:43:09.845 1530 1888 E DisplayDeviceConfig: requesting nits when no mapping exists.
03-11 01:43:09.845 1530 1888 E DisplayDeviceConfig: requesting nits when no mapping exists.
03-11 01:43:09.862 1530 1888 E DisplayDeviceConfig: requesting nits when no mapping exists.
03-11 01:43:09.862 1530 1888 E DisplayDeviceConfig: requesting nits when no mapping exists.
03-11 01:43:09.878 1530 1888 E DisplayDeviceConfig: requesting nits when no mapping exists.
03-11 01:43:09.879 1530 1888 E DisplayDeviceConfig: requesting nits when no mapping exists.
03-11 01:43:09.895 1530 1888 E DisplayDeviceConfig: requesting nits when no mapping exists.
03-11 01:43:09.895 1530 1888 E DisplayDeviceConfig: requesting nits when no mapping exists.
03-11 01:43:09.912 1530 1888 E DisplayDeviceConfig: requesting nits when no mapping exists.
03-11 01:43:09.912 1530 1888 E DisplayDeviceConfig: requesting nits when no mapping exists.
03-11 01:43:09.928 1530 1888 E DisplayDeviceConfig: requesting nits when no mapping exists.
03-11 01:43:09.929 1530 1888 E DisplayDeviceConfig: requesting nits when no mapping exists.
03-11 01:43:09.945 1530 1888 E DisplayDeviceConfig: requesting nits when no mapping exists.
03-11 01:43:09.946 1530 1888 E DisplayDeviceConfig: requesting nits when no mapping exists.
03-11 01:43:09.962 1530 1888 E DisplayDeviceConfig: requesting nits when no mapping exists.
03-11 01:43:09.963 1530 1888 E DisplayDeviceConfig: requesting nits when no mapping exists.
01-01 08:50:12.921 0 0 E DTC_ETH,link_delay_work_func: 3003, SQI=0, link=0
01-01 08:50:15.592 0 0 I [schedu][0x9c21fa766][01:43:14.546495] wlan: [3444:I:WMA] [01:43:14.490000] [ROAM_TRIGGER]: VDEV[0] Reason: "LOW RSSI" Sub-Reason: FULL SCAN Cur_Rssi threshold:81 Current AP RSSI: 76
01-01 08:50:15.592 0 0 I [schedu][0x9c21faa8f][01:43:14.546537] wlan: [3444:I:WMA] [01:43:14.490000] [ROAM_SCAN]: VDEV[0] Scan_type: PARTIAL next_rssi_threshold: 81 dBm {2412 }
01-01 08:50:15.592 0 0 I [schedu][0x9c21fabcf][01:43:14.546554] wlan: [3444:I:WMA] ============================================================================================================================
01-01 08:50:15.592 0 0 I [schedu][0x9c21fad81][01:43:14.546576] wlan: [3444:I:WMA] AP BSSID TSTAMP CH TY ETP RSSI/SCR CU%/SCR TOT_SCR BL_RSN BL_SRC BL_TSTAMP BL_TIMEOUT(ms)
