03-11 02:01:55.685 1530 1711 I netstats_wifi_sample: [339191810,265542,5104139,68811,339187258,265538,5104139,68811,335393157,266945,4444185,67031,1678697254442]
03-11 02:01:56.291 0 0 I auditd : type=1400 audit(0.0:4083): avc: denied { kill } for comm="swapper/2" capability=5 scontext=u:r:kernel:s0 tcontext=u:r:kernel:s0 tclass=capability permissive=0
03-11 02:01:57.291 0 0 I auditd : type=1400 audit(0.0:4084): avc: denied { kill } for comm="swapper/2" capability=5 scontext=u:r:kernel:s0 tcontext=u:r:kernel:s0 tclass=capability permissive=0
03-11 02:01:57.430 1530 1711 I netstats_mobile_sample: [0,0,0,0,0,0,0,0,0,0,0,0,1678697256187]
03-11 02:01:57.430 1530 1711 I netstats_wifi_sample: [339191810,265542,5104139,68811,339187258,265538,5104139,68811,335393157,266945,4444185,67031,1678697256187]
01-01 09:08:59.320 0 0 E DTC_ETH,link_delay_work_func: 3003, SQI=0, link=0
03-11 02:01:58.291 823 823 I auditd : type=1400 audit(0.0:4085): avc: denied { kill } for comm="kworker/u16:18" capability=5 scontext=u:r:kernel:s0 tcontext=u:r:kernel:s0 tclass=capability permissive=0
03-11 02:01:59.250 1530 1711 I netstats_mobile_sample: [0,0,0,0,0,0,0,0,0,0,0,0,1678697258007]
03-11 02:01:59.250 1530 1711 I netstats_wifi_sample: [339191810,265542,5104139,68811,339187258,265538,5104139,68811,335393157,266945,4444185,67031,1678697258007]
03-11 02:01:59.291 0 0 I auditd : type=1400 audit(0.0:4086): avc: denied { kill } for comm="swapper/2" capability=5 scontext=u:r:kernel:s0 tcontext=u:r:kernel:s0 tclass=capability permissive=0
03-11 02:02:00.291 0 0 I auditd : type=1400 audit(0.0:4087): avc: denied { kill } for comm="swapper/2" capability=5 scontext=u:r:kernel:s0 tcontext=u:r:kernel:s0 tclass=capability permissive=0
03-11 02:02:01.055 21696 21696 I auditd : type=1400 audit(0.0:4088): avc: denied { read } for comm="pcdn_udp" name="snmp" dev="proc" ino=4026532261 scontext=u:r:untrusted_app_29:s0:c93,c256,c512,c768 tcontext=u:object_r:proc_net:s0 tclass=file permissive=0 app=com.tencent.tmgp.sgame
03-11 02:02:01.291 0 0 I auditd : type=1400 audit(0.0:4089): avc: denied { kill } for comm="swapper/2" capability=5 scontext=u:r:kernel:s0 tcontext=u:r:kernel:s0 tclass=capability permissive=0
03-11 02:02:01.362 1530 1711 I netstats_mobile_sample: [0,0,0,0,0,0,0,0,0,0,0,0,1678697260119]
03-11 02:02:01.362 1530 1711 I netstats_wifi_sample: [339191810,265542,5104139,68811,339187258,265538,5104139,68811,335393157,266945,4444185,67031,1678697260119]
03-11 02:02:03.318 1530 1711 I netstats_mobile_sample: [0,0,0,0,0,0,0,0,0,0,0,0,1678697262076]
03-11 02:02:03.318 1530 1711 I netstats_wifi_sample: [339191810,265542,5104139,68811,339187258,265538,5104139,68811,335393157,266945,4444185,67031,1678697262076]
01-01 09:09:04.441 0 0 E DTC_ETH,link_delay_work_func: 3003, SQI=0, link=0
03-11 02:02:04.291 694 694 I auditd : type=1400 audit(0.0:4090): avc: denied { kill } for comm="kworker/u17:19" capability=5 scontext=u:r:kernel:s0 tcontext=u:r:kernel:s0 tclass=capability permissive=0
03-11 02:02:05.291 0 0 I auditd : type=1400 audit(0.0:4091): avc: denied { kill } for comm="swapper/2" capability=5 scontext=u:r:kernel:s0 tcontext=u:r:kernel:s0 tclass=capability permissive=0
03-11 02:02:05.361 1530 1711 I netstats_mobile_sample: [0,0,0,0,0,0,0,0,0,0,0,0,1678697264119]
03-11 02:02:05.362 1530 1711 I netstats_wifi_sample: [339191810,265542,5104139,68811,339187258,265538,5104139,68811,335393157,266945,4444185,67031,1678697264119]
03-11 02:02:06.291 758 758 I auditd : type=1400 audit(0.0:4092): avc: denied { kill } for comm="crtc_event:125" capability=5 scontext=u:r:kernel:s0 tcontext=u:r:kernel:s0 tclass=capability permissive=0
03-11 02:02:06.487 1530 1754 I storage_state: [41217664-9172-527a-b3d5-edabb50a7d69,0,0,110923079680,118610538496]
03-11 02:02:07.223 1530 1711 I service_manager_stats: [100,75,50335]
03-11 02:02:07.239 1530 1711 I netstats_mobile_sample: [0,0,0,0,0,0,0,0,0,0,0,0,1678697265997]
03-11 02:02:07.240 1530 1711 I netstats_wifi_sample: [339191810,265542,5104139,68811,339187258,265538,5104139,68811,335393157,266945,4444185,67031,1678697265997]
03-11 02:02:07.291 0 0 I auditd : type=1400 audit(0.0:4093): avc: denied { kill } for comm="swapper/2" capability=5 scontext=u:r:kernel:s0 tcontext=u:r:kernel:s0 tclass=capability permissive=0
03-11 02:02:08.291 0 0 I auditd : type=1400 audit(0.0:4094): avc: denied { kill } for comm="swapper/2" capability=5 scontext=u:r:kernel:s0 tcontext=u:r:kernel:s0 tclass=capability permissive=0
01-01 09:09:09.560 0 0 E DTC_ETH,link_delay_work_func: 3003, SQI=0, link=0
03-11 02:02:09.147 1530 1711 I netstats_mobile_sample: [0,0,0,0,0,0,0,0,0,0,0,0,1678697267905]
03-11 02:02:09.148 1530 1711 I netstats_wifi_sample: [339191810,265542,5104139,68811,339187258,265538,5104139,68811,335393157,266945,4444185,67031,1678697267905]
03-11 02:02:10.291 3449 3449 I auditd : type=1400 audit(0.0:4095): avc: denied { kill } for comm="dp_rx_thread_0" capability=5 scontext=u:r:kernel:s0 tcontext=u:r:kernel:s0 tclass=capability permissive=0
03-11 02:02:10.947 1530 1711 I netstats_mobile_sample: [0,0,0,0,0,0,0,0,0,0,0,0,1678697269705]
03-11 02:02:10.947 1530 1711 I netstats_wifi_sample: [339191810,265542,5104139,68811,339187258,265538,5104139,68811,335393157,266945,4444185,67031,1678697269705]
03-11 02:02:11.291 0 0 I auditd : type=1400 audit(0.0:4096): avc: denied { kill } for comm="swapper/2" capability=5 scontext=u:r:kernel:s0 tcontext=u:r:kernel:s0 tclass=capability permissive=0
03-11 02:02:12.381 1530 1614 I am_uid_idle: 10064
03-11 02:02:13.010 1530 1711 I netstats_mobile_sample: [0,0,0,0,0,0,0,0,0,0,0,0,1678697271768]
03-11 02:02:13.011 1530 1711 I netstats_wifi_sample: [339191810,265542,5104139,68811,339187258,265538,5104139,68811,335393157,266945,4444185,67031,1678697271768]
03-11 02:02:13.291 20218 20218 I auditd : type=1400 audit(0.0:4097): avc: denied { kill } for comm="kworker/u17:2" capability=5 scontext=u:r:kernel:s0 tcontext=u:r:kernel:s0 tclass=capability permissive=0
01-01 09:09:14.680 0 0 E DTC_ETH,link_delay_work_func: 3003, SQI=0, link=0
03-11 02:02:14.291 0 0 I auditd : type=1400 audit(0.0:4098): avc: denied { kill } for comm="swapper/3" capability=5 scontext=u:r:kernel:s0 tcontext=u:r:kernel:s0 tclass=capability permissive=0
03-11 02:02:14.805 1530 1711 I netstats_mobile_sample: [0,0,0,0,0,0,0,0,0,0,0,0,1678697273563]
03-11 02:02:14.805 1530 1711 I netstats_wifi_sample: [339191810,265542,5104139,68811,339187258,265538,5104139,68811,335393157,266945,4444185,67031,1678697273563]
03-11 02:02:15.291 0 0 I auditd : type=1400 audit(0.0:4099): avc: denied { kill } for comm="swapper/3" capability=5 scontext=u:r:kernel:s0 tcontext=u:r:kernel:s0 tclass=capability permissive=0
03-11 02:02:16.291 0 0 I auditd : type=1400 audit(0.0:4100): avc: denied { kill } for comm="swapper/3" capability=5 scontext=u:r:kernel:s0 tcontext=u:r:kernel:s0 tclass=capability permissive=0
03-11 02:02:16.666 1530 1711 I netstats_mobile_sample: [0,0,0,0,0,0,0,0,0,0,0,0,1678697275424]
03-11 02:02:16.667 1530 1711 I netstats_wifi_sample: [339191810,265542,5104139,68811,339187258,265538,5104139,68811,335393157,266945,4444185,67031,1678697275424]
03-11 02:02:18.342 1530 1711 I netstats_mobile_sample: [0,0,0,0,0,0,0,0,0,0,0,0,1678697277099]
03-11 02:02:18.342 1530 1711 I netstats_wifi_sample: [339191810,265542,5104139,68811,339187258,265538,5104139,68811,335393157,266945,4444185,67031,1678697277099]
01-01 09:09:19.800 0 0 E DTC_ETH,link_delay_work_func: 3003, SQI=0, link=0
03-11 02:02:19.291 0 0 I auditd : type=1400 audit(0.0:4101): avc: denied { kill } for comm="swapper/1" capability=5 scontext=u:r:kernel:s0 tcontext=u:r:kernel:s0 tclass=capability permissive=0
03-11 02:02:20.066 1530 1711 I netstats_mobile_sample: [0,0,0,0,0,0,0,0,0,0,0,0,1678697278823]
03-11 02:02:20.066 1530 1711 I netstats_wifi_sample: [339191810,265542,5104139,68811,339187258,265538,5104139,68811,335393157,266945,4444185,67031,1678697278823]
03-11 02:02:20.291 0 0 I auditd : type=1400 audit(0.0:4102): avc: denied { kill } for comm="swapper/1" capability=5 scontext=u:r:kernel:s0 tcontext=u:r:kernel:s0 tclass=capability permissive=0
03-11 02:02:21.291 0 0 I auditd : type=1400 audit(0.0:4103): avc: denied { kill } for comm="swapper/1" capability=5 scontext=u:r:kernel:s0 tcontext=u:r:kernel:s0 tclass=capability permissive=0
03-11 02:02:21.947 1530 1711 I netstats_mobile_sample: [0,0,0,0,0,0,0,0,0,0,0,0,1678697280704]
03-11 02:02:21.947 1530 1711 I netstats_wifi_sample: [339191810,265542,5104139,68811,339187258,265538,5104139,68811,335393157,266945,4444185,67031,1678697280704]
03-11 02:02:22.291 0 0 I auditd : type=1400 audit(0.0:4104): avc: denied { kill } for comm="swapper/1" capability=5 scontext=u:r:kernel:s0 tcontext=u:r:kernel:s0 tclass=capability permissive=0
03-11 02:02:23.291 0 0 I auditd : type=1400 audit(0.0:4105): avc: denied { kill } for comm="swapper/1" capability=5 scontext=u:r:kernel:s0 tcontext=u:r:kernel:s0 tclass=capability permissive=0
01-01 09:09:24.920 0 0 E DTC_ETH,link_delay_work_func: 3003, SQI=0, link=0
03-11 02:02:23.940 1530 1711 I netstats_mobile_sample: [0,0,0,0,0,0,0,0,0,0,0,0,1678697282698]
03-11 02:02:23.941 1530 1711 I netstats_wifi_sample: [339191810,265542,5104139,68811,339187258,265538,5104139,68811,335393157,266945,4444185,67031,1678697282698]
03-11 02:02:25.291 3449 3449 I auditd : type=1400 audit(0.0:4106): avc: denied { kill } for comm="dp_rx_thread_0" capability=5 scontext=u:r:kernel:s0 tcontext=u:r:kernel:s0 tclass=capability permissive=0
03-11 02:02:25.874 1530 1711 I netstats_mobile_sample: [0,0,0,0,0,0,0,0,0,0,0,0,1678697284632]
03-11 02:02:25.874 1530 1711 I netstats_wifi_sample: [339191810,265542,5104139,68811,339187258,265538,5104139,68811,335393157,266945,4444185,67031,1678697284632]
03-11 02:02:28.517 1530 1711 I netstats_mobile_sample: [0,0,0,0,0,0,0,0,0,0,0,0,1678697287275]
03-11 02:02:28.518 1530 1711 I netstats_wifi_sample: [339191810,265542,5104139,68811,339187258,265538,5104139,68811,335393157,266945,4444185,67031,1678697287275]
01-01 09:09:30.040 0 0 E DTC_ETH,link_delay_work_func: 3003, SQI=0, link=0
03-11 02:02:29.291 0 0 I auditd : type=1400 audit(0.0:4107): avc: denied { kill } for comm="swapper/3" capability=5 scontext=u:r:kernel:s0 tcontext=u:r:kernel:s0 tclass=capability permissive=0
03-11 02:02:30.291 0 0 I auditd : type=1400 audit(0.0:4108): avc: denied { kill } for comm="swapper/3" capability=5 scontext=u:r:kernel:s0 tcontext=u:r:kernel:s0 tclass=capability permissive=0
03-11 02:02:30.333 1530 1711 I netstats_mobile_sample: [0,0,0,0,0,0,0,0,0,0,0,0,1678697289091]
03-11 02:02:30.333 1530 1711 I netstats_wifi_sample: [339191810,265542,5104139,68811,339187258,265538,5104139,68811,335393157,266945,4444185,67031,1678697289091]
03-11 02:02:31.291 0 0 I auditd : type=1400 audit(0.0:4109): avc: denied { kill } for comm="swapper/3" capability=5 scontext=u:r:kernel:s0 tcontext=u:r:kernel:s0 tclass=capability permissive=0
03-11 02:02:32.400 1530 1711 I netstats_mobile_sample: [0,0,0,0,0,0,0,0,0,0,0,0,1678697291158]
03-11 02:02:32.401 1530 1711 I netstats_wifi_sample: [339191810,265542,5104139,68811,339187258,265538,5104139,68811,335393157,266945,4444185,67031,1678697291158]
03-11 02:02:33.291 0 0 I auditd : type=1400 audit(0.0:4110): avc: denied { kill } for comm="swapper/3" capability=5 scontext=u:r:kernel:s0 tcontext=u:r:kernel:s0 tclass=capability permissive=0
01-01 09:09:35.161 0 0 E DTC_ETH,link_delay_work_func: 3003, SQI=0, link=0
03-11 02:02:34.291 0 0 I auditd : type=1400 audit(0.0:4111): avc: denied { kill } for comm="swapper/3" capability=5 scontext=u:r:kernel:s0 tcontext=u:r:kernel:s0 tclass=capability permissive=0
03-11 02:02:34.506 1530 1711 I netstats_mobile_sample: [0,0,0,0,0,0,0,0,0,0,0,0,1678697293264]
03-11 02:02:34.506 1530 1711 I netstats_wifi_sample: [339191810,265542,5104139,68811,339187258,265538,5104139,68811,335393157,266945,4444185,67031,1678697293264]
03-11 02:02:35.291 0 0 I auditd : type=1400 audit(0.0:4112): avc: denied { kill } for comm="swapper/3" capability=5 scontext=u:r:kernel:s0 tcontext=u:r:kernel:s0 tclass=capability permissive=0
03-11 02:02:35.628 21696 21696 I view_enqueue_input_event: [Motion - Cancel,com.tencent.tmgp.sgame/com.tencent.tmgp.sgame.SGameActivity]
03-11 02:02:35.638 1530 1694 I input_interaction: Interaction with: edge-swipe (server), swipe-up (server), PointerEventDispatcher0 (server),
03-11 02:02:35.751 1530 11635 I sysui_multi_action: [757,803,799,key_back_press,802,1]
03-11 02:02:35.755 1530 1694 I input_interaction: Interaction with: c78a2bf com.tencent.tmgp.sgame/com.tencent.tmgp.sgame.SGameActivity (server), PointerEventDispatcher0 (server),
03-11 02:02:36.170 1530 1694 I input_interaction: Interaction with: c78a2bf com.tencent.tmgp.sgame/com.tencent.tmgp.sgame.SGameActivity (server), edge-swipe (server), swipe-up (server), PointerEventDispatcher0 (server),
03-11 02:02:36.201 21696 21696 I view_enqueue_input_event: [Motion - Cancel,com.tencent.tmgp.sgame/com.tencent.tmgp.sgame.SGameActivity]
03-11 02:02:36.205 1530 1694 I input_interaction: Interaction with: edge-swipe (server), swipe-up (server), PointerEventDispatcher0 (server),
03-11 02:02:36.227 1530 1711 I netstats_mobile_sample: [0,0,0,0,0,0,0,0,0,0,0,0,1678697294985]
03-11 02:02:36.228 1530 1711 I netstats_wifi_sample: [339191810,265542,5104139,68811,339187258,265538,5104139,68811,335393157,266945,4444185,67031,1678697294985]
03-11 02:02:36.289 1530 11635 I sysui_multi_action: [757,803,799,key_back_press,802,1]
03-11 02:02:36.292 1530 1694 I input_interaction: Interaction with: c78a2bf com.tencent.tmgp.sgame/com.tencent.tmgp.sgame.SGameActivity (server), PointerEventDispatcher0 (server),
03-11 02:02:36.291 0 0 I auditd : type=1400 audit(0.0:4113): avc: denied { kill } for comm="swapper/3" capability=5 scontext=u:r:kernel:s0 tcontext=u:r:kernel:s0 tclass=capability permissive=0
03-11 02:02:36.768 1530 1694 I input_interaction: Interaction with: c78a2bf com.tencent.tmgp.sgame/com.tencent.tmgp.sgame.SGameActivity (server), edge-swipe (server), swipe-up (server), PointerEventDispatcher0 (server),
03-11 02:02:37.291 0 0 I auditd : type=1400 audit(0.0:4114): avc: denied { kill } for comm="swapper/3" capability=5 scontext=u:r:kernel:s0 tcontext=u:r:kernel:s0 tclass=capability permissive=0
03-11 02:02:37.824 1530 1694 I input_interaction: Interaction with: 88dbfd8 StatusBar (server), edge-swipe (server), swipe-up (server), PointerEventDispatcher0 (server),
03-11 02:02:37.829 1950 1950 I sysui_multi_action: [757,803,799,panel_open,802,1]
03-11 02:02:37.831 1950 1950 I sysui_multi_action: [757,1328,758,4,1326,59,1327,1,1329,0]
03-11 02:02:37.898 1530 11635 I sysui_multi_action: [757,127,758,1]
03-11 02:02:37.898 1530 11635 I sysui_multi_action: [757,804,799,note_load,801,2,802,1]
03-11 02:02:37.898 1530 11635 I notification_panel_revealed: 2
03-11 02:02:37.906 1530 1608 I input_focus: [Focus request bb33d3e NotificationShade,reason=UpdateInputWindows]
03-11 02:02:37.914 1530 7363 I sysui_multi_action: [757,128,758,1,793,3231840,794,0,795,3231840,796,26,798,0,806,android,857,DEVELOPER_IMPORTANT,858,4,947,0,1395,2,1500,3231636,1688,1]
03-11 02:02:37.914 1530 7363 I sysui_multi_action: [757,804,799,note_freshness,801,3231840,802,1]
03-11 02:02:37.914 1530 7363 I notification_visibility: [-1|android|26|null|1000,1,3231840,3231840,0,0]
03-11 02:02:37.914 1530 7363 I sysui_multi_action: [757,128,758,1,793,3333297,794,0,795,3333297,796,32,798,1,806,android,857,USB,858,1,947,0,1395,2,1500,3332937,1688,1]
03-11 02:02:37.914 1530 7363 I sysui_multi_action: [757,804,799,note_freshness,801,3333297,802,1]
03-11 02:02:37.914 1530 7363 I notification_visibility: [-1|android|32|null|1000,1,3333297,3333297,0,1]
03-11 02:02:37.945 1530 1694 I input_focus: [Focus leaving c78a2bf com.tencent.tmgp.sgame/com.tencent.tmgp.sgame.SGameActivity (server),reason=setFocusedWindow]
03-11 02:02:37.945 1530 1694 I input_focus: [Focus entering bb33d3e NotificationShade (server),reason=setFocusedWindow]
03-11 02:02:37.955 1950 1950 I sysui_multi_action: [757,111,758,1]
03-11 02:02:37.956 1950 1950 I sysui_multi_action: [757,126,758,1,759,126,927,0,928,1,1593,0]
03-11 02:02:37.956 1950 1950 I sysui_multi_action: [757,113,758,1,759,113,927,1,928,1,1593,0]
03-11 02:02:37.956 1950 1950 I sysui_multi_action: [757,0,758,1,759,0,927,2,928,0,1593,0]
03-11 02:02:37.956 1950 1950 I sysui_multi_action: [757,0,758,1,759,0,927,3,928,0,1593,0]
03-11 02:02:37.956 1950 1950 I sysui_multi_action: [757,491,758,1,759,491,927,4,928,0,1311,-1,1593,0]
03-11 02:02:37.956 1950 1950 I sysui_multi_action: [757,0,758,1,759,0,927,5,928,0,1593,0]
03-11 02:02:37.956 1950 1950 I sysui_multi_action: [757,111,758,1]
03-11 02:02:37.956 1950 1950 I sysui_multi_action: [757,126,758,1,759,126,927,0,928,1,1593,0]
03-11 02:02:37.956 1950 1950 I sysui_multi_action: [757,113,758,1,759,113,927,1,928,1,1593,0]
03-11 02:02:37.956 1950 1950 I sysui_multi_action: [757,0,758,1,759,0,927,2,928,0,1593,0]
03-11 02:02:37.956 1950 1950 I sysui_multi_action: [757,0,758,1,759,0,927,3,928,0,1593,0]
03-11 02:02:38.291 0 0 I auditd : type=1400 audit(0.0:4115): avc: denied { kill } for comm="swapper/3" capability=5 scontext=u:r:kernel:s0 tcontext=u:r:kernel:s0 tclass=capability permissive=0
03-11 02:02:38.604 1530 1711 I netstats_mobile_sample: [0,0,0,0,0,0,0,0,0,0,0,0,1678697297362]
03-11 02:02:38.604 1530 1711 I netstats_wifi_sample: [339191810,265542,5104139,68811,339187258,265538,5104139,68811,335393157,266945,4444185,67031,1678697297362]
01-01 09:09:40.280 0 0 E DTC_ETH,link_delay_work_func: 3003, SQI=0, link=0
03-11 02:02:39.291 0 0 I auditd : type=1400 audit(0.0:4116): avc: denied { kill } for comm="swapper/3" capability=5 scontext=u:r:kernel:s0 tcontext=u:r:kernel:s0 tclass=capability permissive=0
03-11 02:02:39.734 1530 1694 I input_interaction: Interaction with: bb33d3e NotificationShade (server), edge-swipe (server), swipe-up (server), PointerEventDispatcher0 (server),
03-11 02:02:39.850 1530 7363 I intercept_power: [ACTION_DOWN,0,0]
03-11 02:02:39.901 1530 7363 I intercept_power: [ACTION_UP,0,0]
03-11 02:02:39.901 1530 1530 D WindowManager: powerPress: eventTime=3346041 interactive=true count=0 beganFromNonInteractive=false mShortPressOnPowerBehavior=1
03-11 02:02:39.901 1530 1530 I PowerManagerService: Powering off display group due to power_button (groupId= 0, uid= 1000)...
03-11 02:02:39.901 1530 1530 I PowerManagerService: Going to sleep due to power_button (uid 1000)...
03-11 02:02:39.903 1530 1530 I power_sleep_requested: 1
03-11 02:02:39.904 1530 1630 I PowerManagerService: Sleeping display group (groupId=0, uid=1000)...
03-11 02:02:39.904 1530 1630 I PowerManagerService: Sleeping (uid 1000)...
03-11 02:02:39.942 1530 1630 I sysui_multi_action: [757,1696,758,6,759,0]
03-11 02:02:39.968 1530 1613 I am_pss : [21696,10093,com.tencent.tmgp.sgame,598046720,580853760,0,738193408,0,2,44]
03-11 02:02:40.030 1530 1630 I DisplayPowerController[0]: Blocking screen off
03-11 02:02:40.030 1530 1888 E DisplayDeviceConfig: requesting nits when no mapping exists.
03-11 02:02:40.030 1530 1630 I DisplayPowerController[0]: Unblocked screen off after 0 ms
03-11 02:02:40.031 1530 1888 E DisplayDeviceConfig: requesting nits when no mapping exists.
03-11 02:02:40.032 1530 1614 I am_wtf : [0,1530,system_server,-1,DisplayDeviceConfig,requesting nits when no mapping exists.]
03-11 02:02:40.034 1530 1614 I DropBoxManagerService: add tag=system_server_wtf isTagEnabled=true flags=0x2
03-11 02:02:40.036 1530 1614 I am_wtf : [0,1530,system_server,-1,DisplayDeviceConfig,requesting nits when no mapping exists.]
03-11 02:02:40.038 1530 1614 I DropBoxManagerService: add tag=system_server_wtf isTagEnabled=true flags=0x2
03-11 02:02:40.046 1530 1630 D ActivityTaskManager: Top Process State changed to PROCESS_STATE_TOP_SLEEPING
03-11 02:02:40.048 21696 21696 I wm_on_top_resumed_lost_called: [201648842,com.tencent.tmgp.sgame.SGameActivity,topStateChangedWhenResumed]
03-11 02:02:40.048 1530 1630 I wm_pause_activity: [0,201648842,com.tencent.tmgp.sgame/.SGameActivity,userLeaving=false,sleep]
03-11 02:02:40.050 1530 1607 W ProcessStats: Tracking association SourceState{5090c1e com.tencent.tmgp.sgame/10093 Top #5285} whose proc state 1 is better than process ProcessState{3bf7cff com.tencent.tmgp.sgame:xg_vip_service/10093 pkg=com.tencent.tmgp.sgame} proc state 7 (4 skipped)
03-11 02:02:40.055 1950 1950 I sysui_multi_action: [757,111,758,2]
03-11 02:02:40.056 1530 1530 I notification_enqueue: [10078,1950,com.android.systemui,2048,NULL,0,Notification(channel=updateNotification shortcut=null contentView=null vibrate=null sound=null defaults=0x0 flags=0x0 color=0x00000000 vis=PRIVATE),1]
03-11 02:02:40.056 1950 1950 I sysui_multi_action: [757,111,758,2]
03-11 02:02:40.056 1530 1630 V DisplayPowerController[0]: Brightness [0.0] reason changing to: 'screen_off', previous reason: 'manual'.
03-11 02:02:40.058 1530 1607 I DisplayDeviceRepository: Display device changed state: "内置屏幕", OFF
03-11 02:02:40.064 1530 1752 I GameModeConfig: isGameModeOn = true
03-11 02:02:40.065 1530 1752 I GameModeConfig: isGaming = true
03-11 02:02:40.065 1530 1752 I GameModeConfig: isDisableNotification = true
03-11 02:02:40.065 1530 1752 I GameModeConfig: isGameModeOn = true
03-11 02:02:40.065 1530 1752 I GameModeConfig: isGaming = true
03-11 02:02:40.065 1530 1752 I GameModeConfig: isDisableNotification = true
03-11 02:02:40.065 1530 1752 I GameModeConfig: isGameModeOn = true
03-11 02:02:40.065 1530 1752 I GameModeConfig: isGaming = true
03-11 02:02:40.065 1530 1752 I GameModeConfig: isDisableNotification = true
03-11 02:02:40.065 1530 1752 I GameModeConfig: isGameModeOn = true
03-11 02:02:40.065 1530 1752 I GameModeConfig: isGaming = true
03-11 02:02:40.065 1530 1752 I GameModeConfig: isDisableNotification = true
03-11 02:02:40.066 1530 1608 I input_focus: [Focus request c78a2bf com.tencent.tmgp.sgame/com.tencent.tmgp.sgame.SGameActivity,reason=UpdateInputWindows]
03-11 02:02:40.081 1530 1621 E KernelCpuSpeedReader: Failed to read cpu-freq: /sys/devices/system/cpu/cpu4/cpufreq/stats/time_in_state: open failed: ENOENT (No such file or directory)
03-11 02:02:40.081 1530 1621 E KernelCpuSpeedReader: Failed to read cpu-freq: /sys/devices/system/cpu/cpu0/cpufreq/stats/time_in_state: open failed: ENOENT (No such file or directory)
03-11 02:02:40.081 1530 1752 I GameModeConfig: isGameModeOn = true
03-11 02:02:40.081 1530 1752 I GameModeConfig: isGaming = true
03-11 02:02:40.081 1530 1752 I GameModeConfig: isDisableNotification = true
03-11 02:02:40.081 1530 1752 I GameModeConfig: isGameModeOn = true
03-11 02:02:40.081 1530 1752 I GameModeConfig: isGaming = true
03-11 02:02:40.081 1530 1752 I GameModeConfig: isDisableNotification = true
03-11 02:02:40.081 1530 1752 I GameModeConfig: isGameModeOn = true
03-11 02:02:40.081 1530 1752 I GameModeConfig: isGaming = true
03-11 02:02:40.082 1530 1752 I GameModeConfig: isDisableNotification = true
03-11 02:02:40.082 1530 1752 I GameModeConfig: isGameModeOn = true
03-11 02:02:40.082 1530 1752 I GameModeConfig: isGaming = true
03-11 02:02:40.082 1530 1752 I GameModeConfig: isDisableNotification = true
03-11 02:02:40.083 1530 8134 I sysui_multi_action: [757,128,758,2,793,3234010,794,2170,795,3234010,796,26,798,0,806,android,857,DEVELOPER_IMPORTANT,858,4,947,0,1395,2,1500,3233806,1688,1]
03-11 02:02:40.084 1530 8134 I notification_visibility: [-1|android|26|null|1000,0,3234010,3234010,0,0]
03-11 02:02:40.084 1530 8134 I sysui_multi_action: [757,128,758,2,793,3335467,794,2170,795,3335467,796,32,798,1,806,android,857,USB,858,1,947,0,1395,2,1500,3335107,1688,1]
03-11 02:02:40.084 1530 8134 I notification_visibility: [-1|android|32|null|1000,0,3335467,3335467,0,1]
03-11 02:02:40.084 1530 8134 I sysui_multi_action: [757,127,758,2]
03-11 02:02:40.084 1530 8134 I notification_panel_hidden:
01-01 09:09:41.156 0 0 I : [MAX975X:max96755x_drm_notifier_callback] *INFO* receives EARLY_BLANK:POWERDOWN
01-01 09:09:41.157 0 0 I atmel_mxt_ts 0-004a: FB event:2,blank:1
01-01 09:09:41.157 0 0 I atmel_mxt_ts 0-004a: drm_notifier_callback: POWERDOWN! Suspend by drm notifier.
01-01 09:09:41.207 0 0 I : [MAX975X:max96755x_drm_notifier_callback] *INFO* receives BLANK:POWERDOWN
01-01 09:09:41.207 0 0 I atmel_mxt_ts 0-004a: FB event:1,blank:1
01-01 09:09:41.207 0 0 I atmel_mxt_ts 0-004a: resume: event = 1 blank = 1, not care
03-11 02:02:40.168 1530 1530 I sysui_multi_action: [757,198,758,2,759,2,1359,268,1695,4]
03-11 02:02:40.169 1530 1530 I power_screen_state: [0,2,0,0,268]
03-11 02:02:40.169 1530 1530 I screen_toggled: 0
03-11 02:02:40.169 1530 1530 I sysui_multi_action: [757,804,799,screen_timeout,801,60,802,1]
03-11 02:02:40.169 1530 1530 I sysui_multi_action: [757,1594,758,4,759,-2147483648,1359,241133]
03-11 02:02:40.171 1530 1530 I power_screen_broadcast_send: 1
03-11 02:02:40.172 1530 1694 I input_focus: [Focus leaving bb33d3e NotificationShade (server),reason=NO_WINDOW]
03-11 02:02:40.172 1530 1694 I input_focus: [Focus entering c78a2bf com.tencent.tmgp.sgame/com.tencent.tmgp.sgame.SGameActivity (server),reason=setFocusedWindow]
03-11 02:02:40.191 1530 1530 I battery_saving_stats: [0,1,0,241204,0,0,3322358,0,0]
03-11 02:02:40.259 1530 1530 I GameModeConfig: isGameModeOn = true
03-11 02:02:40.259 1530 1530 I GameModeConfig: isGaming = true
03-11 02:02:40.259 1530 1530 I GameModeConfig: isDisableNotification = true
03-11 02:02:40.259 1530 1530 I GameModeConfig: isGameModeOn = true
03-11 02:02:40.259 1530 1530 I GameModeConfig: isGaming = true
03-11 02:02:40.259 1530 1530 I GameModeConfig: isDisableNotification = true
03-11 02:02:40.291 0 0 I auditd : type=1400 audit(0.0:4117): avc: denied { kill } for comm="swapper/3" capability=5 scontext=u:r:kernel:s0 tcontext=u:r:kernel:s0 tclass=capability permissive=0
03-11 02:02:40.383 1530 1695 I intercept_power: [ACTION_DOWN,0,0]
03-11 02:02:40.385 1530 1695 I PowerManagerService: Powering on display group fromAsleep (groupId=0, uid=1000, reason=WAKE_REASON_POWER_BUTTON, details=android.policy:POWER)...
03-11 02:02:40.385 1530 1695 I PowerManagerService: Waking up from Asleep (uid=1000, reason=WAKE_REASON_POWER_BUTTON, details=android.policy:POWER)...
03-11 02:02:40.387 1530 1695 I intercept_power: [ACTION_UP,0,0]
03-11 02:02:40.387 1530 1630 I DisplayPowerController[0]: Blocking screen on until initial contents have been drawn.
03-11 02:02:40.387 1530 1630 D ActivityTaskManager: Top Process State changed to PROCESS_STATE_TOP
03-11 02:02:40.387 1530 1630 D ActivityTaskManager: awakeFromSleepingLocked: previously pausing activity didn't pause
03-11 02:02:40.388 1530 1630 I wm_set_resumed_activity: [0,com.tencent.tmgp.sgame/.SGameActivity,resumeTopActivityInnerLocked]
03-11 02:02:40.389 1530 1530 I screen_toggled: 1
03-11 02:02:40.390 1530 1630 I wm_resume_activity: [0,201648842,55,com.tencent.tmgp.sgame/.SGameActivity]
03-11 02:02:40.393 1530 1621 E KernelCpuSpeedReader: Failed to read cpu-freq: /sys/devices/system/cpu/cpu4/cpufreq/stats/time_in_state: open failed: ENOENT (No such file or directory)
03-11 02:02:40.393 1530 1621 E KernelCpuSpeedReader: Failed to read cpu-freq: /sys/devices/system/cpu/cpu0/cpufreq/stats/time_in_state: open failed: ENOENT (No such file or directory)
03-11 02:02:40.398 1530 1607 I sysui_multi_action: [757,803,799,window_time_0,802,242]
03-11 02:02:40.399 1530 1530 I WindowManager: Suppressed redundant power key press while already in the process of turning the screen on.
03-11 02:02:40.399 1530 1630 V DisplayPowerController[0]: Brightness [1.0] reason changing to: 'manual', previous reason: 'screen_off'.
01-01 09:09:41.449 0 0 I : [MAX975X:max96755x_drm_notifier_callback] *INFO* receives EARLY_BLANK:UNBLANK
03-11 02:02:40.399 1530 1630 I sysui_multi_action: [757,1696,758,6,759,3]
03-11 02:02:40.400 1530 1607 I DisplayDeviceRepository: Display device changed state: "内置屏幕", ON
01-01 09:09:41.449 0 0 I atmel_mxt_ts 0-004a: FB event:2,blank:0
01-01 09:09:41.449 0 0 I atmel_mxt_ts 0-004a: suspend: event = 2, blank = 0, not care
01-01 09:09:41.449 0 0 I [drm:dsi_display_set_mode] [msm-dsi-info]: mdp_transfer_time_us=0 us
01-01 09:09:41.449 0 0 I [drm:dsi_display_set_mode] [msm-dsi-info]: hactive= 2560,vactive= 1080,fps=30
01-01 09:09:41.449 0 0 I [drm:dsi_ctrl_isr_configure] [msm-dsi-info]: dsi-ctrl-0: IRQ 402 registered
03-11 02:02:40.411 1530 1614 W BroadcastQueue: Background execution not allowed: receiving Intent { act=android.intent.action.USER_PRESENT flg=0x24200010 } to com.microsoft.emmx/org.chromium.chrome.browser.sharing.click_to_call.ClickToCallMessageHandler$PhoneUnlockedReceiver
03-11 02:02:40.421 1530 1711 I netstats_mobile_sample: [0,0,0,0,0,0,0,0,0,0,0,0,1678697299179]
03-11 02:02:40.422 1530 1711 I netstats_wifi_sample: [339191810,265542,5104139,68811,339187258,265538,5104139,68811,335393157,266945,4444185,67031,1678697299179]
03-11 02:02:40.428 1530 1712 I service_manager_stats: [100,80,33206]
03-11 02:02:40.429 21696 21696 I wm_on_paused_called: [201648842,com.tencent.tmgp.sgame.SGameActivity,performPause]
03-11 02:02:40.429 1530 8134 I wm_failed_to_pause: [0,201648842,com.tencent.tmgp.sgame/.SGameActivity,(none)]
03-11 02:02:40.431 1530 1530 I power_screen_broadcast_done: [0,260,1]
03-11 02:02:40.431 1530 1530 I power_screen_broadcast_send: 1
03-11 02:02:40.435 21696 21696 I wm_on_resume_called: [201648842,com.tencent.tmgp.sgame.SGameActivity,RESUME_ACTIVITY]
03-11 02:02:40.435 21696 21696 I wm_on_top_resumed_gained_called: [201648842,com.tencent.tmgp.sgame.SGameActivity,topWhenResuming]
03-11 02:02:40.443 1530 1530 I battery_saving_stats: [0,0,0,252,0,0,14679,0,0]
01-01 09:09:41.504 0 0 I : [MAX975X:max96755x_drm_notifier_callback] *INFO* receives BLANK:UNBLANK
01-01 09:09:41.504 0 0 I atmel_mxt_ts 0-004a: FB event:1,blank:0
01-01 09:09:41.504 0 0 I atmel_mxt_ts 0-004a: drm_notifier_callback: UNBLANK! Resume by drm notifier.
03-11 02:02:40.463 1530 1630 I DisplayPowerController[0]: Unblocked screen on after 76 ms
03-11 02:02:40.469 1530 1888 E DisplayDeviceConfig: requesting nits when no mapping exists.
03-11 02:02:40.470 1530 1888 E DisplayDeviceConfig: requesting nits when no mapping exists.
03-11 02:02:40.470 1530 1614 I am_wtf : [0,1530,system_server,-1,DisplayDeviceConfig,requesting nits when no mapping exists.]
03-11 02:02:40.470 1530 1530 I sysui_multi_action: [757,198,758,1,759,1,1359,87,1694,1]
03-11 02:02:40.470 1530 1530 I power_screen_state: [1,0,0,0,87]
03-11 02:02:40.471 1530 1614 I DropBoxManagerService: add tag=system_server_wtf isTagEnabled=true flags=0x2
03-11 02:02:40.472 1530 1614 I am_wtf : [0,1530,system_server,-1,DisplayDeviceConfig,requesting nits when no mapping exists.]
03-11 02:02:40.473 1530 1614 I DropBoxManagerService: add tag=system_server_wtf isTagEnabled=true flags=0x2
03-11 02:02:40.477 1530 1530 I power_screen_broadcast_done: [1,45,1]
03-11 02:02:40.492 1530 9804 W FreeFormWindowHelper: Current Display FreeFormTask is null
03-11 02:02:40.506 1530 1694 I input_interaction: Interaction with: edge-swipe (server), swipe-up (server), PointerEventDispatcher0 (server),
03-11 02:02:41.291 0 0 I auditd : type=1400 audit(0.0:4118): avc: denied { kill } for comm="swapper/3" capability=5 scontext=u:r:kernel:s0 tcontext=u:r:kernel:s0 tclass=capability permissive=0
03-11 02:02:41.477 1530 1694 I input_interaction: Interaction with: c78a2bf com.tencent.tmgp.sgame/com.tencent.tmgp.sgame.SGameActivity (server), edge-swipe (server), swipe-up (server), PointerEventDispatcher0 (server),
03-11 02:02:41.671 1530 9804 W ActivityManager: Unable to start service Intent { act=com.tencent.tpns.mqttchannel.FEEDBACK pkg=com.tencent.tmgp.sgame } U=0: not found
03-11 02:02:42.289 1530 1711 I netstats_mobile_sample: [0,0,0,0,0,0,0,0,0,0,0,0,1678697301047]
03-11 02:02:42.289 1530 1711 I netstats_wifi_sample: [339191810,265542,5104139,68811,339187258,265538,5104139,68811,335393157,266945,4444185,67031,1678697301047]
03-11 02:02:43.291 0 0 I auditd : type=1400 audit(0.0:4119): avc: denied { kill } for comm="swapper/3" capability=5 scontext=u:r:kernel:s0 tcontext=u:r:kernel:s0 tclass=capability permissive=0
03-11 02:02:44.291 0 0 I auditd : type=1400 audit(0.0:4120): avc: denied { kill } for comm="swapper/3" capability=5 scontext=u:r:kernel:s0 tcontext=u:r:kernel:s0 tclass=capability permissive=0
03-11 02:02:44.346 1530 1711 I netstats_mobile_sample: [0,0,0,0,0,0,0,0,0,0,0,0,1678697303103]
03-11 02:02:44.346 1530 1711 I netstats_wifi_sample: [339191810,265542,5104139,68811,339187258,265538,5104139,68811,335393157,266945,4444185,67031,1678697303103]
01-01 09:09:45.402 0 0 E DTC_ETH,link_delay_work_func: 3003, SQI=0, link=0
03-11 02:02:45.706 21696 21696 I view_enqueue_input_event: [Motion - Cancel,com.tencent.tmgp.sgame/com.tencent.tmgp.sgame.SGameActivity]
03-11 02:02:45.717 1530 1694 I input_interaction: Interaction with: edge-swipe (server), swipe-up (server), PointerEventDispatcher0 (server),
03-11 02:02:45.965 1530 9804 I sysui_multi_action: [757,803,799,key_back_press,802,1]
03-11 02:02:45.968 1530 1694 I input_interaction: Interaction with: c78a2bf com.tencent.tmgp.sgame/com.tencent.tmgp.sgame.SGameActivity (server), PointerEventDispatcher0 (server),
03-11 02:02:46.291 0 0 I auditd : type=1400 audit(0.0:4121): avc: denied { kill } for comm="swapper/3" capability=5 scontext=u:r:kernel:s0 tcontext=u:r:kernel:s0 tclass=capability permissive=0
03-11 02:02:46.302 1530 1711 I netstats_mobile_sample: [0,0,0,0,0,0,0,0,0,0,0,0,1678697305059]
03-11 02:02:46.303 1530 1711 I netstats_wifi_sample: [339191810,265542,5104139,68811,339187258,265538,5104139,68811,335393157,266945,4444185,67031,1678697305059]
03-11 02:02:46.423 1530 1694 I input_interaction: Interaction with: c78a2bf com.tencent.tmgp.sgame/com.tencent.tmgp.sgame.SGameActivity (server), edge-swipe (server), swipe-up (server), PointerEventDispatcher0 (server),
03-11 02:02:46.481 21696 21696 I view_enqueue_input_event: [Motion - Cancel,com.tencent.tmgp.sgame/com.tencent.tmgp.sgame.SGameActivity]
03-11 02:02:46.489 1530 1694 I input_interaction: Interaction with: edge-swipe (server), swipe-up (server), PointerEventDispatcher0 (server),
03-11 02:02:46.749 1530 9804 I sysui_multi_action: [757,803,799,key_back_press,802,1]
03-11 02:02:46.753 1530 1694 I input_interaction: Interaction with: c78a2bf com.tencent.tmgp.sgame/com.tencent.tmgp.sgame.SGameActivity (server), PointerEventDispatcher0 (server),
03-11 02:02:47.176 1530 1694 I input_interaction: Interaction with: c78a2bf com.tencent.tmgp.sgame/com.tencent.tmgp.sgame.SGameActivity (server), edge-swipe (server), swipe-up (server), PointerEventDispatcher0 (server),
03-11 02:02:47.291 0 0 I auditd : type=1400 audit(0.0:4122): avc: denied { kill } for comm="swapper/3" capability=5 scontext=u:r:kernel:s0 tcontext=u:r:kernel:s0 tclass=capability permissive=0
03-11 02:02:48.145 1530 1711 I netstats_mobile_sample: [0,0,0,0,0,0,0,0,0,0,0,0,1678697306903]
03-11 02:02:48.145 1530 1711 I netstats_wifi_sample: [339191810,265542,5104139,68811,339187258,265538,5104139,68811,335393157,266945,4444185,67031,1678697306903]
03-11 02:02:48.291 0 0 I auditd : type=1400 audit(0.0:4123): avc: denied { kill } for comm="swapper/3" capability=5 scontext=u:r:kernel:s0 tcontext=u:r:kernel:s0 tclass=capability permissive=0
03-11 02:02:49.291 0 0 I auditd : type=1400 audit(0.0:4124): avc: denied { kill } for comm="swapper/3" capability=5 scontext=u:r:kernel:s0 tcontext=u:r:kernel:s0 tclass=capability permissive=0
01-01 09:09:50.521 0 0 E DTC_ETH,link_delay_work_func: 3003, SQI=0, link=0
03-11 02:02:50.063 1530 1711 I netstats_mobile_sample: [0,0,0,0,0,0,0,0,0,0,0,0,1678697308820]
03-11 02:02:50.063 1530 1711 I netstats_wifi_sample: [339191810,265542,5104139,68811,339187258,265538,5104139,68811,335393157,266945,4444185,67031,1678697308820]
03-11 02:02:50.309 1530 1752 I GameModeConfig: isGameModeOn = true
03-11 02:02:50.310 1530 1752 I GameModeConfig: isGaming = true
03-11 02:02:50.310 1530 1752 I GameModeConfig: isDisableNotification = true
03-11 02:02:50.310 1530 1752 I GameModeConfig: isGameModeOn = true
03-11 02:02:50.310 1530 1752 I GameModeConfig: isGaming = true
03-11 02:02:50.310 1530 1752 I GameModeConfig: isDisableNotification = true
03-11 02:02:51.291 0 0 I auditd : type=1400 audit(0.0:4125): avc: denied { kill } for comm="swapper/3" capability=5 scontext=u:r:kernel:s0 tcontext=u:r:kernel:s0 tclass=capability permissive=0
03-11 02:02:52.279 1530 1711 I netstats_mobile_sample: [0,0,0,0,0,0,0,0,0,0,0,0,1678697311036]
03-11 02:02:52.279 1530 1711 I netstats_wifi_sample: [339191810,265542,5104139,68811,339187258,265538,5104139,68811,335393157,266945,4444185,67031,1678697311036]
03-11 02:02:53.291 0 0 I auditd : type=1400 audit(0.0:4126): avc: denied { kill } for comm="swapper/3" capability=5 scontext=u:r:kernel:s0 tcontext=u:r:kernel:s0 tclass=capability permissive=0
03-11 02:02:53.991 1530 1711 I netstats_mobile_sample: [0,0,0,0,0,0,0,0,0,0,0,0,1678697312749]
03-11 02:02:53.992 1530 1711 I netstats_wifi_sample: [339191810,265542,5104139,68811,339187258,265538,5104139,68811,335393157,266945,4444185,67031,1678697312749]
03-11 02:02:54.291 0 0 I auditd : type=1400 audit(0.0:4127): avc: denied { kill } for comm="swapper/3" capability=5 scontext=u:r:kernel:s0 tcontext=u:r:kernel:s0 tclass=capability permissive=0
01-01 09:09:55.640 0 0 E DTC_ETH,link_delay_work_func: 3003, SQI=0, link=0
03-11 02:02:55.291 0 0 I auditd : type=1400 audit(0.0:4128): avc: denied { kill } for comm="swapper/3" capability=5 scontext=u:r:kernel:s0 tcontext=u:r:kernel:s0 tclass=capability permissive=0
03-11 02:02:56.195 1530 1711 I netstats_mobile_sample: [0,0,0,0,0,0,0,0,0,0,0,0,1678697314953]
03-11 02:02:56.195 1530 1711 I netstats_wifi_sample: [339191810,265542,5104139,68811,339187258,265538,5104139,68811,335393157,266945,4444185,67031,1678697314953]
03-11 02:02:56.291 0 0 I auditd : type=1400 audit(0.0:4129): avc: denied { kill } for comm="swapper/3" capability=5 scontext=u:r:kernel:s0 tcontext=u:r:kernel:s0 tclass=capability permissive=0
03-11 02:02:57.291 0 0 I auditd : type=1400 audit(0.0:4130): avc: denied { kill } for comm="swapper/3" capability=5 scontext=u:r:kernel:s0 tcontext=u:r:kernel:s0 tclass=capability permissive=0
03-11 02:02:58.291 0 0 I auditd : type=1400 audit(0.0:4131): avc: denied { kill } for comm="swapper/3" capability=5 scontext=u:r:kernel:s0 tcontext=u:r:kernel:s0 tclass=capability permissive=0
03-11 02:02:58.648 1530 1711 I netstats_mobile_sample: [0,0,0,0,0,0,0,0,0,0,0,0,1678697317405]
03-11 02:02:58.648 1530 1711 I netstats_wifi_sample: [339191810,265542,5104139,68811,339187258,265538,5104139,68811,335393157,266945,4444185,67031,1678697317405]
03-11 02:02:59.291 0 0 I auditd : type=1400 audit(0.0:4132): avc: denied { kill } for comm="swapper/3" capability=5 scontext=u:r:kernel:s0 tcontext=u:r:kernel:s0 tclass=capability permissive=0
01-01 09:10:00.765 0 0 E DTC_ETH,link_delay_work_func: 3003, SQI=0, link=0
03-11 02:03:00.234 1530 1711 I netstats_mobile_sample: [0,0,0,0,0,0,0,0,0,0,0,0,1678697318992]
03-11 02:03:00.234 1530 1711 I netstats_wifi_sample: [339191810,265542,5104139,68811,339187258,265538,5104139,68811,335393157,266945,4444185,67031,1678697318992]
03-11 02:03:00.291 0 0 I auditd : type=1400 audit(0.0:4133): avc: denied { kill } for comm="swapper/3" capability=5 scontext=u:r:kernel:s0 tcontext=u:r:kernel:s0 tclass=capability permissive=0
03-11 02:03:01.147 21696 21696 I auditd : type=1400 audit(0.0:4134): avc: denied { read } for comm="pcdn_udp" name="snmp" dev="proc" ino=4026532261 scontext=u:r:untrusted_app_29:s0:c93,c256,c512,c768 tcontext=u:object_r:proc_net:s0 tclass=file permissive=0 app=com.tencent.tmgp.sgame
03-11 02:03:01.291 0 0 I auditd : type=1400 audit(0.0:4135): avc: denied { kill } for comm="swapper/3" capability=5 scontext=u:r:kernel:s0 tcontext=u:r:kernel:s0 tclass=capability permissive=0
03-11 02:03:02.291 0 0 I auditd : type=1400 audit(0.0:4136): avc: denied { kill } for comm="swapper/3" capability=5 scontext=u:r:kernel:s0 tcontext=u:r:kernel:s0 tclass=capability permissive=0
03-11 02:03:02.310 1530 1711 I netstats_mobile_sample: [0,0,0,0,0,0,0,0,0,0,0,0,1678697321067]
03-11 02:03:02.310 1530 1711 I netstats_wifi_sample: [339191810,265542,5104139,68811,339187258,265538,5104139,68811,335393157,266945,4444185,67031,1678697321067]
03-11 02:03:03.291 0 0 I auditd : type=1400 audit(0.0:4137): avc: denied { kill } for comm="swapper/3" capability=5 scontext=u:r:kernel:s0 tcontext=u:r:kernel:s0 tclass=capability permissive=0
03-11 02:03:04.050 1530 1711 I netstats_mobile_sample: [0,0,0,0,0,0,0,0,0,0,0,0,1678697322808]
03-11 02:03:04.051 1530 1711 I netstats_wifi_sample: [339191810,265542,5104139,68811,339187258,265538,5104139,68811,335393157,266945,4444185,67031,1678697322808]
01-01 09:10:05.881 0 0 E DTC_ETH,link_delay_work_func: 3003, SQI=0, link=0
03-11 02:03:05.291 0 0 I auditd : type=1400 audit(0.0:4138): avc: denied { kill } for comm="swapper/3" capability=5 scontext=u:r:kernel:s0 tcontext=u:r:kernel:s0 tclass=capability permissive=0
03-11 02:03:05.636 1530 1711 I netstats_mobile_sample: [0,0,0,0,0,0,0,0,0,0,0,0,1678697324394]
03-11 02:03:05.637 1530 1711 I netstats_wifi_sample: [339191810,265542,5104139,68811,339187258,265538,5104139,68811,335393157,266945,4444185,67031,1678697324394]
03-11 02:03:06.291 0 0 I auditd : type=1400 audit(0.0:4139): avc: denied { kill } for comm="swapper/3" capability=5 scontext=u:r:kernel:s0 tcontext=u:r:kernel:s0 tclass=capability permissive=0
03-11 02:03:06.576 1530 1754 I storage_state: [41217664-9172-527a-b3d5-edabb50a7d69,0,0,110804344832,118610538496]
03-11 02:03:07.291 0 0 I auditd : type=1400 audit(0.0:4140): avc: denied { kill } for comm="swapper/3" capability=5 scontext=u:r:kernel:s0 tcontext=u:r:kernel:s0 tclass=capability permissive=0
03-11 02:03:07.595 1530 1711 I netstats_mobile_sample: [0,0,0,0,0,0,0,0,0,0,0,0,1678697326352]
03-11 02:03:07.595 1530 1711 I netstats_wifi_sample: [339191810,265542,5104139,68811,339187258,265538,5104139,68811,335393157,266945,4444185,67031,1678697326352]
03-11 02:03:09.291 0 0 I auditd : type=1400 audit(0.0:4141): avc: denied { kill } for comm="swapper/3" capability=5 scontext=u:r:kernel:s0 tcontext=u:r:kernel:s0 tclass=capability permissive=0
03-11 02:03:09.378 1530 1711 I netstats_mobile_sample: [0,0,0,0,0,0,0,0,0,0,0,0,1678697328136]
03-11 02:03:09.379 1530 1711 I netstats_wifi_sample: [339191810,265542,5104139,68811,339187258,265538,5104139,68811,335393157,266945,4444185,67031,1678697328136]
01-01 09:10:11.004 0 0 E DTC_ETH,link_delay_work_func: 3003, SQI=0, link=0
03-11 02:03:10.291 0 0 I auditd : type=1400 audit(0.0:4142): avc: denied { kill } for comm="swapper/3" capability=5 scontext=u:r:kernel:s0 tcontext=u:r:kernel:s0 tclass=capability permissive=0
03-11 02:03:11.291 0 0 I auditd : type=1400 audit(0.0:4143): avc: denied { kill } for comm="swapper/3" capability=5 scontext=u:r:kernel:s0 tcontext=u:r:kernel:s0 tclass=capability permissive=0
03-11 02:03:11.453 1530 1711 I netstats_mobile_sample: [0,0,0,0,0,0,0,0,0,0,0,0,1678697330211]
03-11 02:03:11.453 1530 1711 I netstats_wifi_sample: [339191810,265542,5104139,68811,339187258,265538,5104139,68811,335393157,266945,4444185,67031,1678697330211]
03-11 02:03:11.457 1530 1712 I service_manager_stats: [100,71,31029]
03-11 02:03:12.291 0 0 I auditd : type=1400 audit(0.0:4144): avc: denied { kill } for comm="swapper/3" capability=5 scontext=u:r:kernel:s0 tcontext=u:r:kernel:s0 tclass=capability permissive=0
03-11 02:03:13.423 1530 1711 I netstats_mobile_sample: [0,0,0,0,0,0,0,0,0,0,0,0,1678697332181]
03-11 02:03:13.423 1530 1711 I netstats_wifi_sample: [339191810,265542,5104139,68811,339187258,265538,5104139,68811,335393157,266945,4444185,67031,1678697332181]
03-11 02:03:14.291 0 0 I auditd : type=1400 audit(0.0:4145): avc: denied { kill } for comm="swapper/1" capability=5 scontext=u:r:kernel:s0 tcontext=u:r:kernel:s0 tclass=capability permissive=0
01-01 09:10:16.121 0 0 E DTC_ETH,link_delay_work_func: 3003, SQI=0, link=0
03-11 02:03:15.253 1530 1711 I netstats_mobile_sample: [0,0,0,0,0,0,0,0,0,0,0,0,1678697334011]
03-11 02:03:15.254 1530 1711 I netstats_wifi_sample: [339191810,265542,5104139,68811,339187258,265538,5104139,68811,335393157,266945,4444185,67031,1678697334011]
03-11 02:03:15.291 0 0 I auditd : type=1400 audit(0.0:4146): avc: denied { kill } for comm="swapper/1" capability=5 scontext=u:r:kernel:s0 tcontext=u:r:kernel:s0 tclass=capability permissive=0
03-11 02:03:17.027 1530 1711 I netstats_mobile_sample: [0,0,0,0,0,0,0,0,0,0,0,0,1678697335785]
03-11 02:03:17.027 1530 1711 I netstats_wifi_sample: [339191810,265542,5104139,68811,339187258,265538,5104139,68811,335393157,266945,4444185,67031,1678697335785]
03-11 02:03:17.291 0 0 I auditd : type=1400 audit(0.0:4147): avc: denied { kill } for comm="swapper/1" capability=5 scontext=u:r:kernel:s0 tcontext=u:r:kernel:s0 tclass=capability permissive=0
03-11 02:03:18.983 1530 1711 I netstats_mobile_sample: [0,0,0,0,0,0,0,0,0,0,0,0,1678697337741]
03-11 02:03:18.985 1530 1711 I netstats_wifi_sample: [339191810,265542,5104139,68811,339187258,265538,5104139,68811,335393157,266945,4444185,67031,1678697337741]
03-11 02:03:19.291 0 0 I auditd : type=1400 audit(0.0:4148): avc: denied { kill } for comm="swapper/1" capability=5 scontext=u:r:kernel:s0 tcontext=u:r:kernel:s0 tclass=capability permissive=0
01-01 09:10:21.241 0 0 E DTC_ETH,link_delay_work_func: 3003, SQI=0, link=0
03-11 02:03:20.291 0 0 I auditd : type=1400 audit(0.0:4149): avc: denied { kill } for comm="swapper/1" capability=5 scontext=u:r:kernel:s0 tcontext=u:r:kernel:s0 tclass=capability permissive=0
03-11 02:03:20.761 1530 1711 I netstats_mobile_sample: [0,0,0,0,0,0,0,0,0,0,0,0,1678697339518]
03-11 02:03:20.761 1530 1711 I netstats_wifi_sample: [339191810,265542,5104139,68811,339187258,265538,5104139,68811,335393157,266945,4444185,67031,1678697339518]
03-11 02:03:21.291 0 0 I auditd : type=1400 audit(0.0:4150): avc: denied { kill } for comm="swapper/1" capability=5 scontext=u:r:kernel:s0 tcontext=u:r:kernel:s0 tclass=capability permissive=0
03-11 02:03:22.291 0 0 I auditd : type=1400 audit(0.0:4151): avc: denied { kill } for comm="swapper/1" capability=5 scontext=u:r:kernel:s0 tcontext=u:r:kernel:s0 tclass=capability permissive=0
03-11 02:03:23.195 1530 1711 I netstats_mobile_sample: [0,0,0,0,0,0,0,0,0,0,0,0,1678697341953]
03-11 02:03:23.196 1530 1711 I netstats_wifi_sample: [339191810,265542,5104139,68811,339187258,265538,5104139,68811,335393157,266945,4444185,67031,1678697341953]
03-11 02:03:23.291 0 0 I auditd : type=1400 audit(0.0:4152): avc: denied { kill } for comm="swapper/1" capability=5 scontext=u:r:kernel:s0 tcontext=u:r:kernel:s0 tclass=capability permissive=0
03-11 02:03:24.291 0 0 I auditd : type=1400 audit(0.0:4153): avc: denied { kill } for comm="swapper/1" capability=5 scontext=u:r:kernel:s0 tcontext=u:r:kernel:s0 tclass=capability permissive=0
03-11 02:03:25.291 0 0 I auditd : type=1400 audit(0.0:4154): avc: denied { kill } for comm="swapper/1" capability=5 scontext=u:r:kernel:s0 tcontext=u:r:kernel:s0 tclass=capability permissive=0
01-01 09:10:26.361 0 0 E DTC_ETH,link_delay_work_func: 3003, SQI=0, link=0
03-11 02:03:25.475 1530 1711 I netstats_mobile_sample: [0,0,0,0,0,0,0,0,0,0,0,0,1678697344233]
03-11 02:03:25.476 1530 1711 I netstats_wifi_sample: [339191810,265542,5104139,68811,339187258,265538,5104139,68811,335393157,266945,4444185,67031,1678697344233]
03-11 02:03:26.291 0 0 I auditd : type=1400 audit(0.0:4155): avc: denied { kill } for comm="swapper/1" capability=5 scontext=u:r:kernel:s0 tcontext=u:r:kernel:s0 tclass=capability permissive=0
03-11 02:03:27.291 0 0 I auditd : type=1400 audit(0.0:4156): avc: denied { kill } for comm="swapper/1" capability=5 scontext=u:r:kernel:s0 tcontext=u:r:kernel:s0 tclass=capability permissive=0
03-11 02:03:28.291 0 0 I auditd : type=1400 audit(0.0:4157): avc: denied { kill } for comm="swapper/1" capability=5 scontext=u:r:kernel:s0 tcontext=u:r:kernel:s0 tclass=capability permissive=0
03-11 02:03:28.424 1530 1711 I netstats_mobile_sample: [0,0,0,0,0,0,0,0,0,0,0,0,1678697347182]
03-11 02:03:28.425 1530 1711 I netstats_wifi_sample: [339191810,265542,5104139,68811,339187258,265538,5104139,68811,335393157,266945,4444185,67031,1678697347182]
03-11 02:03:29.291 0 0 I auditd : type=1400 audit(0.0:4158): avc: denied { kill } for comm="swapper/1" capability=5 scontext=u:r:kernel:s0 tcontext=u:r:kernel:s0 tclass=capability permissive=0
01-01 09:10:31.480 0 0 E DTC_ETH,link_delay_work_func: 3003, SQI=0, link=0
03-11 02:03:30.593 1530 1711 I netstats_mobile_sample: [0,0,0,0,0,0,0,0,0,0,0,0,1678697349351]
03-11 02:03:30.594 1530 1711 I netstats_wifi_sample: [339191810,265542,5104139,68811,339187258,265538,5104139,68811,335393157,266945,4444185,67031,1678697349351]
03-11 02:03:32.291 0 0 I auditd : type=1400 audit(0.0:4159): avc: denied { kill } for comm="swapper/1" capability=5 scontext=u:r:kernel:s0 tcontext=u:r:kernel:s0 tclass=capability permissive=0
03-11 02:03:32.472 1530 1711 I netstats_mobile_sample: [0,0,0,0,0,0,0,0,0,0,0,0,1678697351230]
03-11 02:03:32.473 1530 1711 I netstats_wifi_sample: [339191810,265542,5104139,68811,339187258,265538,5104139,68811,335393157,266945,4444185,67031,1678697351230]
03-11 02:03:33.291 0 0 I auditd : type=1400 audit(0.0:4160): avc: denied { kill } for comm="swapper/1" capability=5 scontext=u:r:kernel:s0 tcontext=u:r:kernel:s0 tclass=capability permissive=0
03-11 02:03:34.291 0 0 I auditd : type=1400 audit(0.0:4161): avc: denied { kill } for comm="swapper/1" capability=5 scontext=u:r:kernel:s0 tcontext=u:r:kernel:s0 tclass=capability permissive=0
03-11 02:03:34.589 1530 1711 I netstats_mobile_sample: [0,0,0,0,0,0,0,0,0,0,0,0,1678697353346]
03-11 02:03:34.589 1530 1711 I netstats_wifi_sample: [339191810,265542,5104139,68811,339187258,265538,5104139,68811,335393157,266945,4444185,67031,1678697353346]
01-01 09:10:36.604 0 0 E DTC_ETH,link_delay_work_func: 3003, SQI=0, link=0
