03-14 07:21:41.796 1533 1622 I DisplayDeviceRepository: Display device changed: DisplayDeviceInfo{"内置屏幕": uniqueId="local:4630946816427681409", 2560 x 1080, modeId 1, defaultModeId 1, supportedModes [{id=1, width=2560, height=1080, fps=60.000004, alternativeRefreshRates=[30.000002, 45.0]}, {id=2, width=2560, height=1080, fps=45.0, alternativeRefreshRates=[30.000002, 60.000004]}, {id=3, width=2560, height=1080, fps=30.000002, alternativeRefreshRates=[45.0, 60.000004]}], colorMode 0, supportedColorModes [0], hdrCapabilities HdrCapabilities{mSupportedHdrTypes=[2, 3, 4], mMaxLuminance=500.0, mMaxAverageLuminance=500.0, mMinLuminance=0.0}, allmSupported false, gameContentTypeSupported false, density 240, 320.315 x 318.976 dpi, appVsyncOff 1000000, presDeadline 16666666, touch INTERNAL, rotation 0, type INTERNAL, address {port=129, model=0x40446d97fee5e6}, deviceProductInfo DeviceProductInfo{name=, manufacturerPnpId=QCM, productId=1, modelYear=null, manufactureDate=ManufactureDate{week=27, year=2006}, connectionToSinkType=0}, state ON, frameRateOverride , brightnessMinimum 0.0, brightnessMaximum 1.0, brightnessDefault 1.0, FLAG_DEFAULT_DISPLAY, FLAG_ROTATES_WITH_CONTENT, FLAG_SECURE, FLAG_SUPPORTS_PROTECTED_BUFFERS}
03-14 07:21:41.924 1533 1739 I commit_sys_config_file: [settings-1-0,1]
01-02 06:50:21.174 0 0 E DTC_ETH,link_delay_work_func: 3003, SQI=0, link=0
03-14 07:21:42.543 1533 13389 W ActivityManager: Unable to start service Intent { act=com.tencent.tpns.mqttchannel.FEEDBACK pkg=com.tencent.tmgp.sgame } U=0: not found
03-14 07:21:42.611 0 0 I auditd : type=1400 audit(0.0:16082): avc: denied { kill } for comm="swapper/5" capability=5 scontext=u:r:kernel:s0 tcontext=u:r:kernel:s0 tclass=capability permissive=0
01-02 06:50:21.816 0 0 E [wifi@1][0x388d0e271a][07:21:42.632048] wlan: [831:E:QDF] cds_flush_logs: 2424: Bug report already in progress - dropping! type:0, indicator=1 reason_code=0
01-02 06:50:21.816 0 0 E [wifi@1][0x388d0e27d0][07:21:42.632058] wlan: [831:E:HDD] __wlan_hdd_cfg80211_wifi_logger_get_ring_data: 9840: Failed to trigger bug report
01-02 06:50:21.820 0 0 I logd : logdr: UID=1000 GID=1000 PID=3780 n tail=127 logMask=19 pid=0 start=0ns deadline=0ns
01-02 06:50:21.924 0 0 I logd : logdr: UID=1000 GID=1000 PID=3782 n tail=127 logMask=80 pid=0 start=0ns deadline=0ns
03-14 07:21:42.838 831 831 E android.hardware.wifi@1.0-service: Failed to open directory: Permission denied
03-14 07:21:42.838 831 831 E android.hardware.wifi@1.0-service: Error occurred while deleting old tombstone files
03-14 07:21:42.838 831 831 E android.hardware.wifi@1.0-service: Error writing files to flash
03-14 07:21:42.835 831 831 I auditd : type=1400 audit(0.0:16083): avc: denied { search } for comm="wifi@1.0-servic" name="tombstones" dev="dm-10" ino=36 scontext=u:r:hal_wifi_default:s0 tcontext=u:object_r:vendor_tombstone_data_file:s0 tclass=dir permissive=0
03-14 07:21:43.611 0 0 I auditd : type=1400 audit(0.0:16084): avc: denied { kill } for comm="swapper/5" capability=5 scontext=u:r:kernel:s0 tcontext=u:r:kernel:s0 tclass=capability permissive=0
01-02 06:50:22.956 0 0 I [soft_i][0x388e5c0e9a][07:21:43.771775] wlan: [0:I:QDF] DNS_Q TX: SA:56:f4:a3:ce:a6:5f DA:d6:44:3b:15:39:91 msdu_id:271 status: nack
01-02 06:50:23.171 0 0 I [soft_i][0x388e9b21a6][07:21:43.987069] wlan: [0:I:QDF] DNS_Q TX: SA:56:f4:a3:ce:a6:5f DA:d6:44:3b:15:39:91 msdu_id:2618 status: nack
03-14 07:21:44.138 1533 1688 I commit_sys_config_file: [package-user-0,2]
03-14 07:21:44.611 0 0 I auditd : type=1400 audit(0.0:16085): avc: denied { kill } for comm="swapper/5" capability=5 scontext=u:r:kernel:s0 tcontext=u:r:kernel:s0 tclass=capability permissive=0
03-14 07:21:45.611 0 0 I auditd : type=1400 audit(0.0:16086): avc: denied { kill } for comm="swapper/5" capability=5 scontext=u:r:kernel:s0 tcontext=u:r:kernel:s0 tclass=capability permissive=0
03-14 07:21:45.939 1533 1853 I netstats_mobile_sample: [0,0,0,0,0,0,0,0,0,0,0,0,1678775340191]
03-14 07:21:45.939 1533 1853 I netstats_wifi_sample: [93418776,76520,2012773,21743,93418776,76520,2012773,21743,91965405,77910,1666223,20758,1678775340191]
03-14 07:21:46.611 0 0 I auditd : type=1400 audit(0.0:16087): avc: denied { kill } for comm="swapper/5" capability=5 scontext=u:r:kernel:s0 tcontext=u:r:kernel:s0 tclass=capability permissive=0
01-02 06:50:26.205 0 0 I logd : logdr: UID=1000 GID=1000 PID=3789 n tail=127 logMask=19 pid=0 start=0ns deadline=0ns
01-02 06:50:26.294 0 0 E DTC_ETH,link_delay_work_func: 3003, SQI=0, link=0
01-02 06:50:26.308 0 0 I logd : logdr: UID=1000 GID=1000 PID=3791 n tail=127 logMask=80 pid=0 start=0ns deadline=0ns
03-14 07:21:47.222 831 831 E android.hardware.wifi@1.0-service: Failed to open directory: Permission denied
03-14 07:21:47.222 831 831 E android.hardware.wifi@1.0-service: Error occurred while deleting old tombstone files
03-14 07:21:47.222 831 831 E android.hardware.wifi@1.0-service: Error writing files to flash
03-14 07:21:47.219 831 831 I auditd : type=1400 audit(0.0:16088): avc: denied { search } for comm="wifi@1.0-servic" name="tombstones" dev="dm-10" ino=36 scontext=u:r:hal_wifi_default:s0 tcontext=u:object_r:vendor_tombstone_data_file:s0 tclass=dir permissive=0
03-14 07:21:47.593 1533 13389 W ActivityManager: Background start not allowed: service Intent { cmp=com.ss.android.ugc.aweme/com.bytedance.common.wschannel.client.WsClientService } to com.ss.android.ugc.aweme/com.bytedance.common.wschannel.client.WsClientService from pid=26194 uid=10098 pkg=com.ss.android.ugc.aweme startFg?=false
03-14 07:21:47.611 0 0 I auditd : type=1400 audit(0.0:16089): avc: denied { kill } for comm="swapper/5" capability=5 scontext=u:r:kernel:s0 tcontext=u:r:kernel:s0 tclass=capability permissive=0
03-14 07:21:48.611 0 0 I auditd : type=1400 audit(0.0:16090): avc: denied { kill } for comm="swapper/5" capability=5 scontext=u:r:kernel:s0 tcontext=u:r:kernel:s0 tclass=capability permissive=0
03-14 07:21:49.164 1533 13389 W ProcessStats: Tracking association SourceState{8659739 com.tencent.tmgp.pubgmhd:xg_vip_service/10093 BTopFgs #11434} whose proc state 2 is better than process ProcessState{69166df com.tencent.tmgp.pubgmhd/10093 pkg=com.tencent.tmgp.pubgmhd} proc state 3 (1 skipped)
03-14 07:21:49.611 0 0 I auditd : type=1400 audit(0.0:16091): avc: denied { kill } for comm="swapper/5" capability=5 scontext=u:r:kernel:s0 tcontext=u:r:kernel:s0 tclass=capability permissive=0
03-14 07:21:50.611 0 0 I auditd : type=1400 audit(0.0:16092): avc: denied { kill } for comm="swapper/5" capability=5 scontext=u:r:kernel:s0 tcontext=u:r:kernel:s0 tclass=capability permissive=0
01-02 06:50:30.112 0 0 I logd : logdr: UID=1000 GID=1000 PID=3814 n tail=127 logMask=19 pid=0 start=0ns deadline=0ns
01-02 06:50:30.214 0 0 I logd : logdr: UID=1000 GID=1000 PID=3816 n tail=127 logMask=80 pid=0 start=0ns deadline=0ns
03-14 07:21:51.129 831 831 E android.hardware.wifi@1.0-service: Failed to open directory: Permission denied
03-14 07:21:51.129 831 831 E android.hardware.wifi@1.0-service: Error occurred while deleting old tombstone files
03-14 07:21:51.129 831 831 E android.hardware.wifi@1.0-service: Error writing files to flash
03-14 07:21:51.123 831 831 I auditd : type=1400 audit(0.0:16093): avc: denied { search } for comm="wifi@1.0-servic" name="tombstones" dev="dm-10" ino=36 scontext=u:r:hal_wifi_default:s0 tcontext=u:object_r:vendor_tombstone_data_file:s0 tclass=dir permissive=0
03-14 07:21:51.611 0 0 I auditd : type=1400 audit(0.0:16094): avc: denied { kill } for comm="swapper/5" capability=5 scontext=u:r:kernel:s0 tcontext=u:r:kernel:s0 tclass=capability permissive=0
01-02 06:50:31.414 0 0 E DTC_ETH,link_delay_work_func: 3003, SQI=0, link=0
03-14 07:21:52.611 0 0 I auditd : type=1400 audit(0.0:16095): avc: denied { kill } for comm="swapper/5" capability=5 scontext=u:r:kernel:s0 tcontext=u:r:kernel:s0 tclass=capability permissive=0
01-02 06:50:32.664 0 0 E [wifi@1][0x3899783bc7][07:21:53.479897] wlan: [831:E:QDF] cds_flush_logs: 2424: Bug report already in progress - dropping! type:0, indicator=1 reason_code=0
01-02 06:50:32.664 0 0 E [wifi@1][0x3899783c83][07:21:53.479907] wlan: [831:E:HDD] __wlan_hdd_cfg80211_wifi_logger_get_ring_data: 9840: Failed to trigger bug report
01-02 06:50:32.668 0 0 I logd : logdr: UID=1000 GID=1000 PID=3842 n tail=127 logMask=19 pid=0 start=0ns deadline=0ns
01-02 06:50:32.771 0 0 I logd : logdr: UID=1000 GID=1000 PID=3844 n tail=127 logMask=80 pid=0 start=0ns deadline=0ns
03-14 07:21:53.611 0 0 I auditd : type=1400 audit(0.0:16096): avc: denied { kill } for comm="swapper/5" capability=5 scontext=u:r:kernel:s0 tcontext=u:r:kernel:s0 tclass=capability permissive=0
03-14 07:21:53.686 831 831 E android.hardware.wifi@1.0-service: Failed to open directory: Permission denied
03-14 07:21:53.686 831 831 E android.hardware.wifi@1.0-service: Error occurred while deleting old tombstone files
03-14 07:21:53.686 831 831 E android.hardware.wifi@1.0-service: Error writing files to flash
03-14 07:21:53.679 831 831 I auditd : type=1400 audit(0.0:16097): avc: denied { search } for comm="wifi@1.0-servic" name="tombstones" dev="dm-10" ino=36 scontext=u:r:hal_wifi_default:s0 tcontext=u:object_r:vendor_tombstone_data_file:s0 tclass=dir permissive=0
03-14 07:21:54.611 0 0 I auditd : type=1400 audit(0.0:16098): avc: denied { kill } for comm="swapper/5" capability=5 scontext=u:r:kernel:s0 tcontext=u:r:kernel:s0 tclass=capability permissive=0
03-14 07:21:55.223 1533 1628 I am_pss : [21458,10093,com.tencent.tmgp.pubgmhd,515653632,502931456,2766848,607023104,0,4,47]
03-14 07:21:55.611 0 0 I auditd : type=1400 audit(0.0:16099): avc: denied { kill } for comm="swapper/5" capability=5 scontext=u:r:kernel:s0 tcontext=u:r:kernel:s0 tclass=capability permissive=0
01-02 06:50:35.672 0 0 I [soft_i][0x389ce99b26][07:21:56.488316] wlan: [0:I:QDF] ARP-RS TX: SA:56:f4:a3:ce:a6:5f DA:d6:44:3b:15:39:91 msdu_id:1998 status: nack
03-14 07:21:56.611 0 0 I auditd : type=1400 audit(0.0:16100): avc: denied { kill } for comm="swapper/5" capability=5 scontext=u:r:kernel:s0 tcontext=u:r:kernel:s0 tclass=capability permissive=0
01-02 06:50:35.983 0 0 I [soft_i][0x389d449beb][07:21:56.798940] wlan: [0:I:QDF] DNS_Q TX: SA:56:f4:a3:ce:a6:5f DA:d6:44:3b:15:39:91 msdu_id:169 status: nack
03-14 07:21:57.147 1533 1781 I input_interaction: Interaction with: 587a4a0 com.android.launcher3/com.android.launcher3.uioverrides.QuickstepLauncher (server), a76c92 com.android.systemui.ImageWallpaper (server), edge-swipe (server), swipe-up (server), PointerEventDispatcher0 (server),
03-14 07:21:57.271 1533 1533 I service_manager_stats: [100,66,86152]
01-02 06:50:36.534 0 0 E DTC_ETH,link_delay_work_func: 3003, SQI=0, link=0
03-14 07:21:57.611 0 0 I auditd : type=1400 audit(0.0:16101): avc: denied { kill } for comm="swapper/5" capability=5 scontext=u:r:kernel:s0 tcontext=u:r:kernel:s0 tclass=capability permissive=0
03-14 07:21:58.136 1533 10210 I thunderperf: PlatormCompat.setOverrides: Uid1=10074 Pid1=2568 Uid2=10074 Pid2=2568
03-14 07:21:58.136 1533 10210 I thunderperf: PlatormCompat.setOverrides: needCheck:false
03-14 07:21:58.136 1533 10210 I thunderperf: CompatConfig.addOverrideUnsafe: bef-state=1
03-14 07:21:58.136 1533 10210 I thunderperf: CompatConfig.addOverrideUnsafe: aft-state=0
03-14 07:21:58.137 1533 10210 I thunderperf: CompatConfig.addOverrideUnsafe: bef-state=1
03-14 07:21:58.137 1533 10210 I thunderperf: CompatConfig.addOverrideUnsafe: aft-state=0
03-14 07:21:58.137 1533 10210 I thunderperf: CompatConfig.addOverrideUnsafe: bef-state=1
03-14 07:21:58.137 1533 10210 I thunderperf: CompatConfig.addOverrideUnsafe: aft-state=0
03-14 07:21:58.137 1533 10210 I thunderperf: CompatConfig.addOverrideUnsafe: bef-state=1
03-14 07:21:58.138 1533 10210 I thunderperf: CompatConfig.addOverrideUnsafe: aft-state=0
03-14 07:21:58.138 1533 10210 I thunderperf: CompatConfig.addOverrideUnsafe: bef-state=1
03-14 07:21:58.138 1533 10210 I thunderperf: CompatConfig.addOverrideUnsafe: aft-state=0
03-14 07:21:58.138 1533 10210 I thunderperf: CompatConfig.addOverrideUnsafe: bef-state=1
03-14 07:21:58.139 1533 10210 I thunderperf: CompatConfig.addOverrideUnsafe: aft-state=0
03-14 07:21:58.139 1533 10210 I thunderperf: CompatConfig.addOverrideUnsafe: bef-state=1
03-14 07:21:58.139 1533 10210 I thunderperf: CompatConfig.addOverrideUnsafe: aft-state=0
03-14 07:21:58.139 1533 10210 I thunderperf: CompatConfig.addOverrideUnsafe: bef-state=1
03-14 07:21:58.139 1533 10210 I thunderperf: CompatConfig.addOverrideUnsafe: aft-state=0
03-14 07:21:58.139 1533 10210 I thunderperf: CompatConfig.addOverrideUnsafe: bef-state=1
03-14 07:21:58.140 1533 10210 I thunderperf: CompatConfig.addOverrideUnsafe: aft-state=0
03-14 07:21:58.140 1533 10210 I thunderperf: CompatConfig.addOverrideUnsafe: bef-state=1
03-14 07:21:58.140 1533 10210 I thunderperf: CompatConfig.addOverrideUnsafe: aft-state=0
03-14 07:21:58.140 1533 10210 I thunderperf: CompatConfig.addOverrideUnsafe: bef-state=1
03-14 07:21:58.140 1533 10210 I thunderperf: CompatConfig.addOverrideUnsafe: aft-state=0
03-14 07:21:58.140 1533 10210 I thunderperf: CompatConfig.addOverrideUnsafe: bef-state=1
03-14 07:21:58.141 1533 10210 I thunderperf: CompatConfig.addOverrideUnsafe: aft-state=0
03-14 07:21:58.141 1533 10210 I thunderperf: CompatConfig.addOverrideUnsafe: bef-state=1
03-14 07:21:58.141 1533 10210 I thunderperf: CompatConfig.addOverrideUnsafe: aft-state=0
03-14 07:21:58.141 1533 10210 I thunderperf: CompatConfig.addOverrideUnsafe: bef-state=1
03-14 07:21:58.141 1533 10210 I thunderperf: CompatConfig.addOverrideUnsafe: aft-state=0
03-14 07:21:58.144 1533 10210 I ActivityTaskManager: START u0 {act=android.intent.action.MAIN cat=[android.intent.category.LAUNCHER] flg=0x10200000 cmp=com.studio4096.racer/com.unity3d.player.UnityPlayerActivity bnds=[111,378][413,672]} from uid 10074
03-14 07:21:58.146 1533 10210 I wm_task_created: [104,-1]
03-14 07:21:58.146 1533 10210 W ActivityTaskManager: Can't find TaskDisplayArea to determine support for multi window. Task id=104 attached=false
03-14 07:21:58.147 1533 10210 D CompatibilityChangeReporter: Compat change id reported: 174042980; UID 10097; state: DISABLED
03-14 07:21:58.147 1533 10210 D CompatibilityChangeReporter: Compat change id reported: 184838306; UID 10097; state: DISABLED
03-14 07:21:58.148 1533 10210 D CompatibilityChangeReporter: Compat change id reported: 185004937; UID 10097; state: DISABLED
03-14 07:21:58.148 1533 10210 D CompatibilityChangeReporter: Compat change id reported: 181136395; UID 10097; state: DISABLED
03-14 07:21:58.148 1533 10210 D CompatibilityChangeReporter: Compat change id reported: 174042936; UID 10097; state: DISABLED
03-14 07:21:58.148 1533 10210 I wm_task_moved: [104,1,11]
03-14 07:21:58.148 1533 10210 I wm_task_to_front: [0,104]
03-14 07:21:58.149 1533 10210 I wm_create_task: [0,104]
03-14 07:21:58.149 1533 10210 I wm_create_activity: [0,72685167,104,com.studio4096.racer/com.unity3d.player.UnityPlayerActivity,android.intent.action.MAIN,NULL,NULL,270532608]
03-14 07:21:58.149 1533 10210 I wm_task_moved: [104,1,11]
03-14 07:21:58.149 1533 10210 D CompatibilityChangeReporter: Compat change id reported: 168419799; UID 10097; state: DISABLED
03-14 07:21:58.150 1533 10210 I wm_pause_activity: [0,57706815,com.android.launcher3/.uioverrides.QuickstepLauncher,userLeaving=true,pauseBackTasks]
03-14 07:21:58.151 1533 12036 W FreeFormWindowHelper: Current Display FreeFormTask is null
03-14 07:21:58.152 2568 2568 I wm_on_top_resumed_lost_called: [57706815,com.android.launcher3.uioverrides.QuickstepLauncher,topStateChangedWhenResumed]
03-14 07:21:58.152 1533 1622 I am_uid_running: 10097
03-14 07:21:58.152 1533 1622 D CompatibilityChangeReporter: Compat change id reported: 135634846; UID 10097; state: DISABLED
03-14 07:21:58.153 1533 1639 D CompatibilityChangeReporter: Compat change id reported: 143937733; UID 10097; state: DISABLED
03-14 07:21:58.153 2568 2568 I wm_on_paused_called: [57706815,com.android.launcher3.uioverrides.QuickstepLauncher,performPause]
03-14 07:21:58.153 1533 12036 I ActivityTaskManager: FOREGROUND_APPLICATION_CHANGED to com.unity3d.player.UnityPlayerActivity
03-14 07:21:58.154 1533 12036 I wm_add_to_stopping: [0,57706815,com.android.launcher3/.uioverrides.QuickstepLauncher,makeInvisible]
03-14 07:21:58.158 1533 1639 I am_proc_start: [0,3871,10097,com.studio4096.racer,pre-top-activity,{com.studio4096.racer/com.unity3d.player.UnityPlayerActivity}]
03-14 07:21:58.158 1533 1639 I ActivityManager: Start proc 3871:com.studio4096.racer/u0a97 for pre-top-activity {com.studio4096.racer/com.unity3d.player.UnityPlayerActivity}
03-14 07:21:58.158 1533 3872 W ContextImpl: Calling a method in the system process without a qualified user: android.app.ContextImpl.sendBroadcast:1173 com.qualcomm.qti.Performance$SendGameLaunchBroadcast.run:217 java.lang.Thread.run:920
03-14 07:21:58.160 1533 1622 I sysui_multi_action: [757,803,799,window_time_0,802,16]
01-02 06:50:37.348 0 0 W perfetto: enabled ftrace
03-14 07:21:58.166 1533 1628 I am_pss : [3188,10065,com.android.gallery3d,10199040,5001216,3544064,59023360,0,19,5]
03-14 07:21:58.171 1533 1781 I input_focus: [Focus leaving 587a4a0 com.android.launcher3/com.android.launcher3.uioverrides.QuickstepLauncher (server),reason=NO_WINDOW]
01-02 06:50:37.356 0 0 I binder : 3871:3871 ioctl 40046210 ff8d8a18 returned -22
03-14 07:21:58.175 1533 14010 I am_proc_bound: [0,3871,com.studio4096.racer]
03-14 07:21:58.183 1533 14010 I wm_restart_activity: [0,72685167,104,com.studio4096.racer/com.unity3d.player.UnityPlayerActivity]
03-14 07:21:58.183 1533 14010 I wm_set_resumed_activity: [0,com.studio4096.racer/com.unity3d.player.UnityPlayerActivity,minimalResumeActivityLocked]
03-14 07:21:58.184 1533 1622 I am_uid_active: 10097
03-14 07:21:58.192 2101 3642 W ContextImpl: Calling a method in the system process without a qualified user: android.app.ContextImpl.startService:1816 android.content.ContextWrapper.startService:774 com.thundercomm.gamemode.ingame.services.GameModeActionUtils.startGameModeService:118 com.thundercomm.gamemode.ingame.services.GameModeActionUtils.startGameModeEntry:29 com.thundercomm.gamemode.ingame.services.ActivityMonitoringService$1.onActivityLaunch:140
03-14 07:21:58.198 1533 1533 I GameModeConfig: Current uri is uri = content://com.thundercomm.gamemode.api/gamemode_settings/gamemode_isgaming
03-14 07:21:58.200 1533 1533 I GameModeConfig: isGameModeOn = true
03-14 07:21:58.200 1533 1533 I GameModeConfig: isGaming = true
03-14 07:21:58.200 1533 1533 I GameModeConfig: isDisableNotification = true
03-14 07:21:58.200 1533 1533 I GameModeConfig: isGameModeOn = true
03-14 07:21:58.200 1533 1533 I GameModeConfig: isGaming = true
03-14 07:21:58.200 1533 1533 I GameModeConfig: isDisableNotification = true
01-02 06:50:37.393 0 0 I : [MAX975X:max96755x_drm_notifier_callback] *INFO* receives EARLY_BLANK:UNBLANK
01-02 06:50:37.393 0 0 I atmel_mxt_ts 0-004a: FB event:2,blank:0
01-02 06:50:37.393 0 0 I atmel_mxt_ts 0-004a: suspend: event = 2, blank = 0, not care
01-02 06:50:37.393 0 0 I [drm:dsi_display_set_mode] [msm-dsi-info]: mdp_transfer_time_us=0 us
01-02 06:50:37.393 0 0 I [drm:dsi_display_set_mode] [msm-dsi-info]: hactive= 2560,vactive= 1080,fps=30
01-02 06:50:37.393 0 0 I : [MAX975X:max96755x_drm_notifier_callback] *INFO* receives BLANK:UNBLANK
01-02 06:50:37.394 0 0 I atmel_mxt_ts 0-004a: FB event:1,blank:0
01-02 06:50:37.394 0 0 I atmel_mxt_ts 0-004a: drm_notifier_callback: UNBLANK! Resume by drm notifier.
01-02 06:50:37.394 0 0 W ALERT : changing window size from 16000000 to 20000000 at 12663612021365
03-14 07:21:58.219 1533 1622 I DisplayDeviceRepository: Display device changed: DisplayDeviceInfo{"内置屏幕": uniqueId="local:4630946816427681409", 2560 x 1080, modeId 3, defaultModeId 1, supportedModes [{id=1, width=2560, height=1080, fps=60.000004, alternativeRefreshRates=[30.000002, 45.0]}, {id=2, width=2560, height=1080, fps=45.0, alternativeRefreshRates=[30.000002, 60.000004]}, {id=3, width=2560, height=1080, fps=30.000002, alternativeRefreshRates=[45.0, 60.000004]}], colorMode 0, supportedColorModes [0], hdrCapabilities HdrCapabilities{mSupportedHdrTypes=[2, 3, 4], mMaxLuminance=500.0, mMaxAverageLuminance=500.0, mMinLuminance=0.0}, allmSupported false, gameContentTypeSupported false, density 240, 320.315 x 318.976 dpi, appVsyncOff 1000000, presDeadline 33333333, touch INTERNAL, rotation 0, type INTERNAL, address {port=129, model=0x40446d97fee5e6}, deviceProductInfo DeviceProductInfo{name=, manufacturerPnpId=QCM, productId=1, modelYear=null, manufactureDate=ManufactureDate{week=27, year=2006}, connectionToSinkType=0}, state ON, frameRateOverride , brightnessMinimum 0.0, brightnessMaximum 1.0, brightnessDefault 1.0, FLAG_DEFAULT_DISPLAY, FLAG_ROTATES_WITH_CONTENT, FLAG_SECURE, FLAG_SUPPORTS_PROTECTED_BUFFERS}
01-02 06:50:37.414 0 0 W ALERT : changing window size from 20000000 to 8000000 at 12663632019229
03-14 07:21:58.260 1533 5220 W FreeFormWindowHelper: Current Display FreeFormTask is null
03-14 07:21:58.274 3871 3871 I wm_on_create_called: [72685167,com.unity3d.player.UnityPlayerActivity,performCreate]
03-14 07:21:58.274 3871 3871 I wm_on_start_called: [72685167,com.unity3d.player.UnityPlayerActivity,handleStartActivity]
03-14 07:21:58.274 3871 3871 I wm_on_resume_called: [72685167,com.unity3d.player.UnityPlayerActivity,RESUME_ACTIVITY]
03-14 07:21:58.277 1533 5220 W WindowManager: Failed looking up window session=Session{356c4b0 3871:u0a10097} callers=com.android.server.wm.WindowManagerService.windowForClientLocked:5628 com.android.server.wm.Session.insetsModified:629 android.view.IWindowSession$Stub.onTransact:1151
03-14 07:21:58.278 3871 3871 I wm_on_top_resumed_gained_called: [72685167,com.unity3d.player.UnityPlayerActivity,topStateChangedWhenResumed]
03-14 07:21:58.305 1533 1623 I input_focus: [Focus request 5be784f com.studio4096.racer/com.unity3d.player.UnityPlayerActivity,reason=UpdateInputWindows]
01-02 06:50:37.558 0 0 I binder : 3871:3890 ioctl 40046210 de245d38 returned -22
03-14 07:21:58.388 1533 1619 I sysui_multi_action: [319,34,321,32,322,241,325,12663,757,761,758,7,759,1,806,com.studio4096.racer,871,com.unity3d.player.UnityPlayerActivity,904,com.android.launcher3,905,0,945,37,1320,4,1321,4]
03-14 07:21:58.389 1533 1619 I wm_activity_launch_time: [0,72685167,com.studio4096.racer/com.unity3d.player.UnityPlayerActivity,241]
03-14 07:21:58.392 1533 1739 I commit_sys_config_file: [settings-1-0,1]
03-14 07:21:58.405 1533 1781 I input_focus: [Focus entering 5be784f com.studio4096.racer/com.unity3d.player.UnityPlayerActivity (server),reason=Window became focusable. Previous reason: NOT_VISIBLE]
03-14 07:21:58.433 1533 1781 I input_interaction: Interaction with: edge-swipe (server), swipe-up (server), PointerEventDispatcher0 (server),
03-14 07:21:58.611 0 0 I auditd : type=1400 audit(0.0:16102): avc: denied { kill } for comm="swapper/5" capability=5 scontext=u:r:kernel:s0 tcontext=u:r:kernel:s0 tclass=capability permissive=0
03-14 07:21:58.707 1533 1622 I wm_stop_activity: [0,57706815,com.android.launcher3/.uioverrides.QuickstepLauncher]
03-14 07:21:58.758 2568 2568 I wm_on_stop_called: [57706815,com.android.launcher3.uioverrides.QuickstepLauncher,STOP_ACTIVITY_ITEM]
03-14 07:21:59.611 0 0 I auditd : type=1400 audit(0.0:16103): avc: denied { kill } for comm="swapper/5" capability=5 scontext=u:r:kernel:s0 tcontext=u:r:kernel:s0 tclass=capability permissive=0
03-14 07:21:59.918 1533 1781 I input_interaction: Interaction with: 2aecfac gamemode.floatview (server), edge-swipe (server), swipe-up (server), PointerEventDispatcher0 (server),
03-14 07:22:00.611 0 0 I auditd : type=1400 audit(0.0:16104): avc: denied { kill } for comm="swapper/5" capability=5 scontext=u:r:kernel:s0 tcontext=u:r:kernel:s0 tclass=capability permissive=0
03-14 07:22:00.758 1533 4977 W ActivityManager: Unable to start service Intent { act=com.google.android.gms.ads.identifier.service.START pkg=com.google.android.gms } U=0: not found
03-14 07:22:00.758 1533 4977 W ActivityManager: Unbind failed: could not find connection for android.os.BinderProxy@74fda2b
03-14 07:22:00.809 1533 4977 W ActivityManager: Unable to start service Intent { act=com.google.android.gms.ads.identifier.service.START pkg=com.google.android.gms } U=0: not found
03-14 07:22:00.838 1533 4977 D CompatibilityChangeReporter: Compat change id reported: 157233955; UID 10097; state: DISABLED
03-14 07:22:01.520 1533 4977 E PackageDexUsage: Unsupported context?
03-14 07:22:01.611 0 0 I auditd : type=1400 audit(0.0:16105): avc: denied { kill } for comm="swapper/5" capability=5 scontext=u:r:kernel:s0 tcontext=u:r:kernel:s0 tclass=capability permissive=0
03-14 07:22:01.732 1533 4977 E PackageDexUsage: Unsupported context?
03-14 07:22:01.998 1533 1781 I input_interaction: Interaction with: 6f198be gamemode.menuview (server), edge-swipe (server), swipe-up (server), PointerEventDispatcher0 (server),
03-14 07:22:02.113 2101 2101 W ContextImpl: Calling a method in the system process without a qualified user: android.app.ContextImpl.startActivity:1067 android.content.ContextWrapper.startActivity:433 com.thundercomm.gamemode.util.AppUtils.startAppMini:183 com.thundercomm.gamemode.ingame.ui.view.MenuView.onAppMiniItemClick:487 com.thundercomm.gamemode.viewholder.AppMiniItemViewHolder$1.onClick:119
03-14 07:22:02.114 1533 4977 I thunderperf: PlatormCompat.setOverrides: Uid1=1000 Pid1=2101 Uid2=1000 Pid2=2101
03-14 07:22:02.114 1533 4977 I thunderperf: PlatormCompat.setOverrides: needCheck:false
03-14 07:22:02.114 1533 4977 I thunderperf: CompatConfig.addOverrideUnsafe: bef-state=0
03-14 07:22:02.114 1533 4977 I thunderperf: CompatConfig.addOverrideUnsafe: aft-state=0
03-14 07:22:02.114 1533 4977 I thunderperf: CompatConfig.addOverrideUnsafe: bef-state=0
03-14 07:22:02.114 1533 4977 I thunderperf: CompatConfig.addOverrideUnsafe: aft-state=0
03-14 07:22:02.114 1533 4977 I thunderperf: CompatConfig.addOverrideUnsafe: bef-state=0
03-14 07:22:02.114 1533 4977 I thunderperf: CompatConfig.addOverrideUnsafe: aft-state=0
03-14 07:22:02.115 1533 4977 I thunderperf: CompatConfig.addOverrideUnsafe: bef-state=0
03-14 07:22:02.115 1533 4977 I thunderperf: CompatConfig.addOverrideUnsafe: aft-state=0
03-14 07:22:02.115 1533 4977 I thunderperf: CompatConfig.addOverrideUnsafe: bef-state=0
03-14 07:22:02.115 1533 4977 I thunderperf: CompatConfig.addOverrideUnsafe: aft-state=0
03-14 07:22:02.115 1533 4977 I thunderperf: CompatConfig.addOverrideUnsafe: bef-state=0
03-14 07:22:02.115 1533 4977 I thunderperf: CompatConfig.addOverrideUnsafe: aft-state=0
03-14 07:22:02.115 1533 4977 I thunderperf: CompatConfig.addOverrideUnsafe: bef-state=0
03-14 07:22:02.115 1533 4977 I thunderperf: CompatConfig.addOverrideUnsafe: aft-state=0
03-14 07:22:02.115 1533 4977 I thunderperf: CompatConfig.addOverrideUnsafe: bef-state=0
03-14 07:22:02.115 1533 4977 I thunderperf: CompatConfig.addOverrideUnsafe: aft-state=0
03-14 07:22:02.115 1533 4977 I thunderperf: CompatConfig.addOverrideUnsafe: bef-state=0
03-14 07:22:02.115 1533 4977 I thunderperf: CompatConfig.addOverrideUnsafe: aft-state=0
03-14 07:22:02.116 1533 4977 I thunderperf: CompatConfig.addOverrideUnsafe: bef-state=0
03-14 07:22:02.116 1533 4977 I thunderperf: CompatConfig.addOverrideUnsafe: aft-state=0
03-14 07:22:02.116 1533 4977 I thunderperf: CompatConfig.addOverrideUnsafe: bef-state=0
03-14 07:22:02.116 1533 4977 I thunderperf: CompatConfig.addOverrideUnsafe: aft-state=0
03-14 07:22:02.116 1533 4977 I thunderperf: CompatConfig.addOverrideUnsafe: bef-state=0
03-14 07:22:02.116 1533 4977 I thunderperf: CompatConfig.addOverrideUnsafe: aft-state=0
03-14 07:22:02.116 1533 4977 I thunderperf: CompatConfig.addOverrideUnsafe: bef-state=0
03-14 07:22:02.116 1533 4977 I thunderperf: CompatConfig.addOverrideUnsafe: aft-state=0
03-14 07:22:02.116 1533 4977 I thunderperf: CompatConfig.addOverrideUnsafe: bef-state=0
03-14 07:22:02.116 1533 4977 I thunderperf: CompatConfig.addOverrideUnsafe: aft-state=0
03-14 07:22:02.118 1533 4977 I ActivityTaskManager: START u0 {flg=0x10001000 cmp=com.android.gallery3d/.app.GalleryActivity} from uid 1000
03-14 07:22:02.119 1533 4977 I wm_task_created: [105,-1]
03-14 07:22:02.119 1533 4977 W ActivityTaskManager: Can't find TaskDisplayArea to determine support for multi window. Task id=105 attached=false
03-14 07:22:02.120 1533 4977 D FreeFormWindowHelper: Add freeform task=Task{adf96d2 #105 type=standard ?? U=0 visible=false mode=freeform translucent=true sz=0}
03-14 07:22:02.121 1533 4977 D CompatibilityChangeReporter: Compat change id reported: 174042980; UID 10065; state: DISABLED
03-14 07:22:02.121 1533 4977 D CompatibilityChangeReporter: Compat change id reported: 184838306; UID 10065; state: DISABLED
03-14 07:22:02.121 1533 4977 D CompatibilityChangeReporter: Compat change id reported: 185004937; UID 10065; state: DISABLED
03-14 07:22:02.121 1533 4977 D CompatibilityChangeReporter: Compat change id reported: 181136395; UID 10065; state: DISABLED
03-14 07:22:02.122 1533 4977 D CompatibilityChangeReporter: Compat change id reported: 174042936; UID 10065; state: DISABLED
03-14 07:22:02.122 1533 4977 I wm_task_moved: [105,1,12]
03-14 07:22:02.122 1533 4977 I wm_task_to_front: [0,105]
03-14 07:22:02.122 1533 4977 I wm_create_task: [0,105]
03-14 07:22:02.122 1533 4977 I wm_create_activity: [0,160654243,105,com.android.gallery3d/.app.GalleryActivity,NULL,NULL,NULL,268439552]
03-14 07:22:02.122 1533 4977 I wm_task_moved: [105,1,12]
03-14 07:22:02.122 3871 3871 I wm_on_top_resumed_lost_called: [72685167,com.unity3d.player.UnityPlayerActivity,topStateChangedWhenResumed]
03-14 07:22:02.123 1533 4977 D CompatibilityChangeReporter: Compat change id reported: 168419799; UID 10065; state: DISABLED
03-14 07:22:02.123 1533 4977 I ActivityTaskManager: FOREGROUND_APPLICATION_CHANGED to com.android.gallery3d.app.GalleryActivity
03-14 07:22:02.123 1533 4977 I ActivityTaskManager: The Process com.android.gallery3d Already Exists in BG. So sending its PID: 3188
03-14 07:22:02.124 1533 4977 I wm_restart_activity: [0,160654243,105,com.android.gallery3d/.app.GalleryActivity]
03-14 07:22:02.124 1533 4977 I wm_set_resumed_activity: [0,com.android.gallery3d/.app.GalleryActivity,minimalResumeActivityLocked]
03-14 07:22:02.125 1533 4977 D CompatibilityChangeReporter: Compat change id reported: 181136395; UID 10097; state: DISABLED
03-14 07:22:02.125 1533 4977 D CompatibilityChangeReporter: Compat change id reported: 174042936; UID 10097; state: DISABLED
03-14 07:22:02.127 1533 1622 I am_uid_active: 10065
03-14 07:22:02.164 3188 3188 I wm_on_create_called: [160654243,com.android.gallery3d.app.GalleryActivity,performCreate]
03-14 07:22:02.166 3188 3188 I wm_on_start_called: [160654243,com.android.gallery3d.app.GalleryActivity,handleStartActivity]
03-14 07:22:02.169 3188 3188 I wm_on_resume_called: [160654243,com.android.gallery3d.app.GalleryActivity,RESUME_ACTIVITY]
03-14 07:22:02.170 1533 4977 D CompatibilityChangeReporter: Compat change id reported: 149924527; UID 10065; state: ENABLED
03-14 07:22:02.170 1533 4977 D CompatibilityChangeReporter: Compat change id reported: 132649864; UID 10065; state: DISABLED
03-14 07:22:02.170 1533 4977 D CompatibilityChangeReporter: Compat change id reported: 182734110; UID 10065; state: DISABLED
03-14 07:22:02.173 3188 3188 I wm_on_top_resumed_gained_called: [160654243,com.android.gallery3d.app.GalleryActivity,topStateChangedWhenResumed]
03-14 07:22:02.181 1533 5220 W WindowManager: updateScale : 0.79357797
03-14 07:22:02.184 1533 4977 W WindowManager: updateScale : 0.79357797
03-14 07:22:02.186 1533 1623 I input_focus: [Focus request f9090e8 com.android.gallery3d/com.android.gallery3d.app.GalleryActivity,reason=UpdateInputWindows]
03-14 07:22:02.190 1533 1623 W WindowManager: updateScale : 0.79357797
03-14 07:22:02.192 1533 1623 W WindowManager: updateScale : 0.79357797
03-14 07:22:02.194 1533 1622 W WindowManager: updateScale : 0.79357797
03-14 07:22:02.196 1533 1622 W WindowManager: updateScale : 0.79357797
01-02 06:50:41.384 0 0 I binder : 3188:4040 ioctl 40046210 7a2ffdfc94 returned -22
03-14 07:22:02.215 1533 1781 I input_focus: [Focus leaving 5be784f com.studio4096.racer/com.unity3d.player.UnityPlayerActivity (server),reason=Waiting for window because NOT_VISIBLE]
03-14 07:22:02.246 1533 1623 W WindowManager: updateScale : 0.79357797
03-14 07:22:02.249 1533 1623 W WindowManager: updateScale : 0.79357797
03-14 07:22:02.249 1533 1623 W WindowManager: updateScale : 0.79357797
03-14 07:22:02.250 1533 1619 I sysui_multi_action: [319,130,322,130,325,12667,757,761,758,8,759,2,806,com.android.gallery3d,871,com.android.gallery3d.app.GalleryActivity,904,com.thundercomm.gamemode,905,0,1320,4,1321,1]
03-14 07:22:02.250 1533 1619 I wm_activity_launch_time: [0,160654243,com.android.gallery3d/.app.GalleryActivity,130]
03-14 07:22:02.282 1533 1781 I input_focus: [Focus entering f9090e8 com.android.gallery3d/com.android.gallery3d.app.GalleryActivity (server),reason=Window became focusable. Previous reason: NOT_VISIBLE]
03-14 07:22:02.314 1533 4977 W WindowManager: updateScale : 0.79357797
03-14 07:22:02.317 1533 1623 W WindowManager: updateScale : 0.79357797
03-14 07:22:02.378 1533 1628 I am_pss : [3619,10095,com.miHoYo.Yuanshen,693787648,678912000,46080,814161920,0,15,27]
01-02 06:50:41.654 0 0 E DTC_ETH,link_delay_work_func: 3003, SQI=0, link=0
03-14 07:22:02.611 0 0 I auditd : type=1400 audit(0.0:16106): avc: denied { kill } for comm="swapper/5" capability=5 scontext=u:r:kernel:s0 tcontext=u:r:kernel:s0 tclass=capability permissive=0
03-14 07:22:02.748 1533 1623 W WindowManager: updateScale : 0.79357797
03-14 07:22:02.748 1533 5220 W WindowManager: updateScale : 0.79357797
01-02 06:50:42.342 0 0 W perfetto: disabled ftrace
03-14 07:22:03.230 1161 3867 I iorapd : Perfetto TraceBuffer saved to file: /data/misc/iorapd/com.studio4096.racer/4/com.unity3d.player.UnityPlayerActivity/raw_traces/1678749723226258295.perfetto_trace.pb
03-14 07:22:03.579 1533 1853 I netstats_mobile_sample: [0,0,0,0,0,0,0,0,0,0,0,0,1678775357831]
03-14 07:22:03.579 1533 1853 I netstats_wifi_sample: [93418776,76520,2012773,21743,93418776,76520,2012773,21743,91965405,77910,1666223,20758,1678775357831]
03-14 07:22:03.611 0 0 I auditd : type=1400 audit(0.0:16107): avc: denied { kill } for comm="swapper/5" capability=5 scontext=u:r:kernel:s0 tcontext=u:r:kernel:s0 tclass=capability permissive=0
03-14 07:22:04.611 0 0 I auditd : type=1400 audit(0.0:16108): avc: denied { kill } for comm="swapper/5" capability=5 scontext=u:r:kernel:s0 tcontext=u:r:kernel:s0 tclass=capability permissive=0
03-14 07:22:05.611 0 0 I auditd : type=1400 audit(0.0:16109): avc: denied { kill } for comm="swapper/5" capability=5 scontext=u:r:kernel:s0 tcontext=u:r:kernel:s0 tclass=capability permissive=0
03-14 07:22:05.784 1533 1533 W WindowManager: updateScale : 0.79357797
03-14 07:22:05.785 1533 4977 W WindowManager: updateScale : 0.79357797
03-14 07:22:05.786 1533 10210 W NotificationService: Toast already killed. pkg=com.android.gallery3d token=android.os.BinderProxy@d97353
03-14 07:22:06.284 1533 1622 W WindowManager: updateScale : 0.79357797
03-14 07:22:06.325 1533 1623 W WindowManager: updateScale : 0.79357797
03-14 07:22:06.326 1533 1623 W WindowManager: updateScale : 0.79357797
03-14 07:22:06.611 0 0 I auditd : type=1400 audit(0.0:16110): avc: denied { kill } for comm="swapper/5" capability=5 scontext=u:r:kernel:s0 tcontext=u:r:kernel:s0 tclass=capability permissive=0
03-14 07:22:06.790 1533 1781 I input_interaction: Interaction with: f9090e8 com.android.gallery3d/com.android.gallery3d.app.GalleryActivity (server), edge-swipe (server), swipe-up (server), PointerEventDispatcher0 (server),
03-14 07:22:06.896 1533 5220 I wm_finish_activity: [0,160654243,105,com.android.gallery3d/.app.GalleryActivity,finish-activity]
03-14 07:22:06.896 1533 5220 I wm_task_moved: [104,1,12]
03-14 07:22:06.896 1533 5220 I wm_task_to_front: [0,104]
03-14 07:22:06.896 1533 5220 I wm_set_resumed_activity: [0,com.studio4096.racer/com.unity3d.player.UnityPlayerActivity,positionChildAt]
03-14 07:22:06.896 1533 5220 I wm_focused_root_task: [0,0,104,105,finish-top adjustFocusToNextFocusableTask]
03-14 07:22:06.896 1533 5220 I wm_set_resumed_activity: [0,com.studio4096.racer/com.unity3d.player.UnityPlayerActivity,finish-top]
03-14 07:22:06.896 1533 5220 I wm_pause_activity: [0,160654243,com.android.gallery3d/.app.GalleryActivity,userLeaving=false,finish]
03-14 07:22:06.899 3188 3188 I wm_on_top_resumed_lost_called: [160654243,com.android.gallery3d.app.GalleryActivity,topStateChangedWhenResumed]
03-14 07:22:06.900 1533 1623 I input_focus: [Focus request 5be784f com.studio4096.racer/com.unity3d.player.UnityPlayerActivity,reason=UpdateInputWindows]
03-14 07:22:06.900 3188 3188 I wm_on_paused_called: [160654243,com.android.gallery3d.app.GalleryActivity,performPause]
03-14 07:22:06.901 1533 5220 I ActivityTaskManager: FOREGROUND_APPLICATION_CHANGED to com.unity3d.player.UnityPlayerActivity
03-14 07:22:06.901 1533 5220 I wm_destroy_activity: [0,160654243,105,com.android.gallery3d/.app.GalleryActivity,finish-imm:completePausedLocked]
03-14 07:22:06.905 1533 1622 I sysui_multi_action: [757,803,799,window_time_0,802,9]
03-14 07:22:06.905 1533 1622 I sysui_multi_action: [757,803,799,window_time_0,802,0]
03-14 07:22:06.907 3871 3871 I wm_on_top_resumed_gained_called: [72685167,com.unity3d.player.UnityPlayerActivity,topStateChangedWhenResumed]
03-14 07:22:06.911 3188 3188 I wm_on_stop_called: [160654243,com.android.gallery3d.app.GalleryActivity,LIFECYCLER_STOP_ACTIVITY]
03-14 07:22:06.913 3188 3188 I wm_on_destroy_called: [160654243,com.android.gallery3d.app.GalleryActivity,performDestroy]
03-14 07:22:06.916 1533 4977 I wm_task_removed: [105,removeChild:removeChild last r=ActivityRecord{99363a3 u0 com.android.gallery3d/.app.GalleryActivity t-1 f}} in t=Task{adf96d2 #105 type=standard A=10065:com.android.gallery3d U=0 visible=false mode=freeform translucent=true sz=0}]
03-14 07:22:06.916 1533 4977 I wm_task_removed: [105,removeChild]
03-14 07:22:06.916 1533 4977 D FreeFormWindowHelper: Remove freefrom task=Task{adf96d2 #105 type=standard A=10065:com.android.gallery3d U=0 visible=false mode=freeform translucent=true sz=0}
03-14 07:22:06.929 1533 1781 I input_focus: [Focus entering 5be784f com.studio4096.racer/com.unity3d.player.UnityPlayerActivity (server),reason=setFocusedWindow]
03-14 07:22:07.002 1533 4977 W FreeFormWindowHelper: Current Display FreeFormTask is null
01-02 06:50:46.774 0 0 E DTC_ETH,link_delay_work_func: 3003, SQI=0, link=0
03-14 07:22:07.611 0 0 I auditd : type=1400 audit(0.0:16111): avc: denied { kill } for comm="swapper/5" capability=5 scontext=u:r:kernel:s0 tcontext=u:r:kernel:s0 tclass=capability permissive=0
03-14 07:22:08.611 0 0 I auditd : type=1400 audit(0.0:16112): avc: denied { kill } for comm="swapper/5" capability=5 scontext=u:r:kernel:s0 tcontext=u:r:kernel:s0 tclass=capability permissive=0
03-14 07:22:09.315 3871 3909 E ActivityThread: Failed to find provider info for com.google.android.gms.chimera
03-14 07:22:09.339 1533 5220 I am_uid_active: 10066
03-14 07:22:09.353 1533 1628 I am_pss : [3871,10097,com.studio4096.racer,186776576,170639360,122880,289091584,0,2,10]
03-14 07:22:09.356 1533 4977 I am_uid_running: 99004
03-14 07:22:09.356 1533 4977 D CompatibilityChangeReporter: Compat change id reported: 135634846; UID 10097; state: DISABLED
03-14 07:22:09.357 1533 1639 D CompatibilityChangeReporter: Compat change id reported: 143937733; UID 10097; state: ENABLED
03-14 07:22:09.361 1533 1639 I am_proc_start: [0,4165,99004,com.android.webview:sandboxed_process0:org.chromium.content.app.SandboxedProcessService0:0,,{com.studio4096.racer/org.chromium.content.app.SandboxedProcessService0:0}]
03-14 07:22:09.361 1533 1639 I ActivityManager: Start proc 4165:com.android.webview:sandboxed_process0:org.chromium.content.app.SandboxedProcessService0:0/u0i4 for {com.studio4096.racer/org.chromium.content.app.SandboxedProcessService0:0}
03-14 07:22:09.369 1533 4977 I am_proc_bound: [0,4165,com.android.webview:sandboxed_process0:org.chromium.content.app.SandboxedProcessService0:0]
03-14 07:22:09.370 1533 4977 D CompatibilityChangeReporter: Compat change id reported: 168419799; UID 10097; state: DISABLED
01-02 06:50:48.551 0 0 I binder : 4165:4165 ioctl 40046210 ff8d8168 returned -22
03-14 07:22:09.370 1533 4977 I am_uid_active: 99004
03-14 07:22:09.382 508 508 I auditd : avc: denied { find } for pid=4165 uid=99004 name=content_capture scontext=u:r:isolated_app:s0:c512,c768 tcontext=u:object_r:content_capture_service:s0 tclass=service_manager permissive=0
03-14 07:22:09.611 0 0 I auditd : type=1400 audit(0.0:16113): avc: denied { kill } for comm="swapper/5" capability=5 scontext=u:r:kernel:s0 tcontext=u:r:kernel:s0 tclass=capability permissive=0
03-14 07:22:10.308 1533 1853 I netstats_mobile_sample: [0,0,0,0,0,0,0,0,0,0,0,0,1678775364559]
03-14 07:22:10.308 1533 1853 I netstats_wifi_sample: [93418776,76520,2012773,21743,93418776,76520,2012773,21743,91965405,77910,1666223,20758,1678775364559]
03-14 07:22:10.611 0 0 I auditd : type=1400 audit(0.0:16114): avc: denied { kill } for comm="swapper/5" capability=5 scontext=u:r:kernel:s0 tcontext=u:r:kernel:s0 tclass=capability permissive=0
03-14 07:22:11.611 0 0 I auditd : type=1400 audit(0.0:16115): avc: denied { kill } for comm="swapper/5" capability=5 scontext=u:r:kernel:s0 tcontext=u:r:kernel:s0 tclass=capability permissive=0
03-14 07:22:11.683 31965 31965 I auditd : type=1400 audit(0.0:16116): avc: denied { read } for comm="Thread-743" name="sdcard" dev="tmpfs" ino=1359 scontext=u:r:untrusted_app:s0:c99,c256,c512,c768 tcontext=u:object_r:mnt_sdcard_file:s0 tclass=lnk_file permissive=0 app=com.qiyi.video
03-14 07:22:12.390 1533 10210 W ProcessStats: Tracking association SourceState{8659739 com.tencent.tmgp.pubgmhd:xg_vip_service/10093 BTopFgs #11498} whose proc state 2 is better than process ProcessState{69166df com.tencent.tmgp.pubgmhd/10093 pkg=com.tencent.tmgp.pubgmhd} proc state 3 (2 skipped)
01-02 06:50:51.895 0 0 E DTC_ETH,link_delay_work_func: 3003, SQI=0, link=0
03-14 07:22:13.611 0 0 I auditd : type=1400 audit(0.0:16117): avc: denied { kill } for comm="swapper/4" capability=5 scontext=u:r:kernel:s0 tcontext=u:r:kernel:s0 tclass=capability permissive=0
03-14 07:22:14.611 0 0 I auditd : type=1400 audit(0.0:16118): avc: denied { kill } for comm="swapper/4" capability=5 scontext=u:r:kernel:s0 tcontext=u:r:kernel:s0 tclass=capability permissive=0
03-14 07:22:15.611 0 0 I auditd : type=1400 audit(0.0:16119): avc: denied { kill } for comm="swapper/4" capability=5 scontext=u:r:kernel:s0 tcontext=u:r:kernel:s0 tclass=capability permissive=0
03-14 07:22:16.066 1533 1853 I netstats_mobile_sample: [0,0,0,0,0,0,0,0,0,0,0,0,1678775370318]
03-14 07:22:16.066 1533 1853 I netstats_wifi_sample: [93418776,76520,2012773,21743,93418776,76520,2012773,21743,91965405,77910,1666223,20758,1678775370318]
03-14 07:22:16.611 0 0 I auditd : type=1400 audit(0.0:16120): avc: denied { kill } for comm="swapper/4" capability=5 scontext=u:r:kernel:s0 tcontext=u:r:kernel:s0 tclass=capability permissive=0
03-14 07:22:16.786 1533 1533 W WindowManager: removeWindowToken: Attempted to remove non-existing token: android.os.Binder@ef050ad
03-14 07:22:16.900 1533 1622 W ActivityTaskManager: Launch timeout has expired, giving up wake lock!
03-14 07:22:17.274 1533 1926 I storage_state: [41217664-9172-527a-b3d5-edabb50a7d69,0,0,107273748480,118610538496]
03-14 07:22:17.611 0 0 I auditd : type=1400 audit(0.0:16121): avc: denied { kill } for comm="swapper/4" capability=5 scontext=u:r:kernel:s0 tcontext=u:r:kernel:s0 tclass=capability permissive=0
01-02 06:50:57.014 0 0 E DTC_ETH,link_delay_work_func: 3003, SQI=0, link=0
03-14 07:22:18.611 0 0 I auditd : type=1400 audit(0.0:16122): avc: denied { kill } for comm="swapper/4" capability=5 scontext=u:r:kernel:s0 tcontext=u:r:kernel:s0 tclass=capability permissive=0
03-14 07:22:18.658 1533 10633 W ActivityManager: Background start not allowed: service Intent { cmp=com.ss.android.ugc.aweme/com.bytedance.common.wschannel.client.WsClientService } to com.ss.android.ugc.aweme/com.bytedance.common.wschannel.client.WsClientService from pid=26194 uid=10098 pkg=com.ss.android.ugc.aweme startFg?=false
03-14 07:22:19.611 0 0 I auditd : type=1400 audit(0.0:16123): avc: denied { kill } for comm="swapper/4" capability=5 scontext=u:r:kernel:s0 tcontext=u:r:kernel:s0 tclass=capability permissive=0
03-14 07:22:20.611 0 0 I auditd : type=1400 audit(0.0:16124): avc: denied { kill } for comm="swapper/3" capability=5 scontext=u:r:kernel:s0 tcontext=u:r:kernel:s0 tclass=capability permissive=0
03-14 07:22:21.611 0 0 I auditd : type=1400 audit(0.0:16125): avc: denied { kill } for comm="swapper/3" capability=5 scontext=u:r:kernel:s0 tcontext=u:r:kernel:s0 tclass=capability permissive=0
03-14 07:22:22.322 1533 1853 I netstats_mobile_sample: [0,0,0,0,0,0,0,0,0,0,0,0,1678775376573]
03-14 07:22:22.322 1533 1853 I netstats_wifi_sample: [93418776,76520,2012773,21743,93418776,76520,2012773,21743,91965405,77910,1666223,20758,1678775376573]
03-14 07:22:22.611 0 0 I auditd : type=1400 audit(0.0:16126): avc: denied { kill } for comm="swapper/3" capability=5 scontext=u:r:kernel:s0 tcontext=u:r:kernel:s0 tclass=capability permissive=0
01-02 06:51:02.134 0 0 E DTC_ETH,link_delay_work_func: 3003, SQI=0, link=0
03-14 07:22:23.611 0 0 I auditd : type=1400 audit(0.0:16127): avc: denied { kill } for comm="swapper/3" capability=5 scontext=u:r:kernel:s0 tcontext=u:r:kernel:s0 tclass=capability permissive=0
03-14 07:22:24.192 1533 10210 W ActivityManager: Unable to start service Intent { act=com.tencent.tpns.mqttchannel.FEEDBACK pkg=com.tencent.tmgp.pubgmhd } U=0: not found
03-14 07:22:24.611 0 0 I auditd : type=1400 audit(0.0:16128): avc: denied { kill } for comm="swapper/3" capability=5 scontext=u:r:kernel:s0 tcontext=u:r:kernel:s0 tclass=capability permissive=0
03-14 07:22:25.611 0 0 I auditd : type=1400 audit(0.0:16129): avc: denied { kill } for comm="swapper/3" capability=5 scontext=u:r:kernel:s0 tcontext=u:r:kernel:s0 tclass=capability permissive=0
03-14 07:22:25.832 1533 1853 I netstats_mobile_sample: [0,0,0,0,0,0,0,0,0,0,0,0,1678775380084]
03-14 07:22:25.832 1533 1853 I netstats_wifi_sample: [93418776,76520,2012773,21743,93418776,76520,2012773,21743,91965405,77910,1666223,20758,1678775380084]
03-14 07:22:26.611 0 0 I auditd : type=1400 audit(0.0:16130): avc: denied { kill } for comm="swapper/3" capability=5 scontext=u:r:kernel:s0 tcontext=u:r:kernel:s0 tclass=capability permissive=0
01-02 06:51:07.254 0 0 E DTC_ETH,link_delay_work_func: 3003, SQI=0, link=0
03-14 07:22:28.611 0 0 I auditd : type=1400 audit(0.0:16131): avc: denied { kill } for comm="swapper/2" capability=5 scontext=u:r:kernel:s0 tcontext=u:r:kernel:s0 tclass=capability permissive=0
03-14 07:22:28.719 1533 1853 I netstats_mobile_sample: [0,0,0,0,0,0,0,0,0,0,0,0,1678775382971]
03-14 07:22:28.720 1533 1853 I netstats_wifi_sample: [93418776,76520,2012773,21743,93418776,76520,2012773,21743,91965405,77910,1666223,20758,1678775382971]
03-14 07:22:29.611 0 0 I auditd : type=1400 audit(0.0:16132): avc: denied { kill } for comm="swapper/2" capability=5 scontext=u:r:kernel:s0 tcontext=u:r:kernel:s0 tclass=capability permissive=0
03-14 07:22:29.702 1533 1781 I input_interaction: Interaction with: 8db49b8 gamemode.floatview (server), edge-swipe (server), swipe-up (server), PointerEventDispatcher0 (server),
03-14 07:22:30.985 1533 10633 E PackageDexUsage: Unsupported context?
03-14 07:22:31.611 17143 17143 I auditd : type=1400 audit(0.0:16133): avc: denied { kill } for comm="kworker/u16:13" capability=5 scontext=u:r:kernel:s0 tcontext=u:r:kernel:s0 tclass=capability permissive=0
03-14 07:22:32.367 1533 1853 I netstats_mobile_sample: [0,0,0,0,0,0,0,0,0,0,0,0,1678775386619]
03-14 07:22:32.367 1533 1853 I netstats_wifi_sample: [93418776,76520,2012773,21743,93418776,76520,2012773,21743,91965405,77910,1666223,20758,1678775386619]
03-14 07:22:32.503 1533 1781 I input_interaction: Interaction with: 3c99de6 gamemode.menuview (server), edge-swipe (server), swipe-up (server), PointerEventDispatcher0 (server),
03-14 07:22:32.611 0 0 I auditd : type=1400 audit(0.0:16134): avc: denied { kill } for comm="swapper/2" capability=5 scontext=u:r:kernel:s0 tcontext=u:r:kernel:s0 tclass=capability permissive=0
01-02 06:51:12.374 0 0 E DTC_ETH,link_delay_work_func: 3003, SQI=0, link=0
03-14 07:22:33.259 27685 27685 I auditd : type=1400 audit(0.0:16135): avc: denied { read } for comm="pcdn_udp" name="snmp" dev="proc" ino=4026532270 scontext=u:r:untrusted_app_29:s0:c94,c256,c512,c768 tcontext=u:object_r:proc_net:s0 tclass=file permissive=0 app=com.tencent.tmgp.sgame
03-14 07:22:33.611 0 0 I auditd : type=1400 audit(0.0:16136): avc: denied { kill } for comm="swapper/2" capability=5 scontext=u:r:kernel:s0 tcontext=u:r:kernel:s0 tclass=capability permissive=0
03-14 07:22:33.906 1533 1781 I input_interaction: Interaction with: f57992b gamemode.floatview (server), edge-swipe (server), swipe-up (server), PointerEventDispatcher0 (server),
03-14 07:22:34.611 0 0 I auditd : type=1400 audit(0.0:16137): avc: denied { kill } for comm="swapper/2" capability=5 scontext=u:r:kernel:s0 tcontext=u:r:kernel:s0 tclass=capability permissive=0
03-14 07:22:35.442 1533 1853 I netstats_mobile_sample: [0,0,0,0,0,0,0,0,0,0,0,0,1678775389693]
03-14 07:22:35.442 1533 1853 I netstats_wifi_sample: [93418776,76520,2012773,21743,93418776,76520,2012773,21743,91965405,77910,1666223,20758,1678775389693]
03-14 07:22:35.976 1533 1781 I input_interaction: Interaction with: 4f402a3 gamemode.menuview (server), edge-swipe (server), swipe-up (server), PointerEventDispatcher0 (server),
03-14 07:22:36.611 0 0 I auditd : type=1400 audit(0.0:16138): avc: denied { kill } for comm="swapper/2" capability=5 scontext=u:r:kernel:s0 tcontext=u:r:kernel:s0 tclass=capability permissive=0
