03-14 07:13:24.092 1533 1560 W FreeFormWindowHelper: Current Display FreeFormTask is null
03-14 07:13:24.144 1533 4977 W FreeFormWindowHelper: Current Display FreeFormTask is null
03-14 07:13:24.144 1533 4977 W FreeFormWindowHelper: Current Display FreeFormTask is null
03-14 07:13:24.193 1533 4977 W FreeFormWindowHelper: Current Display FreeFormTask is null
03-14 07:13:24.195 2101 3642 W ContextImpl: Calling a method in the system process without a qualified user: android.app.ContextImpl.startService:1816 android.content.ContextWrapper.startService:774 com.thundercomm.gamemode.ingame.services.GameModeActionUtils.startGameModeService:118 com.thundercomm.gamemode.ingame.services.GameModeActionUtils.startGameModeEntry:29 com.thundercomm.gamemode.ingame.services.ActivityMonitoringService$1.onActivityLaunch:140
03-14 07:13:24.200 1533 1533 I GameModeConfig: Current uri is uri = content://com.thundercomm.gamemode.api/gamemode_settings/gamemode_isgaming
03-14 07:13:24.201 1533 1533 I GameModeConfig: isGameModeOn = true
03-14 07:13:24.201 1533 1533 I GameModeConfig: isGaming = false
03-14 07:13:24.201 1533 1533 I GameModeConfig: isGameModeOn = true
03-14 07:13:24.201 1533 1533 I GameModeConfig: isGaming = false
03-14 07:13:24.201 1533 1533 I GameModeConfig: isDisableVoice = true
01-02 06:42:03.386 0 0 W ALERT : changing window size from 20000000 to 16000000 at 12149604036248
01-02 06:42:03.427 0 0 I : [MAX975X:max96755x_drm_notifier_callback] *INFO* receives EARLY_BLANK:UNBLANK
01-02 06:42:03.427 0 0 I atmel_mxt_ts 0-004a: FB event:2,blank:0
01-02 06:42:03.427 0 0 I atmel_mxt_ts 0-004a: suspend: event = 2, blank = 0, not care
01-02 06:42:03.427 0 0 I [drm:dsi_display_set_mode] [msm-dsi-info]: mdp_transfer_time_us=0 us
01-02 06:42:03.427 0 0 I [drm:dsi_display_set_mode] [msm-dsi-info]: hactive= 2560,vactive= 1080,fps=60
01-02 06:42:03.427 0 0 I : [MAX975X:max96755x_drm_notifier_callback] *INFO* receives BLANK:UNBLANK
03-14 07:13:24.268 1533 1622 I DisplayDeviceRepository: Display device changed: DisplayDeviceInfo{"内置屏幕": uniqueId="local:4630946816427681409", 2560 x 1080, modeId 1, defaultModeId 1, supportedModes [{id=1, width=2560, height=1080, fps=60.000004, alternativeRefreshRates=[30.000002, 45.0]}, {id=2, width=2560, height=1080, fps=45.0, alternativeRefreshRates=[30.000002, 60.000004]}, {id=3, width=2560, height=1080, fps=30.000002, alternativeRefreshRates=[45.0, 60.000004]}], colorMode 0, supportedColorModes [0], hdrCapabilities HdrCapabilities{mSupportedHdrTypes=[2, 3, 4], mMaxLuminance=500.0, mMaxAverageLuminance=500.0, mMinLuminance=0.0}, allmSupported false, gameContentTypeSupported false, density 240, 320.315 x 318.976 dpi, appVsyncOff 1000000, presDeadline 16666666, touch INTERNAL, rotation 0, type INTERNAL, address {port=129, model=0x40446d97fee5e6}, deviceProductInfo DeviceProductInfo{name=, manufacturerPnpId=QCM, productId=1, modelYear=null, manufactureDate=ManufactureDate{week=27, year=2006}, connectionToSinkType=0}, state ON, frameRateOverride , brightnessMinimum 0.0, brightnessMaximum 1.0, brightnessDefault 1.0, FLAG_DEFAULT_DISPLAY, FLAG_ROTATES_WITH_CONTENT, FLAG_SECURE, FLAG_SUPPORTS_PROTECTED_BUFFERS}
01-02 06:42:03.707 0 0 I atmel_mxt_ts 0-004a: FB event:1,blank:0
01-02 06:42:03.707 0 0 I atmel_mxt_ts 0-004a: drm_notifier_callback: UNBLANK! Resume by drm notifier.
03-14 07:13:24.868 1533 1561 I ActivityTaskManager: FOREGROUND_APPLICATION_CHANGED to com.epicgames.ue4.GameActivity
03-14 07:13:24.987 1533 2038 W FreeFormWindowHelper: Current Display FreeFormTask is null
03-14 07:13:24.988 2101 3642 W ContextImpl: Calling a method in the system process without a qualified user: android.app.ContextImpl.startService:1816 android.content.ContextWrapper.startService:774 com.thundercomm.gamemode.ingame.services.GameModeActionUtils.startGameModeService:118 com.thundercomm.gamemode.ingame.services.GameModeActionUtils.startGameModeEntry:29 com.thundercomm.gamemode.ingame.services.ActivityMonitoringService$1.onActivityLaunch:140
03-14 07:13:24.996 1533 1533 I GameModeConfig: Current uri is uri = content://com.thundercomm.gamemode.api/gamemode_settings/gamemode_isgaming
01-02 06:42:04.186 0 0 W ALERT : changing window size from 16000000 to 8000000 at 12150404026509
03-14 07:13:24.997 1533 1533 I GameModeConfig: isGameModeOn = true
03-14 07:13:24.997 1533 1533 I GameModeConfig: isGaming = true
03-14 07:13:24.997 1533 1533 I GameModeConfig: isDisableNotification = true
03-14 07:13:24.998 1533 1533 I GameModeConfig: isGameModeOn = true
03-14 07:13:24.998 1533 1533 I GameModeConfig: isGaming = true
03-14 07:13:24.998 1533 1533 I GameModeConfig: isDisableNotification = true
01-02 06:42:04.194 0 0 W ALERT : changing window size from 8000000 to 20000000 at 12150412023227
01-02 06:42:04.206 0 0 I : [MAX975X:max96755x_drm_notifier_callback] *INFO* receives EARLY_BLANK:UNBLANK
01-02 06:42:04.206 0 0 I atmel_mxt_ts 0-004a: FB event:2,blank:0
01-02 06:42:04.206 0 0 I atmel_mxt_ts 0-004a: suspend: event = 2, blank = 0, not care
01-02 06:42:04.206 0 0 I [drm:dsi_display_set_mode] [msm-dsi-info]: mdp_transfer_time_us=0 us
01-02 06:42:04.206 0 0 I [drm:dsi_display_set_mode] [msm-dsi-info]: hactive= 2560,vactive= 1080,fps=30
01-02 06:42:04.206 0 0 I : [MAX975X:max96755x_drm_notifier_callback] *INFO* receives BLANK:UNBLANK
01-02 06:42:04.207 0 0 I atmel_mxt_ts 0-004a: FB event:1,blank:0
01-02 06:42:04.207 0 0 I atmel_mxt_ts 0-004a: drm_notifier_callback: UNBLANK! Resume by drm notifier.
03-14 07:13:25.036 1533 1622 I DisplayDeviceRepository: Display device changed: DisplayDeviceInfo{"内置屏幕": uniqueId="local:4630946816427681409", 2560 x 1080, modeId 3, defaultModeId 1, supportedModes [{id=1, width=2560, height=1080, fps=60.000004, alternativeRefreshRates=[30.000002, 45.0]}, {id=2, width=2560, height=1080, fps=45.0, alternativeRefreshRates=[30.000002, 60.000004]}, {id=3, width=2560, height=1080, fps=30.000002, alternativeRefreshRates=[45.0, 60.000004]}], colorMode 0, supportedColorModes [0], hdrCapabilities HdrCapabilities{mSupportedHdrTypes=[2, 3, 4], mMaxLuminance=500.0, mMaxAverageLuminance=500.0, mMinLuminance=0.0}, allmSupported false, gameContentTypeSupported false, density 240, 320.315 x 318.976 dpi, appVsyncOff 1000000, presDeadline 33333333, touch INTERNAL, rotation 0, type INTERNAL, address {port=129, model=0x40446d97fee5e6}, deviceProductInfo DeviceProductInfo{name=, manufacturerPnpId=QCM, productId=1, modelYear=null, manufactureDate=ManufactureDate{week=27, year=2006}, connectionToSinkType=0}, state ON, frameRateOverride , brightnessMinimum 0.0, brightnessMaximum 1.0, brightnessDefault 1.0, FLAG_DEFAULT_DISPLAY, FLAG_ROTATES_WITH_CONTENT, FLAG_SECURE, FLAG_SUPPORTS_PROTECTED_BUFFERS}
03-14 07:13:25.337 1533 2037 W FreeFormWindowHelper: exitRecentTasks type=0
01-02 06:42:04.534 0 0 E DTC_ETH,link_delay_work_func: 3003, SQI=0, link=0
03-14 07:13:26.052 1533 1560 W FreeFormWindowHelper: Current Display FreeFormTask is null
03-14 07:13:26.058 1533 1560 W FreeFormWindowHelper: Current Display FreeFormTask is null
03-14 07:13:26.090 1533 4977 W FreeFormWindowHelper: Current Display FreeFormTask is null
03-14 07:13:26.090 1533 2037 W FreeFormWindowHelper: Current Display FreeFormTask is null
03-14 07:13:26.090 1533 2037 W FreeFormWindowHelper: Current Display FreeFormTask is null
03-14 07:13:26.101 1533 2038 W FreeFormWindowHelper: Current Display FreeFormTask is null
03-14 07:13:26.102 1533 2038 W FreeFormWindowHelper: Current Display FreeFormTask is null
03-14 07:13:26.113 1533 2038 W ActivityTaskManager: getTaskSnapshot: taskId=-634 not found
03-14 07:13:26.115 1533 2038 W ActivityTaskManager: getTaskSnapshot: taskId=-633 not found
03-14 07:13:26.132 1533 2038 W FreeFormWindowHelper: Current Display FreeFormTask is null
03-14 07:13:26.132 1533 2038 W FreeFormWindowHelper: Current Display FreeFormTask is null
03-14 07:13:26.157 1533 3100 W FreeFormWindowHelper: Current Display FreeFormTask is null
03-14 07:13:26.157 1533 3100 W FreeFormWindowHelper: Current Display FreeFormTask is null
03-14 07:13:26.510 1533 2038 W FreeFormWindowHelper: Current Display FreeFormTask is null
03-14 07:13:26.510 1533 2038 W FreeFormWindowHelper: Current Display FreeFormTask is null
03-14 07:13:26.511 1533 4620 W FreeFormWindowHelper: Current Display FreeFormTask is null
03-14 07:13:26.933 1533 3100 I ActivityTaskManager: FOREGROUND_APPLICATION_CHANGED to com.android.launcher3.uioverrides.QuickstepLauncher
03-14 07:13:26.950 1533 2037 W FreeFormWindowHelper: Current Display FreeFormTask is null
03-14 07:13:26.951 1533 2037 W FreeFormWindowHelper: Current Display FreeFormTask is null
03-14 07:13:26.953 1533 4977 W FreeFormWindowHelper: Current Display FreeFormTask is null
03-14 07:13:27.014 1533 2038 W FreeFormWindowHelper: Current Display FreeFormTask is null
03-14 07:13:27.014 1533 2038 W FreeFormWindowHelper: Current Display FreeFormTask is null
03-14 07:13:27.035 1533 2038 W WindowManager: Failed looking up window session=Session{9b31afa 1995:u0a10078} callers=com.android.server.wm.WindowManagerService.windowForClientLocked:5628 com.android.server.wm.WindowManagerService.removeWindow:2033 com.android.server.wm.Session.remove:218
03-14 07:13:27.049 1533 4977 W FreeFormWindowHelper: Current Display FreeFormTask is null
03-14 07:13:27.060 2101 3642 W ContextImpl: Calling a method in the system process without a qualified user: android.app.ContextImpl.startService:1816 android.content.ContextWrapper.startService:774 com.thundercomm.gamemode.ingame.services.GameModeActionUtils.startGameModeService:118 com.thundercomm.gamemode.ingame.services.GameModeActionUtils.startGameModeEntry:29 com.thundercomm.gamemode.ingame.services.ActivityMonitoringService$1.onActivityLaunch:140
03-14 07:13:27.074 1533 1533 I GameModeConfig: Current uri is uri = content://com.thundercomm.gamemode.api/gamemode_settings/gamemode_isgaming
01-02 06:42:06.270 0 0 E msm_pcm_playback_close: CMD_EOS failed, cmd_pending 0x8
01-02 06:42:06.274 0 0 W ALERT : changing window size from 20000000 to 16000000 at 12152492027497
03-14 07:13:27.077 1533 1533 I GameModeConfig: isGameModeOn = true
03-14 07:13:27.077 1533 1533 I GameModeConfig: isGaming = false
03-14 07:13:27.079 1533 1533 I GameModeConfig: isGameModeOn = true
03-14 07:13:27.079 1533 1533 I GameModeConfig: isGaming = false
03-14 07:13:27.079 1533 1533 I GameModeConfig: isDisableVoice = true
01-02 06:42:06.300 0 0 I : [MAX975X:max96755x_drm_notifier_callback] *INFO* receives EARLY_BLANK:UNBLANK
01-02 06:42:06.300 0 0 I atmel_mxt_ts 0-004a: FB event:2,blank:0
01-02 06:42:06.300 0 0 I atmel_mxt_ts 0-004a: suspend: event = 2, blank = 0, not care
01-02 06:42:06.300 0 0 I [drm:dsi_display_set_mode] [msm-dsi-info]: mdp_transfer_time_us=0 us
01-02 06:42:06.300 0 0 I [drm:dsi_display_set_mode] [msm-dsi-info]: hactive= 2560,vactive= 1080,fps=60
01-02 06:42:06.300 0 0 I : [MAX975X:max96755x_drm_notifier_callback] *INFO* receives BLANK:UNBLANK
01-02 06:42:06.301 0 0 I atmel_mxt_ts 0-004a: FB event:1,blank:0
01-02 06:42:06.301 0 0 I atmel_mxt_ts 0-004a: drm_notifier_callback: UNBLANK! Resume by drm notifier.
03-14 07:13:27.142 1533 1622 I DisplayDeviceRepository: Display device changed: DisplayDeviceInfo{"内置屏幕": uniqueId="local:4630946816427681409", 2560 x 1080, modeId 1, defaultModeId 1, supportedModes [{id=1, width=2560, height=1080, fps=60.000004, alternativeRefreshRates=[30.000002, 45.0]}, {id=2, width=2560, height=1080, fps=45.0, alternativeRefreshRates=[30.000002, 60.000004]}, {id=3, width=2560, height=1080, fps=30.000002, alternativeRefreshRates=[45.0, 60.000004]}], colorMode 0, supportedColorModes [0], hdrCapabilities HdrCapabilities{mSupportedHdrTypes=[2, 3, 4], mMaxLuminance=500.0, mMaxAverageLuminance=500.0, mMinLuminance=0.0}, allmSupported false, gameContentTypeSupported false, density 240, 320.315 x 318.976 dpi, appVsyncOff 1000000, presDeadline 16666666, touch INTERNAL, rotation 0, type INTERNAL, address {port=129, model=0x40446d97fee5e6}, deviceProductInfo DeviceProductInfo{name=, manufacturerPnpId=QCM, productId=1, modelYear=null, manufactureDate=ManufactureDate{week=27, year=2006}, connectionToSinkType=0}, state ON, frameRateOverride , brightnessMinimum 0.0, brightnessMaximum 1.0, brightnessDefault 1.0, FLAG_DEFAULT_DISPLAY, FLAG_ROTATES_WITH_CONTENT, FLAG_SECURE, FLAG_SUPPORTS_PROTECTED_BUFFERS}
03-14 07:13:27.428 1533 1622 W ActivityTaskManager: Activity top resumed state loss timeout for ActivityRecord{8655171 u0 com.tencent.tmgp.pubgmhd/com.epicgames.ue4.GameActivity t96}
03-14 07:13:27.477 1533 10210 D CompatibilityChangeReporter: Compat change id reported: 168419799; UID 10099; state: DISABLED
03-14 07:13:27.486 1533 10210 I ActivityTaskManager: FOREGROUND_APPLICATION_CHANGED to org.qiyi.android.video.MainActivity
03-14 07:13:27.490 1533 10210 D CompatibilityChangeReporter: Compat change id reported: 174042980; UID 10099; state: DISABLED
03-14 07:13:27.490 1533 10210 D CompatibilityChangeReporter: Compat change id reported: 181136395; UID 10099; state: DISABLED
03-14 07:13:27.491 1533 10210 D CompatibilityChangeReporter: Compat change id reported: 174042936; UID 10099; state: DISABLED
03-14 07:13:27.491 1533 10210 D CompatibilityChangeReporter: Compat change id reported: 184838306; UID 10099; state: DISABLED
03-14 07:13:27.492 1533 10210 D CompatibilityChangeReporter: Compat change id reported: 185004937; UID 10099; state: DISABLED
03-14 07:13:27.555 1533 9755 W ActivityManager: Receiver with filter android.content.IntentFilter@fdb0a58 already registered for pid 26446, callerPackage is com.qiyi.video
03-14 07:13:27.609 1533 2038 I thunderperf: PlatormCompat.setOverrides: Uid1=10099 Pid1=25644 Uid2=10099 Pid2=25644
03-14 07:13:27.609 1533 2038 I thunderperf: PlatormCompat.setOverrides: needCheck:false
03-14 07:13:27.609 1533 2038 W PackageManager: MATCH_ANY_USER flag requires INTERACT_ACROSS_USERS permission: UID 10099 requires android.permission.INTERACT_ACROSS_USERS_FULL or android.permission.INTERACT_ACROSS_USERS to access user 0.
03-14 07:13:27.609 1533 2038 I ActivityTaskManager: START u0 {flg=0x18800000 cmp=com.qiyi.video/.qysplashscreen.hotlaunch.HotSplashScreenActivity} from uid 10099
03-14 07:13:27.610 1533 2038 W ActivityTaskManager: Can't find TaskDisplayArea to determine support for multi window. Task id=97 attached=false
03-14 07:13:27.619 1533 2038 W FreeFormWindowHelper: Current Display FreeFormTask is null
03-14 07:13:27.712 1533 2037 I ActivityTaskManager: FOREGROUND_APPLICATION_CHANGED to com.qiyi.video.qysplashscreen.hotlaunch.HotSplashScreenActivity
03-14 07:13:27.713 1533 2037 I ActivityTaskManager: The Process com.qiyi.video Already Exists in BG. So sending its PID: 25644
03-14 07:13:27.713 1533 2037 W ActivityTaskManager: Tried to set launchTime (0) < mLastActivityLaunchTime (11992568)
03-14 07:13:27.845 1533 9755 W FreeFormWindowHelper: Current Display FreeFormTask is null
03-14 07:13:27.897 1533 1560 W FreeFormWindowHelper: exitRecentTasks type=0
03-14 07:13:28.828 1533 1560 W FreeFormWindowHelper: Current Display FreeFormTask is null
03-14 07:13:28.828 1533 1560 W FreeFormWindowHelper: Current Display FreeFormTask is null
03-14 07:13:28.829 1533 1560 W FreeFormWindowHelper: Current Display FreeFormTask is null
03-14 07:13:28.830 1533 9755 W FreeFormWindowHelper: Current Display FreeFormTask is null
03-14 07:13:28.846 1533 1560 W FreeFormWindowHelper: Current Display FreeFormTask is null
03-14 07:13:28.846 1533 1560 W FreeFormWindowHelper: Current Display FreeFormTask is null
03-14 07:13:28.846 1533 1560 W FreeFormWindowHelper: Current Display FreeFormTask is null
03-14 07:13:28.854 1533 1560 W FreeFormWindowHelper: Current Display FreeFormTask is null
03-14 07:13:28.855 1533 1560 W FreeFormWindowHelper: Current Display FreeFormTask is null
03-14 07:13:28.859 1533 1560 W ActivityTaskManager: getTaskSnapshot: taskId=-881 not found
03-14 07:13:28.869 1533 1560 W FreeFormWindowHelper: Current Display FreeFormTask is null
03-14 07:13:28.869 1533 1560 W FreeFormWindowHelper: Current Display FreeFormTask is null
03-14 07:13:28.886 1533 1560 W FreeFormWindowHelper: Current Display FreeFormTask is null
03-14 07:13:28.887 1533 1560 W FreeFormWindowHelper: Current Display FreeFormTask is null
03-14 07:13:29.253 1533 1560 W FreeFormWindowHelper: Current Display FreeFormTask is null
03-14 07:13:29.253 1533 10210 W FreeFormWindowHelper: Current Display FreeFormTask is null
03-14 07:13:29.253 1533 10210 W FreeFormWindowHelper: Current Display FreeFormTask is null
03-14 07:13:29.568 1533 10210 I ActivityTaskManager: FOREGROUND_APPLICATION_CHANGED to com.android.launcher3.uioverrides.QuickstepLauncher
03-14 07:13:29.572 1533 1561 W FreeFormWindowHelper: Current Display FreeFormTask is null
03-14 07:13:29.573 1533 2038 W FreeFormWindowHelper: Current Display FreeFormTask is null
03-14 07:13:29.573 1533 2038 W FreeFormWindowHelper: Current Display FreeFormTask is null
03-14 07:13:29.625 1533 1560 W FreeFormWindowHelper: Current Display FreeFormTask is null
03-14 07:13:29.625 1533 1560 W FreeFormWindowHelper: Current Display FreeFormTask is null
03-14 07:13:29.674 1533 9755 W FreeFormWindowHelper: Current Display FreeFormTask is null
01-02 06:42:09.654 0 0 E DTC_ETH,link_delay_work_func: 3003, SQI=0, link=0
01-02 06:42:10.241 0 0 I [soft_i][0x365a7e2faf][07:13:31.057550] wlan: [0:I:QDF] ARP-RS TX: SA:56:f4:a3:ce:a6:5f DA:d6:44:3b:15:39:91 msdu_id:398 status: nack
03-14 07:13:31.173 1533 9755 W ActivityManager: Unable to start service Intent { act=com.tencent.tpns.mqttchannel.FEEDBACK pkg=com.tencent.tmgp.pubgmhd } U=0: not found
01-02 06:42:10.516 0 0 I msm_vidc: high: 00000004: h264d: Closed video instance: 0000000000000000
03-14 07:13:31.429 1533 1919 I GameModeConfig: isGameModeOn = true
03-14 07:13:31.429 1533 1919 I GameModeConfig: isGaming = false
03-14 07:13:31.429 1533 1919 I GameModeConfig: isGameModeOn = true
03-14 07:13:31.430 1533 1919 I GameModeConfig: isGaming = false
03-14 07:13:31.430 1533 1919 I GameModeConfig: isGameModeOn = true
03-14 07:13:31.430 1533 1919 I GameModeConfig: isGaming = false
03-14 07:13:31.430 1533 1919 I GameModeConfig: isGameModeOn = true
03-14 07:13:31.430 1533 1919 I GameModeConfig: isGaming = false
03-14 07:13:31.430 1533 9755 W ActivityManager: Foreground service started from background can not have location/camera/microphone access: service com.tencent.tmgp.pubgmhd/.KeepLiveService
03-14 07:13:31.430 1533 1919 I GameModeConfig: isGameModeOn = true
03-14 07:13:31.430 1533 9755 I ActivityManager: Background started FGS: Allowed [callingPackage: com.tencent.tmgp.pubgmhd; callingUid: 10093; uidState: SVC ; intent: Intent { cmp=com.tencent.tmgp.pubgmhd/.KeepLiveService (has extras) }; code:ACTIVITY_VISIBILITY_GRACE_PERIOD; tempAllowListReason:; targetSdkVersion:26; callerTargetSdkVersion:26; startForegroundCount:0; bindFromPackage:null]
03-14 07:13:31.430 1533 1919 I GameModeConfig: isGaming = false
03-14 07:13:31.433 1533 1638 I ActivityManager: Deferring FGS notification in legacy app com.tencent.tmgp.pubgmhd/u0a93 : Notification(channel=my_channel_01 shortcut=null contentView=null vibrate=null sound=null defaults=0x0 flags=0x40 color=0x00000000 vis=PRIVATE)
03-14 07:13:31.443 1533 2038 I ActivityTaskManager: Activity reported stop, but no longer stopping: ActivityRecord{8655171 u0 com.tencent.tmgp.pubgmhd/com.epicgames.ue4.GameActivity t96} STOPPED
03-14 07:13:32.720 668 29186 W SocketClient: write error (Broken pipe)
01-02 06:42:14.774 0 0 E DTC_ETH,link_delay_work_func: 3003, SQI=0, link=0
03-14 07:13:35.728 1533 2038 D CompatibilityChangeReporter: Compat change id reported: 184323934; UID 10098; state: DISABLED
01-02 06:42:15.073 0 0 I msm_vidc: err : ffffffff: .....: DBLP Set: status 0
03-14 07:13:36.555 25144 28500 D TelephonyManager: getCellLocation returning null because telephony is null
01-02 06:42:16.510 0 0 E msm_pcm_playback_close: CMD_EOS failed, cmd_pending 0x8
01-02 06:42:18.073 0 0 I msm_vidc: err : ffffffff: .....: DBLP Set: status 0
01-02 06:42:19.894 0 0 E DTC_ETH,link_delay_work_func: 3003, SQI=0, link=0
03-14 07:13:41.640 1533 1533 I GameModeConfig: isGameModeOn = true
03-14 07:13:41.640 1533 1533 I GameModeConfig: isGaming = false
03-14 07:13:41.643 1533 1533 W NotificationHistory: Attempted to add notif for locked/gone/disabled user 0
01-02 06:42:23.480 0 0 I msm_vidc: err : ffffffff: .....: DBLP Set: status 0
01-02 06:42:25.015 0 0 E DTC_ETH,link_delay_work_func: 3003, SQI=0, link=0
01-02 06:42:26.750 0 0 E msm_pcm_playback_close: CMD_EOS failed, cmd_pending 0x8
01-02 06:42:30.134 0 0 E DTC_ETH,link_delay_work_func: 3003, SQI=0, link=0
03-14 07:13:51.689 1533 1919 I GameModeConfig: isGameModeOn = true
03-14 07:13:51.689 1533 1919 I GameModeConfig: isGaming = false
01-02 06:42:33.464 0 0 I msm_vidc: err : ffffffff: .....: DBLP Set: status 0
01-02 06:42:35.255 0 0 E DTC_ETH,link_delay_work_func: 3003, SQI=0, link=0
01-02 06:42:36.216 0 0 I msm_vidc: err : ffffffff: .....: DBLP Set: status 0
01-02 06:42:36.990 0 0 E msm_pcm_playback_close: CMD_EOS failed, cmd_pending 0x8
01-02 06:42:40.375 0 0 E DTC_ETH,link_delay_work_func: 3003, SQI=0, link=0
01-02 06:42:41.784 0 0 I msm_vidc: err : ffffffff: .....: DBLP Set: status 0
01-02 06:42:45.494 0 0 E DTC_ETH,link_delay_work_func: 3003, SQI=0, link=0
01-02 06:42:47.230 0 0 E msm_pcm_playback_close: CMD_EOS failed, cmd_pending 0x8
01-02 06:42:50.615 0 0 E DTC_ETH,link_delay_work_func: 3003, SQI=0, link=0
01-02 06:42:54.297 0 0 I msm_vidc: err : ffffffff: .....: DBLP Set: status 0
03-14 07:14:15.161 1533 1638 W ActivityManager: Stopping service due to app idle: u0a98 -1m46s495ms com.ss.android.ugc.aweme/com.ss.android.newmedia.redbadge.RedBadgePushProcessService
03-14 07:14:15.161 1533 1638 W ActivityManager: Stopping service due to app idle: u0a98 -3m4s761ms com.ss.android.ugc.aweme/com.bytedance.common.wschannel.server.WsChannelService
03-14 07:14:15.161 1533 1638 W ActivityManager: Stopping service due to app idle: u0a98 -1m46s461ms com.ss.android.ugc.aweme/com.bytedance.common.wschannel.client.WsClientService
03-14 07:14:15.161 1533 1638 W ActivityManager: Stopping service due to app idle: u0a98 -1m34s138ms com.ss.android.ugc.aweme/com.amap.api.location.APSService
01-02 06:42:54.373 0 0 I binder : 30148:30148 ioctl 40046210 7fdf485f14 returned -22
01-02 06:42:55.735 0 0 E DTC_ETH,link_delay_work_func: 3003, SQI=0, link=0
01-02 06:42:57.470 0 0 E msm_pcm_playback_close: CMD_EOS failed, cmd_pending 0x8
01-02 06:43:00.854 0 0 E DTC_ETH,link_delay_work_func: 3003, SQI=0, link=0
03-14 07:14:22.257 1533 1666 V DisplayPowerController[0]: Brightness [0.05] reason changing to: 'manual [ dim ]', previous reason: 'manual'.
03-14 07:14:22.266 1533 1975 E DisplayDeviceConfig: requesting nits when no mapping exists.
03-14 07:14:22.267 1533 1975 E DisplayDeviceConfig: requesting nits when no mapping exists.
03-14 07:14:22.268 1533 1638 I DropBoxManagerService: add tag=system_server_wtf isTagEnabled=true flags=0x2
03-14 07:14:22.274 1533 1638 I DropBoxManagerService: add tag=system_server_wtf isTagEnabled=true flags=0x2
03-14 07:14:22.282 1533 1975 E DisplayDeviceConfig: requesting nits when no mapping exists.
03-14 07:14:22.283 1533 1975 E DisplayDeviceConfig: requesting nits when no mapping exists.
03-14 07:14:22.284 1533 1638 I DropBoxManagerService: add tag=system_server_wtf isTagEnabled=true flags=0x2
03-14 07:14:22.286 1533 1638 I DropBoxManagerService: add tag=system_server_wtf isTagEnabled=true flags=0x2
03-14 07:14:22.299 1533 1975 E DisplayDeviceConfig: requesting nits when no mapping exists.
03-14 07:14:22.299 1533 1975 E DisplayDeviceConfig: requesting nits when no mapping exists.
03-14 07:14:22.300 1533 1638 I DropBoxManagerService: add tag=system_server_wtf isTagEnabled=true flags=0x2
03-14 07:14:22.305 1533 1975 E DisplayDeviceConfig: requesting nits when no mapping exists.
03-14 07:14:22.306 1533 1975 E DisplayDeviceConfig: requesting nits when no mapping exists.
03-14 07:14:22.322 1533 1975 E DisplayDeviceConfig: requesting nits when no mapping exists.
03-14 07:14:22.322 1533 1975 E DisplayDeviceConfig: requesting nits when no mapping exists.
03-14 07:14:22.339 1533 1975 E DisplayDeviceConfig: requesting nits when no mapping exists.
03-14 07:14:22.340 1533 1975 E DisplayDeviceConfig: requesting nits when no mapping exists.
03-14 07:14:22.355 1533 1975 E DisplayDeviceConfig: requesting nits when no mapping exists.
03-14 07:14:22.356 1533 1975 E DisplayDeviceConfig: requesting nits when no mapping exists.
03-14 07:14:22.372 1533 1975 E DisplayDeviceConfig: requesting nits when no mapping exists.
03-14 07:14:22.372 1533 1975 E DisplayDeviceConfig: requesting nits when no mapping exists.
03-14 07:14:22.389 1533 1975 E DisplayDeviceConfig: requesting nits when no mapping exists.
03-14 07:14:22.390 1533 1975 E DisplayDeviceConfig: requesting nits when no mapping exists.
03-14 07:14:22.406 1533 1975 E DisplayDeviceConfig: requesting nits when no mapping exists.
03-14 07:14:22.407 1533 1975 E DisplayDeviceConfig: requesting nits when no mapping exists.
03-14 07:14:22.423 1533 1975 E DisplayDeviceConfig: requesting nits when no mapping exists.
03-14 07:14:22.423 1533 1975 E DisplayDeviceConfig: requesting nits when no mapping exists.
03-14 07:14:22.439 1533 1975 E DisplayDeviceConfig: requesting nits when no mapping exists.
03-14 07:14:22.439 1533 1975 E DisplayDeviceConfig: requesting nits when no mapping exists.
03-14 07:14:22.456 1533 1975 E DisplayDeviceConfig: requesting nits when no mapping exists.
03-14 07:14:22.456 1533 1975 E DisplayDeviceConfig: requesting nits when no mapping exists.
03-14 07:14:22.473 1533 1975 E DisplayDeviceConfig: requesting nits when no mapping exists.
03-14 07:14:22.473 1533 1975 E DisplayDeviceConfig: requesting nits when no mapping exists.
03-14 07:14:22.489 1533 1975 E DisplayDeviceConfig: requesting nits when no mapping exists.
03-14 07:14:22.490 1533 1975 E DisplayDeviceConfig: requesting nits when no mapping exists.
03-14 07:14:22.506 1533 1975 E DisplayDeviceConfig: requesting nits when no mapping exists.
03-14 07:14:22.507 1533 1975 E DisplayDeviceConfig: requesting nits when no mapping exists.
03-14 07:14:22.523 1533 1975 E DisplayDeviceConfig: requesting nits when no mapping exists.
03-14 07:14:22.523 1533 1975 E DisplayDeviceConfig: requesting nits when no mapping exists.
03-14 07:14:22.539 1533 1975 E DisplayDeviceConfig: requesting nits when no mapping exists.
03-14 07:14:22.540 1533 1975 E DisplayDeviceConfig: requesting nits when no mapping exists.
03-14 07:14:22.556 1533 1975 E DisplayDeviceConfig: requesting nits when no mapping exists.
03-14 07:14:22.557 1533 1975 E DisplayDeviceConfig: requesting nits when no mapping exists.
03-14 07:14:22.573 1533 1975 E DisplayDeviceConfig: requesting nits when no mapping exists.
03-14 07:14:22.573 1533 1975 E DisplayDeviceConfig: requesting nits when no mapping exists.
03-14 07:14:22.589 1533 1975 E DisplayDeviceConfig: requesting nits when no mapping exists.
03-14 07:14:22.589 1533 1975 E DisplayDeviceConfig: requesting nits when no mapping exists.
03-14 07:14:22.606 1533 1975 E DisplayDeviceConfig: requesting nits when no mapping exists.
03-14 07:14:22.607 1533 1975 E DisplayDeviceConfig: requesting nits when no mapping exists.
03-14 07:14:22.623 1533 1975 E DisplayDeviceConfig: requesting nits when no mapping exists.
03-14 07:14:22.624 1533 1975 E DisplayDeviceConfig: requesting nits when no mapping exists.
03-14 07:14:22.640 1533 1975 E DisplayDeviceConfig: requesting nits when no mapping exists.
03-14 07:14:22.640 1533 1975 E DisplayDeviceConfig: requesting nits when no mapping exists.
03-14 07:14:22.656 1533 1975 E DisplayDeviceConfig: requesting nits when no mapping exists.
03-14 07:14:22.657 1533 1975 E DisplayDeviceConfig: requesting nits when no mapping exists.
03-14 07:14:22.673 1533 1975 E DisplayDeviceConfig: requesting nits when no mapping exists.
03-14 07:14:22.673 1533 1975 E DisplayDeviceConfig: requesting nits when no mapping exists.
03-14 07:14:22.690 1533 1975 E DisplayDeviceConfig: requesting nits when no mapping exists.
03-14 07:14:22.690 1533 1975 E DisplayDeviceConfig: requesting nits when no mapping exists.
03-14 07:14:22.712 1533 1975 E DisplayDeviceConfig: requesting nits when no mapping exists.
03-14 07:14:22.713 1533 1975 E DisplayDeviceConfig: requesting nits when no mapping exists.
03-14 07:14:22.723 1533 1975 E DisplayDeviceConfig: requesting nits when no mapping exists.
03-14 07:14:22.723 1533 1975 E DisplayDeviceConfig: requesting nits when no mapping exists.
03-14 07:14:22.740 1533 1975 E DisplayDeviceConfig: requesting nits when no mapping exists.
03-14 07:14:22.740 1533 1975 E DisplayDeviceConfig: requesting nits when no mapping exists.
03-14 07:14:22.757 1533 1975 E DisplayDeviceConfig: requesting nits when no mapping exists.
03-14 07:14:22.757 1533 1975 E DisplayDeviceConfig: requesting nits when no mapping exists.
03-14 07:14:22.773 1533 1975 E DisplayDeviceConfig: requesting nits when no mapping exists.
03-14 07:14:22.774 1533 1975 E DisplayDeviceConfig: requesting nits when no mapping exists.
03-14 07:14:22.790 1533 1975 E DisplayDeviceConfig: requesting nits when no mapping exists.
03-14 07:14:22.790 1533 1975 E DisplayDeviceConfig: requesting nits when no mapping exists.
03-14 07:14:22.807 1533 1975 E DisplayDeviceConfig: requesting nits when no mapping exists.
03-14 07:14:22.808 1533 1975 E DisplayDeviceConfig: requesting nits when no mapping exists.
03-14 07:14:22.823 1533 1975 E DisplayDeviceConfig: requesting nits when no mapping exists.
03-14 07:14:22.824 1533 1975 E DisplayDeviceConfig: requesting nits when no mapping exists.
03-14 07:14:22.840 1533 1975 E DisplayDeviceConfig: requesting nits when no mapping exists.
03-14 07:14:22.840 1533 1975 E DisplayDeviceConfig: requesting nits when no mapping exists.
03-14 07:14:22.857 1533 1975 E DisplayDeviceConfig: requesting nits when no mapping exists.
03-14 07:14:22.857 1533 1975 E DisplayDeviceConfig: requesting nits when no mapping exists.
03-14 07:14:22.874 1533 1975 E DisplayDeviceConfig: requesting nits when no mapping exists.
03-14 07:14:22.874 1533 1975 E DisplayDeviceConfig: requesting nits when no mapping exists.
03-14 07:14:22.890 1533 1975 E DisplayDeviceConfig: requesting nits when no mapping exists.
03-14 07:14:22.891 1533 1975 E DisplayDeviceConfig: requesting nits when no mapping exists.
03-14 07:14:22.906 1533 1975 E DisplayDeviceConfig: requesting nits when no mapping exists.
03-14 07:14:22.907 1533 1975 E DisplayDeviceConfig: requesting nits when no mapping exists.
03-14 07:14:22.923 1533 1975 E DisplayDeviceConfig: requesting nits when no mapping exists.
03-14 07:14:22.923 1533 1975 E DisplayDeviceConfig: requesting nits when no mapping exists.
03-14 07:14:22.940 1533 1975 E DisplayDeviceConfig: requesting nits when no mapping exists.
03-14 07:14:22.942 1533 1975 E DisplayDeviceConfig: requesting nits when no mapping exists.
03-14 07:14:22.957 1533 1975 E DisplayDeviceConfig: requesting nits when no mapping exists.
03-14 07:14:22.957 1533 1975 E DisplayDeviceConfig: requesting nits when no mapping exists.
03-14 07:14:22.973 1533 1975 E DisplayDeviceConfig: requesting nits when no mapping exists.
03-14 07:14:22.974 1533 1975 E DisplayDeviceConfig: requesting nits when no mapping exists.
03-14 07:14:22.994 1533 1975 E DisplayDeviceConfig: requesting nits when no mapping exists.
03-14 07:14:22.995 1533 1975 E DisplayDeviceConfig: requesting nits when no mapping exists.
03-14 07:14:23.007 1533 1975 E DisplayDeviceConfig: requesting nits when no mapping exists.
03-14 07:14:23.007 1533 1975 E DisplayDeviceConfig: requesting nits when no mapping exists.
03-14 07:14:23.027 1533 1975 E DisplayDeviceConfig: requesting nits when no mapping exists.
03-14 07:14:23.027 1533 1975 E DisplayDeviceConfig: requesting nits when no mapping exists.
03-14 07:14:23.040 1533 1975 E DisplayDeviceConfig: requesting nits when no mapping exists.
03-14 07:14:23.041 1533 1975 E DisplayDeviceConfig: requesting nits when no mapping exists.
03-14 07:14:23.057 1533 1975 E DisplayDeviceConfig: requesting nits when no mapping exists.
03-14 07:14:23.057 1533 1975 E DisplayDeviceConfig: requesting nits when no mapping exists.
03-14 07:14:23.074 1533 1975 E DisplayDeviceConfig: requesting nits when no mapping exists.
03-14 07:14:23.074 1533 1975 E DisplayDeviceConfig: requesting nits when no mapping exists.
03-14 07:14:23.090 1533 1975 E DisplayDeviceConfig: requesting nits when no mapping exists.
03-14 07:14:23.091 1533 1975 E DisplayDeviceConfig: requesting nits when no mapping exists.
03-14 07:14:23.107 1533 1975 E DisplayDeviceConfig: requesting nits when no mapping exists.
03-14 07:14:23.107 1533 1975 E DisplayDeviceConfig: requesting nits when no mapping exists.
03-14 07:14:23.124 1533 1975 E DisplayDeviceConfig: requesting nits when no mapping exists.
03-14 07:14:23.124 1533 1975 E DisplayDeviceConfig: requesting nits when no mapping exists.
03-14 07:14:23.140 1533 1975 E DisplayDeviceConfig: requesting nits when no mapping exists.
03-14 07:14:23.141 1533 1975 E DisplayDeviceConfig: requesting nits when no mapping exists.
03-14 07:14:23.157 1533 1975 E DisplayDeviceConfig: requesting nits when no mapping exists.
03-14 07:14:23.158 1533 1975 E DisplayDeviceConfig: requesting nits when no mapping exists.
03-14 07:14:23.174 1533 1975 E DisplayDeviceConfig: requesting nits when no mapping exists.
03-14 07:14:23.175 1533 1975 E DisplayDeviceConfig: requesting nits when no mapping exists.
03-14 07:14:23.191 1533 1975 E DisplayDeviceConfig: requesting nits when no mapping exists.
03-14 07:14:23.191 1533 1975 E DisplayDeviceConfig: requesting nits when no mapping exists.
03-14 07:14:23.207 1533 1975 E DisplayDeviceConfig: requesting nits when no mapping exists.
03-14 07:14:23.208 1533 1975 E DisplayDeviceConfig: requesting nits when no mapping exists.
03-14 07:14:24.102 1533 1638 W ActivityManager: Stopping service due to app idle: u0a94 -2m11s770ms com.tencent.tmgp.sgame/com.tencent.android.tpush.service.XGVipPushService
03-14 07:14:24.103 1533 1638 W ActivityManager: Stopping service due to app idle: u0a94 -2m11s718ms com.tencent.tmgp.sgame/com.tencent.tpns.mqttchannel.services.MqttService
01-02 06:43:03.651 0 0 I [soft_i][0x36979d9e87][07:14:24.467455] wlan: [0:I:QDF] ARP-RS TX: SA:56:f4:a3:ce:a6:5f DA:d6:44:3b:15:39:91 msdu_id:243 status: nack
01-02 06:43:05.977 0 0 E DTC_ETH,link_delay_work_func: 3003, SQI=0, link=0
01-02 06:43:07.710 0 0 E msm_pcm_playback_close: CMD_EOS failed, cmd_pending 0x8
03-14 07:14:29.253 1533 1666 I PowerManagerService: Napping display group (groupId=0, uid=1000)...
03-14 07:14:29.253 1533 1666 I PowerManagerService: Nap time (uid 1000)...
03-14 07:14:29.254 1533 1666 I DreamManagerService: Entering dreamland.
03-14 07:14:29.258 1533 1666 I PowerManagerService: Dreaming...
03-14 07:14:29.258 1533 1619 I DreamController: Starting dream: name=ComponentInfo{com.thundercomm.screensaver/com.thundercomm.screensaver.service.SystemDream}, isTest=false, canDoze=false, userId=0
03-14 07:14:29.297 1533 2038 I ActivityTaskManager: START u0 {flg=0x10000000 pkg=com.thundercomm.screensaver cmp=com.thundercomm.screensaver/android.service.dreams.DreamActivity (has extras)} from uid 10051
03-14 07:14:29.302 1533 2038 W ActivityTaskManager: Can't find TaskDisplayArea to determine support for multi window. Task id=98 attached=false
03-14 07:14:29.323 1533 1560 I ActivityTaskManager: FOREGROUND_APPLICATION_CHANGED to android.service.dreams.DreamActivity
03-14 07:14:29.323 1533 1560 I ActivityTaskManager: The Process com.thundercomm.screensaver Already Exists in BG. So sending its PID: 24711
03-14 07:14:29.324 1533 1560 W ActivityTaskManager: Tried to set launchTime (0) < mLastActivityLaunchTime (11815540)
03-14 07:14:29.339 1533 2038 W WindowManager: Failed looking up window session=Session{eea826 24711:u0a10051} callers=com.android.server.wm.WindowManagerService.windowForClientLocked:5628 com.android.server.wm.Session.insetsModified:629 android.view.IWindowSession$Stub.onTransact:1151
03-14 07:14:29.386 1533 1666 V DisplayPowerController[0]: Brightness [1.0] reason changing to: 'manual', previous reason: 'manual [ dim ]'.
03-14 07:14:29.391 1533 1975 E DisplayDeviceConfig: requesting nits when no mapping exists.
03-14 07:14:29.391 1533 1975 E DisplayDeviceConfig: requesting nits when no mapping exists.
03-14 07:14:29.408 1533 1975 E DisplayDeviceConfig: requesting nits when no mapping exists.
03-14 07:14:29.408 1533 1975 E DisplayDeviceConfig: requesting nits when no mapping exists.
03-14 07:14:29.425 1533 1975 E DisplayDeviceConfig: requesting nits when no mapping exists.
03-14 07:14:29.425 1533 1975 E DisplayDeviceConfig: requesting nits when no mapping exists.
03-14 07:14:29.441 1533 1975 E DisplayDeviceConfig: requesting nits when no mapping exists.
03-14 07:14:29.441 1533 1975 E DisplayDeviceConfig: requesting nits when no mapping exists.
03-14 07:14:29.458 1533 1975 E DisplayDeviceConfig: requesting nits when no mapping exists.
03-14 07:14:29.458 1533 1975 E DisplayDeviceConfig: requesting nits when no mapping exists.
03-14 07:14:29.475 1533 1975 E DisplayDeviceConfig: requesting nits when no mapping exists.
03-14 07:14:29.475 1533 1975 E DisplayDeviceConfig: requesting nits when no mapping exists.
03-14 07:14:29.488 1533 1561 W FreeFormWindowHelper: Current Display FreeFormTask is null
03-14 07:14:29.491 1533 1975 E DisplayDeviceConfig: requesting nits when no mapping exists.
03-14 07:14:29.491 1533 1975 E DisplayDeviceConfig: requesting nits when no mapping exists.
03-14 07:14:29.508 1533 1975 E DisplayDeviceConfig: requesting nits when no mapping exists.
03-14 07:14:29.508 1533 1975 E DisplayDeviceConfig: requesting nits when no mapping exists.
03-14 07:14:29.524 1533 1975 E DisplayDeviceConfig: requesting nits when no mapping exists.
03-14 07:14:29.525 1533 1975 E DisplayDeviceConfig: requesting nits when no mapping exists.
03-14 07:14:29.540 1533 1628 W UsageStatsService: Unexpected activity event reported! (com.qiyi.video/com.qiyi.video.qysplashscreen.hotlaunch.HotSplashScreenActivity event : 23 instanceId : 84237289)
03-14 07:14:29.541 1533 1975 E DisplayDeviceConfig: requesting nits when no mapping exists.
03-14 07:14:29.542 1533 1975 E DisplayDeviceConfig: requesting nits when no mapping exists.
03-14 07:14:29.542 1533 1623 W ActivityTaskManager: Can't find TaskDisplayArea to determine support for multi window. Task id=97 attached=false
03-14 07:14:29.542 1533 1623 W ActivityTaskManager: Can't find TaskDisplayArea to determine support for multi window. Task id=97 attached=false
03-14 07:14:29.558 1533 1975 E DisplayDeviceConfig: requesting nits when no mapping exists.
03-14 07:14:29.558 1533 1975 E DisplayDeviceConfig: requesting nits when no mapping exists.
03-14 07:14:29.576 1533 1975 E DisplayDeviceConfig: requesting nits when no mapping exists.
03-14 07:14:29.576 1533 1975 E DisplayDeviceConfig: requesting nits when no mapping exists.
03-14 07:14:29.576 1533 1638 W ActivityManager: Stopping service due to app idle: u0a99 -1m2s24ms com.qiyi.video/com.q.m.QS
03-14 07:14:29.592 1533 1975 E DisplayDeviceConfig: requesting nits when no mapping exists.
03-14 07:14:29.592 1533 1975 E DisplayDeviceConfig: requesting nits when no mapping exists.
03-14 07:14:29.608 1533 1975 E DisplayDeviceConfig: requesting nits when no mapping exists.
03-14 07:14:29.608 1533 1975 E DisplayDeviceConfig: requesting nits when no mapping exists.
03-14 07:14:29.627 1533 1975 E DisplayDeviceConfig: requesting nits when no mapping exists.
03-14 07:14:29.627 1533 1975 E DisplayDeviceConfig: requesting nits when no mapping exists.
03-14 07:14:29.642 1533 1975 E DisplayDeviceConfig: requesting nits when no mapping exists.
03-14 07:14:29.642 1533 1975 E DisplayDeviceConfig: requesting nits when no mapping exists.
03-14 07:14:29.658 1533 1975 E DisplayDeviceConfig: requesting nits when no mapping exists.
03-14 07:14:29.658 1533 1975 E DisplayDeviceConfig: requesting nits when no mapping exists.
03-14 07:14:29.675 1533 1975 E DisplayDeviceConfig: requesting nits when no mapping exists.
03-14 07:14:29.675 1533 1975 E DisplayDeviceConfig: requesting nits when no mapping exists.
03-14 07:14:29.692 1533 1975 E DisplayDeviceConfig: requesting nits when no mapping exists.
03-14 07:14:29.692 1533 1975 E DisplayDeviceConfig: requesting nits when no mapping exists.
03-14 07:14:29.695 1533 2038 W FreeFormWindowHelper: exitRecentTasks type=0
03-14 07:14:29.709 1533 1975 E DisplayDeviceConfig: requesting nits when no mapping exists.
03-14 07:14:29.709 1533 1975 E DisplayDeviceConfig: requesting nits when no mapping exists.
03-14 07:14:29.725 1533 1975 E DisplayDeviceConfig: requesting nits when no mapping exists.
03-14 07:14:29.725 1533 1975 E DisplayDeviceConfig: requesting nits when no mapping exists.
03-14 07:14:29.742 1533 1975 E DisplayDeviceConfig: requesting nits when no mapping exists.
03-14 07:14:29.742 1533 1975 E DisplayDeviceConfig: requesting nits when no mapping exists.
03-14 07:14:29.756 1533 1975 E DisplayDeviceConfig: requesting nits when no mapping exists.
03-14 07:14:29.756 1533 1975 E DisplayDeviceConfig: requesting nits when no mapping exists.
03-14 07:14:29.773 1533 1975 E DisplayDeviceConfig: requesting nits when no mapping exists.
03-14 07:14:29.773 1533 1975 E DisplayDeviceConfig: requesting nits when no mapping exists.
03-14 07:14:29.790 1533 1975 E DisplayDeviceConfig: requesting nits when no mapping exists.
03-14 07:14:29.790 1533 1975 E DisplayDeviceConfig: requesting nits when no mapping exists.
03-14 07:14:29.806 1533 1975 E DisplayDeviceConfig: requesting nits when no mapping exists.
03-14 07:14:29.806 1533 1975 E DisplayDeviceConfig: requesting nits when no mapping exists.
03-14 07:14:29.823 1533 1975 E DisplayDeviceConfig: requesting nits when no mapping exists.
03-14 07:14:29.823 1533 1975 E DisplayDeviceConfig: requesting nits when no mapping exists.
03-14 07:14:29.840 1533 1975 E DisplayDeviceConfig: requesting nits when no mapping exists.
03-14 07:14:29.840 1533 1975 E DisplayDeviceConfig: requesting nits when no mapping exists.
03-14 07:14:29.856 1533 1975 E DisplayDeviceConfig: requesting nits when no mapping exists.
03-14 07:14:29.857 1533 1975 E DisplayDeviceConfig: requesting nits when no mapping exists.
03-14 07:14:29.873 1533 1975 E DisplayDeviceConfig: requesting nits when no mapping exists.
03-14 07:14:29.873 1533 1975 E DisplayDeviceConfig: requesting nits when no mapping exists.
03-14 07:14:29.890 1533 1975 E DisplayDeviceConfig: requesting nits when no mapping exists.
03-14 07:14:29.890 1533 1975 E DisplayDeviceConfig: requesting nits when no mapping exists.
03-14 07:14:29.906 1533 1975 E DisplayDeviceConfig: requesting nits when no mapping exists.
03-14 07:14:29.907 1533 1975 E DisplayDeviceConfig: requesting nits when no mapping exists.
03-14 07:14:29.923 1533 1975 E DisplayDeviceConfig: requesting nits when no mapping exists.
03-14 07:14:29.923 1533 1975 E DisplayDeviceConfig: requesting nits when no mapping exists.
03-14 07:14:29.940 1533 1975 E DisplayDeviceConfig: requesting nits when no mapping exists.
03-14 07:14:29.940 1533 1975 E DisplayDeviceConfig: requesting nits when no mapping exists.
03-14 07:14:29.957 1533 1975 E DisplayDeviceConfig: requesting nits when no mapping exists.
03-14 07:14:29.957 1533 1975 E DisplayDeviceConfig: requesting nits when no mapping exists.
03-14 07:14:29.973 1533 1975 E DisplayDeviceConfig: requesting nits when no mapping exists.
03-14 07:14:29.973 1533 1975 E DisplayDeviceConfig: requesting nits when no mapping exists.
03-14 07:14:29.974 1533 2038 W FreeFormWindowHelper: Current Display FreeFormTask is null
03-14 07:14:29.990 1533 1975 E DisplayDeviceConfig: requesting nits when no mapping exists.
03-14 07:14:29.990 1533 1975 E DisplayDeviceConfig: requesting nits when no mapping exists.
03-14 07:14:30.007 1533 1975 E DisplayDeviceConfig: requesting nits when no mapping exists.
03-14 07:14:30.007 1533 1975 E DisplayDeviceConfig: requesting nits when no mapping exists.
03-14 07:14:30.023 1533 1975 E DisplayDeviceConfig: requesting nits when no mapping exists.
03-14 07:14:30.024 1533 1975 E DisplayDeviceConfig: requesting nits when no mapping exists.
03-14 07:14:30.040 1533 1975 E DisplayDeviceConfig: requesting nits when no mapping exists.
03-14 07:14:30.040 1533 1975 E DisplayDeviceConfig: requesting nits when no mapping exists.
03-14 07:14:30.057 1533 1975 E DisplayDeviceConfig: requesting nits when no mapping exists.
03-14 07:14:30.057 1533 1975 E DisplayDeviceConfig: requesting nits when no mapping exists.
03-14 07:14:30.073 1533 1975 E DisplayDeviceConfig: requesting nits when no mapping exists.
03-14 07:14:30.074 1533 1975 E DisplayDeviceConfig: requesting nits when no mapping exists.
03-14 07:14:30.090 1533 1975 E DisplayDeviceConfig: requesting nits when no mapping exists.
03-14 07:14:30.090 1533 1975 E DisplayDeviceConfig: requesting nits when no mapping exists.
03-14 07:14:30.107 1533 1975 E DisplayDeviceConfig: requesting nits when no mapping exists.
03-14 07:14:30.107 1533 1975 E DisplayDeviceConfig: requesting nits when no mapping exists.
03-14 07:14:30.123 1533 1975 E DisplayDeviceConfig: requesting nits when no mapping exists.
03-14 07:14:30.124 1533 1975 E DisplayDeviceConfig: requesting nits when no mapping exists.
03-14 07:14:30.140 1533 1975 E DisplayDeviceConfig: requesting nits when no mapping exists.
03-14 07:14:30.140 1533 1975 E DisplayDeviceConfig: requesting nits when no mapping exists.
03-14 07:14:30.157 1533 1975 E DisplayDeviceConfig: requesting nits when no mapping exists.
03-14 07:14:30.157 1533 1975 E DisplayDeviceConfig: requesting nits when no mapping exists.
03-14 07:14:30.174 1533 1975 E DisplayDeviceConfig: requesting nits when no mapping exists.
03-14 07:14:30.174 1533 1975 E DisplayDeviceConfig: requesting nits when no mapping exists.
03-14 07:14:30.190 1533 1975 E DisplayDeviceConfig: requesting nits when no mapping exists.
03-14 07:14:30.191 1533 1975 E DisplayDeviceConfig: requesting nits when no mapping exists.
03-14 07:14:30.207 1533 1975 E DisplayDeviceConfig: requesting nits when no mapping exists.
03-14 07:14:30.207 1533 1975 E DisplayDeviceConfig: requesting nits when no mapping exists.
03-14 07:14:30.224 1533 1975 E DisplayDeviceConfig: requesting nits when no mapping exists.
03-14 07:14:30.224 1533 1975 E DisplayDeviceConfig: requesting nits when no mapping exists.
03-14 07:14:30.241 1533 1975 E DisplayDeviceConfig: requesting nits when no mapping exists.
03-14 07:14:30.241 1533 1975 E DisplayDeviceConfig: requesting nits when no mapping exists.
03-14 07:14:30.257 1533 1975 E DisplayDeviceConfig: requesting nits when no mapping exists.
03-14 07:14:30.257 1533 1975 E DisplayDeviceConfig: requesting nits when no mapping exists.
03-14 07:14:30.274 1533 1975 E DisplayDeviceConfig: requesting nits when no mapping exists.
03-14 07:14:30.274 1533 1975 E DisplayDeviceConfig: requesting nits when no mapping exists.
03-14 07:14:30.291 1533 1975 E DisplayDeviceConfig: requesting nits when no mapping exists.
03-14 07:14:30.291 1533 1975 E DisplayDeviceConfig: requesting nits when no mapping exists.
03-14 07:14:30.307 1533 1975 E DisplayDeviceConfig: requesting nits when no mapping exists.
03-14 07:14:30.307 1533 1975 E DisplayDeviceConfig: requesting nits when no mapping exists.
03-14 07:14:30.324 1533 1975 E DisplayDeviceConfig: requesting nits when no mapping exists.
03-14 07:14:30.324 1533 1975 E DisplayDeviceConfig: requesting nits when no mapping exists.
03-14 07:14:30.341 1533 1975 E DisplayDeviceConfig: requesting nits when no mapping exists.
03-14 07:14:30.341 1533 1975 E DisplayDeviceConfig: requesting nits when no mapping exists.
03-14 07:14:30.698 1533 9755 I DreamManagerService: Gently waking up from dream.
03-14 07:14:30.698 1533 1619 I DreamManagerService: Performing gentle wake from dream.
03-14 07:14:30.699 1533 2038 I ActivityTaskManager: FOREGROUND_APPLICATION_CHANGED to com.android.launcher3.uioverrides.QuickstepLauncher
03-14 07:14:30.712 1533 1561 W FreeFormWindowHelper: Current Display FreeFormTask is null
03-14 07:14:30.712 1533 1561 W FreeFormWindowHelper: Current Display FreeFormTask is null
03-14 07:14:30.728 1533 1666 I PowerManagerService: Powering on display group fromDreaming (groupId=0, uid=1000, reason=WAKE_REASON_UNKNOWN, details=android.server.power:DREAM_FINISHED)...
03-14 07:14:30.728 1533 1666 I PowerManagerService: Waking up from Dreaming (uid=1000, reason=WAKE_REASON_UNKNOWN, details=android.server.power:DREAM_FINISHED)...
03-14 07:14:30.801 1533 1561 W FreeFormWindowHelper: Current Display FreeFormTask is null
03-14 07:14:30.981 1533 2038 I DreamManagerService: Leaving dreamland.
03-14 07:14:30.981 1533 1619 I DreamManagerService: Performing gentle wake from dream.
03-14 07:14:30.981 1533 1619 I DreamController: Stopping dream: name=ComponentInfo{com.thundercomm.screensaver/com.thundercomm.screensaver.service.SystemDream}, isTest=false, canDoze=false, userId=0, reason='finished self'(from 'finished self')
03-14 07:14:30.987 1533 1623 W ActivityTaskManager: Can't find TaskDisplayArea to determine support for multi window. Task id=98 attached=false
03-14 07:14:31.684 1533 1560 W FreeFormWindowHelper: Current Display FreeFormTask is null
03-14 07:14:31.685 1533 2038 W FreeFormWindowHelper: Current Display FreeFormTask is null
03-14 07:14:31.685 1533 2038 W FreeFormWindowHelper: Current Display FreeFormTask is null
03-14 07:14:31.699 1533 1560 W FreeFormWindowHelper: Current Display FreeFormTask is null
03-14 07:14:31.699 1533 1560 W FreeFormWindowHelper: Current Display FreeFormTask is null
03-14 07:14:31.700 1533 1560 W FreeFormWindowHelper: Current Display FreeFormTask is null
03-14 07:14:31.701 1533 1560 W FreeFormWindowHelper: Current Display FreeFormTask is null
03-14 07:14:31.703 1533 2038 W ActivityTaskManager: getTaskSnapshot: taskId=-34 not found
