03-14 07:18:12.636 1533 3100 I thunderperf: CompatConfig.addOverrideUnsafe: aft-state=0
03-14 07:18:12.636 1533 3100 I thunderperf: CompatConfig.addOverrideUnsafe: bef-state=1
03-14 07:18:12.637 1533 3100 I thunderperf: CompatConfig.addOverrideUnsafe: aft-state=0
03-14 07:18:12.637 1533 3100 I thunderperf: CompatConfig.addOverrideUnsafe: bef-state=1
03-14 07:18:12.637 1533 3100 I thunderperf: CompatConfig.addOverrideUnsafe: aft-state=0
03-14 07:18:12.637 1533 3100 I thunderperf: CompatConfig.addOverrideUnsafe: bef-state=1
03-14 07:18:12.637 1533 3100 I thunderperf: CompatConfig.addOverrideUnsafe: aft-state=0
03-14 07:18:12.645 1533 3100 I ActivityTaskManager: START u0 {act=android.intent.action.MAIN cat=[android.intent.category.LAUNCHER] flg=0x10200000 cmp=com.qiyi.video/.WelcomeActivity bnds=[413,378][715,672]} from uid 10074
03-14 07:18:12.649 1533 3100 I wm_task_created: [100,-1]
03-14 07:18:12.649 1533 3100 W ActivityTaskManager: Can't find TaskDisplayArea to determine support for multi window. Task id=100 attached=false
03-14 07:18:12.651 1533 3100 D CompatibilityChangeReporter: Compat change id reported: 174042980; UID 10099; state: DISABLED
03-14 07:18:12.654 1533 3100 D CompatibilityChangeReporter: Compat change id reported: 184838306; UID 10099; state: DISABLED
03-14 07:18:12.656 1533 3100 D CompatibilityChangeReporter: Compat change id reported: 185004937; UID 10099; state: DISABLED
03-14 07:18:12.656 1533 3100 D CompatibilityChangeReporter: Compat change id reported: 181136395; UID 10099; state: DISABLED
03-14 07:18:12.656 1533 3100 D CompatibilityChangeReporter: Compat change id reported: 174042936; UID 10099; state: DISABLED
03-14 07:18:12.657 1533 3100 I wm_task_moved: [100,1,9]
03-14 07:18:12.657 1533 3100 I wm_task_to_front: [0,100]
03-14 07:18:12.657 1533 3100 I wm_create_task: [0,100]
03-14 07:18:12.657 1533 3100 I wm_create_activity: [0,66527256,100,com.qiyi.video/.WelcomeActivity,android.intent.action.MAIN,NULL,NULL,270532608]
03-14 07:18:12.657 1533 3100 I wm_task_moved: [100,1,9]
03-14 07:18:12.657 1533 3100 D CompatibilityChangeReporter: Compat change id reported: 168419799; UID 10099; state: DISABLED
03-14 07:18:12.658 1533 3100 I wm_pause_activity: [0,57706815,com.android.launcher3/.uioverrides.QuickstepLauncher,userLeaving=true,pauseBackTasks]
03-14 07:18:12.660 1533 6794 W FreeFormWindowHelper: Current Display FreeFormTask is null
03-14 07:18:12.661 2568 2568 I wm_on_top_resumed_lost_called: [57706815,com.android.launcher3.uioverrides.QuickstepLauncher,topStateChangedWhenResumed]
03-14 07:18:12.661 2568 2568 I wm_on_paused_called: [57706815,com.android.launcher3.uioverrides.QuickstepLauncher,performPause]
03-14 07:18:12.662 1533 10210 I ActivityTaskManager: FOREGROUND_APPLICATION_CHANGED to org.qiyi.android.video.MainActivity
03-14 07:18:12.663 1533 10210 I ActivityTaskManager: The Process com.qiyi.video Already Exists in BG. So sending its PID: 31776
03-14 07:18:12.663 1533 10210 I wm_add_to_stopping: [0,57706815,com.android.launcher3/.uioverrides.QuickstepLauncher,makeInvisible]
03-14 07:18:12.664 1533 10210 I wm_restart_activity: [0,66527256,100,com.qiyi.video/.WelcomeActivity]
03-14 07:18:12.665 1533 10210 I wm_set_resumed_activity: [0,com.qiyi.video/.WelcomeActivity,minimalResumeActivityLocked]
03-14 07:18:12.667 1533 1622 I am_uid_active: 10099
03-14 07:18:12.681 1533 1622 I sysui_multi_action: [757,803,799,window_time_0,802,3]
03-14 07:18:12.697 1533 1781 I input_focus: [Focus leaving 587a4a0 com.android.launcher3/com.android.launcher3.uioverrides.QuickstepLauncher (server),reason=NO_WINDOW]
03-14 07:18:12.707 31776 31776 I wm_on_create_called: [66527256,com.qiyi.video.WelcomeActivity,performCreate]
03-14 07:18:12.725 1533 1628 I am_pss : [21458,10093,com.tencent.tmgp.pubgmhd,483852288,470306816,2281472,572911616,0,4,33]
03-14 07:18:12.767 1533 3100 W FreeFormWindowHelper: Current Display FreeFormTask is null
01-02 06:46:52.022 0 0 E msm_pcm_playback_close: CMD_EOS failed, cmd_pending 0x8
03-14 07:18:13.114 31776 31776 I wm_on_start_called: [66527256,com.qiyi.video.WelcomeActivity,handleStartActivity]
03-14 07:18:13.131 1533 1560 D CompatibilityChangeReporter: Compat change id reported: 135634846; UID 10099; state: DISABLED
03-14 07:18:13.131 1533 1639 D CompatibilityChangeReporter: Compat change id reported: 143937733; UID 10099; state: ENABLED
03-14 07:18:13.133 31776 31776 I wm_on_resume_called: [66527256,com.qiyi.video.WelcomeActivity,RESUME_ACTIVITY]
03-14 07:18:13.138 1533 1639 I am_proc_start: [0,32234,10099,com.qiyi.video:QS,service,{com.qiyi.video/com.q.m.QS}]
03-14 07:18:13.138 1533 1639 I ActivityManager: Start proc 32234:com.qiyi.video:QS/u0a99 for service {com.qiyi.video/com.q.m.QS}
01-02 06:46:52.337 0 0 I binder : 32234:32234 ioctl 40046210 ff8d8a18 returned -22
03-14 07:18:13.155 31776 31776 I wm_on_top_resumed_gained_called: [66527256,com.qiyi.video.WelcomeActivity,topStateChangedWhenResumed]
03-14 07:18:13.157 1533 1932 I am_proc_bound: [0,32234,com.qiyi.video:QS]
03-14 07:18:13.168 1533 1623 I input_focus: [Focus request 134e0d5 com.qiyi.video/com.qiyi.video.WelcomeActivity,reason=UpdateInputWindows]
03-14 07:18:13.196 1533 1853 I netstats_mobile_sample: [0,0,0,0,0,0,0,0,0,0,0,0,1678775127448]
03-14 07:18:13.197 1533 1853 I netstats_wifi_sample: [93418776,76520,2012773,21743,93418776,76520,2012773,21743,91965405,77910,1666223,20758,1678775127448]
01-02 06:46:52.392 0 0 I binder : 31776:32148 ioctl 40046210 b65a0d38 returned -22
03-14 07:18:13.227 1533 1619 I sysui_multi_action: [319,52,321,44,322,579,325,12438,757,761,758,8,759,1,806,com.qiyi.video,871,com.qiyi.video.WelcomeActivity,904,com.android.launcher3,905,0,1320,4,1321,4]
03-14 07:18:13.228 1533 1619 I wm_activity_launch_time: [0,66527256,com.qiyi.video/.WelcomeActivity,579]
03-14 07:18:13.231 1533 1781 I input_focus: [Focus entering 134e0d5 com.qiyi.video/com.qiyi.video.WelcomeActivity (server),reason=Window became focusable. Previous reason: NOT_VISIBLE]
03-14 07:18:13.235 1533 1622 I wm_stop_activity: [0,57706815,com.android.launcher3/.uioverrides.QuickstepLauncher]
03-14 07:18:13.242 1533 1781 I input_interaction: Interaction with: 134e0d5 com.qiyi.video/com.qiyi.video.WelcomeActivity (server), edge-swipe (server), swipe-up (server), PointerEventDispatcher0 (server),
03-14 07:18:13.250 2568 2568 I wm_on_stop_called: [57706815,com.android.launcher3.uioverrides.QuickstepLauncher,STOP_ACTIVITY_ITEM]
03-14 07:18:13.261 32234 32234 W Looper : Loop again would have the queued messages be executed before this one completed.
03-14 07:18:13.611 0 0 I auditd : type=1400 audit(0.0:15754): avc: denied { kill } for comm="swapper/5" capability=5 scontext=u:r:kernel:s0 tcontext=u:r:kernel:s0 tclass=capability permissive=0
03-14 07:18:14.049 1533 1781 I input_interaction: Interaction with: edge-swipe (server), swipe-up (server), PointerEventDispatcher0 (server),
01-02 06:46:53.537 0 0 I msm_vidc: high: 00000003: ....d: Opening video instance: 0000000000000000, 1
01-02 06:46:53.537 0 0 I msm_vidc: err : 00000003: ....d: Failed to create debugfs for msm_vidc
03-14 07:18:14.537 1533 1781 I input_interaction: Interaction with: 134e0d5 com.qiyi.video/com.qiyi.video.WelcomeActivity (server), edge-swipe (server), swipe-up (server), PointerEventDispatcher0 (server),
03-14 07:18:14.540 1533 1560 W FreeFormWindowHelper: Current Display FreeFormTask is null
03-14 07:18:14.540 1533 1560 W FreeFormWindowHelper: Current Display FreeFormTask is null
03-14 07:18:14.541 1533 1560 W FreeFormWindowHelper: Current Display FreeFormTask is null
03-14 07:18:14.541 1533 1560 I wm_task_moved: [11,0,0]
03-14 07:18:14.541 1533 1560 I wm_task_moved: [11,0,8]
03-14 07:18:14.541 1533 3100 W FreeFormWindowHelper: Current Display FreeFormTask is null
03-14 07:18:14.546 2568 2568 I wm_on_restart_called: [57706815,com.android.launcher3.uioverrides.QuickstepLauncher,performRestartActivity]
03-14 07:18:14.547 1533 1560 W FreeFormWindowHelper: Current Display FreeFormTask is null
03-14 07:18:14.547 1533 1932 W FreeFormWindowHelper: Current Display FreeFormTask is null
03-14 07:18:14.547 1533 1932 W FreeFormWindowHelper: Current Display FreeFormTask is null
03-14 07:18:14.595 2568 2568 I wm_on_start_called: [57706815,com.android.launcher3.uioverrides.QuickstepLauncher,handleStartActivity]
03-14 07:18:14.596 31776 31776 I view_enqueue_input_event: [Motion - Cancel,com.qiyi.video/com.qiyi.video.WelcomeActivity]
03-14 07:18:14.596 1533 1623 I input_focus: [Focus request recents_animation_input_consumer,reason=UpdateInputWindows]
03-14 07:18:14.599 1533 3100 W ActivityTaskManager: getTaskSnapshot: taskId=-194 not found
03-14 07:18:14.601 1533 1932 W ActivityTaskManager: getTaskSnapshot: taskId=-193 not found
03-14 07:18:14.601 1533 1560 W FreeFormWindowHelper: Current Display FreeFormTask is null
03-14 07:18:14.601 1533 1560 W FreeFormWindowHelper: Current Display FreeFormTask is null
03-14 07:18:14.602 2568 2568 I sysui_latency: [1,65]
03-14 07:18:14.603 1533 1781 I input_interaction: Interaction with: edge-swipe (server), swipe-up (server), PointerEventDispatcher0 (server),
03-14 07:18:14.604 1533 1560 W FreeFormWindowHelper: Current Display FreeFormTask is null
03-14 07:18:14.604 1533 3100 W FreeFormWindowHelper: Current Display FreeFormTask is null
03-14 07:18:14.605 1533 1932 W FreeFormWindowHelper: Current Display FreeFormTask is null
03-14 07:18:14.605 1533 1932 W FreeFormWindowHelper: Current Display FreeFormTask is null
03-14 07:18:14.607 1533 1619 I sysui_multi_action: [319,3,322,63,325,12439,757,761,758,9,759,5,806,com.android.launcher3,871,com.android.launcher3.uioverrides.QuickstepLauncher,904,com.android.launcher3,905,0,1320,8,1321,5]
03-14 07:18:14.614 1533 1560 W ActivityTaskManager: getTaskSnapshot: taskId=-132 not found
03-14 07:18:14.611 0 0 I auditd : type=1400 audit(0.0:15755): avc: denied { kill } for comm="swapper/5" capability=5 scontext=u:r:kernel:s0 tcontext=u:r:kernel:s0 tclass=capability permissive=0
03-14 07:18:14.616 1533 3100 W FreeFormWindowHelper: Current Display FreeFormTask is null
03-14 07:18:14.616 1533 3100 W FreeFormWindowHelper: Current Display FreeFormTask is null
03-14 07:18:14.617 1533 1560 W ActivityTaskManager: getTaskSnapshot: taskId=-131 not found
03-14 07:18:14.618 1533 1781 I input_focus: [Focus leaving 134e0d5 com.qiyi.video/com.qiyi.video.WelcomeActivity (server),reason=NOT_FOCUSABLE]
03-14 07:18:14.618 1533 1781 I input_focus: [Focus entering recents_animation_input_consumer (server),reason=setFocusedWindow]
03-14 07:18:14.632 1533 10633 W FreeFormWindowHelper: Current Display FreeFormTask is null
03-14 07:18:14.632 1533 10633 W FreeFormWindowHelper: Current Display FreeFormTask is null
03-14 07:18:14.649 1533 10633 W FreeFormWindowHelper: Current Display FreeFormTask is null
03-14 07:18:14.649 1533 10633 W FreeFormWindowHelper: Current Display FreeFormTask is null
03-14 07:18:14.703 31965 31965 I auditd : type=1400 audit(0.0:15756): avc: denied { read } for comm="StatHandlerMana" name="sdcard" dev="tmpfs" ino=1359 scontext=u:r:untrusted_app:s0:c99,c256,c512,c768 tcontext=u:object_r:mnt_sdcard_file:s0 tclass=lnk_file permissive=0 app=com.qiyi.video
03-14 07:18:14.703 31965 31965 I auditd : type=1400 audit(0.0:15757): avc: denied { read } for comm="StatHandlerMana" name="sdcard" dev="tmpfs" ino=1359 scontext=u:r:untrusted_app:s0:c99,c256,c512,c768 tcontext=u:object_r:mnt_sdcard_file:s0 tclass=lnk_file permissive=0 app=com.qiyi.video
03-14 07:18:14.703 31965 31965 I auditd : type=1400 audit(0.0:15758): avc: denied { read } for comm="StatHandlerMana" name="sdcard" dev="tmpfs" ino=1359 scontext=u:r:untrusted_app:s0:c99,c256,c512,c768 tcontext=u:object_r:mnt_sdcard_file:s0 tclass=lnk_file permissive=0 app=com.qiyi.video
03-14 07:18:14.703 31965 31965 I auditd : type=1400 audit(0.0:15759): avc: denied { read } for comm="StatHandlerMana" name="sdcard" dev="tmpfs" ino=1359 scontext=u:r:untrusted_app:s0:c99,c256,c512,c768 tcontext=u:object_r:mnt_sdcard_file:s0 tclass=lnk_file permissive=0 app=com.qiyi.video
03-14 07:18:14.703 31965 31965 I auditd : type=1400 audit(0.0:15760): avc: denied { read } for comm="StatHandlerMana" name="sdcard" dev="tmpfs" ino=1359 scontext=u:r:untrusted_app:s0:c99,c256,c512,c768 tcontext=u:object_r:mnt_sdcard_file:s0 tclass=lnk_file permissive=0 app=com.qiyi.video
03-14 07:18:14.703 31965 31965 I auditd : type=1400 audit(0.0:15761): avc: denied { read } for comm="StatHandlerMana" name="sdcard" dev="tmpfs" ino=1359 scontext=u:r:untrusted_app:s0:c99,c256,c512,c768 tcontext=u:object_r:mnt_sdcard_file:s0 tclass=lnk_file permissive=0 app=com.qiyi.video
03-14 07:18:14.703 31965 31965 I auditd : type=1400 audit(0.0:15762): avc: denied { read } for comm="StatHandlerMana" name="sdcard" dev="tmpfs" ino=1359 scontext=u:r:untrusted_app:s0:c99,c256,c512,c768 tcontext=u:object_r:mnt_sdcard_file:s0 tclass=lnk_file permissive=0 app=com.qiyi.video
01-02 06:46:53.893 0 0 W audit : audit_lost=3761 audit_rate_limit=5 audit_backlog_limit=64
01-02 06:46:53.893 0 0 E audit : rate limit exceeded
03-14 07:18:14.798 1533 1739 I commit_sys_config_file: [settings-1-0,3]
03-14 07:18:14.906 1533 1628 I sysui_latency: [8,66]
03-14 07:18:14.924 1533 3100 W FreeFormWindowHelper: Current Display FreeFormTask is null
03-14 07:18:14.924 1533 3100 W FreeFormWindowHelper: Current Display FreeFormTask is null
03-14 07:18:14.924 1533 3100 W FreeFormWindowHelper: Current Display FreeFormTask is null
03-14 07:18:15.268 1533 3100 I wm_task_moved: [11,1,9]
03-14 07:18:15.269 1533 3100 I wm_focused_root_task: [0,0,11,100,RecentsAnimation.onAnimationFinished()]
03-14 07:18:15.270 31776 31776 I wm_on_top_resumed_lost_called: [66527256,com.qiyi.video.WelcomeActivity,topStateChangedWhenResumed]
03-14 07:18:15.276 1533 3100 I wm_pause_activity: [0,66527256,com.qiyi.video/.WelcomeActivity,userLeaving=false,pauseBackTasks]
03-14 07:18:15.278 1533 3100 I ActivityTaskManager: FOREGROUND_APPLICATION_CHANGED to com.android.launcher3.uioverrides.QuickstepLauncher
03-14 07:18:15.279 1533 3100 I wm_set_resumed_activity: [0,com.android.launcher3/.uioverrides.QuickstepLauncher,resumeTopActivityInnerLocked]
03-14 07:18:15.281 1533 3100 I wm_resume_activity: [0,57706815,12,com.android.launcher3/.uioverrides.QuickstepLauncher]
03-14 07:18:15.282 2568 2568 I wm_on_resume_called: [57706815,com.android.launcher3.uioverrides.QuickstepLauncher,RESUME_ACTIVITY]
03-14 07:18:15.283 1533 3100 I wm_add_to_stopping: [0,66527256,com.qiyi.video/.WelcomeActivity,makeInvisible]
03-14 07:18:15.291 1533 1623 I input_focus: [Focus request 587a4a0 com.android.launcher3/com.android.launcher3.uioverrides.QuickstepLauncher,reason=UpdateInputWindows]
03-14 07:18:15.295 1533 1560 I wm_stop_activity: [0,66527256,com.qiyi.video/.WelcomeActivity]
03-14 07:18:15.296 1533 1560 W FreeFormWindowHelper: Current Display FreeFormTask is null
03-14 07:18:15.296 1533 1560 W FreeFormWindowHelper: Current Display FreeFormTask is null
03-14 07:18:15.297 1533 1622 I sysui_multi_action: [757,803,799,window_time_0,802,2]
03-14 07:18:15.297 1533 1560 W FreeFormWindowHelper: Current Display FreeFormTask is null
03-14 07:18:15.299 1533 1622 I sysui_multi_action: [757,803,799,window_time_0,802,0]
03-14 07:18:15.302 31776 31776 I wm_on_paused_called: [66527256,com.qiyi.video.WelcomeActivity,performPause]
03-14 07:18:15.303 1533 1781 I input_focus: [Focus leaving recents_animation_input_consumer (server),reason=NOT_VISIBLE]
03-14 07:18:15.304 1533 1781 I input_focus: [Focus entering 587a4a0 com.android.launcher3/com.android.launcher3.uioverrides.QuickstepLauncher (server),reason=setFocusedWindow]
03-14 07:18:15.313 2568 2568 I wm_on_top_resumed_gained_called: [57706815,com.android.launcher3.uioverrides.QuickstepLauncher,topStateChangedWhenResumed]
03-14 07:18:15.315 1533 1560 W FreeFormWindowHelper: Current Display FreeFormTask is null
03-14 07:18:15.315 1533 1560 W FreeFormWindowHelper: Current Display FreeFormTask is null
01-02 06:46:54.548 0 0 I msm_vidc: high: 00000003: h264d: Closed video instance: 0000000000000000
03-14 07:18:15.388 31776 31776 I wm_on_stop_called: [66527256,com.qiyi.video.WelcomeActivity,STOP_ACTIVITY_ITEM]
03-14 07:18:15.395 1533 3100 W FreeFormWindowHelper: Current Display FreeFormTask is null
03-14 07:18:15.515 1533 1739 I commit_sys_config_file: [settings-1-0,6]
03-14 07:18:15.838 1533 3100 E PackageDexUsage: Unsupported context?
03-14 07:18:15.957 1533 1560 E PackageDexUsage: Unsupported context?
03-14 07:18:16.611 0 0 I auditd : type=1400 audit(0.0:15774): avc: denied { kill } for comm="swapper/5" capability=5 scontext=u:r:kernel:s0 tcontext=u:r:kernel:s0 tclass=capability permissive=0
03-14 07:18:16.651 1533 1781 I input_interaction: Interaction with: 587a4a0 com.android.launcher3/com.android.launcher3.uioverrides.QuickstepLauncher (server), a76c92 com.android.systemui.ImageWallpaper (server), edge-swipe (server), swipe-up (server), PointerEventDispatcher0 (server),
03-14 07:18:16.657 1533 1853 I netstats_mobile_sample: [0,0,0,0,0,0,0,0,0,0,0,0,1678775130909]
03-14 07:18:16.658 1533 1853 I netstats_wifi_sample: [93418776,76520,2012773,21743,93418776,76520,2012773,21743,91965405,77910,1666223,20758,1678775130909]
03-14 07:18:16.728 1533 1560 I wm_task_moved: [11,1,9]
03-14 07:18:16.729 1533 1560 I wm_set_resumed_activity: [0,com.android.launcher3/.uioverrides.QuickstepLauncher,positionChildAt]
03-14 07:18:16.730 1533 1560 I wm_task_moved: [93,1,9]
03-14 07:18:16.730 1533 1560 I wm_task_to_front: [0,93]
03-14 07:18:16.731 1533 1560 I wm_focused_root_task: [0,0,93,11,moveTaskToFront findTaskToMoveToFront]
03-14 07:18:16.732 1533 1560 I wm_set_resumed_activity: [0,com.ss.android.ugc.aweme/.splash.SplashActivity,moveTaskToFront findTaskToMoveToFront]
03-14 07:18:16.733 1533 1560 I wm_pause_activity: [0,57706815,com.android.launcher3/.uioverrides.QuickstepLauncher,userLeaving=true,pauseBackTasks]
03-14 07:18:16.745 2568 2568 I wm_on_top_resumed_lost_called: [57706815,com.android.launcher3.uioverrides.QuickstepLauncher,topStateChangedWhenResumed]
03-14 07:18:16.750 2568 2568 I wm_on_paused_called: [57706815,com.android.launcher3.uioverrides.QuickstepLauncher,performPause]
03-14 07:18:16.753 1533 11544 I ActivityTaskManager: FOREGROUND_APPLICATION_CHANGED to com.ss.android.ugc.aweme.main.MainActivity
03-14 07:18:16.755 1533 11544 I wm_set_resumed_activity: [0,com.ss.android.ugc.aweme/.splash.SplashActivity,resumeTopActivityInnerLocked]
03-14 07:18:16.755 1533 11544 I wm_add_to_stopping: [0,57706815,com.android.launcher3/.uioverrides.QuickstepLauncher,makeInvisible]
03-14 07:18:16.760 1533 11544 I wm_resume_activity: [0,245214548,93,com.ss.android.ugc.aweme/.splash.SplashActivity]
03-14 07:18:16.777 1533 1781 I input_focus: [Focus leaving 587a4a0 com.android.launcher3/com.android.launcher3.uioverrides.QuickstepLauncher (server),reason=NO_WINDOW]
03-14 07:18:16.785 1533 1622 I sysui_multi_action: [757,803,799,window_time_0,802,2]
03-14 07:18:16.788 25144 25144 I wm_on_restart_called: [245214548,com.ss.android.ugc.aweme.splash.SplashActivity,performRestartActivity]
03-14 07:18:16.797 25144 25144 I wm_on_start_called: [245214548,com.ss.android.ugc.aweme.splash.SplashActivity,handleStartActivity]
03-14 07:18:16.812 1533 1560 I service_manager_slow: [11,phone]
03-14 07:18:16.827 25144 25144 I wm_on_resume_called: [245214548,com.ss.android.ugc.aweme.splash.SplashActivity,RESUME_ACTIVITY]
03-14 07:18:16.836 25144 25144 I wm_on_top_resumed_gained_called: [245214548,com.ss.android.ugc.aweme.splash.SplashActivity,topWhenResuming]
03-14 07:18:16.845 1533 1623 I input_focus: [Focus request 50e47e3 com.ss.android.ugc.aweme/com.ss.android.ugc.aweme.splash.SplashActivity,reason=UpdateInputWindows]
03-14 07:18:16.874 1533 1932 W FreeFormWindowHelper: Current Display FreeFormTask is null
03-14 07:18:16.882 1533 1619 I sysui_multi_action: [319,41,321,35,322,140,325,12442,757,761,758,9,759,4,806,com.ss.android.ugc.aweme,871,com.ss.android.ugc.aweme.splash.SplashActivity,904,com.android.launcher3,905,0,1320,4,1321,4]
03-14 07:18:16.891 1533 1781 I input_focus: [Focus entering 50e47e3 com.ss.android.ugc.aweme/com.ss.android.ugc.aweme.splash.SplashActivity (server),reason=Window became focusable. Previous reason: NOT_VISIBLE]
03-14 07:18:16.920 1533 1926 I storage_state: [41217664-9172-527a-b3d5-edabb50a7d69,0,0,107538665472,118610538496]
03-14 07:18:17.124 1533 1622 I wm_stop_activity: [0,57706815,com.android.launcher3/.uioverrides.QuickstepLauncher]
03-14 07:18:17.146 1533 3100 W FreeFormWindowHelper: exitRecentTasks type=0
03-14 07:18:17.153 2568 2568 I wm_on_stop_called: [57706815,com.android.launcher3.uioverrides.QuickstepLauncher,STOP_ACTIVITY_ITEM]
01-02 06:46:56.375 0 0 E DTC_ETH,link_delay_work_func: 3003, SQI=0, link=0
03-14 07:18:17.195 1533 1781 I input_interaction: Interaction with: 50e47e3 com.ss.android.ugc.aweme/com.ss.android.ugc.aweme.splash.SplashActivity (server), edge-swipe (server), swipe-up (server), PointerEventDispatcher0 (server),
03-14 07:18:17.205 1533 1932 I wm_task_moved: [11,0,0]
03-14 07:18:17.205 1533 3100 W FreeFormWindowHelper: Current Display FreeFormTask is null
03-14 07:18:17.205 1533 1932 I wm_task_moved: [11,0,8]
03-14 07:18:17.208 1533 3100 W FreeFormWindowHelper: Current Display FreeFormTask is null
03-14 07:18:17.220 2568 2568 I wm_on_restart_called: [57706815,com.android.launcher3.uioverrides.QuickstepLauncher,performRestartActivity]
03-14 07:18:17.221 1533 1932 W FreeFormWindowHelper: Current Display FreeFormTask is null
03-14 07:18:17.221 1533 1560 W FreeFormWindowHelper: Current Display FreeFormTask is null
03-14 07:18:17.222 1533 3100 W FreeFormWindowHelper: Current Display FreeFormTask is null
03-14 07:18:17.279 2568 2568 I wm_on_start_called: [57706815,com.android.launcher3.uioverrides.QuickstepLauncher,handleStartActivity]
03-14 07:18:17.280 25144 25144 I view_enqueue_input_event: [Motion - Cancel,com.ss.android.ugc.aweme/com.ss.android.ugc.aweme.splash.SplashActivity]
03-14 07:18:17.281 1533 1781 I input_interaction: Interaction with: edge-swipe (server), swipe-up (server), PointerEventDispatcher0 (server),
03-14 07:18:17.285 1533 11544 W FreeFormWindowHelper: Current Display FreeFormTask is null
03-14 07:18:17.285 1533 11544 W FreeFormWindowHelper: Current Display FreeFormTask is null
03-14 07:18:17.285 2568 2568 I sysui_latency: [1,92]
03-14 07:18:17.291 1533 1932 W FreeFormWindowHelper: Current Display FreeFormTask is null
03-14 07:18:17.292 1533 1932 W FreeFormWindowHelper: Current Display FreeFormTask is null
03-14 07:18:17.293 1533 3100 W FreeFormWindowHelper: Current Display FreeFormTask is null
03-14 07:18:17.293 1533 3100 W FreeFormWindowHelper: Current Display FreeFormTask is null
03-14 07:18:17.302 1533 1619 I sysui_multi_action: [319,11,322,94,325,12442,757,761,758,9,759,5,806,com.android.launcher3,871,com.android.launcher3.uioverrides.QuickstepLauncher,904,com.android.launcher3,905,0,1320,8,1321,5]
03-14 07:18:17.305 1533 3100 W ActivityTaskManager: getTaskSnapshot: taskId=-444 not found
03-14 07:18:17.306 1533 1932 W FreeFormWindowHelper: Current Display FreeFormTask is null
03-14 07:18:17.306 1533 1932 W FreeFormWindowHelper: Current Display FreeFormTask is null
03-14 07:18:17.309 1533 1781 I input_focus: [Focus leaving 50e47e3 com.ss.android.ugc.aweme/com.ss.android.ugc.aweme.splash.SplashActivity (server),reason=NOT_FOCUSABLE]
03-14 07:18:17.311 1533 1932 W ActivityTaskManager: getTaskSnapshot: taskId=-444 not found
03-14 07:18:17.323 1533 1560 W FreeFormWindowHelper: Current Display FreeFormTask is null
03-14 07:18:17.323 1533 1560 W FreeFormWindowHelper: Current Display FreeFormTask is null
03-14 07:18:17.339 1533 1932 W FreeFormWindowHelper: Current Display FreeFormTask is null
03-14 07:18:17.339 1533 1932 W FreeFormWindowHelper: Current Display FreeFormTask is null
03-14 07:18:17.472 1533 1932 W FreeFormWindowHelper: Current Display FreeFormTask is null
03-14 07:18:17.473 1533 5348 W FreeFormWindowHelper: Current Display FreeFormTask is null
03-14 07:18:17.473 1533 1932 W FreeFormWindowHelper: Current Display FreeFormTask is null
03-14 07:18:17.485 1533 1739 I commit_sys_config_file: [settings-1-0,3]
03-14 07:18:17.600 1533 1628 I sysui_latency: [8,101]
03-14 07:18:17.611 0 0 I auditd : type=1400 audit(0.0:15775): avc: denied { kill } for comm="swapper/5" capability=5 scontext=u:r:kernel:s0 tcontext=u:r:kernel:s0 tclass=capability permissive=0
03-14 07:18:17.800 1533 1560 I wm_task_moved: [11,1,9]
03-14 07:18:17.800 1533 1560 I wm_focused_root_task: [0,0,11,93,RecentsAnimation.onAnimationFinished()]
03-14 07:18:17.802 1533 1560 I wm_pause_activity: [0,245214548,com.ss.android.ugc.aweme/.splash.SplashActivity,userLeaving=false,pauseBackTasks]
03-14 07:18:17.802 1533 1560 I ActivityTaskManager: FOREGROUND_APPLICATION_CHANGED to com.android.launcher3.uioverrides.QuickstepLauncher
03-14 07:18:17.803 1533 1560 I wm_set_resumed_activity: [0,com.android.launcher3/.uioverrides.QuickstepLauncher,resumeTopActivityInnerLocked]
03-14 07:18:17.804 1533 1560 I wm_resume_activity: [0,57706815,12,com.android.launcher3/.uioverrides.QuickstepLauncher]
03-14 07:18:17.805 1533 1560 I wm_add_to_stopping: [0,245214548,com.ss.android.ugc.aweme/.splash.SplashActivity,makeInvisible]
03-14 07:18:17.805 2568 2568 I wm_on_resume_called: [57706815,com.android.launcher3.uioverrides.QuickstepLauncher,RESUME_ACTIVITY]
03-14 07:18:17.808 25144 25144 I wm_on_top_resumed_lost_called: [245214548,com.ss.android.ugc.aweme.splash.SplashActivity,topStateChangedWhenResumed]
03-14 07:18:17.814 1533 1623 I input_focus: [Focus request 587a4a0 com.android.launcher3/com.android.launcher3.uioverrides.QuickstepLauncher,reason=UpdateInputWindows]
03-14 07:18:17.818 1533 1622 I sysui_multi_action: [757,803,799,window_time_0,802,1]
03-14 07:18:17.819 1533 3100 E ClipboardService: Denying clipboard access to com.ss.android.ugc.aweme, application is not in focus nor is it a system service for user 0
03-14 07:18:17.820 1533 11544 I wm_stop_activity: [0,245214548,com.ss.android.ugc.aweme/.splash.SplashActivity]
03-14 07:18:17.821 1533 11544 W FreeFormWindowHelper: Current Display FreeFormTask is null
03-14 07:18:17.821 1533 11544 W FreeFormWindowHelper: Current Display FreeFormTask is null
03-14 07:18:17.822 1533 11544 W FreeFormWindowHelper: Current Display FreeFormTask is null
03-14 07:18:17.822 1533 1622 I sysui_multi_action: [757,803,799,window_time_0,802,0]
03-14 07:18:17.831 1533 1781 I input_focus: [Focus entering 587a4a0 com.android.launcher3/com.android.launcher3.uioverrides.QuickstepLauncher (server),reason=setFocusedWindow]
03-14 07:18:17.844 1533 3100 W FreeFormWindowHelper: Current Display FreeFormTask is null
03-14 07:18:17.844 1533 3100 W FreeFormWindowHelper: Current Display FreeFormTask is null
03-14 07:18:17.848 2568 2568 I wm_on_top_resumed_gained_called: [57706815,com.android.launcher3.uioverrides.QuickstepLauncher,topStateChangedWhenResumed]
03-14 07:18:17.856 25144 25144 I wm_on_paused_called: [245214548,com.ss.android.ugc.aweme.splash.SplashActivity,performPause]
03-14 07:18:17.904 25144 25144 I wm_on_stop_called: [245214548,com.ss.android.ugc.aweme.splash.SplashActivity,STOP_ACTIVITY_ITEM]
03-14 07:18:17.926 1533 3100 W FreeFormWindowHelper: Current Display FreeFormTask is null
03-14 07:18:18.044 1533 1739 I commit_sys_config_file: [settings-1-0,4]
03-14 07:18:18.276 1533 3100 E PackageDexUsage: Unsupported context?
03-14 07:18:18.375 31965 31965 I auditd : type=1400 audit(0.0:15776): avc: denied { read } for comm="QtpEngine" name="sdcard" dev="tmpfs" ino=1359 scontext=u:r:untrusted_app:s0:c99,c256,c512,c768 tcontext=u:object_r:mnt_sdcard_file:s0 tclass=lnk_file permissive=0 app=com.qiyi.video
03-14 07:18:18.375 31965 31965 I auditd : type=1400 audit(0.0:15777): avc: denied { read } for comm="QtpEngine" name="sdcard" dev="tmpfs" ino=1359 scontext=u:r:untrusted_app:s0:c99,c256,c512,c768 tcontext=u:object_r:mnt_sdcard_file:s0 tclass=lnk_file permissive=0 app=com.qiyi.video
03-14 07:18:18.375 31965 31965 I auditd : type=1400 audit(0.0:15778): avc: denied { read } for comm="QtpEngine" name="sdcard" dev="tmpfs" ino=1359 scontext=u:r:untrusted_app:s0:c99,c256,c512,c768 tcontext=u:object_r:mnt_sdcard_file:s0 tclass=lnk_file permissive=0 app=com.qiyi.video
03-14 07:18:18.375 31965 31965 I auditd : type=1400 audit(0.0:15779): avc: denied { read } for comm="QtpEngine" name="sdcard" dev="tmpfs" ino=1359 scontext=u:r:untrusted_app:s0:c99,c256,c512,c768 tcontext=u:object_r:mnt_sdcard_file:s0 tclass=lnk_file permissive=0 app=com.qiyi.video
03-14 07:18:18.375 31965 31965 I auditd : type=1400 audit(0.0:15780): avc: denied { read } for comm="QtpEngine" name="sdcard" dev="tmpfs" ino=1359 scontext=u:r:untrusted_app:s0:c99,c256,c512,c768 tcontext=u:object_r:mnt_sdcard_file:s0 tclass=lnk_file permissive=0 app=com.qiyi.video
03-14 07:18:18.375 31965 31965 I auditd : type=1400 audit(0.0:15781): avc: denied { read } for comm="QtpEngine" name="sdcard" dev="tmpfs" ino=1359 scontext=u:r:untrusted_app:s0:c99,c256,c512,c768 tcontext=u:object_r:mnt_sdcard_file:s0 tclass=lnk_file permissive=0 app=com.qiyi.video
03-14 07:18:18.375 31965 31965 I auditd : type=1400 audit(0.0:15782): avc: denied { read } for comm="QtpEngine" name="sdcard" dev="tmpfs" ino=1359 scontext=u:r:untrusted_app:s0:c99,c256,c512,c768 tcontext=u:object_r:mnt_sdcard_file:s0 tclass=lnk_file permissive=0 app=com.qiyi.video
03-14 07:18:18.375 31965 31965 I auditd : type=1400 audit(0.0:15783): avc: denied { read } for comm="QtpEngine" name="sdcard" dev="tmpfs" ino=1359 scontext=u:r:untrusted_app:s0:c99,c256,c512,c768 tcontext=u:object_r:mnt_sdcard_file:s0 tclass=lnk_file permissive=0 app=com.qiyi.video
01-02 06:46:57.800 0 0 W audit : audit_lost=3772 audit_rate_limit=5 audit_backlog_limit=64
01-02 06:46:57.800 0 0 E audit : rate limit exceeded
03-14 07:18:18.647 1533 1781 I input_interaction: Interaction with: 587a4a0 com.android.launcher3/com.android.launcher3.uioverrides.QuickstepLauncher (server), a76c92 com.android.systemui.ImageWallpaper (server), edge-swipe (server), swipe-up (server), PointerEventDispatcher0 (server),
03-14 07:18:18.711 1533 3100 I wm_task_moved: [11,1,9]
03-14 07:18:18.712 1533 3100 I wm_set_resumed_activity: [0,com.android.launcher3/.uioverrides.QuickstepLauncher,positionChildAt]
03-14 07:18:18.712 1533 3100 I wm_task_moved: [100,1,9]
03-14 07:18:18.712 1533 3100 I wm_task_to_front: [0,100]
03-14 07:18:18.713 1533 3100 I wm_focused_root_task: [0,0,100,11,moveTaskToFront findTaskToMoveToFront]
03-14 07:18:18.714 1533 3100 I wm_set_resumed_activity: [0,com.qiyi.video/.WelcomeActivity,moveTaskToFront findTaskToMoveToFront]
03-14 07:18:18.716 1533 3100 I wm_pause_activity: [0,57706815,com.android.launcher3/.uioverrides.QuickstepLauncher,userLeaving=true,pauseBackTasks]
03-14 07:18:18.725 2568 2568 I wm_on_top_resumed_lost_called: [57706815,com.android.launcher3.uioverrides.QuickstepLauncher,topStateChangedWhenResumed]
03-14 07:18:18.725 2568 2568 I wm_on_paused_called: [57706815,com.android.launcher3.uioverrides.QuickstepLauncher,performPause]
03-14 07:18:18.731 1533 10210 I ActivityTaskManager: FOREGROUND_APPLICATION_CHANGED to org.qiyi.android.video.MainActivity
03-14 07:18:18.733 1533 10210 I wm_set_resumed_activity: [0,com.qiyi.video/.WelcomeActivity,resumeTopActivityInnerLocked]
03-14 07:18:18.734 1533 10210 I wm_add_to_stopping: [0,57706815,com.android.launcher3/.uioverrides.QuickstepLauncher,makeInvisible]
03-14 07:18:18.735 1533 10210 I wm_resume_activity: [0,66527256,100,com.qiyi.video/.WelcomeActivity]
03-14 07:18:18.737 31776 31776 I wm_on_restart_called: [66527256,com.qiyi.video.WelcomeActivity,performRestartActivity]
03-14 07:18:18.751 31776 31776 I wm_on_start_called: [66527256,com.qiyi.video.WelcomeActivity,handleStartActivity]
03-14 07:18:18.751 1533 1781 I input_focus: [Focus leaving 587a4a0 com.android.launcher3/com.android.launcher3.uioverrides.QuickstepLauncher (server),reason=NO_WINDOW]
03-14 07:18:18.753 1533 1622 I sysui_multi_action: [757,803,799,window_time_0,802,1]
03-14 07:18:18.768 1533 1560 E PackageDexUsage: Unsupported context?
03-14 07:18:18.771 31776 31776 I wm_on_resume_called: [66527256,com.qiyi.video.WelcomeActivity,RESUME_ACTIVITY]
03-14 07:18:18.777 31776 31776 I wm_on_top_resumed_gained_called: [66527256,com.qiyi.video.WelcomeActivity,topWhenResuming]
03-14 07:18:18.784 1533 1623 I input_focus: [Focus request 134e0d5 com.qiyi.video/com.qiyi.video.WelcomeActivity,reason=UpdateInputWindows]
03-14 07:18:18.838 1533 10210 W FreeFormWindowHelper: Current Display FreeFormTask is null
03-14 07:18:18.849 1533 1781 I input_focus: [Focus entering 134e0d5 com.qiyi.video/com.qiyi.video.WelcomeActivity (server),reason=Window became focusable. Previous reason: NOT_VISIBLE]
01-02 06:46:58.044 0 0 I msm_vidc: high: 00000003: ....d: Opening video instance: 0000000000000000, 1
01-02 06:46:58.044 0 0 I msm_vidc: err : 00000003: ....d: Failed to create debugfs for msm_vidc
03-14 07:18:18.868 1533 1619 I sysui_multi_action: [319,34,321,32,322,127,325,12444,757,761,758,9,759,4,806,com.qiyi.video,871,com.qiyi.video.WelcomeActivity,904,com.android.launcher3,905,0,1320,4,1321,4]
03-14 07:18:19.094 1533 1622 I wm_stop_activity: [0,57706815,com.android.launcher3/.uioverrides.QuickstepLauncher]
03-14 07:18:19.125 1533 10633 W FreeFormWindowHelper: exitRecentTasks type=0
03-14 07:18:19.131 2568 2568 I wm_on_stop_called: [57706815,com.android.launcher3.uioverrides.QuickstepLauncher,STOP_ACTIVITY_ITEM]
03-14 07:18:19.591 31965 31965 I auditd : type=1400 audit(0.0:15785): avc: denied { read } for comm="CubeTaskEngine" name="sdcard" dev="tmpfs" ino=1359 scontext=u:r:untrusted_app:s0:c99,c256,c512,c768 tcontext=u:object_r:mnt_sdcard_file:s0 tclass=lnk_file permissive=0 app=com.qiyi.video
03-14 07:18:19.611 0 0 I auditd : type=1400 audit(0.0:15786): avc: denied { kill } for comm="swapper/5" capability=5 scontext=u:r:kernel:s0 tcontext=u:r:kernel:s0 tclass=capability permissive=0
03-14 07:18:20.163 1533 1919 I GameModeConfig: isGameModeOn = true
03-14 07:18:20.163 1533 1919 I GameModeConfig: isGaming = false
03-14 07:18:20.163 1533 1919 I GameModeConfig: isGameModeOn = true
03-14 07:18:20.163 1533 1919 I GameModeConfig: isGaming = false
03-14 07:18:20.163 1533 1919 I GameModeConfig: isGameModeOn = true
03-14 07:18:20.163 1533 1919 I GameModeConfig: isGaming = false
03-14 07:18:20.163 1533 1919 I GameModeConfig: isGameModeOn = true
03-14 07:18:20.163 1533 1919 I GameModeConfig: isGaming = false
03-14 07:18:20.163 1533 1919 I GameModeConfig: isGameModeOn = true
03-14 07:18:20.163 1533 1919 I GameModeConfig: isGaming = false
03-14 07:18:20.164 1533 1919 I GameModeConfig: isGameModeOn = true
03-14 07:18:20.164 1533 1919 I GameModeConfig: isGaming = false
03-14 07:18:20.406 1533 1781 I input_interaction: Interaction with: 134e0d5 com.qiyi.video/com.qiyi.video.WelcomeActivity (server), edge-swipe (server), swipe-up (server), PointerEventDispatcher0 (server),
03-14 07:18:20.415 1533 1621 I commit_sys_config_file: [notification-policy,12436684]
03-14 07:18:20.417 1533 1853 I netstats_mobile_sample: [0,0,0,0,0,0,0,0,0,0,0,0,1678775134669]
03-14 07:18:20.417 1533 1853 I netstats_wifi_sample: [93418776,76520,2012773,21743,93418776,76520,2012773,21743,91965405,77910,1666223,20758,1678775134669]
01-02 06:46:59.770 0 0 I msm_vidc: high: 00000003: h264d: Closed video instance: 0000000000000000
03-14 07:18:20.611 0 0 I auditd : type=1400 audit(0.0:15787): avc: denied { kill } for comm="swapper/5" capability=5 scontext=u:r:kernel:s0 tcontext=u:r:kernel:s0 tclass=capability permissive=0
03-14 07:18:20.855 31965 31965 I auditd : type=1400 audit(0.0:15788): avc: denied { read } for comm="ideo:downloader" name="sdcard" dev="tmpfs" ino=1359 scontext=u:r:untrusted_app:s0:c99,c256,c512,c768 tcontext=u:object_r:mnt_sdcard_file:s0 tclass=lnk_file permissive=0 app=com.qiyi.video
01-02 06:47:00.043 0 0 W audit : audit_lost=3773 audit_rate_limit=5 audit_backlog_limit=64
01-02 06:47:00.043 0 0 E audit : rate limit exceeded
03-14 07:18:20.855 31965 31965 I auditd : type=1400 audit(0.0:15789): avc: denied { read } for comm="ideo:downloader" name="sdcard" dev="tmpfs" ino=1359 scontext=u:r:untrusted_app:s0:c99,c256,c512,c768 tcontext=u:object_r:mnt_sdcard_file:s0 tclass=lnk_file permissive=0 app=com.qiyi.video
03-14 07:18:20.855 31965 31965 I auditd : type=1400 audit(0.0:15790): avc: denied { read } for comm="ideo:downloader" name="sdcard" dev="tmpfs" ino=1359 scontext=u:r:untrusted_app:s0:c99,c256,c512,c768 tcontext=u:object_r:mnt_sdcard_file:s0 tclass=lnk_file permissive=0 app=com.qiyi.video
03-14 07:18:20.855 31965 31965 I auditd : type=1400 audit(0.0:15791): avc: denied { read } for comm="ideo:downloader" name="sdcard" dev="tmpfs" ino=1359 scontext=u:r:untrusted_app:s0:c99,c256,c512,c768 tcontext=u:object_r:mnt_sdcard_file:s0 tclass=lnk_file permissive=0 app=com.qiyi.video
03-14 07:18:20.855 31965 31965 I auditd : type=1400 audit(0.0:15792): avc: denied { read } for comm="ideo:downloader" name="sdcard" dev="tmpfs" ino=1359 scontext=u:r:untrusted_app:s0:c99,c256,c512,c768 tcontext=u:object_r:mnt_sdcard_file:s0 tclass=lnk_file permissive=0 app=com.qiyi.video
03-14 07:18:20.855 31965 31965 I auditd : type=1400 audit(0.0:15793): avc: denied { read } for comm="ideo:downloader" name="sdcard" dev="tmpfs" ino=1359 scontext=u:r:untrusted_app:s0:c99,c256,c512,c768 tcontext=u:object_r:mnt_sdcard_file:s0 tclass=lnk_file permissive=0 app=com.qiyi.video
03-14 07:18:20.855 31965 31965 I auditd : type=1400 audit(0.0:15794): avc: denied { read } for comm="ideo:downloader" name="sdcard" dev="tmpfs" ino=1359 scontext=u:r:untrusted_app:s0:c99,c256,c512,c768 tcontext=u:object_r:mnt_sdcard_file:s0 tclass=lnk_file permissive=0 app=com.qiyi.video
03-14 07:18:20.968 1533 1919 I GameModeConfig: isGameModeOn = true
03-14 07:18:20.968 1533 1919 I GameModeConfig: isGaming = false
03-14 07:18:20.968 1533 1919 I GameModeConfig: isGameModeOn = true
03-14 07:18:20.968 1533 1919 I GameModeConfig: isGaming = false
03-14 07:18:20.968 1533 1919 I GameModeConfig: isGameModeOn = true
03-14 07:18:20.968 1533 1919 I GameModeConfig: isGaming = false
03-14 07:18:20.968 1533 1919 I GameModeConfig: isGameModeOn = true
03-14 07:18:20.968 1533 1919 I GameModeConfig: isGaming = false
03-14 07:18:20.968 1533 1919 I GameModeConfig: isGameModeOn = true
03-14 07:18:20.968 1533 1919 I GameModeConfig: isGaming = false
03-14 07:18:20.968 1533 1919 I GameModeConfig: isGameModeOn = true
03-14 07:18:20.968 1533 1919 I GameModeConfig: isGaming = false
03-14 07:18:20.969 1533 1919 I GameModeConfig: isGameModeOn = true
03-14 07:18:20.969 1533 1919 I GameModeConfig: isGaming = false
03-14 07:18:20.969 1533 1919 I GameModeConfig: isGameModeOn = true
03-14 07:18:20.969 1533 1919 I GameModeConfig: isGaming = false
03-14 07:18:20.969 1533 1919 I GameModeConfig: isGameModeOn = true
03-14 07:18:20.969 1533 1919 I GameModeConfig: isGaming = false
03-14 07:18:20.969 1533 1919 I GameModeConfig: isGameModeOn = true
03-14 07:18:20.969 1533 1919 I GameModeConfig: isGaming = false
03-14 07:18:20.969 1533 1919 I GameModeConfig: isGameModeOn = true
03-14 07:18:20.969 1533 1919 I GameModeConfig: isGaming = false
03-14 07:18:20.969 1533 1919 I GameModeConfig: isGameModeOn = true
03-14 07:18:20.969 1533 1919 I GameModeConfig: isGaming = false
03-14 07:18:21.055 1533 1560 E PackageDexUsage: Unsupported context?
03-14 07:18:21.092 1533 1781 I input_interaction: Interaction with: edge-swipe (server), swipe-up (server), PointerEventDispatcher0 (server),
03-14 07:18:21.105 1533 1560 W FreeFormWindowHelper: Current Display FreeFormTask is null
03-14 07:18:21.106 1533 1560 I wm_task_moved: [11,0,0]
03-14 07:18:21.106 1533 1560 I wm_task_moved: [11,0,8]
03-14 07:18:21.106 1533 11544 W FreeFormWindowHelper: Current Display FreeFormTask is null
03-14 07:18:21.116 2568 2568 I wm_on_restart_called: [57706815,com.android.launcher3.uioverrides.QuickstepLauncher,performRestartActivity]
03-14 07:18:21.117 1533 11544 W FreeFormWindowHelper: Current Display FreeFormTask is null
03-14 07:18:21.117 1533 10633 W FreeFormWindowHelper: Current Display FreeFormTask is null
03-14 07:18:21.118 1533 10633 W FreeFormWindowHelper: Current Display FreeFormTask is null
03-14 07:18:21.169 2568 2568 I wm_on_start_called: [57706815,com.android.launcher3.uioverrides.QuickstepLauncher,handleStartActivity]
03-14 07:18:21.169 1533 11544 W FreeFormWindowHelper: Current Display FreeFormTask is null
03-14 07:18:21.170 1533 11544 W FreeFormWindowHelper: Current Display FreeFormTask is null
03-14 07:18:21.172 1533 1623 I input_focus: [Focus request recents_animation_input_consumer,reason=UpdateInputWindows]
03-14 07:18:21.179 1533 1560 W FreeFormWindowHelper: Current Display FreeFormTask is null
03-14 07:18:21.179 1533 1560 W FreeFormWindowHelper: Current Display FreeFormTask is null
03-14 07:18:21.180 2568 2568 I sysui_latency: [1,88]
03-14 07:18:21.184 1533 1781 I input_focus: [Focus leaving 134e0d5 com.qiyi.video/com.qiyi.video.WelcomeActivity (server),reason=NOT_FOCUSABLE]
03-14 07:18:21.184 1533 1781 I input_focus: [Focus entering recents_animation_input_consumer (server),reason=setFocusedWindow]
03-14 07:18:21.192 1533 3100 W FreeFormWindowHelper: Current Display FreeFormTask is null
03-14 07:18:21.192 1533 10633 W FreeFormWindowHelper: Current Display FreeFormTask is null
03-14 07:18:21.198 1533 1619 I sysui_multi_action: [319,4,322,89,325,12446,757,761,758,9,759,5,806,com.android.launcher3,871,com.android.launcher3.uioverrides.QuickstepLauncher,904,com.android.launcher3,905,0,1320,8,1321,5]
03-14 07:18:21.199 1533 1932 W FreeFormWindowHelper: Current Display FreeFormTask is null
03-14 07:18:21.199 1533 1932 W FreeFormWindowHelper: Current Display FreeFormTask is null
03-14 07:18:21.202 1533 10210 W ActivityTaskManager: getTaskSnapshot: taskId=-566 not found
03-14 07:18:21.204 1533 10210 W ActivityTaskManager: getTaskSnapshot: taskId=-566 not found
03-14 07:18:21.215 1533 5348 W FreeFormWindowHelper: Current Display FreeFormTask is null
03-14 07:18:21.215 1533 10210 W FreeFormWindowHelper: Current Display FreeFormTask is null
03-14 07:18:21.221 1533 1621 I commit_sys_config_file: [notification-policy,12437489]
03-14 07:18:21.232 1533 10210 W FreeFormWindowHelper: Current Display FreeFormTask is null
03-14 07:18:21.232 1533 1932 W FreeFormWindowHelper: Current Display FreeFormTask is null
03-14 07:18:21.312 1533 1932 W FreeFormWindowHelper: Current Display FreeFormTask is null
03-14 07:18:21.313 1533 5348 W FreeFormWindowHelper: Current Display FreeFormTask is null
03-14 07:18:21.313 1533 10210 W FreeFormWindowHelper: Current Display FreeFormTask is null
03-14 07:18:21.375 1533 1739 I commit_sys_config_file: [settings-1-0,6]
03-14 07:18:21.496 1533 1628 I sysui_latency: [8,99]
03-14 07:18:21.625 1533 5348 I wm_task_moved: [11,1,9]
03-14 07:18:21.626 1533 5348 I wm_focused_root_task: [0,0,11,100,RecentsAnimation.onAnimationFinished()]
03-14 07:18:21.626 31776 31776 I wm_on_top_resumed_lost_called: [66527256,com.qiyi.video.WelcomeActivity,topStateChangedWhenResumed]
03-14 07:18:21.626 1533 5348 I wm_pause_activity: [0,66527256,com.qiyi.video/.WelcomeActivity,userLeaving=false,pauseBackTasks]
03-14 07:18:21.627 1533 5348 I ActivityTaskManager: FOREGROUND_APPLICATION_CHANGED to com.android.launcher3.uioverrides.QuickstepLauncher
03-14 07:18:21.627 1533 5348 I wm_set_resumed_activity: [0,com.android.launcher3/.uioverrides.QuickstepLauncher,resumeTopActivityInnerLocked]
03-14 07:18:21.628 1533 5348 I wm_resume_activity: [0,57706815,12,com.android.launcher3/.uioverrides.QuickstepLauncher]
03-14 07:18:21.628 1533 5348 I wm_add_to_stopping: [0,66527256,com.qiyi.video/.WelcomeActivity,makeInvisible]
03-14 07:18:21.628 2568 2568 I wm_on_resume_called: [57706815,com.android.launcher3.uioverrides.QuickstepLauncher,RESUME_ACTIVITY]
03-14 07:18:21.636 1533 1623 I input_focus: [Focus request 587a4a0 com.android.launcher3/com.android.launcher3.uioverrides.QuickstepLauncher,reason=UpdateInputWindows]
03-14 07:18:21.638 1533 10633 W FreeFormWindowHelper: Current Display FreeFormTask is null
03-14 07:18:21.638 1533 1560 W FreeFormWindowHelper: Current Display FreeFormTask is null
03-14 07:18:21.638 1533 1560 W FreeFormWindowHelper: Current Display FreeFormTask is null
03-14 07:18:21.640 1533 1622 I sysui_multi_action: [757,803,799,window_time_0,802,3]
03-14 07:18:21.643 1533 10210 I wm_stop_activity: [0,66527256,com.qiyi.video/.WelcomeActivity]
03-14 07:18:21.644 1533 1622 I sysui_multi_action: [757,803,799,window_time_0,802,0]
03-14 07:18:21.651 1533 5348 W FreeFormWindowHelper: Current Display FreeFormTask is null
03-14 07:18:21.651 1533 5348 W FreeFormWindowHelper: Current Display FreeFormTask is null
03-14 07:18:21.652 1533 1781 I input_focus: [Focus leaving recents_animation_input_consumer (server),reason=NOT_VISIBLE]
03-14 07:18:21.653 1533 1781 I input_focus: [Focus entering 587a4a0 com.android.launcher3/com.android.launcher3.uioverrides.QuickstepLauncher (server),reason=setFocusedWindow]
03-14 07:18:21.654 2568 2568 I wm_on_top_resumed_gained_called: [57706815,com.android.launcher3.uioverrides.QuickstepLauncher,topStateChangedWhenResumed]
03-14 07:18:21.677 31776 31776 I wm_on_paused_called: [66527256,com.qiyi.video.WelcomeActivity,performPause]
03-14 07:18:21.734 31776 31776 I wm_on_stop_called: [66527256,com.qiyi.video.WelcomeActivity,STOP_ACTIVITY_ITEM]
03-14 07:18:21.737 1533 5348 W FreeFormWindowHelper: Current Display FreeFormTask is null
03-14 07:18:21.850 1533 1739 I commit_sys_config_file: [settings-1-0,4]
03-14 07:18:22.232 1533 1781 I input_interaction: Interaction with: 587a4a0 com.android.launcher3/com.android.launcher3.uioverrides.QuickstepLauncher (server), a76c92 com.android.systemui.ImageWallpaper (server), edge-swipe (server), swipe-up (server), PointerEventDispatcher0 (server),
01-02 06:47:01.495 0 0 E DTC_ETH,link_delay_work_func: 3003, SQI=0, link=0
03-14 07:18:22.333 1533 10210 I wm_task_moved: [11,1,9]
03-14 07:18:22.334 1533 10210 I wm_set_resumed_activity: [0,com.android.launcher3/.uioverrides.QuickstepLauncher,positionChildAt]
03-14 07:18:22.335 1533 10210 I wm_task_moved: [96,1,9]
03-14 07:18:22.335 1533 10210 I wm_task_to_front: [0,96]
03-14 07:18:22.335 1533 10210 I wm_focused_root_task: [0,0,96,11,moveTaskToFront findTaskToMoveToFront]
03-14 07:18:22.336 1533 10210 I wm_set_resumed_activity: [0,com.tencent.tmgp.pubgmhd/com.epicgames.ue4.GameActivity,moveTaskToFront findTaskToMoveToFront]
03-14 07:18:22.338 1533 10210 I wm_pause_activity: [0,57706815,com.android.launcher3/.uioverrides.QuickstepLauncher,userLeaving=true,pauseBackTasks]
03-14 07:18:22.352 2568 2568 I wm_on_top_resumed_lost_called: [57706815,com.android.launcher3.uioverrides.QuickstepLauncher,topStateChangedWhenResumed]
03-14 07:18:22.354 2568 2568 I wm_on_paused_called: [57706815,com.android.launcher3.uioverrides.QuickstepLauncher,performPause]
03-14 07:18:22.356 1533 11544 I ActivityTaskManager: FOREGROUND_APPLICATION_CHANGED to com.epicgames.ue4.GameActivity
03-14 07:18:22.359 1533 11544 I wm_set_resumed_activity: [0,com.tencent.tmgp.pubgmhd/com.epicgames.ue4.GameActivity,resumeTopActivityInnerLocked]
03-14 07:18:22.359 1533 11544 I wm_add_to_stopping: [0,57706815,com.android.launcher3/.uioverrides.QuickstepLauncher,makeInvisible]
03-14 07:18:22.361 1533 11544 I wm_resume_activity: [0,140857713,96,com.tencent.tmgp.pubgmhd/com.epicgames.ue4.GameActivity]
03-14 07:18:22.372 1533 1781 I input_focus: [Focus leaving 587a4a0 com.android.launcher3/com.android.launcher3.uioverrides.QuickstepLauncher (server),reason=NO_WINDOW]
03-14 07:18:22.378 21458 21458 I wm_on_restart_called: [140857713,com.epicgames.ue4.GameActivity,performRestartActivity]
03-14 07:18:22.385 21458 21458 I wm_on_start_called: [140857713,com.epicgames.ue4.GameActivity,handleStartActivity]
01-02 06:47:01.590 0 0 W ALERT : changing window size from 16000000 to 20000000 at 12447808068739
03-14 07:18:22.391 21458 21458 I wm_on_resume_called: [140857713,com.epicgames.ue4.GameActivity,RESUME_ACTIVITY]
03-14 07:18:22.391 21458 21458 I wm_on_top_resumed_gained_called: [140857713,com.epicgames.ue4.GameActivity,topWhenResuming]
03-14 07:18:22.393 1533 1622 I sysui_multi_action: [757,803,799,window_time_0,802,0]
03-14 07:18:22.395 2101 3642 W ContextImpl: Calling a method in the system process without a qualified user: android.app.ContextImpl.startService:1816 android.content.ContextWrapper.startService:774 com.thundercomm.gamemode.ingame.services.GameModeActionUtils.startGameModeService:118 com.thundercomm.gamemode.ingame.services.GameModeActionUtils.startGameModeEntry:29 com.thundercomm.gamemode.ingame.services.ActivityMonitoringService$1.onActivityLaunch:140
03-14 07:18:22.397 1533 1533 I GameModeConfig: Current uri is uri = content://com.thundercomm.gamemode.api/gamemode_settings/gamemode_isgaming
03-14 07:18:22.397 1533 1623 I input_focus: [Focus request 555c51c com.tencent.tmgp.pubgmhd/com.epicgames.ue4.GameActivity,reason=UpdateInputWindows]
03-14 07:18:22.400 1533 1533 I GameModeConfig: isGameModeOn = true
03-14 07:18:22.400 1533 1533 I GameModeConfig: isGaming = true
03-14 07:18:22.400 1533 1533 I GameModeConfig: isDisableNotification = true
03-14 07:18:22.401 1533 1533 I GameModeConfig: isGameModeOn = true
03-14 07:18:22.401 1533 1533 I GameModeConfig: isGaming = true
03-14 07:18:22.401 1533 1533 I GameModeConfig: isDisableNotification = true
01-02 06:47:01.593 0 0 I : [MAX975X:max96755x_drm_notifier_callback] *INFO* receives EARLY_BLANK:UNBLANK
01-02 06:47:01.593 0 0 I atmel_mxt_ts 0-004a: FB event:2,blank:0
01-02 06:47:01.593 0 0 I atmel_mxt_ts 0-004a: suspend: event = 2, blank = 0, not care
01-02 06:47:01.593 0 0 I [drm:dsi_display_set_mode] [msm-dsi-info]: mdp_transfer_time_us=0 us
01-02 06:47:01.593 0 0 I [drm:dsi_display_set_mode] [msm-dsi-info]: hactive= 2560,vactive= 1080,fps=30
01-02 06:47:01.593 0 0 I : [MAX975X:max96755x_drm_notifier_callback] *INFO* receives BLANK:UNBLANK
