03-14 07:21:14.611 0 0 I auditd : type=1400 audit(0.0:16049): avc: denied { kill } for comm="swapper/3" capability=5 scontext=u:r:kernel:s0 tcontext=u:r:kernel:s0 tclass=capability permissive=0
03-14 07:21:15.065 1533 1638 I am_uid_idle: 10062
01-02 06:49:54.528 0 0 I init : Untracked pid 3455 exited with status 0
03-14 07:21:15.611 0 0 I auditd : type=1400 audit(0.0:16050): avc: denied { kill } for comm="swapper/3" capability=5 scontext=u:r:kernel:s0 tcontext=u:r:kernel:s0 tclass=capability permissive=0
01-02 06:49:55.575 0 0 E DTC_ETH,link_delay_work_func: 3003, SQI=0, link=0
03-14 07:21:16.535 3471 3471 I auditd : type=1400 audit(0.0:16051): avc: denied { read } for comm="ls" name="/" dev="dm-5" ino=2 scontext=u:r:system_app:s0 tcontext=u:object_r:rootfs:s0 tclass=dir permissive=0
03-14 07:21:16.611 0 0 I auditd : type=1400 audit(0.0:16052): avc: denied { kill } for comm="swapper/3" capability=5 scontext=u:r:kernel:s0 tcontext=u:r:kernel:s0 tclass=capability permissive=0
01-02 06:49:55.909 0 0 I [schedu][0x386f684d7f][07:21:16.725361] wlan: [5333:I:WMA] [07:21:16.670000] [ROAM_TRIGGER]: VDEV[0] Reason: "LOW RSSI" Cur_Rssi threshold:81 Current AP RSSI: 78
01-02 06:49:55.909 0 0 I [schedu][0x386f684f2d][07:21:16.725383] wlan: [5333:I:WMA] [07:21:16.670000] [ROAM_SCAN]: VDEV[0] Scan_type: PARTIAL next_rssi_threshold: 81 dBm {2452 }
01-02 06:49:55.909 0 0 I [schedu][0x386f684fb2][07:21:16.725390] wlan: [5333:I:WMA] ============================================================================================================================
01-02 06:49:55.909 0 0 I [schedu][0x386f685191][07:21:16.725415] wlan: [5333:I:WMA] AP BSSID TSTAMP CH TY ETP RSSI/SCR CU%/SCR TOT_SCR BL_RSN BL_SRC BL_TSTAMP BL_TIMEOUT(ms)
01-02 06:49:55.909 0 0 I [schedu][0x386f685215][07:21:16.725422] wlan: [5333:I:WMA] ============================================================================================================================
01-02 06:49:55.909 0 0 I [schedu][0x386f68530c][07:21:16.725434] wlan: [5333:I:WMA] d6:44:3b:15:39:91 [07:21:16.670000] 2452 P_AP 0 78/0 0/0 1557 0 0 [00:00:00.000000] 0
01-02 06:49:55.909 0 0 I [schedu][0x386f6853cf][07:21:16.725445] wlan: [5333:I:WMA] [07:21:16.723000] [ROAM_RESULT]: VDEV[0] FAILED Reason: NO AP FOUND
03-14 07:21:16.739 3477 3477 I auditd : type=1400 audit(0.0:16053): avc: denied { read } for comm="ls" name="/" dev="dm-5" ino=2 scontext=u:r:system_app:s0 tcontext=u:object_r:rootfs:s0 tclass=dir permissive=0
03-14 07:21:17.026 1533 10633 W ProcessStats: Tracking association SourceState{8659739 com.tencent.tmgp.pubgmhd:xg_vip_service/10093 BTopFgs #11357} whose proc state 2 is better than process ProcessState{69166df com.tencent.tmgp.pubgmhd/10093 pkg=com.tencent.tmgp.pubgmhd} proc state 3 (1 skipped)
03-14 07:21:17.039 1533 10633 W ActivityManager: Unable to start service Intent { act=com.tencent.tpns.mqttchannel.FEEDBACK pkg=com.tencent.tmgp.pubgmhd } U=0: not found
03-14 07:21:17.219 1533 1926 I storage_state: [41217664-9172-527a-b3d5-edabb50a7d69,0,0,107366957056,118610538496]
03-14 07:21:17.611 0 0 I auditd : type=1400 audit(0.0:16054): avc: denied { kill } for comm="swapper/3" capability=5 scontext=u:r:kernel:s0 tcontext=u:r:kernel:s0 tclass=capability permissive=0
03-14 07:21:18.424 1533 1638 I am_uid_idle: 10031
03-14 07:21:18.611 0 0 I auditd : type=1400 audit(0.0:16055): avc: denied { kill } for comm="swapper/3" capability=5 scontext=u:r:kernel:s0 tcontext=u:r:kernel:s0 tclass=capability permissive=0
01-02 06:49:58.126 0 0 I [schedu][0x3871f1e83a][07:21:18.942678] wlan: [5333:I:WMA] [07:21:16.731000] [ROAM_TRIGGER]: VDEV[0] Reason: "LOW RSSI" Sub-Reason: FULL SCAN Cur_Rssi threshold:86 Current AP RSSI: 81
01-02 06:49:58.126 0 0 I [schedu][0x3871f1ebff][07:21:18.942727] wlan: [5333:I:WMA] [07:21:16.731000] [ROAM_SCAN]: VDEV[0] Scan_type: FULL next_rssi_threshold: 86 dBm
01-02 06:49:58.126 0 0 I [schedu][0x3871f1ed39][07:21:18.942743] wlan: [5333:I:WMA] ============================================================================================================================
01-02 06:49:58.126 0 0 I [schedu][0x3871f1eed5][07:21:18.942765] wlan: [5333:I:WMA] AP BSSID TSTAMP CH TY ETP RSSI/SCR CU%/SCR TOT_SCR BL_RSN BL_SRC BL_TSTAMP BL_TIMEOUT(ms)
01-02 06:49:58.126 0 0 I [schedu][0x3871f1f006][07:21:18.942781] wlan: [5333:I:WMA] ============================================================================================================================
01-02 06:49:58.127 0 0 I [schedu][0x3871f1f246][07:21:18.942811] wlan: [5333:I:WMA] d6:44:3b:15:39:91 [07:21:16.731000] 2452 P_AP 0 78/0 0/0 1557 0 0 [00:00:00.000000] 0
01-02 06:49:58.127 0 0 I [schedu][0x3871f1f884][07:21:18.942894] wlan: [5333:I:WMA] [07:21:18.940000] [ROAM_RESULT]: VDEV[0] FAILED Reason: NO AP FOUND
03-14 07:21:19.611 0 0 I auditd : type=1400 audit(0.0:16056): avc: denied { kill } for comm="swapper/3" capability=5 scontext=u:r:kernel:s0 tcontext=u:r:kernel:s0 tclass=capability permissive=0
03-14 07:21:20.611 19971 19971 I auditd : type=1400 audit(0.0:16057): avc: denied { kill } for comm="kworker/u16:16" capability=5 scontext=u:r:kernel:s0 tcontext=u:r:kernel:s0 tclass=capability permissive=0
01-02 06:50:00.694 0 0 E DTC_ETH,link_delay_work_func: 3003, SQI=0, link=0
03-14 07:21:21.611 0 0 I auditd : type=1400 audit(0.0:16058): avc: denied { kill } for comm="swapper/3" capability=5 scontext=u:r:kernel:s0 tcontext=u:r:kernel:s0 tclass=capability permissive=0
03-14 07:21:22.611 0 0 I auditd : type=1400 audit(0.0:16059): avc: denied { kill } for comm="swapper/3" capability=5 scontext=u:r:kernel:s0 tcontext=u:r:kernel:s0 tclass=capability permissive=0
03-14 07:21:23.611 0 0 I auditd : type=1400 audit(0.0:16060): avc: denied { kill } for comm="swapper/3" capability=5 scontext=u:r:kernel:s0 tcontext=u:r:kernel:s0 tclass=capability permissive=0
03-14 07:21:24.611 0 0 I auditd : type=1400 audit(0.0:16061): avc: denied { kill } for comm="swapper/3" capability=5 scontext=u:r:kernel:s0 tcontext=u:r:kernel:s0 tclass=capability permissive=0
03-14 07:21:26.611 0 0 I auditd : type=1400 audit(0.0:16062): avc: denied { kill } for comm="swapper/3" capability=5 scontext=u:r:kernel:s0 tcontext=u:r:kernel:s0 tclass=capability permissive=0
01-02 06:50:05.816 0 0 E DTC_ETH,link_delay_work_func: 3003, SQI=0, link=0
03-14 07:21:27.045 1533 10633 W ProcessStats: Tracking association SourceState{8659739 com.tencent.tmgp.pubgmhd:xg_vip_service/10093 BTopFgs #11368} whose proc state 2 is better than process ProcessState{69166df com.tencent.tmgp.pubgmhd/10093 pkg=com.tencent.tmgp.pubgmhd} proc state 3 (9 skipped)
03-14 07:21:27.611 0 0 I auditd : type=1400 audit(0.0:16063): avc: denied { kill } for comm="swapper/3" capability=5 scontext=u:r:kernel:s0 tcontext=u:r:kernel:s0 tclass=capability permissive=0
01-02 06:50:07.653 0 0 I logd : logdr: UID=1000 GID=1000 PID=3554 n tail=127 logMask=19 pid=0 start=0ns deadline=0ns
01-02 06:50:07.772 0 0 I logd : logdr: UID=1000 GID=1000 PID=3557 n tail=127 logMask=80 pid=0 start=0ns deadline=0ns
03-14 07:21:28.611 0 0 I auditd : type=1400 audit(0.0:16064): avc: denied { kill } for comm="swapper/3" capability=5 scontext=u:r:kernel:s0 tcontext=u:r:kernel:s0 tclass=capability permissive=0
03-14 07:21:28.672 831 831 E android.hardware.wifi@1.0-service: Failed to open directory: Permission denied
03-14 07:21:28.672 831 831 E android.hardware.wifi@1.0-service: Error occurred while deleting old tombstone files
03-14 07:21:28.672 831 831 E android.hardware.wifi@1.0-service: Error writing files to flash
03-14 07:21:28.667 831 831 I auditd : type=1400 audit(0.0:16065): avc: denied { search } for comm="wifi@1.0-servic" name="tombstones" dev="dm-10" ino=36 scontext=u:r:hal_wifi_default:s0 tcontext=u:object_r:vendor_tombstone_data_file:s0 tclass=dir permissive=0
03-14 07:21:29.611 0 0 I auditd : type=1400 audit(0.0:16066): avc: denied { kill } for comm="swapper/3" capability=5 scontext=u:r:kernel:s0 tcontext=u:r:kernel:s0 tclass=capability permissive=0
03-14 07:21:29.763 1533 10633 I wm_task_moved: [11,0,0]
03-14 07:21:29.763 1533 10633 I wm_task_moved: [11,0,8]
03-14 07:21:29.773 27685 27685 I view_enqueue_input_event: [Motion - Cancel,com.tencent.tmgp.sgame/com.tencent.tmgp.sgame.SGameActivity]
03-14 07:21:29.774 1533 9235 W FreeFormWindowHelper: Current Display FreeFormTask is null
03-14 07:21:29.775 1533 9235 W FreeFormWindowHelper: Current Display FreeFormTask is null
03-14 07:21:29.776 2568 2568 I wm_on_restart_called: [57706815,com.android.launcher3.uioverrides.QuickstepLauncher,performRestartActivity]
03-14 07:21:29.776 1533 9235 W FreeFormWindowHelper: Current Display FreeFormTask is null
03-14 07:21:29.777 1533 9235 W FreeFormWindowHelper: Current Display FreeFormTask is null
03-14 07:21:29.779 1533 1781 I input_interaction: Interaction with: edge-swipe (server), swipe-up (server), PointerEventDispatcher0 (server),
03-14 07:21:29.835 2568 2568 I wm_on_start_called: [57706815,com.android.launcher3.uioverrides.QuickstepLauncher,handleStartActivity]
03-14 07:21:29.836 1533 1623 I input_focus: [Focus request recents_animation_input_consumer,reason=UpdateInputWindows]
03-14 07:21:29.850 1533 4620 W FreeFormWindowHelper: Current Display FreeFormTask is null
03-14 07:21:29.850 1533 4620 W FreeFormWindowHelper: Current Display FreeFormTask is null
03-14 07:21:29.852 2568 2568 I sysui_latency: [1,115]
03-14 07:21:29.858 1533 4620 W FreeFormWindowHelper: Current Display FreeFormTask is null
03-14 07:21:29.859 1533 4620 W FreeFormWindowHelper: Current Display FreeFormTask is null
03-14 07:21:29.868 1533 4620 W FreeFormWindowHelper: Current Display FreeFormTask is null
03-14 07:21:29.868 1533 4620 W FreeFormWindowHelper: Current Display FreeFormTask is null
03-14 07:21:29.871 1533 1781 I input_focus: [Focus leaving f5483db com.tencent.tmgp.sgame/com.tencent.tmgp.sgame.SGameActivity (server),reason=NOT_FOCUSABLE]
03-14 07:21:29.871 1533 1781 I input_focus: [Focus entering recents_animation_input_consumer (server),reason=setFocusedWindow]
03-14 07:21:29.879 1533 1619 I sysui_multi_action: [319,13,322,99,325,12635,757,761,758,9,759,5,806,com.android.launcher3,871,com.android.launcher3.uioverrides.QuickstepLauncher,904,com.android.launcher3,905,0,1320,8,1321,5]
03-14 07:21:29.883 1533 9235 W ActivityTaskManager: getTaskSnapshot: taskId=-877 not found
03-14 07:21:29.888 1533 9235 W ActivityTaskManager: getTaskSnapshot: taskId=-877 not found
03-14 07:21:29.902 1533 9235 W FreeFormWindowHelper: Current Display FreeFormTask is null
03-14 07:21:29.903 1533 9235 W FreeFormWindowHelper: Current Display FreeFormTask is null
03-14 07:21:29.923 1533 10633 W FreeFormWindowHelper: Current Display FreeFormTask is null
03-14 07:21:29.923 1533 10633 W FreeFormWindowHelper: Current Display FreeFormTask is null
03-14 07:21:29.923 1533 10633 W FreeFormWindowHelper: Current Display FreeFormTask is null
03-14 07:21:29.935 1533 10633 W FreeFormWindowHelper: Current Display FreeFormTask is null
03-14 07:21:29.935 1533 10633 W FreeFormWindowHelper: Current Display FreeFormTask is null
03-14 07:21:30.043 1533 1739 I commit_sys_config_file: [settings-1-0,6]
03-14 07:21:30.139 1533 1638 I am_uid_idle: 10090
03-14 07:21:30.162 1533 1628 I sysui_latency: [8,119]
01-02 06:50:09.412 0 0 E [wifi@1][0x387edc5b82][07:21:30.228694] wlan: [831:E:QDF] cds_flush_logs: 2424: Bug report already in progress - dropping! type:0, indicator=1 reason_code=0
01-02 06:50:09.412 0 0 E [wifi@1][0x387edc5d68][07:21:30.228719] wlan: [831:E:HDD] __wlan_hdd_cfg80211_wifi_logger_get_ring_data: 9840: Failed to trigger bug report
01-02 06:50:09.444 0 0 I logd : logdr: UID=1000 GID=1000 PID=3576 n tail=127 logMask=19 pid=0 start=0ns deadline=0ns
03-14 07:21:30.271 1533 12433 I wm_task_moved: [11,1,9]
03-14 07:21:30.272 1533 12433 I wm_focused_root_task: [0,0,11,95,RecentsAnimation.onAnimationFinished()]
03-14 07:21:30.272 27685 27685 I wm_on_top_resumed_lost_called: [50396061,com.tencent.tmgp.sgame.SGameActivity,topStateChangedWhenResumed]
03-14 07:21:30.275 1533 12433 I wm_pause_activity: [0,50396061,com.tencent.tmgp.sgame/.SGameActivity,userLeaving=false,pauseBackTasks]
03-14 07:21:30.275 1533 12433 I ActivityTaskManager: FOREGROUND_APPLICATION_CHANGED to com.android.launcher3.uioverrides.QuickstepLauncher
03-14 07:21:30.276 1533 12433 I wm_set_resumed_activity: [0,com.android.launcher3/.uioverrides.QuickstepLauncher,resumeTopActivityInnerLocked]
03-14 07:21:30.285 1533 12433 I wm_resume_activity: [0,57706815,12,com.android.launcher3/.uioverrides.QuickstepLauncher]
03-14 07:21:30.285 1533 12433 I wm_add_to_stopping: [0,50396061,com.tencent.tmgp.sgame/.SGameActivity,makeInvisible]
03-14 07:21:30.287 2568 2568 I wm_on_resume_called: [57706815,com.android.launcher3.uioverrides.QuickstepLauncher,RESUME_ACTIVITY]
03-14 07:21:30.293 1533 1623 I input_focus: [Focus request 587a4a0 com.android.launcher3/com.android.launcher3.uioverrides.QuickstepLauncher,reason=UpdateInputWindows]
03-14 07:21:30.294 1533 1622 I sysui_multi_action: [757,803,799,window_time_0,802,72]
03-14 07:21:30.295 1533 1622 I wm_stop_activity: [0,50396061,com.tencent.tmgp.sgame/.SGameActivity]
03-14 07:21:30.295 1533 1622 I sysui_multi_action: [757,803,799,window_time_0,802,0]
03-14 07:21:30.296 1533 2132 W FreeFormWindowHelper: Current Display FreeFormTask is null
03-14 07:21:30.296 1533 10210 W FreeFormWindowHelper: Current Display FreeFormTask is null
03-14 07:21:30.296 1533 14010 W FreeFormWindowHelper: Current Display FreeFormTask is null
03-14 07:21:30.307 1533 1781 I input_focus: [Focus leaving recents_animation_input_consumer (server),reason=NOT_VISIBLE]
03-14 07:21:30.308 2568 2568 I wm_on_top_resumed_gained_called: [57706815,com.android.launcher3.uioverrides.QuickstepLauncher,topStateChangedWhenResumed]
03-14 07:21:30.309 1533 4620 W FreeFormWindowHelper: Current Display FreeFormTask is null
03-14 07:21:30.309 1533 4620 W FreeFormWindowHelper: Current Display FreeFormTask is null
03-14 07:21:30.336 1533 1628 I am_pss : [31776,10099,com.qiyi.video,211962880,170106880,132096,364982272,0,15,20]
03-14 07:21:30.338 1533 1781 I input_focus: [Focus entering 587a4a0 com.android.launcher3/com.android.launcher3.uioverrides.QuickstepLauncher (server),reason=setFocusedWindow]
03-14 07:21:30.348 1533 1628 I am_pss : [31965,10099,com.qiyi.video:downloader,48818176,25206784,305152,162410496,0,15,11]
03-14 07:21:30.358 1533 1628 I am_pss : [32753,10099,com.qiyi.video:plugin1,35770368,15110144,514048,146755584,0,15,9]
03-14 07:21:30.366 1533 1628 I am_pss : [3188,10065,com.android.gallery3d,8826880,5636096,747520,85762048,0,19,6]
01-02 06:50:09.551 0 0 I logd : logdr: UID=1000 GID=1000 PID=3583 n tail=127 logMask=80 pid=0 start=0ns deadline=0ns
03-14 07:21:30.380 1533 1628 I am_pss : [3113,90000,com.microsoft.emmx:sandboxed_process0:org.chromium.content.app.SandboxedProcessService0:0,15570944,3497984,846848,102014976,0,19,8]
03-14 07:21:30.395 1533 5348 W FreeFormWindowHelper: Current Display FreeFormTask is null
03-14 07:21:30.398 1533 1628 I am_pss : [2743,10031,com.microsoft.emmx,131594240,103387136,386048,270200832,0,19,16]
03-14 07:21:30.402 2101 3642 W ContextImpl: Calling a method in the system process without a qualified user: android.app.ContextImpl.startService:1816 android.content.ContextWrapper.startService:774 com.thundercomm.gamemode.ingame.services.GameModeActionUtils.startGameModeService:118 com.thundercomm.gamemode.ingame.services.GameModeActionUtils.startGameModeEntry:29 com.thundercomm.gamemode.ingame.services.ActivityMonitoringService$1.onActivityLaunch:140
03-14 07:21:30.403 1533 10633 I am_uid_active: 10062
03-14 07:21:30.407 1533 1628 I am_pss : [32234,10099,com.qiyi.video:QS,25916416,8212480,668672,134348800,0,19,8]
03-14 07:21:30.412 1533 1533 I GameModeConfig: Current uri is uri = content://com.thundercomm.gamemode.api/gamemode_settings/gamemode_isgaming
01-02 06:50:09.606 0 0 W ALERT : changing window size from 20000000 to 16000000 at 12635824029501
03-14 07:21:30.415 1533 1533 I GameModeConfig: isGameModeOn = true
03-14 07:21:30.415 1533 1533 I GameModeConfig: isGaming = false
03-14 07:21:30.415 1533 1533 I GameModeConfig: isGameModeOn = true
03-14 07:21:30.415 1533 1533 I GameModeConfig: isGaming = false
03-14 07:21:30.415 1533 1533 I GameModeConfig: isDisableVoice = true
01-02 06:50:09.612 0 0 I : [MAX975X:max96755x_drm_notifier_callback] *INFO* receives EARLY_BLANK:UNBLANK
01-02 06:50:09.612 0 0 I atmel_mxt_ts 0-004a: FB event:2,blank:0
01-02 06:50:09.612 0 0 I atmel_mxt_ts 0-004a: suspend: event = 2, blank = 0, not care
01-02 06:50:09.612 0 0 I [drm:dsi_display_set_mode] [msm-dsi-info]: mdp_transfer_time_us=0 us
01-02 06:50:09.612 0 0 I [drm:dsi_display_set_mode] [msm-dsi-info]: hactive= 2560,vactive= 1080,fps=60
01-02 06:50:09.612 0 0 I : [MAX975X:max96755x_drm_notifier_callback] *INFO* receives BLANK:UNBLANK
03-14 07:21:30.452 1533 1622 I DisplayDeviceRepository: Display device changed: DisplayDeviceInfo{"内置屏幕": uniqueId="local:4630946816427681409", 2560 x 1080, modeId 1, defaultModeId 1, supportedModes [{id=1, width=2560, height=1080, fps=60.000004, alternativeRefreshRates=[30.000002, 45.0]}, {id=2, width=2560, height=1080, fps=45.0, alternativeRefreshRates=[30.000002, 60.000004]}, {id=3, width=2560, height=1080, fps=30.000002, alternativeRefreshRates=[45.0, 60.000004]}], colorMode 0, supportedColorModes [0], hdrCapabilities HdrCapabilities{mSupportedHdrTypes=[2, 3, 4], mMaxLuminance=500.0, mMaxAverageLuminance=500.0, mMinLuminance=0.0}, allmSupported false, gameContentTypeSupported false, density 240, 320.315 x 318.976 dpi, appVsyncOff 1000000, presDeadline 16666666, touch INTERNAL, rotation 0, type INTERNAL, address {port=129, model=0x40446d97fee5e6}, deviceProductInfo DeviceProductInfo{name=, manufacturerPnpId=QCM, productId=1, modelYear=null, manufactureDate=ManufactureDate{week=27, year=2006}, connectionToSinkType=0}, state ON, frameRateOverride , brightnessMinimum 0.0, brightnessMaximum 1.0, brightnessDefault 1.0, FLAG_DEFAULT_DISPLAY, FLAG_ROTATES_WITH_CONTENT, FLAG_SECURE, FLAG_SUPPORTS_PROTECTED_BUFFERS}
03-14 07:21:30.451 831 831 I auditd : type=1400 audit(0.0:16067): avc: denied { search } for comm="wifi@1.0-servic" name="tombstones" dev="dm-10" ino=36 scontext=u:r:hal_wifi_default:s0 tcontext=u:object_r:vendor_tombstone_data_file:s0 tclass=dir permissive=0
03-14 07:21:30.457 831 831 E android.hardware.wifi@1.0-service: Failed to open directory: Permission denied
03-14 07:21:30.457 831 831 E android.hardware.wifi@1.0-service: Error occurred while deleting old tombstone files
03-14 07:21:30.457 831 831 E android.hardware.wifi@1.0-service: Error writing files to flash
03-14 07:21:30.510 1533 1739 I commit_sys_config_file: [settings-1-0,4]
01-02 06:50:09.744 0 0 I atmel_mxt_ts 0-004a: FB event:1,blank:0
01-02 06:50:09.744 0 0 I atmel_mxt_ts 0-004a: drm_notifier_callback: UNBLANK! Resume by drm notifier.
03-14 07:21:30.636 27685 27685 I wm_on_paused_called: [50396061,com.tencent.tmgp.sgame.SGameActivity,performPause]
03-14 07:21:30.642 27685 27685 I wm_on_stop_called: [50396061,com.tencent.tmgp.sgame.SGameActivity,STOP_ACTIVITY_ITEM]
03-14 07:21:31.164 1533 1781 I input_interaction: Interaction with: 587a4a0 com.android.launcher3/com.android.launcher3.uioverrides.QuickstepLauncher (server), a76c92 com.android.systemui.ImageWallpaper (server), edge-swipe (server), swipe-up (server), PointerEventDispatcher0 (server),
03-14 07:21:31.356 1533 2037 W FreeFormWindowHelper: exitRecentTasks type=0
01-02 06:50:10.937 0 0 E DTC_ETH,link_delay_work_func: 3003, SQI=0, link=0
01-02 06:50:10.952 0 0 I logd : logdr: UID=1000 GID=1000 PID=3597 n tail=127 logMask=19 pid=0 start=0ns deadline=0ns
01-02 06:50:11.059 0 0 I logd : logdr: UID=1000 GID=1000 PID=3599 n tail=127 logMask=80 pid=0 start=0ns deadline=0ns
03-14 07:21:31.967 831 831 I auditd : type=1400 audit(0.0:16068): avc: denied { search } for comm="wifi@1.0-servic" name="tombstones" dev="dm-10" ino=36 scontext=u:r:hal_wifi_default:s0 tcontext=u:object_r:vendor_tombstone_data_file:s0 tclass=dir permissive=0
03-14 07:21:31.973 831 831 E android.hardware.wifi@1.0-service: Failed to open directory: Permission denied
03-14 07:21:31.973 831 831 E android.hardware.wifi@1.0-service: Error occurred while deleting old tombstone files
03-14 07:21:31.973 831 831 E android.hardware.wifi@1.0-service: Error writing files to flash
03-14 07:21:32.611 0 0 I auditd : type=1400 audit(0.0:16069): avc: denied { kill } for comm="swapper/3" capability=5 scontext=u:r:kernel:s0 tcontext=u:r:kernel:s0 tclass=capability permissive=0
01-02 06:50:11.809 0 0 E [wifi@1][0x38819a9e8d][07:21:32.625748] wlan: [831:E:QDF] cds_flush_logs: 2424: Bug report already in progress - dropping! type:0, indicator=1 reason_code=0
01-02 06:50:11.810 0 0 E [wifi@1][0x38819aa17c][07:21:32.625787] wlan: [831:E:HDD] __wlan_hdd_cfg80211_wifi_logger_get_ring_data: 9840: Failed to trigger bug report
01-02 06:50:11.838 0 0 I logd : logdr: UID=1000 GID=1000 PID=3601 n tail=127 logMask=19 pid=0 start=0ns deadline=0ns
01-02 06:50:11.961 0 0 I logd : logdr: UID=1000 GID=1000 PID=3603 n tail=127 logMask=80 pid=0 start=0ns deadline=0ns
03-14 07:21:32.860 831 831 E android.hardware.wifi@1.0-service: Failed to open directory: Permission denied
03-14 07:21:32.855 831 831 I auditd : type=1400 audit(0.0:16070): avc: denied { search } for comm="wifi@1.0-servic" name="tombstones" dev="dm-10" ino=36 scontext=u:r:hal_wifi_default:s0 tcontext=u:object_r:vendor_tombstone_data_file:s0 tclass=dir permissive=0
03-14 07:21:32.860 831 831 E android.hardware.wifi@1.0-service: Error occurred while deleting old tombstone files
03-14 07:21:32.860 831 831 E android.hardware.wifi@1.0-service: Error writing files to flash
03-14 07:21:33.159 27685 27685 I auditd : type=1400 audit(0.0:16071): avc: denied { read } for comm="pcdn_udp" name="snmp" dev="proc" ino=4026532270 scontext=u:r:untrusted_app_29:s0:c94,c256,c512,c768 tcontext=u:object_r:proc_net:s0 tclass=file permissive=0 app=com.tencent.tmgp.sgame
03-14 07:21:33.611 0 0 I auditd : type=1400 audit(0.0:16072): avc: denied { kill } for comm="swapper/3" capability=5 scontext=u:r:kernel:s0 tcontext=u:r:kernel:s0 tclass=capability permissive=0
03-14 07:21:34.069 1533 10633 I thunderperf: PlatormCompat.setOverrides: Uid1=10074 Pid1=2568 Uid2=10074 Pid2=2568
03-14 07:21:34.069 1533 10633 I thunderperf: PlatormCompat.setOverrides: needCheck:false
03-14 07:21:34.070 1533 10633 I thunderperf: CompatConfig.addOverrideUnsafe: bef-state=1
03-14 07:21:34.070 1533 10633 I thunderperf: CompatConfig.addOverrideUnsafe: aft-state=0
03-14 07:21:34.070 1533 10633 I thunderperf: CompatConfig.addOverrideUnsafe: bef-state=1
03-14 07:21:34.070 1533 10633 I thunderperf: CompatConfig.addOverrideUnsafe: aft-state=0
03-14 07:21:34.071 1533 10633 I thunderperf: CompatConfig.addOverrideUnsafe: bef-state=1
03-14 07:21:34.071 1533 10633 I thunderperf: CompatConfig.addOverrideUnsafe: aft-state=0
03-14 07:21:34.071 1533 10633 I thunderperf: CompatConfig.addOverrideUnsafe: bef-state=1
03-14 07:21:34.071 1533 10633 I thunderperf: CompatConfig.addOverrideUnsafe: aft-state=0
03-14 07:21:34.071 1533 10633 I thunderperf: CompatConfig.addOverrideUnsafe: bef-state=1
03-14 07:21:34.071 1533 10633 I thunderperf: CompatConfig.addOverrideUnsafe: aft-state=0
03-14 07:21:34.072 1533 10633 I thunderperf: CompatConfig.addOverrideUnsafe: bef-state=1
03-14 07:21:34.072 1533 10633 I thunderperf: CompatConfig.addOverrideUnsafe: aft-state=0
03-14 07:21:34.072 1533 10633 I thunderperf: CompatConfig.addOverrideUnsafe: bef-state=1
03-14 07:21:34.072 1533 10633 I thunderperf: CompatConfig.addOverrideUnsafe: aft-state=0
03-14 07:21:34.072 1533 10633 I thunderperf: CompatConfig.addOverrideUnsafe: bef-state=1
03-14 07:21:34.072 1533 10633 I thunderperf: CompatConfig.addOverrideUnsafe: aft-state=0
03-14 07:21:34.073 1533 10633 I thunderperf: CompatConfig.addOverrideUnsafe: bef-state=1
03-14 07:21:34.073 1533 10633 I thunderperf: CompatConfig.addOverrideUnsafe: aft-state=0
03-14 07:21:34.073 1533 10633 I thunderperf: CompatConfig.addOverrideUnsafe: bef-state=1
03-14 07:21:34.073 1533 10633 I thunderperf: CompatConfig.addOverrideUnsafe: aft-state=0
03-14 07:21:34.073 1533 10633 I thunderperf: CompatConfig.addOverrideUnsafe: bef-state=1
03-14 07:21:34.073 1533 10633 I thunderperf: CompatConfig.addOverrideUnsafe: aft-state=0
03-14 07:21:34.074 1533 10633 I thunderperf: CompatConfig.addOverrideUnsafe: bef-state=1
03-14 07:21:34.074 1533 10633 I thunderperf: CompatConfig.addOverrideUnsafe: aft-state=0
03-14 07:21:34.074 1533 10633 I thunderperf: CompatConfig.addOverrideUnsafe: bef-state=1
03-14 07:21:34.074 1533 10633 I thunderperf: CompatConfig.addOverrideUnsafe: aft-state=0
03-14 07:21:34.074 1533 10633 I thunderperf: CompatConfig.addOverrideUnsafe: bef-state=1
03-14 07:21:34.074 1533 10633 I thunderperf: CompatConfig.addOverrideUnsafe: aft-state=0
03-14 07:21:34.076 1533 10633 I ActivityTaskManager: START u0 {act=android.intent.action.MAIN cat=[android.intent.category.LAUNCHER] flg=0x10200000 cmp=com.miHoYo.Yuanshen/com.miHoYo.GetMobileInfo.MainActivity bnds=[1621,84][1923,378]} from uid 10074
03-14 07:21:34.078 1533 10633 I wm_task_created: [103,-1]
03-14 07:21:34.078 1533 10633 W ActivityTaskManager: Can't find TaskDisplayArea to determine support for multi window. Task id=103 attached=false
03-14 07:21:34.079 1533 10633 D CompatibilityChangeReporter: Compat change id reported: 174042980; UID 10095; state: DISABLED
03-14 07:21:34.079 1533 10633 D CompatibilityChangeReporter: Compat change id reported: 184838306; UID 10095; state: DISABLED
03-14 07:21:34.080 1533 10633 D CompatibilityChangeReporter: Compat change id reported: 185004937; UID 10095; state: DISABLED
03-14 07:21:34.082 1533 10633 D CompatibilityChangeReporter: Compat change id reported: 181136395; UID 10095; state: DISABLED
03-14 07:21:34.082 1533 10633 D CompatibilityChangeReporter: Compat change id reported: 174042936; UID 10095; state: DISABLED
03-14 07:21:34.083 1533 10633 I wm_task_moved: [103,1,10]
03-14 07:21:34.083 1533 10633 I wm_task_to_front: [0,103]
03-14 07:21:34.083 1533 10633 I wm_create_task: [0,103]
03-14 07:21:34.083 1533 10633 I wm_create_activity: [0,14067012,103,com.miHoYo.Yuanshen/com.miHoYo.GetMobileInfo.MainActivity,android.intent.action.MAIN,NULL,NULL,270532608]
03-14 07:21:34.083 1533 10633 I wm_task_moved: [103,1,10]
03-14 07:21:34.084 1533 10633 I wm_pause_activity: [0,57706815,com.android.launcher3/.uioverrides.QuickstepLauncher,userLeaving=true,pauseBackTasks]
03-14 07:21:34.086 1533 9755 W FreeFormWindowHelper: Current Display FreeFormTask is null
03-14 07:21:34.087 2568 2568 I wm_on_top_resumed_lost_called: [57706815,com.android.launcher3.uioverrides.QuickstepLauncher,topStateChangedWhenResumed]
03-14 07:21:34.087 2568 2568 I wm_on_paused_called: [57706815,com.android.launcher3.uioverrides.QuickstepLauncher,performPause]
03-14 07:21:34.088 1533 9755 I ActivityTaskManager: FOREGROUND_APPLICATION_CHANGED to com.miHoYo.GetMobileInfo.MainActivity
03-14 07:21:34.089 1533 9755 I wm_add_to_stopping: [0,57706815,com.android.launcher3/.uioverrides.QuickstepLauncher,makeInvisible]
03-14 07:21:34.093 1533 1622 I am_uid_running: 10095
03-14 07:21:34.093 1533 1622 D CompatibilityChangeReporter: Compat change id reported: 135634846; UID 10095; state: DISABLED
03-14 07:21:34.093 1533 1622 D CompatibilityChangeReporter: Compat change id reported: 177438394; UID 10095; state: DISABLED
03-14 07:21:34.093 1533 1622 D CompatibilityChangeReporter: Compat change id reported: 135772972; UID 10095; state: DISABLED
03-14 07:21:34.093 1533 1622 D CompatibilityChangeReporter: Compat change id reported: 135754954; UID 10095; state: ENABLED
03-14 07:21:34.093 1533 1639 D CompatibilityChangeReporter: Compat change id reported: 143937733; UID 10095; state: ENABLED
03-14 07:21:34.094 1533 1622 I sysui_multi_action: [757,803,799,window_time_0,802,4]
03-14 07:21:34.099 1533 1639 I am_proc_start: [0,3619,10095,com.miHoYo.Yuanshen,pre-top-activity,{com.miHoYo.Yuanshen/com.miHoYo.GetMobileInfo.MainActivity}]
03-14 07:21:34.100 1533 1639 I ActivityManager: Start proc 3619:com.miHoYo.Yuanshen/u0a95 for pre-top-activity {com.miHoYo.Yuanshen/com.miHoYo.GetMobileInfo.MainActivity}
03-14 07:21:34.101 1533 3620 W ContextImpl: Calling a method in the system process without a qualified user: android.app.ContextImpl.sendBroadcast:1173 com.qualcomm.qti.Performance$SendGameLaunchBroadcast.run:217 java.lang.Thread.run:920
01-02 06:50:13.290 0 0 W perfetto: enabled ftrace
03-14 07:21:34.115 1533 1781 I input_focus: [Focus leaving 587a4a0 com.android.launcher3/com.android.launcher3.uioverrides.QuickstepLauncher (server),reason=NO_WINDOW]
01-02 06:50:13.305 0 0 I binder : 3619:3619 ioctl 40046210 7fe31dd924 returned -22
03-14 07:21:34.123 1533 9235 I am_proc_bound: [0,3619,com.miHoYo.Yuanshen]
03-14 07:21:34.126 1533 9235 I wm_restart_activity: [0,14067012,103,com.miHoYo.Yuanshen/com.miHoYo.GetMobileInfo.MainActivity]
03-14 07:21:34.129 1533 9235 I wm_set_resumed_activity: [0,com.miHoYo.Yuanshen/com.miHoYo.GetMobileInfo.MainActivity,minimalResumeActivityLocked]
03-14 07:21:34.130 1533 1622 I am_uid_active: 10095
03-14 07:21:34.136 2101 3642 W ContextImpl: Calling a method in the system process without a qualified user: android.app.ContextImpl.startService:1816 android.content.ContextWrapper.startService:774 com.thundercomm.gamemode.ingame.services.GameModeActionUtils.startGameModeService:118 com.thundercomm.gamemode.ingame.services.GameModeActionUtils.startGameModeEntry:29 com.thundercomm.gamemode.ingame.services.ActivityMonitoringService$1.onActivityLaunch:140
03-14 07:21:34.140 1533 1533 I GameModeConfig: Current uri is uri = content://com.thundercomm.gamemode.api/gamemode_settings/gamemode_isgaming
03-14 07:21:34.141 1533 1533 I GameModeConfig: isGameModeOn = true
03-14 07:21:34.141 1533 1533 I GameModeConfig: isGaming = true
03-14 07:21:34.141 1533 1533 I GameModeConfig: isDisableNotification = true
03-14 07:21:34.141 1533 1533 I GameModeConfig: isGameModeOn = true
03-14 07:21:34.141 1533 1533 I GameModeConfig: isGaming = true
03-14 07:21:34.141 1533 1533 I GameModeConfig: isDisableNotification = true
01-02 06:50:13.334 0 0 W ALERT : changing window size from 16000000 to 20000000 at 12639552023926
01-02 06:50:13.348 0 0 I : [MAX975X:max96755x_drm_notifier_callback] *INFO* receives EARLY_BLANK:UNBLANK
01-02 06:50:13.348 0 0 I atmel_mxt_ts 0-004a: FB event:2,blank:0
01-02 06:50:13.348 0 0 I atmel_mxt_ts 0-004a: suspend: event = 2, blank = 0, not care
01-02 06:50:13.348 0 0 I [drm:dsi_display_set_mode] [msm-dsi-info]: mdp_transfer_time_us=0 us
01-02 06:50:13.348 0 0 I [drm:dsi_display_set_mode] [msm-dsi-info]: hactive= 2560,vactive= 1080,fps=30
01-02 06:50:13.348 0 0 I : [MAX975X:max96755x_drm_notifier_callback] *INFO* receives BLANK:UNBLANK
01-02 06:50:13.348 0 0 I atmel_mxt_ts 0-004a: FB event:1,blank:0
01-02 06:50:13.348 0 0 I atmel_mxt_ts 0-004a: drm_notifier_callback: UNBLANK! Resume by drm notifier.
01-02 06:50:13.354 0 0 W ALERT : changing window size from 20000000 to 8000000 at 12639572017051
03-14 07:21:34.178 1533 1622 I DisplayDeviceRepository: Display device changed: DisplayDeviceInfo{"内置屏幕": uniqueId="local:4630946816427681409", 2560 x 1080, modeId 3, defaultModeId 1, supportedModes [{id=1, width=2560, height=1080, fps=60.000004, alternativeRefreshRates=[30.000002, 45.0]}, {id=2, width=2560, height=1080, fps=45.0, alternativeRefreshRates=[30.000002, 60.000004]}, {id=3, width=2560, height=1080, fps=30.000002, alternativeRefreshRates=[45.0, 60.000004]}], colorMode 0, supportedColorModes [0], hdrCapabilities HdrCapabilities{mSupportedHdrTypes=[2, 3, 4], mMaxLuminance=500.0, mMaxAverageLuminance=500.0, mMinLuminance=0.0}, allmSupported false, gameContentTypeSupported false, density 240, 320.315 x 318.976 dpi, appVsyncOff 1000000, presDeadline 33333333, touch INTERNAL, rotation 0, type INTERNAL, address {port=129, model=0x40446d97fee5e6}, deviceProductInfo DeviceProductInfo{name=, manufacturerPnpId=QCM, productId=1, modelYear=null, manufactureDate=ManufactureDate{week=27, year=2006}, connectionToSinkType=0}, state ON, frameRateOverride , brightnessMinimum 0.0, brightnessMaximum 1.0, brightnessDefault 1.0, FLAG_DEFAULT_DISPLAY, FLAG_ROTATES_WITH_CONTENT, FLAG_SECURE, FLAG_SUPPORTS_PROTECTED_BUFFERS}
03-14 07:21:34.181 3619 3619 E ActivityThread: Failed to find provider info for com.combosdk.framework.control
03-14 07:21:34.192 1533 11544 W FreeFormWindowHelper: Current Display FreeFormTask is null
03-14 07:21:34.265 1533 1853 I netstats_mobile_sample: [0,0,0,0,0,0,0,0,0,0,0,0,1678775328516]
03-14 07:21:34.265 1533 1853 I netstats_wifi_sample: [93418776,76520,2012773,21743,93418776,76520,2012773,21743,91965405,77910,1666223,20758,1678775328516]
03-14 07:21:34.285 3619 3619 I wm_on_create_called: [14067012,com.miHoYo.GetMobileInfo.MainActivity,performCreate]
03-14 07:21:34.286 3619 3619 I wm_on_start_called: [14067012,com.miHoYo.GetMobileInfo.MainActivity,handleStartActivity]
03-14 07:21:34.286 3619 3619 I wm_on_resume_called: [14067012,com.miHoYo.GetMobileInfo.MainActivity,RESUME_ACTIVITY]
03-14 07:21:34.288 1533 10633 W WindowManager: Failed looking up window session=Session{2179ec2 3619:u0a10095} callers=com.android.server.wm.WindowManagerService.windowForClientLocked:5628 com.android.server.wm.Session.insetsModified:629 android.view.IWindowSession$Stub.onTransact:1151
03-14 07:21:34.289 3619 3619 I wm_on_top_resumed_gained_called: [14067012,com.miHoYo.GetMobileInfo.MainActivity,topStateChangedWhenResumed]
03-14 07:21:34.297 1533 1623 I input_focus: [Focus request fd0e810 com.miHoYo.Yuanshen/com.miHoYo.GetMobileInfo.MainActivity,reason=UpdateInputWindows]
01-02 06:50:13.484 0 0 I binder : 3619:3619 ioctl 40046210 7fe31dcd64 returned -22
03-14 07:21:34.311 1533 1619 I sysui_multi_action: [319,30,321,27,322,233,325,12639,757,761,758,7,759,1,806,com.miHoYo.Yuanshen,871,com.miHoYo.GetMobileInfo.MainActivity,904,com.android.launcher3,905,0,945,48,1320,4,1321,4]
03-14 07:21:34.311 1533 1619 I wm_activity_launch_time: [0,14067012,com.miHoYo.Yuanshen/com.miHoYo.GetMobileInfo.MainActivity,233]
03-14 07:21:34.334 1533 1781 I input_focus: [Focus entering fd0e810 com.miHoYo.Yuanshen/com.miHoYo.GetMobileInfo.MainActivity (server),reason=setFocusedWindow]
03-14 07:21:34.362 1533 1739 I commit_sys_config_file: [settings-1-0,27]
03-14 07:21:34.611 0 0 I auditd : type=1400 audit(0.0:16073): avc: denied { kill } for comm="swapper/3" capability=5 scontext=u:r:kernel:s0 tcontext=u:r:kernel:s0 tclass=capability permissive=0
03-14 07:21:34.645 1533 1622 I wm_stop_activity: [0,57706815,com.android.launcher3/.uioverrides.QuickstepLauncher]
03-14 07:21:34.710 2568 2568 I wm_on_stop_called: [57706815,com.android.launcher3.uioverrides.QuickstepLauncher,STOP_ACTIVITY_ITEM]
03-14 07:21:35.448 831 831 E android.hardware.wifi@1.0-service: Failed to open directory: Permission denied
03-14 07:21:35.448 831 831 E android.hardware.wifi@1.0-service: Error occurred while deleting old tombstone files
03-14 07:21:35.448 831 831 E android.hardware.wifi@1.0-service: Error writing files to flash
03-14 07:21:35.443 831 831 I auditd : type=1400 audit(0.0:16074): avc: denied { search } for comm="wifi@1.0-servic" name="tombstones" dev="dm-10" ino=36 scontext=u:r:hal_wifi_default:s0 tcontext=u:object_r:vendor_tombstone_data_file:s0 tclass=dir permissive=0
03-14 07:21:35.611 0 0 I auditd : type=1400 audit(0.0:16075): avc: denied { kill } for comm="swapper/3" capability=5 scontext=u:r:kernel:s0 tcontext=u:r:kernel:s0 tclass=capability permissive=0
01-02 06:50:15.193 0 0 E [wifi@1][0x388579ea33][07:21:36.009370] wlan: [831:E:QDF] cds_flush_logs: 2424: Bug report already in progress - dropping! type:0, indicator=1 reason_code=0
01-02 06:50:15.193 0 0 E [wifi@1][0x388579eb00][07:21:36.009380] wlan: [831:E:HDD] __wlan_hdd_cfg80211_wifi_logger_get_ring_data: 9840: Failed to trigger bug report
03-14 07:21:36.216 831 831 E android.hardware.wifi@1.0-service: Failed to open directory: Permission denied
03-14 07:21:36.211 831 831 I auditd : type=1400 audit(0.0:16076): avc: denied { search } for comm="wifi@1.0-servic" name="tombstones" dev="dm-10" ino=36 scontext=u:r:hal_wifi_default:s0 tcontext=u:object_r:vendor_tombstone_data_file:s0 tclass=dir permissive=0
03-14 07:21:36.216 831 831 E android.hardware.wifi@1.0-service: Error occurred while deleting old tombstone files
03-14 07:21:36.216 831 831 E android.hardware.wifi@1.0-service: Error writing files to flash
03-14 07:21:36.611 0 0 I auditd : type=1400 audit(0.0:16077): avc: denied { kill } for comm="swapper/3" capability=5 scontext=u:r:kernel:s0 tcontext=u:r:kernel:s0 tclass=capability permissive=0
01-02 06:50:16.054 0 0 E DTC_ETH,link_delay_work_func: 3003, SQI=0, link=0
03-14 07:21:37.134 1533 1781 I input_interaction: Interaction with: 14b843f gamemode.floatview (server), edge-swipe (server), swipe-up (server), PointerEventDispatcher0 (server),
03-14 07:21:37.611 0 0 I auditd : type=1400 audit(0.0:16078): avc: denied { kill } for comm="swapper/3" capability=5 scontext=u:r:kernel:s0 tcontext=u:r:kernel:s0 tclass=capability permissive=0
01-02 06:50:16.888 0 0 E [wifi@1][0x38876a74da][07:21:37.704232] wlan: [831:E:QDF] cds_flush_logs: 2424: Bug report already in progress - dropping! type:0, indicator=1 reason_code=0
01-02 06:50:16.888 0 0 E [wifi@1][0x38876a75b4][07:21:37.704243] wlan: [831:E:HDD] __wlan_hdd_cfg80211_wifi_logger_get_ring_data: 9840: Failed to trigger bug report
01-02 06:50:16.893 0 0 I logd : logdr: UID=1000 GID=1000 PID=3723 n tail=127 logMask=19 pid=0 start=0ns deadline=0ns
01-02 06:50:16.996 0 0 I logd : logdr: UID=1000 GID=1000 PID=3726 n tail=127 logMask=80 pid=0 start=0ns deadline=0ns
03-14 07:21:37.911 831 831 E android.hardware.wifi@1.0-service: Failed to open directory: Permission denied
03-14 07:21:37.911 831 831 E android.hardware.wifi@1.0-service: Error occurred while deleting old tombstone files
03-14 07:21:37.911 831 831 E android.hardware.wifi@1.0-service: Error writing files to flash
03-14 07:21:37.907 831 831 I auditd : type=1400 audit(0.0:16079): avc: denied { search } for comm="wifi@1.0-servic" name="tombstones" dev="dm-10" ino=36 scontext=u:r:hal_wifi_default:s0 tcontext=u:object_r:vendor_tombstone_data_file:s0 tclass=dir permissive=0
03-14 07:21:38.506 1533 1781 I input_interaction: Interaction with: 8b83cc9 gamemode.menuview (server), edge-swipe (server), swipe-up (server), PointerEventDispatcher0 (server),
01-02 06:50:18.284 0 0 W perfetto: disabled ftrace
03-14 07:21:39.228 1161 3614 I iorapd : Perfetto TraceBuffer saved to file: /data/misc/iorapd/com.miHoYo.Yuanshen/469/com.miHoYo.GetMobileInfo.MainActivity/raw_traces/1678749699223889815.perfetto_trace.pb
03-14 07:21:39.611 0 0 I auditd : type=1400 audit(0.0:16080): avc: denied { kill } for comm="swapper/6" capability=5 scontext=u:r:kernel:s0 tcontext=u:r:kernel:s0 tclass=capability permissive=0
01-02 06:50:19.452 0 0 I logd : logdr: UID=1000 GID=1000 PID=3742 n tail=127 logMask=19 pid=0 start=0ns deadline=0ns
01-02 06:50:19.556 0 0 I logd : logdr: UID=1000 GID=1000 PID=3746 n tail=127 logMask=80 pid=0 start=0ns deadline=0ns
03-14 07:21:40.471 831 831 E android.hardware.wifi@1.0-service: Failed to open directory: Permission denied
03-14 07:21:40.471 831 831 E android.hardware.wifi@1.0-service: Error occurred while deleting old tombstone files
03-14 07:21:40.471 831 831 E android.hardware.wifi@1.0-service: Error writing files to flash
03-14 07:21:40.467 831 831 I auditd : type=1400 audit(0.0:16081): avc: denied { search } for comm="wifi@1.0-servic" name="tombstones" dev="dm-10" ino=36 scontext=u:r:hal_wifi_default:s0 tcontext=u:object_r:vendor_tombstone_data_file:s0 tclass=dir permissive=0
03-14 07:21:40.864 1533 1781 I input_interaction: Interaction with: fd0e810 com.miHoYo.Yuanshen/com.miHoYo.GetMobileInfo.MainActivity (server), edge-swipe (server), swipe-up (server), PointerEventDispatcher0 (server),
03-14 07:21:40.867 1533 1932 W FreeFormWindowHelper: Current Display FreeFormTask is null
03-14 07:21:40.867 1533 1932 W FreeFormWindowHelper: Current Display FreeFormTask is null
03-14 07:21:40.868 1533 1932 W FreeFormWindowHelper: Current Display FreeFormTask is null
03-14 07:21:40.868 1533 12433 I wm_task_moved: [11,0,0]
03-14 07:21:40.868 1533 12433 I wm_task_moved: [11,0,9]
03-14 07:21:40.869 1533 1932 W FreeFormWindowHelper: Current Display FreeFormTask is null
03-14 07:21:40.890 3619 3619 I view_enqueue_input_event: [Motion - Cancel,com.miHoYo.Yuanshen/com.miHoYo.GetMobileInfo.MainActivity]
03-14 07:21:40.891 1533 1623 I input_focus: [Focus request recents_animation_input_consumer,reason=UpdateInputWindows]
03-14 07:21:40.897 1533 1781 I input_interaction: Interaction with: edge-swipe (server), swipe-up (server), PointerEventDispatcher0 (server),
03-14 07:21:40.913 1533 1781 I input_focus: [Focus leaving fd0e810 com.miHoYo.Yuanshen/com.miHoYo.GetMobileInfo.MainActivity (server),reason=NOT_FOCUSABLE]
03-14 07:21:40.913 1533 1781 I input_focus: [Focus entering recents_animation_input_consumer (server),reason=setFocusedWindow]
03-14 07:21:40.914 2568 2568 I wm_on_restart_called: [57706815,com.android.launcher3.uioverrides.QuickstepLauncher,performRestartActivity]
03-14 07:21:40.915 1533 13389 W FreeFormWindowHelper: Current Display FreeFormTask is null
03-14 07:21:40.915 1533 11081 W FreeFormWindowHelper: Current Display FreeFormTask is null
03-14 07:21:40.915 1533 11081 W FreeFormWindowHelper: Current Display FreeFormTask is null
03-14 07:21:40.960 2568 2568 I wm_on_start_called: [57706815,com.android.launcher3.uioverrides.QuickstepLauncher,handleStartActivity]
03-14 07:21:40.960 1533 13389 W FreeFormWindowHelper: Current Display FreeFormTask is null
03-14 07:21:40.960 1533 13389 W FreeFormWindowHelper: Current Display FreeFormTask is null
03-14 07:21:40.965 1533 13389 W ActivityTaskManager: getTaskSnapshot: taskId=-775 not found
03-14 07:21:40.967 1533 11081 W FreeFormWindowHelper: Current Display FreeFormTask is null
03-14 07:21:40.967 1533 11081 W FreeFormWindowHelper: Current Display FreeFormTask is null
03-14 07:21:40.967 2568 2568 I sysui_latency: [1,103]
03-14 07:21:40.971 1533 11081 W FreeFormWindowHelper: exitRecentTasks type=0
03-14 07:21:40.979 1533 11081 W FreeFormWindowHelper: Current Display FreeFormTask is null
03-14 07:21:40.979 1533 11081 W FreeFormWindowHelper: Current Display FreeFormTask is null
03-14 07:21:40.982 1533 1619 I sysui_multi_action: [319,4,322,108,325,12646,757,761,758,9,759,5,806,com.android.launcher3,871,com.android.launcher3.uioverrides.QuickstepLauncher,904,com.android.launcher3,905,0,1320,8,1321,5]
03-14 07:21:41.160 1533 1739 I commit_sys_config_file: [settings-1-0,1]
03-14 07:21:41.277 1533 1628 I sysui_latency: [8,110]
01-02 06:50:20.719 0 0 I : snd_pcm_hw_constraint_integer failed
01-02 06:50:20.719 0 0 I msm_pcm_open: P buffer bytes minmax constraint ret 1
01-02 06:50:20.723 0 0 E set_cps_config: get_wsa_dev_num is NULL
01-02 06:50:20.725 0 0 I __afe_port_start: port id: 0xb000
01-02 06:50:20.725 0 0 I afe_find_cal_topo_id_by_port: port id: 0xb000, dev_acdb_id: 0
01-02 06:50:20.725 0 0 I afe_find_cal_topo_id_by_port: top_id:112fc acdb_id:15 afe_port:0xb000
01-02 06:50:20.725 0 0 I afe_get_cal_topology_id: port_id = 0xb000 acdb_id = 15 topology_id = 0x112fc cal_type_index=8 ret=0
01-02 06:50:20.725 0 0 I afe_send_port_topology_id: AFE set topology id 0x112fc enable for port 0xb000 ret 0
01-02 06:50:20.725 0 0 I send_afe_cal_type: cal_index is 0
01-02 06:50:20.725 0 0 I send_afe_cal_type: dev_acdb_id[162] is 0
01-02 06:50:20.725 0 0 I send_afe_cal_type: Sending cal_index cal 0
01-02 06:50:20.725 0 0 E send_afe_cal_type: No cal sent for cal_index 0, port_id = 0xb000! ret -22
01-02 06:50:20.725 0 0 I afe_send_hw_delay: port_id 0xb000 rate 48000 delay_usec 474 status 0
01-02 06:50:20.725 0 0 E afe_callback: cmd = 0x100fa returned error = 0x2
01-02 06:50:20.725 0 0 E afe_apr_send_pkt: DSP returned error[ADSP_EBADPARAM]
01-02 06:50:20.725 0 0 E __afe_port_start: AFE enable for port 0xb000 failed -22
01-02 06:50:20.725 0 0 E msm-dai-cdc-dma-dev soc: qcom,msm-dai-cdc-dma:qcom,msm-dai-wsa-cdc-dma-0-rx: fail to open AFE port 0xb000
01-02 06:50:20.725 0 0 E msm-dai-cdc-dma-dev soc: qcom,msm-dai-cdc-dma:qcom,msm-dai-wsa-cdc-dma-0-rx: ASoC: cpu DAI prepare error: -22
01-02 06:50:20.725 0 0 E soc_pcm_prepare: Issue stop stream for codec_dai due to op failure -22 = ret
01-02 06:50:20.725 0 0 E WSA_CDC_DMA_RX_0: ASoC: backend prepare failed -22
03-14 07:21:41.646 1533 12433 W FreeFormWindowHelper: Current Display FreeFormTask is null
03-14 07:21:41.646 1533 8565 W FreeFormWindowHelper: Current Display FreeFormTask is null
03-14 07:21:41.648 1533 8565 I wm_task_moved: [11,1,10]
03-14 07:21:41.648 1533 8565 I wm_task_moved: [12,1,2147483647]
03-14 07:21:41.648 1533 8565 I wm_task_to_front: [0,12]
03-14 07:21:41.648 1533 8565 I wm_focused_root_task: [0,0,11,103,RecentsAnimation.onAnimationFinished()]
03-14 07:21:41.648 1533 8565 I wm_set_resumed_activity: [0,com.android.launcher3/.uioverrides.QuickstepLauncher,RecentsAnimation.onAnimationFinished()]
03-14 07:21:41.648 3619 3619 I wm_on_top_resumed_lost_called: [14067012,com.miHoYo.GetMobileInfo.MainActivity,topStateChangedWhenResumed]
03-14 07:21:41.649 1533 8565 I wm_pause_activity: [0,14067012,com.miHoYo.Yuanshen/com.miHoYo.GetMobileInfo.MainActivity,userLeaving=true,pauseBackTasks]
03-14 07:21:41.650 1533 8565 I wm_add_to_stopping: [0,14067012,com.miHoYo.Yuanshen/com.miHoYo.GetMobileInfo.MainActivity,makeInvisible]
03-14 07:21:41.650 1533 8565 I ActivityTaskManager: FOREGROUND_APPLICATION_CHANGED to com.android.launcher3.uioverrides.QuickstepLauncher
03-14 07:21:41.650 1533 8565 I wm_set_resumed_activity: [0,com.android.launcher3/.uioverrides.QuickstepLauncher,resumeTopActivityInnerLocked]
03-14 07:21:41.654 1533 8565 I wm_resume_activity: [0,57706815,12,com.android.launcher3/.uioverrides.QuickstepLauncher]
03-14 07:21:41.654 2568 2568 I wm_on_resume_called: [57706815,com.android.launcher3.uioverrides.QuickstepLauncher,RESUME_ACTIVITY]
03-14 07:21:41.657 1533 1623 I input_focus: [Focus request 587a4a0 com.android.launcher3/com.android.launcher3.uioverrides.QuickstepLauncher,reason=UpdateInputWindows]
03-14 07:21:41.658 2568 2568 I wm_on_top_resumed_gained_called: [57706815,com.android.launcher3.uioverrides.QuickstepLauncher,topStateChangedWhenResumed]
03-14 07:21:41.659 1533 5348 I wm_stop_activity: [0,14067012,com.miHoYo.Yuanshen/com.miHoYo.GetMobileInfo.MainActivity]
03-14 07:21:41.660 1533 1622 I sysui_multi_action: [757,803,799,window_time_0,802,8]
03-14 07:21:41.660 1533 1622 I sysui_multi_action: [757,803,799,window_time_0,802,0]
03-14 07:21:41.682 1533 1781 I input_focus: [Focus leaving recents_animation_input_consumer (server),reason=NOT_VISIBLE]
03-14 07:21:41.700 3619 3619 I wm_on_paused_called: [14067012,com.miHoYo.GetMobileInfo.MainActivity,performPause]
03-14 07:21:41.703 3619 3619 I wm_on_stop_called: [14067012,com.miHoYo.GetMobileInfo.MainActivity,STOP_ACTIVITY_ITEM]
03-14 07:21:41.716 1533 1781 I input_focus: [Focus entering 587a4a0 com.android.launcher3/com.android.launcher3.uioverrides.QuickstepLauncher (server),reason=setFocusedWindow]
03-14 07:21:41.723 2101 3642 W ContextImpl: Calling a method in the system process without a qualified user: android.app.ContextImpl.startService:1816 android.content.ContextWrapper.startService:774 com.thundercomm.gamemode.ingame.services.GameModeActionUtils.startGameModeService:118 com.thundercomm.gamemode.ingame.services.GameModeActionUtils.startGameModeEntry:29 com.thundercomm.gamemode.ingame.services.ActivityMonitoringService$1.onActivityLaunch:140
03-14 07:21:41.726 1533 1533 I GameModeConfig: Current uri is uri = content://com.thundercomm.gamemode.api/gamemode_settings/gamemode_isgaming
03-14 07:21:41.726 1533 1533 I GameModeConfig: isGameModeOn = true
03-14 07:21:41.727 1533 1533 I GameModeConfig: isGaming = false
03-14 07:21:41.727 1533 1533 I GameModeConfig: isGameModeOn = true
03-14 07:21:41.727 1533 1533 I GameModeConfig: isGaming = false
03-14 07:21:41.727 1533 1533 I GameModeConfig: isDisableVoice = true
01-02 06:50:20.914 0 0 W ALERT : changing window size from 8000000 to 16000000 at 12647132019184
03-14 07:21:41.758 1533 2141 W FreeFormWindowHelper: Current Display FreeFormTask is null
01-02 06:50:20.956 0 0 I : [MAX975X:max96755x_drm_notifier_callback] *INFO* receives EARLY_BLANK:UNBLANK
01-02 06:50:20.956 0 0 I atmel_mxt_ts 0-004a: FB event:2,blank:0
01-02 06:50:20.956 0 0 I atmel_mxt_ts 0-004a: suspend: event = 2, blank = 0, not care
01-02 06:50:20.956 0 0 I [drm:dsi_display_set_mode] [msm-dsi-info]: mdp_transfer_time_us=0 us
01-02 06:50:20.956 0 0 I [drm:dsi_display_set_mode] [msm-dsi-info]: hactive= 2560,vactive= 1080,fps=60
01-02 06:50:20.956 0 0 I : [MAX975X:max96755x_drm_notifier_callback] *INFO* receives BLANK:UNBLANK
01-02 06:50:20.956 0 0 I atmel_mxt_ts 0-004a: FB event:1,blank:0
01-02 06:50:20.956 0 0 I atmel_mxt_ts 0-004a: drm_notifier_callback: UNBLANK! Resume by drm notifier.
