01-02 06:47:01.594 0 0 I atmel_mxt_ts 0-004a: FB event:1,blank:0
01-02 06:47:01.594 0 0 I atmel_mxt_ts 0-004a: drm_notifier_callback: UNBLANK! Resume by drm notifier.
03-14 07:18:22.417 1533 1619 I sysui_multi_action: [319,49,321,44,322,75,325,12447,757,761,758,9,759,4,806,com.tencent.tmgp.pubgmhd,871,com.epicgames.ue4.GameActivity,904,com.tencent.tmgp.pubgmhd,905,0,1320,4,1321,4]
03-14 07:18:22.417 1533 1622 I DisplayDeviceRepository: Display device changed: DisplayDeviceInfo{"内置屏幕": uniqueId="local:4630946816427681409", 2560 x 1080, modeId 3, defaultModeId 1, supportedModes [{id=1, width=2560, height=1080, fps=60.000004, alternativeRefreshRates=[30.000002, 45.0]}, {id=2, width=2560, height=1080, fps=45.0, alternativeRefreshRates=[30.000002, 60.000004]}, {id=3, width=2560, height=1080, fps=30.000002, alternativeRefreshRates=[45.0, 60.000004]}], colorMode 0, supportedColorModes [0], hdrCapabilities HdrCapabilities{mSupportedHdrTypes=[2, 3, 4], mMaxLuminance=500.0, mMaxAverageLuminance=500.0, mMinLuminance=0.0}, allmSupported false, gameContentTypeSupported false, density 240, 320.315 x 318.976 dpi, appVsyncOff 1000000, presDeadline 33333333, touch INTERNAL, rotation 0, type INTERNAL, address {port=129, model=0x40446d97fee5e6}, deviceProductInfo DeviceProductInfo{name=, manufacturerPnpId=QCM, productId=1, modelYear=null, manufactureDate=ManufactureDate{week=27, year=2006}, connectionToSinkType=0}, state ON, frameRateOverride , brightnessMinimum 0.0, brightnessMaximum 1.0, brightnessDefault 1.0, FLAG_DEFAULT_DISPLAY, FLAG_ROTATES_WITH_CONTENT, FLAG_SECURE, FLAG_SUPPORTS_PROTECTED_BUFFERS}
03-14 07:18:22.421 1533 1781 I input_focus: [Focus entering 555c51c com.tencent.tmgp.pubgmhd/com.epicgames.ue4.GameActivity (server),reason=Window became focusable. Previous reason: NOT_VISIBLE]
03-14 07:18:22.464 1533 2037 W FreeFormWindowHelper: Current Display FreeFormTask is null
03-14 07:18:22.575 1533 1533 I sysui_multi_action: [757,128,758,5,759,8,793,136182,794,0,795,136182,796,1,806,com.tencent.tmgp.pubgmhd,857,my_channel_01,858,3,947,0,1500,135978,1688,1]
03-14 07:18:22.575 1533 1533 I notification_canceled: [0|com.tencent.tmgp.pubgmhd|1|null|10093,8,136182,136182,0,-1,-1,NULL]
03-14 07:18:22.576 1533 1533 I service_manager_stats: [100,104,16892]
03-14 07:18:22.599 1533 1739 I commit_sys_config_file: [settings-1-0,3]
03-14 07:18:22.611 0 0 I auditd : type=1400 audit(0.0:15804): avc: denied { kill } for comm="swapper/2" capability=5 scontext=u:r:kernel:s0 tcontext=u:r:kernel:s0 tclass=capability permissive=0
03-14 07:18:22.773 1533 1622 I wm_stop_activity: [0,57706815,com.android.launcher3/.uioverrides.QuickstepLauncher]
03-14 07:18:22.806 1533 2037 W FreeFormWindowHelper: exitRecentTasks type=0
03-14 07:18:22.827 2568 2568 I wm_on_stop_called: [57706815,com.android.launcher3.uioverrides.QuickstepLauncher,STOP_ACTIVITY_ITEM]
03-14 07:18:23.001 1533 1781 I input_interaction: Interaction with: 555c51c com.tencent.tmgp.pubgmhd/com.epicgames.ue4.GameActivity (server), edge-swipe (server), swipe-up (server), PointerEventDispatcher0 (server),
01-02 06:47:02.555 0 0 I kgsl-3d0: Alignment too large; restricting to 32768K
01-02 06:47:02.556 0 0 I kgsl-3d0: Alignment too large; restricting to 32768K
03-14 07:18:23.407 21458 21458 I auditd : type=1400 audit(0.0:15805): avc: granted { nlmsg_readpriv } for comm="Thread-116" scontext=u:r:untrusted_app_27:s0:c512,c768 tcontext=u:r:untrusted_app_27:s0:c512,c768 tclass=netlink_route_socket app=com.tencent.tmgp.pubgmhd
03-14 07:18:23.455 21458 21458 I auditd : type=1400 audit(0.0:15806): avc: denied { read } for comm="Thread-116" name="/" dev="tmpfs" ino=14355 scontext=u:r:untrusted_app_27:s0:c512,c768 tcontext=u:object_r:device:s0 tclass=dir permissive=0 app=com.tencent.tmgp.pubgmhd
03-14 07:18:23.455 21458 21458 I auditd : type=1400 audit(0.0:15807): avc: denied { read } for comm="Thread-116" name="enforce" dev="selinuxfs" ino=4 scontext=u:r:untrusted_app_27:s0:c512,c768 tcontext=u:object_r:selinuxfs:s0 tclass=file permissive=0 app=com.tencent.tmgp.pubgmhd
03-14 07:18:23.455 21458 21458 I auditd : type=1400 audit(0.0:15808): avc: denied { read } for comm="Thread-116" name="version" dev="proc" ino=4026532247 scontext=u:r:untrusted_app_27:s0:c512,c768 tcontext=u:object_r:proc_version:s0 tclass=file permissive=0 app=com.tencent.tmgp.pubgmhd
01-02 06:47:02.644 0 0 W audit : audit_lost=3782 audit_rate_limit=5 audit_backlog_limit=64
01-02 06:47:02.644 0 0 E audit : rate limit exceeded
01-02 06:47:02.761 0 0 I kgsl-3d0: Alignment too large; restricting to 32768K
01-02 06:47:02.774 0 0 E msm_pcm_playback_close: CMD_EOS failed, cmd_pending 0x8
03-14 07:18:23.730 1533 5348 I wm_task_moved: [11,0,0]
03-14 07:18:23.731 21458 21458 I view_enqueue_input_event: [Motion - Cancel,com.tencent.tmgp.pubgmhd/com.epicgames.ue4.GameActivity]
03-14 07:18:23.731 1533 2038 W FreeFormWindowHelper: Current Display FreeFormTask is null
03-14 07:18:23.731 1533 5348 I wm_task_moved: [11,0,8]
03-14 07:18:23.732 1533 2038 W FreeFormWindowHelper: Current Display FreeFormTask is null
03-14 07:18:23.740 1533 1781 I input_interaction: Interaction with: edge-swipe (server), swipe-up (server), PointerEventDispatcher0 (server),
03-14 07:18:23.747 1533 1623 I input_focus: [Focus request recents_animation_input_consumer,reason=UpdateInputWindows]
03-14 07:18:23.771 2568 2568 I wm_on_restart_called: [57706815,com.android.launcher3.uioverrides.QuickstepLauncher,performRestartActivity]
03-14 07:18:23.772 1533 2038 W FreeFormWindowHelper: Current Display FreeFormTask is null
03-14 07:18:23.772 1533 2038 W FreeFormWindowHelper: Current Display FreeFormTask is null
03-14 07:18:23.772 1533 2038 W FreeFormWindowHelper: Current Display FreeFormTask is null
03-14 07:18:23.807 1533 1781 I input_focus: [Focus leaving 555c51c com.tencent.tmgp.pubgmhd/com.epicgames.ue4.GameActivity (server),reason=NOT_FOCUSABLE]
03-14 07:18:23.808 1533 1781 I input_focus: [Focus entering recents_animation_input_consumer (server),reason=setFocusedWindow]
03-14 07:18:23.836 2568 2568 I wm_on_start_called: [57706815,com.android.launcher3.uioverrides.QuickstepLauncher,handleStartActivity]
03-14 07:18:23.837 1533 2038 W FreeFormWindowHelper: Current Display FreeFormTask is null
03-14 07:18:23.837 1533 5348 W FreeFormWindowHelper: Current Display FreeFormTask is null
03-14 07:18:23.846 1533 5348 W FreeFormWindowHelper: Current Display FreeFormTask is null
03-14 07:18:23.846 1533 5348 W FreeFormWindowHelper: Current Display FreeFormTask is null
03-14 07:18:23.847 2568 2568 I sysui_latency: [1,126]
03-14 07:18:23.853 1533 5348 W ActivityTaskManager: getTaskSnapshot: taskId=-899 not found
03-14 07:18:23.858 1533 5348 W ActivityTaskManager: getTaskSnapshot: taskId=-898 not found
03-14 07:18:23.861 1533 1619 I sysui_multi_action: [319,7,322,126,325,12449,757,761,758,9,759,5,806,com.android.launcher3,871,com.android.launcher3.uioverrides.QuickstepLauncher,904,com.android.launcher3,905,0,1320,8,1321,5]
03-14 07:18:23.905 1533 5220 W FreeFormWindowHelper: Current Display FreeFormTask is null
03-14 07:18:23.905 1533 2037 W FreeFormWindowHelper: Current Display FreeFormTask is null
03-14 07:18:24.039 1533 1739 I commit_sys_config_file: [settings-1-0,2]
01-02 06:47:03.238 0 0 I msm_vidc: high: 00000003: ....d: Opening video instance: 0000000000000000, 1
01-02 06:47:03.238 0 0 I msm_vidc: err : 00000003: ....d: Failed to create debugfs for msm_vidc
03-14 07:18:24.158 1533 1628 I sysui_latency: [8,133]
03-14 07:18:24.274 1533 2037 I wm_task_moved: [11,0,8]
03-14 07:18:24.274 1533 2037 I wm_add_to_stopping: [0,57706815,com.android.launcher3/.uioverrides.QuickstepLauncher,makeInvisible]
03-14 07:18:24.277 1533 2132 W FreeFormWindowHelper: Current Display FreeFormTask is null
03-14 07:18:24.278 1533 2132 W FreeFormWindowHelper: Current Display FreeFormTask is null
03-14 07:18:24.282 1533 1622 I wm_stop_activity: [0,57706815,com.android.launcher3/.uioverrides.QuickstepLauncher]
03-14 07:18:24.282 1533 2132 W FreeFormWindowHelper: Current Display FreeFormTask is null
03-14 07:18:24.282 1533 5220 W FreeFormWindowHelper: Current Display FreeFormTask is null
03-14 07:18:24.283 1533 1623 I input_focus: [Focus request 555c51c com.tencent.tmgp.pubgmhd/com.epicgames.ue4.GameActivity,reason=UpdateInputWindows]
03-14 07:18:24.313 1533 2037 W FreeFormWindowHelper: Current Display FreeFormTask is null
03-14 07:18:24.313 1533 2037 W FreeFormWindowHelper: Current Display FreeFormTask is null
03-14 07:18:24.316 1533 2037 W FreeFormWindowHelper: exitRecentTasks type=0
03-14 07:18:24.320 2568 2568 I wm_on_stop_called: [57706815,com.android.launcher3.uioverrides.QuickstepLauncher,STOP_ACTIVITY_ITEM]
03-14 07:18:24.342 1533 1781 I input_focus: [Focus leaving recents_animation_input_consumer (server),reason=NOT_VISIBLE]
03-14 07:18:24.343 1533 1781 I input_focus: [Focus entering 555c51c com.tencent.tmgp.pubgmhd/com.epicgames.ue4.GameActivity (server),reason=setFocusedWindow]
03-14 07:18:24.343 1533 1628 W UsageStatsService: Unexpected activity event reported! (com.android.launcher3/com.android.launcher3.uioverrides.QuickstepLauncher event : 23 instanceId : 10876419)
03-14 07:18:24.523 1533 1739 I commit_sys_config_file: [settings-1-0,4]
03-14 07:18:24.611 0 0 I auditd : type=1400 audit(0.0:15814): avc: denied { kill } for comm="swapper/2" capability=5 scontext=u:r:kernel:s0 tcontext=u:r:kernel:s0 tclass=capability permissive=0
03-14 07:18:24.800 1533 1781 I input_interaction: Interaction with: 555c51c com.tencent.tmgp.pubgmhd/com.epicgames.ue4.GameActivity (server), edge-swipe (server), swipe-up (server), PointerEventDispatcher0 (server),
03-14 07:18:25.179 1533 1853 I netstats_mobile_sample: [0,0,0,0,0,0,0,0,0,0,0,0,1678775139431]
03-14 07:18:25.179 1533 1853 I netstats_wifi_sample: [93418776,76520,2012773,21743,93418776,76520,2012773,21743,91965405,77910,1666223,20758,1678775139431]
03-14 07:18:25.389 1533 2038 W FreeFormWindowHelper: Current Display FreeFormTask is null
03-14 07:18:25.392 1533 5220 I wm_task_moved: [11,0,0]
03-14 07:18:25.392 1533 2038 W FreeFormWindowHelper: Current Display FreeFormTask is null
03-14 07:18:25.392 1533 5220 I wm_task_moved: [11,0,8]
03-14 07:18:25.401 21458 21458 I view_enqueue_input_event: [Motion - Cancel,com.tencent.tmgp.pubgmhd/com.epicgames.ue4.GameActivity]
03-14 07:18:25.401 1533 1781 I input_interaction: Interaction with: edge-swipe (server), swipe-up (server), PointerEventDispatcher0 (server),
03-14 07:18:25.409 1533 1623 I input_focus: [Focus request recents_animation_input_consumer,reason=UpdateInputWindows]
03-14 07:18:25.442 2568 2568 I wm_on_restart_called: [57706815,com.android.launcher3.uioverrides.QuickstepLauncher,performRestartActivity]
03-14 07:18:25.443 1533 2038 W FreeFormWindowHelper: Current Display FreeFormTask is null
03-14 07:18:25.443 1533 2038 W FreeFormWindowHelper: Current Display FreeFormTask is null
03-14 07:18:25.447 1533 1781 I input_focus: [Focus leaving 555c51c com.tencent.tmgp.pubgmhd/com.epicgames.ue4.GameActivity (server),reason=NOT_FOCUSABLE]
03-14 07:18:25.447 1533 1781 I input_focus: [Focus entering recents_animation_input_consumer (server),reason=setFocusedWindow]
03-14 07:18:25.454 2568 2568 I wm_on_start_called: [57706815,com.android.launcher3.uioverrides.QuickstepLauncher,handleStartActivity]
03-14 07:18:25.455 1533 5220 W FreeFormWindowHelper: Current Display FreeFormTask is null
03-14 07:18:25.455 1533 2037 W FreeFormWindowHelper: Current Display FreeFormTask is null
03-14 07:18:25.460 1533 2038 W ActivityTaskManager: getTaskSnapshot: taskId=-281 not found
03-14 07:18:25.467 1533 2038 W ActivityTaskManager: getTaskSnapshot: taskId=-280 not found
03-14 07:18:25.489 1533 2038 W FreeFormWindowHelper: Current Display FreeFormTask is null
03-14 07:18:25.489 1533 2038 W FreeFormWindowHelper: Current Display FreeFormTask is null
03-14 07:18:25.490 2568 2568 I sysui_latency: [1,114]
03-14 07:18:25.502 1533 1619 I sysui_multi_action: [319,10,322,105,325,12450,757,761,758,9,759,5,806,com.android.launcher3,871,com.android.launcher3.uioverrides.QuickstepLauncher,904,com.android.launcher3,905,0,1320,8,1321,5]
03-14 07:18:25.509 1533 2037 W FreeFormWindowHelper: Current Display FreeFormTask is null
03-14 07:18:25.509 1533 2037 W FreeFormWindowHelper: Current Display FreeFormTask is null
03-14 07:18:25.659 1533 1739 I commit_sys_config_file: [settings-1-0,6]
03-14 07:18:25.799 1533 1628 I sysui_latency: [8,115]
03-14 07:18:25.818 1533 2037 W FreeFormWindowHelper: Current Display FreeFormTask is null
03-14 07:18:25.818 1533 2037 W FreeFormWindowHelper: Current Display FreeFormTask is null
03-14 07:18:25.818 1533 2037 W FreeFormWindowHelper: Current Display FreeFormTask is null
03-14 07:18:26.212 1533 5220 I wm_task_moved: [11,1,9]
03-14 07:18:26.214 1533 5220 I wm_focused_root_task: [0,0,11,96,RecentsAnimation.onAnimationFinished()]
03-14 07:18:26.214 21458 21458 I wm_on_top_resumed_lost_called: [140857713,com.epicgames.ue4.GameActivity,topStateChangedWhenResumed]
03-14 07:18:26.215 1533 5220 I wm_pause_activity: [0,140857713,com.tencent.tmgp.pubgmhd/com.epicgames.ue4.GameActivity,userLeaving=false,pauseBackTasks]
03-14 07:18:26.215 1533 5220 I ActivityTaskManager: FOREGROUND_APPLICATION_CHANGED to com.android.launcher3.uioverrides.QuickstepLauncher
03-14 07:18:26.215 1533 5220 I wm_set_resumed_activity: [0,com.android.launcher3/.uioverrides.QuickstepLauncher,resumeTopActivityInnerLocked]
03-14 07:18:26.217 1533 5220 I wm_resume_activity: [0,57706815,12,com.android.launcher3/.uioverrides.QuickstepLauncher]
03-14 07:18:26.217 1533 5220 I wm_add_to_stopping: [0,140857713,com.tencent.tmgp.pubgmhd/com.epicgames.ue4.GameActivity,makeInvisible]
03-14 07:18:26.217 2568 2568 I wm_on_resume_called: [57706815,com.android.launcher3.uioverrides.QuickstepLauncher,RESUME_ACTIVITY]
03-14 07:18:26.221 1533 1623 I input_focus: [Focus request 587a4a0 com.android.launcher3/com.android.launcher3.uioverrides.QuickstepLauncher,reason=UpdateInputWindows]
03-14 07:18:26.222 1533 1622 I sysui_multi_action: [757,803,799,window_time_0,802,4]
03-14 07:18:26.224 1533 5348 W FreeFormWindowHelper: Current Display FreeFormTask is null
03-14 07:18:26.224 1533 5348 W FreeFormWindowHelper: Current Display FreeFormTask is null
03-14 07:18:26.224 1533 5348 W FreeFormWindowHelper: Current Display FreeFormTask is null
03-14 07:18:26.228 21458 21458 I wm_on_paused_called: [140857713,com.epicgames.ue4.GameActivity,performPause]
03-14 07:18:26.230 1533 2132 I wm_stop_activity: [0,140857713,com.tencent.tmgp.pubgmhd/com.epicgames.ue4.GameActivity]
03-14 07:18:26.232 1533 1622 I sysui_multi_action: [757,803,799,window_time_0,802,0]
03-14 07:18:26.247 1533 1781 I input_focus: [Focus leaving recents_animation_input_consumer (server),reason=NOT_VISIBLE]
03-14 07:18:26.247 1533 1781 I input_focus: [Focus entering 587a4a0 com.android.launcher3/com.android.launcher3.uioverrides.QuickstepLauncher (server),reason=setFocusedWindow]
03-14 07:18:26.288 2568 2568 I wm_on_top_resumed_gained_called: [57706815,com.android.launcher3.uioverrides.QuickstepLauncher,topStateChangedWhenResumed]
03-14 07:18:26.289 1533 2038 W FreeFormWindowHelper: Current Display FreeFormTask is null
03-14 07:18:26.289 1533 2038 W FreeFormWindowHelper: Current Display FreeFormTask is null
03-14 07:18:26.324 1533 11544 W FreeFormWindowHelper: Current Display FreeFormTask is null
03-14 07:18:26.330 2101 3642 W ContextImpl: Calling a method in the system process without a qualified user: android.app.ContextImpl.startService:1816 android.content.ContextWrapper.startService:774 com.thundercomm.gamemode.ingame.services.GameModeActionUtils.startGameModeService:118 com.thundercomm.gamemode.ingame.services.GameModeActionUtils.startGameModeEntry:29 com.thundercomm.gamemode.ingame.services.ActivityMonitoringService$1.onActivityLaunch:140
03-14 07:18:26.339 1533 1533 I GameModeConfig: Current uri is uri = content://com.thundercomm.gamemode.api/gamemode_settings/gamemode_isgaming
03-14 07:18:26.343 1533 1533 I GameModeConfig: isGameModeOn = true
03-14 07:18:26.343 1533 1533 I GameModeConfig: isGaming = false
03-14 07:18:26.343 1533 1533 I GameModeConfig: isGameModeOn = true
03-14 07:18:26.343 1533 1533 I GameModeConfig: isGaming = false
03-14 07:18:26.343 1533 1533 I GameModeConfig: isDisableVoice = true
01-02 06:47:05.530 0 0 W ALERT : changing window size from 20000000 to 16000000 at 12451748037696
01-02 06:47:05.553 0 0 I : [MAX975X:max96755x_drm_notifier_callback] *INFO* receives EARLY_BLANK:UNBLANK
01-02 06:47:05.553 0 0 I atmel_mxt_ts 0-004a: FB event:2,blank:0
01-02 06:47:05.553 0 0 I atmel_mxt_ts 0-004a: suspend: event = 2, blank = 0, not care
01-02 06:47:05.553 0 0 I [drm:dsi_display_set_mode] [msm-dsi-info]: mdp_transfer_time_us=0 us
01-02 06:47:05.553 0 0 I [drm:dsi_display_set_mode] [msm-dsi-info]: hactive= 2560,vactive= 1080,fps=60
03-14 07:18:26.373 21458 21458 I wm_on_stop_called: [140857713,com.epicgames.ue4.GameActivity,STOP_ACTIVITY_ITEM]
01-02 06:47:05.553 0 0 I : [MAX975X:max96755x_drm_notifier_callback] *INFO* receives BLANK:UNBLANK
01-02 06:47:05.554 0 0 I atmel_mxt_ts 0-004a: FB event:1,blank:0
01-02 06:47:05.554 0 0 I atmel_mxt_ts 0-004a: drm_notifier_callback: UNBLANK! Resume by drm notifier.
03-14 07:18:26.374 1533 1919 I GameModeConfig: isGameModeOn = true
03-14 07:18:26.374 1533 1919 I GameModeConfig: isGaming = false
03-14 07:18:26.374 1533 1919 I GameModeConfig: isGameModeOn = true
03-14 07:18:26.374 1533 1919 I GameModeConfig: isGaming = false
03-14 07:18:26.374 1533 1919 I GameModeConfig: isGameModeOn = true
03-14 07:18:26.374 1533 1919 I GameModeConfig: isGaming = false
03-14 07:18:26.374 1533 1919 I GameModeConfig: isGameModeOn = true
03-14 07:18:26.374 1533 1919 I GameModeConfig: isGaming = false
03-14 07:18:26.375 1533 1919 I GameModeConfig: isGameModeOn = true
03-14 07:18:26.375 1533 1919 I GameModeConfig: isGaming = false
03-14 07:18:26.375 1533 1638 I ActivityManager: Deferring FGS notification in legacy app com.tencent.tmgp.pubgmhd/u0a93 : Notification(channel=my_channel_01 shortcut=null contentView=null vibrate=null sound=null defaults=0x0 flags=0x40 color=0x00000000 vis=PRIVATE)
03-14 07:18:26.394 1533 1622 I DisplayDeviceRepository: Display device changed: DisplayDeviceInfo{"内置屏幕": uniqueId="local:4630946816427681409", 2560 x 1080, modeId 1, defaultModeId 1, supportedModes [{id=1, width=2560, height=1080, fps=60.000004, alternativeRefreshRates=[30.000002, 45.0]}, {id=2, width=2560, height=1080, fps=45.0, alternativeRefreshRates=[30.000002, 60.000004]}, {id=3, width=2560, height=1080, fps=30.000002, alternativeRefreshRates=[45.0, 60.000004]}], colorMode 0, supportedColorModes [0], hdrCapabilities HdrCapabilities{mSupportedHdrTypes=[2, 3, 4], mMaxLuminance=500.0, mMaxAverageLuminance=500.0, mMinLuminance=0.0}, allmSupported false, gameContentTypeSupported false, density 240, 320.315 x 318.976 dpi, appVsyncOff 1000000, presDeadline 16666666, touch INTERNAL, rotation 0, type INTERNAL, address {port=129, model=0x40446d97fee5e6}, deviceProductInfo DeviceProductInfo{name=, manufacturerPnpId=QCM, productId=1, modelYear=null, manufactureDate=ManufactureDate{week=27, year=2006}, connectionToSinkType=0}, state ON, frameRateOverride , brightnessMinimum 0.0, brightnessMaximum 1.0, brightnessDefault 1.0, FLAG_DEFAULT_DISPLAY, FLAG_ROTATES_WITH_CONTENT, FLAG_SECURE, FLAG_SUPPORTS_PROTECTED_BUFFERS}
03-14 07:18:26.491 1533 1739 I commit_sys_config_file: [settings-1-0,3]
03-14 07:18:26.611 0 0 I auditd : type=1400 audit(0.0:15815): avc: denied { kill } for comm="swapper/0" capability=5 scontext=u:r:kernel:s0 tcontext=u:r:kernel:s0 tclass=capability permissive=0
03-14 07:18:26.980 1533 1781 I input_interaction: Interaction with: 587a4a0 com.android.launcher3/com.android.launcher3.uioverrides.QuickstepLauncher (server), a76c92 com.android.systemui.ImageWallpaper (server), edge-swipe (server), swipe-up (server), PointerEventDispatcher0 (server),
03-14 07:18:27.042 1533 2038 I wm_task_moved: [11,1,9]
03-14 07:18:27.043 1533 2038 I wm_set_resumed_activity: [0,com.android.launcher3/.uioverrides.QuickstepLauncher,positionChildAt]
03-14 07:18:27.043 1533 2038 I wm_task_moved: [95,1,9]
03-14 07:18:27.043 1533 2038 I wm_task_to_front: [0,95]
03-14 07:18:27.044 1533 2038 I wm_focused_root_task: [0,0,95,11,moveTaskToFront findTaskToMoveToFront]
03-14 07:18:27.046 1533 2038 I wm_set_resumed_activity: [0,com.tencent.tmgp.sgame/.SGameActivity,moveTaskToFront findTaskToMoveToFront]
03-14 07:18:27.048 1533 2038 I wm_pause_activity: [0,57706815,com.android.launcher3/.uioverrides.QuickstepLauncher,userLeaving=true,pauseBackTasks]
03-14 07:18:27.057 2568 2568 I wm_on_top_resumed_lost_called: [57706815,com.android.launcher3.uioverrides.QuickstepLauncher,topStateChangedWhenResumed]
03-14 07:18:27.060 2568 2568 I wm_on_paused_called: [57706815,com.android.launcher3.uioverrides.QuickstepLauncher,performPause]
03-14 07:18:27.062 1533 2038 I ActivityTaskManager: FOREGROUND_APPLICATION_CHANGED to com.tencent.tmgp.sgame.SGameActivity
03-14 07:18:27.064 1533 2038 I wm_set_resumed_activity: [0,com.tencent.tmgp.sgame/.SGameActivity,resumeTopActivityInnerLocked]
03-14 07:18:27.065 1533 2038 I wm_add_to_stopping: [0,57706815,com.android.launcher3/.uioverrides.QuickstepLauncher,makeInvisible]
03-14 07:18:27.073 1533 2038 I wm_resume_activity: [0,50396061,95,com.tencent.tmgp.sgame/.SGameActivity]
03-14 07:18:27.084 1533 1781 I input_focus: [Focus leaving 587a4a0 com.android.launcher3/com.android.launcher3.uioverrides.QuickstepLauncher (server),reason=NO_WINDOW]
03-14 07:18:27.084 1533 1622 I sysui_multi_action: [757,803,799,window_time_0,802,1]
03-14 07:18:27.085 27685 27685 I wm_on_restart_called: [50396061,com.tencent.tmgp.sgame.SGameActivity,performRestartActivity]
03-14 07:18:27.085 27685 27685 I wm_on_start_called: [50396061,com.tencent.tmgp.sgame.SGameActivity,handleStartActivity]
03-14 07:18:27.089 27685 27685 I wm_on_resume_called: [50396061,com.tencent.tmgp.sgame.SGameActivity,RESUME_ACTIVITY]
03-14 07:18:27.089 27685 27685 I wm_on_top_resumed_gained_called: [50396061,com.tencent.tmgp.sgame.SGameActivity,topWhenResuming]
03-14 07:18:27.089 2101 3642 W ContextImpl: Calling a method in the system process without a qualified user: android.app.ContextImpl.startService:1816 android.content.ContextWrapper.startService:774 com.thundercomm.gamemode.ingame.services.GameModeActionUtils.startGameModeService:118 com.thundercomm.gamemode.ingame.services.GameModeActionUtils.startGameModeEntry:29 com.thundercomm.gamemode.ingame.services.ActivityMonitoringService$1.onActivityLaunch:140
01-02 06:47:06.282 0 0 W ALERT : changing window size from 16000000 to 20000000 at 12452500054206
03-14 07:18:27.097 1533 1533 I GameModeConfig: Current uri is uri = content://com.thundercomm.gamemode.api/gamemode_settings/gamemode_isgaming
03-14 07:18:27.098 1533 1533 I GameModeConfig: isGameModeOn = true
03-14 07:18:27.098 1533 1533 I GameModeConfig: isGaming = true
03-14 07:18:27.098 1533 1533 I GameModeConfig: isDisableNotification = true
03-14 07:18:27.098 1533 1533 I GameModeConfig: isGameModeOn = true
03-14 07:18:27.098 1533 1533 I GameModeConfig: isGaming = true
03-14 07:18:27.098 1533 1533 I GameModeConfig: isDisableNotification = true
01-02 06:47:06.287 0 0 I : [MAX975X:max96755x_drm_notifier_callback] *INFO* receives EARLY_BLANK:UNBLANK
01-02 06:47:06.287 0 0 I atmel_mxt_ts 0-004a: FB event:2,blank:0
01-02 06:47:06.287 0 0 I atmel_mxt_ts 0-004a: suspend: event = 2, blank = 0, not care
01-02 06:47:06.287 0 0 I [drm:dsi_display_set_mode] [msm-dsi-info]: mdp_transfer_time_us=0 us
01-02 06:47:06.287 0 0 I [drm:dsi_display_set_mode] [msm-dsi-info]: hactive= 2560,vactive= 1080,fps=30
01-02 06:47:06.287 0 0 I : [MAX975X:max96755x_drm_notifier_callback] *INFO* receives BLANK:UNBLANK
01-02 06:47:06.288 0 0 I atmel_mxt_ts 0-004a: FB event:1,blank:0
01-02 06:47:06.288 0 0 I atmel_mxt_ts 0-004a: drm_notifier_callback: UNBLANK! Resume by drm notifier.
01-02 06:47:06.302 0 0 W ALERT : changing window size from 20000000 to 8000000 at 12452520028945
03-14 07:18:27.113 1533 1622 I DisplayDeviceRepository: Display device changed: DisplayDeviceInfo{"内置屏幕": uniqueId="local:4630946816427681409", 2560 x 1080, modeId 3, defaultModeId 1, supportedModes [{id=1, width=2560, height=1080, fps=60.000004, alternativeRefreshRates=[30.000002, 45.0]}, {id=2, width=2560, height=1080, fps=45.0, alternativeRefreshRates=[30.000002, 60.000004]}, {id=3, width=2560, height=1080, fps=30.000002, alternativeRefreshRates=[45.0, 60.000004]}], colorMode 0, supportedColorModes [0], hdrCapabilities HdrCapabilities{mSupportedHdrTypes=[2, 3, 4], mMaxLuminance=500.0, mMaxAverageLuminance=500.0, mMinLuminance=0.0}, allmSupported false, gameContentTypeSupported false, density 240, 320.315 x 318.976 dpi, appVsyncOff 1000000, presDeadline 33333333, touch INTERNAL, rotation 0, type INTERNAL, address {port=129, model=0x40446d97fee5e6}, deviceProductInfo DeviceProductInfo{name=, manufacturerPnpId=QCM, productId=1, modelYear=null, manufactureDate=ManufactureDate{week=27, year=2006}, connectionToSinkType=0}, state ON, frameRateOverride , brightnessMinimum 0.0, brightnessMaximum 1.0, brightnessDefault 1.0, FLAG_DEFAULT_DISPLAY, FLAG_ROTATES_WITH_CONTENT, FLAG_SECURE, FLAG_SUPPORTS_PROTECTED_BUFFERS}
03-14 07:18:27.117 1533 1623 I input_focus: [Focus request f5483db com.tencent.tmgp.sgame/com.tencent.tmgp.sgame.SGameActivity,reason=UpdateInputWindows]
03-14 07:18:27.128 1533 1619 I sysui_multi_action: [319,46,321,44,322,79,325,12452,757,761,758,9,759,4,806,com.tencent.tmgp.sgame,871,com.tencent.tmgp.sgame.SGameActivity,904,com.android.launcher3,905,0,1320,21,1321,5]
03-14 07:18:27.131 1533 1781 I input_focus: [Focus entering f5483db com.tencent.tmgp.sgame/com.tencent.tmgp.sgame.SGameActivity (server),reason=setFocusedWindow]
03-14 07:18:27.175 1533 4620 W FreeFormWindowHelper: Current Display FreeFormTask is null
03-14 07:18:27.288 1533 1739 I commit_sys_config_file: [settings-1-0,2]
03-14 07:18:27.359 1533 5348 E ClipboardService: Denying clipboard access to com.qiyi.video, application is not in focus nor is it a system service for user 0
01-02 06:47:06.617 0 0 E DTC_ETH,link_delay_work_func: 3003, SQI=0, link=0
03-14 07:18:27.499 1533 1622 I wm_stop_activity: [0,57706815,com.android.launcher3/.uioverrides.QuickstepLauncher]
03-14 07:18:27.514 1533 1781 I input_interaction: Interaction with: f5483db com.tencent.tmgp.sgame/com.tencent.tmgp.sgame.SGameActivity (server), edge-swipe (server), swipe-up (server), PointerEventDispatcher0 (server),
03-14 07:18:27.543 1533 5348 W FreeFormWindowHelper: exitRecentTasks type=0
03-14 07:18:27.550 2568 2568 I wm_on_stop_called: [57706815,com.android.launcher3.uioverrides.QuickstepLauncher,STOP_ACTIVITY_ITEM]
03-14 07:18:27.611 0 0 I auditd : type=1400 audit(0.0:15816): avc: denied { kill } for comm="swapper/0" capability=5 scontext=u:r:kernel:s0 tcontext=u:r:kernel:s0 tclass=capability permissive=0
03-14 07:18:28.146 1533 1781 I input_interaction: Interaction with: edge-swipe (server), swipe-up (server), PointerEventDispatcher0 (server),
03-14 07:18:28.155 1533 1932 W FreeFormWindowHelper: Current Display FreeFormTask is null
03-14 07:18:28.155 1533 1932 I wm_task_moved: [11,0,0]
03-14 07:18:28.156 1533 1932 I wm_task_moved: [11,0,8]
03-14 07:18:28.156 1533 5348 W FreeFormWindowHelper: Current Display FreeFormTask is null
03-14 07:18:28.169 1533 1623 I input_focus: [Focus request recents_animation_input_consumer,reason=UpdateInputWindows]
03-14 07:18:28.199 2568 2568 I wm_on_restart_called: [57706815,com.android.launcher3.uioverrides.QuickstepLauncher,performRestartActivity]
03-14 07:18:28.199 1533 1707 W FreeFormWindowHelper: Current Display FreeFormTask is null
03-14 07:18:28.199 1533 1707 W FreeFormWindowHelper: Current Display FreeFormTask is null
03-14 07:18:28.199 1533 1707 W FreeFormWindowHelper: Current Display FreeFormTask is null
03-14 07:18:28.210 2568 2568 I wm_on_start_called: [57706815,com.android.launcher3.uioverrides.QuickstepLauncher,handleStartActivity]
03-14 07:18:28.210 1533 1932 W FreeFormWindowHelper: Current Display FreeFormTask is null
03-14 07:18:28.211 1533 1932 W FreeFormWindowHelper: Current Display FreeFormTask is null
03-14 07:18:28.214 1533 5348 W ActivityTaskManager: getTaskSnapshot: taskId=-525 not found
03-14 07:18:28.215 1533 5348 W ActivityTaskManager: getTaskSnapshot: taskId=-525 not found
03-14 07:18:28.234 1533 1781 I input_focus: [Focus leaving f5483db com.tencent.tmgp.sgame/com.tencent.tmgp.sgame.SGameActivity (server),reason=NOT_FOCUSABLE]
03-14 07:18:28.234 1533 1781 I input_focus: [Focus entering recents_animation_input_consumer (server),reason=setFocusedWindow]
03-14 07:18:28.239 1533 1707 W FreeFormWindowHelper: Current Display FreeFormTask is null
03-14 07:18:28.239 1533 1707 W FreeFormWindowHelper: Current Display FreeFormTask is null
03-14 07:18:28.240 2568 2568 I sysui_latency: [1,94]
03-14 07:18:28.251 1533 1619 I sysui_multi_action: [319,6,322,91,325,12453,757,761,758,9,759,5,806,com.android.launcher3,871,com.android.launcher3.uioverrides.QuickstepLauncher,904,com.android.launcher3,905,0,1320,8,1321,5]
03-14 07:18:28.265 1533 1932 W FreeFormWindowHelper: Current Display FreeFormTask is null
03-14 07:18:28.266 1533 1932 W FreeFormWindowHelper: Current Display FreeFormTask is null
03-14 07:18:28.413 1533 1739 I commit_sys_config_file: [settings-1-0,4]
03-14 07:18:28.517 1533 1932 W FreeFormWindowHelper: Current Display FreeFormTask is null
03-14 07:18:28.517 1533 1932 W FreeFormWindowHelper: Current Display FreeFormTask is null
03-14 07:18:28.517 1533 1932 W FreeFormWindowHelper: Current Display FreeFormTask is null
03-14 07:18:28.547 1533 1628 I sysui_latency: [8,96]
03-14 07:18:28.870 1533 1707 I wm_task_moved: [11,1,9]
03-14 07:18:28.870 1533 1707 I wm_focused_root_task: [0,0,11,95,RecentsAnimation.onAnimationFinished()]
03-14 07:18:28.870 27685 27685 I wm_on_top_resumed_lost_called: [50396061,com.tencent.tmgp.sgame.SGameActivity,topStateChangedWhenResumed]
03-14 07:18:28.871 1533 1707 I wm_pause_activity: [0,50396061,com.tencent.tmgp.sgame/.SGameActivity,userLeaving=false,pauseBackTasks]
03-14 07:18:28.872 1533 1707 I ActivityTaskManager: FOREGROUND_APPLICATION_CHANGED to com.android.launcher3.uioverrides.QuickstepLauncher
03-14 07:18:28.872 1533 1707 I wm_set_resumed_activity: [0,com.android.launcher3/.uioverrides.QuickstepLauncher,resumeTopActivityInnerLocked]
03-14 07:18:28.873 1533 1707 I wm_resume_activity: [0,57706815,12,com.android.launcher3/.uioverrides.QuickstepLauncher]
03-14 07:18:28.874 1533 1707 I wm_add_to_stopping: [0,50396061,com.tencent.tmgp.sgame/.SGameActivity,makeInvisible]
03-14 07:18:28.880 1533 1623 I input_focus: [Focus request 587a4a0 com.android.launcher3/com.android.launcher3.uioverrides.QuickstepLauncher,reason=UpdateInputWindows]
03-14 07:18:28.880 2568 2568 I wm_on_resume_called: [57706815,com.android.launcher3.uioverrides.QuickstepLauncher,RESUME_ACTIVITY]
03-14 07:18:28.880 1533 1622 I sysui_multi_action: [757,803,799,window_time_0,802,2]
03-14 07:18:28.882 1533 1932 W FreeFormWindowHelper: Current Display FreeFormTask is null
03-14 07:18:28.882 1533 5348 W FreeFormWindowHelper: Current Display FreeFormTask is null
03-14 07:18:28.883 1533 2128 W FreeFormWindowHelper: Current Display FreeFormTask is null
03-14 07:18:28.885 1533 1622 I wm_stop_activity: [0,50396061,com.tencent.tmgp.sgame/.SGameActivity]
03-14 07:18:28.886 1533 1622 I sysui_multi_action: [757,803,799,window_time_0,802,0]
03-14 07:18:28.903 1533 1781 I input_focus: [Focus leaving recents_animation_input_consumer (server),reason=NOT_VISIBLE]
03-14 07:18:28.903 1533 1781 I input_focus: [Focus entering 587a4a0 com.android.launcher3/com.android.launcher3.uioverrides.QuickstepLauncher (server),reason=setFocusedWindow]
03-14 07:18:28.932 1533 2128 W FreeFormWindowHelper: Current Display FreeFormTask is null
03-14 07:18:28.932 1533 2128 W FreeFormWindowHelper: Current Display FreeFormTask is null
03-14 07:18:28.935 2568 2568 I wm_on_top_resumed_gained_called: [57706815,com.android.launcher3.uioverrides.QuickstepLauncher,topStateChangedWhenResumed]
03-14 07:18:28.981 1533 2128 W FreeFormWindowHelper: Current Display FreeFormTask is null
03-14 07:18:28.984 2101 3642 W ContextImpl: Calling a method in the system process without a qualified user: android.app.ContextImpl.startService:1816 android.content.ContextWrapper.startService:774 com.thundercomm.gamemode.ingame.services.GameModeActionUtils.startGameModeService:118 com.thundercomm.gamemode.ingame.services.GameModeActionUtils.startGameModeEntry:29 com.thundercomm.gamemode.ingame.services.ActivityMonitoringService$1.onActivityLaunch:140
01-02 06:47:08.174 0 0 W ALERT : changing window size from 8000000 to 16000000 at 12454392023059
03-14 07:18:28.990 1533 1533 I GameModeConfig: Current uri is uri = content://com.thundercomm.gamemode.api/gamemode_settings/gamemode_isgaming
03-14 07:18:28.992 1533 1533 I GameModeConfig: isGameModeOn = true
03-14 07:18:28.992 1533 1533 I GameModeConfig: isGaming = false
03-14 07:18:28.992 1533 1533 I GameModeConfig: isGameModeOn = true
03-14 07:18:28.992 1533 1533 I GameModeConfig: isGaming = false
03-14 07:18:28.992 1533 1533 I GameModeConfig: isDisableVoice = true
01-02 06:47:08.209 0 0 I : [MAX975X:max96755x_drm_notifier_callback] *INFO* receives EARLY_BLANK:UNBLANK
01-02 06:47:08.209 0 0 I atmel_mxt_ts 0-004a: FB event:2,blank:0
01-02 06:47:08.209 0 0 I atmel_mxt_ts 0-004a: suspend: event = 2, blank = 0, not care
01-02 06:47:08.209 0 0 I [drm:dsi_display_set_mode] [msm-dsi-info]: mdp_transfer_time_us=0 us
01-02 06:47:08.209 0 0 I [drm:dsi_display_set_mode] [msm-dsi-info]: hactive= 2560,vactive= 1080,fps=60
01-02 06:47:08.209 0 0 I : [MAX975X:max96755x_drm_notifier_callback] *INFO* receives BLANK:UNBLANK
01-02 06:47:08.210 0 0 I atmel_mxt_ts 0-004a: FB event:1,blank:0
01-02 06:47:08.210 0 0 I atmel_mxt_ts 0-004a: drm_notifier_callback: UNBLANK! Resume by drm notifier.
03-14 07:18:29.050 1533 1622 I DisplayDeviceRepository: Display device changed: DisplayDeviceInfo{"内置屏幕": uniqueId="local:4630946816427681409", 2560 x 1080, modeId 1, defaultModeId 1, supportedModes [{id=1, width=2560, height=1080, fps=60.000004, alternativeRefreshRates=[30.000002, 45.0]}, {id=2, width=2560, height=1080, fps=45.0, alternativeRefreshRates=[30.000002, 60.000004]}, {id=3, width=2560, height=1080, fps=30.000002, alternativeRefreshRates=[45.0, 60.000004]}], colorMode 0, supportedColorModes [0], hdrCapabilities HdrCapabilities{mSupportedHdrTypes=[2, 3, 4], mMaxLuminance=500.0, mMaxAverageLuminance=500.0, mMinLuminance=0.0}, allmSupported false, gameContentTypeSupported false, density 240, 320.315 x 318.976 dpi, appVsyncOff 1000000, presDeadline 16666666, touch INTERNAL, rotation 0, type INTERNAL, address {port=129, model=0x40446d97fee5e6}, deviceProductInfo DeviceProductInfo{name=, manufacturerPnpId=QCM, productId=1, modelYear=null, manufactureDate=ManufactureDate{week=27, year=2006}, connectionToSinkType=0}, state ON, frameRateOverride , brightnessMinimum 0.0, brightnessMaximum 1.0, brightnessDefault 1.0, FLAG_DEFAULT_DISPLAY, FLAG_ROTATES_WITH_CONTENT, FLAG_SECURE, FLAG_SUPPORTS_PROTECTED_BUFFERS}
03-14 07:18:29.137 1533 1739 I commit_sys_config_file: [settings-1-0,6]
03-14 07:18:29.199 27685 27685 I wm_on_paused_called: [50396061,com.tencent.tmgp.sgame.SGameActivity,performPause]
03-14 07:18:29.205 27685 27685 I wm_on_stop_called: [50396061,com.tencent.tmgp.sgame.SGameActivity,STOP_ACTIVITY_ITEM]
03-14 07:18:29.527 1533 1853 I netstats_mobile_sample: [0,0,0,0,0,0,0,0,0,0,0,0,1678775143779]
03-14 07:18:29.527 1533 1853 I netstats_wifi_sample: [93418776,76520,2012773,21743,93418776,76520,2012773,21743,91965405,77910,1666223,20758,1678775143779]
03-14 07:18:29.669 1533 1781 I input_interaction: Interaction with: 587a4a0 com.android.launcher3/com.android.launcher3.uioverrides.QuickstepLauncher (server), a76c92 com.android.systemui.ImageWallpaper (server), edge-swipe (server), swipe-up (server), PointerEventDispatcher0 (server),
03-14 07:18:29.751 1533 4620 I wm_task_moved: [11,1,9]
03-14 07:18:29.752 1533 4620 I wm_set_resumed_activity: [0,com.android.launcher3/.uioverrides.QuickstepLauncher,positionChildAt]
03-14 07:18:29.753 1533 4620 I wm_task_moved: [96,1,9]
03-14 07:18:29.753 1533 4620 I wm_task_to_front: [0,96]
03-14 07:18:29.754 1533 4620 I wm_focused_root_task: [0,0,96,11,moveTaskToFront findTaskToMoveToFront]
03-14 07:18:29.755 1533 4620 I wm_set_resumed_activity: [0,com.tencent.tmgp.pubgmhd/com.epicgames.ue4.GameActivity,moveTaskToFront findTaskToMoveToFront]
03-14 07:18:29.757 1533 4620 I wm_pause_activity: [0,57706815,com.android.launcher3/.uioverrides.QuickstepLauncher,userLeaving=true,pauseBackTasks]
03-14 07:18:29.765 2568 2568 I wm_on_top_resumed_lost_called: [57706815,com.android.launcher3.uioverrides.QuickstepLauncher,topStateChangedWhenResumed]
03-14 07:18:29.770 2568 2568 I wm_on_paused_called: [57706815,com.android.launcher3.uioverrides.QuickstepLauncher,performPause]
03-14 07:18:29.771 1533 4620 I ActivityTaskManager: FOREGROUND_APPLICATION_CHANGED to com.epicgames.ue4.GameActivity
03-14 07:18:29.774 1533 4620 I wm_set_resumed_activity: [0,com.tencent.tmgp.pubgmhd/com.epicgames.ue4.GameActivity,resumeTopActivityInnerLocked]
03-14 07:18:29.775 1533 4620 I wm_add_to_stopping: [0,57706815,com.android.launcher3/.uioverrides.QuickstepLauncher,makeInvisible]
03-14 07:18:29.779 1533 4620 I wm_resume_activity: [0,140857713,96,com.tencent.tmgp.pubgmhd/com.epicgames.ue4.GameActivity]
03-14 07:18:29.805 1533 1622 I sysui_multi_action: [757,803,799,window_time_0,802,1]
03-14 07:18:29.805 1533 1781 I input_focus: [Focus leaving 587a4a0 com.android.launcher3/com.android.launcher3.uioverrides.QuickstepLauncher (server),reason=NO_WINDOW]
03-14 07:18:29.809 21458 21458 I wm_on_restart_called: [140857713,com.epicgames.ue4.GameActivity,performRestartActivity]
03-14 07:18:29.810 21458 21458 I wm_on_start_called: [140857713,com.epicgames.ue4.GameActivity,handleStartActivity]
03-14 07:18:29.812 2101 3642 W ContextImpl: Calling a method in the system process without a qualified user: android.app.ContextImpl.startService:1816 android.content.ContextWrapper.startService:774 com.thundercomm.gamemode.ingame.services.GameModeActionUtils.startGameModeService:118 com.thundercomm.gamemode.ingame.services.GameModeActionUtils.startGameModeEntry:29 com.thundercomm.gamemode.ingame.services.ActivityMonitoringService$1.onActivityLaunch:140
03-14 07:18:29.815 21458 21458 I wm_on_resume_called: [140857713,com.epicgames.ue4.GameActivity,RESUME_ACTIVITY]
03-14 07:18:29.815 21458 21458 I wm_on_top_resumed_gained_called: [140857713,com.epicgames.ue4.GameActivity,topWhenResuming]
01-02 06:47:09.006 0 0 W ALERT : changing window size from 16000000 to 20000000 at 12455224033163
03-14 07:18:29.823 1533 1533 I GameModeConfig: Current uri is uri = content://com.thundercomm.gamemode.api/gamemode_settings/gamemode_isgaming
01-02 06:47:09.010 0 0 I : [MAX975X:max96755x_drm_notifier_callback] *INFO* receives EARLY_BLANK:UNBLANK
01-02 06:47:09.010 0 0 I atmel_mxt_ts 0-004a: FB event:2,blank:0
01-02 06:47:09.010 0 0 I atmel_mxt_ts 0-004a: suspend: event = 2, blank = 0, not care
01-02 06:47:09.010 0 0 I [drm:dsi_display_set_mode] [msm-dsi-info]: mdp_transfer_time_us=0 us
01-02 06:47:09.010 0 0 I [drm:dsi_display_set_mode] [msm-dsi-info]: hactive= 2560,vactive= 1080,fps=30
01-02 06:47:09.011 0 0 I : [MAX975X:max96755x_drm_notifier_callback] *INFO* receives BLANK:UNBLANK
01-02 06:47:09.011 0 0 I atmel_mxt_ts 0-004a: FB event:1,blank:0
01-02 06:47:09.011 0 0 I atmel_mxt_ts 0-004a: drm_notifier_callback: UNBLANK! Resume by drm notifier.
01-02 06:47:09.026 0 0 W ALERT : changing window size from 20000000 to 8000000 at 12455244023319
03-14 07:18:29.833 1533 1533 I GameModeConfig: isGameModeOn = true
03-14 07:18:29.833 1533 1533 I GameModeConfig: isGaming = true
03-14 07:18:29.833 1533 1533 I GameModeConfig: isDisableNotification = true
03-14 07:18:29.834 1533 1533 I GameModeConfig: isGameModeOn = true
03-14 07:18:29.834 1533 1533 I GameModeConfig: isGaming = true
03-14 07:18:29.834 1533 1533 I GameModeConfig: isDisableNotification = true
03-14 07:18:29.835 1533 1622 I DisplayDeviceRepository: Display device changed: DisplayDeviceInfo{"内置屏幕": uniqueId="local:4630946816427681409", 2560 x 1080, modeId 3, defaultModeId 1, supportedModes [{id=1, width=2560, height=1080, fps=60.000004, alternativeRefreshRates=[30.000002, 45.0]}, {id=2, width=2560, height=1080, fps=45.0, alternativeRefreshRates=[30.000002, 60.000004]}, {id=3, width=2560, height=1080, fps=30.000002, alternativeRefreshRates=[45.0, 60.000004]}], colorMode 0, supportedColorModes [0], hdrCapabilities HdrCapabilities{mSupportedHdrTypes=[2, 3, 4], mMaxLuminance=500.0, mMaxAverageLuminance=500.0, mMinLuminance=0.0}, allmSupported false, gameContentTypeSupported false, density 240, 320.315 x 318.976 dpi, appVsyncOff 1000000, presDeadline 33333333, touch INTERNAL, rotation 0, type INTERNAL, address {port=129, model=0x40446d97fee5e6}, deviceProductInfo DeviceProductInfo{name=, manufacturerPnpId=QCM, productId=1, modelYear=null, manufactureDate=ManufactureDate{week=27, year=2006}, connectionToSinkType=0}, state ON, frameRateOverride , brightnessMinimum 0.0, brightnessMaximum 1.0, brightnessDefault 1.0, FLAG_DEFAULT_DISPLAY, FLAG_ROTATES_WITH_CONTENT, FLAG_SECURE, FLAG_SUPPORTS_PROTECTED_BUFFERS}
03-14 07:18:29.842 1533 1623 I input_focus: [Focus request 555c51c com.tencent.tmgp.pubgmhd/com.epicgames.ue4.GameActivity,reason=UpdateInputWindows]
03-14 07:18:29.849 1533 1619 I sysui_multi_action: [319,44,321,41,322,91,325,12455,757,761,758,9,759,4,806,com.tencent.tmgp.pubgmhd,871,com.epicgames.ue4.GameActivity,904,com.tencent.tmgp.pubgmhd,905,0,1320,4,1321,4]
03-14 07:18:29.851 938 1334 I liblog : 55
03-14 07:18:29.855 1533 1781 I input_focus: [Focus entering 555c51c com.tencent.tmgp.pubgmhd/com.epicgames.ue4.GameActivity (server),reason=setFocusedWindow]
03-14 07:18:29.880 1533 10633 W FreeFormWindowHelper: Current Display FreeFormTask is null
03-14 07:18:30.013 1533 1739 I commit_sys_config_file: [settings-1-0,2]
03-14 07:18:30.155 1533 1622 I wm_stop_activity: [0,57706815,com.android.launcher3/.uioverrides.QuickstepLauncher]
03-14 07:18:30.213 1533 5220 W FreeFormWindowHelper: exitRecentTasks type=0
03-14 07:18:30.216 1533 1781 I input_interaction: Interaction with: edge-swipe (server), swipe-up (server), PointerEventDispatcher0 (server),
03-14 07:18:30.219 2568 2568 I wm_on_stop_called: [57706815,com.android.launcher3.uioverrides.QuickstepLauncher,STOP_ACTIVITY_ITEM]
03-14 07:18:30.611 0 0 I auditd : type=1400 audit(0.0:15817): avc: denied { kill } for comm="swapper/3" capability=5 scontext=u:r:kernel:s0 tcontext=u:r:kernel:s0 tclass=capability permissive=0
03-14 07:18:30.851 1533 1932 W FreeFormWindowHelper: Current Display FreeFormTask is null
03-14 07:18:30.851 1533 5220 D CompatibilityChangeReporter: Compat change id reported: 168419799; UID 10099; state: DISABLED
03-14 07:18:30.851 1533 1932 I wm_task_moved: [11,0,0]
03-14 07:18:30.852 1533 5348 W FreeFormWindowHelper: Current Display FreeFormTask is null
03-14 07:18:30.852 1533 1932 I wm_task_moved: [11,0,8]
03-14 07:18:30.864 1533 1623 I input_focus: [Focus request recents_animation_input_consumer,reason=UpdateInputWindows]
03-14 07:18:30.871 1533 5348 D CompatibilityChangeReporter: Compat change id reported: 135634846; UID 10099; state: DISABLED
03-14 07:18:30.871 1533 1639 D CompatibilityChangeReporter: Compat change id reported: 143937733; UID 10099; state: ENABLED
03-14 07:18:30.877 1533 1639 I am_proc_start: [0,32753,10099,com.qiyi.video:plugin1,service,{com.qiyi.video/org.qiyi.android.plugin.ipc.IPCService1}]
03-14 07:18:30.877 1533 1639 I ActivityManager: Start proc 32753:com.qiyi.video:plugin1/u0a99 for service {com.qiyi.video/org.qiyi.android.plugin.ipc.IPCService1}
01-02 06:47:10.075 0 0 I binder : 32753:32753 ioctl 40046210 ff8d8a18 returned -22
03-14 07:18:30.892 2568 2568 I wm_on_restart_called: [57706815,com.android.launcher3.uioverrides.QuickstepLauncher,performRestartActivity]
03-14 07:18:30.893 1533 5220 W FreeFormWindowHelper: Current Display FreeFormTask is null
03-14 07:18:30.893 1533 5348 W FreeFormWindowHelper: Current Display FreeFormTask is null
03-14 07:18:30.893 1533 5348 W FreeFormWindowHelper: Current Display FreeFormTask is null
03-14 07:18:30.893 1533 5220 I am_proc_bound: [0,32753,com.qiyi.video:plugin1]
03-14 07:18:30.903 2568 2568 I wm_on_start_called: [57706815,com.android.launcher3.uioverrides.QuickstepLauncher,handleStartActivity]
03-14 07:18:30.904 1533 1932 W FreeFormWindowHelper: Current Display FreeFormTask is null
03-14 07:18:30.905 1533 5220 W FreeFormWindowHelper: Current Display FreeFormTask is null
03-14 07:18:30.908 1533 5220 W ActivityTaskManager: getTaskSnapshot: taskId=-831 not found
03-14 07:18:30.909 1533 10633 W ActivityTaskManager: getTaskSnapshot: taskId=-831 not found
03-14 07:18:30.924 1533 1781 I input_focus: [Focus leaving 555c51c com.tencent.tmgp.pubgmhd/com.epicgames.ue4.GameActivity (server),reason=NOT_FOCUSABLE]
03-14 07:18:30.924 1533 1781 I input_focus: [Focus entering recents_animation_input_consumer (server),reason=setFocusedWindow]
03-14 07:18:30.931 1533 1932 W FreeFormWindowHelper: Current Display FreeFormTask is null
03-14 07:18:30.931 1533 2038 W FreeFormWindowHelper: Current Display FreeFormTask is null
03-14 07:18:30.932 2568 2568 I sysui_latency: [1,91]
03-14 07:18:30.940 1533 1619 I sysui_multi_action: [319,8,322,86,325,12456,757,761,758,9,759,5,806,com.android.launcher3,871,com.android.launcher3.uioverrides.QuickstepLauncher,904,com.android.launcher3,905,0,1320,8,1321,5]
03-14 07:18:30.955 1533 1707 W FreeFormWindowHelper: Current Display FreeFormTask is null
03-14 07:18:30.956 1533 1707 W FreeFormWindowHelper: Current Display FreeFormTask is null
03-14 07:18:31.105 1533 1739 I commit_sys_config_file: [settings-1-0,3]
03-14 07:18:31.238 1533 1707 W FreeFormWindowHelper: Current Display FreeFormTask is null
03-14 07:18:31.238 1533 2038 W FreeFormWindowHelper: Current Display FreeFormTask is null
03-14 07:18:31.239 1533 5348 W FreeFormWindowHelper: Current Display FreeFormTask is null
03-14 07:18:31.239 1533 1628 I sysui_latency: [8,94]
03-14 07:18:31.372 32753 517 D ActivityThread: Loading provider com.qiyi.video: org.qiyi.basecore.db.QiyiContentProvider
03-14 07:18:31.507 32753 32753 W Looper : Loop again would have the queued messages be executed before this one completed.
03-14 07:18:31.554 1533 5348 W ActivityManager: Unable to start service Intent { act=com.bun.msa.action.start.service cmp=com.mdid.msa/.service.MsaKlService (has extras) } U=0: not found
03-14 07:18:31.569 1533 2038 W ActivityManager: Unable to start service Intent { act=com.bun.msa.action.bindto.service cmp=com.mdid.msa/.service.MsaIdService (has extras) } U=0: not found
03-14 07:18:31.594 1533 2038 I wm_task_moved: [11,1,9]
03-14 07:18:31.595 1533 2038 I wm_focused_root_task: [0,0,11,96,RecentsAnimation.onAnimationFinished()]
03-14 07:18:31.595 21458 21458 I wm_on_top_resumed_lost_called: [140857713,com.epicgames.ue4.GameActivity,topStateChangedWhenResumed]
03-14 07:18:31.595 1533 2038 I wm_pause_activity: [0,140857713,com.tencent.tmgp.pubgmhd/com.epicgames.ue4.GameActivity,userLeaving=false,pauseBackTasks]
03-14 07:18:31.596 1533 2038 I ActivityTaskManager: FOREGROUND_APPLICATION_CHANGED to com.android.launcher3.uioverrides.QuickstepLauncher
03-14 07:18:31.596 1533 2038 I wm_set_resumed_activity: [0,com.android.launcher3/.uioverrides.QuickstepLauncher,resumeTopActivityInnerLocked]
03-14 07:18:31.598 1533 2038 I wm_resume_activity: [0,57706815,12,com.android.launcher3/.uioverrides.QuickstepLauncher]
03-14 07:18:31.598 1533 2038 I wm_add_to_stopping: [0,140857713,com.tencent.tmgp.pubgmhd/com.epicgames.ue4.GameActivity,makeInvisible]
03-14 07:18:31.599 2568 2568 I wm_on_resume_called: [57706815,com.android.launcher3.uioverrides.QuickstepLauncher,RESUME_ACTIVITY]
03-14 07:18:31.602 1533 1623 I input_focus: [Focus request 587a4a0 com.android.launcher3/com.android.launcher3.uioverrides.QuickstepLauncher,reason=UpdateInputWindows]
03-14 07:18:31.603 1533 1622 I sysui_multi_action: [757,803,799,window_time_0,802,2]
03-14 07:18:31.603 1533 1560 W FreeFormWindowHelper: Current Display FreeFormTask is null
03-14 07:18:31.604 1533 1560 W FreeFormWindowHelper: Current Display FreeFormTask is null
03-14 07:18:31.604 1533 1560 W FreeFormWindowHelper: Current Display FreeFormTask is null
03-14 07:18:31.610 21458 21458 I wm_on_paused_called: [140857713,com.epicgames.ue4.GameActivity,performPause]
03-14 07:18:31.612 1533 4620 I wm_stop_activity: [0,140857713,com.tencent.tmgp.pubgmhd/com.epicgames.ue4.GameActivity]
03-14 07:18:31.615 1533 1622 I sysui_multi_action: [757,803,799,window_time_0,802,0]
03-14 07:18:31.623 32753 630 D ActivityThread: Loading provider com.qiyi.video.pingback.provider: org.qiyi.android.pingback.internal.db.PingbackContentProvider
03-14 07:18:31.626 1533 1781 I input_focus: [Focus leaving recents_animation_input_consumer (server),reason=NOT_VISIBLE]
03-14 07:18:31.627 1533 1781 I input_focus: [Focus entering 587a4a0 com.android.launcher3/com.android.launcher3.uioverrides.QuickstepLauncher (server),reason=setFocusedWindow]
03-14 07:18:31.662 1533 5220 W FreeFormWindowHelper: Current Display FreeFormTask is null
03-14 07:18:31.662 1533 5220 W FreeFormWindowHelper: Current Display FreeFormTask is null
03-14 07:18:31.664 2568 2568 I wm_on_top_resumed_gained_called: [57706815,com.android.launcher3.uioverrides.QuickstepLauncher,topStateChangedWhenResumed]
03-14 07:18:31.705 1533 1932 W FreeFormWindowHelper: Current Display FreeFormTask is null
