03-14 07:25:00.406 1533 1638 I am_wtf : [0,1533,system_server,-1,DisplayDeviceConfig,requesting nits when no mapping exists.]
03-14 07:25:00.407 1533 1638 I am_wtf : [0,1533,system_server,-1,DisplayDeviceConfig,requesting nits when no mapping exists.]
03-14 07:25:00.422 1533 1975 E DisplayDeviceConfig: requesting nits when no mapping exists.
03-14 07:25:00.423 1533 1638 I am_wtf : [0,1533,system_server,-1,DisplayDeviceConfig,requesting nits when no mapping exists.]
03-14 07:25:00.423 1533 1975 E DisplayDeviceConfig: requesting nits when no mapping exists.
03-14 07:25:00.423 1533 1638 I am_wtf : [0,1533,system_server,-1,DisplayDeviceConfig,requesting nits when no mapping exists.]
03-14 07:25:00.439 1533 1975 E DisplayDeviceConfig: requesting nits when no mapping exists.
03-14 07:25:00.440 1533 1975 E DisplayDeviceConfig: requesting nits when no mapping exists.
03-14 07:25:00.441 1533 1638 I am_wtf : [0,1533,system_server,-1,DisplayDeviceConfig,requesting nits when no mapping exists.]
03-14 07:25:00.442 1533 1638 I am_wtf : [0,1533,system_server,-1,DisplayDeviceConfig,requesting nits when no mapping exists.]
03-14 07:25:00.456 1533 1975 E DisplayDeviceConfig: requesting nits when no mapping exists.
03-14 07:25:00.456 1533 1638 I am_wtf : [0,1533,system_server,-1,DisplayDeviceConfig,requesting nits when no mapping exists.]
03-14 07:25:00.457 1533 1975 E DisplayDeviceConfig: requesting nits when no mapping exists.
03-14 07:25:00.457 1533 1638 I am_wtf : [0,1533,system_server,-1,DisplayDeviceConfig,requesting nits when no mapping exists.]
03-14 07:25:00.473 1533 1975 E DisplayDeviceConfig: requesting nits when no mapping exists.
03-14 07:25:00.474 1533 1638 I am_wtf : [0,1533,system_server,-1,DisplayDeviceConfig,requesting nits when no mapping exists.]
03-14 07:25:00.474 1533 1975 E DisplayDeviceConfig: requesting nits when no mapping exists.
03-14 07:25:00.475 1533 1638 I am_wtf : [0,1533,system_server,-1,DisplayDeviceConfig,requesting nits when no mapping exists.]
03-14 07:25:00.489 1533 1975 E DisplayDeviceConfig: requesting nits when no mapping exists.
03-14 07:25:00.490 1533 1975 E DisplayDeviceConfig: requesting nits when no mapping exists.
03-14 07:25:00.490 1533 1638 I am_wtf : [0,1533,system_server,-1,DisplayDeviceConfig,requesting nits when no mapping exists.]
03-14 07:25:00.491 1533 1638 I am_wtf : [0,1533,system_server,-1,DisplayDeviceConfig,requesting nits when no mapping exists.]
03-14 07:25:00.506 1533 1975 E DisplayDeviceConfig: requesting nits when no mapping exists.
03-14 07:25:00.507 1533 1975 E DisplayDeviceConfig: requesting nits when no mapping exists.
03-14 07:25:00.507 1533 1638 I am_wtf : [0,1533,system_server,-1,DisplayDeviceConfig,requesting nits when no mapping exists.]
03-14 07:25:00.507 1533 1638 I am_wtf : [0,1533,system_server,-1,DisplayDeviceConfig,requesting nits when no mapping exists.]
03-14 07:25:00.523 1533 1975 E DisplayDeviceConfig: requesting nits when no mapping exists.
03-14 07:25:00.524 1533 1975 E DisplayDeviceConfig: requesting nits when no mapping exists.
03-14 07:25:00.524 1533 1638 I am_wtf : [0,1533,system_server,-1,DisplayDeviceConfig,requesting nits when no mapping exists.]
03-14 07:25:00.525 1533 1638 I am_wtf : [0,1533,system_server,-1,DisplayDeviceConfig,requesting nits when no mapping exists.]
03-14 07:25:00.540 1533 1975 E DisplayDeviceConfig: requesting nits when no mapping exists.
03-14 07:25:00.540 1533 1975 E DisplayDeviceConfig: requesting nits when no mapping exists.
03-14 07:25:00.541 1533 1638 I am_wtf : [0,1533,system_server,-1,DisplayDeviceConfig,requesting nits when no mapping exists.]
03-14 07:25:00.542 1533 1638 I am_wtf : [0,1533,system_server,-1,DisplayDeviceConfig,requesting nits when no mapping exists.]
03-14 07:25:00.556 1533 1975 E DisplayDeviceConfig: requesting nits when no mapping exists.
03-14 07:25:00.557 1533 1975 E DisplayDeviceConfig: requesting nits when no mapping exists.
03-14 07:25:00.557 1533 1638 I am_wtf : [0,1533,system_server,-1,DisplayDeviceConfig,requesting nits when no mapping exists.]
03-14 07:25:00.558 1533 1638 I am_wtf : [0,1533,system_server,-1,DisplayDeviceConfig,requesting nits when no mapping exists.]
03-14 07:25:00.573 1533 1975 E DisplayDeviceConfig: requesting nits when no mapping exists.
03-14 07:25:00.573 1533 1975 E DisplayDeviceConfig: requesting nits when no mapping exists.
03-14 07:25:00.573 1533 1638 I am_wtf : [0,1533,system_server,-1,DisplayDeviceConfig,requesting nits when no mapping exists.]
03-14 07:25:00.574 1533 1638 I am_wtf : [0,1533,system_server,-1,DisplayDeviceConfig,requesting nits when no mapping exists.]
03-14 07:25:00.590 1533 1975 E DisplayDeviceConfig: requesting nits when no mapping exists.
03-14 07:25:00.591 1533 1975 E DisplayDeviceConfig: requesting nits when no mapping exists.
03-14 07:25:00.591 1533 1638 I am_wtf : [0,1533,system_server,-1,DisplayDeviceConfig,requesting nits when no mapping exists.]
03-14 07:25:00.592 1533 1638 I am_wtf : [0,1533,system_server,-1,DisplayDeviceConfig,requesting nits when no mapping exists.]
03-14 07:25:00.607 1533 1975 E DisplayDeviceConfig: requesting nits when no mapping exists.
03-14 07:25:00.607 1533 1638 I am_wtf : [0,1533,system_server,-1,DisplayDeviceConfig,requesting nits when no mapping exists.]
03-14 07:25:00.607 1533 1975 E DisplayDeviceConfig: requesting nits when no mapping exists.
03-14 07:25:00.608 1533 1638 I am_wtf : [0,1533,system_server,-1,DisplayDeviceConfig,requesting nits when no mapping exists.]
03-14 07:25:00.611 0 0 I auditd : type=1400 audit(0.0:16733): avc: denied { kill } for comm="swapper/3" capability=5 scontext=u:r:kernel:s0 tcontext=u:r:kernel:s0 tclass=capability permissive=0
03-14 07:25:00.623 1533 1975 E DisplayDeviceConfig: requesting nits when no mapping exists.
03-14 07:25:00.624 1533 1975 E DisplayDeviceConfig: requesting nits when no mapping exists.
03-14 07:25:00.624 1533 1638 I am_wtf : [0,1533,system_server,-1,DisplayDeviceConfig,requesting nits when no mapping exists.]
03-14 07:25:00.624 1533 1638 I am_wtf : [0,1533,system_server,-1,DisplayDeviceConfig,requesting nits when no mapping exists.]
03-14 07:25:00.640 1533 1975 E DisplayDeviceConfig: requesting nits when no mapping exists.
03-14 07:25:00.640 1533 1975 E DisplayDeviceConfig: requesting nits when no mapping exists.
03-14 07:25:00.641 1533 1638 I am_wtf : [0,1533,system_server,-1,DisplayDeviceConfig,requesting nits when no mapping exists.]
03-14 07:25:00.641 1533 1638 I am_wtf : [0,1533,system_server,-1,DisplayDeviceConfig,requesting nits when no mapping exists.]
03-14 07:25:00.657 1533 1975 E DisplayDeviceConfig: requesting nits when no mapping exists.
03-14 07:25:00.657 1533 1975 E DisplayDeviceConfig: requesting nits when no mapping exists.
03-14 07:25:00.658 1533 1638 I am_wtf : [0,1533,system_server,-1,DisplayDeviceConfig,requesting nits when no mapping exists.]
03-14 07:25:00.659 1533 1638 I am_wtf : [0,1533,system_server,-1,DisplayDeviceConfig,requesting nits when no mapping exists.]
03-14 07:25:00.674 1533 1975 E DisplayDeviceConfig: requesting nits when no mapping exists.
03-14 07:25:00.674 1533 1975 E DisplayDeviceConfig: requesting nits when no mapping exists.
03-14 07:25:00.674 1533 1638 I am_wtf : [0,1533,system_server,-1,DisplayDeviceConfig,requesting nits when no mapping exists.]
03-14 07:25:00.675 1533 1638 I am_wtf : [0,1533,system_server,-1,DisplayDeviceConfig,requesting nits when no mapping exists.]
03-14 07:25:00.691 1533 1975 E DisplayDeviceConfig: requesting nits when no mapping exists.
03-14 07:25:00.692 1533 1638 I am_wtf : [0,1533,system_server,-1,DisplayDeviceConfig,requesting nits when no mapping exists.]
03-14 07:25:00.692 1533 1975 E DisplayDeviceConfig: requesting nits when no mapping exists.
03-14 07:25:00.693 1533 1638 I am_wtf : [0,1533,system_server,-1,DisplayDeviceConfig,requesting nits when no mapping exists.]
03-14 07:25:00.707 1533 1975 E DisplayDeviceConfig: requesting nits when no mapping exists.
03-14 07:25:00.707 1533 1638 I am_wtf : [0,1533,system_server,-1,DisplayDeviceConfig,requesting nits when no mapping exists.]
03-14 07:25:00.707 1533 1975 E DisplayDeviceConfig: requesting nits when no mapping exists.
03-14 07:25:00.708 1533 1638 I am_wtf : [0,1533,system_server,-1,DisplayDeviceConfig,requesting nits when no mapping exists.]
03-14 07:25:00.724 1533 1975 E DisplayDeviceConfig: requesting nits when no mapping exists.
03-14 07:25:00.724 1533 1638 I am_wtf : [0,1533,system_server,-1,DisplayDeviceConfig,requesting nits when no mapping exists.]
03-14 07:25:00.724 1533 1975 E DisplayDeviceConfig: requesting nits when no mapping exists.
03-14 07:25:00.724 1533 1638 I am_wtf : [0,1533,system_server,-1,DisplayDeviceConfig,requesting nits when no mapping exists.]
03-14 07:25:00.741 1533 1975 E DisplayDeviceConfig: requesting nits when no mapping exists.
03-14 07:25:00.741 1533 1975 E DisplayDeviceConfig: requesting nits when no mapping exists.
03-14 07:25:00.741 1533 1638 I am_wtf : [0,1533,system_server,-1,DisplayDeviceConfig,requesting nits when no mapping exists.]
03-14 07:25:00.742 1533 1638 I am_wtf : [0,1533,system_server,-1,DisplayDeviceConfig,requesting nits when no mapping exists.]
03-14 07:25:00.759 1533 1975 E DisplayDeviceConfig: requesting nits when no mapping exists.
03-14 07:25:00.759 1533 1975 E DisplayDeviceConfig: requesting nits when no mapping exists.
03-14 07:25:00.759 1533 1638 I am_wtf : [0,1533,system_server,-1,DisplayDeviceConfig,requesting nits when no mapping exists.]
03-14 07:25:00.760 1533 1638 I am_wtf : [0,1533,system_server,-1,DisplayDeviceConfig,requesting nits when no mapping exists.]
03-14 07:25:00.774 1533 1975 E DisplayDeviceConfig: requesting nits when no mapping exists.
03-14 07:25:00.775 1533 1975 E DisplayDeviceConfig: requesting nits when no mapping exists.
03-14 07:25:00.775 1533 1638 I am_wtf : [0,1533,system_server,-1,DisplayDeviceConfig,requesting nits when no mapping exists.]
03-14 07:25:00.776 1533 1638 I am_wtf : [0,1533,system_server,-1,DisplayDeviceConfig,requesting nits when no mapping exists.]
03-14 07:25:00.791 1533 1975 E DisplayDeviceConfig: requesting nits when no mapping exists.
03-14 07:25:00.791 1533 1975 E DisplayDeviceConfig: requesting nits when no mapping exists.
03-14 07:25:00.791 1533 1638 I am_wtf : [0,1533,system_server,-1,DisplayDeviceConfig,requesting nits when no mapping exists.]
03-14 07:25:00.792 1533 1638 I am_wtf : [0,1533,system_server,-1,DisplayDeviceConfig,requesting nits when no mapping exists.]
03-14 07:25:00.808 1533 1975 E DisplayDeviceConfig: requesting nits when no mapping exists.
03-14 07:25:00.808 1533 1975 E DisplayDeviceConfig: requesting nits when no mapping exists.
03-14 07:25:00.808 1533 1638 I am_wtf : [0,1533,system_server,-1,DisplayDeviceConfig,requesting nits when no mapping exists.]
03-14 07:25:00.808 1533 1638 I am_wtf : [0,1533,system_server,-1,DisplayDeviceConfig,requesting nits when no mapping exists.]
03-14 07:25:00.824 1533 1975 E DisplayDeviceConfig: requesting nits when no mapping exists.
03-14 07:25:00.825 1533 1975 E DisplayDeviceConfig: requesting nits when no mapping exists.
03-14 07:25:00.826 1533 1638 I am_wtf : [0,1533,system_server,-1,DisplayDeviceConfig,requesting nits when no mapping exists.]
03-14 07:25:00.826 1533 1638 I am_wtf : [0,1533,system_server,-1,DisplayDeviceConfig,requesting nits when no mapping exists.]
03-14 07:25:00.845 1533 1975 E DisplayDeviceConfig: requesting nits when no mapping exists.
03-14 07:25:00.846 1533 1638 I am_wtf : [0,1533,system_server,-1,DisplayDeviceConfig,requesting nits when no mapping exists.]
01-02 06:53:40.030 0 0 E [wifi@1][0x396fe499ff][07:25:00.845847] wlan: [831:E:QDF] cds_flush_logs: 2424: Bug report already in progress - dropping! type:0, indicator=1 reason_code=0
01-02 06:53:40.030 0 0 E [wifi@1][0x396fe49c31][07:25:00.845876] wlan: [831:E:HDD] __wlan_hdd_cfg80211_wifi_logger_get_ring_data: 9840: Failed to trigger bug report
03-14 07:25:00.847 1533 1975 E DisplayDeviceConfig: requesting nits when no mapping exists.
03-14 07:25:00.847 1533 1638 I am_wtf : [0,1533,system_server,-1,DisplayDeviceConfig,requesting nits when no mapping exists.]
03-14 07:25:00.858 1533 1975 E DisplayDeviceConfig: requesting nits when no mapping exists.
03-14 07:25:00.858 1533 1975 E DisplayDeviceConfig: requesting nits when no mapping exists.
03-14 07:25:00.858 1533 1638 I am_wtf : [0,1533,system_server,-1,DisplayDeviceConfig,requesting nits when no mapping exists.]
03-14 07:25:00.859 1533 1638 I am_wtf : [0,1533,system_server,-1,DisplayDeviceConfig,requesting nits when no mapping exists.]
03-14 07:25:00.874 1533 1975 E DisplayDeviceConfig: requesting nits when no mapping exists.
03-14 07:25:00.875 1533 1975 E DisplayDeviceConfig: requesting nits when no mapping exists.
03-14 07:25:00.875 1533 1638 I am_wtf : [0,1533,system_server,-1,DisplayDeviceConfig,requesting nits when no mapping exists.]
03-14 07:25:00.875 1533 1638 I am_wtf : [0,1533,system_server,-1,DisplayDeviceConfig,requesting nits when no mapping exists.]
03-14 07:25:00.891 1533 1975 E DisplayDeviceConfig: requesting nits when no mapping exists.
03-14 07:25:00.891 1533 1638 I am_wtf : [0,1533,system_server,-1,DisplayDeviceConfig,requesting nits when no mapping exists.]
03-14 07:25:00.891 1533 1975 E DisplayDeviceConfig: requesting nits when no mapping exists.
03-14 07:25:00.892 1533 1638 I am_wtf : [0,1533,system_server,-1,DisplayDeviceConfig,requesting nits when no mapping exists.]
03-14 07:25:00.908 1533 1975 E DisplayDeviceConfig: requesting nits when no mapping exists.
03-14 07:25:00.909 1533 1975 E DisplayDeviceConfig: requesting nits when no mapping exists.
03-14 07:25:00.909 1533 1638 I am_wtf : [0,1533,system_server,-1,DisplayDeviceConfig,requesting nits when no mapping exists.]
03-14 07:25:00.909 1533 1638 I am_wtf : [0,1533,system_server,-1,DisplayDeviceConfig,requesting nits when no mapping exists.]
03-14 07:25:00.925 1533 1975 E DisplayDeviceConfig: requesting nits when no mapping exists.
03-14 07:25:00.925 1533 1975 E DisplayDeviceConfig: requesting nits when no mapping exists.
03-14 07:25:00.925 1533 1638 I am_wtf : [0,1533,system_server,-1,DisplayDeviceConfig,requesting nits when no mapping exists.]
03-14 07:25:00.926 1533 1638 I am_wtf : [0,1533,system_server,-1,DisplayDeviceConfig,requesting nits when no mapping exists.]
03-14 07:25:00.942 1533 1975 E DisplayDeviceConfig: requesting nits when no mapping exists.
03-14 07:25:00.942 1533 1975 E DisplayDeviceConfig: requesting nits when no mapping exists.
03-14 07:25:00.942 1533 1638 I am_wtf : [0,1533,system_server,-1,DisplayDeviceConfig,requesting nits when no mapping exists.]
03-14 07:25:00.943 1533 1638 I am_wtf : [0,1533,system_server,-1,DisplayDeviceConfig,requesting nits when no mapping exists.]
03-14 07:25:00.959 1533 1975 E DisplayDeviceConfig: requesting nits when no mapping exists.
03-14 07:25:00.959 1533 1975 E DisplayDeviceConfig: requesting nits when no mapping exists.
03-14 07:25:00.959 1533 1638 I am_wtf : [0,1533,system_server,-1,DisplayDeviceConfig,requesting nits when no mapping exists.]
03-14 07:25:00.960 1533 1638 I am_wtf : [0,1533,system_server,-1,DisplayDeviceConfig,requesting nits when no mapping exists.]
03-14 07:25:00.975 1533 1975 E DisplayDeviceConfig: requesting nits when no mapping exists.
03-14 07:25:00.975 1533 1975 E DisplayDeviceConfig: requesting nits when no mapping exists.
03-14 07:25:00.976 1533 1638 I am_wtf : [0,1533,system_server,-1,DisplayDeviceConfig,requesting nits when no mapping exists.]
03-14 07:25:00.977 1533 1638 I am_wtf : [0,1533,system_server,-1,DisplayDeviceConfig,requesting nits when no mapping exists.]
03-14 07:25:00.995 5179 5179 I auditd : type=1400 audit(0.0:16734): avc: denied { read } for comm="HCDN_DataProces" name="sdcard" dev="tmpfs" ino=1359 scontext=u:r:untrusted_app:s0:c99,c256,c512,c768 tcontext=u:object_r:mnt_sdcard_file:s0 tclass=lnk_file permissive=0 app=com.qiyi.video
03-14 07:25:01.067 831 831 I auditd : type=1400 audit(0.0:16735): avc: denied { search } for comm="wifi@1.0-servic" name="tombstones" dev="dm-10" ino=36 scontext=u:r:hal_wifi_default:s0 tcontext=u:object_r:vendor_tombstone_data_file:s0 tclass=dir permissive=0
03-14 07:25:01.072 831 831 E android.hardware.wifi@1.0-service: Failed to open directory: Permission denied
03-14 07:25:01.072 831 831 E android.hardware.wifi@1.0-service: Error occurred while deleting old tombstone files
03-14 07:25:01.072 831 831 E android.hardware.wifi@1.0-service: Error writing files to flash
01-02 06:53:40.260 0 0 E [wifi@1][0x3970283066][07:25:01.076546] wlan: [831:E:QDF] cds_flush_logs: 2424: Bug report already in progress - dropping! type:0, indicator=1 reason_code=0
01-02 06:53:40.260 0 0 E [wifi@1][0x39702833b0][07:25:01.076590] wlan: [831:E:HDD] __wlan_hdd_cfg80211_wifi_logger_get_ring_data: 9840: Failed to trigger bug report
01-02 06:53:40.280 0 0 I logd : logdr: UID=1000 GID=1000 PID=6607 n tail=127 logMask=19 pid=0 start=0ns deadline=0ns
01-02 06:53:40.398 0 0 I logd : logdr: UID=1000 GID=1000 PID=6609 n tail=127 logMask=80 pid=0 start=0ns deadline=0ns
03-14 07:25:01.307 831 831 E android.hardware.wifi@1.0-service: Failed to open directory: Permission denied
03-14 07:25:01.307 831 831 E android.hardware.wifi@1.0-service: Error occurred while deleting old tombstone files
03-14 07:25:01.307 831 831 E android.hardware.wifi@1.0-service: Error writing files to flash
03-14 07:25:01.303 831 831 I auditd : type=1400 audit(0.0:16736): avc: denied { search } for comm="wifi@1.0-servic" name="tombstones" dev="dm-10" ino=36 scontext=u:r:hal_wifi_default:s0 tcontext=u:object_r:vendor_tombstone_data_file:s0 tclass=dir permissive=0
03-14 07:25:01.611 0 0 I auditd : type=1400 audit(0.0:16737): avc: denied { kill } for comm="swapper/3" capability=5 scontext=u:r:kernel:s0 tcontext=u:r:kernel:s0 tclass=capability permissive=0
01-02 06:53:40.855 0 0 E DTC_ETH,link_delay_work_func: 3003, SQI=0, link=0
03-14 07:25:01.703 5179 5179 I auditd : type=1400 audit(0.0:16738): avc: denied { read } for comm="HCDN_DownloadEn" name="sdcard" dev="tmpfs" ino=1359 scontext=u:r:untrusted_app:s0:c99,c256,c512,c768 tcontext=u:object_r:mnt_sdcard_file:s0 tclass=lnk_file permissive=0 app=com.qiyi.video
03-14 07:25:02.035 5179 5179 I auditd : type=1400 audit(0.0:16739): avc: denied { read } for comm="HCDN_DataProces" name="sdcard" dev="tmpfs" ino=1359 scontext=u:r:untrusted_app:s0:c99,c256,c512,c768 tcontext=u:object_r:mnt_sdcard_file:s0 tclass=lnk_file permissive=0 app=com.qiyi.video
01-02 06:53:41.784 0 0 I msm_vidc: err : ffffffff: .....: DBLP Set: status 0
03-14 07:25:02.611 0 0 I auditd : type=1400 audit(0.0:16740): avc: denied { kill } for comm="swapper/3" capability=5 scontext=u:r:kernel:s0 tcontext=u:r:kernel:s0 tclass=capability permissive=0
01-02 06:53:41.884 0 0 I [soft_i][0x397203e6ae][07:25:02.700310] wlan: [0:I:QDF] DNS_Q TX: SA:56:f4:a3:ce:a6:5f DA:d6:44:3b:15:39:91 msdu_id:1033 status: nack
03-14 07:25:03.067 5179 5179 I auditd : type=1400 audit(0.0:16741): avc: denied { read } for comm="HCDN_DataProces" name="sdcard" dev="tmpfs" ino=1359 scontext=u:r:untrusted_app:s0:c99,c256,c512,c768 tcontext=u:object_r:mnt_sdcard_file:s0 tclass=lnk_file permissive=0 app=com.qiyi.video
01-02 06:53:42.364 0 0 I logd : logdr: UID=1000 GID=1000 PID=6615 n tail=127 logMask=19 pid=0 start=0ns deadline=0ns
03-14 07:25:03.387 831 831 E android.hardware.wifi@1.0-service: Failed to open directory: Permission denied
03-14 07:25:03.383 831 831 I auditd : type=1400 audit(0.0:16742): avc: denied { search } for comm="wifi@1.0-servic" name="tombstones" dev="dm-10" ino=36 scontext=u:r:hal_wifi_default:s0 tcontext=u:object_r:vendor_tombstone_data_file:s0 tclass=dir permissive=0
03-14 07:25:03.387 831 831 E android.hardware.wifi@1.0-service: Error occurred while deleting old tombstone files
03-14 07:25:03.387 831 831 E android.hardware.wifi@1.0-service: Error writing files to flash
01-02 06:53:42.576 0 0 E [wifi@1][0x3972ce7ada][07:25:03.391778] wlan: [831:E:QDF] cds_flush_logs: 2424: Bug report already in progress - dropping! type:0, indicator=1 reason_code=0
01-02 06:53:42.576 0 0 E [wifi@1][0x3972ce7e25][07:25:03.391822] wlan: [831:E:HDD] __wlan_hdd_cfg80211_wifi_logger_get_ring_data: 9840: Failed to trigger bug report
03-14 07:25:03.611 0 0 I auditd : type=1400 audit(0.0:16743): avc: denied { kill } for comm="swapper/3" capability=5 scontext=u:r:kernel:s0 tcontext=u:r:kernel:s0 tclass=capability permissive=0
03-14 07:25:03.619 831 831 I auditd : type=1400 audit(0.0:16744): avc: denied { search } for comm="wifi@1.0-servic" name="tombstones" dev="dm-10" ino=36 scontext=u:r:hal_wifi_default:s0 tcontext=u:object_r:vendor_tombstone_data_file:s0 tclass=dir permissive=0
03-14 07:25:03.624 831 831 E android.hardware.wifi@1.0-service: Failed to open directory: Permission denied
03-14 07:25:03.624 831 831 E android.hardware.wifi@1.0-service: Error occurred while deleting old tombstone files
03-14 07:25:03.624 831 831 E android.hardware.wifi@1.0-service: Error writing files to flash
03-14 07:25:04.099 5179 5179 I auditd : type=1400 audit(0.0:16745): avc: denied { read } for comm="HCDN_DataProces" name="sdcard" dev="tmpfs" ino=1359 scontext=u:r:untrusted_app:s0:c99,c256,c512,c768 tcontext=u:object_r:mnt_sdcard_file:s0 tclass=lnk_file permissive=0 app=com.qiyi.video
03-14 07:25:04.611 0 0 I auditd : type=1400 audit(0.0:16746): avc: denied { kill } for comm="swapper/3" capability=5 scontext=u:r:kernel:s0 tcontext=u:r:kernel:s0 tclass=capability permissive=0
03-14 07:25:05.103 5179 5179 I auditd : type=1400 audit(0.0:16747): avc: denied { read } for comm="HCDN_DataProces" name="sdcard" dev="tmpfs" ino=1359 scontext=u:r:untrusted_app:s0:c99,c256,c512,c768 tcontext=u:object_r:mnt_sdcard_file:s0 tclass=lnk_file permissive=0 app=com.qiyi.video
01-02 06:53:44.642 0 0 E [wifi@1][0x39752bf1a2][07:25:05.458429] wlan: [831:E:QDF] cds_flush_logs: 2424: Bug report already in progress - dropping! type:0, indicator=1 reason_code=0
01-02 06:53:44.642 0 0 E [wifi@1][0x39752bf525][07:25:05.458476] wlan: [831:E:HDD] __wlan_hdd_cfg80211_wifi_logger_get_ring_data: 9840: Failed to trigger bug report
03-14 07:25:05.611 0 0 I auditd : type=1400 audit(0.0:16748): avc: denied { kill } for comm="swapper/3" capability=5 scontext=u:r:kernel:s0 tcontext=u:r:kernel:s0 tclass=capability permissive=0
03-14 07:25:05.687 831 831 I auditd : type=1400 audit(0.0:16749): avc: denied { search } for comm="wifi@1.0-servic" name="tombstones" dev="dm-10" ino=36 scontext=u:r:hal_wifi_default:s0 tcontext=u:object_r:vendor_tombstone_data_file:s0 tclass=dir permissive=0
03-14 07:25:05.691 831 831 E android.hardware.wifi@1.0-service: Failed to open directory: Permission denied
03-14 07:25:05.691 831 831 E android.hardware.wifi@1.0-service: Error occurred while deleting old tombstone files
03-14 07:25:05.691 831 831 E android.hardware.wifi@1.0-service: Error writing files to flash
01-02 06:53:45.183 0 0 E [wifi@1][0x3975ca831c][07:25:05.999675] wlan: [831:E:QDF] cds_flush_logs: 2424: Bug report already in progress - dropping! type:0, indicator=1 reason_code=0
01-02 06:53:45.183 0 0 E [wifi@1][0x3975ca867c][07:25:05.999720] wlan: [831:E:HDD] __wlan_hdd_cfg80211_wifi_logger_get_ring_data: 9840: Failed to trigger bug report
03-14 07:25:06.139 5179 5179 I auditd : type=1400 audit(0.0:16750): avc: denied { read } for comm="HCDN_DataProces" name="sdcard" dev="tmpfs" ino=1359 scontext=u:r:untrusted_app:s0:c99,c256,c512,c768 tcontext=u:object_r:mnt_sdcard_file:s0 tclass=lnk_file permissive=0 app=com.qiyi.video
01-02 06:53:45.326 0 0 I logd : logdr: UID=1000 GID=1000 PID=6633 n tail=127 logMask=80 pid=0 start=0ns deadline=0ns
03-14 07:25:06.223 831 831 I auditd : type=1400 audit(0.0:16751): avc: denied { search } for comm="wifi@1.0-servic" name="tombstones" dev="dm-10" ino=36 scontext=u:r:hal_wifi_default:s0 tcontext=u:object_r:vendor_tombstone_data_file:s0 tclass=dir permissive=0
03-14 07:25:06.229 831 831 E android.hardware.wifi@1.0-service: Failed to open directory: Permission denied
03-14 07:25:06.229 831 831 E android.hardware.wifi@1.0-service: Error occurred while deleting old tombstone files
03-14 07:25:06.229 831 831 E android.hardware.wifi@1.0-service: Error writing files to flash
03-14 07:25:06.611 0 0 I auditd : type=1400 audit(0.0:16752): avc: denied { kill } for comm="swapper/3" capability=5 scontext=u:r:kernel:s0 tcontext=u:r:kernel:s0 tclass=capability permissive=0
01-02 06:53:45.975 0 0 E DTC_ETH,link_delay_work_func: 3003, SQI=0, link=0
03-14 07:25:06.871 5179 5179 I auditd : type=1400 audit(0.0:16753): avc: denied { read } for comm="HCDN_DownloadEn" name="sdcard" dev="tmpfs" ino=1359 scontext=u:r:untrusted_app:s0:c99,c256,c512,c768 tcontext=u:object_r:mnt_sdcard_file:s0 tclass=lnk_file permissive=0 app=com.qiyi.video
03-14 07:25:07.022 1533 1666 I PowerManagerService: Napping display group (groupId=0, uid=1000)...
03-14 07:25:07.022 1533 1666 I PowerManagerService: Nap time (uid 1000)...
03-14 07:25:07.023 1533 1666 I DreamManagerService: Entering dreamland.
03-14 07:25:07.024 1533 1666 I PowerManagerService: Dreaming...
03-14 07:25:07.028 1533 1619 I DreamController: Starting dream: name=ComponentInfo{com.thundercomm.screensaver/com.thundercomm.screensaver.service.SystemDream}, isTest=false, canDoze=false, userId=0
03-14 07:25:07.028 1533 1619 I sysui_multi_action: [757,222,758,1]
03-14 07:25:07.032 1533 1619 I am_uid_active: 10051
03-14 07:25:07.041 1533 2132 I ActivityTaskManager: START u0 {flg=0x10000000 pkg=com.thundercomm.screensaver cmp=com.thundercomm.screensaver/android.service.dreams.DreamActivity (has extras)} from uid 10051
03-14 07:25:07.046 1533 2132 I wm_task_created: [106,-1]
03-14 07:25:07.047 1533 2132 W ActivityTaskManager: Can't find TaskDisplayArea to determine support for multi window. Task id=106 attached=false
03-14 07:25:07.047 1533 1628 I am_pss : [4797,10099,com.qiyi.video,101849088,61333504,197632,222044160,0,19,14]
03-14 07:25:07.050 1533 2132 I wm_task_moved: [106,1,6]
03-14 07:25:07.050 1533 2132 I wm_task_to_front: [0,106]
03-14 07:25:07.051 1533 2132 I wm_create_task: [0,106]
03-14 07:25:07.051 1533 2132 I wm_create_activity: [0,80160482,106,com.thundercomm.screensaver/android.service.dreams.DreamActivity,NULL,NULL,NULL,276824064]
03-14 07:25:07.051 1533 2132 I wm_task_moved: [106,1,6]
03-14 07:25:07.051 2568 2568 I wm_on_top_resumed_lost_called: [57706815,com.android.launcher3.uioverrides.QuickstepLauncher,topStateChangedWhenResumed]
03-14 07:25:07.051 1533 2132 I wm_pause_activity: [0,57706815,com.android.launcher3/.uioverrides.QuickstepLauncher,userLeaving=true,pauseBackTasks]
03-14 07:25:07.053 2568 2568 I wm_on_paused_called: [57706815,com.android.launcher3.uioverrides.QuickstepLauncher,performPause]
03-14 07:25:07.054 1533 9755 I ActivityTaskManager: FOREGROUND_APPLICATION_CHANGED to android.service.dreams.DreamActivity
03-14 07:25:07.054 1533 9755 I ActivityTaskManager: The Process com.thundercomm.screensaver Already Exists in BG. So sending its PID: 24711
03-14 07:25:07.054 1533 9755 W ActivityTaskManager: Tried to set launchTime (0) < mLastActivityLaunchTime (12365513)
03-14 07:25:07.054 1533 9755 I wm_add_to_stopping: [0,57706815,com.android.launcher3/.uioverrides.QuickstepLauncher,makeInvisible]
03-14 07:25:07.055 1533 9755 I wm_restart_activity: [0,80160482,106,com.thundercomm.screensaver/android.service.dreams.DreamActivity]
03-14 07:25:07.056 1533 9755 I wm_set_resumed_activity: [0,com.thundercomm.screensaver/android.service.dreams.DreamActivity,minimalResumeActivityLocked]
03-14 07:25:07.057 1533 1628 I am_pss : [5179,10099,com.qiyi.video:downloader,51623936,18898944,204800,150437888,0,19,8]
03-14 07:25:07.061 1533 1622 I sysui_multi_action: [757,803,799,window_time_0,802,60]
03-14 07:25:07.062 24711 24711 I wm_on_create_called: [80160482,android.service.dreams.DreamActivity,performCreate]
03-14 07:25:07.062 24711 24711 I wm_on_start_called: [80160482,android.service.dreams.DreamActivity,handleStartActivity]
03-14 07:25:07.062 24711 24711 I wm_on_resume_called: [80160482,android.service.dreams.DreamActivity,RESUME_ACTIVITY]
03-14 07:25:07.064 1533 1561 W WindowManager: Failed looking up window session=Session{eea826 24711:u0a10051} callers=com.android.server.wm.WindowManagerService.windowForClientLocked:5628 com.android.server.wm.Session.insetsModified:629 android.view.IWindowSession$Stub.onTransact:1151
03-14 07:25:07.065 24711 24711 I wm_on_top_resumed_gained_called: [80160482,android.service.dreams.DreamActivity,topStateChangedWhenResumed]
03-14 07:25:07.067 1533 1628 I am_pss : [20142,10093,com.tencent.tmgp.pubgmhd:xg_vip_service,17966080,6860800,5654528,70483968,0,10,5]
03-14 07:25:07.078 1533 1781 I input_focus: [Focus leaving 587a4a0 com.android.launcher3/com.android.launcher3.uioverrides.QuickstepLauncher (server),reason=NO_WINDOW]
03-14 07:25:07.079 1533 1623 I input_focus: [Focus request 4ba9da9 com.thundercomm.screensaver/android.service.dreams.DreamActivity,reason=UpdateInputWindows]
03-14 07:25:07.088 1533 1666 V DisplayPowerController[0]: Brightness [1.0] reason changing to: 'manual', previous reason: 'manual [ dim ]'.
03-14 07:25:07.088 1533 1666 I sysui_multi_action: [757,1696,758,6,759,3]
03-14 07:25:07.097 1533 1619 I sysui_multi_action: [319,45,322,44,325,12852,757,761,758,8,759,2,806,com.thundercomm.screensaver,871,android.service.dreams.DreamActivity,904,com.thundercomm.screensaver,905,0,1320,4,1321,2]
03-14 07:25:07.097 1533 1619 I wm_activity_launch_time: [0,80160482,com.thundercomm.screensaver/android.service.dreams.DreamActivity,44]
03-14 07:25:07.106 1533 1975 E DisplayDeviceConfig: requesting nits when no mapping exists.
03-14 07:25:07.106 1533 1638 I am_wtf : [0,1533,system_server,-1,DisplayDeviceConfig,requesting nits when no mapping exists.]
03-14 07:25:07.106 1533 1975 E DisplayDeviceConfig: requesting nits when no mapping exists.
03-14 07:25:07.106 1533 1638 I am_wtf : [0,1533,system_server,-1,DisplayDeviceConfig,requesting nits when no mapping exists.]
03-14 07:25:07.107 1533 1781 I input_focus: [Focus entering 4ba9da9 com.thundercomm.screensaver/android.service.dreams.DreamActivity (server),reason=Window became focusable. Previous reason: NOT_VISIBLE]
03-14 07:25:07.123 1533 1975 E DisplayDeviceConfig: requesting nits when no mapping exists.
03-14 07:25:07.123 1533 1975 E DisplayDeviceConfig: requesting nits when no mapping exists.
03-14 07:25:07.123 1533 1638 I am_wtf : [0,1533,system_server,-1,DisplayDeviceConfig,requesting nits when no mapping exists.]
03-14 07:25:07.123 1533 1638 I am_wtf : [0,1533,system_server,-1,DisplayDeviceConfig,requesting nits when no mapping exists.]
03-14 07:25:07.139 1533 1975 E DisplayDeviceConfig: requesting nits when no mapping exists.
03-14 07:25:07.140 1533 1975 E DisplayDeviceConfig: requesting nits when no mapping exists.
03-14 07:25:07.140 1533 1638 I am_wtf : [0,1533,system_server,-1,DisplayDeviceConfig,requesting nits when no mapping exists.]
03-14 07:25:07.140 1533 1638 I am_wtf : [0,1533,system_server,-1,DisplayDeviceConfig,requesting nits when no mapping exists.]
03-14 07:25:07.157 1533 8565 W FreeFormWindowHelper: Current Display FreeFormTask is null
03-14 07:25:07.158 1533 1975 E DisplayDeviceConfig: requesting nits when no mapping exists.
03-14 07:25:07.158 1533 1975 E DisplayDeviceConfig: requesting nits when no mapping exists.
03-14 07:25:07.158 1533 1638 I am_wtf : [0,1533,system_server,-1,DisplayDeviceConfig,requesting nits when no mapping exists.]
03-14 07:25:07.158 1533 1638 I am_wtf : [0,1533,system_server,-1,DisplayDeviceConfig,requesting nits when no mapping exists.]
03-14 07:25:07.155 5179 5179 I auditd : type=1400 audit(0.0:16754): avc: denied { read } for comm="HCDN_DataProces" name="sdcard" dev="tmpfs" ino=1359 scontext=u:r:untrusted_app:s0:c99,c256,c512,c768 tcontext=u:object_r:mnt_sdcard_file:s0 tclass=lnk_file permissive=0 app=com.qiyi.video
03-14 07:25:07.173 1533 1975 E DisplayDeviceConfig: requesting nits when no mapping exists.
03-14 07:25:07.173 1533 1975 E DisplayDeviceConfig: requesting nits when no mapping exists.
03-14 07:25:07.173 1533 1638 I am_wtf : [0,1533,system_server,-1,DisplayDeviceConfig,requesting nits when no mapping exists.]
03-14 07:25:07.173 1533 1638 I am_wtf : [0,1533,system_server,-1,DisplayDeviceConfig,requesting nits when no mapping exists.]
03-14 07:25:07.190 1533 1975 E DisplayDeviceConfig: requesting nits when no mapping exists.
03-14 07:25:07.190 1533 1975 E DisplayDeviceConfig: requesting nits when no mapping exists.
03-14 07:25:07.190 1533 1638 I am_wtf : [0,1533,system_server,-1,DisplayDeviceConfig,requesting nits when no mapping exists.]
03-14 07:25:07.190 1533 1638 I am_wtf : [0,1533,system_server,-1,DisplayDeviceConfig,requesting nits when no mapping exists.]
03-14 07:25:07.207 1533 1975 E DisplayDeviceConfig: requesting nits when no mapping exists.
03-14 07:25:07.207 1533 1975 E DisplayDeviceConfig: requesting nits when no mapping exists.
03-14 07:25:07.207 1533 1638 I am_wtf : [0,1533,system_server,-1,DisplayDeviceConfig,requesting nits when no mapping exists.]
03-14 07:25:07.207 1533 1638 I am_wtf : [0,1533,system_server,-1,DisplayDeviceConfig,requesting nits when no mapping exists.]
03-14 07:25:07.224 1533 1975 E DisplayDeviceConfig: requesting nits when no mapping exists.
03-14 07:25:07.224 1533 1975 E DisplayDeviceConfig: requesting nits when no mapping exists.
03-14 07:25:07.224 1533 1638 I am_wtf : [0,1533,system_server,-1,DisplayDeviceConfig,requesting nits when no mapping exists.]
03-14 07:25:07.224 1533 1638 I am_wtf : [0,1533,system_server,-1,DisplayDeviceConfig,requesting nits when no mapping exists.]
03-14 07:25:07.224 1533 1638 I service_manager_stats: [100,41,6900]
03-14 07:25:07.240 1533 1975 E DisplayDeviceConfig: requesting nits when no mapping exists.
03-14 07:25:07.240 1533 1975 E DisplayDeviceConfig: requesting nits when no mapping exists.
03-14 07:25:07.240 1533 1638 I am_wtf : [0,1533,system_server,-1,DisplayDeviceConfig,requesting nits when no mapping exists.]
03-14 07:25:07.241 1533 1638 I am_wtf : [0,1533,system_server,-1,DisplayDeviceConfig,requesting nits when no mapping exists.]
03-14 07:25:07.256 1533 1975 E DisplayDeviceConfig: requesting nits when no mapping exists.
03-14 07:25:07.256 1533 1975 E DisplayDeviceConfig: requesting nits when no mapping exists.
03-14 07:25:07.256 1533 1638 I am_wtf : [0,1533,system_server,-1,DisplayDeviceConfig,requesting nits when no mapping exists.]
03-14 07:25:07.257 1533 1638 I am_wtf : [0,1533,system_server,-1,DisplayDeviceConfig,requesting nits when no mapping exists.]
03-14 07:25:07.274 1533 1975 E DisplayDeviceConfig: requesting nits when no mapping exists.
03-14 07:25:07.274 1533 1975 E DisplayDeviceConfig: requesting nits when no mapping exists.
03-14 07:25:07.274 1533 1638 I am_wtf : [0,1533,system_server,-1,DisplayDeviceConfig,requesting nits when no mapping exists.]
03-14 07:25:07.274 1533 1638 I am_wtf : [0,1533,system_server,-1,DisplayDeviceConfig,requesting nits when no mapping exists.]
03-14 07:25:07.290 1533 1975 E DisplayDeviceConfig: requesting nits when no mapping exists.
03-14 07:25:07.290 1533 1638 I am_wtf : [0,1533,system_server,-1,DisplayDeviceConfig,requesting nits when no mapping exists.]
03-14 07:25:07.290 1533 1975 E DisplayDeviceConfig: requesting nits when no mapping exists.
03-14 07:25:07.290 1533 1638 I am_wtf : [0,1533,system_server,-1,DisplayDeviceConfig,requesting nits when no mapping exists.]
03-14 07:25:07.306 1533 1975 E DisplayDeviceConfig: requesting nits when no mapping exists.
03-14 07:25:07.306 1533 1975 E DisplayDeviceConfig: requesting nits when no mapping exists.
03-14 07:25:07.306 1533 1638 I am_wtf : [0,1533,system_server,-1,DisplayDeviceConfig,requesting nits when no mapping exists.]
03-14 07:25:07.307 1533 1638 I am_wtf : [0,1533,system_server,-1,DisplayDeviceConfig,requesting nits when no mapping exists.]
03-14 07:25:07.323 1533 1975 E DisplayDeviceConfig: requesting nits when no mapping exists.
03-14 07:25:07.323 1533 1975 E DisplayDeviceConfig: requesting nits when no mapping exists.
03-14 07:25:07.323 1533 1638 I am_wtf : [0,1533,system_server,-1,DisplayDeviceConfig,requesting nits when no mapping exists.]
03-14 07:25:07.323 1533 1638 I am_wtf : [0,1533,system_server,-1,DisplayDeviceConfig,requesting nits when no mapping exists.]
03-14 07:25:07.340 1533 1975 E DisplayDeviceConfig: requesting nits when no mapping exists.
03-14 07:25:07.340 1533 1975 E DisplayDeviceConfig: requesting nits when no mapping exists.
03-14 07:25:07.340 1533 1638 I am_wtf : [0,1533,system_server,-1,DisplayDeviceConfig,requesting nits when no mapping exists.]
03-14 07:25:07.340 1533 1638 I am_wtf : [0,1533,system_server,-1,DisplayDeviceConfig,requesting nits when no mapping exists.]
03-14 07:25:07.356 1533 1975 E DisplayDeviceConfig: requesting nits when no mapping exists.
03-14 07:25:07.357 1533 1975 E DisplayDeviceConfig: requesting nits when no mapping exists.
03-14 07:25:07.357 1533 1638 I am_wtf : [0,1533,system_server,-1,DisplayDeviceConfig,requesting nits when no mapping exists.]
03-14 07:25:07.357 1533 1638 I am_wtf : [0,1533,system_server,-1,DisplayDeviceConfig,requesting nits when no mapping exists.]
03-14 07:25:07.374 1533 1975 E DisplayDeviceConfig: requesting nits when no mapping exists.
03-14 07:25:07.374 1533 1622 I wm_stop_activity: [0,57706815,com.android.launcher3/.uioverrides.QuickstepLauncher]
03-14 07:25:07.375 1533 1638 I am_wtf : [0,1533,system_server,-1,DisplayDeviceConfig,requesting nits when no mapping exists.]
03-14 07:25:07.376 1533 1975 E DisplayDeviceConfig: requesting nits when no mapping exists.
03-14 07:25:07.377 2568 2568 I wm_on_stop_called: [57706815,com.android.launcher3.uioverrides.QuickstepLauncher,STOP_ACTIVITY_ITEM]
03-14 07:25:07.380 1533 1638 I am_wtf : [0,1533,system_server,-1,DisplayDeviceConfig,requesting nits when no mapping exists.]
03-14 07:25:07.390 1533 1975 E DisplayDeviceConfig: requesting nits when no mapping exists.
03-14 07:25:07.390 1533 1975 E DisplayDeviceConfig: requesting nits when no mapping exists.
03-14 07:25:07.390 1533 1638 I am_wtf : [0,1533,system_server,-1,DisplayDeviceConfig,requesting nits when no mapping exists.]
03-14 07:25:07.391 1533 1638 I am_wtf : [0,1533,system_server,-1,DisplayDeviceConfig,requesting nits when no mapping exists.]
03-14 07:25:07.407 1533 1975 E DisplayDeviceConfig: requesting nits when no mapping exists.
03-14 07:25:07.407 1533 1975 E DisplayDeviceConfig: requesting nits when no mapping exists.
03-14 07:25:07.407 1533 1638 I am_wtf : [0,1533,system_server,-1,DisplayDeviceConfig,requesting nits when no mapping exists.]
03-14 07:25:07.407 1533 1638 I am_wtf : [0,1533,system_server,-1,DisplayDeviceConfig,requesting nits when no mapping exists.]
03-14 07:25:07.423 1533 1975 E DisplayDeviceConfig: requesting nits when no mapping exists.
03-14 07:25:07.423 1533 1975 E DisplayDeviceConfig: requesting nits when no mapping exists.
03-14 07:25:07.423 1533 1638 I am_wtf : [0,1533,system_server,-1,DisplayDeviceConfig,requesting nits when no mapping exists.]
03-14 07:25:07.424 1533 1638 I am_wtf : [0,1533,system_server,-1,DisplayDeviceConfig,requesting nits when no mapping exists.]
03-14 07:25:07.440 1533 1975 E DisplayDeviceConfig: requesting nits when no mapping exists.
03-14 07:25:07.440 1533 1975 E DisplayDeviceConfig: requesting nits when no mapping exists.
03-14 07:25:07.440 1533 1638 I am_wtf : [0,1533,system_server,-1,DisplayDeviceConfig,requesting nits when no mapping exists.]
03-14 07:25:07.440 1533 1638 I am_wtf : [0,1533,system_server,-1,DisplayDeviceConfig,requesting nits when no mapping exists.]
03-14 07:25:07.454 1533 1975 E DisplayDeviceConfig: requesting nits when no mapping exists.
03-14 07:25:07.455 1533 1975 E DisplayDeviceConfig: requesting nits when no mapping exists.
03-14 07:25:07.455 1533 1638 I am_wtf : [0,1533,system_server,-1,DisplayDeviceConfig,requesting nits when no mapping exists.]
03-14 07:25:07.455 1533 1638 I am_wtf : [0,1533,system_server,-1,DisplayDeviceConfig,requesting nits when no mapping exists.]
03-14 07:25:07.471 1533 1975 E DisplayDeviceConfig: requesting nits when no mapping exists.
03-14 07:25:07.471 1533 1975 E DisplayDeviceConfig: requesting nits when no mapping exists.
03-14 07:25:07.471 1533 1638 I am_wtf : [0,1533,system_server,-1,DisplayDeviceConfig,requesting nits when no mapping exists.]
03-14 07:25:07.472 1533 1638 I am_wtf : [0,1533,system_server,-1,DisplayDeviceConfig,requesting nits when no mapping exists.]
03-14 07:25:07.488 1533 1975 E DisplayDeviceConfig: requesting nits when no mapping exists.
03-14 07:25:07.488 1533 1975 E DisplayDeviceConfig: requesting nits when no mapping exists.
03-14 07:25:07.488 1533 1638 I am_wtf : [0,1533,system_server,-1,DisplayDeviceConfig,requesting nits when no mapping exists.]
03-14 07:25:07.488 1533 1638 I am_wtf : [0,1533,system_server,-1,DisplayDeviceConfig,requesting nits when no mapping exists.]
03-14 07:25:07.505 1533 1975 E DisplayDeviceConfig: requesting nits when no mapping exists.
03-14 07:25:07.505 1533 1975 E DisplayDeviceConfig: requesting nits when no mapping exists.
03-14 07:25:07.505 1533 1638 I am_wtf : [0,1533,system_server,-1,DisplayDeviceConfig,requesting nits when no mapping exists.]
03-14 07:25:07.505 1533 1638 I am_wtf : [0,1533,system_server,-1,DisplayDeviceConfig,requesting nits when no mapping exists.]
03-14 07:25:07.521 1533 1975 E DisplayDeviceConfig: requesting nits when no mapping exists.
03-14 07:25:07.521 1533 1975 E DisplayDeviceConfig: requesting nits when no mapping exists.
03-14 07:25:07.521 1533 1638 I am_wtf : [0,1533,system_server,-1,DisplayDeviceConfig,requesting nits when no mapping exists.]
03-14 07:25:07.521 1533 1638 I am_wtf : [0,1533,system_server,-1,DisplayDeviceConfig,requesting nits when no mapping exists.]
03-14 07:25:07.538 1533 1975 E DisplayDeviceConfig: requesting nits when no mapping exists.
03-14 07:25:07.538 1533 1975 E DisplayDeviceConfig: requesting nits when no mapping exists.
03-14 07:25:07.538 1533 1638 I am_wtf : [0,1533,system_server,-1,DisplayDeviceConfig,requesting nits when no mapping exists.]
03-14 07:25:07.538 1533 1638 I am_wtf : [0,1533,system_server,-1,DisplayDeviceConfig,requesting nits when no mapping exists.]
03-14 07:25:07.555 1533 1975 E DisplayDeviceConfig: requesting nits when no mapping exists.
03-14 07:25:07.555 1533 1638 I am_wtf : [0,1533,system_server,-1,DisplayDeviceConfig,requesting nits when no mapping exists.]
03-14 07:25:07.555 1533 1975 E DisplayDeviceConfig: requesting nits when no mapping exists.
03-14 07:25:07.555 1533 1638 I am_wtf : [0,1533,system_server,-1,DisplayDeviceConfig,requesting nits when no mapping exists.]
03-14 07:25:07.571 1533 1975 E DisplayDeviceConfig: requesting nits when no mapping exists.
03-14 07:25:07.571 1533 1975 E DisplayDeviceConfig: requesting nits when no mapping exists.
03-14 07:25:07.571 1533 1638 I am_wtf : [0,1533,system_server,-1,DisplayDeviceConfig,requesting nits when no mapping exists.]
03-14 07:25:07.571 1533 1638 I am_wtf : [0,1533,system_server,-1,DisplayDeviceConfig,requesting nits when no mapping exists.]
03-14 07:25:07.588 1533 1975 E DisplayDeviceConfig: requesting nits when no mapping exists.
03-14 07:25:07.588 1533 1975 E DisplayDeviceConfig: requesting nits when no mapping exists.
03-14 07:25:07.588 1533 1638 I am_wtf : [0,1533,system_server,-1,DisplayDeviceConfig,requesting nits when no mapping exists.]
03-14 07:25:07.588 1533 1638 I am_wtf : [0,1533,system_server,-1,DisplayDeviceConfig,requesting nits when no mapping exists.]
03-14 07:25:07.605 1533 1975 E DisplayDeviceConfig: requesting nits when no mapping exists.
03-14 07:25:07.605 1533 1975 E DisplayDeviceConfig: requesting nits when no mapping exists.
03-14 07:25:07.605 1533 1638 I am_wtf : [0,1533,system_server,-1,DisplayDeviceConfig,requesting nits when no mapping exists.]
03-14 07:25:07.605 1533 1638 I am_wtf : [0,1533,system_server,-1,DisplayDeviceConfig,requesting nits when no mapping exists.]
03-14 07:25:07.611 0 0 I auditd : type=1400 audit(0.0:16755): avc: denied { kill } for comm="swapper/3" capability=5 scontext=u:r:kernel:s0 tcontext=u:r:kernel:s0 tclass=capability permissive=0
03-14 07:25:07.621 1533 1975 E DisplayDeviceConfig: requesting nits when no mapping exists.
03-14 07:25:07.622 1533 1975 E DisplayDeviceConfig: requesting nits when no mapping exists.
03-14 07:25:07.622 1533 1638 I am_wtf : [0,1533,system_server,-1,DisplayDeviceConfig,requesting nits when no mapping exists.]
03-14 07:25:07.622 1533 1638 I am_wtf : [0,1533,system_server,-1,DisplayDeviceConfig,requesting nits when no mapping exists.]
03-14 07:25:07.638 1533 1975 E DisplayDeviceConfig: requesting nits when no mapping exists.
03-14 07:25:07.638 1533 1975 E DisplayDeviceConfig: requesting nits when no mapping exists.
03-14 07:25:07.638 1533 1638 I am_wtf : [0,1533,system_server,-1,DisplayDeviceConfig,requesting nits when no mapping exists.]
03-14 07:25:07.638 1533 1638 I am_wtf : [0,1533,system_server,-1,DisplayDeviceConfig,requesting nits when no mapping exists.]
03-14 07:25:07.655 1533 1975 E DisplayDeviceConfig: requesting nits when no mapping exists.
03-14 07:25:07.655 1533 1975 E DisplayDeviceConfig: requesting nits when no mapping exists.
03-14 07:25:07.655 1533 1638 I am_wtf : [0,1533,system_server,-1,DisplayDeviceConfig,requesting nits when no mapping exists.]
03-14 07:25:07.655 1533 1638 I am_wtf : [0,1533,system_server,-1,DisplayDeviceConfig,requesting nits when no mapping exists.]
03-14 07:25:07.672 1533 1975 E DisplayDeviceConfig: requesting nits when no mapping exists.
03-14 07:25:07.672 1533 1638 I am_wtf : [0,1533,system_server,-1,DisplayDeviceConfig,requesting nits when no mapping exists.]
03-14 07:25:07.672 1533 1975 E DisplayDeviceConfig: requesting nits when no mapping exists.
03-14 07:25:07.672 1533 1638 I am_wtf : [0,1533,system_server,-1,DisplayDeviceConfig,requesting nits when no mapping exists.]
03-14 07:25:07.688 1533 1975 E DisplayDeviceConfig: requesting nits when no mapping exists.
03-14 07:25:07.688 1533 1638 I am_wtf : [0,1533,system_server,-1,DisplayDeviceConfig,requesting nits when no mapping exists.]
03-14 07:25:07.688 1533 1975 E DisplayDeviceConfig: requesting nits when no mapping exists.
03-14 07:25:07.689 1533 1638 I am_wtf : [0,1533,system_server,-1,DisplayDeviceConfig,requesting nits when no mapping exists.]
03-14 07:25:07.705 1533 1975 E DisplayDeviceConfig: requesting nits when no mapping exists.
03-14 07:25:07.705 1533 1638 I am_wtf : [0,1533,system_server,-1,DisplayDeviceConfig,requesting nits when no mapping exists.]
03-14 07:25:07.705 1533 1975 E DisplayDeviceConfig: requesting nits when no mapping exists.
03-14 07:25:07.705 1533 1638 I am_wtf : [0,1533,system_server,-1,DisplayDeviceConfig,requesting nits when no mapping exists.]
03-14 07:25:07.722 1533 1975 E DisplayDeviceConfig: requesting nits when no mapping exists.
03-14 07:25:07.722 1533 1975 E DisplayDeviceConfig: requesting nits when no mapping exists.
03-14 07:25:07.722 1533 1638 I am_wtf : [0,1533,system_server,-1,DisplayDeviceConfig,requesting nits when no mapping exists.]
03-14 07:25:07.722 1533 1638 I am_wtf : [0,1533,system_server,-1,DisplayDeviceConfig,requesting nits when no mapping exists.]
03-14 07:25:07.738 1533 1975 E DisplayDeviceConfig: requesting nits when no mapping exists.
03-14 07:25:07.738 1533 1975 E DisplayDeviceConfig: requesting nits when no mapping exists.
03-14 07:25:07.738 1533 1638 I am_wtf : [0,1533,system_server,-1,DisplayDeviceConfig,requesting nits when no mapping exists.]
03-14 07:25:07.739 1533 1638 I am_wtf : [0,1533,system_server,-1,DisplayDeviceConfig,requesting nits when no mapping exists.]
03-14 07:25:07.755 1533 1975 E DisplayDeviceConfig: requesting nits when no mapping exists.
03-14 07:25:07.755 1533 1975 E DisplayDeviceConfig: requesting nits when no mapping exists.
03-14 07:25:07.755 1533 1638 I am_wtf : [0,1533,system_server,-1,DisplayDeviceConfig,requesting nits when no mapping exists.]
03-14 07:25:07.756 1533 1638 I am_wtf : [0,1533,system_server,-1,DisplayDeviceConfig,requesting nits when no mapping exists.]
01-02 06:53:46.941 0 0 I logd : logdr: UID=1000 GID=1000 PID=6672 n tail=127 logMask=19 pid=0 start=0ns deadline=0ns
03-14 07:25:07.772 1533 1975 E DisplayDeviceConfig: requesting nits when no mapping exists.
03-14 07:25:07.772 1533 1975 E DisplayDeviceConfig: requesting nits when no mapping exists.
03-14 07:25:07.772 1533 1638 I am_wtf : [0,1533,system_server,-1,DisplayDeviceConfig,requesting nits when no mapping exists.]
03-14 07:25:07.772 1533 1638 I am_wtf : [0,1533,system_server,-1,DisplayDeviceConfig,requesting nits when no mapping exists.]
03-14 07:25:07.789 1533 1975 E DisplayDeviceConfig: requesting nits when no mapping exists.
03-14 07:25:07.789 1533 1975 E DisplayDeviceConfig: requesting nits when no mapping exists.
03-14 07:25:07.789 1533 1638 I am_wtf : [0,1533,system_server,-1,DisplayDeviceConfig,requesting nits when no mapping exists.]
03-14 07:25:07.789 1533 1638 I am_wtf : [0,1533,system_server,-1,DisplayDeviceConfig,requesting nits when no mapping exists.]
03-14 07:25:07.805 1533 1975 E DisplayDeviceConfig: requesting nits when no mapping exists.
03-14 07:25:07.805 1533 1975 E DisplayDeviceConfig: requesting nits when no mapping exists.
03-14 07:25:07.805 1533 1638 I am_wtf : [0,1533,system_server,-1,DisplayDeviceConfig,requesting nits when no mapping exists.]
03-14 07:25:07.806 1533 1638 I am_wtf : [0,1533,system_server,-1,DisplayDeviceConfig,requesting nits when no mapping exists.]
03-14 07:25:07.822 1533 1975 E DisplayDeviceConfig: requesting nits when no mapping exists.
03-14 07:25:07.822 1533 1975 E DisplayDeviceConfig: requesting nits when no mapping exists.
03-14 07:25:07.822 1533 1638 I am_wtf : [0,1533,system_server,-1,DisplayDeviceConfig,requesting nits when no mapping exists.]
03-14 07:25:07.822 1533 1638 I am_wtf : [0,1533,system_server,-1,DisplayDeviceConfig,requesting nits when no mapping exists.]
