01-02 06:33:09.796 0 0 I : [MAX975X:max96755x_drm_notifier_callback] *INFO* receives BLANK:UNBLANK
01-02 06:33:09.797 0 0 I atmel_mxt_ts 0-004a: FB event:1,blank:0
01-02 06:33:09.797 0 0 I atmel_mxt_ts 0-004a: drm_notifier_callback: UNBLANK! Resume by drm notifier.
01-02 06:33:12.054 0 0 E DTC_ETH,link_delay_work_func: 3003, SQI=0, link=0
01-02 06:33:13.027 0 0 I binder : 1193:21297 transaction failed 29189/-22, size 104-0 line 3071
01-02 06:33:13.039 0 0 I msm_vidc: high: 00000002: h264d: Closed video instance: 0000000000000000
01-02 06:33:14.060 0 0 I binder : 21458:21458 ioctl 40046210 7fe31dd924 returned -22
01-02 06:33:15.704 0 0 I msm_vidc: err : ffffffff: .....: DBLP Set: status 0
01-02 06:33:17.174 0 0 E DTC_ETH,link_delay_work_func: 3003, SQI=0, link=0
01-02 06:33:17.886 0 0 E msm_pcm_playback_close: CMD_EOS failed, cmd_pending 0x8
01-02 06:33:22.294 0 0 E DTC_ETH,link_delay_work_func: 3003, SQI=0, link=0
01-02 06:33:26.872 0 0 I msm_vidc: err : ffffffff: .....: DBLP Set: status 0
01-02 06:33:27.414 0 0 E DTC_ETH,link_delay_work_func: 3003, SQI=0, link=0
01-02 06:33:28.126 0 0 E msm_pcm_playback_close: CMD_EOS failed, cmd_pending 0x8
01-02 06:33:29.944 0 0 I msm_vidc: err : ffffffff: .....: DBLP Set: status 0
01-02 06:33:32.534 0 0 E DTC_ETH,link_delay_work_func: 3003, SQI=0, link=0
01-02 06:33:32.952 0 0 I msm_vidc: err : ffffffff: .....: DBLP Set: status 0
01-02 06:33:37.654 0 0 E DTC_ETH,link_delay_work_func: 3003, SQI=0, link=0
01-02 06:33:40.768 0 0 I binder : 21503:21503 ioctl 40046210 7fe31dd924 returned -22
01-02 06:33:40.798 0 0 W ALERT : changing window size from 16000000 to 20000000 at 11647016049149
01-02 06:33:40.801 0 0 I : [MAX975X:max96755x_drm_notifier_callback] *INFO* receives EARLY_BLANK:UNBLANK
01-02 06:33:40.801 0 0 I atmel_mxt_ts 0-004a: FB event:2,blank:0
01-02 06:33:40.801 0 0 I atmel_mxt_ts 0-004a: suspend: event = 2, blank = 0, not care
01-02 06:33:40.801 0 0 I [drm:dsi_display_set_mode] [msm-dsi-info]: mdp_transfer_time_us=0 us
01-02 06:33:40.801 0 0 I [drm:dsi_display_set_mode] [msm-dsi-info]: hactive= 2560,vactive= 1080,fps=30
01-02 06:33:40.801 0 0 I : [MAX975X:max96755x_drm_notifier_callback] *INFO* receives BLANK:UNBLANK
01-02 06:33:40.802 0 0 I atmel_mxt_ts 0-004a: FB event:1,blank:0
01-02 06:33:40.802 0 0 I atmel_mxt_ts 0-004a: drm_notifier_callback: UNBLANK! Resume by drm notifier.
01-02 06:33:40.818 0 0 W ALERT : changing window size from 20000000 to 8000000 at 11647036019721
01-02 06:33:40.840 0 0 I binder : 21539:21539 ioctl 40046210 7fe31dd924 returned -22
01-02 06:33:41.147 0 0 I binder : 21503:21540 ioctl 40046210 79c7e071f4 returned -22
01-02 06:33:41.178 0 0 I msm_vidc: high: 00000002: ....d: Opening video instance: 0000000000000000, 1
01-02 06:33:41.178 0 0 I msm_vidc: err : 00000002: ....d: Failed to create debugfs for msm_vidc
01-02 06:33:42.774 0 0 E DTC_ETH,link_delay_work_func: 3003, SQI=0, link=0
01-02 06:33:45.658 0 0 W ALERT : changing window size from 8000000 to 16000000 at 11651876019095
01-02 06:33:45.696 0 0 I : [MAX975X:max96755x_drm_notifier_callback] *INFO* receives EARLY_BLANK:UNBLANK
01-02 06:33:45.696 0 0 I atmel_mxt_ts 0-004a: FB event:2,blank:0
01-02 06:33:45.696 0 0 I atmel_mxt_ts 0-004a: suspend: event = 2, blank = 0, not care
01-02 06:33:45.696 0 0 I [drm:dsi_display_set_mode] [msm-dsi-info]: mdp_transfer_time_us=0 us
01-02 06:33:45.696 0 0 I [drm:dsi_display_set_mode] [msm-dsi-info]: hactive= 2560,vactive= 1080,fps=60
01-02 06:33:45.696 0 0 I : [MAX975X:max96755x_drm_notifier_callback] *INFO* receives BLANK:UNBLANK
01-02 06:33:45.697 0 0 I atmel_mxt_ts 0-004a: FB event:1,blank:0
01-02 06:33:45.697 0 0 I atmel_mxt_ts 0-004a: drm_notifier_callback: UNBLANK! Resume by drm notifier.
01-02 06:33:45.809 0 0 I binder : 19849:21855 ioctl 40046210 7a31001c94 returned -22
01-02 06:33:46.118 0 0 I msm_vidc: high: 00000002: h264d: Closed video instance: 0000000000000000
01-02 06:33:47.894 0 0 E DTC_ETH,link_delay_work_func: 3003, SQI=0, link=0
01-02 06:33:53.014 0 0 E DTC_ETH,link_delay_work_func: 3003, SQI=0, link=0
01-02 06:33:58.134 0 0 E DTC_ETH,link_delay_work_func: 3003, SQI=0, link=0
01-02 06:34:03.254 0 0 E DTC_ETH,link_delay_work_func: 3003, SQI=0, link=0
01-02 06:34:08.374 0 0 E DTC_ETH,link_delay_work_func: 3003, SQI=0, link=0
01-02 06:34:13.494 0 0 E DTC_ETH,link_delay_work_func: 3003, SQI=0, link=0
01-02 06:34:13.557 0 0 I logd : start watching /data/system/packages.list ...
01-02 06:34:13.572 0 0 I logd : ReadPackageList, total packages: 104
01-02 06:34:18.424 0 0 I msm_vidc: err : ffffffff: .....: DBLP Set: status 0
01-02 06:34:18.614 0 0 E DTC_ETH,link_delay_work_func: 3003, SQI=0, link=0
01-02 06:34:23.734 0 0 E DTC_ETH,link_delay_work_func: 3003, SQI=0, link=0
01-02 06:34:28.854 0 0 E DTC_ETH,link_delay_work_func: 3003, SQI=0, link=0
01-02 06:34:30.457 0 0 I msm_vidc: err : ffffffff: .....: DBLP Set: status 0
01-02 06:34:30.785 0 0 I logd : start watching /data/system/packages.list ...
01-02 06:34:30.786 0 0 I logd : ReadPackageList, total packages: 105
01-02 06:34:33.974 0 0 E DTC_ETH,link_delay_work_func: 3003, SQI=0, link=0
01-02 06:34:34.504 0 0 W perfetto: enabled ftrace
01-02 06:34:34.516 0 0 I binder : 21977:21977 ioctl 40046210 ff8d8a18 returned -22
01-02 06:34:34.538 0 0 W ALERT : changing window size from 16000000 to 20000000 at 11700756023086
01-02 06:34:34.547 0 0 I : [MAX975X:max96755x_drm_notifier_callback] *INFO* receives EARLY_BLANK:UNBLANK
01-02 06:34:34.547 0 0 I atmel_mxt_ts 0-004a: FB event:2,blank:0
01-02 06:34:34.547 0 0 I atmel_mxt_ts 0-004a: suspend: event = 2, blank = 0, not care
01-02 06:34:34.547 0 0 I [drm:dsi_display_set_mode] [msm-dsi-info]: mdp_transfer_time_us=0 us
01-02 06:34:34.547 0 0 I [drm:dsi_display_set_mode] [msm-dsi-info]: hactive= 2560,vactive= 1080,fps=30
01-02 06:34:34.547 0 0 I : [MAX975X:max96755x_drm_notifier_callback] *INFO* receives BLANK:UNBLANK
01-02 06:34:34.558 0 0 W ALERT : changing window size from 20000000 to 8000000 at 11700776083451
01-02 06:34:34.639 0 0 I atmel_mxt_ts 0-004a: FB event:1,blank:0
01-02 06:34:34.639 0 0 I atmel_mxt_ts 0-004a: drm_notifier_callback: UNBLANK! Resume by drm notifier.
01-02 06:34:34.676 0 0 I binder : 21977:21999 ioctl 40046210 de0fbd38 returned -22
01-02 06:34:39.094 0 0 E DTC_ETH,link_delay_work_func: 3003, SQI=0, link=0
01-02 06:34:39.500 0 0 W perfetto: disabled ftrace
01-02 06:34:43.814 0 0 W ALERT : changing window size from 8000000 to 16000000 at 11710032023552
01-02 06:34:43.854 0 0 I : [MAX975X:max96755x_drm_notifier_callback] *INFO* receives EARLY_BLANK:UNBLANK
01-02 06:34:43.854 0 0 I atmel_mxt_ts 0-004a: FB event:2,blank:0
01-02 06:34:43.854 0 0 I atmel_mxt_ts 0-004a: suspend: event = 2, blank = 0, not care
01-02 06:34:43.854 0 0 I [drm:dsi_display_set_mode] [msm-dsi-info]: mdp_transfer_time_us=0 us
01-02 06:34:43.854 0 0 I [drm:dsi_display_set_mode] [msm-dsi-info]: hactive= 2560,vactive= 1080,fps=60
01-02 06:34:43.854 0 0 I : [MAX975X:max96755x_drm_notifier_callback] *INFO* receives BLANK:UNBLANK
01-02 06:34:43.855 0 0 I atmel_mxt_ts 0-004a: FB event:1,blank:0
01-02 06:34:43.855 0 0 I atmel_mxt_ts 0-004a: drm_notifier_callback: UNBLANK! Resume by drm notifier.
01-02 06:34:44.214 0 0 E DTC_ETH,link_delay_work_func: 3003, SQI=0, link=0
01-02 06:34:46.251 0 0 I binder : undelivered TRANSACTION_COMPLETE
01-02 06:34:46.251 0 0 I binder : undelivered transaction 2110637, process died.
01-02 06:34:46.251 0 0 I binder : undelivered transaction 2110636, process died.
01-02 06:34:46.252 0 0 I binder : undelivered transaction 2110632, process died.
01-02 06:34:46.269 0 0 I binder : 22145:22145 ioctl 40046210 7fe31dd924 returned -22
01-02 06:34:47.247 0 0 W perfetto: enabled ftrace
01-02 06:34:47.252 0 0 I binder : 22171:22171 ioctl 40046210 ff8d8a18 returned -22
01-02 06:34:47.319 0 0 I binder : 22200:22200 ioctl 40046210 ff8d8a18 returned -22
01-02 06:34:47.373 0 0 I binder : 22171:22201 ioctl 40046210 dd5a9d38 returned -22
01-02 06:34:47.421 0 0 W audit : audit_lost=2123 audit_rate_limit=5 audit_backlog_limit=64
01-02 06:34:47.421 0 0 E audit : rate limit exceeded
01-02 06:34:49.334 0 0 E DTC_ETH,link_delay_work_func: 3003, SQI=0, link=0
01-02 06:34:50.474 0 0 W audit : audit_lost=2291 audit_rate_limit=5 audit_backlog_limit=64
01-02 06:34:50.474 0 0 E audit : rate limit exceeded
01-02 06:34:52.243 0 0 W perfetto: disabled ftrace
01-02 06:34:53.364 0 0 I binder : 22465:22465 ioctl 40046210 ff8d8a18 returned -22
01-02 06:34:53.396 0 0 I binder : 22483:22483 ioctl 40046210 7fe31dd924 returned -22
01-02 06:34:53.396 0 0 I binder : 22481:22481 ioctl 40046210 ff8d8a18 returned -22
01-02 06:34:53.398 0 0 I binder : 22512:22512 ioctl 40046210 fff7c638 returned -22
01-02 06:34:53.482 0 0 I binder : 22565:22565 ioctl 40046210 ff92a618 returned -22
01-02 06:34:53.545 0 0 W audit : audit_lost=2464 audit_rate_limit=5 audit_backlog_limit=64
01-02 06:34:53.545 0 0 E audit : rate limit exceeded
01-02 06:34:54.251 0 0 I binder_alloc: 22171: binder_alloc_buf, no vma
01-02 06:34:54.251 0 0 I binder : 1533:2128 transaction failed 29189/-3, size 108-8 line 3240
01-02 06:34:54.252 0 0 I binder_alloc: 22171: binder_alloc_buf, no vma
01-02 06:34:54.252 0 0 I binder : 1533:2128 transaction failed 29189/-3, size 288-0 line 3240
01-02 06:34:54.253 0 0 I binder : undelivered transaction 2121524, process died.
01-02 06:34:54.253 0 0 I init : Untracked pid 22565 received signal 9
01-02 06:34:54.253 0 0 I init : Untracked pid 22512 exited with status 0
01-02 06:34:54.255 0 0 I binder : 1533:2128 transaction failed 29189/-22, size 272-0 line 3071
01-02 06:34:54.256 0 0 I binder : 1533:2128 transaction failed 29189/-22, size 272-0 line 3071
01-02 06:34:54.267 0 0 I binder : 22601:22601 ioctl 40046210 ff8d8a18 returned -22
01-02 06:34:54.332 0 0 I binder : 22630:22630 ioctl 40046210 ff8d8a18 returned -22
01-02 06:34:54.372 0 0 I binder : 22665:22665 ioctl 40046210 ff8d8a18 returned -22
01-02 06:34:54.394 0 0 I binder : 22696:22696 ioctl 40046210 ff8f2de8 returned -22
01-02 06:34:54.455 0 0 E DTC_ETH,link_delay_work_func: 3003, SQI=0, link=0
01-02 06:34:54.486 0 0 I binder : 22807:22807 ioctl 40046210 ff91cf98 returned -22
01-02 06:34:54.624 0 0 W audit : audit_lost=2816 audit_rate_limit=5 audit_backlog_limit=64
01-02 06:34:54.624 0 0 E audit : rate limit exceeded
01-02 06:34:57.463 0 0 I binder : 22941:22941 ioctl 40046210 ff8d8a18 returned -22
01-02 06:34:58.843 0 0 I binder : 22630:22906 ioctl 40046210 b2be8d38 returned -22
01-02 06:34:59.574 0 0 E DTC_ETH,link_delay_work_func: 3003, SQI=0, link=0
01-02 06:35:00.142 0 0 W audit : audit_lost=2818 audit_rate_limit=5 audit_backlog_limit=64
01-02 06:35:00.142 0 0 E audit : rate limit exceeded
01-02 06:35:01.608 0 0 I binder : 22601:22712 transaction failed 29189/-22, size 3800-8 line 3071
01-02 06:35:02.527 0 0 I binder : 23272:23272 ioctl 40046210 ff8d8a18 returned -22
01-02 06:35:02.784 0 0 I binder : 23375:23375 ioctl 40046210 ff8d8a18 returned -22
01-02 06:35:02.820 0 0 I init : Untracked pid 22807 received signal 9
01-02 06:35:02.823 0 0 I init : Untracked pid 22696 exited with status 0
01-02 06:35:02.851 0 0 I binder_alloc: 22665: binder_alloc_buf failed to map pages in userspace, no vma
01-02 06:35:02.851 0 0 I binder : 22601:22712 transaction failed 29189/-3, size 336-8 line 3240
01-02 06:35:02.873 0 0 I binder : undelivered transaction 2147151, process died.
01-02 06:35:02.873 0 0 I binder : undelivered transaction 2147173, process died.
01-02 06:35:02.873 0 0 I binder : undelivered transaction 2147186, process died.
01-02 06:35:02.873 0 0 I binder : undelivered transaction 2147189, process died.
01-02 06:35:02.873 0 0 I binder : undelivered transaction 2147192, process died.
01-02 06:35:02.873 0 0 I binder : undelivered transaction 2147219, process died.
01-02 06:35:02.873 0 0 I binder : undelivered transaction 2147223, process died.
01-02 06:35:02.873 0 0 I binder : undelivered transaction 2147247, process died.
01-02 06:35:02.873 0 0 I binder : undelivered transaction 2147254, process died.
01-02 06:35:02.873 0 0 I binder : undelivered transaction 2147257, process died.
01-02 06:35:02.911 0 0 I binder : 23403:23403 ioctl 40046210 ffdfe9f8 returned -22
01-02 06:35:03.196 0 0 I binder_alloc: 23272: pid 22601 spamming oneway? 138 buffers allocated for a total size of 450072
01-02 06:35:03.912 0 0 I binder : 23491:23491 ioctl 40046210 ff8d8a18 returned -22
01-02 06:35:04.109 0 0 I binder : 23533:23533 ioctl 40046210 ffaf6008 returned -22
01-02 06:35:04.694 0 0 E DTC_ETH,link_delay_work_func: 3003, SQI=0, link=0
01-02 06:35:06.658 0 0 W audit : audit_lost=2877 audit_rate_limit=5 audit_backlog_limit=64
01-02 06:35:06.658 0 0 E audit : rate limit exceeded
01-02 06:35:09.815 0 0 E DTC_ETH,link_delay_work_func: 3003, SQI=0, link=0
01-02 06:35:14.934 0 0 E DTC_ETH,link_delay_work_func: 3003, SQI=0, link=0
01-02 06:35:20.054 0 0 E DTC_ETH,link_delay_work_func: 3003, SQI=0, link=0
01-02 06:35:21.590 0 0 E thermal cooling_device4: DTC_Fan: ERROR, avg(0) out of range(1680, 2800)
at stat(1)
01-02 06:35:25.175 0 0 E DTC_ETH,link_delay_work_func: 3003, SQI=0, link=0
01-02 06:35:30.294 0 0 E DTC_ETH,link_delay_work_func: 3003, SQI=0, link=0
01-02 06:35:35.414 0 0 E DTC_ETH,link_delay_work_func: 3003, SQI=0, link=0
01-02 06:35:39.335 0 0 I [schedu][0x349b22f341][07:07:00.151571] wlan: [5333:I:WMA] [07:07:00.093000] [ROAM_TRIGGER]: VDEV[0] Reason: "PER"
01-02 06:35:39.335 0 0 I [schedu][0x349b22f552][07:07:00.151598] wlan: [5333:I:WMA] [07:07:00.093000] [ROAM_SCAN]: VDEV[0] Scan_type: PARTIAL {2452 }
01-02 06:35:39.335 0 0 I [schedu][0x349b22f61c][07:07:00.151609] wlan: [5333:I:WMA] ============================================================================================================================
01-02 06:35:39.335 0 0 I [schedu][0x349b22f736][07:07:00.151624] wlan: [5333:I:WMA] AP BSSID TSTAMP CH TY ETP RSSI/SCR CU%/SCR TOT_SCR BL_RSN BL_SRC BL_TSTAMP BL_TIMEOUT(ms)
01-02 06:35:39.335 0 0 I [schedu][0x349b22f803][07:07:00.151634] wlan: [5333:I:WMA] ============================================================================================================================
01-02 06:35:39.335 0 0 I [schedu][0x349b22f97e][07:07:00.151654] wlan: [5333:I:WMA] d6:44:3b:15:39:91 [07:07:00.093000] 2452 P_AP 0 66/0 0/0 4936 0 0 [00:00:00.000000] 0
01-02 06:35:39.335 0 0 I [schedu][0x349b22fcc6][07:07:00.151698] wlan: [5333:I:WMA] [07:07:00.150000] [ROAM_RESULT]: VDEV[0] FAILED Reason: NO AP FOUND
01-02 06:35:40.534 0 0 E DTC_ETH,link_delay_work_func: 3003, SQI=0, link=0
01-02 06:35:42.378 0 0 I [schedu][0x349e9e4a3d][07:07:03.194011] wlan: [5333:I:WMA] [07:07:00.156000] [ROAM_TRIGGER]: VDEV[0] Reason: "PER" Sub-Reason: FULL SCAN
01-02 06:35:42.378 0 0 I [schedu][0x349e9e4ce1][07:07:03.194046] wlan: [5333:I:WMA] [07:07:00.156000] [ROAM_SCAN]: VDEV[0] Scan_type: FULL
01-02 06:35:42.378 0 0 I [schedu][0x349e9e4da1][07:07:03.194056] wlan: [5333:I:WMA] ============================================================================================================================
01-02 06:35:42.378 0 0 I [schedu][0x349e9e4eb4][07:07:03.194070] wlan: [5333:I:WMA] AP BSSID TSTAMP CH TY ETP RSSI/SCR CU%/SCR TOT_SCR BL_RSN BL_SRC BL_TSTAMP BL_TIMEOUT(ms)
01-02 06:35:42.378 0 0 I [schedu][0x349e9e4f80][07:07:03.194081] wlan: [5333:I:WMA] ============================================================================================================================
01-02 06:35:42.378 0 0 I [schedu][0x349e9e50ef][07:07:03.194100] wlan: [5333:I:WMA] d6:44:3b:15:39:91 [07:07:00.156000] 2452 P_AP 0 66/0 0/0 4936 0 0 [00:00:00.000000] 0
01-02 06:35:42.378 0 0 I [schedu][0x349e9e5475][07:07:03.194147] wlan: [5333:I:WMA] [07:07:03.192000] [ROAM_RESULT]: VDEV[0] FAILED Reason: NO AP FOUND
01-02 06:35:45.658 0 0 E DTC_ETH,link_delay_work_func: 3003, SQI=0, link=0
01-02 06:35:50.774 0 0 E DTC_ETH,link_delay_work_func: 3003, SQI=0, link=0
01-02 06:35:55.894 0 0 E DTC_ETH,link_delay_work_func: 3003, SQI=0, link=0
01-02 06:36:01.015 0 0 E DTC_ETH,link_delay_work_func: 3003, SQI=0, link=0
01-02 06:36:06.134 0 0 E DTC_ETH,link_delay_work_func: 3003, SQI=0, link=0
01-02 06:36:11.254 0 0 E DTC_ETH,link_delay_work_func: 3003, SQI=0, link=0
01-02 06:36:16.374 0 0 E DTC_ETH,link_delay_work_func: 3003, SQI=0, link=0
01-02 06:36:21.494 0 0 E DTC_ETH,link_delay_work_func: 3003, SQI=0, link=0
01-02 06:36:26.615 0 0 E DTC_ETH,link_delay_work_func: 3003, SQI=0, link=0
01-02 06:36:31.734 0 0 E DTC_ETH,link_delay_work_func: 3003, SQI=0, link=0
01-02 06:36:36.858 0 0 E DTC_ETH,link_delay_work_func: 3003, SQI=0, link=0 --------- beginning of system
03-14 07:07:57.802 1533 12433 W FreeFormWindowHelper: Current Display FreeFormTask is null
03-14 07:07:57.816 1533 2131 W FreeFormWindowHelper: Current Display FreeFormTask is null
03-14 07:07:57.817 1533 12433 W FreeFormWindowHelper: Current Display FreeFormTask is null
03-14 07:07:57.833 1533 2131 W FreeFormWindowHelper: Current Display FreeFormTask is null
03-14 07:07:57.833 1533 2131 W FreeFormWindowHelper: Current Display FreeFormTask is null
03-14 07:07:57.850 1533 1560 W FreeFormWindowHelper: Current Display FreeFormTask is null
03-14 07:07:57.850 1533 1560 W FreeFormWindowHelper: Current Display FreeFormTask is null
03-14 07:07:57.867 1533 1560 W FreeFormWindowHelper: Current Display FreeFormTask is null
03-14 07:07:57.867 1533 10633 W FreeFormWindowHelper: Current Display FreeFormTask is null
03-14 07:07:57.883 1533 5857 W FreeFormWindowHelper: Current Display FreeFormTask is null
03-14 07:07:57.883 1533 2131 W FreeFormWindowHelper: Current Display FreeFormTask is null
03-14 07:07:57.900 1533 12433 W FreeFormWindowHelper: Current Display FreeFormTask is null
03-14 07:07:57.900 1533 12433 W FreeFormWindowHelper: Current Display FreeFormTask is null
03-14 07:07:57.918 1533 10633 W FreeFormWindowHelper: Current Display FreeFormTask is null
03-14 07:07:57.918 1533 10633 W FreeFormWindowHelper: Current Display FreeFormTask is null
03-14 07:07:57.918 1533 12433 W FreeFormWindowHelper: Current Display FreeFormTask is null
03-14 07:07:57.935 1533 5857 W FreeFormWindowHelper: Current Display FreeFormTask is null
03-14 07:07:57.935 1533 5857 W FreeFormWindowHelper: Current Display FreeFormTask is null
03-14 07:07:57.973 1533 1533 I GameModeConfig: isGameModeOn = true
03-14 07:07:57.973 1533 1533 I GameModeConfig: isGaming = false
03-14 07:07:58.689 1533 12433 I ActivityTaskManager: FOREGROUND_APPLICATION_CHANGED to com.tencent.assistantv2.activity.MainActivity
03-14 07:07:58.794 1533 12433 W FreeFormWindowHelper: Current Display FreeFormTask is null
03-14 07:07:59.090 1533 12433 W FreeFormWindowHelper: exitRecentTasks type=0
03-14 07:07:59.601 1533 12433 W FreeFormWindowHelper: Current Display FreeFormTask is null
03-14 07:07:59.605 1533 5857 W FreeFormWindowHelper: Current Display FreeFormTask is null
03-14 07:07:59.609 1533 12433 W FreeFormWindowHelper: Current Display FreeFormTask is null
03-14 07:07:59.609 1533 12433 W FreeFormWindowHelper: Current Display FreeFormTask is null
03-14 07:07:59.609 1533 12433 W FreeFormWindowHelper: Current Display FreeFormTask is null
03-14 07:07:59.627 1533 5857 W ActivityTaskManager: getTaskSnapshot: taskId=-131 not found
03-14 07:07:59.627 1533 5857 W FreeFormWindowHelper: Current Display FreeFormTask is null
03-14 07:07:59.628 1533 5857 W FreeFormWindowHelper: Current Display FreeFormTask is null
03-14 07:07:59.635 1533 2131 W ActivityTaskManager: getTaskSnapshot: taskId=-130 not found
03-14 07:07:59.639 1533 2131 W FreeFormWindowHelper: Current Display FreeFormTask is null
03-14 07:07:59.639 1533 2131 W FreeFormWindowHelper: Current Display FreeFormTask is null
03-14 07:07:59.641 1533 2131 W ActivityTaskManager: getTaskSnapshot: taskId=-130 not found
03-14 07:07:59.642 1533 2131 W ActivityTaskManager: getTaskSnapshot: taskId=-130 not found
03-14 07:07:59.642 1533 2131 W ActivityTaskManager: getTaskSnapshot: taskId=-130 not found
03-14 07:07:59.655 1533 2131 W FreeFormWindowHelper: Current Display FreeFormTask is null
03-14 07:07:59.656 1533 2131 W FreeFormWindowHelper: Current Display FreeFormTask is null
03-14 07:07:59.672 1533 2131 W FreeFormWindowHelper: Current Display FreeFormTask is null
03-14 07:07:59.672 1533 5857 W FreeFormWindowHelper: Current Display FreeFormTask is null
03-14 07:07:59.677 1533 2131 W FreeFormWindowHelper: Current Display FreeFormTask is null
03-14 07:07:59.678 1533 5857 W FreeFormWindowHelper: Current Display FreeFormTask is null
03-14 07:07:59.679 1533 2131 W ActivityTaskManager: getTaskSnapshot: taskId=-58 not found
03-14 07:07:59.682 1533 2131 W ActivityTaskManager: getTaskSnapshot: taskId=-58 not found
03-14 07:07:59.682 1533 2131 W ActivityTaskManager: getTaskSnapshot: taskId=-58 not found
03-14 07:07:59.682 1533 2131 W ActivityTaskManager: getTaskSnapshot: taskId=-57 not found
03-14 07:07:59.684 1533 2131 W ActivityTaskManager: getTaskSnapshot: taskId=-57 not found
03-14 07:07:59.692 1533 5857 W FreeFormWindowHelper: Current Display FreeFormTask is null
03-14 07:07:59.693 1533 2131 W FreeFormWindowHelper: Current Display FreeFormTask is null
03-14 07:07:59.706 1533 10633 W FreeFormWindowHelper: Current Display FreeFormTask is null
03-14 07:07:59.706 1533 10633 W FreeFormWindowHelper: Current Display FreeFormTask is null
03-14 07:08:01.016 1533 10633 W FreeFormWindowHelper: Current Display FreeFormTask is null
03-14 07:08:01.016 1533 10633 W FreeFormWindowHelper: Current Display FreeFormTask is null
03-14 07:08:01.018 1533 2128 W FreeFormWindowHelper: Current Display FreeFormTask is null
03-14 07:08:01.019 1533 10633 W FreeFormWindowHelper: Current Display FreeFormTask is null
03-14 07:08:01.019 1533 1622 I ActivityManager: PendingStartActivityUids startActivity to updateOomAdj delay:1423ms, uid:10074
03-14 07:08:01.032 1533 12433 W FreeFormWindowHelper: Current Display FreeFormTask is null
03-14 07:08:01.032 1533 12433 W FreeFormWindowHelper: Current Display FreeFormTask is null
03-14 07:08:01.033 1533 12433 W FreeFormWindowHelper: exitRecentTasks type=0
03-14 07:08:01.044 1533 1628 W UsageStatsService: Unexpected activity event reported! (com.android.launcher3/com.android.launcher3.uioverrides.QuickstepLauncher event : 23 instanceId : 10876419)
03-14 07:08:02.411 1533 1560 W FreeFormWindowHelper: Current Display FreeFormTask is null
03-14 07:08:02.416 1533 1560 W FreeFormWindowHelper: Current Display FreeFormTask is null
03-14 07:08:02.424 1533 1560 W FreeFormWindowHelper: Current Display FreeFormTask is null
03-14 07:08:02.425 1533 1560 W FreeFormWindowHelper: Current Display FreeFormTask is null
03-14 07:08:02.436 1533 10633 W ActivityTaskManager: getTaskSnapshot: taskId=-320 not found
03-14 07:08:02.441 1533 1560 W ActivityTaskManager: getTaskSnapshot: taskId=-315 not found
03-14 07:08:02.444 1533 1560 W FreeFormWindowHelper: Current Display FreeFormTask is null
03-14 07:08:02.444 1533 1560 W FreeFormWindowHelper: Current Display FreeFormTask is null
03-14 07:08:02.446 1533 1560 W ActivityTaskManager: getTaskSnapshot: taskId=-315 not found
03-14 07:08:02.447 1533 1560 W ActivityTaskManager: getTaskSnapshot: taskId=-315 not found
03-14 07:08:02.447 1533 1560 W ActivityTaskManager: getTaskSnapshot: taskId=-315 not found
03-14 07:08:02.448 1533 12433 W FreeFormWindowHelper: Current Display FreeFormTask is null
03-14 07:08:02.448 1533 12433 W FreeFormWindowHelper: Current Display FreeFormTask is null
03-14 07:08:02.462 1533 10633 W FreeFormWindowHelper: Current Display FreeFormTask is null
03-14 07:08:02.462 1533 10633 W FreeFormWindowHelper: Current Display FreeFormTask is null
03-14 07:08:02.547 1533 12433 W FreeFormWindowHelper: Current Display FreeFormTask is null
03-14 07:08:02.550 1533 12433 W FreeFormWindowHelper: Current Display FreeFormTask is null
03-14 07:08:02.552 1533 12433 W ActivityTaskManager: getTaskSnapshot: taskId=-186 not found
03-14 07:08:02.555 1533 7920 W ActivityTaskManager: getTaskSnapshot: taskId=-185 not found
03-14 07:08:02.557 1533 1560 W FreeFormWindowHelper: Current Display FreeFormTask is null
03-14 07:08:02.557 1533 1560 W FreeFormWindowHelper: Current Display FreeFormTask is null
03-14 07:08:02.557 1533 7920 W ActivityTaskManager: getTaskSnapshot: taskId=-185 not found
03-14 07:08:02.558 1533 1560 W ActivityTaskManager: getTaskSnapshot: taskId=-185 not found
03-14 07:08:02.558 1533 1560 W ActivityTaskManager: getTaskSnapshot: taskId=-185 not found
03-14 07:08:02.563 1533 2128 W FreeFormWindowHelper: Current Display FreeFormTask is null
03-14 07:08:02.563 1533 2128 W FreeFormWindowHelper: Current Display FreeFormTask is null
01-02 06:36:41.978 0 0 E DTC_ETH,link_delay_work_func: 3003, SQI=0, link=0
03-14 07:08:04.651 1533 7920 I ActivityManager: PendingStartActivityUids startActivity to updateOomAdj delay:2236ms, uid:10074
03-14 07:08:05.801 1533 7920 W FreeFormWindowHelper: Current Display FreeFormTask is null
03-14 07:08:05.801 1533 10633 W FreeFormWindowHelper: Current Display FreeFormTask is null
03-14 07:08:05.802 1533 10633 W FreeFormWindowHelper: Current Display FreeFormTask is null
03-14 07:08:06.266 1533 10633 I ActivityTaskManager: FOREGROUND_APPLICATION_CHANGED to com.android.launcher3.uioverrides.QuickstepLauncher
03-14 07:08:06.286 1533 1622 W ProcessStats: Tracking association SourceState{f0d64ba com.tencent.android.qqdownloader:live/10096 BTopFgs #8766} whose proc state 2 is better than process ProcessState{5076f12 com.tencent.android.qqdownloader:daemon/10096 pkg=com.tencent.android.qqdownloader} proc state 3 (8 skipped)
03-14 07:08:06.291 1533 10633 W FreeFormWindowHelper: Current Display FreeFormTask is null
03-14 07:08:06.292 1533 2128 W FreeFormWindowHelper: Current Display FreeFormTask is null
03-14 07:08:06.292 1533 2128 W FreeFormWindowHelper: Current Display FreeFormTask is null
03-14 07:08:06.309 1533 2128 W FreeFormWindowHelper: Current Display FreeFormTask is null
03-14 07:08:06.310 1533 2037 W FreeFormWindowHelper: Current Display FreeFormTask is null
03-14 07:08:06.379 1533 1560 W FreeFormWindowHelper: Current Display FreeFormTask is null
01-02 06:36:47.094 0 0 E DTC_ETH,link_delay_work_func: 3003, SQI=0, link=0
01-02 06:36:48.312 0 0 I msm_vidc: err : ffffffff: .....: DBLP Set: status 0
01-02 06:36:52.214 0 0 E DTC_ETH,link_delay_work_func: 3003, SQI=0, link=0
01-02 06:36:52.312 0 0 I msm_vidc: err : ffffffff: .....: DBLP Set: status 0
01-02 06:36:57.334 0 0 E DTC_ETH,link_delay_work_func: 3003, SQI=0, link=0
01-02 06:36:58.360 0 0 I msm_vidc: err : ffffffff: .....: DBLP Set: status 0
01-02 06:37:02.455 0 0 E DTC_ETH,link_delay_work_func: 3003, SQI=0, link=0
01-02 06:37:07.574 0 0 E DTC_ETH,link_delay_work_func: 3003, SQI=0, link=0
01-02 06:37:07.609 0 0 I [soft_i][0x35002865a9][07:08:28.425310] wlan: [0:I:QDF] ARP-RS TX: SA:56:f4:a3:ce:a6:5f DA:d6:44:3b:15:39:91 msdu_id:475 status: nack
01-02 06:37:10.424 0 0 I msm_vidc: err : ffffffff: .....: DBLP Set: status 0
01-02 06:37:12.694 0 0 E DTC_ETH,link_delay_work_func: 3003, SQI=0, link=0
01-02 06:37:13.432 0 0 I msm_vidc: err : ffffffff: .....: DBLP Set: status 0
01-02 06:37:16.472 0 0 I msm_vidc: err : ffffffff: .....: DBLP Set: status 0
01-02 06:37:17.814 0 0 E DTC_ETH,link_delay_work_func: 3003, SQI=0, link=0
01-02 06:37:19.480 0 0 I msm_vidc: err : ffffffff: .....: DBLP Set: status 0
03-14 07:08:40.789 1533 2128 W FreeFormWindowHelper: exitRecentTasks type=0
03-14 07:08:42.330 1533 2037 I thunderperf: PlatormCompat.setOverrides: Uid1=10074 Pid1=2568 Uid2=10074 Pid2=2568
03-14 07:08:42.330 1533 2037 I thunderperf: PlatormCompat.setOverrides: needCheck:false
03-14 07:08:42.331 1533 2037 I thunderperf: CompatConfig.addOverrideUnsafe: bef-state=1
03-14 07:08:42.331 1533 2037 I thunderperf: CompatConfig.addOverrideUnsafe: aft-state=0
03-14 07:08:42.331 1533 2037 I thunderperf: CompatConfig.addOverrideUnsafe: bef-state=1
03-14 07:08:42.331 1533 2037 I thunderperf: CompatConfig.addOverrideUnsafe: aft-state=0
03-14 07:08:42.332 1533 2037 I thunderperf: CompatConfig.addOverrideUnsafe: bef-state=1
03-14 07:08:42.332 1533 2037 I thunderperf: CompatConfig.addOverrideUnsafe: aft-state=0
03-14 07:08:42.332 1533 2037 I thunderperf: CompatConfig.addOverrideUnsafe: bef-state=1
03-14 07:08:42.332 1533 2037 I thunderperf: CompatConfig.addOverrideUnsafe: aft-state=0
03-14 07:08:42.332 1533 2037 I thunderperf: CompatConfig.addOverrideUnsafe: bef-state=1
03-14 07:08:42.333 1533 2037 I thunderperf: CompatConfig.addOverrideUnsafe: aft-state=0
03-14 07:08:42.333 1533 2037 I thunderperf: CompatConfig.addOverrideUnsafe: bef-state=1
03-14 07:08:42.333 1533 2037 I thunderperf: CompatConfig.addOverrideUnsafe: aft-state=0
03-14 07:08:42.333 1533 2037 I thunderperf: CompatConfig.addOverrideUnsafe: bef-state=1
03-14 07:08:42.333 1533 2037 I thunderperf: CompatConfig.addOverrideUnsafe: aft-state=0
03-14 07:08:42.334 1533 2037 I thunderperf: CompatConfig.addOverrideUnsafe: bef-state=1
03-14 07:08:42.334 1533 2037 I thunderperf: CompatConfig.addOverrideUnsafe: aft-state=0
03-14 07:08:42.334 1533 2037 I thunderperf: CompatConfig.addOverrideUnsafe: bef-state=1
03-14 07:08:42.334 1533 2037 I thunderperf: CompatConfig.addOverrideUnsafe: aft-state=0
03-14 07:08:42.334 1533 2037 I thunderperf: CompatConfig.addOverrideUnsafe: bef-state=1
03-14 07:08:42.335 1533 2037 I thunderperf: CompatConfig.addOverrideUnsafe: aft-state=0
03-14 07:08:42.335 1533 2037 I thunderperf: CompatConfig.addOverrideUnsafe: bef-state=1
03-14 07:08:42.335 1533 2037 I thunderperf: CompatConfig.addOverrideUnsafe: aft-state=0
03-14 07:08:42.335 1533 2037 I thunderperf: CompatConfig.addOverrideUnsafe: bef-state=1
03-14 07:08:42.335 1533 2037 I thunderperf: CompatConfig.addOverrideUnsafe: aft-state=0
03-14 07:08:42.335 1533 2037 I thunderperf: CompatConfig.addOverrideUnsafe: bef-state=1
03-14 07:08:42.336 1533 2037 I thunderperf: CompatConfig.addOverrideUnsafe: aft-state=0
03-14 07:08:42.336 1533 2037 I thunderperf: CompatConfig.addOverrideUnsafe: bef-state=1
03-14 07:08:42.336 1533 2037 I thunderperf: CompatConfig.addOverrideUnsafe: aft-state=0
03-14 07:08:42.337 1533 2037 I ActivityTaskManager: START u0 {act=android.intent.action.MAIN cat=[android.intent.category.LAUNCHER] flg=0x10200000 cmp=com.tencent.tmgp.sgame/.SGameActivity bnds=[1319,84][1621,378]} from uid 10074
03-14 07:08:42.339 1533 2037 W ActivityTaskManager: Can't find TaskDisplayArea to determine support for multi window. Task id=89 attached=false
03-14 07:08:42.340 1533 2037 D CompatibilityChangeReporter: Compat change id reported: 174042980; UID 10094; state: DISABLED
03-14 07:08:42.341 1533 2037 D CompatibilityChangeReporter: Compat change id reported: 184838306; UID 10094; state: DISABLED
03-14 07:08:42.341 1533 2037 D CompatibilityChangeReporter: Compat change id reported: 185004937; UID 10094; state: DISABLED
03-14 07:08:42.341 1533 2037 D CompatibilityChangeReporter: Compat change id reported: 181136395; UID 10094; state: DISABLED
03-14 07:08:42.341 1533 2037 D CompatibilityChangeReporter: Compat change id reported: 174042936; UID 10094; state: DISABLED
03-14 07:08:42.342 1533 2037 D CompatibilityChangeReporter: Compat change id reported: 168419799; UID 10094; state: DISABLED
03-14 07:08:42.344 1533 2128 W FreeFormWindowHelper: Current Display FreeFormTask is null
03-14 07:08:42.346 1533 1622 D CompatibilityChangeReporter: Compat change id reported: 135634846; UID 10094; state: DISABLED
03-14 07:08:42.346 1533 1622 D CompatibilityChangeReporter: Compat change id reported: 177438394; UID 10094; state: DISABLED
03-14 07:08:42.346 1533 1622 D CompatibilityChangeReporter: Compat change id reported: 135772972; UID 10094; state: DISABLED
03-14 07:08:42.346 1533 1622 D CompatibilityChangeReporter: Compat change id reported: 135754954; UID 10094; state: DISABLED
03-14 07:08:42.347 1533 2128 I ActivityTaskManager: FOREGROUND_APPLICATION_CHANGED to com.tencent.tmgp.sgame.SGameActivity
03-14 07:08:42.349 1533 1639 D CompatibilityChangeReporter: Compat change id reported: 143937733; UID 10094; state: DISABLED
03-14 07:08:42.350 1533 1622 W ProcessStats: Tracking association SourceState{f0d64ba com.tencent.android.qqdownloader:live/10096 BTopFgs #8800} whose proc state 2 is better than process ProcessState{5076f12 com.tencent.android.qqdownloader:daemon/10096 pkg=com.tencent.android.qqdownloader} proc state 3 (21 skipped)
03-14 07:08:42.356 1533 24233 W ContextImpl: Calling a method in the system process without a qualified user: android.app.ContextImpl.sendBroadcast:1173 com.qualcomm.qti.Performance$SendGameLaunchBroadcast.run:217 java.lang.Thread.run:920
03-14 07:08:42.356 1533 1639 I ActivityManager: Start proc 24232:com.tencent.tmgp.sgame/u0a94 for pre-top-activity {com.tencent.tmgp.sgame/com.tencent.tmgp.sgame.SGameActivity}
01-02 06:37:21.571 0 0 I binder : 24232:24232 ioctl 40046210 7fe31dd924 returned -22
03-14 07:08:42.397 2101 3642 W ContextImpl: Calling a method in the system process without a qualified user: android.app.ContextImpl.startService:1816 android.content.ContextWrapper.startService:774 com.thundercomm.gamemode.ingame.services.GameModeActionUtils.startGameModeService:118 com.thundercomm.gamemode.ingame.services.GameModeActionUtils.startGameModeEntry:29 com.thundercomm.gamemode.ingame.services.ActivityMonitoringService$1.onActivityLaunch:140
03-14 07:08:42.401 1533 1533 I GameModeConfig: Current uri is uri = content://com.thundercomm.gamemode.api/gamemode_settings/gamemode_isgaming
03-14 07:08:42.403 1533 1533 I GameModeConfig: isGameModeOn = true
03-14 07:08:42.403 1533 1533 I GameModeConfig: isGaming = true
03-14 07:08:42.403 1533 1533 I GameModeConfig: isDisableNotification = true
03-14 07:08:42.403 1533 1533 I GameModeConfig: isGameModeOn = true
03-14 07:08:42.403 1533 1533 I GameModeConfig: isGaming = true
03-14 07:08:42.403 1533 1533 I GameModeConfig: isDisableNotification = true
01-02 06:37:21.590 0 0 W ALERT : changing window size from 16000000 to 8000000 at 11867808016981
01-02 06:37:21.610 0 0 I : [MAX975X:max96755x_drm_notifier_callback] *INFO* receives EARLY_BLANK:UNBLANK
01-02 06:37:21.610 0 0 I atmel_mxt_ts 0-004a: FB event:2,blank:0
01-02 06:37:21.610 0 0 I atmel_mxt_ts 0-004a: suspend: event = 2, blank = 0, not care
01-02 06:37:21.610 0 0 I [drm:dsi_display_set_mode] [msm-dsi-info]: mdp_transfer_time_us=0 us
01-02 06:37:21.610 0 0 I [drm:dsi_display_set_mode] [msm-dsi-info]: hactive= 2560,vactive= 1080,fps=30
01-02 06:37:21.610 0 0 I : [MAX975X:max96755x_drm_notifier_callback] *INFO* receives BLANK:UNBLANK
01-02 06:37:21.611 0 0 I atmel_mxt_ts 0-004a: FB event:1,blank:0
01-02 06:37:21.611 0 0 I atmel_mxt_ts 0-004a: drm_notifier_callback: UNBLANK! Resume by drm notifier.
03-14 07:08:42.441 1533 1622 I DisplayDeviceRepository: Display device changed: DisplayDeviceInfo{"内置屏幕": uniqueId="local:4630946816427681409", 2560 x 1080, modeId 3, defaultModeId 1, supportedModes [{id=1, width=2560, height=1080, fps=60.000004, alternativeRefreshRates=[30.000002, 45.0]}, {id=2, width=2560, height=1080, fps=45.0, alternativeRefreshRates=[30.000002, 60.000004]}, {id=3, width=2560, height=1080, fps=30.000002, alternativeRefreshRates=[45.0, 60.000004]}], colorMode 0, supportedColorModes [0], hdrCapabilities HdrCapabilities{mSupportedHdrTypes=[2, 3, 4], mMaxLuminance=500.0, mMaxAverageLuminance=500.0, mMinLuminance=0.0}, allmSupported false, gameContentTypeSupported false, density 240, 320.315 x 318.976 dpi, appVsyncOff 1000000, presDeadline 33333333, touch INTERNAL, rotation 0, type INTERNAL, address {port=129, model=0x40446d97fee5e6}, deviceProductInfo DeviceProductInfo{name=, manufacturerPnpId=QCM, productId=1, modelYear=null, manufactureDate=ManufactureDate{week=27, year=2006}, connectionToSinkType=0}, state ON, frameRateOverride , brightnessMinimum 0.0, brightnessMaximum 1.0, brightnessDefault 1.0, FLAG_DEFAULT_DISPLAY, FLAG_ROTATES_WITH_CONTENT, FLAG_SECURE, FLAG_SUPPORTS_PROTECTED_BUFFERS}
03-14 07:08:42.444 24232 24255 D ActivityThread: Loading provider com.tencent.tmgp.sgame.XG_SETTINGS_PROVIDER: com.tencent.tpns.baseapi.base.SettingsContentProvider
03-14 07:08:42.448 1533 2132 W FreeFormWindowHelper: Current Display FreeFormTask is null
03-14 07:08:42.453 1533 2132 D CompatibilityChangeReporter: Compat change id reported: 135634846; UID 10094; state: DISABLED
03-14 07:08:42.453 1533 2132 D CompatibilityChangeReporter: Compat change id reported: 177438394; UID 10094; state: DISABLED
03-14 07:08:42.453 1533 2132 D CompatibilityChangeReporter: Compat change id reported: 135772972; UID 10094; state: DISABLED
03-14 07:08:42.453 1533 2132 D CompatibilityChangeReporter: Compat change id reported: 135754954; UID 10094; state: DISABLED
03-14 07:08:42.454 1533 1639 D CompatibilityChangeReporter: Compat change id reported: 143937733; UID 10094; state: DISABLED
03-14 07:08:42.461 1533 1639 I ActivityManager: Start proc 24268:com.tencent.tmgp.sgame:xg_vip_service/u0a94 for service {com.tencent.tmgp.sgame/com.tencent.android.tpush.service.XGVipPushService}
01-02 06:37:21.653 0 0 I binder : 24268:24268 ioctl 40046210 7fe31dd924 returned -22
03-14 07:08:42.815 1533 5857 W WindowManager: Failed looking up window session=Session{e052383 24232:u0a10094} callers=com.android.server.wm.WindowManagerService.windowForClientLocked:5628 com.android.server.wm.Session.insetsModified:629 android.view.IWindowSession$Stub.onTransact:1151
03-14 07:08:42.821 1533 14010 W WindowManager: Failed looking up window session=Session{e052383 24232:u0a10094} callers=com.android.server.wm.WindowManagerService.windowForClientLocked:5628 com.android.server.wm.Session.insetsModified:629 android.view.IWindowSession$Stub.onTransact:1151
01-02 06:37:22.075 0 0 I binder : 24232:24269 ioctl 40046210 79c84e01f4 returned -22
01-02 06:37:22.150 0 0 I msm_vidc: high: 00000002: ....d: Opening video instance: 0000000000000000, 1
01-02 06:37:22.150 0 0 I msm_vidc: err : 00000002: ....d: Failed to create debugfs for msm_vidc
01-02 06:37:22.934 0 0 E DTC_ETH,link_delay_work_func: 3003, SQI=0, link=0
03-14 07:08:43.767 1533 2132 W FreeFormWindowHelper: Current Display FreeFormTask is null
03-14 07:08:43.767 1533 2132 W FreeFormWindowHelper: Current Display FreeFormTask is null
03-14 07:08:43.767 1533 2132 W FreeFormWindowHelper: Current Display FreeFormTask is null
03-14 07:08:43.768 1533 2132 W FreeFormWindowHelper: Current Display FreeFormTask is null
03-14 07:08:43.776 1533 11081 W FreeFormWindowHelper: Current Display FreeFormTask is null
03-14 07:08:43.776 1533 11081 W FreeFormWindowHelper: Current Display FreeFormTask is null
03-14 07:08:43.776 1533 11081 W FreeFormWindowHelper: Current Display FreeFormTask is null
03-14 07:08:43.785 1533 5857 W ActivityTaskManager: getTaskSnapshot: taskId=-968 not found
03-14 07:08:43.785 1533 5857 W ActivityTaskManager: getTaskSnapshot: taskId=-968 not found
03-14 07:08:43.785 1533 5857 W ActivityTaskManager: getTaskSnapshot: taskId=-968 not found
03-14 07:08:43.786 1533 5857 W ActivityTaskManager: getTaskSnapshot: taskId=-968 not found
03-14 07:08:43.832 1533 5857 W FreeFormWindowHelper: Current Display FreeFormTask is null
03-14 07:08:43.832 1533 5857 W FreeFormWindowHelper: Current Display FreeFormTask is null
03-14 07:08:43.836 1533 11081 W FreeFormWindowHelper: Current Display FreeFormTask is null
03-14 07:08:43.836 1533 5857 W FreeFormWindowHelper: Current Display FreeFormTask is null
03-14 07:08:43.839 1533 5857 W ActivityTaskManager: getTaskSnapshot: taskId=-900 not found
03-14 07:08:43.840 1533 5857 W ActivityTaskManager: getTaskSnapshot: taskId=-899 not found
03-14 07:08:43.840 1533 5857 W ActivityTaskManager: getTaskSnapshot: taskId=-899 not found
03-14 07:08:43.840 1533 5857 W ActivityTaskManager: getTaskSnapshot: taskId=-899 not found
03-14 07:08:43.862 1533 5857 W FreeFormWindowHelper: Current Display FreeFormTask is null
03-14 07:08:43.862 1533 5857 W FreeFormWindowHelper: Current Display FreeFormTask is null
03-14 07:08:43.895 1533 14010 W FreeFormWindowHelper: Current Display FreeFormTask is null
03-14 07:08:43.895 1533 14010 W FreeFormWindowHelper: Current Display FreeFormTask is null
03-14 07:08:44.452 1533 14010 W ActivityManager: Unable to start service Intent { act=com.tencent.tpns.mqttchannel.FEEDBACK pkg=com.tencent.tmgp.sgame } U=0: not found
03-14 07:08:44.668 1533 14010 W FreeFormWindowHelper: Current Display FreeFormTask is null
03-14 07:08:44.668 1533 14010 W FreeFormWindowHelper: Current Display FreeFormTask is null
03-14 07:08:44.668 1533 14010 W FreeFormWindowHelper: Current Display FreeFormTask is null
03-14 07:08:45.034 1533 11081 I ActivityTaskManager: FOREGROUND_APPLICATION_CHANGED to com.android.launcher3.uioverrides.QuickstepLauncher
03-14 07:08:45.039 1533 11081 W FreeFormWindowHelper: Current Display FreeFormTask is null
03-14 07:08:45.039 1533 11081 W FreeFormWindowHelper: Current Display FreeFormTask is null
03-14 07:08:45.039 1533 11081 W FreeFormWindowHelper: Current Display FreeFormTask is null
01-02 06:37:24.243 0 0 I msm_vidc: high: 00000002: h264d: Closed video instance: 0000000000000000
03-14 07:08:45.065 1533 9235 W FreeFormWindowHelper: Current Display FreeFormTask is null
03-14 07:08:45.065 1533 9235 W FreeFormWindowHelper: Current Display FreeFormTask is null
03-14 07:08:45.081 2101 3642 W ContextImpl: Calling a method in the system process without a qualified user: android.app.ContextImpl.startService:1816 android.content.ContextWrapper.startService:774 com.thundercomm.gamemode.ingame.services.GameModeActionUtils.startGameModeService:118 com.thundercomm.gamemode.ingame.services.GameModeActionUtils.startGameModeEntry:29 com.thundercomm.gamemode.ingame.services.ActivityMonitoringService$1.onActivityLaunch:140
03-14 07:08:45.084 1533 1533 I GameModeConfig: Current uri is uri = content://com.thundercomm.gamemode.api/gamemode_settings/gamemode_isgaming
03-14 07:08:45.085 1533 1533 I GameModeConfig: isGameModeOn = true
03-14 07:08:45.085 1533 1533 I GameModeConfig: isGaming = false
03-14 07:08:45.085 1533 1533 I GameModeConfig: isGameModeOn = true
03-14 07:08:45.085 1533 1533 I GameModeConfig: isGaming = false
03-14 07:08:45.085 1533 1533 I GameModeConfig: isDisableVoice = true
01-02 06:37:24.270 0 0 W ALERT : changing window size from 8000000 to 16000000 at 11870488028699
01-02 06:37:24.306 0 0 I : [MAX975X:max96755x_drm_notifier_callback] *INFO* receives EARLY_BLANK:UNBLANK
01-02 06:37:24.306 0 0 I atmel_mxt_ts 0-004a: FB event:2,blank:0
01-02 06:37:24.306 0 0 I atmel_mxt_ts 0-004a: suspend: event = 2, blank = 0, not care
01-02 06:37:24.306 0 0 I [drm:dsi_display_set_mode] [msm-dsi-info]: mdp_transfer_time_us=0 us
01-02 06:37:24.306 0 0 I [drm:dsi_display_set_mode] [msm-dsi-info]: hactive= 2560,vactive= 1080,fps=60
01-02 06:37:24.306 0 0 I : [MAX975X:max96755x_drm_notifier_callback] *INFO* receives BLANK:UNBLANK
01-02 06:37:24.306 0 0 I atmel_mxt_ts 0-004a: FB event:1,blank:0
01-02 06:37:24.306 0 0 I atmel_mxt_ts 0-004a: drm_notifier_callback: UNBLANK! Resume by drm notifier.
03-14 07:08:45.139 1533 4977 W FreeFormWindowHelper: Current Display FreeFormTask is null
03-14 07:08:45.147 1533 1622 I DisplayDeviceRepository: Display device changed: DisplayDeviceInfo{"内置屏幕": uniqueId="local:4630946816427681409", 2560 x 1080, modeId 1, defaultModeId 1, supportedModes [{id=1, width=2560, height=1080, fps=60.000004, alternativeRefreshRates=[30.000002, 45.0]}, {id=2, width=2560, height=1080, fps=45.0, alternativeRefreshRates=[30.000002, 60.000004]}, {id=3, width=2560, height=1080, fps=30.000002, alternativeRefreshRates=[45.0, 60.000004]}], colorMode 0, supportedColorModes [0], hdrCapabilities HdrCapabilities{mSupportedHdrTypes=[2, 3, 4], mMaxLuminance=500.0, mMaxAverageLuminance=500.0, mMinLuminance=0.0}, allmSupported false, gameContentTypeSupported false, density 240, 320.315 x 318.976 dpi, appVsyncOff 1000000, presDeadline 16666666, touch INTERNAL, rotation 0, type INTERNAL, address {port=129, model=0x40446d97fee5e6}, deviceProductInfo DeviceProductInfo{name=, manufacturerPnpId=QCM, productId=1, modelYear=null, manufactureDate=ManufactureDate{week=27, year=2006}, connectionToSinkType=0}, state ON, frameRateOverride , brightnessMinimum 0.0, brightnessMaximum 1.0, brightnessDefault 1.0, FLAG_DEFAULT_DISPLAY, FLAG_ROTATES_WITH_CONTENT, FLAG_SECURE, FLAG_SUPPORTS_PROTECTED_BUFFERS}
03-14 07:08:45.864 1533 6794 I ActivityTaskManager: FOREGROUND_APPLICATION_CHANGED to com.tencent.assistantv2.activity.MainActivity
03-14 07:08:45.967 1533 6794 W FreeFormWindowHelper: Current Display FreeFormTask is null
03-14 07:08:46.234 1533 9235 W FreeFormWindowHelper: exitRecentTasks type=0
03-14 07:08:47.092 1533 9235 W FreeFormWindowHelper: Current Display FreeFormTask is null
03-14 07:08:47.093 1533 9235 W FreeFormWindowHelper: Current Display FreeFormTask is null
03-14 07:08:47.100 1533 9235 W FreeFormWindowHelper: Current Display FreeFormTask is null
03-14 07:08:47.100 1533 9235 W FreeFormWindowHelper: Current Display FreeFormTask is null
03-14 07:08:47.101 1533 7920 W FreeFormWindowHelper: Current Display FreeFormTask is null
03-14 07:08:47.108 1533 9235 W ActivityTaskManager: getTaskSnapshot: taskId=-643 not found
03-14 07:08:47.115 1533 9235 W ActivityTaskManager: getTaskSnapshot: taskId=-642 not found
03-14 07:08:47.117 1533 7920 W ActivityTaskManager: getTaskSnapshot: taskId=-642 not found
03-14 07:08:47.117 1533 7920 W ActivityTaskManager: getTaskSnapshot: taskId=-642 not found
03-14 07:08:47.122 1533 9235 W FreeFormWindowHelper: Current Display FreeFormTask is null
03-14 07:08:47.122 1533 9235 W FreeFormWindowHelper: Current Display FreeFormTask is null
03-14 07:08:47.125 1533 6794 W FreeFormWindowHelper: Current Display FreeFormTask is null
03-14 07:08:47.126 1533 7920 W FreeFormWindowHelper: Current Display FreeFormTask is null
03-14 07:08:47.128 1533 7920 W ActivityTaskManager: getTaskSnapshot: taskId=-610 not found
03-14 07:08:47.129 1533 7920 W ActivityTaskManager: getTaskSnapshot: taskId=-610 not found
03-14 07:08:47.129 1533 7920 W ActivityTaskManager: getTaskSnapshot: taskId=-610 not found
03-14 07:08:47.130 1533 7920 W ActivityTaskManager: getTaskSnapshot: taskId=-610 not found
03-14 07:08:47.138 1533 7920 W FreeFormWindowHelper: Current Display FreeFormTask is null
03-14 07:08:47.138 1533 7920 W FreeFormWindowHelper: Current Display FreeFormTask is null
03-14 07:08:47.153 1533 4977 W FreeFormWindowHelper: Current Display FreeFormTask is null
03-14 07:08:47.153 1533 4977 W FreeFormWindowHelper: Current Display FreeFormTask is null
03-14 07:08:47.938 1533 6794 W FreeFormWindowHelper: Current Display FreeFormTask is null
03-14 07:08:47.938 1533 6794 W FreeFormWindowHelper: Current Display FreeFormTask is null
03-14 07:08:47.940 1533 4977 W FreeFormWindowHelper: Current Display FreeFormTask is null
03-14 07:08:47.940 1533 5857 W FreeFormWindowHelper: Current Display FreeFormTask is null
03-14 07:08:47.946 1533 6794 W FreeFormWindowHelper: exitRecentTasks type=0
03-14 07:08:47.958 1533 1628 W UsageStatsService: Unexpected activity event reported! (com.android.launcher3/com.android.launcher3.uioverrides.QuickstepLauncher event : 23 instanceId : 10876419)
03-14 07:08:48.718 1533 7920 W FreeFormWindowHelper: Current Display FreeFormTask is null
03-14 07:08:48.719 1533 5857 W FreeFormWindowHelper: Current Display FreeFormTask is null
03-14 07:08:48.741 1533 7920 W FreeFormWindowHelper: Current Display FreeFormTask is null
03-14 07:08:48.741 1533 6794 W FreeFormWindowHelper: Current Display FreeFormTask is null
03-14 07:08:48.747 1533 6794 W ActivityTaskManager: getTaskSnapshot: taskId=-16 not found
03-14 07:08:48.748 1533 6794 W ActivityTaskManager: getTaskSnapshot: taskId=-16 not found
03-14 07:08:48.749 1533 6794 W ActivityTaskManager: getTaskSnapshot: taskId=-16 not found
03-14 07:08:48.749 1533 6794 W ActivityTaskManager: getTaskSnapshot: taskId=-16 not found
03-14 07:08:48.760 1533 6794 W FreeFormWindowHelper: Current Display FreeFormTask is null
03-14 07:08:48.760 1533 6794 W FreeFormWindowHelper: Current Display FreeFormTask is null
03-14 07:08:48.773 1533 7920 W FreeFormWindowHelper: Current Display FreeFormTask is null
03-14 07:08:48.773 1533 7920 W FreeFormWindowHelper: Current Display FreeFormTask is null
03-14 07:08:48.861 1533 7920 W FreeFormWindowHelper: Current Display FreeFormTask is null
03-14 07:08:48.862 1533 5857 W FreeFormWindowHelper: Current Display FreeFormTask is null
03-14 07:08:48.862 1533 6794 W ActivityTaskManager: getTaskSnapshot: taskId=-874 not found
03-14 07:08:48.863 1533 6794 W ActivityTaskManager: getTaskSnapshot: taskId=-874 not found
03-14 07:08:48.863 1533 6794 W ActivityTaskManager: getTaskSnapshot: taskId=-874 not found
03-14 07:08:48.864 1533 6794 W ActivityTaskManager: getTaskSnapshot: taskId=-874 not found
01-02 06:37:28.054 0 0 E DTC_ETH,link_delay_work_func: 3003, SQI=0, link=0
03-14 07:08:48.875 1533 7920 W FreeFormWindowHelper: Current Display FreeFormTask is null
03-14 07:08:48.875 1533 6794 W FreeFormWindowHelper: Current Display FreeFormTask is null
03-14 07:08:48.890 1533 6794 W FreeFormWindowHelper: Current Display FreeFormTask is null
03-14 07:08:48.890 1533 7920 W FreeFormWindowHelper: Current Display FreeFormTask is null
03-14 07:08:49.675 1533 7920 W FreeFormWindowHelper: Current Display FreeFormTask is null
03-14 07:08:49.675 1533 5857 W FreeFormWindowHelper: Current Display FreeFormTask is null
03-14 07:08:49.678 1533 4977 W FreeFormWindowHelper: Current Display FreeFormTask is null
03-14 07:08:49.678 1533 1560 W FreeFormWindowHelper: Current Display FreeFormTask is null
03-14 07:08:49.683 1533 7920 W FreeFormWindowHelper: exitRecentTasks type=0
03-14 07:08:49.694 1533 1628 W UsageStatsService: Unexpected activity event reported! (com.android.launcher3/com.android.launcher3.uioverrides.QuickstepLauncher event : 23 instanceId : 10876419)
03-14 07:08:50.837 1533 7920 W FreeFormWindowHelper: Current Display FreeFormTask is null
03-14 07:08:50.839 1533 3100 W FreeFormWindowHelper: Current Display FreeFormTask is null
