03-14 07:16:53.113 1533 1638 I am_wtf : [0,1533,system_server,-1,DisplayDeviceConfig,requesting nits when no mapping exists.]
03-14 07:16:53.113 1533 1638 I DropBoxManagerService: add tag=system_server_wtf isTagEnabled=true flags=0x2
03-14 07:16:53.117 1533 1975 E DisplayDeviceConfig: requesting nits when no mapping exists.
03-14 07:16:53.117 1533 1638 I am_wtf : [0,1533,system_server,-1,DisplayDeviceConfig,requesting nits when no mapping exists.]
03-14 07:16:53.117 1533 1975 E DisplayDeviceConfig: requesting nits when no mapping exists.
03-14 07:16:53.118 1533 1638 I DropBoxManagerService: add tag=system_server_wtf isTagEnabled=true flags=0x2
03-14 07:16:53.118 1533 1638 I am_wtf : [0,1533,system_server,-1,DisplayDeviceConfig,requesting nits when no mapping exists.]
03-14 07:16:53.134 1533 1975 E DisplayDeviceConfig: requesting nits when no mapping exists.
03-14 07:16:53.135 1533 1975 E DisplayDeviceConfig: requesting nits when no mapping exists.
03-14 07:16:53.135 1533 1638 I am_wtf : [0,1533,system_server,-1,DisplayDeviceConfig,requesting nits when no mapping exists.]
03-14 07:16:53.136 1533 1638 I am_wtf : [0,1533,system_server,-1,DisplayDeviceConfig,requesting nits when no mapping exists.]
03-14 07:16:53.151 1533 1975 E DisplayDeviceConfig: requesting nits when no mapping exists.
03-14 07:16:53.151 1533 1975 E DisplayDeviceConfig: requesting nits when no mapping exists.
03-14 07:16:53.151 1533 1638 I am_wtf : [0,1533,system_server,-1,DisplayDeviceConfig,requesting nits when no mapping exists.]
03-14 07:16:53.152 1533 1638 I am_wtf : [0,1533,system_server,-1,DisplayDeviceConfig,requesting nits when no mapping exists.]
03-14 07:16:53.167 1533 1975 E DisplayDeviceConfig: requesting nits when no mapping exists.
03-14 07:16:53.168 1533 1975 E DisplayDeviceConfig: requesting nits when no mapping exists.
03-14 07:16:53.168 1533 1638 I am_wtf : [0,1533,system_server,-1,DisplayDeviceConfig,requesting nits when no mapping exists.]
03-14 07:16:53.169 1533 1638 I am_wtf : [0,1533,system_server,-1,DisplayDeviceConfig,requesting nits when no mapping exists.]
03-14 07:16:53.184 1533 1975 E DisplayDeviceConfig: requesting nits when no mapping exists.
03-14 07:16:53.185 1533 1638 I am_wtf : [0,1533,system_server,-1,DisplayDeviceConfig,requesting nits when no mapping exists.]
03-14 07:16:53.185 1533 1975 E DisplayDeviceConfig: requesting nits when no mapping exists.
03-14 07:16:53.185 1533 1638 I am_wtf : [0,1533,system_server,-1,DisplayDeviceConfig,requesting nits when no mapping exists.]
03-14 07:16:53.201 1533 1975 E DisplayDeviceConfig: requesting nits when no mapping exists.
03-14 07:16:53.202 1533 1975 E DisplayDeviceConfig: requesting nits when no mapping exists.
03-14 07:16:53.202 1533 1638 I am_wtf : [0,1533,system_server,-1,DisplayDeviceConfig,requesting nits when no mapping exists.]
03-14 07:16:53.203 1533 1638 I am_wtf : [0,1533,system_server,-1,DisplayDeviceConfig,requesting nits when no mapping exists.]
03-14 07:16:53.218 1533 1975 E DisplayDeviceConfig: requesting nits when no mapping exists.
03-14 07:16:53.219 1533 1975 E DisplayDeviceConfig: requesting nits when no mapping exists.
03-14 07:16:53.219 1533 1638 I am_wtf : [0,1533,system_server,-1,DisplayDeviceConfig,requesting nits when no mapping exists.]
03-14 07:16:53.220 1533 1638 I am_wtf : [0,1533,system_server,-1,DisplayDeviceConfig,requesting nits when no mapping exists.]
03-14 07:16:53.235 1533 1975 E DisplayDeviceConfig: requesting nits when no mapping exists.
03-14 07:16:53.235 1533 1638 I am_wtf : [0,1533,system_server,-1,DisplayDeviceConfig,requesting nits when no mapping exists.]
03-14 07:16:53.235 1533 1975 E DisplayDeviceConfig: requesting nits when no mapping exists.
03-14 07:16:53.236 1533 1638 I am_wtf : [0,1533,system_server,-1,DisplayDeviceConfig,requesting nits when no mapping exists.]
03-14 07:16:53.251 1533 1975 E DisplayDeviceConfig: requesting nits when no mapping exists.
03-14 07:16:53.252 1533 1975 E DisplayDeviceConfig: requesting nits when no mapping exists.
03-14 07:16:53.252 1533 1638 I am_wtf : [0,1533,system_server,-1,DisplayDeviceConfig,requesting nits when no mapping exists.]
03-14 07:16:53.254 1533 1638 I am_wtf : [0,1533,system_server,-1,DisplayDeviceConfig,requesting nits when no mapping exists.]
03-14 07:16:53.268 1533 1975 E DisplayDeviceConfig: requesting nits when no mapping exists.
03-14 07:16:53.268 1533 1975 E DisplayDeviceConfig: requesting nits when no mapping exists.
03-14 07:16:53.268 1533 1638 I am_wtf : [0,1533,system_server,-1,DisplayDeviceConfig,requesting nits when no mapping exists.]
03-14 07:16:53.269 1533 1638 I am_wtf : [0,1533,system_server,-1,DisplayDeviceConfig,requesting nits when no mapping exists.]
03-14 07:16:53.284 1533 1975 E DisplayDeviceConfig: requesting nits when no mapping exists.
03-14 07:16:53.285 1533 1638 I am_wtf : [0,1533,system_server,-1,DisplayDeviceConfig,requesting nits when no mapping exists.]
03-14 07:16:53.285 1533 1975 E DisplayDeviceConfig: requesting nits when no mapping exists.
03-14 07:16:53.286 1533 1638 I am_wtf : [0,1533,system_server,-1,DisplayDeviceConfig,requesting nits when no mapping exists.]
03-14 07:16:53.302 1533 1975 E DisplayDeviceConfig: requesting nits when no mapping exists.
03-14 07:16:53.302 1533 1638 I am_wtf : [0,1533,system_server,-1,DisplayDeviceConfig,requesting nits when no mapping exists.]
03-14 07:16:53.302 1533 1975 E DisplayDeviceConfig: requesting nits when no mapping exists.
03-14 07:16:53.304 1533 1638 I am_wtf : [0,1533,system_server,-1,DisplayDeviceConfig,requesting nits when no mapping exists.]
03-14 07:16:53.318 1533 1975 E DisplayDeviceConfig: requesting nits when no mapping exists.
03-14 07:16:53.319 1533 1975 E DisplayDeviceConfig: requesting nits when no mapping exists.
03-14 07:16:53.319 1533 1638 I am_wtf : [0,1533,system_server,-1,DisplayDeviceConfig,requesting nits when no mapping exists.]
03-14 07:16:53.319 1533 1638 I am_wtf : [0,1533,system_server,-1,DisplayDeviceConfig,requesting nits when no mapping exists.]
03-14 07:16:53.335 1533 1975 E DisplayDeviceConfig: requesting nits when no mapping exists.
03-14 07:16:53.335 1533 1638 I am_wtf : [0,1533,system_server,-1,DisplayDeviceConfig,requesting nits when no mapping exists.]
03-14 07:16:53.335 1533 1975 E DisplayDeviceConfig: requesting nits when no mapping exists.
03-14 07:16:53.336 1533 1638 I am_wtf : [0,1533,system_server,-1,DisplayDeviceConfig,requesting nits when no mapping exists.]
03-14 07:16:53.351 1533 1975 E DisplayDeviceConfig: requesting nits when no mapping exists.
03-14 07:16:53.352 1533 1975 E DisplayDeviceConfig: requesting nits when no mapping exists.
03-14 07:16:53.352 1533 1638 I am_wtf : [0,1533,system_server,-1,DisplayDeviceConfig,requesting nits when no mapping exists.]
03-14 07:16:53.353 1533 1638 I am_wtf : [0,1533,system_server,-1,DisplayDeviceConfig,requesting nits when no mapping exists.]
03-14 07:16:53.353 1533 1638 I service_manager_stats: [100,78,59304]
03-14 07:16:53.368 1533 1975 E DisplayDeviceConfig: requesting nits when no mapping exists.
03-14 07:16:53.369 1533 1975 E DisplayDeviceConfig: requesting nits when no mapping exists.
03-14 07:16:53.369 1533 1638 I am_wtf : [0,1533,system_server,-1,DisplayDeviceConfig,requesting nits when no mapping exists.]
03-14 07:16:53.370 1533 1638 I am_wtf : [0,1533,system_server,-1,DisplayDeviceConfig,requesting nits when no mapping exists.]
03-14 07:16:53.385 1533 1975 E DisplayDeviceConfig: requesting nits when no mapping exists.
03-14 07:16:53.385 1533 1975 E DisplayDeviceConfig: requesting nits when no mapping exists.
03-14 07:16:53.385 1533 1638 I am_wtf : [0,1533,system_server,-1,DisplayDeviceConfig,requesting nits when no mapping exists.]
03-14 07:16:53.387 1533 1638 I am_wtf : [0,1533,system_server,-1,DisplayDeviceConfig,requesting nits when no mapping exists.]
03-14 07:16:53.401 1533 1975 E DisplayDeviceConfig: requesting nits when no mapping exists.
03-14 07:16:53.402 1533 1975 E DisplayDeviceConfig: requesting nits when no mapping exists.
03-14 07:16:53.402 1533 1638 I am_wtf : [0,1533,system_server,-1,DisplayDeviceConfig,requesting nits when no mapping exists.]
03-14 07:16:53.403 1533 1638 I am_wtf : [0,1533,system_server,-1,DisplayDeviceConfig,requesting nits when no mapping exists.]
03-14 07:16:53.418 1533 1975 E DisplayDeviceConfig: requesting nits when no mapping exists.
03-14 07:16:53.419 1533 1638 I am_wtf : [0,1533,system_server,-1,DisplayDeviceConfig,requesting nits when no mapping exists.]
03-14 07:16:53.419 1533 1975 E DisplayDeviceConfig: requesting nits when no mapping exists.
03-14 07:16:53.420 1533 1638 I am_wtf : [0,1533,system_server,-1,DisplayDeviceConfig,requesting nits when no mapping exists.]
03-14 07:16:53.435 1533 1975 E DisplayDeviceConfig: requesting nits when no mapping exists.
03-14 07:16:53.435 1533 1975 E DisplayDeviceConfig: requesting nits when no mapping exists.
03-14 07:16:53.435 1533 1638 I am_wtf : [0,1533,system_server,-1,DisplayDeviceConfig,requesting nits when no mapping exists.]
03-14 07:16:53.436 1533 1638 I am_wtf : [0,1533,system_server,-1,DisplayDeviceConfig,requesting nits when no mapping exists.]
03-14 07:16:53.451 1533 1975 E DisplayDeviceConfig: requesting nits when no mapping exists.
03-14 07:16:53.452 1533 1638 I am_wtf : [0,1533,system_server,-1,DisplayDeviceConfig,requesting nits when no mapping exists.]
03-14 07:16:53.452 1533 1975 E DisplayDeviceConfig: requesting nits when no mapping exists.
03-14 07:16:53.453 1533 1638 I am_wtf : [0,1533,system_server,-1,DisplayDeviceConfig,requesting nits when no mapping exists.]
03-14 07:16:53.468 1533 1975 E DisplayDeviceConfig: requesting nits when no mapping exists.
03-14 07:16:53.469 1533 1638 I am_wtf : [0,1533,system_server,-1,DisplayDeviceConfig,requesting nits when no mapping exists.]
03-14 07:16:53.469 1533 1975 E DisplayDeviceConfig: requesting nits when no mapping exists.
03-14 07:16:53.470 1533 1638 I am_wtf : [0,1533,system_server,-1,DisplayDeviceConfig,requesting nits when no mapping exists.]
03-14 07:16:53.485 1533 1975 E DisplayDeviceConfig: requesting nits when no mapping exists.
03-14 07:16:53.486 1533 1975 E DisplayDeviceConfig: requesting nits when no mapping exists.
03-14 07:16:53.486 1533 1638 I am_wtf : [0,1533,system_server,-1,DisplayDeviceConfig,requesting nits when no mapping exists.]
03-14 07:16:53.487 1533 1638 I am_wtf : [0,1533,system_server,-1,DisplayDeviceConfig,requesting nits when no mapping exists.]
03-14 07:16:53.502 1533 1975 E DisplayDeviceConfig: requesting nits when no mapping exists.
03-14 07:16:53.502 1533 1975 E DisplayDeviceConfig: requesting nits when no mapping exists.
03-14 07:16:53.502 1533 1638 I am_wtf : [0,1533,system_server,-1,DisplayDeviceConfig,requesting nits when no mapping exists.]
03-14 07:16:53.503 1533 1638 I am_wtf : [0,1533,system_server,-1,DisplayDeviceConfig,requesting nits when no mapping exists.]
03-14 07:16:53.519 1533 1975 E DisplayDeviceConfig: requesting nits when no mapping exists.
03-14 07:16:53.519 1533 1975 E DisplayDeviceConfig: requesting nits when no mapping exists.
03-14 07:16:53.519 1533 1638 I am_wtf : [0,1533,system_server,-1,DisplayDeviceConfig,requesting nits when no mapping exists.]
03-14 07:16:53.520 1533 1638 I am_wtf : [0,1533,system_server,-1,DisplayDeviceConfig,requesting nits when no mapping exists.]
03-14 07:16:53.535 1533 1975 E DisplayDeviceConfig: requesting nits when no mapping exists.
03-14 07:16:53.536 1533 1975 E DisplayDeviceConfig: requesting nits when no mapping exists.
03-14 07:16:53.536 1533 1638 I am_wtf : [0,1533,system_server,-1,DisplayDeviceConfig,requesting nits when no mapping exists.]
03-14 07:16:53.537 1533 1638 I am_wtf : [0,1533,system_server,-1,DisplayDeviceConfig,requesting nits when no mapping exists.]
03-14 07:16:53.552 1533 1975 E DisplayDeviceConfig: requesting nits when no mapping exists.
03-14 07:16:53.553 1533 1638 I am_wtf : [0,1533,system_server,-1,DisplayDeviceConfig,requesting nits when no mapping exists.]
03-14 07:16:53.553 1533 1975 E DisplayDeviceConfig: requesting nits when no mapping exists.
03-14 07:16:53.554 1533 1638 I am_wtf : [0,1533,system_server,-1,DisplayDeviceConfig,requesting nits when no mapping exists.]
03-14 07:16:53.568 1533 1975 E DisplayDeviceConfig: requesting nits when no mapping exists.
03-14 07:16:53.569 1533 1975 E DisplayDeviceConfig: requesting nits when no mapping exists.
03-14 07:16:53.569 1533 1638 I am_wtf : [0,1533,system_server,-1,DisplayDeviceConfig,requesting nits when no mapping exists.]
03-14 07:16:53.570 1533 1638 I am_wtf : [0,1533,system_server,-1,DisplayDeviceConfig,requesting nits when no mapping exists.]
03-14 07:16:53.586 1533 1975 E DisplayDeviceConfig: requesting nits when no mapping exists.
03-14 07:16:53.587 1533 1975 E DisplayDeviceConfig: requesting nits when no mapping exists.
03-14 07:16:53.587 1533 1638 I am_wtf : [0,1533,system_server,-1,DisplayDeviceConfig,requesting nits when no mapping exists.]
03-14 07:16:53.588 1533 1638 I am_wtf : [0,1533,system_server,-1,DisplayDeviceConfig,requesting nits when no mapping exists.]
03-14 07:16:53.602 1533 1975 E DisplayDeviceConfig: requesting nits when no mapping exists.
03-14 07:16:53.602 1533 1638 I am_wtf : [0,1533,system_server,-1,DisplayDeviceConfig,requesting nits when no mapping exists.]
03-14 07:16:53.603 1533 1975 E DisplayDeviceConfig: requesting nits when no mapping exists.
03-14 07:16:53.604 1533 1638 I am_wtf : [0,1533,system_server,-1,DisplayDeviceConfig,requesting nits when no mapping exists.]
03-14 07:16:53.611 0 0 I auditd : type=1400 audit(0.0:15579): avc: denied { kill } for comm="swapper/1" capability=5 scontext=u:r:kernel:s0 tcontext=u:r:kernel:s0 tclass=capability permissive=0
03-14 07:16:53.619 1533 1975 E DisplayDeviceConfig: requesting nits when no mapping exists.
03-14 07:16:53.619 1533 1975 E DisplayDeviceConfig: requesting nits when no mapping exists.
03-14 07:16:53.619 1533 1638 I am_wtf : [0,1533,system_server,-1,DisplayDeviceConfig,requesting nits when no mapping exists.]
03-14 07:16:53.620 1533 1638 I am_wtf : [0,1533,system_server,-1,DisplayDeviceConfig,requesting nits when no mapping exists.]
03-14 07:16:53.635 1533 1975 E DisplayDeviceConfig: requesting nits when no mapping exists.
03-14 07:16:53.636 1533 1975 E DisplayDeviceConfig: requesting nits when no mapping exists.
03-14 07:16:53.636 1533 1638 I am_wtf : [0,1533,system_server,-1,DisplayDeviceConfig,requesting nits when no mapping exists.]
03-14 07:16:53.637 1533 1638 I am_wtf : [0,1533,system_server,-1,DisplayDeviceConfig,requesting nits when no mapping exists.]
03-14 07:16:53.652 1533 1975 E DisplayDeviceConfig: requesting nits when no mapping exists.
03-14 07:16:53.652 1533 1638 I am_wtf : [0,1533,system_server,-1,DisplayDeviceConfig,requesting nits when no mapping exists.]
03-14 07:16:53.652 1533 1975 E DisplayDeviceConfig: requesting nits when no mapping exists.
03-14 07:16:53.653 1533 1638 I am_wtf : [0,1533,system_server,-1,DisplayDeviceConfig,requesting nits when no mapping exists.]
03-14 07:16:53.668 1533 1975 E DisplayDeviceConfig: requesting nits when no mapping exists.
03-14 07:16:53.669 1533 1975 E DisplayDeviceConfig: requesting nits when no mapping exists.
03-14 07:16:53.669 1533 1638 I am_wtf : [0,1533,system_server,-1,DisplayDeviceConfig,requesting nits when no mapping exists.]
03-14 07:16:53.669 1533 1638 I am_wtf : [0,1533,system_server,-1,DisplayDeviceConfig,requesting nits when no mapping exists.]
03-14 07:16:53.685 1533 1975 E DisplayDeviceConfig: requesting nits when no mapping exists.
03-14 07:16:53.686 1533 1638 I am_wtf : [0,1533,system_server,-1,DisplayDeviceConfig,requesting nits when no mapping exists.]
03-14 07:16:53.686 1533 1975 E DisplayDeviceConfig: requesting nits when no mapping exists.
03-14 07:16:53.687 1533 1638 I am_wtf : [0,1533,system_server,-1,DisplayDeviceConfig,requesting nits when no mapping exists.]
03-14 07:16:53.702 1533 1975 E DisplayDeviceConfig: requesting nits when no mapping exists.
03-14 07:16:53.703 1533 1975 E DisplayDeviceConfig: requesting nits when no mapping exists.
03-14 07:16:53.704 1533 1638 I am_wtf : [0,1533,system_server,-1,DisplayDeviceConfig,requesting nits when no mapping exists.]
03-14 07:16:53.706 1533 1638 I am_wtf : [0,1533,system_server,-1,DisplayDeviceConfig,requesting nits when no mapping exists.]
03-14 07:16:53.719 1533 1975 E DisplayDeviceConfig: requesting nits when no mapping exists.
03-14 07:16:53.719 1533 1638 I am_wtf : [0,1533,system_server,-1,DisplayDeviceConfig,requesting nits when no mapping exists.]
03-14 07:16:53.719 1533 1975 E DisplayDeviceConfig: requesting nits when no mapping exists.
03-14 07:16:53.720 1533 1638 I am_wtf : [0,1533,system_server,-1,DisplayDeviceConfig,requesting nits when no mapping exists.]
03-14 07:16:53.735 1533 1975 E DisplayDeviceConfig: requesting nits when no mapping exists.
03-14 07:16:53.736 1533 1975 E DisplayDeviceConfig: requesting nits when no mapping exists.
03-14 07:16:53.736 1533 1638 I am_wtf : [0,1533,system_server,-1,DisplayDeviceConfig,requesting nits when no mapping exists.]
03-14 07:16:53.736 1533 1638 I am_wtf : [0,1533,system_server,-1,DisplayDeviceConfig,requesting nits when no mapping exists.]
03-14 07:16:53.752 1533 1975 E DisplayDeviceConfig: requesting nits when no mapping exists.
03-14 07:16:53.753 1533 1638 I am_wtf : [0,1533,system_server,-1,DisplayDeviceConfig,requesting nits when no mapping exists.]
03-14 07:16:53.753 1533 1975 E DisplayDeviceConfig: requesting nits when no mapping exists.
03-14 07:16:53.753 1533 1638 I am_wtf : [0,1533,system_server,-1,DisplayDeviceConfig,requesting nits when no mapping exists.]
03-14 07:16:53.768 1533 1975 E DisplayDeviceConfig: requesting nits when no mapping exists.
03-14 07:16:53.769 1533 1975 E DisplayDeviceConfig: requesting nits when no mapping exists.
03-14 07:16:53.769 1533 1638 I am_wtf : [0,1533,system_server,-1,DisplayDeviceConfig,requesting nits when no mapping exists.]
03-14 07:16:53.769 1533 1638 I am_wtf : [0,1533,system_server,-1,DisplayDeviceConfig,requesting nits when no mapping exists.]
03-14 07:16:53.786 1533 1975 E DisplayDeviceConfig: requesting nits when no mapping exists.
03-14 07:16:53.786 1533 1975 E DisplayDeviceConfig: requesting nits when no mapping exists.
03-14 07:16:53.787 1533 1638 I am_wtf : [0,1533,system_server,-1,DisplayDeviceConfig,requesting nits when no mapping exists.]
03-14 07:16:53.787 1533 1638 I am_wtf : [0,1533,system_server,-1,DisplayDeviceConfig,requesting nits when no mapping exists.]
03-14 07:16:53.802 1533 1975 E DisplayDeviceConfig: requesting nits when no mapping exists.
03-14 07:16:53.803 1533 1975 E DisplayDeviceConfig: requesting nits when no mapping exists.
03-14 07:16:53.803 1533 1638 I am_wtf : [0,1533,system_server,-1,DisplayDeviceConfig,requesting nits when no mapping exists.]
03-14 07:16:53.804 1533 1638 I am_wtf : [0,1533,system_server,-1,DisplayDeviceConfig,requesting nits when no mapping exists.]
03-14 07:16:53.819 1533 1975 E DisplayDeviceConfig: requesting nits when no mapping exists.
03-14 07:16:53.819 1533 1638 I am_wtf : [0,1533,system_server,-1,DisplayDeviceConfig,requesting nits when no mapping exists.]
03-14 07:16:53.819 1533 1975 E DisplayDeviceConfig: requesting nits when no mapping exists.
03-14 07:16:53.820 1533 1638 I am_wtf : [0,1533,system_server,-1,DisplayDeviceConfig,requesting nits when no mapping exists.]
03-14 07:16:53.835 1533 1975 E DisplayDeviceConfig: requesting nits when no mapping exists.
03-14 07:16:53.836 1533 1975 E DisplayDeviceConfig: requesting nits when no mapping exists.
03-14 07:16:53.836 1533 1638 I am_wtf : [0,1533,system_server,-1,DisplayDeviceConfig,requesting nits when no mapping exists.]
03-14 07:16:53.836 1533 1638 I am_wtf : [0,1533,system_server,-1,DisplayDeviceConfig,requesting nits when no mapping exists.]
03-14 07:16:53.852 1533 1975 E DisplayDeviceConfig: requesting nits when no mapping exists.
03-14 07:16:53.853 1533 1975 E DisplayDeviceConfig: requesting nits when no mapping exists.
03-14 07:16:53.853 1533 1638 I am_wtf : [0,1533,system_server,-1,DisplayDeviceConfig,requesting nits when no mapping exists.]
03-14 07:16:53.853 1533 1638 I am_wtf : [0,1533,system_server,-1,DisplayDeviceConfig,requesting nits when no mapping exists.]
03-14 07:16:53.869 1533 1975 E DisplayDeviceConfig: requesting nits when no mapping exists.
03-14 07:16:53.870 1533 1638 I am_wtf : [0,1533,system_server,-1,DisplayDeviceConfig,requesting nits when no mapping exists.]
03-14 07:16:53.870 1533 1975 E DisplayDeviceConfig: requesting nits when no mapping exists.
03-14 07:16:53.871 1533 1638 I am_wtf : [0,1533,system_server,-1,DisplayDeviceConfig,requesting nits when no mapping exists.]
03-14 07:16:53.886 1533 1975 E DisplayDeviceConfig: requesting nits when no mapping exists.
03-14 07:16:53.886 1533 1638 I am_wtf : [0,1533,system_server,-1,DisplayDeviceConfig,requesting nits when no mapping exists.]
03-14 07:16:53.886 1533 1975 E DisplayDeviceConfig: requesting nits when no mapping exists.
03-14 07:16:53.887 1533 1638 I am_wtf : [0,1533,system_server,-1,DisplayDeviceConfig,requesting nits when no mapping exists.]
03-14 07:16:53.902 1533 1975 E DisplayDeviceConfig: requesting nits when no mapping exists.
03-14 07:16:53.903 1533 1975 E DisplayDeviceConfig: requesting nits when no mapping exists.
03-14 07:16:53.903 1533 1638 I am_wtf : [0,1533,system_server,-1,DisplayDeviceConfig,requesting nits when no mapping exists.]
03-14 07:16:53.904 1533 1638 I am_wtf : [0,1533,system_server,-1,DisplayDeviceConfig,requesting nits when no mapping exists.]
03-14 07:16:53.919 1533 1975 E DisplayDeviceConfig: requesting nits when no mapping exists.
03-14 07:16:53.919 1533 1975 E DisplayDeviceConfig: requesting nits when no mapping exists.
03-14 07:16:53.919 1533 1638 I am_wtf : [0,1533,system_server,-1,DisplayDeviceConfig,requesting nits when no mapping exists.]
03-14 07:16:53.920 1533 1638 I am_wtf : [0,1533,system_server,-1,DisplayDeviceConfig,requesting nits when no mapping exists.]
03-14 07:16:53.936 1533 1975 E DisplayDeviceConfig: requesting nits when no mapping exists.
03-14 07:16:53.936 1533 1638 I am_wtf : [0,1533,system_server,-1,DisplayDeviceConfig,requesting nits when no mapping exists.]
03-14 07:16:53.936 1533 1975 E DisplayDeviceConfig: requesting nits when no mapping exists.
03-14 07:16:53.937 1533 1638 I am_wtf : [0,1533,system_server,-1,DisplayDeviceConfig,requesting nits when no mapping exists.]
03-14 07:16:53.952 1533 1975 E DisplayDeviceConfig: requesting nits when no mapping exists.
03-14 07:16:53.953 1533 1975 E DisplayDeviceConfig: requesting nits when no mapping exists.
03-14 07:16:53.953 1533 1638 I am_wtf : [0,1533,system_server,-1,DisplayDeviceConfig,requesting nits when no mapping exists.]
03-14 07:16:53.954 1533 1638 I am_wtf : [0,1533,system_server,-1,DisplayDeviceConfig,requesting nits when no mapping exists.]
03-14 07:16:53.969 1533 1975 E DisplayDeviceConfig: requesting nits when no mapping exists.
03-14 07:16:53.970 1533 1975 E DisplayDeviceConfig: requesting nits when no mapping exists.
03-14 07:16:53.970 1533 1638 I am_wtf : [0,1533,system_server,-1,DisplayDeviceConfig,requesting nits when no mapping exists.]
03-14 07:16:53.971 1533 1638 I am_wtf : [0,1533,system_server,-1,DisplayDeviceConfig,requesting nits when no mapping exists.]
03-14 07:16:53.986 1533 1975 E DisplayDeviceConfig: requesting nits when no mapping exists.
03-14 07:16:53.987 1533 1975 E DisplayDeviceConfig: requesting nits when no mapping exists.
03-14 07:16:53.987 1533 1638 I am_wtf : [0,1533,system_server,-1,DisplayDeviceConfig,requesting nits when no mapping exists.]
03-14 07:16:53.988 1533 1638 I am_wtf : [0,1533,system_server,-1,DisplayDeviceConfig,requesting nits when no mapping exists.]
03-14 07:16:54.002 1533 1975 E DisplayDeviceConfig: requesting nits when no mapping exists.
03-14 07:16:54.003 1533 1638 I am_wtf : [0,1533,system_server,-1,DisplayDeviceConfig,requesting nits when no mapping exists.]
03-14 07:16:54.003 1533 1975 E DisplayDeviceConfig: requesting nits when no mapping exists.
03-14 07:16:54.004 1533 1638 I am_wtf : [0,1533,system_server,-1,DisplayDeviceConfig,requesting nits when no mapping exists.]
03-14 07:16:54.019 1533 1975 E DisplayDeviceConfig: requesting nits when no mapping exists.
03-14 07:16:54.019 1533 1975 E DisplayDeviceConfig: requesting nits when no mapping exists.
03-14 07:16:54.020 1533 1638 I am_wtf : [0,1533,system_server,-1,DisplayDeviceConfig,requesting nits when no mapping exists.]
03-14 07:16:54.020 1533 1638 I am_wtf : [0,1533,system_server,-1,DisplayDeviceConfig,requesting nits when no mapping exists.]
03-14 07:16:54.035 1533 1975 E DisplayDeviceConfig: requesting nits when no mapping exists.
03-14 07:16:54.036 1533 1975 E DisplayDeviceConfig: requesting nits when no mapping exists.
03-14 07:16:54.036 1533 1638 I am_wtf : [0,1533,system_server,-1,DisplayDeviceConfig,requesting nits when no mapping exists.]
03-14 07:16:54.036 1533 1638 I am_wtf : [0,1533,system_server,-1,DisplayDeviceConfig,requesting nits when no mapping exists.]
01-02 06:45:34.455 0 0 E DTC_ETH,link_delay_work_func: 3003, SQI=0, link=0
03-14 07:16:55.611 0 0 I auditd : type=1400 audit(0.0:15580): avc: denied { kill } for comm="swapper/1" capability=5 scontext=u:r:kernel:s0 tcontext=u:r:kernel:s0 tclass=capability permissive=0
01-02 06:45:34.910 0 0 E msm_pcm_playback_close: CMD_EOS failed, cmd_pending 0x8
03-14 07:16:57.493 1533 12036 W ActivityManager: Unable to start service Intent { act=com.tencent.tpns.mqttchannel.FEEDBACK pkg=com.tencent.tmgp.pubgmhd } U=0: not found
03-14 07:16:57.543 1533 9755 W ActivityManager: Background start not allowed: service Intent { cmp=com.tencent.tmgp.sgame/com.tencent.tpns.mqttchannel.services.MqttService } to com.tencent.tmgp.sgame/com.tencent.tpns.mqttchannel.services.MqttService from pid=27725 uid=10094 pkg=com.tencent.tmgp.sgame startFg?=false
03-14 07:16:57.556 1533 9755 W ActivityManager: Unable to start service Intent { act=com.tencent.tpns.mqttchannel.FEEDBACK pkg=com.tencent.tmgp.sgame } U=0: not found
03-14 07:16:57.559 1533 1628 I am_pss : [27725,10094,com.tencent.tmgp.sgame:xg_vip_service,16417792,8110080,183296,107409408,0,17,9]
03-14 07:16:57.561 1533 12036 I am_uid_active: 10094
03-14 07:16:58.429 1533 1853 I netstats_mobile_sample: [0,0,0,0,0,0,0,0,0,0,0,0,1678775052681]
03-14 07:16:58.430 1533 1853 I netstats_wifi_sample: [93418776,76520,2012773,21743,93418776,76520,2012773,21743,91965405,77910,1666223,20758,1678775052681]
03-14 07:16:58.600 1533 1638 I am_uid_idle: 99002
03-14 07:16:58.600 1533 1638 I am_uid_idle: 10098
03-14 07:16:58.600 1533 1638 I am_stop_idle_service: [10098,com.ss.android.ugc.aweme/com.ss.android.newmedia.redbadge.RedBadgePushProcessService]
03-14 07:16:58.600 1533 1638 W ActivityManager: Stopping service due to app idle: u0a98 -1m19s388ms com.ss.android.ugc.aweme/com.ss.android.newmedia.redbadge.RedBadgePushProcessService
03-14 07:16:58.601 1533 1638 I am_stop_idle_service: [10098,com.ss.android.ugc.aweme/com.bytedance.common.wschannel.server.WsChannelService]
03-14 07:16:58.601 1533 1638 W ActivityManager: Stopping service due to app idle: u0a98 -5m48s200ms com.ss.android.ugc.aweme/com.bytedance.common.wschannel.server.WsChannelService
03-14 07:16:58.601 1533 1638 I am_stop_idle_service: [10098,com.ss.android.ugc.aweme/com.bytedance.common.wschannel.client.WsClientService]
03-14 07:16:58.601 1533 1638 W ActivityManager: Stopping service due to app idle: u0a98 -3s969ms com.ss.android.ugc.aweme/com.bytedance.common.wschannel.client.WsClientService
03-14 07:16:58.601 1533 1638 I am_stop_idle_service: [10098,com.ss.android.ugc.aweme/com.amap.api.location.APSService]
03-14 07:16:58.601 1533 1638 W ActivityManager: Stopping service due to app idle: u0a98 -4m17s578ms com.ss.android.ugc.aweme/com.amap.api.location.APSService
03-14 07:16:58.611 0 0 I auditd : type=1400 audit(0.0:15581): avc: denied { kill } for comm="swapper/3" capability=5 scontext=u:r:kernel:s0 tcontext=u:r:kernel:s0 tclass=capability permissive=0
03-14 07:16:59.611 0 0 I auditd : type=1400 audit(0.0:15582): avc: denied { kill } for comm="swapper/3" capability=5 scontext=u:r:kernel:s0 tcontext=u:r:kernel:s0 tclass=capability permissive=0
03-14 07:17:00.077 1533 1666 I PowerManagerService: Napping display group (groupId=0, uid=1000)...
03-14 07:17:00.077 1533 1666 I PowerManagerService: Nap time (uid 1000)...
03-14 07:17:00.080 1533 1666 I DreamManagerService: Entering dreamland.
03-14 07:17:00.081 1533 1666 I PowerManagerService: Dreaming...
03-14 07:17:00.085 1533 1619 I DreamController: Starting dream: name=ComponentInfo{com.thundercomm.screensaver/com.thundercomm.screensaver.service.SystemDream}, isTest=false, canDoze=false, userId=0
03-14 07:17:00.086 1533 1619 I sysui_multi_action: [757,222,758,1]
03-14 07:17:00.087 1533 1619 I am_uid_active: 10051
03-14 07:17:00.096 1533 12036 I ActivityTaskManager: START u0 {flg=0x10000000 pkg=com.thundercomm.screensaver cmp=com.thundercomm.screensaver/android.service.dreams.DreamActivity (has extras)} from uid 10051
03-14 07:17:00.103 1533 12036 I wm_task_created: [99,-1]
03-14 07:17:00.103 1533 12036 W ActivityTaskManager: Can't find TaskDisplayArea to determine support for multi window. Task id=99 attached=false
03-14 07:17:00.108 1533 12036 I wm_task_moved: [99,1,10]
03-14 07:17:00.108 1533 12036 I wm_task_to_front: [0,99]
03-14 07:17:00.108 1533 12036 I wm_create_task: [0,99]
03-14 07:17:00.108 1533 12036 I wm_create_activity: [0,49113905,99,com.thundercomm.screensaver/android.service.dreams.DreamActivity,NULL,NULL,NULL,276824064]
03-14 07:17:00.108 1533 12036 I wm_task_moved: [99,1,10]
03-14 07:17:00.108 2568 2568 I wm_on_top_resumed_lost_called: [57706815,com.android.launcher3.uioverrides.QuickstepLauncher,topStateChangedWhenResumed]
03-14 07:17:00.109 1533 12036 I wm_pause_activity: [0,57706815,com.android.launcher3/.uioverrides.QuickstepLauncher,userLeaving=true,pauseBackTasks]
03-14 07:17:00.110 2568 2568 I wm_on_paused_called: [57706815,com.android.launcher3.uioverrides.QuickstepLauncher,performPause]
03-14 07:17:00.111 1533 12036 I ActivityTaskManager: FOREGROUND_APPLICATION_CHANGED to android.service.dreams.DreamActivity
03-14 07:17:00.111 1533 12036 I ActivityTaskManager: The Process com.thundercomm.screensaver Already Exists in BG. So sending its PID: 24711
03-14 07:17:00.111 1533 12036 W ActivityTaskManager: Tried to set launchTime (0) < mLastActivityLaunchTime (12214726)
03-14 07:17:00.111 1533 12036 I wm_add_to_stopping: [0,57706815,com.android.launcher3/.uioverrides.QuickstepLauncher,makeInvisible]
03-14 07:17:00.112 1533 12036 I wm_restart_activity: [0,49113905,99,com.thundercomm.screensaver/android.service.dreams.DreamActivity]
03-14 07:17:00.112 1533 12036 I wm_set_resumed_activity: [0,com.thundercomm.screensaver/android.service.dreams.DreamActivity,minimalResumeActivityLocked]
03-14 07:17:00.118 1533 1622 I sysui_multi_action: [757,803,799,window_time_0,802,60]
03-14 07:17:00.119 24711 24711 I wm_on_create_called: [49113905,android.service.dreams.DreamActivity,performCreate]
03-14 07:17:00.119 24711 24711 I wm_on_start_called: [49113905,android.service.dreams.DreamActivity,handleStartActivity]
03-14 07:17:00.119 24711 24711 I wm_on_resume_called: [49113905,android.service.dreams.DreamActivity,RESUME_ACTIVITY]
03-14 07:17:00.120 1533 9755 W WindowManager: Failed looking up window session=Session{eea826 24711:u0a10051} callers=com.android.server.wm.WindowManagerService.windowForClientLocked:5628 com.android.server.wm.Session.insetsModified:629 android.view.IWindowSession$Stub.onTransact:1151
03-14 07:17:00.122 24711 24711 I wm_on_top_resumed_gained_called: [49113905,android.service.dreams.DreamActivity,topStateChangedWhenResumed]
03-14 07:17:00.138 1533 1781 I input_focus: [Focus leaving 587a4a0 com.android.launcher3/com.android.launcher3.uioverrides.QuickstepLauncher (server),reason=NO_WINDOW]
03-14 07:17:00.143 1533 1623 I input_focus: [Focus request 17c896d com.thundercomm.screensaver/android.service.dreams.DreamActivity,reason=UpdateInputWindows]
03-14 07:17:00.150 1533 1619 I sysui_multi_action: [319,53,322,52,325,12365,757,761,758,8,759,2,806,com.thundercomm.screensaver,871,android.service.dreams.DreamActivity,904,com.thundercomm.screensaver,905,0,1320,4,1321,2]
03-14 07:17:00.151 1533 1619 I wm_activity_launch_time: [0,49113905,com.thundercomm.screensaver/android.service.dreams.DreamActivity,52]
03-14 07:17:00.151 1533 1666 V DisplayPowerController[0]: Brightness [1.0] reason changing to: 'manual', previous reason: 'manual [ dim ]'.
03-14 07:17:00.151 1533 1666 I sysui_multi_action: [757,1696,758,6,759,3]
03-14 07:17:00.153 1533 1975 E DisplayDeviceConfig: requesting nits when no mapping exists.
03-14 07:17:00.153 1533 1975 E DisplayDeviceConfig: requesting nits when no mapping exists.
03-14 07:17:00.153 1533 1638 I am_wtf : [0,1533,system_server,-1,DisplayDeviceConfig,requesting nits when no mapping exists.]
03-14 07:17:00.154 1533 1638 I am_wtf : [0,1533,system_server,-1,DisplayDeviceConfig,requesting nits when no mapping exists.]
03-14 07:17:00.170 1533 1975 E DisplayDeviceConfig: requesting nits when no mapping exists.
03-14 07:17:00.170 1533 1975 E DisplayDeviceConfig: requesting nits when no mapping exists.
03-14 07:17:00.170 1533 1638 I am_wtf : [0,1533,system_server,-1,DisplayDeviceConfig,requesting nits when no mapping exists.]
03-14 07:17:00.171 1533 1638 I am_wtf : [0,1533,system_server,-1,DisplayDeviceConfig,requesting nits when no mapping exists.]
03-14 07:17:00.172 1533 1781 I input_focus: [Focus entering 17c896d com.thundercomm.screensaver/android.service.dreams.DreamActivity (server),reason=Window became focusable. Previous reason: NOT_VISIBLE]
03-14 07:17:00.187 1533 1975 E DisplayDeviceConfig: requesting nits when no mapping exists.
03-14 07:17:00.187 1533 1975 E DisplayDeviceConfig: requesting nits when no mapping exists.
03-14 07:17:00.187 1533 1638 I am_wtf : [0,1533,system_server,-1,DisplayDeviceConfig,requesting nits when no mapping exists.]
03-14 07:17:00.187 1533 1638 I am_wtf : [0,1533,system_server,-1,DisplayDeviceConfig,requesting nits when no mapping exists.]
03-14 07:17:00.203 1533 1975 E DisplayDeviceConfig: requesting nits when no mapping exists.
03-14 07:17:00.204 1533 1638 I am_wtf : [0,1533,system_server,-1,DisplayDeviceConfig,requesting nits when no mapping exists.]
03-14 07:17:00.204 1533 1975 E DisplayDeviceConfig: requesting nits when no mapping exists.
03-14 07:17:00.204 1533 1638 I am_wtf : [0,1533,system_server,-1,DisplayDeviceConfig,requesting nits when no mapping exists.]
03-14 07:17:00.204 1533 1638 I service_manager_stats: [100,55,6851]
03-14 07:17:00.214 1533 9755 W FreeFormWindowHelper: Current Display FreeFormTask is null
03-14 07:17:00.220 1533 1975 E DisplayDeviceConfig: requesting nits when no mapping exists.
03-14 07:17:00.220 1533 1975 E DisplayDeviceConfig: requesting nits when no mapping exists.
03-14 07:17:00.220 1533 1638 I am_wtf : [0,1533,system_server,-1,DisplayDeviceConfig,requesting nits when no mapping exists.]
03-14 07:17:00.220 1533 1638 I am_wtf : [0,1533,system_server,-1,DisplayDeviceConfig,requesting nits when no mapping exists.]
03-14 07:17:00.237 1533 1975 E DisplayDeviceConfig: requesting nits when no mapping exists.
03-14 07:17:00.237 1533 1975 E DisplayDeviceConfig: requesting nits when no mapping exists.
03-14 07:17:00.237 1533 1638 I am_wtf : [0,1533,system_server,-1,DisplayDeviceConfig,requesting nits when no mapping exists.]
03-14 07:17:00.237 1533 1638 I am_wtf : [0,1533,system_server,-1,DisplayDeviceConfig,requesting nits when no mapping exists.]
03-14 07:17:00.253 1533 1975 E DisplayDeviceConfig: requesting nits when no mapping exists.
03-14 07:17:00.254 1533 1975 E DisplayDeviceConfig: requesting nits when no mapping exists.
03-14 07:17:00.254 1533 1638 I am_wtf : [0,1533,system_server,-1,DisplayDeviceConfig,requesting nits when no mapping exists.]
03-14 07:17:00.254 1533 1638 I am_wtf : [0,1533,system_server,-1,DisplayDeviceConfig,requesting nits when no mapping exists.]
03-14 07:17:00.270 1533 1975 E DisplayDeviceConfig: requesting nits when no mapping exists.
03-14 07:17:00.270 1533 1975 E DisplayDeviceConfig: requesting nits when no mapping exists.
03-14 07:17:00.270 1533 1638 I am_wtf : [0,1533,system_server,-1,DisplayDeviceConfig,requesting nits when no mapping exists.]
03-14 07:17:00.271 1533 1638 I am_wtf : [0,1533,system_server,-1,DisplayDeviceConfig,requesting nits when no mapping exists.]
03-14 07:17:00.287 1533 1975 E DisplayDeviceConfig: requesting nits when no mapping exists.
03-14 07:17:00.287 1533 1975 E DisplayDeviceConfig: requesting nits when no mapping exists.
03-14 07:17:00.287 1533 1638 I am_wtf : [0,1533,system_server,-1,DisplayDeviceConfig,requesting nits when no mapping exists.]
03-14 07:17:00.287 1533 1638 I am_wtf : [0,1533,system_server,-1,DisplayDeviceConfig,requesting nits when no mapping exists.]
03-14 07:17:00.303 1533 1975 E DisplayDeviceConfig: requesting nits when no mapping exists.
03-14 07:17:00.304 1533 1975 E DisplayDeviceConfig: requesting nits when no mapping exists.
03-14 07:17:00.304 1533 1638 I am_wtf : [0,1533,system_server,-1,DisplayDeviceConfig,requesting nits when no mapping exists.]
03-14 07:17:00.304 1533 1638 I am_wtf : [0,1533,system_server,-1,DisplayDeviceConfig,requesting nits when no mapping exists.]
03-14 07:17:00.320 1533 1975 E DisplayDeviceConfig: requesting nits when no mapping exists.
03-14 07:17:00.320 1533 1975 E DisplayDeviceConfig: requesting nits when no mapping exists.
03-14 07:17:00.320 1533 1638 I am_wtf : [0,1533,system_server,-1,DisplayDeviceConfig,requesting nits when no mapping exists.]
03-14 07:17:00.320 1533 1638 I am_wtf : [0,1533,system_server,-1,DisplayDeviceConfig,requesting nits when no mapping exists.]
03-14 07:17:00.337 1533 1975 E DisplayDeviceConfig: requesting nits when no mapping exists.
03-14 07:17:00.337 1533 1975 E DisplayDeviceConfig: requesting nits when no mapping exists.
03-14 07:17:00.337 1533 1638 I am_wtf : [0,1533,system_server,-1,DisplayDeviceConfig,requesting nits when no mapping exists.]
03-14 07:17:00.337 1533 1638 I am_wtf : [0,1533,system_server,-1,DisplayDeviceConfig,requesting nits when no mapping exists.]
03-14 07:17:00.353 1533 1975 E DisplayDeviceConfig: requesting nits when no mapping exists.
03-14 07:17:00.354 1533 1638 I am_wtf : [0,1533,system_server,-1,DisplayDeviceConfig,requesting nits when no mapping exists.]
03-14 07:17:00.354 1533 1975 E DisplayDeviceConfig: requesting nits when no mapping exists.
03-14 07:17:00.354 1533 1638 I am_wtf : [0,1533,system_server,-1,DisplayDeviceConfig,requesting nits when no mapping exists.]
03-14 07:17:00.370 1533 1975 E DisplayDeviceConfig: requesting nits when no mapping exists.
03-14 07:17:00.370 1533 1975 E DisplayDeviceConfig: requesting nits when no mapping exists.
03-14 07:17:00.370 1533 1638 I am_wtf : [0,1533,system_server,-1,DisplayDeviceConfig,requesting nits when no mapping exists.]
03-14 07:17:00.371 1533 1638 I am_wtf : [0,1533,system_server,-1,DisplayDeviceConfig,requesting nits when no mapping exists.]
03-14 07:17:00.387 1533 1975 E DisplayDeviceConfig: requesting nits when no mapping exists.
03-14 07:17:00.387 1533 1975 E DisplayDeviceConfig: requesting nits when no mapping exists.
03-14 07:17:00.387 1533 1638 I am_wtf : [0,1533,system_server,-1,DisplayDeviceConfig,requesting nits when no mapping exists.]
03-14 07:17:00.387 1533 1638 I am_wtf : [0,1533,system_server,-1,DisplayDeviceConfig,requesting nits when no mapping exists.]
01-02 06:45:39.578 0 0 E DTC_ETH,link_delay_work_func: 3003, SQI=0, link=0
03-14 07:17:00.403 1533 1975 E DisplayDeviceConfig: requesting nits when no mapping exists.
03-14 07:17:00.404 1533 1975 E DisplayDeviceConfig: requesting nits when no mapping exists.
03-14 07:17:00.404 1533 1638 I am_wtf : [0,1533,system_server,-1,DisplayDeviceConfig,requesting nits when no mapping exists.]
03-14 07:17:00.404 1533 1638 I am_wtf : [0,1533,system_server,-1,DisplayDeviceConfig,requesting nits when no mapping exists.]
03-14 07:17:00.420 1533 1975 E DisplayDeviceConfig: requesting nits when no mapping exists.
03-14 07:17:00.420 1533 1975 E DisplayDeviceConfig: requesting nits when no mapping exists.
03-14 07:17:00.420 1533 1638 I am_wtf : [0,1533,system_server,-1,DisplayDeviceConfig,requesting nits when no mapping exists.]
03-14 07:17:00.421 1533 1638 I am_wtf : [0,1533,system_server,-1,DisplayDeviceConfig,requesting nits when no mapping exists.]
03-14 07:17:00.438 1533 1975 E DisplayDeviceConfig: requesting nits when no mapping exists.
03-14 07:17:00.438 1533 1975 E DisplayDeviceConfig: requesting nits when no mapping exists.
03-14 07:17:00.438 1533 1638 I am_wtf : [0,1533,system_server,-1,DisplayDeviceConfig,requesting nits when no mapping exists.]
03-14 07:17:00.439 1533 1638 I am_wtf : [0,1533,system_server,-1,DisplayDeviceConfig,requesting nits when no mapping exists.]
03-14 07:17:00.439 1533 1622 I wm_stop_activity: [0,57706815,com.android.launcher3/.uioverrides.QuickstepLauncher]
03-14 07:17:00.444 1533 1628 I am_pss : [22483,10067,com.android.inputmethod.latin,7163904,372736,6205440,36569088,0,19,5]
03-14 07:17:00.454 1533 1975 E DisplayDeviceConfig: requesting nits when no mapping exists.
03-14 07:17:00.455 1533 1975 E DisplayDeviceConfig: requesting nits when no mapping exists.
03-14 07:17:00.456 1533 1638 I am_wtf : [0,1533,system_server,-1,DisplayDeviceConfig,requesting nits when no mapping exists.]
03-14 07:17:00.456 1533 1638 I am_wtf : [0,1533,system_server,-1,DisplayDeviceConfig,requesting nits when no mapping exists.]
03-14 07:17:00.458 1533 10210 W FreeFormWindowHelper: exitRecentTasks type=0
03-14 07:17:00.460 2568 2568 I wm_on_stop_called: [57706815,com.android.launcher3.uioverrides.QuickstepLauncher,STOP_ACTIVITY_ITEM]
03-14 07:17:00.470 1533 1975 E DisplayDeviceConfig: requesting nits when no mapping exists.
03-14 07:17:00.471 1533 1975 E DisplayDeviceConfig: requesting nits when no mapping exists.
03-14 07:17:00.471 1533 1638 I am_wtf : [0,1533,system_server,-1,DisplayDeviceConfig,requesting nits when no mapping exists.]
03-14 07:17:00.471 1533 1638 I am_wtf : [0,1533,system_server,-1,DisplayDeviceConfig,requesting nits when no mapping exists.]
03-14 07:17:00.480 1533 1638 I am_uid_idle: 99003
03-14 07:17:00.480 1533 1638 I am_uid_idle: 10099
03-14 07:17:00.480 1533 1638 I am_stop_idle_service: [10099,com.qiyi.video/com.q.m.QS]
03-14 07:17:00.480 1533 1638 W ActivityManager: Stopping service due to app idle: u0a99 -1m23s777ms com.qiyi.video/com.q.m.QS
03-14 07:17:00.487 1533 1975 E DisplayDeviceConfig: requesting nits when no mapping exists.
03-14 07:17:00.487 1533 1975 E DisplayDeviceConfig: requesting nits when no mapping exists.
03-14 07:17:00.487 1533 1638 I am_wtf : [0,1533,system_server,-1,DisplayDeviceConfig,requesting nits when no mapping exists.]
03-14 07:17:00.488 1533 1638 I am_wtf : [0,1533,system_server,-1,DisplayDeviceConfig,requesting nits when no mapping exists.]
03-14 07:17:00.504 1533 1975 E DisplayDeviceConfig: requesting nits when no mapping exists.
03-14 07:17:00.504 1533 1975 E DisplayDeviceConfig: requesting nits when no mapping exists.
03-14 07:17:00.504 1533 1638 I am_wtf : [0,1533,system_server,-1,DisplayDeviceConfig,requesting nits when no mapping exists.]
03-14 07:17:00.504 1533 1638 I am_wtf : [0,1533,system_server,-1,DisplayDeviceConfig,requesting nits when no mapping exists.]
03-14 07:17:00.518 1533 1975 E DisplayDeviceConfig: requesting nits when no mapping exists.
03-14 07:17:00.518 1533 1975 E DisplayDeviceConfig: requesting nits when no mapping exists.
03-14 07:17:00.518 1533 1638 I am_wtf : [0,1533,system_server,-1,DisplayDeviceConfig,requesting nits when no mapping exists.]
03-14 07:17:00.519 1533 1638 I am_wtf : [0,1533,system_server,-1,DisplayDeviceConfig,requesting nits when no mapping exists.]
03-14 07:17:00.535 1533 1975 E DisplayDeviceConfig: requesting nits when no mapping exists.
03-14 07:17:00.535 1533 1975 E DisplayDeviceConfig: requesting nits when no mapping exists.
03-14 07:17:00.535 1533 1638 I am_wtf : [0,1533,system_server,-1,DisplayDeviceConfig,requesting nits when no mapping exists.]
03-14 07:17:00.535 1533 1638 I am_wtf : [0,1533,system_server,-1,DisplayDeviceConfig,requesting nits when no mapping exists.]
03-14 07:17:00.552 1533 1975 E DisplayDeviceConfig: requesting nits when no mapping exists.
03-14 07:17:00.552 1533 1975 E DisplayDeviceConfig: requesting nits when no mapping exists.
03-14 07:17:00.552 1533 1638 I am_wtf : [0,1533,system_server,-1,DisplayDeviceConfig,requesting nits when no mapping exists.]
03-14 07:17:00.552 1533 1638 I am_wtf : [0,1533,system_server,-1,DisplayDeviceConfig,requesting nits when no mapping exists.]
03-14 07:17:00.568 1533 1975 E DisplayDeviceConfig: requesting nits when no mapping exists.
03-14 07:17:00.569 1533 1975 E DisplayDeviceConfig: requesting nits when no mapping exists.
03-14 07:17:00.569 1533 1638 I am_wtf : [0,1533,system_server,-1,DisplayDeviceConfig,requesting nits when no mapping exists.]
03-14 07:17:00.569 1533 1638 I am_wtf : [0,1533,system_server,-1,DisplayDeviceConfig,requesting nits when no mapping exists.]
03-14 07:17:00.585 1533 1975 E DisplayDeviceConfig: requesting nits when no mapping exists.
03-14 07:17:00.585 1533 1975 E DisplayDeviceConfig: requesting nits when no mapping exists.
03-14 07:17:00.585 1533 1638 I am_wtf : [0,1533,system_server,-1,DisplayDeviceConfig,requesting nits when no mapping exists.]
03-14 07:17:00.585 1533 1638 I am_wtf : [0,1533,system_server,-1,DisplayDeviceConfig,requesting nits when no mapping exists.]
03-14 07:17:00.602 1533 1975 E DisplayDeviceConfig: requesting nits when no mapping exists.
03-14 07:17:00.602 1533 1638 I am_wtf : [0,1533,system_server,-1,DisplayDeviceConfig,requesting nits when no mapping exists.]
03-14 07:17:00.602 1533 1975 E DisplayDeviceConfig: requesting nits when no mapping exists.
03-14 07:17:00.602 1533 1638 I am_wtf : [0,1533,system_server,-1,DisplayDeviceConfig,requesting nits when no mapping exists.]
03-14 07:17:00.618 1533 1975 E DisplayDeviceConfig: requesting nits when no mapping exists.
03-14 07:17:00.619 1533 1638 I am_wtf : [0,1533,system_server,-1,DisplayDeviceConfig,requesting nits when no mapping exists.]
03-14 07:17:00.619 1533 1975 E DisplayDeviceConfig: requesting nits when no mapping exists.
03-14 07:17:00.619 1533 1638 I am_wtf : [0,1533,system_server,-1,DisplayDeviceConfig,requesting nits when no mapping exists.]
03-14 07:17:00.635 1533 1975 E DisplayDeviceConfig: requesting nits when no mapping exists.
03-14 07:17:00.635 1533 1975 E DisplayDeviceConfig: requesting nits when no mapping exists.
03-14 07:17:00.635 1533 1638 I am_wtf : [0,1533,system_server,-1,DisplayDeviceConfig,requesting nits when no mapping exists.]
03-14 07:17:00.636 1533 1638 I am_wtf : [0,1533,system_server,-1,DisplayDeviceConfig,requesting nits when no mapping exists.]
03-14 07:17:00.652 1533 1975 E DisplayDeviceConfig: requesting nits when no mapping exists.
03-14 07:17:00.652 1533 1975 E DisplayDeviceConfig: requesting nits when no mapping exists.
03-14 07:17:00.652 1533 1638 I am_wtf : [0,1533,system_server,-1,DisplayDeviceConfig,requesting nits when no mapping exists.]
03-14 07:17:00.652 1533 1638 I am_wtf : [0,1533,system_server,-1,DisplayDeviceConfig,requesting nits when no mapping exists.]
03-14 07:17:00.669 1533 1975 E DisplayDeviceConfig: requesting nits when no mapping exists.
03-14 07:17:00.669 1533 1975 E DisplayDeviceConfig: requesting nits when no mapping exists.
03-14 07:17:00.669 1533 1638 I am_wtf : [0,1533,system_server,-1,DisplayDeviceConfig,requesting nits when no mapping exists.]
03-14 07:17:00.669 1533 1638 I am_wtf : [0,1533,system_server,-1,DisplayDeviceConfig,requesting nits when no mapping exists.]
03-14 07:17:00.685 1533 1975 E DisplayDeviceConfig: requesting nits when no mapping exists.
03-14 07:17:00.685 1533 1638 I am_wtf : [0,1533,system_server,-1,DisplayDeviceConfig,requesting nits when no mapping exists.]
03-14 07:17:00.685 1533 1975 E DisplayDeviceConfig: requesting nits when no mapping exists.
03-14 07:17:00.686 1533 1638 I am_wtf : [0,1533,system_server,-1,DisplayDeviceConfig,requesting nits when no mapping exists.]
03-14 07:17:00.702 1533 1975 E DisplayDeviceConfig: requesting nits when no mapping exists.
03-14 07:17:00.702 1533 1638 I am_wtf : [0,1533,system_server,-1,DisplayDeviceConfig,requesting nits when no mapping exists.]
03-14 07:17:00.702 1533 1975 E DisplayDeviceConfig: requesting nits when no mapping exists.
03-14 07:17:00.702 1533 1638 I am_wtf : [0,1533,system_server,-1,DisplayDeviceConfig,requesting nits when no mapping exists.]
03-14 07:17:00.719 1533 1975 E DisplayDeviceConfig: requesting nits when no mapping exists.
03-14 07:17:00.719 1533 1975 E DisplayDeviceConfig: requesting nits when no mapping exists.
03-14 07:17:00.719 1533 1638 I am_wtf : [0,1533,system_server,-1,DisplayDeviceConfig,requesting nits when no mapping exists.]
03-14 07:17:00.719 1533 1638 I am_wtf : [0,1533,system_server,-1,DisplayDeviceConfig,requesting nits when no mapping exists.]
03-14 07:17:00.735 1533 1975 E DisplayDeviceConfig: requesting nits when no mapping exists.
03-14 07:17:00.735 1533 1975 E DisplayDeviceConfig: requesting nits when no mapping exists.
03-14 07:17:00.735 1533 1638 I am_wtf : [0,1533,system_server,-1,DisplayDeviceConfig,requesting nits when no mapping exists.]
03-14 07:17:00.736 1533 1638 I am_wtf : [0,1533,system_server,-1,DisplayDeviceConfig,requesting nits when no mapping exists.]
03-14 07:17:00.752 1533 1975 E DisplayDeviceConfig: requesting nits when no mapping exists.
03-14 07:17:00.752 1533 1975 E DisplayDeviceConfig: requesting nits when no mapping exists.
03-14 07:17:00.752 1533 1638 I am_wtf : [0,1533,system_server,-1,DisplayDeviceConfig,requesting nits when no mapping exists.]
03-14 07:17:00.752 1533 1638 I am_wtf : [0,1533,system_server,-1,DisplayDeviceConfig,requesting nits when no mapping exists.]
