03-14 07:19:45.968 1533 1781 I input_interaction: Interaction with: 587a4a0 com.android.launcher3/com.android.launcher3.uioverrides.QuickstepLauncher (server), a76c92 com.android.systemui.ImageWallpaper (server), edge-swipe (server), swipe-up (server), PointerEventDispatcher0 (server),
03-14 07:19:45.974 1533 1666 V DisplayPowerController[0]: Brightness [1.0] reason changing to: 'manual', previous reason: 'manual [ dim ]'.
03-14 07:19:45.974 1533 1666 I sysui_multi_action: [757,1696,758,6,759,3]
03-14 07:19:45.978 1533 1975 E DisplayDeviceConfig: requesting nits when no mapping exists.
03-14 07:19:45.979 1533 1975 E DisplayDeviceConfig: requesting nits when no mapping exists.
03-14 07:19:45.979 1533 1638 I am_wtf : [0,1533,system_server,-1,DisplayDeviceConfig,requesting nits when no mapping exists.]
03-14 07:19:45.981 1533 1638 I am_wtf : [0,1533,system_server,-1,DisplayDeviceConfig,requesting nits when no mapping exists.]
03-14 07:19:45.995 1533 1975 E DisplayDeviceConfig: requesting nits when no mapping exists.
03-14 07:19:45.996 1533 1638 I am_wtf : [0,1533,system_server,-1,DisplayDeviceConfig,requesting nits when no mapping exists.]
03-14 07:19:45.996 1533 1975 E DisplayDeviceConfig: requesting nits when no mapping exists.
03-14 07:19:45.996 1533 1638 I am_wtf : [0,1533,system_server,-1,DisplayDeviceConfig,requesting nits when no mapping exists.]
03-14 07:19:46.011 1533 1975 E DisplayDeviceConfig: requesting nits when no mapping exists.
03-14 07:19:46.012 1533 1975 E DisplayDeviceConfig: requesting nits when no mapping exists.
03-14 07:19:46.012 1533 1638 I am_wtf : [0,1533,system_server,-1,DisplayDeviceConfig,requesting nits when no mapping exists.]
03-14 07:19:46.013 1533 1638 I am_wtf : [0,1533,system_server,-1,DisplayDeviceConfig,requesting nits when no mapping exists.]
03-14 07:19:46.016 1533 1975 E DisplayDeviceConfig: requesting nits when no mapping exists.
03-14 07:19:46.016 1533 1975 E DisplayDeviceConfig: requesting nits when no mapping exists.
03-14 07:19:46.016 1533 1638 I am_wtf : [0,1533,system_server,-1,DisplayDeviceConfig,requesting nits when no mapping exists.]
03-14 07:19:46.017 1533 1638 I am_wtf : [0,1533,system_server,-1,DisplayDeviceConfig,requesting nits when no mapping exists.]
03-14 07:19:46.033 1533 1975 E DisplayDeviceConfig: requesting nits when no mapping exists.
03-14 07:19:46.033 1533 1638 I am_wtf : [0,1533,system_server,-1,DisplayDeviceConfig,requesting nits when no mapping exists.]
03-14 07:19:46.033 1533 1975 E DisplayDeviceConfig: requesting nits when no mapping exists.
03-14 07:19:46.034 1533 1638 I am_wtf : [0,1533,system_server,-1,DisplayDeviceConfig,requesting nits when no mapping exists.]
03-14 07:19:46.050 1533 1975 E DisplayDeviceConfig: requesting nits when no mapping exists.
03-14 07:19:46.050 1533 1975 E DisplayDeviceConfig: requesting nits when no mapping exists.
03-14 07:19:46.051 1533 1638 I am_wtf : [0,1533,system_server,-1,DisplayDeviceConfig,requesting nits when no mapping exists.]
03-14 07:19:46.051 1533 1638 I am_wtf : [0,1533,system_server,-1,DisplayDeviceConfig,requesting nits when no mapping exists.]
03-14 07:19:46.066 1533 1975 E DisplayDeviceConfig: requesting nits when no mapping exists.
03-14 07:19:46.067 1533 1975 E DisplayDeviceConfig: requesting nits when no mapping exists.
03-14 07:19:46.068 1533 1638 I am_wtf : [0,1533,system_server,-1,DisplayDeviceConfig,requesting nits when no mapping exists.]
03-14 07:19:46.078 1533 1638 I am_wtf : [0,1533,system_server,-1,DisplayDeviceConfig,requesting nits when no mapping exists.]
03-14 07:19:46.080 1533 1707 I thunderperf: PlatormCompat.setOverrides: Uid1=10074 Pid1=2568 Uid2=10074 Pid2=2568
03-14 07:19:46.080 1533 1707 I thunderperf: PlatormCompat.setOverrides: needCheck:false
03-14 07:19:46.080 1533 1707 I thunderperf: CompatConfig.addOverrideUnsafe: bef-state=1
03-14 07:19:46.080 1533 1707 I thunderperf: CompatConfig.addOverrideUnsafe: aft-state=0
03-14 07:19:46.081 1533 1707 I thunderperf: CompatConfig.addOverrideUnsafe: bef-state=1
03-14 07:19:46.081 1533 1707 I thunderperf: CompatConfig.addOverrideUnsafe: aft-state=0
03-14 07:19:46.081 1533 1707 I thunderperf: CompatConfig.addOverrideUnsafe: bef-state=1
03-14 07:19:46.081 1533 1707 I thunderperf: CompatConfig.addOverrideUnsafe: aft-state=0
03-14 07:19:46.082 1533 1707 I thunderperf: CompatConfig.addOverrideUnsafe: bef-state=1
03-14 07:19:46.082 1533 1707 I thunderperf: CompatConfig.addOverrideUnsafe: aft-state=0
03-14 07:19:46.082 1533 1707 I thunderperf: CompatConfig.addOverrideUnsafe: bef-state=1
03-14 07:19:46.082 1533 1707 I thunderperf: CompatConfig.addOverrideUnsafe: aft-state=0
03-14 07:19:46.082 1533 1707 I thunderperf: CompatConfig.addOverrideUnsafe: bef-state=1
03-14 07:19:46.082 1533 1975 E DisplayDeviceConfig: requesting nits when no mapping exists.
03-14 07:19:46.082 1533 1707 I thunderperf: CompatConfig.addOverrideUnsafe: aft-state=0
03-14 07:19:46.083 1533 1638 I am_wtf : [0,1533,system_server,-1,DisplayDeviceConfig,requesting nits when no mapping exists.]
03-14 07:19:46.083 1533 1975 E DisplayDeviceConfig: requesting nits when no mapping exists.
03-14 07:19:46.083 1533 1707 I thunderperf: CompatConfig.addOverrideUnsafe: bef-state=1
03-14 07:19:46.083 1533 1707 I thunderperf: CompatConfig.addOverrideUnsafe: aft-state=0
03-14 07:19:46.083 1533 1638 I am_wtf : [0,1533,system_server,-1,DisplayDeviceConfig,requesting nits when no mapping exists.]
03-14 07:19:46.083 1533 1707 I thunderperf: CompatConfig.addOverrideUnsafe: bef-state=1
03-14 07:19:46.083 1533 1707 I thunderperf: CompatConfig.addOverrideUnsafe: aft-state=0
03-14 07:19:46.083 1533 1707 I thunderperf: CompatConfig.addOverrideUnsafe: bef-state=1
03-14 07:19:46.084 1533 1707 I thunderperf: CompatConfig.addOverrideUnsafe: aft-state=0
03-14 07:19:46.084 1533 1707 I thunderperf: CompatConfig.addOverrideUnsafe: bef-state=1
03-14 07:19:46.084 1533 1707 I thunderperf: CompatConfig.addOverrideUnsafe: aft-state=0
03-14 07:19:46.084 1533 1707 I thunderperf: CompatConfig.addOverrideUnsafe: bef-state=1
03-14 07:19:46.084 1533 1707 I thunderperf: CompatConfig.addOverrideUnsafe: aft-state=0
03-14 07:19:46.085 1533 1707 I thunderperf: CompatConfig.addOverrideUnsafe: bef-state=1
03-14 07:19:46.085 1533 1707 I thunderperf: CompatConfig.addOverrideUnsafe: aft-state=0
03-14 07:19:46.085 1533 1707 I thunderperf: CompatConfig.addOverrideUnsafe: bef-state=1
03-14 07:19:46.085 1533 1707 I thunderperf: CompatConfig.addOverrideUnsafe: aft-state=0
03-14 07:19:46.085 1533 1707 I thunderperf: CompatConfig.addOverrideUnsafe: bef-state=1
03-14 07:19:46.085 1533 1707 I thunderperf: CompatConfig.addOverrideUnsafe: aft-state=0
03-14 07:19:46.087 1533 1707 I ActivityTaskManager: START u0 {act=android.intent.action.MAIN cat=[android.intent.category.LAUNCHER] flg=0x10200000 cmp=com.tencent.tmgp.sgame/.SGameActivity bnds=[1319,84][1621,378]} from uid 10074
03-14 07:19:46.088 1533 1707 I wm_task_moved: [95,1,9]
03-14 07:19:46.088 1533 1707 I wm_task_to_front: [0,95]
03-14 07:19:46.088 1533 1707 I wm_focused_root_task: [0,0,95,11,bringingFoundTaskToFront]
03-14 07:19:46.088 1533 1707 I wm_set_resumed_activity: [0,com.tencent.tmgp.sgame/.SGameActivity,bringingFoundTaskToFront]
03-14 07:19:46.088 1533 1707 I wm_new_intent: [0,50396061,95,com.tencent.tmgp.sgame/.SGameActivity,android.intent.action.MAIN,NULL,NULL,270532608]
03-14 07:19:46.089 1533 1707 I wm_pause_activity: [0,57706815,com.android.launcher3/.uioverrides.QuickstepLauncher,userLeaving=true,pauseBackTasks]
03-14 07:19:46.091 1533 2514 W FreeFormWindowHelper: Current Display FreeFormTask is null
03-14 07:19:46.092 2568 2568 I wm_on_top_resumed_lost_called: [57706815,com.android.launcher3.uioverrides.QuickstepLauncher,topStateChangedWhenResumed]
03-14 07:19:46.092 2568 2568 I wm_on_paused_called: [57706815,com.android.launcher3.uioverrides.QuickstepLauncher,performPause]
03-14 07:19:46.093 1533 2514 I ActivityTaskManager: FOREGROUND_APPLICATION_CHANGED to com.tencent.tmgp.sgame.SGameActivity
03-14 07:19:46.094 1533 2514 I wm_set_resumed_activity: [0,com.tencent.tmgp.sgame/.SGameActivity,resumeTopActivityInnerLocked]
03-14 07:19:46.094 1533 2514 I wm_add_to_stopping: [0,57706815,com.android.launcher3/.uioverrides.QuickstepLauncher,makeInvisible]
03-14 07:19:46.095 1533 2514 I wm_resume_activity: [0,50396061,95,com.tencent.tmgp.sgame/.SGameActivity]
03-14 07:19:46.101 1533 1975 E DisplayDeviceConfig: requesting nits when no mapping exists.
03-14 07:19:46.101 1533 1975 E DisplayDeviceConfig: requesting nits when no mapping exists.
03-14 07:19:46.101 1533 1638 I am_wtf : [0,1533,system_server,-1,DisplayDeviceConfig,requesting nits when no mapping exists.]
03-14 07:19:46.101 1533 1638 I am_wtf : [0,1533,system_server,-1,DisplayDeviceConfig,requesting nits when no mapping exists.]
03-14 07:19:46.101 2101 3642 W ContextImpl: Calling a method in the system process without a qualified user: android.app.ContextImpl.startService:1816 android.content.ContextWrapper.startService:774 com.thundercomm.gamemode.ingame.services.GameModeActionUtils.startGameModeService:118 com.thundercomm.gamemode.ingame.services.GameModeActionUtils.startGameModeEntry:29 com.thundercomm.gamemode.ingame.services.ActivityMonitoringService$1.onActivityLaunch:140
03-14 07:19:46.105 1533 1533 I GameModeConfig: Current uri is uri = content://com.thundercomm.gamemode.api/gamemode_settings/gamemode_isgaming
03-14 07:19:46.107 1533 1781 I input_focus: [Focus leaving 587a4a0 com.android.launcher3/com.android.launcher3.uioverrides.QuickstepLauncher (server),reason=NO_WINDOW]
03-14 07:19:46.108 1533 1622 I sysui_multi_action: [757,803,799,window_time_0,802,54]
03-14 07:19:46.108 27685 27685 I wm_on_restart_called: [50396061,com.tencent.tmgp.sgame.SGameActivity,performRestartActivity]
03-14 07:19:46.108 1533 1533 I GameModeConfig: isGameModeOn = true
03-14 07:19:46.108 1533 1533 I GameModeConfig: isGaming = true
03-14 07:19:46.108 1533 1533 I GameModeConfig: isDisableNotification = true
03-14 07:19:46.108 1533 1533 I GameModeConfig: isGameModeOn = true
03-14 07:19:46.108 1533 1533 I GameModeConfig: isGaming = true
03-14 07:19:46.108 1533 1533 I GameModeConfig: isDisableNotification = true
03-14 07:19:46.109 27685 27685 I wm_on_start_called: [50396061,com.tencent.tmgp.sgame.SGameActivity,handleStartActivity]
03-14 07:19:46.114 1533 2514 D CompatibilityChangeReporter: Compat change id reported: 168419799; UID 1000; state: DISABLED
03-14 07:19:46.119 27685 27685 I wm_on_resume_called: [50396061,com.tencent.tmgp.sgame.SGameActivity,RESUME_ACTIVITY]
03-14 07:19:46.119 27685 27685 I wm_on_top_resumed_gained_called: [50396061,com.tencent.tmgp.sgame.SGameActivity,topWhenResuming]
01-02 06:48:25.306 0 0 W ALERT : changing window size from 16000000 to 20000000 at 12531524022405
01-02 06:48:25.309 0 0 I : [MAX975X:max96755x_drm_notifier_callback] *INFO* receives EARLY_BLANK:UNBLANK
01-02 06:48:25.309 0 0 I atmel_mxt_ts 0-004a: FB event:2,blank:0
01-02 06:48:25.309 0 0 I atmel_mxt_ts 0-004a: suspend: event = 2, blank = 0, not care
01-02 06:48:25.309 0 0 I [drm:dsi_display_set_mode] [msm-dsi-info]: mdp_transfer_time_us=0 us
01-02 06:48:25.309 0 0 I [drm:dsi_display_set_mode] [msm-dsi-info]: hactive= 2560,vactive= 1080,fps=30
01-02 06:48:25.310 0 0 I : [MAX975X:max96755x_drm_notifier_callback] *INFO* receives BLANK:UNBLANK
01-02 06:48:25.310 0 0 I atmel_mxt_ts 0-004a: FB event:1,blank:0
01-02 06:48:25.310 0 0 I atmel_mxt_ts 0-004a: drm_notifier_callback: UNBLANK! Resume by drm notifier.
03-14 07:19:46.124 1533 1623 I input_focus: [Focus request f5483db com.tencent.tmgp.sgame/com.tencent.tmgp.sgame.SGameActivity,reason=UpdateInputWindows]
03-14 07:19:46.125 1533 1975 E DisplayDeviceConfig: requesting nits when no mapping exists.
03-14 07:19:46.125 1533 1975 E DisplayDeviceConfig: requesting nits when no mapping exists.
03-14 07:19:46.127 1533 1638 I am_wtf : [0,1533,system_server,-1,DisplayDeviceConfig,requesting nits when no mapping exists.]
03-14 07:19:46.132 1533 1619 I sysui_multi_action: [319,16,321,14,322,42,325,12531,757,761,758,9,759,4,806,com.tencent.tmgp.sgame,871,com.tencent.tmgp.sgame.SGameActivity,904,com.android.launcher3,905,0,1320,21,1321,5]
03-14 07:19:46.132 1533 1638 I am_wtf : [0,1533,system_server,-1,DisplayDeviceConfig,requesting nits when no mapping exists.]
03-14 07:19:46.135 1533 1622 I DisplayDeviceRepository: Display device changed: DisplayDeviceInfo{"内置屏幕": uniqueId="local:4630946816427681409", 2560 x 1080, modeId 3, defaultModeId 1, supportedModes [{id=1, width=2560, height=1080, fps=60.000004, alternativeRefreshRates=[30.000002, 45.0]}, {id=2, width=2560, height=1080, fps=45.0, alternativeRefreshRates=[30.000002, 60.000004]}, {id=3, width=2560, height=1080, fps=30.000002, alternativeRefreshRates=[45.0, 60.000004]}], colorMode 0, supportedColorModes [0], hdrCapabilities HdrCapabilities{mSupportedHdrTypes=[2, 3, 4], mMaxLuminance=500.0, mMaxAverageLuminance=500.0, mMinLuminance=0.0}, allmSupported false, gameContentTypeSupported false, density 240, 320.315 x 318.976 dpi, appVsyncOff 1000000, presDeadline 33333333, touch INTERNAL, rotation 0, type INTERNAL, address {port=129, model=0x40446d97fee5e6}, deviceProductInfo DeviceProductInfo{name=, manufacturerPnpId=QCM, productId=1, modelYear=null, manufactureDate=ManufactureDate{week=27, year=2006}, connectionToSinkType=0}, state ON, frameRateOverride , brightnessMinimum 0.0, brightnessMaximum 1.0, brightnessDefault 1.0, FLAG_DEFAULT_DISPLAY, FLAG_ROTATES_WITH_CONTENT, FLAG_SECURE, FLAG_SUPPORTS_PROTECTED_BUFFERS}
03-14 07:19:46.137 1533 1975 E DisplayDeviceConfig: requesting nits when no mapping exists.
03-14 07:19:46.137 1533 1975 E DisplayDeviceConfig: requesting nits when no mapping exists.
03-14 07:19:46.138 1533 1638 I am_wtf : [0,1533,system_server,-1,DisplayDeviceConfig,requesting nits when no mapping exists.]
03-14 07:19:46.139 1533 1638 I am_wtf : [0,1533,system_server,-1,DisplayDeviceConfig,requesting nits when no mapping exists.]
03-14 07:19:46.140 1533 1781 I input_focus: [Focus entering f5483db com.tencent.tmgp.sgame/com.tencent.tmgp.sgame.SGameActivity (server),reason=setFocusedWindow]
03-14 07:19:46.152 1533 1975 E DisplayDeviceConfig: requesting nits when no mapping exists.
03-14 07:19:46.152 1533 1975 E DisplayDeviceConfig: requesting nits when no mapping exists.
03-14 07:19:46.152 1533 1638 I am_wtf : [0,1533,system_server,-1,DisplayDeviceConfig,requesting nits when no mapping exists.]
03-14 07:19:46.153 1533 1638 I am_wtf : [0,1533,system_server,-1,DisplayDeviceConfig,requesting nits when no mapping exists.]
03-14 07:19:46.169 1533 1975 E DisplayDeviceConfig: requesting nits when no mapping exists.
03-14 07:19:46.169 1533 1975 E DisplayDeviceConfig: requesting nits when no mapping exists.
03-14 07:19:46.169 1533 1638 I am_wtf : [0,1533,system_server,-1,DisplayDeviceConfig,requesting nits when no mapping exists.]
03-14 07:19:46.169 1533 1638 I am_wtf : [0,1533,system_server,-1,DisplayDeviceConfig,requesting nits when no mapping exists.]
03-14 07:19:46.185 1533 1975 E DisplayDeviceConfig: requesting nits when no mapping exists.
03-14 07:19:46.185 1533 1975 E DisplayDeviceConfig: requesting nits when no mapping exists.
03-14 07:19:46.185 1533 1638 I am_wtf : [0,1533,system_server,-1,DisplayDeviceConfig,requesting nits when no mapping exists.]
03-14 07:19:46.186 1533 1638 I am_wtf : [0,1533,system_server,-1,DisplayDeviceConfig,requesting nits when no mapping exists.]
03-14 07:19:46.197 1533 8565 W FreeFormWindowHelper: Current Display FreeFormTask is null
03-14 07:19:46.219 1533 1975 E DisplayDeviceConfig: requesting nits when no mapping exists.
03-14 07:19:46.219 1533 1975 E DisplayDeviceConfig: requesting nits when no mapping exists.
03-14 07:19:46.219 1533 1638 I am_wtf : [0,1533,system_server,-1,DisplayDeviceConfig,requesting nits when no mapping exists.]
03-14 07:19:46.220 1533 1638 I am_wtf : [0,1533,system_server,-1,DisplayDeviceConfig,requesting nits when no mapping exists.]
03-14 07:19:46.252 1533 1975 E DisplayDeviceConfig: requesting nits when no mapping exists.
03-14 07:19:46.252 1533 1975 E DisplayDeviceConfig: requesting nits when no mapping exists.
03-14 07:19:46.252 1533 1638 I am_wtf : [0,1533,system_server,-1,DisplayDeviceConfig,requesting nits when no mapping exists.]
03-14 07:19:46.252 1533 1638 I am_wtf : [0,1533,system_server,-1,DisplayDeviceConfig,requesting nits when no mapping exists.]
03-14 07:19:46.285 1533 1975 E DisplayDeviceConfig: requesting nits when no mapping exists.
03-14 07:19:46.285 1533 1975 E DisplayDeviceConfig: requesting nits when no mapping exists.
03-14 07:19:46.285 1533 1638 I am_wtf : [0,1533,system_server,-1,DisplayDeviceConfig,requesting nits when no mapping exists.]
03-14 07:19:46.286 1533 1638 I am_wtf : [0,1533,system_server,-1,DisplayDeviceConfig,requesting nits when no mapping exists.]
03-14 07:19:46.303 1533 1739 I commit_sys_config_file: [settings-1-0,1]
03-14 07:19:46.319 1533 1975 E DisplayDeviceConfig: requesting nits when no mapping exists.
03-14 07:19:46.319 1533 1975 E DisplayDeviceConfig: requesting nits when no mapping exists.
03-14 07:19:46.319 1533 1638 I am_wtf : [0,1533,system_server,-1,DisplayDeviceConfig,requesting nits when no mapping exists.]
03-14 07:19:46.319 1533 1638 I am_wtf : [0,1533,system_server,-1,DisplayDeviceConfig,requesting nits when no mapping exists.]
03-14 07:19:46.354 1533 1975 E DisplayDeviceConfig: requesting nits when no mapping exists.
03-14 07:19:46.354 1533 1975 E DisplayDeviceConfig: requesting nits when no mapping exists.
03-14 07:19:46.354 1533 1638 I am_wtf : [0,1533,system_server,-1,DisplayDeviceConfig,requesting nits when no mapping exists.]
03-14 07:19:46.354 1533 1638 I am_wtf : [0,1533,system_server,-1,DisplayDeviceConfig,requesting nits when no mapping exists.]
03-14 07:19:46.386 1533 1975 E DisplayDeviceConfig: requesting nits when no mapping exists.
03-14 07:19:46.386 1533 1975 E DisplayDeviceConfig: requesting nits when no mapping exists.
03-14 07:19:46.386 1533 1638 I am_wtf : [0,1533,system_server,-1,DisplayDeviceConfig,requesting nits when no mapping exists.]
03-14 07:19:46.386 1533 1638 I am_wtf : [0,1533,system_server,-1,DisplayDeviceConfig,requesting nits when no mapping exists.]
03-14 07:19:46.420 1533 1975 E DisplayDeviceConfig: requesting nits when no mapping exists.
03-14 07:19:46.420 1533 1975 E DisplayDeviceConfig: requesting nits when no mapping exists.
03-14 07:19:46.420 1533 1638 I am_wtf : [0,1533,system_server,-1,DisplayDeviceConfig,requesting nits when no mapping exists.]
03-14 07:19:46.420 1533 1638 I am_wtf : [0,1533,system_server,-1,DisplayDeviceConfig,requesting nits when no mapping exists.]
03-14 07:19:46.452 1533 1975 E DisplayDeviceConfig: requesting nits when no mapping exists.
03-14 07:19:46.453 1533 1975 E DisplayDeviceConfig: requesting nits when no mapping exists.
03-14 07:19:46.453 1533 1638 I am_wtf : [0,1533,system_server,-1,DisplayDeviceConfig,requesting nits when no mapping exists.]
03-14 07:19:46.454 1533 1638 I am_wtf : [0,1533,system_server,-1,DisplayDeviceConfig,requesting nits when no mapping exists.]
03-14 07:19:46.486 1533 1975 E DisplayDeviceConfig: requesting nits when no mapping exists.
03-14 07:19:46.486 1533 1975 E DisplayDeviceConfig: requesting nits when no mapping exists.
03-14 07:19:46.486 1533 1638 I am_wtf : [0,1533,system_server,-1,DisplayDeviceConfig,requesting nits when no mapping exists.]
03-14 07:19:46.487 1533 1638 I am_wtf : [0,1533,system_server,-1,DisplayDeviceConfig,requesting nits when no mapping exists.]
03-14 07:19:46.519 1533 1975 E DisplayDeviceConfig: requesting nits when no mapping exists.
03-14 07:19:46.520 1533 1975 E DisplayDeviceConfig: requesting nits when no mapping exists.
03-14 07:19:46.521 1533 1638 I am_wtf : [0,1533,system_server,-1,DisplayDeviceConfig,requesting nits when no mapping exists.]
03-14 07:19:46.521 1533 1638 I am_wtf : [0,1533,system_server,-1,DisplayDeviceConfig,requesting nits when no mapping exists.]
03-14 07:19:46.553 1533 1975 E DisplayDeviceConfig: requesting nits when no mapping exists.
03-14 07:19:46.553 1533 1975 E DisplayDeviceConfig: requesting nits when no mapping exists.
03-14 07:19:46.553 1533 1638 I am_wtf : [0,1533,system_server,-1,DisplayDeviceConfig,requesting nits when no mapping exists.]
03-14 07:19:46.553 1533 1638 I am_wtf : [0,1533,system_server,-1,DisplayDeviceConfig,requesting nits when no mapping exists.]
03-14 07:19:46.586 1533 1975 E DisplayDeviceConfig: requesting nits when no mapping exists.
03-14 07:19:46.586 1533 1975 E DisplayDeviceConfig: requesting nits when no mapping exists.
03-14 07:19:46.586 1533 1638 I am_wtf : [0,1533,system_server,-1,DisplayDeviceConfig,requesting nits when no mapping exists.]
03-14 07:19:46.587 1533 1638 I am_wtf : [0,1533,system_server,-1,DisplayDeviceConfig,requesting nits when no mapping exists.]
03-14 07:19:46.611 0 0 I auditd : type=1400 audit(0.0:15876): avc: denied { kill } for comm="swapper/1" capability=5 scontext=u:r:kernel:s0 tcontext=u:r:kernel:s0 tclass=capability permissive=0
03-14 07:19:46.620 1533 1975 E DisplayDeviceConfig: requesting nits when no mapping exists.
03-14 07:19:46.620 1533 1975 E DisplayDeviceConfig: requesting nits when no mapping exists.
03-14 07:19:46.621 1533 1638 I am_wtf : [0,1533,system_server,-1,DisplayDeviceConfig,requesting nits when no mapping exists.]
03-14 07:19:46.621 1533 1638 I am_wtf : [0,1533,system_server,-1,DisplayDeviceConfig,requesting nits when no mapping exists.]
03-14 07:19:46.653 1533 1975 E DisplayDeviceConfig: requesting nits when no mapping exists.
03-14 07:19:46.653 1533 1975 E DisplayDeviceConfig: requesting nits when no mapping exists.
03-14 07:19:46.653 1533 1638 I am_wtf : [0,1533,system_server,-1,DisplayDeviceConfig,requesting nits when no mapping exists.]
03-14 07:19:46.653 1533 1638 I am_wtf : [0,1533,system_server,-1,DisplayDeviceConfig,requesting nits when no mapping exists.]
03-14 07:19:46.654 1533 1622 I wm_stop_activity: [0,57706815,com.android.launcher3/.uioverrides.QuickstepLauncher]
03-14 07:19:46.686 1533 1975 E DisplayDeviceConfig: requesting nits when no mapping exists.
03-14 07:19:46.686 1533 1975 E DisplayDeviceConfig: requesting nits when no mapping exists.
03-14 07:19:46.686 1533 1638 I am_wtf : [0,1533,system_server,-1,DisplayDeviceConfig,requesting nits when no mapping exists.]
03-14 07:19:46.687 1533 1638 I am_wtf : [0,1533,system_server,-1,DisplayDeviceConfig,requesting nits when no mapping exists.]
03-14 07:19:46.693 2568 2568 I wm_on_stop_called: [57706815,com.android.launcher3.uioverrides.QuickstepLauncher,STOP_ACTIVITY_ITEM]
03-14 07:19:46.720 1533 1975 E DisplayDeviceConfig: requesting nits when no mapping exists.
03-14 07:19:46.720 1533 1975 E DisplayDeviceConfig: requesting nits when no mapping exists.
03-14 07:19:46.720 1533 1638 I am_wtf : [0,1533,system_server,-1,DisplayDeviceConfig,requesting nits when no mapping exists.]
03-14 07:19:46.720 1533 1638 I am_wtf : [0,1533,system_server,-1,DisplayDeviceConfig,requesting nits when no mapping exists.]
03-14 07:19:46.753 1533 1975 E DisplayDeviceConfig: requesting nits when no mapping exists.
03-14 07:19:46.753 1533 1975 E DisplayDeviceConfig: requesting nits when no mapping exists.
03-14 07:19:46.753 1533 1638 I am_wtf : [0,1533,system_server,-1,DisplayDeviceConfig,requesting nits when no mapping exists.]
03-14 07:19:46.754 1533 1638 I am_wtf : [0,1533,system_server,-1,DisplayDeviceConfig,requesting nits when no mapping exists.]
03-14 07:19:46.768 1533 1975 E DisplayDeviceConfig: requesting nits when no mapping exists.
03-14 07:19:46.768 1533 1975 E DisplayDeviceConfig: requesting nits when no mapping exists.
03-14 07:19:46.768 1533 1638 I am_wtf : [0,1533,system_server,-1,DisplayDeviceConfig,requesting nits when no mapping exists.]
03-14 07:19:46.768 1533 1638 I am_wtf : [0,1533,system_server,-1,DisplayDeviceConfig,requesting nits when no mapping exists.]
03-14 07:19:46.801 1533 1975 E DisplayDeviceConfig: requesting nits when no mapping exists.
03-14 07:19:46.801 1533 1975 E DisplayDeviceConfig: requesting nits when no mapping exists.
03-14 07:19:46.801 1533 1638 I am_wtf : [0,1533,system_server,-1,DisplayDeviceConfig,requesting nits when no mapping exists.]
03-14 07:19:46.802 1533 1638 I am_wtf : [0,1533,system_server,-1,DisplayDeviceConfig,requesting nits when no mapping exists.]
03-14 07:19:46.834 1533 1975 E DisplayDeviceConfig: requesting nits when no mapping exists.
03-14 07:19:46.835 1533 1975 E DisplayDeviceConfig: requesting nits when no mapping exists.
03-14 07:19:46.835 1533 1638 I am_wtf : [0,1533,system_server,-1,DisplayDeviceConfig,requesting nits when no mapping exists.]
03-14 07:19:46.835 1533 1638 I am_wtf : [0,1533,system_server,-1,DisplayDeviceConfig,requesting nits when no mapping exists.]
03-14 07:19:46.868 1533 1975 E DisplayDeviceConfig: requesting nits when no mapping exists.
03-14 07:19:46.868 1533 1638 I am_wtf : [0,1533,system_server,-1,DisplayDeviceConfig,requesting nits when no mapping exists.]
03-14 07:19:46.868 1533 1975 E DisplayDeviceConfig: requesting nits when no mapping exists.
03-14 07:19:46.868 1533 1638 I am_wtf : [0,1533,system_server,-1,DisplayDeviceConfig,requesting nits when no mapping exists.]
03-14 07:19:46.901 1533 1975 E DisplayDeviceConfig: requesting nits when no mapping exists.
03-14 07:19:46.901 1533 1975 E DisplayDeviceConfig: requesting nits when no mapping exists.
03-14 07:19:46.901 1533 1638 I am_wtf : [0,1533,system_server,-1,DisplayDeviceConfig,requesting nits when no mapping exists.]
03-14 07:19:46.902 1533 1638 I am_wtf : [0,1533,system_server,-1,DisplayDeviceConfig,requesting nits when no mapping exists.]
03-14 07:19:46.935 1533 1975 E DisplayDeviceConfig: requesting nits when no mapping exists.
03-14 07:19:46.935 1533 1975 E DisplayDeviceConfig: requesting nits when no mapping exists.
03-14 07:19:46.935 1533 1638 I am_wtf : [0,1533,system_server,-1,DisplayDeviceConfig,requesting nits when no mapping exists.]
03-14 07:19:46.935 1533 1638 I am_wtf : [0,1533,system_server,-1,DisplayDeviceConfig,requesting nits when no mapping exists.]
03-14 07:19:47.010 1533 1853 I netstats_mobile_sample: [0,0,0,0,0,0,0,0,0,0,0,0,1678775221262]
03-14 07:19:47.010 1533 1853 I netstats_wifi_sample: [93418776,76520,2012773,21743,93418776,76520,2012773,21743,91965405,77910,1666223,20758,1678775221262]
03-14 07:19:47.611 0 0 I auditd : type=1400 audit(0.0:15877): avc: denied { kill } for comm="swapper/1" capability=5 scontext=u:r:kernel:s0 tcontext=u:r:kernel:s0 tclass=capability permissive=0
03-14 07:19:48.611 0 0 I auditd : type=1400 audit(0.0:15878): avc: denied { kill } for comm="swapper/1" capability=5 scontext=u:r:kernel:s0 tcontext=u:r:kernel:s0 tclass=capability permissive=0
01-02 06:48:28.534 0 0 E DTC_ETH,link_delay_work_func: 3003, SQI=0, link=0
03-14 07:19:49.611 0 0 I auditd : type=1400 audit(0.0:15879): avc: denied { kill } for comm="swapper/1" capability=5 scontext=u:r:kernel:s0 tcontext=u:r:kernel:s0 tclass=capability permissive=0
03-14 07:19:51.107 1533 1853 I service_manager_stats: [132,67,6423]
03-14 07:19:51.111 1533 1853 I netstats_mobile_sample: [0,0,0,0,0,0,0,0,0,0,0,0,1678775225363]
03-14 07:19:51.111 1533 1853 I netstats_wifi_sample: [93418776,76520,2012773,21743,93418776,76520,2012773,21743,91965405,77910,1666223,20758,1678775225363]
03-14 07:19:51.611 0 0 I auditd : type=1400 audit(0.0:15880): avc: denied { kill } for comm="swapper/4" capability=5 scontext=u:r:kernel:s0 tcontext=u:r:kernel:s0 tclass=capability permissive=0
03-14 07:19:51.773 1533 1638 I am_uid_idle: 10099
03-14 07:19:51.773 1533 1638 I am_stop_idle_service: [10099,com.qiyi.video/org.qiyi.pluginlibrary.pm.PluginPackageManagerService]
03-14 07:19:51.773 1533 1638 W ActivityManager: Stopping service due to app idle: u0a99 -1m41s427ms com.qiyi.video/org.qiyi.pluginlibrary.pm.PluginPackageManagerService
03-14 07:19:51.773 1533 1638 I am_stop_idle_service: [10099,com.qiyi.video/org.qiyi.pluginlibrary.component.ServiceProxy1]
03-14 07:19:51.773 1533 1638 W ActivityManager: Stopping service due to app idle: u0a99 -1m19s804ms com.qiyi.video/org.qiyi.pluginlibrary.component.ServiceProxy1
03-14 07:19:51.773 1533 1638 I am_stop_idle_service: [10099,com.qiyi.video/com.q.m.QS]
03-14 07:19:51.773 1533 1638 W ActivityManager: Stopping service due to app idle: u0a99 -1m38s643ms com.qiyi.video/com.q.m.QS
03-14 07:19:51.773 1533 1638 I am_stop_idle_service: [10099,com.qiyi.video/com.iqiyi.video.download.QiyiDownloadCenterService]
03-14 07:19:51.773 1533 1638 W ActivityManager: Stopping service due to app idle: u0a99 -1m30s971ms com.qiyi.video/com.iqiyi.video.download.QiyiDownloadCenterService
03-14 07:19:51.773 1533 1638 I am_stop_idle_service: [10099,com.qiyi.video/org.qiyi.android.plugin.ipc.IPCPluginNativeService]
03-14 07:19:51.773 1533 1638 W ActivityManager: Stopping service due to app idle: u0a99 -1m19s919ms com.qiyi.video/org.qiyi.android.plugin.ipc.IPCPluginNativeService
03-14 07:19:51.773 1533 1638 I am_stop_idle_service: [10099,com.qiyi.video/org.qiyi.video.module.icommunication.ipc.HostService]
03-14 07:19:51.773 1533 1638 W ActivityManager: Stopping service due to app idle: u0a99 -1m30s937ms com.qiyi.video/org.qiyi.video.module.icommunication.ipc.HostService
03-14 07:19:51.773 1533 1638 I am_stop_idle_service: [10099,com.qiyi.video/org.qiyi.android.plugin.ipc.IPCService1]
03-14 07:19:51.773 1533 1638 W ActivityManager: Stopping service due to app idle: u0a99 -1m20s904ms com.qiyi.video/org.qiyi.android.plugin.ipc.IPCService1
03-14 07:19:52.611 89 89 I auditd : type=1400 audit(0.0:15881): avc: denied { kill } for comm="qmp_aop" capability=5 scontext=u:r:kernel:s0 tcontext=u:r:kernel:s0 tclass=capability permissive=0
03-14 07:19:53.611 0 0 I auditd : type=1400 audit(0.0:15882): avc: denied { kill } for comm="swapper/4" capability=5 scontext=u:r:kernel:s0 tcontext=u:r:kernel:s0 tclass=capability permissive=0
01-02 06:48:33.654 0 0 E DTC_ETH,link_delay_work_func: 3003, SQI=0, link=0
03-14 07:19:55.435 1533 1853 I netstats_mobile_sample: [0,0,0,0,0,0,0,0,0,0,0,0,1678775229686]
03-14 07:19:55.435 1533 1853 I netstats_wifi_sample: [93418776,76520,2012773,21743,93418776,76520,2012773,21743,91965405,77910,1666223,20758,1678775229686]
03-14 07:19:55.611 0 0 I auditd : type=1400 audit(0.0:15883): avc: denied { kill } for comm="swapper/7" capability=5 scontext=u:r:kernel:s0 tcontext=u:r:kernel:s0 tclass=capability permissive=0
03-14 07:19:56.611 0 0 I auditd : type=1400 audit(0.0:15884): avc: denied { kill } for comm="swapper/7" capability=5 scontext=u:r:kernel:s0 tcontext=u:r:kernel:s0 tclass=capability permissive=0
03-14 07:19:57.611 0 0 I auditd : type=1400 audit(0.0:15885): avc: denied { kill } for comm="swapper/7" capability=5 scontext=u:r:kernel:s0 tcontext=u:r:kernel:s0 tclass=capability permissive=0
03-14 07:19:58.611 0 0 I auditd : type=1400 audit(0.0:15886): avc: denied { kill } for comm="swapper/7" capability=5 scontext=u:r:kernel:s0 tcontext=u:r:kernel:s0 tclass=capability permissive=0
01-02 06:48:38.775 0 0 E DTC_ETH,link_delay_work_func: 3003, SQI=0, link=0
03-14 07:19:59.611 0 0 I auditd : type=1400 audit(0.0:15887): avc: denied { kill } for comm="swapper/7" capability=5 scontext=u:r:kernel:s0 tcontext=u:r:kernel:s0 tclass=capability permissive=0
03-14 07:20:00.296 1533 1853 I netstats_mobile_sample: [0,0,0,0,0,0,0,0,0,0,0,0,1678775234548]
03-14 07:20:00.296 1533 1853 I netstats_wifi_sample: [93418776,76520,2012773,21743,93418776,76520,2012773,21743,91965405,77910,1666223,20758,1678775234548]
03-14 07:20:00.423 1533 1781 I input_interaction: Interaction with: edge-swipe (server), swipe-up (server), PointerEventDispatcher0 (server),
03-14 07:20:00.611 0 0 I auditd : type=1400 audit(0.0:15888): avc: denied { kill } for comm="swapper/7" capability=5 scontext=u:r:kernel:s0 tcontext=u:r:kernel:s0 tclass=capability permissive=0
03-14 07:20:00.974 1533 1781 I input_interaction: Interaction with: 73e9600 gamemode.floatview (server), edge-swipe (server), swipe-up (server), PointerEventDispatcher0 (server),
03-14 07:20:01.611 0 0 I auditd : type=1400 audit(0.0:15889): avc: denied { kill } for comm="swapper/7" capability=5 scontext=u:r:kernel:s0 tcontext=u:r:kernel:s0 tclass=capability permissive=0
03-14 07:20:02.611 19910 19910 I auditd : type=1400 audit(0.0:15890): avc: denied { kill } for comm="kworker/u17:0" capability=5 scontext=u:r:kernel:s0 tcontext=u:r:kernel:s0 tclass=capability permissive=0
03-14 07:20:03.326 1533 1781 I input_interaction: Interaction with: cec1250 gamemode.menuview (server), edge-swipe (server), swipe-up (server), PointerEventDispatcher0 (server),
03-14 07:20:03.572 1533 2037 E PackageDexUsage: Unsupported context?
03-14 07:20:03.611 0 0 I auditd : type=1400 audit(0.0:15891): avc: denied { kill } for comm="swapper/7" capability=5 scontext=u:r:kernel:s0 tcontext=u:r:kernel:s0 tclass=capability permissive=0
03-14 07:20:04.246 1533 1853 I netstats_mobile_sample: [0,0,0,0,0,0,0,0,0,0,0,0,1678775238498]
03-14 07:20:04.246 1533 1853 I netstats_wifi_sample: [93418776,76520,2012773,21743,93418776,76520,2012773,21743,91965405,77910,1666223,20758,1678775238498]
03-14 07:20:04.611 0 0 I auditd : type=1400 audit(0.0:15892): avc: denied { kill } for comm="swapper/7" capability=5 scontext=u:r:kernel:s0 tcontext=u:r:kernel:s0 tclass=capability permissive=0
01-02 06:48:43.894 0 0 E DTC_ETH,link_delay_work_func: 3003, SQI=0, link=0
03-14 07:20:05.611 0 0 I auditd : type=1400 audit(0.0:15893): avc: denied { kill } for comm="swapper/7" capability=5 scontext=u:r:kernel:s0 tcontext=u:r:kernel:s0 tclass=capability permissive=0
03-14 07:20:06.611 0 0 I auditd : type=1400 audit(0.0:15894): avc: denied { kill } for comm="swapper/7" capability=5 scontext=u:r:kernel:s0 tcontext=u:r:kernel:s0 tclass=capability permissive=0
03-14 07:20:07.611 0 0 I auditd : type=1400 audit(0.0:15895): avc: denied { kill } for comm="swapper/6" capability=5 scontext=u:r:kernel:s0 tcontext=u:r:kernel:s0 tclass=capability permissive=0
03-14 07:20:07.939 1533 1853 I netstats_mobile_sample: [0,0,0,0,0,0,0,0,0,0,0,0,1678775242190]
03-14 07:20:07.940 1533 1853 I netstats_wifi_sample: [93418776,76520,2012773,21743,93418776,76520,2012773,21743,91965405,77910,1666223,20758,1678775242190]
03-14 07:20:08.611 0 0 I auditd : type=1400 audit(0.0:15896): avc: denied { kill } for comm="swapper/6" capability=5 scontext=u:r:kernel:s0 tcontext=u:r:kernel:s0 tclass=capability permissive=0
03-14 07:20:08.915 1533 1781 I input_interaction: Interaction with: 1e7507b gamemode.floatview (server), edge-swipe (server), swipe-up (server), PointerEventDispatcher0 (server),
03-14 07:20:09.611 0 0 I auditd : type=1400 audit(0.0:15897): avc: denied { kill } for comm="swapper/6" capability=5 scontext=u:r:kernel:s0 tcontext=u:r:kernel:s0 tclass=capability permissive=0
01-02 06:48:49.014 0 0 E DTC_ETH,link_delay_work_func: 3003, SQI=0, link=0
03-14 07:20:10.024 1533 1781 I input_interaction: Interaction with: b26bf9d gamemode.menuview (server), edge-swipe (server), swipe-up (server), PointerEventDispatcher0 (server),
03-14 07:20:10.117 2101 2101 W ContextImpl: Calling a method in the system process without a qualified user: android.app.ContextImpl.startActivity:1067 android.content.ContextWrapper.startActivity:433 com.thundercomm.gamemode.util.AppUtils.startAppMini:183 com.thundercomm.gamemode.ingame.ui.view.MenuView.onAppMiniItemClick:487 com.thundercomm.gamemode.viewholder.AppMiniItemViewHolder$1.onClick:119
03-14 07:20:10.122 1533 8565 I thunderperf: PlatormCompat.setOverrides: Uid1=1000 Pid1=2101 Uid2=1000 Pid2=2101
03-14 07:20:10.122 1533 8565 I thunderperf: PlatormCompat.setOverrides: needCheck:false
03-14 07:20:10.122 1533 8565 I thunderperf: CompatConfig.addOverrideUnsafe: bef-state=0
03-14 07:20:10.122 1533 8565 I thunderperf: CompatConfig.addOverrideUnsafe: aft-state=0
03-14 07:20:10.123 1533 8565 I thunderperf: CompatConfig.addOverrideUnsafe: bef-state=0
03-14 07:20:10.123 1533 8565 I thunderperf: CompatConfig.addOverrideUnsafe: aft-state=0
03-14 07:20:10.124 1533 8565 I thunderperf: CompatConfig.addOverrideUnsafe: bef-state=0
03-14 07:20:10.124 1533 8565 I thunderperf: CompatConfig.addOverrideUnsafe: aft-state=0
03-14 07:20:10.125 1533 8565 I thunderperf: CompatConfig.addOverrideUnsafe: bef-state=0
03-14 07:20:10.125 1533 8565 I thunderperf: CompatConfig.addOverrideUnsafe: aft-state=0
03-14 07:20:10.125 1533 8565 I thunderperf: CompatConfig.addOverrideUnsafe: bef-state=0
03-14 07:20:10.125 1533 8565 I thunderperf: CompatConfig.addOverrideUnsafe: aft-state=0
03-14 07:20:10.126 1533 8565 I thunderperf: CompatConfig.addOverrideUnsafe: bef-state=0
03-14 07:20:10.126 1533 8565 I thunderperf: CompatConfig.addOverrideUnsafe: aft-state=0
03-14 07:20:10.126 1533 8565 I thunderperf: CompatConfig.addOverrideUnsafe: bef-state=0
03-14 07:20:10.126 1533 8565 I thunderperf: CompatConfig.addOverrideUnsafe: aft-state=0
03-14 07:20:10.127 1533 8565 I thunderperf: CompatConfig.addOverrideUnsafe: bef-state=0
03-14 07:20:10.127 1533 8565 I thunderperf: CompatConfig.addOverrideUnsafe: aft-state=0
03-14 07:20:10.127 1533 8565 I thunderperf: CompatConfig.addOverrideUnsafe: bef-state=0
03-14 07:20:10.127 1533 8565 I thunderperf: CompatConfig.addOverrideUnsafe: aft-state=0
03-14 07:20:10.128 1533 8565 I thunderperf: CompatConfig.addOverrideUnsafe: bef-state=0
03-14 07:20:10.128 1533 8565 I thunderperf: CompatConfig.addOverrideUnsafe: aft-state=0
03-14 07:20:10.129 1533 8565 I thunderperf: CompatConfig.addOverrideUnsafe: bef-state=0
03-14 07:20:10.129 1533 8565 I thunderperf: CompatConfig.addOverrideUnsafe: aft-state=0
03-14 07:20:10.129 1533 8565 I thunderperf: CompatConfig.addOverrideUnsafe: bef-state=0
03-14 07:20:10.129 1533 8565 I thunderperf: CompatConfig.addOverrideUnsafe: aft-state=0
03-14 07:20:10.130 1533 8565 I thunderperf: CompatConfig.addOverrideUnsafe: bef-state=0
03-14 07:20:10.130 1533 8565 I thunderperf: CompatConfig.addOverrideUnsafe: aft-state=0
03-14 07:20:10.130 1533 8565 I thunderperf: CompatConfig.addOverrideUnsafe: bef-state=0
03-14 07:20:10.130 1533 8565 I thunderperf: CompatConfig.addOverrideUnsafe: aft-state=0
03-14 07:20:10.139 1533 8565 I ActivityTaskManager: START u0 {flg=0x10001000 cmp=com.microsoft.emmx/com.microsoft.ruby.Main} from uid 1000
03-14 07:20:10.156 1533 8565 I wm_task_created: [101,-1]
03-14 07:20:10.156 1533 8565 W ActivityTaskManager: Can't find TaskDisplayArea to determine support for multi window. Task id=101 attached=false
03-14 07:20:10.159 1533 8565 D FreeFormWindowHelper: Add freeform task=Task{7ab8c3c #101 type=standard ?? U=0 visible=false mode=freeform translucent=true sz=0}
03-14 07:20:10.162 1533 8565 D CompatibilityChangeReporter: Compat change id reported: 174042980; UID 10031; state: DISABLED
03-14 07:20:10.162 1533 8565 D CompatibilityChangeReporter: Compat change id reported: 184838306; UID 10031; state: DISABLED
03-14 07:20:10.163 1533 8565 D CompatibilityChangeReporter: Compat change id reported: 185004937; UID 10031; state: DISABLED
03-14 07:20:10.163 1533 8565 D CompatibilityChangeReporter: Compat change id reported: 181136395; UID 10031; state: DISABLED
03-14 07:20:10.163 1533 8565 D CompatibilityChangeReporter: Compat change id reported: 174042936; UID 10031; state: DISABLED
03-14 07:20:10.164 1533 8565 I wm_task_moved: [101,1,10]
03-14 07:20:10.164 1533 8565 I wm_task_to_front: [0,101]
03-14 07:20:10.164 1533 8565 I wm_create_task: [0,101]
03-14 07:20:10.164 1533 8565 I wm_create_activity: [0,187510213,101,com.microsoft.emmx/com.microsoft.ruby.Main,NULL,NULL,NULL,268439552]
03-14 07:20:10.164 1533 8565 I wm_task_moved: [101,1,10]
03-14 07:20:10.164 27685 27685 I wm_on_top_resumed_lost_called: [50396061,com.tencent.tmgp.sgame.SGameActivity,topStateChangedWhenResumed]
03-14 07:20:10.165 1533 8565 D CompatibilityChangeReporter: Compat change id reported: 168419799; UID 10031; state: DISABLED
03-14 07:20:10.165 1533 8565 I ActivityTaskManager: FOREGROUND_APPLICATION_CHANGED to org.chromium.chrome.browser.ChromeTabbedActivity
03-14 07:20:10.168 1533 1622 I am_uid_running: 10031
03-14 07:20:10.168 1533 1622 D CompatibilityChangeReporter: Compat change id reported: 135634846; UID 10031; state: DISABLED
03-14 07:20:10.168 1533 1622 D CompatibilityChangeReporter: Compat change id reported: 177438394; UID 10031; state: DISABLED
03-14 07:20:10.168 1533 1622 D CompatibilityChangeReporter: Compat change id reported: 135772972; UID 10031; state: DISABLED
03-14 07:20:10.168 1533 1622 D CompatibilityChangeReporter: Compat change id reported: 135754954; UID 10031; state: ENABLED
03-14 07:20:10.168 1533 1639 D CompatibilityChangeReporter: Compat change id reported: 143937733; UID 10031; state: ENABLED
03-14 07:20:10.172 1533 1639 I am_proc_start: [0,2743,10031,com.microsoft.emmx,top-activity,{com.microsoft.emmx/com.microsoft.ruby.Main}]
03-14 07:20:10.172 1533 1639 I ActivityManager: Start proc 2743:com.microsoft.emmx/u0a31 for top-activity {com.microsoft.emmx/com.microsoft.ruby.Main}
01-02 06:48:49.362 0 0 W perfetto: enabled ftrace
01-02 06:48:49.369 0 0 I binder : 2743:2743 ioctl 40046210 7fe31dd924 returned -22
03-14 07:20:10.186 1533 10210 I am_proc_bound: [0,2743,com.microsoft.emmx]
03-14 07:20:10.188 1533 10210 I ActivityTaskManager: clear resize flag in freeform mode
03-14 07:20:10.188 1533 10210 I ActivityTaskManager: The Process com.microsoft.emmx Already Exists in BG. So sending its PID: 2743
03-14 07:20:10.189 1533 10210 I wm_restart_activity: [0,187510213,101,com.microsoft.emmx/com.microsoft.ruby.Main]
03-14 07:20:10.190 1533 10210 I wm_set_resumed_activity: [0,com.microsoft.emmx/com.microsoft.ruby.Main,minimalResumeActivityLocked]
03-14 07:20:10.191 1533 10210 I am_uid_active: 10031
03-14 07:20:10.265 2743 2743 E ActivityThread: Failed to find provider info for com.microsoft.office.outlook.dev.webviewsdkprovider
03-14 07:20:10.265 2743 2743 E ActivityThread: Failed to find provider info for com.microsoft.office.outlook.webviewsdkprovider
03-14 07:20:10.266 2743 2743 E ActivityThread: Failed to find provider info for com.microsoft.office.outlook.dawg.webviewsdkprovider
03-14 07:20:10.271 1533 1560 I thunderperf: PlatormCompat.setOverrides: Uid1=10031 Pid1=2743 Uid2=10031 Pid2=2743
03-14 07:20:10.271 1533 1560 I thunderperf: PlatormCompat.setOverrides: needCheck:false
03-14 07:20:10.272 1533 1560 W PackageManager: MATCH_ANY_USER flag requires INTERACT_ACROSS_USERS permission: UID 10031 requires android.permission.INTERACT_ACROSS_USERS_FULL or android.permission.INTERACT_ACROSS_USERS to access user 0.
03-14 07:20:10.272 1533 1560 I ActivityTaskManager: START u0 {cmp=com.microsoft.emmx/com.microsoft.edge.fre.OrientationAdaptiveFirstRunActivity (has extras)} from uid 10031
03-14 07:20:10.272 1533 1560 I wm_task_created: [102,-1]
03-14 07:20:10.272 1533 1560 W ActivityTaskManager: Can't find TaskDisplayArea to determine support for multi window. Task id=102 attached=false
03-14 07:20:10.273 1533 1560 D FreeFormWindowHelper: finish old freeform task = ActivityRecord{b2d2dc5 u0 com.microsoft.emmx/com.microsoft.ruby.Main t101}
03-14 07:20:10.273 1533 1560 I wm_finish_activity: [0,187510213,101,com.microsoft.emmx/com.microsoft.ruby.Main,app-request]
03-14 07:20:10.273 1533 1560 I wm_task_moved: [95,1,11]
03-14 07:20:10.273 1533 1560 I wm_task_to_front: [0,95]
03-14 07:20:10.273 1533 1560 I wm_set_resumed_activity: [0,com.tencent.tmgp.sgame/.SGameActivity,positionChildAt]
03-14 07:20:10.273 1533 1560 I wm_set_resumed_activity: [0,com.tencent.tmgp.sgame/.SGameActivity,finish-top]
03-14 07:20:10.273 1533 1560 I wm_pause_activity: [0,187510213,com.microsoft.emmx/com.microsoft.ruby.Main,userLeaving=false,finish]
03-14 07:20:10.274 1533 1560 D FreeFormWindowHelper: Add freeform task=Task{57d500f #102 type=standard ?? U=0 visible=false mode=freeform translucent=true sz=0}
03-14 07:20:10.275 1533 1560 I wm_task_moved: [102,1,11]
03-14 07:20:10.275 1533 1560 I wm_task_to_front: [0,102]
03-14 07:20:10.275 1533 1560 I wm_focused_root_task: [0,0,102,95,reuseOrNewTask]
03-14 07:20:10.275 1533 1560 I wm_create_task: [0,102]
03-14 07:20:10.275 1533 1560 I wm_create_activity: [0,257546396,102,com.microsoft.emmx/com.microsoft.edge.fre.OrientationAdaptiveFirstRunActivity,NULL,NULL,NULL,276824064]
03-14 07:20:10.275 1533 1560 I wm_task_moved: [102,1,11]
03-14 07:20:10.275 1533 1560 I ActivityTaskManager: Add Task{7ab8c3c #101 type=standard A=10031:com.microsoft.emmx U=0 visible=false mode=freeform translucent=true sz=1} to hidden list because adding Task{57d500f #102 type=standard A=10031:com.microsoft.emmx U=0 visible=true mode=freeform translucent=true sz=1}
03-14 07:20:10.276 1533 1623 I input_focus: [Focus request f5483db com.tencent.tmgp.sgame/com.tencent.tmgp.sgame.SGameActivity,reason=UpdateInputWindows]
03-14 07:20:10.303 1533 1560 W ActivityTaskManager: Finishing task with all activities already finished
03-14 07:20:10.303 1533 1560 W ActivityTaskManager: Duplicate finish request for r=ActivityRecord{b2d2dc5 u0 com.microsoft.emmx/com.microsoft.ruby.Main t101 f}}
03-14 07:20:10.303 2743 2743 I wm_on_create_called: [187510213,com.microsoft.ruby.Main,performCreate]
03-14 07:20:10.306 1533 10633 I wm_add_to_stopping: [0,187510213,com.microsoft.emmx/com.microsoft.ruby.Main,completeFinishing]
03-14 07:20:10.306 1533 10633 I ActivityTaskManager: FOREGROUND_APPLICATION_CHANGED to com.microsoft.edge.fre.OrientationAdaptiveFirstRunActivity
03-14 07:20:10.306 1533 10633 I ActivityTaskManager: The Process com.microsoft.emmx Already Exists in BG. So sending its PID: 2743
03-14 07:20:10.307 1533 10633 W ActivityTaskManager: Tried to set launchTime (0) < mLastActivityLaunchTime (12555591)
03-14 07:20:10.307 1533 10633 I wm_restart_activity: [0,257546396,102,com.microsoft.emmx/com.microsoft.edge.fre.OrientationAdaptiveFirstRunActivity]
03-14 07:20:10.307 1533 10633 I wm_set_resumed_activity: [0,com.microsoft.emmx/com.microsoft.edge.fre.OrientationAdaptiveFirstRunActivity,minimalResumeActivityLocked]
03-14 07:20:10.310 1533 1622 I wm_destroy_activity: [0,187510213,101,com.microsoft.emmx/com.microsoft.ruby.Main,finish-imm:idle]
03-14 07:20:10.313 1533 1622 I sysui_multi_action: [757,803,799,window_time_0,802,24]
03-14 07:20:10.348 1533 1628 I am_pss : [27685,10094,com.tencent.tmgp.sgame,486884352,473088000,942080,595972096,0,2,26]
03-14 07:20:10.355 1533 1628 I am_pss : [27725,10094,com.tencent.tmgp.sgame:xg_vip_service,16113664,8212480,64512,107573248,0,3,6]
03-14 07:20:10.380 2743 2743 I wm_on_create_called: [257546396,com.microsoft.edge.fre.OrientationAdaptiveFirstRunActivity,performCreate]
03-14 07:20:10.385 2743 2743 I wm_on_start_called: [257546396,com.microsoft.edge.fre.OrientationAdaptiveFirstRunActivity,handleStartActivity]
03-14 07:20:10.387 2743 2743 I wm_on_resume_called: [257546396,com.microsoft.edge.fre.OrientationAdaptiveFirstRunActivity,RESUME_ACTIVITY]
03-14 07:20:10.391 1533 1628 I am_pss : [25144,10098,com.ss.android.ugc.aweme,450108416,364482560,116736,677720064,0,16,34]
03-14 07:20:10.392 2743 2743 I wm_on_top_resumed_gained_called: [257546396,com.microsoft.edge.fre.OrientationAdaptiveFirstRunActivity,topStateChangedWhenResumed]
03-14 07:20:10.395 2743 2743 I wm_on_destroy_called: [187510213,com.microsoft.ruby.Main,performDestroy]
03-14 07:20:10.395 1533 1560 I wm_task_removed: [101,removeChild:removeChild last r=ActivityRecord{b2d2dc5 u0 com.microsoft.emmx/com.microsoft.ruby.Main t-1 f}} in t=Task{7ab8c3c #101 type=standard A=10031:com.microsoft.emmx U=0 visible=false mode=freeform translucent=true sz=0}]
03-14 07:20:10.395 1533 1560 I wm_task_removed: [101,removeChild]
03-14 07:20:10.409 1533 10210 W FreeFormWindowHelper: Current Display FreeFormTask is Task{57d500f #102 type=standard A=10031:com.microsoft.emmx U=0 visible=true mode=freeform translucent=false sz=1}
03-14 07:20:10.409 1533 10210 W FreeFormWindowHelper: Current Display FreeFormTask is Task{57d500f #102 type=standard A=10031:com.microsoft.emmx U=0 visible=true mode=freeform translucent=false sz=1}
03-14 07:20:10.410 1533 1628 I am_pss : [26194,10098,com.ss.android.ugc.aweme:push,109811712,45015040,148480,305782784,0,17,18]
03-14 07:20:10.414 1533 10633 W WindowManager: updateScale : 0.79357797
03-14 07:20:10.416 1533 1623 I input_focus: [Focus request 634cf15 com.microsoft.emmx/com.microsoft.edge.fre.OrientationAdaptiveFirstRunActivity,reason=UpdateInputWindows]
03-14 07:20:10.416 1533 1628 I am_pss : [25567,99002,com.android.webview:sandboxed_process0:org.chromium.content.app.SandboxedProcessService0:0,18230272,2912256,11369472,51421184,0,17,5]
03-14 07:20:10.434 1533 1628 I am_pss : [29254,10098,com.ss.android.ugc.aweme:pushservice,113452032,46514176,148480,314126336,0,17,17]
03-14 07:20:10.441 1533 1628 I am_pss : [2522,1000,com.android.settings,18598912,15540224,54272,98816000,0,19,6]
03-14 07:20:10.446 1533 1622 W WindowManager: updateScale : 0.79357797
03-14 07:20:10.446 1533 1622 W WindowManager: updateScale : 0.79357797
03-14 07:20:10.448 1533 1622 W WindowManager: updateScale : 0.79357797
03-14 07:20:10.450 1533 1628 I am_pss : [2416,1000,com.qti.diagservices,7985152,4202496,54272,89423872,0,10,6]
03-14 07:20:10.480 1533 1781 I input_focus: [Focus leaving f5483db com.tencent.tmgp.sgame/com.tencent.tmgp.sgame.SGameActivity (server),reason=Waiting for window because NOT_VISIBLE]
01-02 06:48:49.674 0 0 I binder : 2743:2889 ioctl 40046210 79be2e91f4 returned -22
03-14 07:20:10.511 1533 1623 W WindowManager: updateScale : 0.79357797
03-14 07:20:10.513 1533 1623 W WindowManager: updateScale : 0.79357797
03-14 07:20:10.514 1533 1623 W WindowManager: updateScale : 0.79357797
03-14 07:20:10.516 1533 1619 I sysui_multi_action: [319,375,322,374,325,12555,757,761,758,7,759,2,806,com.microsoft.emmx,871,com.microsoft.edge.fre.OrientationAdaptiveFirstRunActivity,904,com.microsoft.emmx,905,0,945,49,1320,4,1321,2]
03-14 07:20:10.516 1533 1619 I wm_activity_launch_time: [0,257546396,com.microsoft.emmx/com.microsoft.edge.fre.OrientationAdaptiveFirstRunActivity,374]
