03-14 07:18:40.418 1533 2514 I wm_resume_activity: [0,57706815,12,com.android.launcher3/.uioverrides.QuickstepLauncher]
03-14 07:18:40.418 1533 2514 I wm_add_to_stopping: [0,50396061,com.tencent.tmgp.sgame/.SGameActivity,makeInvisible]
03-14 07:18:40.419 2568 2568 I wm_on_resume_called: [57706815,com.android.launcher3.uioverrides.QuickstepLauncher,RESUME_ACTIVITY]
03-14 07:18:40.423 1533 1623 I input_focus: [Focus request 587a4a0 com.android.launcher3/com.android.launcher3.uioverrides.QuickstepLauncher,reason=UpdateInputWindows]
03-14 07:18:40.423 1533 1622 I sysui_multi_action: [757,803,799,window_time_0,802,2]
03-14 07:18:40.425 1533 2132 I wm_stop_activity: [0,50396061,com.tencent.tmgp.sgame/.SGameActivity]
03-14 07:18:40.427 1533 1932 W FreeFormWindowHelper: Current Display FreeFormTask is null
03-14 07:18:40.427 1533 1932 W FreeFormWindowHelper: Current Display FreeFormTask is null
03-14 07:18:40.427 1533 1932 W FreeFormWindowHelper: Current Display FreeFormTask is null
03-14 07:18:40.428 1533 1622 I sysui_multi_action: [757,803,799,window_time_0,802,0]
03-14 07:18:40.447 1533 1781 I input_focus: [Focus leaving recents_animation_input_consumer (server),reason=NOT_VISIBLE]
03-14 07:18:40.447 1533 1781 I input_focus: [Focus entering 587a4a0 com.android.launcher3/com.android.launcher3.uioverrides.QuickstepLauncher (server),reason=setFocusedWindow]
03-14 07:18:40.482 2568 2568 I wm_on_top_resumed_gained_called: [57706815,com.android.launcher3.uioverrides.QuickstepLauncher,topStateChangedWhenResumed]
03-14 07:18:40.483 1533 2514 W FreeFormWindowHelper: Current Display FreeFormTask is null
03-14 07:18:40.483 1533 2514 W FreeFormWindowHelper: Current Display FreeFormTask is null
03-14 07:18:40.525 1533 1707 W FreeFormWindowHelper: Current Display FreeFormTask is null
03-14 07:18:40.529 2101 3642 W ContextImpl: Calling a method in the system process without a qualified user: android.app.ContextImpl.startService:1816 android.content.ContextWrapper.startService:774 com.thundercomm.gamemode.ingame.services.GameModeActionUtils.startGameModeService:118 com.thundercomm.gamemode.ingame.services.GameModeActionUtils.startGameModeEntry:29 com.thundercomm.gamemode.ingame.services.ActivityMonitoringService$1.onActivityLaunch:140
03-14 07:18:40.533 1533 1533 I GameModeConfig: Current uri is uri = content://com.thundercomm.gamemode.api/gamemode_settings/gamemode_isgaming
03-14 07:18:40.535 1533 1533 I GameModeConfig: isGameModeOn = true
03-14 07:18:40.536 1533 1533 I GameModeConfig: isGaming = false
03-14 07:18:40.536 1533 1533 I GameModeConfig: isGameModeOn = true
03-14 07:18:40.536 1533 1533 I GameModeConfig: isGaming = false
03-14 07:18:40.536 1533 1533 I GameModeConfig: isDisableVoice = true
01-02 06:47:19.726 0 0 W ALERT : changing window size from 20000000 to 16000000 at 12465944031649
01-02 06:47:19.753 0 0 I : [MAX975X:max96755x_drm_notifier_callback] *INFO* receives EARLY_BLANK:UNBLANK
01-02 06:47:19.753 0 0 I atmel_mxt_ts 0-004a: FB event:2,blank:0
01-02 06:47:19.753 0 0 I atmel_mxt_ts 0-004a: suspend: event = 2, blank = 0, not care
01-02 06:47:19.753 0 0 I [drm:dsi_display_set_mode] [msm-dsi-info]: mdp_transfer_time_us=0 us
01-02 06:47:19.753 0 0 I [drm:dsi_display_set_mode] [msm-dsi-info]: hactive= 2560,vactive= 1080,fps=60
01-02 06:47:19.754 0 0 I : [MAX975X:max96755x_drm_notifier_callback] *INFO* receives BLANK:UNBLANK
03-14 07:18:40.594 1533 1622 I DisplayDeviceRepository: Display device changed: DisplayDeviceInfo{"内置屏幕": uniqueId="local:4630946816427681409", 2560 x 1080, modeId 1, defaultModeId 1, supportedModes [{id=1, width=2560, height=1080, fps=60.000004, alternativeRefreshRates=[30.000002, 45.0]}, {id=2, width=2560, height=1080, fps=45.0, alternativeRefreshRates=[30.000002, 60.000004]}, {id=3, width=2560, height=1080, fps=30.000002, alternativeRefreshRates=[45.0, 60.000004]}], colorMode 0, supportedColorModes [0], hdrCapabilities HdrCapabilities{mSupportedHdrTypes=[2, 3, 4], mMaxLuminance=500.0, mMaxAverageLuminance=500.0, mMinLuminance=0.0}, allmSupported false, gameContentTypeSupported false, density 240, 320.315 x 318.976 dpi, appVsyncOff 1000000, presDeadline 16666666, touch INTERNAL, rotation 0, type INTERNAL, address {port=129, model=0x40446d97fee5e6}, deviceProductInfo DeviceProductInfo{name=, manufacturerPnpId=QCM, productId=1, modelYear=null, manufactureDate=ManufactureDate{week=27, year=2006}, connectionToSinkType=0}, state ON, frameRateOverride , brightnessMinimum 0.0, brightnessMaximum 1.0, brightnessDefault 1.0, FLAG_DEFAULT_DISPLAY, FLAG_ROTATES_WITH_CONTENT, FLAG_SECURE, FLAG_SUPPORTS_PROTECTED_BUFFERS}
03-14 07:18:40.685 1533 1739 I commit_sys_config_file: [settings-1-0,4]
03-14 07:18:40.734 27685 27685 I wm_on_paused_called: [50396061,com.tencent.tmgp.sgame.SGameActivity,performPause]
03-14 07:18:40.740 27685 27685 I wm_on_stop_called: [50396061,com.tencent.tmgp.sgame.SGameActivity,STOP_ACTIVITY_ITEM]
01-02 06:47:20.015 0 0 I atmel_mxt_ts 0-004a: FB event:1,blank:0
01-02 06:47:20.015 0 0 I atmel_mxt_ts 0-004a: drm_notifier_callback: UNBLANK! Resume by drm notifier.
03-14 07:18:41.132 1533 1781 I input_interaction: Interaction with: 587a4a0 com.android.launcher3/com.android.launcher3.uioverrides.QuickstepLauncher (server), a76c92 com.android.systemui.ImageWallpaper (server), edge-swipe (server), swipe-up (server), PointerEventDispatcher0 (server),
03-14 07:18:41.171 1533 3100 I wm_task_moved: [11,1,9]
03-14 07:18:41.171 1533 3100 I wm_set_resumed_activity: [0,com.android.launcher3/.uioverrides.QuickstepLauncher,positionChildAt]
03-14 07:18:41.172 1533 3100 I wm_task_moved: [100,1,9]
03-14 07:18:41.172 1533 3100 I wm_task_to_front: [0,100]
03-14 07:18:41.172 1533 3100 I wm_focused_root_task: [0,0,100,11,moveTaskToFront findTaskToMoveToFront]
03-14 07:18:41.173 1533 3100 I wm_set_resumed_activity: [0,com.qiyi.video/.WelcomeActivity,moveTaskToFront findTaskToMoveToFront]
03-14 07:18:41.174 1533 3100 I wm_pause_activity: [0,57706815,com.android.launcher3/.uioverrides.QuickstepLauncher,userLeaving=true,pauseBackTasks]
03-14 07:18:41.178 2568 2568 I wm_on_top_resumed_lost_called: [57706815,com.android.launcher3.uioverrides.QuickstepLauncher,topStateChangedWhenResumed]
03-14 07:18:41.181 2568 2568 I wm_on_paused_called: [57706815,com.android.launcher3.uioverrides.QuickstepLauncher,performPause]
03-14 07:18:41.186 1533 3100 I ActivityTaskManager: FOREGROUND_APPLICATION_CHANGED to org.qiyi.android.video.MainActivity
03-14 07:18:41.187 1533 3100 I wm_set_resumed_activity: [0,com.qiyi.video/.WelcomeActivity,resumeTopActivityInnerLocked]
03-14 07:18:41.187 1533 3100 I wm_add_to_stopping: [0,57706815,com.android.launcher3/.uioverrides.QuickstepLauncher,makeInvisible]
03-14 07:18:41.190 1533 3100 I wm_resume_activity: [0,66527256,100,com.qiyi.video/.WelcomeActivity]
03-14 07:18:41.198 1533 1781 I input_focus: [Focus leaving 587a4a0 com.android.launcher3/com.android.launcher3.uioverrides.QuickstepLauncher (server),reason=NO_WINDOW]
03-14 07:18:41.202 1533 1622 I sysui_multi_action: [757,803,799,window_time_0,802,1]
03-14 07:18:41.213 31776 31776 I wm_on_restart_called: [66527256,com.qiyi.video.WelcomeActivity,performRestartActivity]
03-14 07:18:41.225 31776 31776 I wm_on_start_called: [66527256,com.qiyi.video.WelcomeActivity,handleStartActivity]
03-14 07:18:41.245 31776 31776 I wm_on_resume_called: [66527256,com.qiyi.video.WelcomeActivity,RESUME_ACTIVITY]
03-14 07:18:41.274 31776 31776 I wm_on_top_resumed_gained_called: [66527256,com.qiyi.video.WelcomeActivity,topWhenResuming]
03-14 07:18:41.295 1533 3100 W FreeFormWindowHelper: Current Display FreeFormTask is null
03-14 07:18:41.305 1533 1623 I input_focus: [Focus request 134e0d5 com.qiyi.video/com.qiyi.video.WelcomeActivity,reason=UpdateInputWindows]
03-14 07:18:41.333 1533 1619 I sysui_multi_action: [319,25,321,22,322,146,325,12466,757,761,758,9,759,4,806,com.qiyi.video,871,com.qiyi.video.WelcomeActivity,904,com.android.launcher3,905,0,1320,4,1321,4]
03-14 07:18:41.350 1533 1781 I input_focus: [Focus entering 134e0d5 com.qiyi.video/com.qiyi.video.WelcomeActivity (server),reason=Window became focusable. Previous reason: NOT_VISIBLE]
03-14 07:18:41.549 1533 1622 I wm_stop_activity: [0,57706815,com.android.launcher3/.uioverrides.QuickstepLauncher]
03-14 07:18:41.570 1533 5348 W FreeFormWindowHelper: exitRecentTasks type=0
03-14 07:18:41.577 2568 2568 I wm_on_stop_called: [57706815,com.android.launcher3.uioverrides.QuickstepLauncher,STOP_ACTIVITY_ITEM]
03-14 07:18:41.611 0 0 I auditd : type=1400 audit(0.0:15823): avc: denied { kill } for comm="swapper/2" capability=5 scontext=u:r:kernel:s0 tcontext=u:r:kernel:s0 tclass=capability permissive=0
03-14 07:18:41.964 1533 1919 I GameModeConfig: isGameModeOn = true
03-14 07:18:41.964 1533 1919 I GameModeConfig: isGaming = false
03-14 07:18:42.037 1533 1781 I input_interaction: Interaction with: 134e0d5 com.qiyi.video/com.qiyi.video.WelcomeActivity (server), edge-swipe (server), swipe-up (server), PointerEventDispatcher0 (server),
03-14 07:18:42.050 1533 1919 I GameModeConfig: isGameModeOn = true
03-14 07:18:42.050 1533 1919 I GameModeConfig: isGaming = false
03-14 07:18:42.197 1533 5348 I thunderperf: PlatormCompat.setOverrides: Uid1=10099 Pid1=31776 Uid2=10099 Pid2=31776
03-14 07:18:42.197 1533 5348 I thunderperf: PlatormCompat.setOverrides: needCheck:false
03-14 07:18:42.198 1533 5348 W PackageManager: MATCH_ANY_USER flag requires INTERACT_ACROSS_USERS permission: UID 10099 requires android.permission.INTERACT_ACROSS_USERS_FULL or android.permission.INTERACT_ACROSS_USERS to access user 0.
03-14 07:18:42.198 1533 5348 I ActivityTaskManager: START u0 {cmp=com.qiyi.video/org.iqiyi.video.activity.PlayerActivity (has extras)} from uid 10099
03-14 07:18:42.202 1533 5348 I wm_task_moved: [100,1,9]
03-14 07:18:42.202 1533 5348 I wm_set_resumed_activity: [0,com.qiyi.video/.WelcomeActivity,positionChildAt]
03-14 07:18:42.202 1533 5348 I wm_create_activity: [0,119120203,100,com.qiyi.video/org.iqiyi.video.activity.PlayerActivity,NULL,NULL,NULL,0]
03-14 07:18:42.202 1533 5348 I wm_pause_activity: [0,66527256,com.qiyi.video/.WelcomeActivity,userLeaving=true,resumeTopActivityInnerLocked]
03-14 07:18:42.227 31776 31776 I wm_on_top_resumed_lost_called: [66527256,com.qiyi.video.WelcomeActivity,topStateChangedWhenResumed]
03-14 07:18:42.232 31776 31776 I wm_on_paused_called: [66527256,com.qiyi.video.WelcomeActivity,performPause]
03-14 07:18:42.233 1533 1707 I ActivityTaskManager: FOREGROUND_APPLICATION_CHANGED to org.iqiyi.video.activity.PlayerActivity
03-14 07:18:42.233 1533 1707 I ActivityTaskManager: The Process com.qiyi.video Already Exists in BG. So sending its PID: 31776
03-14 07:18:42.233 1533 1707 W ActivityTaskManager: Tried to set launchTime (0) < mLastActivityLaunchTime (12438065)
03-14 07:18:42.233 1533 1707 I wm_add_to_stopping: [0,66527256,com.qiyi.video/.WelcomeActivity,makeInvisible]
03-14 07:18:42.234 1533 1707 I wm_restart_activity: [0,119120203,100,com.qiyi.video/org.iqiyi.video.activity.PlayerActivity]
03-14 07:18:42.235 1533 1707 I wm_set_resumed_activity: [0,com.qiyi.video/org.iqiyi.video.activity.PlayerActivity,minimalResumeActivityLocked]
03-14 07:18:42.237 1533 1622 I sysui_multi_action: [757,803,799,window_time_0,802,1]
03-14 07:18:42.255 31776 31776 I wm_on_create_called: [119120203,org.iqiyi.video.activity.PlayerActivity,performCreate]
03-14 07:18:42.267 1533 1781 I input_focus: [Focus leaving 134e0d5 com.qiyi.video/com.qiyi.video.WelcomeActivity (server),reason=NO_WINDOW]
03-14 07:18:42.291 31776 31776 I wm_on_start_called: [119120203,org.iqiyi.video.activity.PlayerActivity,handleStartActivity]
03-14 07:18:42.296 31776 31776 I wm_on_resume_called: [119120203,org.iqiyi.video.activity.PlayerActivity,RESUME_ACTIVITY]
03-14 07:18:42.301 31776 31776 I wm_on_top_resumed_gained_called: [119120203,org.iqiyi.video.activity.PlayerActivity,topStateChangedWhenResumed]
03-14 07:18:42.307 1533 1623 I input_focus: [Focus request ce3fc70 com.qiyi.video/org.iqiyi.video.activity.PlayerActivity,reason=UpdateInputWindows]
03-14 07:18:42.336 1533 4620 W FreeFormWindowHelper: Current Display FreeFormTask is null
03-14 07:18:42.384 1533 1619 I wm_activity_launch_time: [0,119120203,com.qiyi.video/org.iqiyi.video.activity.PlayerActivity,185]
03-14 07:18:42.401 1533 1781 I input_focus: [Focus entering ce3fc70 com.qiyi.video/org.iqiyi.video.activity.PlayerActivity (server),reason=Window became focusable. Previous reason: NOT_VISIBLE]
03-14 07:18:42.611 0 0 I auditd : type=1400 audit(0.0:15824): avc: denied { kill } for comm="swapper/2" capability=5 scontext=u:r:kernel:s0 tcontext=u:r:kernel:s0 tclass=capability permissive=0
03-14 07:18:42.629 1533 1739 I commit_sys_config_file: [settings-2-0,6]
03-14 07:18:42.704 1533 1622 I wm_stop_activity: [0,66527256,com.qiyi.video/.WelcomeActivity]
03-14 07:18:42.708 1533 1781 I input_interaction: Interaction with: ce3fc70 com.qiyi.video/org.iqiyi.video.activity.PlayerActivity (server), edge-swipe (server), swipe-up (server), PointerEventDispatcher0 (server),
03-14 07:18:42.714 1533 5348 W FreeFormWindowHelper: Current Display FreeFormTask is null
03-14 07:18:42.715 1533 5348 I wm_task_moved: [11,0,0]
03-14 07:18:42.715 1533 5348 I wm_task_moved: [11,0,8]
03-14 07:18:42.716 1533 1560 W FreeFormWindowHelper: Current Display FreeFormTask is null
03-14 07:18:42.719 31776 31776 I wm_on_stop_called: [66527256,com.qiyi.video.WelcomeActivity,STOP_ACTIVITY_ITEM]
03-14 07:18:42.729 31776 31776 I view_enqueue_input_event: [Motion - Cancel,com.qiyi.video/org.iqiyi.video.activity.PlayerActivity]
03-14 07:18:42.730 1533 1623 I input_focus: [Focus request recents_animation_input_consumer,reason=UpdateInputWindows]
03-14 07:18:42.734 1533 1781 I input_interaction: Interaction with: edge-swipe (server), swipe-up (server), PointerEventDispatcher0 (server),
03-14 07:18:42.735 1533 1781 I input_focus: [Focus leaving ce3fc70 com.qiyi.video/org.iqiyi.video.activity.PlayerActivity (server),reason=NOT_FOCUSABLE]
03-14 07:18:42.735 1533 1781 I input_focus: [Focus entering recents_animation_input_consumer (server),reason=setFocusedWindow]
03-14 07:18:42.736 2568 2568 I wm_on_restart_called: [57706815,com.android.launcher3.uioverrides.QuickstepLauncher,performRestartActivity]
03-14 07:18:42.737 1533 3100 W FreeFormWindowHelper: Current Display FreeFormTask is null
03-14 07:18:42.737 1533 4620 W FreeFormWindowHelper: Current Display FreeFormTask is null
03-14 07:18:42.737 1533 3100 W FreeFormWindowHelper: Current Display FreeFormTask is null
03-14 07:18:42.745 2568 2568 I wm_on_start_called: [57706815,com.android.launcher3.uioverrides.QuickstepLauncher,handleStartActivity]
03-14 07:18:42.745 1533 5348 W FreeFormWindowHelper: Current Display FreeFormTask is null
03-14 07:18:42.746 1533 10210 W FreeFormWindowHelper: Current Display FreeFormTask is null
03-14 07:18:42.749 1533 1707 W ActivityTaskManager: getTaskSnapshot: taskId=-990 not found
03-14 07:18:42.754 1533 1707 W ActivityTaskManager: getTaskSnapshot: taskId=-990 not found
03-14 07:18:42.756 1533 5348 W FreeFormWindowHelper: Current Display FreeFormTask is null
03-14 07:18:42.756 1533 5348 W FreeFormWindowHelper: Current Display FreeFormTask is null
03-14 07:18:42.757 2568 2568 I sysui_latency: [1,49]
03-14 07:18:42.768 1533 1707 W FreeFormWindowHelper: Current Display FreeFormTask is null
03-14 07:18:42.768 1533 4620 W FreeFormWindowHelper: Current Display FreeFormTask is null
03-14 07:18:42.769 1533 1619 I sysui_multi_action: [319,10,322,52,325,12468,757,761,758,9,759,5,806,com.android.launcher3,871,com.android.launcher3.uioverrides.QuickstepLauncher,904,com.android.launcher3,905,0,1320,8,1321,5]
01-02 06:47:21.976 0 0 E DTC_ETH,link_delay_work_func: 3003, SQI=0, link=0
03-14 07:18:42.896 1533 1853 I netstats_mobile_sample: [0,0,0,0,0,0,0,0,0,0,0,0,1678775157148]
03-14 07:18:42.896 1533 1853 I netstats_wifi_sample: [93418776,76520,2012773,21743,93418776,76520,2012773,21743,91965405,77910,1666223,20758,1678775157148]
03-14 07:18:42.947 1533 1739 I commit_sys_config_file: [settings-1-0,3]
03-14 07:18:43.068 1533 1628 I sysui_latency: [8,57]
03-14 07:18:43.109 1533 4620 W FreeFormWindowHelper: Current Display FreeFormTask is null
03-14 07:18:43.110 1533 5348 W FreeFormWindowHelper: Current Display FreeFormTask is null
03-14 07:18:43.111 1533 4620 W FreeFormWindowHelper: Current Display FreeFormTask is null
03-14 07:18:43.408 1533 5348 I wm_task_moved: [11,1,9]
03-14 07:18:43.409 1533 5348 I wm_focused_root_task: [0,0,11,100,RecentsAnimation.onAnimationFinished()]
03-14 07:18:43.409 31776 31776 I wm_on_top_resumed_lost_called: [119120203,org.iqiyi.video.activity.PlayerActivity,topStateChangedWhenResumed]
03-14 07:18:43.409 1533 5348 I wm_pause_activity: [0,119120203,com.qiyi.video/org.iqiyi.video.activity.PlayerActivity,userLeaving=false,pauseBackTasks]
03-14 07:18:43.409 1533 5348 I ActivityTaskManager: FOREGROUND_APPLICATION_CHANGED to com.android.launcher3.uioverrides.QuickstepLauncher
03-14 07:18:43.410 1533 5348 I wm_set_resumed_activity: [0,com.android.launcher3/.uioverrides.QuickstepLauncher,resumeTopActivityInnerLocked]
03-14 07:18:43.410 1533 5348 I wm_resume_activity: [0,57706815,12,com.android.launcher3/.uioverrides.QuickstepLauncher]
03-14 07:18:43.410 1533 5348 I wm_add_to_stopping: [0,119120203,com.qiyi.video/org.iqiyi.video.activity.PlayerActivity,makeInvisible]
03-14 07:18:43.411 2568 2568 I wm_on_resume_called: [57706815,com.android.launcher3.uioverrides.QuickstepLauncher,RESUME_ACTIVITY]
03-14 07:18:43.414 1533 1623 I input_focus: [Focus request 587a4a0 com.android.launcher3/com.android.launcher3.uioverrides.QuickstepLauncher,reason=UpdateInputWindows]
03-14 07:18:43.414 1533 1622 I sysui_multi_action: [757,803,799,window_time_0,802,1]
03-14 07:18:43.415 1533 4620 W FreeFormWindowHelper: Current Display FreeFormTask is null
03-14 07:18:43.415 1533 4620 W FreeFormWindowHelper: Current Display FreeFormTask is null
03-14 07:18:43.415 1533 4620 W FreeFormWindowHelper: Current Display FreeFormTask is null
03-14 07:18:43.422 31776 31776 I wm_on_paused_called: [119120203,org.iqiyi.video.activity.PlayerActivity,performPause]
03-14 07:18:43.423 1533 1622 I wm_stop_activity: [0,119120203,com.qiyi.video/org.iqiyi.video.activity.PlayerActivity]
03-14 07:18:43.426 1533 1622 I sysui_multi_action: [757,803,799,window_time_0,802,0]
03-14 07:18:43.438 1533 1781 I input_focus: [Focus leaving recents_animation_input_consumer (server),reason=NOT_VISIBLE]
03-14 07:18:43.438 1533 1781 I input_focus: [Focus entering 587a4a0 com.android.launcher3/com.android.launcher3.uioverrides.QuickstepLauncher (server),reason=setFocusedWindow]
03-14 07:18:43.471 2568 2568 I wm_on_top_resumed_gained_called: [57706815,com.android.launcher3.uioverrides.QuickstepLauncher,topStateChangedWhenResumed]
03-14 07:18:43.472 1533 4620 W FreeFormWindowHelper: Current Display FreeFormTask is null
03-14 07:18:43.472 1533 4620 W FreeFormWindowHelper: Current Display FreeFormTask is null
03-14 07:18:43.516 1533 4620 W FreeFormWindowHelper: Current Display FreeFormTask is null
03-14 07:18:43.517 31776 31776 I wm_on_stop_called: [119120203,org.iqiyi.video.activity.PlayerActivity,STOP_ACTIVITY_ITEM]
03-14 07:18:43.611 0 0 I auditd : type=1400 audit(0.0:15825): avc: denied { kill } for comm="swapper/2" capability=5 scontext=u:r:kernel:s0 tcontext=u:r:kernel:s0 tclass=capability permissive=0
03-14 07:18:43.680 1533 1739 I commit_sys_config_file: [settings-1-0,8]
03-14 07:18:44.852 1533 1781 I input_interaction: Interaction with: 587a4a0 com.android.launcher3/com.android.launcher3.uioverrides.QuickstepLauncher (server), a76c92 com.android.systemui.ImageWallpaper (server), edge-swipe (server), swipe-up (server), PointerEventDispatcher0 (server),
03-14 07:18:44.941 1533 4620 I wm_task_moved: [11,1,9]
03-14 07:18:44.941 1533 4620 I wm_set_resumed_activity: [0,com.android.launcher3/.uioverrides.QuickstepLauncher,positionChildAt]
03-14 07:18:44.942 1533 4620 I wm_task_moved: [95,1,9]
03-14 07:18:44.942 1533 4620 I wm_task_to_front: [0,95]
03-14 07:18:44.942 1533 4620 I wm_focused_root_task: [0,0,95,11,moveTaskToFront findTaskToMoveToFront]
03-14 07:18:44.943 1533 4620 I wm_set_resumed_activity: [0,com.tencent.tmgp.sgame/.SGameActivity,moveTaskToFront findTaskToMoveToFront]
03-14 07:18:44.943 1533 4620 I wm_pause_activity: [0,57706815,com.android.launcher3/.uioverrides.QuickstepLauncher,userLeaving=true,pauseBackTasks]
03-14 07:18:44.949 2568 2568 I wm_on_top_resumed_lost_called: [57706815,com.android.launcher3.uioverrides.QuickstepLauncher,topStateChangedWhenResumed]
03-14 07:18:44.949 2568 2568 I wm_on_paused_called: [57706815,com.android.launcher3.uioverrides.QuickstepLauncher,performPause]
03-14 07:18:44.950 1533 1560 I ActivityTaskManager: FOREGROUND_APPLICATION_CHANGED to com.tencent.tmgp.sgame.SGameActivity
03-14 07:18:44.952 1533 1560 I wm_set_resumed_activity: [0,com.tencent.tmgp.sgame/.SGameActivity,resumeTopActivityInnerLocked]
03-14 07:18:44.952 1533 1560 I wm_add_to_stopping: [0,57706815,com.android.launcher3/.uioverrides.QuickstepLauncher,makeInvisible]
03-14 07:18:44.953 1533 1560 I wm_resume_activity: [0,50396061,95,com.tencent.tmgp.sgame/.SGameActivity]
03-14 07:18:44.975 1533 1781 I input_focus: [Focus leaving 587a4a0 com.android.launcher3/com.android.launcher3.uioverrides.QuickstepLauncher (server),reason=NO_WINDOW]
03-14 07:18:44.983 1533 1622 I sysui_multi_action: [757,803,799,window_time_0,802,2]
03-14 07:18:44.988 27685 27685 I wm_on_restart_called: [50396061,com.tencent.tmgp.sgame.SGameActivity,performRestartActivity]
03-14 07:18:44.988 27685 27685 I wm_on_start_called: [50396061,com.tencent.tmgp.sgame.SGameActivity,handleStartActivity]
03-14 07:18:44.990 2101 3642 W ContextImpl: Calling a method in the system process without a qualified user: android.app.ContextImpl.startService:1816 android.content.ContextWrapper.startService:774 com.thundercomm.gamemode.ingame.services.GameModeActionUtils.startGameModeService:118 com.thundercomm.gamemode.ingame.services.GameModeActionUtils.startGameModeEntry:29 com.thundercomm.gamemode.ingame.services.ActivityMonitoringService$1.onActivityLaunch:140
03-14 07:18:44.992 27685 27685 I wm_on_resume_called: [50396061,com.tencent.tmgp.sgame.SGameActivity,RESUME_ACTIVITY]
03-14 07:18:44.992 27685 27685 I wm_on_top_resumed_gained_called: [50396061,com.tencent.tmgp.sgame.SGameActivity,topWhenResuming]
03-14 07:18:44.996 1533 1533 I GameModeConfig: Current uri is uri = content://com.thundercomm.gamemode.api/gamemode_settings/gamemode_isgaming
03-14 07:18:45.001 1533 1533 I GameModeConfig: isGameModeOn = true
03-14 07:18:45.001 1533 1533 I GameModeConfig: isGaming = true
03-14 07:18:45.001 1533 1533 I GameModeConfig: isDisableNotification = true
03-14 07:18:45.001 1533 1533 I GameModeConfig: isGameModeOn = true
03-14 07:18:45.001 1533 1533 I GameModeConfig: isGaming = true
03-14 07:18:45.001 1533 1533 I GameModeConfig: isDisableNotification = true
01-02 06:47:24.190 0 0 W ALERT : changing window size from 16000000 to 20000000 at 12470408023209
01-02 06:47:24.198 0 0 I : [MAX975X:max96755x_drm_notifier_callback] *INFO* receives EARLY_BLANK:UNBLANK
01-02 06:47:24.198 0 0 I atmel_mxt_ts 0-004a: FB event:2,blank:0
01-02 06:47:24.198 0 0 I atmel_mxt_ts 0-004a: suspend: event = 2, blank = 0, not care
01-02 06:47:24.198 0 0 I [drm:dsi_display_set_mode] [msm-dsi-info]: mdp_transfer_time_us=0 us
01-02 06:47:24.198 0 0 I [drm:dsi_display_set_mode] [msm-dsi-info]: hactive= 2560,vactive= 1080,fps=30
01-02 06:47:24.198 0 0 I : [MAX975X:max96755x_drm_notifier_callback] *INFO* receives BLANK:UNBLANK
01-02 06:47:24.199 0 0 I atmel_mxt_ts 0-004a: FB event:1,blank:0
01-02 06:47:24.199 0 0 I atmel_mxt_ts 0-004a: drm_notifier_callback: UNBLANK! Resume by drm notifier.
03-14 07:18:45.017 1533 1623 I input_focus: [Focus request f5483db com.tencent.tmgp.sgame/com.tencent.tmgp.sgame.SGameActivity,reason=UpdateInputWindows]
03-14 07:18:45.024 1533 1619 I sysui_multi_action: [319,28,321,24,322,81,325,12470,757,761,758,9,759,4,806,com.tencent.tmgp.sgame,871,com.tencent.tmgp.sgame.SGameActivity,904,com.android.launcher3,905,0,1320,21,1321,5]
03-14 07:18:45.025 1533 1622 I DisplayDeviceRepository: Display device changed: DisplayDeviceInfo{"内置屏幕": uniqueId="local:4630946816427681409", 2560 x 1080, modeId 3, defaultModeId 1, supportedModes [{id=1, width=2560, height=1080, fps=60.000004, alternativeRefreshRates=[30.000002, 45.0]}, {id=2, width=2560, height=1080, fps=45.0, alternativeRefreshRates=[30.000002, 60.000004]}, {id=3, width=2560, height=1080, fps=30.000002, alternativeRefreshRates=[45.0, 60.000004]}], colorMode 0, supportedColorModes [0], hdrCapabilities HdrCapabilities{mSupportedHdrTypes=[2, 3, 4], mMaxLuminance=500.0, mMaxAverageLuminance=500.0, mMinLuminance=0.0}, allmSupported false, gameContentTypeSupported false, density 240, 320.315 x 318.976 dpi, appVsyncOff 1000000, presDeadline 33333333, touch INTERNAL, rotation 0, type INTERNAL, address {port=129, model=0x40446d97fee5e6}, deviceProductInfo DeviceProductInfo{name=, manufacturerPnpId=QCM, productId=1, modelYear=null, manufactureDate=ManufactureDate{week=27, year=2006}, connectionToSinkType=0}, state ON, frameRateOverride , brightnessMinimum 0.0, brightnessMaximum 1.0, brightnessDefault 1.0, FLAG_DEFAULT_DISPLAY, FLAG_ROTATES_WITH_CONTENT, FLAG_SECURE, FLAG_SUPPORTS_PROTECTED_BUFFERS}
03-14 07:18:45.041 1533 1781 I input_focus: [Focus entering f5483db com.tencent.tmgp.sgame/com.tencent.tmgp.sgame.SGameActivity (server),reason=setFocusedWindow]
03-14 07:18:45.067 1533 1932 W FreeFormWindowHelper: Current Display FreeFormTask is null
01-02 06:47:24.278 0 0 E msm_pcm_playback_close: CMD_EOS failed, cmd_pending 0x8
03-14 07:18:45.196 1533 1739 I commit_sys_config_file: [settings-1-0,5]
03-14 07:18:45.344 1533 1622 I wm_stop_activity: [0,57706815,com.android.launcher3/.uioverrides.QuickstepLauncher]
03-14 07:18:45.391 1533 1932 W FreeFormWindowHelper: exitRecentTasks type=0
03-14 07:18:45.394 2568 2568 I wm_on_stop_called: [57706815,com.android.launcher3.uioverrides.QuickstepLauncher,STOP_ACTIVITY_ITEM]
03-14 07:18:45.400 1533 1781 I input_interaction: Interaction with: f5483db com.tencent.tmgp.sgame/com.tencent.tmgp.sgame.SGameActivity (server), edge-swipe (server), swipe-up (server), PointerEventDispatcher0 (server),
03-14 07:18:46.150 27685 27685 I view_enqueue_input_event: [Motion - Cancel,com.tencent.tmgp.sgame/com.tencent.tmgp.sgame.SGameActivity]
03-14 07:18:46.151 1533 2132 I wm_task_moved: [11,0,0]
03-14 07:18:46.151 1533 2132 I wm_task_moved: [11,0,8]
03-14 07:18:46.152 1533 1932 W FreeFormWindowHelper: Current Display FreeFormTask is null
03-14 07:18:46.154 1533 1932 W FreeFormWindowHelper: Current Display FreeFormTask is null
03-14 07:18:46.165 1533 1781 I input_interaction: Interaction with: edge-swipe (server), swipe-up (server), PointerEventDispatcher0 (server),
03-14 07:18:46.167 1533 1623 I input_focus: [Focus request recents_animation_input_consumer,reason=UpdateInputWindows]
03-14 07:18:46.211 1533 1781 I input_focus: [Focus leaving f5483db com.tencent.tmgp.sgame/com.tencent.tmgp.sgame.SGameActivity (server),reason=NOT_FOCUSABLE]
03-14 07:18:46.211 1533 1781 I input_focus: [Focus entering recents_animation_input_consumer (server),reason=setFocusedWindow]
03-14 07:18:46.219 2568 2568 I wm_on_restart_called: [57706815,com.android.launcher3.uioverrides.QuickstepLauncher,performRestartActivity]
03-14 07:18:46.220 1533 1932 W FreeFormWindowHelper: Current Display FreeFormTask is null
03-14 07:18:46.221 1533 1932 W FreeFormWindowHelper: Current Display FreeFormTask is null
03-14 07:18:46.221 1533 1932 W FreeFormWindowHelper: Current Display FreeFormTask is null
03-14 07:18:46.230 2568 2568 I wm_on_start_called: [57706815,com.android.launcher3.uioverrides.QuickstepLauncher,handleStartActivity]
03-14 07:18:46.231 1533 8565 W FreeFormWindowHelper: Current Display FreeFormTask is null
03-14 07:18:46.232 1533 1853 I netstats_mobile_sample: [0,0,0,0,0,0,0,0,0,0,0,0,1678775160483]
03-14 07:18:46.232 1533 1932 W FreeFormWindowHelper: Current Display FreeFormTask is null
03-14 07:18:46.232 1533 1853 I netstats_wifi_sample: [93418776,76520,2012773,21743,93418776,76520,2012773,21743,91965405,77910,1666223,20758,1678775160483]
03-14 07:18:46.239 1533 1932 W ActivityTaskManager: getTaskSnapshot: taskId=-504 not found
03-14 07:18:46.240 1533 1932 W ActivityTaskManager: getTaskSnapshot: taskId=-504 not found
03-14 07:18:46.252 1533 1707 W FreeFormWindowHelper: Current Display FreeFormTask is null
03-14 07:18:46.253 1533 1707 W FreeFormWindowHelper: Current Display FreeFormTask is null
03-14 07:18:46.253 2568 2568 I sysui_latency: [1,117]
03-14 07:18:46.264 1533 1619 I sysui_multi_action: [319,10,322,107,325,12471,757,761,758,9,759,5,806,com.android.launcher3,871,com.android.launcher3.uioverrides.QuickstepLauncher,904,com.android.launcher3,905,0,1320,8,1321,5]
03-14 07:18:46.275 1533 1932 W FreeFormWindowHelper: Current Display FreeFormTask is null
03-14 07:18:46.276 1533 8565 W FreeFormWindowHelper: Current Display FreeFormTask is null
03-14 07:18:46.428 1533 1932 W FreeFormWindowHelper: Current Display FreeFormTask is null
03-14 07:18:46.428 1533 8565 W FreeFormWindowHelper: Current Display FreeFormTask is null
03-14 07:18:46.428 1533 8565 W FreeFormWindowHelper: Current Display FreeFormTask is null
03-14 07:18:46.435 1533 1739 I commit_sys_config_file: [settings-1-0,5]
03-14 07:18:46.560 1533 1628 I sysui_latency: [8,119]
03-14 07:18:46.779 1533 1932 I wm_task_moved: [11,1,9]
03-14 07:18:46.780 1533 1932 I wm_focused_root_task: [0,0,11,95,RecentsAnimation.onAnimationFinished()]
03-14 07:18:46.780 27685 27685 I wm_on_top_resumed_lost_called: [50396061,com.tencent.tmgp.sgame.SGameActivity,topStateChangedWhenResumed]
03-14 07:18:46.781 1533 1932 I wm_pause_activity: [0,50396061,com.tencent.tmgp.sgame/.SGameActivity,userLeaving=false,pauseBackTasks]
03-14 07:18:46.781 1533 1932 I ActivityTaskManager: FOREGROUND_APPLICATION_CHANGED to com.android.launcher3.uioverrides.QuickstepLauncher
03-14 07:18:46.782 1533 1932 I wm_set_resumed_activity: [0,com.android.launcher3/.uioverrides.QuickstepLauncher,resumeTopActivityInnerLocked]
03-14 07:18:46.783 1533 1932 I wm_resume_activity: [0,57706815,12,com.android.launcher3/.uioverrides.QuickstepLauncher]
03-14 07:18:46.783 1533 1932 I wm_add_to_stopping: [0,50396061,com.tencent.tmgp.sgame/.SGameActivity,makeInvisible]
03-14 07:18:46.791 2568 2568 I wm_on_resume_called: [57706815,com.android.launcher3.uioverrides.QuickstepLauncher,RESUME_ACTIVITY]
03-14 07:18:46.791 1533 1623 I input_focus: [Focus request 587a4a0 com.android.launcher3/com.android.launcher3.uioverrides.QuickstepLauncher,reason=UpdateInputWindows]
03-14 07:18:46.792 1533 1932 W FreeFormWindowHelper: Current Display FreeFormTask is null
03-14 07:18:46.792 1533 1932 W FreeFormWindowHelper: Current Display FreeFormTask is null
03-14 07:18:46.793 1533 1932 W FreeFormWindowHelper: Current Display FreeFormTask is null
03-14 07:18:46.794 1533 1622 I sysui_multi_action: [757,803,799,window_time_0,802,2]
03-14 07:18:46.796 1533 2132 I wm_stop_activity: [0,50396061,com.tencent.tmgp.sgame/.SGameActivity]
03-14 07:18:46.800 1533 1622 I sysui_multi_action: [757,803,799,window_time_0,802,0]
03-14 07:18:46.812 1533 1781 I input_focus: [Focus leaving recents_animation_input_consumer (server),reason=NOT_VISIBLE]
03-14 07:18:46.812 1533 1781 I input_focus: [Focus entering 587a4a0 com.android.launcher3/com.android.launcher3.uioverrides.QuickstepLauncher (server),reason=setFocusedWindow]
03-14 07:18:46.854 1533 1932 W FreeFormWindowHelper: Current Display FreeFormTask is null
03-14 07:18:46.854 1533 1932 W FreeFormWindowHelper: Current Display FreeFormTask is null
03-14 07:18:46.856 2568 2568 I wm_on_top_resumed_gained_called: [57706815,com.android.launcher3.uioverrides.QuickstepLauncher,topStateChangedWhenResumed]
03-14 07:18:46.891 1533 8565 W FreeFormWindowHelper: Current Display FreeFormTask is null
03-14 07:18:46.895 2101 3642 W ContextImpl: Calling a method in the system process without a qualified user: android.app.ContextImpl.startService:1816 android.content.ContextWrapper.startService:774 com.thundercomm.gamemode.ingame.services.GameModeActionUtils.startGameModeService:118 com.thundercomm.gamemode.ingame.services.GameModeActionUtils.startGameModeEntry:29 com.thundercomm.gamemode.ingame.services.ActivityMonitoringService$1.onActivityLaunch:140
03-14 07:18:46.901 1533 1533 I GameModeConfig: Current uri is uri = content://com.thundercomm.gamemode.api/gamemode_settings/gamemode_isgaming
01-02 06:47:26.090 0 0 W ALERT : changing window size from 20000000 to 16000000 at 12472308025240
03-14 07:18:46.902 1533 1533 I GameModeConfig: isGameModeOn = true
03-14 07:18:46.902 1533 1533 I GameModeConfig: isGaming = false
03-14 07:18:46.902 1533 1533 I GameModeConfig: isGameModeOn = true
03-14 07:18:46.903 1533 1533 I GameModeConfig: isGaming = false
03-14 07:18:46.903 1533 1533 I GameModeConfig: isDisableVoice = true
01-02 06:47:26.118 0 0 I : [MAX975X:max96755x_drm_notifier_callback] *INFO* receives EARLY_BLANK:UNBLANK
01-02 06:47:26.118 0 0 I atmel_mxt_ts 0-004a: FB event:2,blank:0
01-02 06:47:26.118 0 0 I atmel_mxt_ts 0-004a: suspend: event = 2, blank = 0, not care
01-02 06:47:26.118 0 0 I [drm:dsi_display_set_mode] [msm-dsi-info]: mdp_transfer_time_us=0 us
01-02 06:47:26.118 0 0 I [drm:dsi_display_set_mode] [msm-dsi-info]: hactive= 2560,vactive= 1080,fps=60
01-02 06:47:26.118 0 0 I : [MAX975X:max96755x_drm_notifier_callback] *INFO* receives BLANK:UNBLANK
01-02 06:47:26.119 0 0 I atmel_mxt_ts 0-004a: FB event:1,blank:0
01-02 06:47:26.119 0 0 I atmel_mxt_ts 0-004a: drm_notifier_callback: UNBLANK! Resume by drm notifier.
03-14 07:18:46.960 1533 1622 I DisplayDeviceRepository: Display device changed: DisplayDeviceInfo{"内置屏幕": uniqueId="local:4630946816427681409", 2560 x 1080, modeId 1, defaultModeId 1, supportedModes [{id=1, width=2560, height=1080, fps=60.000004, alternativeRefreshRates=[30.000002, 45.0]}, {id=2, width=2560, height=1080, fps=45.0, alternativeRefreshRates=[30.000002, 60.000004]}, {id=3, width=2560, height=1080, fps=30.000002, alternativeRefreshRates=[45.0, 60.000004]}], colorMode 0, supportedColorModes [0], hdrCapabilities HdrCapabilities{mSupportedHdrTypes=[2, 3, 4], mMaxLuminance=500.0, mMaxAverageLuminance=500.0, mMinLuminance=0.0}, allmSupported false, gameContentTypeSupported false, density 240, 320.315 x 318.976 dpi, appVsyncOff 1000000, presDeadline 16666666, touch INTERNAL, rotation 0, type INTERNAL, address {port=129, model=0x40446d97fee5e6}, deviceProductInfo DeviceProductInfo{name=, manufacturerPnpId=QCM, productId=1, modelYear=null, manufactureDate=ManufactureDate{week=27, year=2006}, connectionToSinkType=0}, state ON, frameRateOverride , brightnessMinimum 0.0, brightnessMaximum 1.0, brightnessDefault 1.0, FLAG_DEFAULT_DISPLAY, FLAG_ROTATES_WITH_CONTENT, FLAG_SECURE, FLAG_SUPPORTS_PROTECTED_BUFFERS}
03-14 07:18:46.972 1533 1638 I ActivityManager: Waited long enough for: ServiceRecord{2788990 u0 com.qiyi.video/org.qiyi.pluginlibrary.component.ServiceProxy1}
03-14 07:18:47.056 1533 1739 I commit_sys_config_file: [settings-1-0,4]
03-14 07:18:47.104 27685 27685 I wm_on_paused_called: [50396061,com.tencent.tmgp.sgame.SGameActivity,performPause]
03-14 07:18:47.121 27685 27685 I wm_on_stop_called: [50396061,com.tencent.tmgp.sgame.SGameActivity,STOP_ACTIVITY_ITEM]
03-14 07:18:47.472 1533 1781 I input_interaction: Interaction with: 587a4a0 com.android.launcher3/com.android.launcher3.uioverrides.QuickstepLauncher (server), a76c92 com.android.systemui.ImageWallpaper (server), edge-swipe (server), swipe-up (server), PointerEventDispatcher0 (server),
03-14 07:18:47.559 1533 1560 I wm_task_moved: [11,1,9]
03-14 07:18:47.560 1533 1560 I wm_set_resumed_activity: [0,com.android.launcher3/.uioverrides.QuickstepLauncher,positionChildAt]
03-14 07:18:47.560 1533 1560 I wm_task_moved: [100,1,9]
03-14 07:18:47.560 1533 1560 I wm_task_to_front: [0,100]
03-14 07:18:47.560 1533 1560 I wm_focused_root_task: [0,0,100,11,moveTaskToFront findTaskToMoveToFront]
03-14 07:18:47.561 1533 1560 I wm_set_resumed_activity: [0,com.qiyi.video/org.iqiyi.video.activity.PlayerActivity,moveTaskToFront findTaskToMoveToFront]
03-14 07:18:47.562 1533 1560 I wm_pause_activity: [0,57706815,com.android.launcher3/.uioverrides.QuickstepLauncher,userLeaving=true,pauseBackTasks]
03-14 07:18:47.567 2568 2568 I wm_on_top_resumed_lost_called: [57706815,com.android.launcher3.uioverrides.QuickstepLauncher,topStateChangedWhenResumed]
03-14 07:18:47.568 2568 2568 I wm_on_paused_called: [57706815,com.android.launcher3.uioverrides.QuickstepLauncher,performPause]
03-14 07:18:47.571 1533 8565 I ActivityTaskManager: FOREGROUND_APPLICATION_CHANGED to org.iqiyi.video.activity.PlayerActivity
03-14 07:18:47.573 1533 8565 I wm_set_resumed_activity: [0,com.qiyi.video/org.iqiyi.video.activity.PlayerActivity,resumeTopActivityInnerLocked]
03-14 07:18:47.573 1533 8565 I wm_add_to_stopping: [0,57706815,com.android.launcher3/.uioverrides.QuickstepLauncher,makeInvisible]
03-14 07:18:47.577 1533 8565 I wm_resume_activity: [0,119120203,100,com.qiyi.video/org.iqiyi.video.activity.PlayerActivity]
03-14 07:18:47.585 31776 31776 I wm_on_restart_called: [119120203,org.iqiyi.video.activity.PlayerActivity,performRestartActivity]
03-14 07:18:47.594 31776 31776 I wm_on_start_called: [119120203,org.iqiyi.video.activity.PlayerActivity,handleStartActivity]
03-14 07:18:47.600 1533 1781 I input_focus: [Focus leaving 587a4a0 com.android.launcher3/com.android.launcher3.uioverrides.QuickstepLauncher (server),reason=NO_WINDOW]
03-14 07:18:47.609 1533 1622 I sysui_multi_action: [757,803,799,window_time_0,802,1]
03-14 07:18:47.615 31776 31776 I wm_on_resume_called: [119120203,org.iqiyi.video.activity.PlayerActivity,RESUME_ACTIVITY]
03-14 07:18:47.620 31776 31776 I wm_on_top_resumed_gained_called: [119120203,org.iqiyi.video.activity.PlayerActivity,topWhenResuming]
03-14 07:18:47.649 1533 1623 I input_focus: [Focus request ce3fc70 com.qiyi.video/org.iqiyi.video.activity.PlayerActivity,reason=UpdateInputWindows]
03-14 07:18:47.679 1533 1560 W FreeFormWindowHelper: Current Display FreeFormTask is null
03-14 07:18:47.700 1533 1619 I sysui_multi_action: [319,30,321,27,322,136,325,12472,757,761,758,9,759,4,806,com.qiyi.video,871,org.iqiyi.video.activity.PlayerActivity,904,com.qiyi.video,905,0,1320,4,1321,4]
03-14 07:18:47.714 1533 1781 I input_focus: [Focus entering ce3fc70 com.qiyi.video/org.iqiyi.video.activity.PlayerActivity (server),reason=Window became focusable. Previous reason: NOT_VISIBLE]
01-02 06:47:27.094 0 0 E DTC_ETH,link_delay_work_func: 3003, SQI=0, link=0
03-14 07:18:47.953 1533 1622 I wm_stop_activity: [0,57706815,com.android.launcher3/.uioverrides.QuickstepLauncher]
03-14 07:18:47.964 1533 1560 W FreeFormWindowHelper: exitRecentTasks type=0
03-14 07:18:47.976 2568 2568 I wm_on_stop_called: [57706815,com.android.launcher3.uioverrides.QuickstepLauncher,STOP_ACTIVITY_ITEM]
03-14 07:18:48.331 1533 1781 I input_interaction: Interaction with: ce3fc70 com.qiyi.video/org.iqiyi.video.activity.PlayerActivity (server), edge-swipe (server), swipe-up (server), PointerEventDispatcher0 (server),
03-14 07:18:48.611 0 0 I auditd : type=1400 audit(0.0:15826): avc: denied { kill } for comm="swapper/3" capability=5 scontext=u:r:kernel:s0 tcontext=u:r:kernel:s0 tclass=capability permissive=0
03-14 07:18:49.278 1533 1853 I netstats_mobile_sample: [0,0,0,0,0,0,0,0,0,0,0,0,1678775163530]
03-14 07:18:49.278 1533 1853 I netstats_wifi_sample: [93418776,76520,2012773,21743,93418776,76520,2012773,21743,91965405,77910,1666223,20758,1678775163530]
03-14 07:18:49.611 0 0 I auditd : type=1400 audit(0.0:15827): avc: denied { kill } for comm="swapper/3" capability=5 scontext=u:r:kernel:s0 tcontext=u:r:kernel:s0 tclass=capability permissive=0
03-14 07:18:49.667 1533 1781 I input_interaction: Interaction with: Letterbox_right_ActivityRecord{719a14b u0 com.qiyi.video/org.iqiyi.video.activity.PlayerActivity t100} (server), edge-swipe (server), swipe-up (server), PointerEventDispatcher0 (server),
03-14 07:18:49.795 1533 1781 I input_interaction: Interaction with: edge-swipe (server), swipe-up (server), PointerEventDispatcher0 (server),
03-14 07:18:49.899 1533 1707 I sysui_multi_action: [757,803,799,key_back_press,802,1]
03-14 07:18:49.901 1533 1781 I input_interaction: Interaction with: ce3fc70 com.qiyi.video/org.iqiyi.video.activity.PlayerActivity (server), PointerEventDispatcher0 (server),
03-14 07:18:49.907 1533 1707 I wm_finish_activity: [0,119120203,100,com.qiyi.video/org.iqiyi.video.activity.PlayerActivity,app-request]
03-14 07:18:49.916 1533 1707 I wm_pause_activity: [0,119120203,com.qiyi.video/org.iqiyi.video.activity.PlayerActivity,userLeaving=false,finish]
03-14 07:18:49.921 1533 1707 W ActivityTaskManager: Duplicate finish request for r=ActivityRecord{719a14b u0 com.qiyi.video/org.iqiyi.video.activity.PlayerActivity t100 f}}
03-14 07:18:49.922 31776 31776 I wm_on_top_resumed_lost_called: [119120203,org.iqiyi.video.activity.PlayerActivity,topStateChangedWhenResumed]
03-14 07:18:49.931 31776 31776 I wm_on_paused_called: [119120203,org.iqiyi.video.activity.PlayerActivity,performPause]
03-14 07:18:49.932 1533 1707 I wm_add_to_stopping: [0,119120203,com.qiyi.video/org.iqiyi.video.activity.PlayerActivity,completeFinishing]
03-14 07:18:49.932 1533 1707 I ActivityTaskManager: FOREGROUND_APPLICATION_CHANGED to org.qiyi.android.video.MainActivity
03-14 07:18:49.933 1533 1707 I wm_set_resumed_activity: [0,com.qiyi.video/.WelcomeActivity,resumeTopActivityInnerLocked]
03-14 07:18:49.933 1533 1707 I wm_resume_activity: [0,66527256,100,com.qiyi.video/.WelcomeActivity]
03-14 07:18:49.936 1533 1781 I input_focus: [Focus leaving ce3fc70 com.qiyi.video/org.iqiyi.video.activity.PlayerActivity (server),reason=NO_WINDOW]
03-14 07:18:49.940 1533 10633 W ActivityTaskManager: Duplicate finish request for r=ActivityRecord{719a14b u0 com.qiyi.video/org.iqiyi.video.activity.PlayerActivity t100 f}}
03-14 07:18:49.941 1533 1622 I sysui_multi_action: [757,803,799,window_time_0,802,2]
03-14 07:18:49.941 31776 31776 I wm_on_restart_called: [66527256,com.qiyi.video.WelcomeActivity,performRestartActivity]
03-14 07:18:49.947 31776 31776 I wm_on_start_called: [66527256,com.qiyi.video.WelcomeActivity,handleStartActivity]
03-14 07:18:49.957 31776 31776 I wm_on_resume_called: [66527256,com.qiyi.video.WelcomeActivity,RESUME_ACTIVITY]
03-14 07:18:49.982 31776 31776 I wm_on_top_resumed_gained_called: [66527256,com.qiyi.video.WelcomeActivity,topWhenResuming]
03-14 07:18:49.996 1533 1623 I input_focus: [Focus request 134e0d5 com.qiyi.video/com.qiyi.video.WelcomeActivity,reason=UpdateInputWindows]
03-14 07:18:50.036 1533 4620 W FreeFormWindowHelper: Current Display FreeFormTask is null
03-14 07:18:50.039 1533 1781 I input_focus: [Focus entering 134e0d5 com.qiyi.video/com.qiyi.video.WelcomeActivity (server),reason=Window became focusable. Previous reason: NOT_VISIBLE]
03-14 07:18:50.341 1533 1622 I wm_destroy_activity: [0,119120203,100,com.qiyi.video/org.iqiyi.video.activity.PlayerActivity,finish-imm:idle]
03-14 07:18:50.433 31776 31776 I wm_on_stop_called: [119120203,org.iqiyi.video.activity.PlayerActivity,LIFECYCLER_STOP_ACTIVITY]
03-14 07:18:50.459 31776 31776 I wm_on_destroy_called: [119120203,org.iqiyi.video.activity.PlayerActivity,performDestroy]
03-14 07:18:50.998 1533 1781 I input_interaction: Interaction with: Letterbox_right_ActivityRecord{3f72018 u0 com.qiyi.video/.WelcomeActivity t100} (server), edge-swipe (server), swipe-up (server), PointerEventDispatcher0 (server),
03-14 07:18:51.009 1533 4620 I wm_task_moved: [11,0,0]
03-14 07:18:51.009 1533 4620 I wm_task_moved: [11,0,8]
03-14 07:18:51.023 1533 4620 W FreeFormWindowHelper: Current Display FreeFormTask is null
03-14 07:18:51.023 1533 1781 I input_interaction: Interaction with: edge-swipe (server), swipe-up (server), PointerEventDispatcher0 (server),
03-14 07:18:51.024 1533 1560 W FreeFormWindowHelper: Current Display FreeFormTask is null
03-14 07:18:51.025 2568 2568 I wm_on_restart_called: [57706815,com.android.launcher3.uioverrides.QuickstepLauncher,performRestartActivity]
03-14 07:18:51.025 1533 1560 W FreeFormWindowHelper: Current Display FreeFormTask is null
03-14 07:18:51.026 1533 1560 W FreeFormWindowHelper: Current Display FreeFormTask is null
03-14 07:18:51.026 1533 10633 W FreeFormWindowHelper: Current Display FreeFormTask is null
03-14 07:18:51.036 2568 2568 I wm_on_start_called: [57706815,com.android.launcher3.uioverrides.QuickstepLauncher,handleStartActivity]
03-14 07:18:51.037 1533 1560 W FreeFormWindowHelper: Current Display FreeFormTask is null
03-14 07:18:51.037 1533 1707 W FreeFormWindowHelper: Current Display FreeFormTask is null
03-14 07:18:51.043 1533 1707 W FreeFormWindowHelper: Current Display FreeFormTask is null
03-14 07:18:51.043 1533 1707 W FreeFormWindowHelper: Current Display FreeFormTask is null
03-14 07:18:51.044 2568 2568 I sysui_latency: [1,46]
03-14 07:18:51.061 1533 1619 I sysui_multi_action: [319,5,322,40,325,12476,757,761,758,9,759,5,806,com.android.launcher3,871,com.android.launcher3.uioverrides.QuickstepLauncher,904,com.android.launcher3,905,0,1320,8,1321,5]
03-14 07:18:51.061 1533 1781 I input_focus: [Focus leaving 134e0d5 com.qiyi.video/com.qiyi.video.WelcomeActivity (server),reason=NOT_FOCUSABLE]
03-14 07:18:51.066 1533 10633 W ActivityTaskManager: getTaskSnapshot: taskId=-698 not found
03-14 07:18:51.067 1533 10633 W ActivityTaskManager: getTaskSnapshot: taskId=-698 not found
03-14 07:18:51.070 1533 10633 W FreeFormWindowHelper: Current Display FreeFormTask is null
03-14 07:18:51.070 1533 10633 W FreeFormWindowHelper: Current Display FreeFormTask is null
03-14 07:18:51.085 1533 2514 W FreeFormWindowHelper: exitRecentTasks type=0
03-14 07:18:51.089 1533 4620 W FreeFormWindowHelper: Current Display FreeFormTask is null
03-14 07:18:51.090 1533 10633 W FreeFormWindowHelper: Current Display FreeFormTask is null
03-14 07:18:51.248 1533 1739 I commit_sys_config_file: [settings-1-0,11]
03-14 07:18:51.349 1533 1628 I sysui_latency: [8,46]
03-14 07:18:51.721 1533 1707 W FreeFormWindowHelper: Current Display FreeFormTask is null
03-14 07:18:51.721 1533 1707 W FreeFormWindowHelper: Current Display FreeFormTask is null
03-14 07:18:51.733 1533 10633 I wm_task_moved: [11,1,9]
03-14 07:18:51.733 1533 10633 I wm_task_moved: [12,1,2147483647]
03-14 07:18:51.733 1533 10633 I wm_task_to_front: [0,12]
03-14 07:18:51.733 1533 10633 I wm_focused_root_task: [0,0,11,100,RecentsAnimation.onAnimationFinished()]
03-14 07:18:51.733 1533 10633 I wm_set_resumed_activity: [0,com.android.launcher3/.uioverrides.QuickstepLauncher,RecentsAnimation.onAnimationFinished()]
03-14 07:18:51.734 1533 10633 I wm_pause_activity: [0,66527256,com.qiyi.video/.WelcomeActivity,userLeaving=true,pauseBackTasks]
03-14 07:18:51.734 1533 10633 I wm_add_to_stopping: [0,66527256,com.qiyi.video/.WelcomeActivity,makeInvisible]
03-14 07:18:51.734 1533 10633 I ActivityTaskManager: FOREGROUND_APPLICATION_CHANGED to com.android.launcher3.uioverrides.QuickstepLauncher
03-14 07:18:51.734 1533 10633 I wm_set_resumed_activity: [0,com.android.launcher3/.uioverrides.QuickstepLauncher,resumeTopActivityInnerLocked]
03-14 07:18:51.735 1533 10633 I wm_resume_activity: [0,57706815,12,com.android.launcher3/.uioverrides.QuickstepLauncher]
03-14 07:18:51.735 2568 2568 I wm_on_resume_called: [57706815,com.android.launcher3.uioverrides.QuickstepLauncher,RESUME_ACTIVITY]
03-14 07:18:51.736 31776 31776 I wm_on_top_resumed_lost_called: [66527256,com.qiyi.video.WelcomeActivity,topStateChangedWhenResumed]
03-14 07:18:51.738 1533 1623 I input_focus: [Focus request 587a4a0 com.android.launcher3/com.android.launcher3.uioverrides.QuickstepLauncher,reason=UpdateInputWindows]
03-14 07:18:51.747 1533 2514 I wm_stop_activity: [0,66527256,com.qiyi.video/.WelcomeActivity]
03-14 07:18:51.748 2568 2568 I wm_on_top_resumed_gained_called: [57706815,com.android.launcher3.uioverrides.QuickstepLauncher,topStateChangedWhenResumed]
03-14 07:18:51.752 1533 1622 I sysui_multi_action: [757,803,799,window_time_0,802,2]
03-14 07:18:51.753 31776 31776 I wm_on_paused_called: [66527256,com.qiyi.video.WelcomeActivity,performPause]
03-14 07:18:51.757 1533 1781 I input_focus: [Focus entering 587a4a0 com.android.launcher3/com.android.launcher3.uioverrides.QuickstepLauncher (server),reason=setFocusedWindow]
03-14 07:18:51.759 1533 1622 I sysui_multi_action: [757,803,799,window_time_0,802,0]
03-14 07:18:51.784 31776 31776 I wm_on_stop_called: [66527256,com.qiyi.video.WelcomeActivity,STOP_ACTIVITY_ITEM]
03-14 07:18:51.839 1533 2514 W FreeFormWindowHelper: Current Display FreeFormTask is null
03-14 07:18:52.611 5335 5335 I auditd : type=1400 audit(0.0:15828): avc: denied { kill } for comm="dp_rx_thread_0" capability=5 scontext=u:r:kernel:s0 tcontext=u:r:kernel:s0 tclass=capability permissive=0
01-02 06:47:32.214 0 0 E DTC_ETH,link_delay_work_func: 3003, SQI=0, link=0
03-14 07:18:53.693 1533 1628 I sysui_multi_action: [757,1717,758,1,759,0]
03-14 07:18:53.693 1533 1628 I sysui_multi_action: [757,1717,758,2,759,0]
03-14 07:18:53.694 1533 1628 I sysui_multi_action: [757,1717,758,3,759,0]
03-14 07:18:54.611 19910 19910 I auditd : type=1400 audit(0.0:15829): avc: denied { kill } for comm="kworker/u17:0" capability=5 scontext=u:r:kernel:s0 tcontext=u:r:kernel:s0 tclass=capability permissive=0
03-14 07:18:54.629 1533 1853 I netstats_mobile_sample: [0,0,0,0,0,0,0,0,0,0,0,0,1678775168880]
03-14 07:18:54.629 1533 1853 I netstats_wifi_sample: [93418776,76520,2012773,21743,93418776,76520,2012773,21743,91965405,77910,1666223,20758,1678775168880]
01-02 06:47:34.425 0 0 I msm_vidc: err : ffffffff: .....: DBLP Set: status 0
03-14 07:18:55.611 0 0 I auditd : type=1400 audit(0.0:15830): avc: denied { kill } for comm="swapper/3" capability=5 scontext=u:r:kernel:s0 tcontext=u:r:kernel:s0 tclass=capability permissive=0
