03-14 07:25:33.727 5179 5179 I auditd : type=1400 audit(0.0:16830): avc: denied { read } for comm="HCDN_DataProces" name="sdcard" dev="tmpfs" ino=1359 scontext=u:r:untrusted_app:s0:c99,c256,c512,c768 tcontext=u:object_r:mnt_sdcard_file:s0 tclass=lnk_file permissive=0 app=com.qiyi.video
01-02 06:54:13.506 0 0 E [wifi@1][0x39963415a7][07:25:34.322056] wlan: [831:E:QDF] cds_flush_logs: 2424: Bug report already in progress - dropping! type:0, indicator=1 reason_code=0
01-02 06:54:13.506 0 0 E [wifi@1][0x399634196b][07:25:34.322106] wlan: [831:E:HDD] __wlan_hdd_cfg80211_wifi_logger_get_ring_data: 9840: Failed to trigger bug report
01-02 06:54:13.538 0 0 I logd : logdr: UID=1000 GID=1000 PID=6887 n tail=127 logMask=19 pid=0 start=0ns deadline=0ns
01-02 06:54:13.622 0 0 E [soft_i][0x39965628c4][07:25:34.438364] wlan: [0:E:DATA] __hdd_tx_timeout: Transmission timeout occurred jiffies 4298112256
01-02 06:54:13.623 0 0 E [soft_i][0x3996566953][07:25:34.439225] wlan: [0:E:DP] No of pool map received 3
01-02 06:54:13.623 0 0 E [soft_i][0x3996566b15][07:25:34.439248] wlan: [0:E:DP] No of pool unmap received 2
01-02 06:54:13.623 0 0 E [soft_i][0x3996566cab][07:25:34.439269] wlan: [0:E:DP] Pkt dropped due to unavailablity of pool 0
01-02 06:54:13.623 0 0 E [soft_i][0x3996566e3a][07:25:34.439290] wlan: [0:E:DP]
01-02 06:54:13.623 0 0 E [soft_i][0x3996566fcc][07:25:34.439311] wlan: [0:E:DP] Flow_pool_id 0 :: status 2
01-02 06:54:13.623 0 0 E [soft_i][0x399656714e][07:25:34.439331] wlan: [0:E:DP] Total 4096 :: Available 881
01-02 06:54:13.623 0 0 E [soft_i][0x39965672e1][07:25:34.439352] wlan: [0:E:DP] Level 0 :: Start threshold 1024 :: Stop threshold 614
01-02 06:54:13.623 0 0 E [soft_i][0x3996567646][07:25:34.439397] wlan: [0:E:DP] Level 0 :: Maximun pause time 12024 ms
01-02 06:54:13.623 0 0 E [soft_i][0x39965678d9][07:25:34.439432] wlan: [0:E:DP] Level 0 :: Latest pause timestamp 17192436452
01-02 06:54:13.623 0 0 E [soft_i][0x3996567a62][07:25:34.439452] wlan: [0:E:DP] Level 1 :: Start threshold 819 :: Stop threshold 491
01-02 06:54:13.623 0 0 E [soft_i][0x3996567bd1][07:25:34.439471] wlan: [0:E:DP] Level 1 :: Maximun pause time 0 ms
01-02 06:54:13.623 0 0 E [soft_i][0x3996567d35][07:25:34.439490] wlan: [0:E:DP] Level 1 :: Latest pause timestamp 0
01-02 06:54:13.623 0 0 E [soft_i][0x3996567eb4][07:25:34.439510] wlan: [0:E:DP] Level 2 :: Start threshold 614 :: Stop threshold 368
01-02 06:54:13.623 0 0 E [soft_i][0x3996568026][07:25:34.439529] wlan: [0:E:DP] Level 2 :: Maximun pause time 0 ms
01-02 06:54:13.623 0 0 E [soft_i][0x399656818b][07:25:34.439548] wlan: [0:E:DP] Level 2 :: Latest pause timestamp 0
01-02 06:54:13.623 0 0 E [soft_i][0x3996568303][07:25:34.439567] wlan: [0:E:DP] Level 3 :: Start threshold 409 :: Stop threshold 245
01-02 06:54:13.623 0 0 E [soft_i][0x3996568836][07:25:34.439637] wlan: [0:E:DP] Level 3 :: Maximun pause time 0 ms
01-02 06:54:13.623 0 0 E [soft_i][0x39965689ba][07:25:34.439657] wlan: [0:E:DP] Level 3 :: Latest pause timestamp 0
01-02 06:54:13.623 0 0 E [soft_i][0x3996568b35][07:25:34.439676] wlan: [0:E:DP] Member flow_id 0 :: flow_type 0
01-02 06:54:13.623 0 0 E [soft_i][0x3996568c9f][07:25:34.439695] wlan: [0:E:DP] Pkt dropped due to unavailablity of descriptors 0
03-14 07:25:34.551 831 831 I auditd : type=1400 audit(0.0:16831): avc: denied { search } for comm="wifi@1.0-servic" name="tombstones" dev="dm-10" ino=36 scontext=u:r:hal_wifi_default:s0 tcontext=u:object_r:vendor_tombstone_data_file:s0 tclass=dir permissive=0
03-14 07:25:34.557 831 831 E android.hardware.wifi@1.0-service: Failed to open directory: Permission denied
03-14 07:25:34.557 831 831 E android.hardware.wifi@1.0-service: Error occurred while deleting old tombstone files
03-14 07:25:34.557 831 831 E android.hardware.wifi@1.0-service: Error writing files to flash
03-14 07:25:34.611 0 0 I auditd : type=1400 audit(0.0:16832): avc: denied { kill } for comm="swapper/2" capability=5 scontext=u:r:kernel:s0 tcontext=u:r:kernel:s0 tclass=capability permissive=0
03-14 07:25:34.735 5179 5179 I auditd : type=1400 audit(0.0:16833): avc: denied { read } for comm="HCDN_DataProces" name="sdcard" dev="tmpfs" ino=1359 scontext=u:r:untrusted_app:s0:c99,c256,c512,c768 tcontext=u:object_r:mnt_sdcard_file:s0 tclass=lnk_file permissive=0 app=com.qiyi.video
03-14 07:25:35.611 0 0 I auditd : type=1400 audit(0.0:16834): avc: denied { kill } for comm="swapper/2" capability=5 scontext=u:r:kernel:s0 tcontext=u:r:kernel:s0 tclass=capability permissive=0
03-14 07:25:35.755 5179 5179 I auditd : type=1400 audit(0.0:16835): avc: denied { read } for comm="HCDN_DataProces" name="sdcard" dev="tmpfs" ino=1359 scontext=u:r:untrusted_app:s0:c99,c256,c512,c768 tcontext=u:object_r:mnt_sdcard_file:s0 tclass=lnk_file permissive=0 app=com.qiyi.video
03-14 07:25:36.611 0 0 I auditd : type=1400 audit(0.0:16836): avc: denied { kill } for comm="swapper/2" capability=5 scontext=u:r:kernel:s0 tcontext=u:r:kernel:s0 tclass=capability permissive=0
03-14 07:25:36.791 5179 5179 I auditd : type=1400 audit(0.0:16837): avc: denied { read } for comm="HCDN_DataProces" name="sdcard" dev="tmpfs" ino=1359 scontext=u:r:untrusted_app:s0:c99,c256,c512,c768 tcontext=u:object_r:mnt_sdcard_file:s0 tclass=lnk_file permissive=0 app=com.qiyi.video
01-02 06:54:16.695 0 0 E DTC_ETH,link_delay_work_func: 3003, SQI=0, link=0
03-14 07:25:37.611 0 0 I auditd : type=1400 audit(0.0:16838): avc: denied { kill } for comm="swapper/2" capability=5 scontext=u:r:kernel:s0 tcontext=u:r:kernel:s0 tclass=capability permissive=0
03-14 07:25:37.627 5179 5179 I auditd : type=1400 audit(0.0:16839): avc: denied { read } for comm="HCDN_DownloadEn" name="sdcard" dev="tmpfs" ino=1359 scontext=u:r:untrusted_app:s0:c99,c256,c512,c768 tcontext=u:object_r:mnt_sdcard_file:s0 tclass=lnk_file permissive=0 app=com.qiyi.video
03-14 07:25:37.811 5179 5179 I auditd : type=1400 audit(0.0:16840): avc: denied { read } for comm="HCDN_DataProces" name="sdcard" dev="tmpfs" ino=1359 scontext=u:r:untrusted_app:s0:c99,c256,c512,c768 tcontext=u:object_r:mnt_sdcard_file:s0 tclass=lnk_file permissive=0 app=com.qiyi.video
01-02 06:54:17.757 0 0 I logd : logdr: UID=1000 GID=1000 PID=6912 n tail=127 logMask=19 pid=0 start=0ns deadline=0ns
03-14 07:25:38.611 0 0 I auditd : type=1400 audit(0.0:16841): avc: denied { kill } for comm="swapper/2" capability=5 scontext=u:r:kernel:s0 tcontext=u:r:kernel:s0 tclass=capability permissive=0
01-02 06:54:17.877 0 0 I logd : logdr: UID=1000 GID=1000 PID=6917 n tail=127 logMask=80 pid=0 start=0ns deadline=0ns
03-14 07:25:38.775 831 831 I auditd : type=1400 audit(0.0:16842): avc: denied { search } for comm="wifi@1.0-servic" name="tombstones" dev="dm-10" ino=36 scontext=u:r:hal_wifi_default:s0 tcontext=u:object_r:vendor_tombstone_data_file:s0 tclass=dir permissive=0
03-14 07:25:38.781 831 831 E android.hardware.wifi@1.0-service: Failed to open directory: Permission denied
03-14 07:25:38.781 831 831 E android.hardware.wifi@1.0-service: Error occurred while deleting old tombstone files
03-14 07:25:38.781 831 831 E android.hardware.wifi@1.0-service: Error writing files to flash
03-14 07:25:38.838 1533 14010 W ActivityManager: Background start not allowed: service Intent { cmp=com.ss.android.ugc.aweme/com.bytedance.common.wschannel.client.WsClientService } to com.ss.android.ugc.aweme/com.bytedance.common.wschannel.client.WsClientService from pid=5749 uid=10098 pkg=com.ss.android.ugc.aweme startFg?=false
03-14 07:25:38.851 5179 5179 I auditd : type=1400 audit(0.0:16843): avc: denied { read } for comm="HCDN_DataProces" name="sdcard" dev="tmpfs" ino=1359 scontext=u:r:untrusted_app:s0:c99,c256,c512,c768 tcontext=u:object_r:mnt_sdcard_file:s0 tclass=lnk_file permissive=0 app=com.qiyi.video
03-14 07:25:38.875 1533 1628 I am_pss : [4796,10098,com.ss.android.ugc.aweme,337370112,259883008,117760,548605952,0,19,37]
03-14 07:25:38.897 1533 1628 I am_pss : [5749,10098,com.ss.android.ugc.aweme:push,116848640,47075328,203776,313872384,0,19,21]
03-14 07:25:38.920 1533 1628 I am_pss : [5795,10098,com.ss.android.ugc.aweme:pushservice,118381568,47464448,203776,318406656,0,19,22]
01-02 06:54:18.409 0 0 I [soft_i][0x399bd082ab][07:25:39.225056] wlan: [0:I:QDF] DNS_Q TX: SA:56:f4:a3:ce:a6:5f DA:d6:44:3b:15:39:91 msdu_id:3005 status: nack
01-02 06:54:18.742 0 0 E [soft_i][0x399c3233e0][07:25:39.558512] wlan: [0:E:DATA] __hdd_tx_timeout: Transmission timeout occurred jiffies 4298113536
01-02 06:54:18.743 0 0 E [soft_i][0x399c325aaa][07:25:39.559029] wlan: [0:E:DP] No of pool map received 3
01-02 06:54:18.743 0 0 E [soft_i][0x399c325e94][07:25:39.559081] wlan: [0:E:DP] No of pool unmap received 2
01-02 06:54:18.743 0 0 E [soft_i][0x399c325f65][07:25:39.559092] wlan: [0:E:DP] Pkt dropped due to unavailablity of pool 0
01-02 06:54:18.743 0 0 E [soft_i][0x399c32604d][07:25:39.559104] wlan: [0:E:DP]
01-02 06:54:18.743 0 0 E [soft_i][0x399c326130][07:25:39.559116] wlan: [0:E:DP] Flow_pool_id 0 :: status 2
01-02 06:54:18.743 0 0 E [soft_i][0x399c3261e1][07:25:39.559125] wlan: [0:E:DP] Total 4096 :: Available 975
01-02 06:54:18.743 0 0 E [soft_i][0x399c3262a1][07:25:39.559135] wlan: [0:E:DP] Level 0 :: Start threshold 1024 :: Stop threshold 614
01-02 06:54:18.743 0 0 E [soft_i][0x399c326363][07:25:39.559145] wlan: [0:E:DP] Level 0 :: Maximun pause time 12024 ms
01-02 06:54:18.743 0 0 E [soft_i][0x399c3265c2][07:25:39.559177] wlan: [0:E:DP] Level 0 :: Latest pause timestamp 17192436452
01-02 06:54:18.743 0 0 E [soft_i][0x399c3266f4][07:25:39.559193] wlan: [0:E:DP] Level 1 :: Start threshold 819 :: Stop threshold 491
01-02 06:54:18.743 0 0 E [soft_i][0x399c3267b2][07:25:39.559203] wlan: [0:E:DP] Level 1 :: Maximun pause time 0 ms
01-02 06:54:18.743 0 0 E [soft_i][0x399c326882][07:25:39.559214] wlan: [0:E:DP] Level 1 :: Latest pause timestamp 0
01-02 06:54:18.743 0 0 E [soft_i][0x399c326933][07:25:39.559223] wlan: [0:E:DP] Level 2 :: Start threshold 614 :: Stop threshold 368
01-02 06:54:18.743 0 0 E [soft_i][0x399c3269dd][07:25:39.559232] wlan: [0:E:DP] Level 2 :: Maximun pause time 0 ms
01-02 06:54:18.743 0 0 E [soft_i][0x399c326a81][07:25:39.559240] wlan: [0:E:DP] Level 2 :: Latest pause timestamp 0
01-02 06:54:18.743 0 0 E [soft_i][0x399c326b2c][07:25:39.559249] wlan: [0:E:DP] Level 3 :: Start threshold 409 :: Stop threshold 245
01-02 06:54:18.743 0 0 E [soft_i][0x399c326bda][07:25:39.559258] wlan: [0:E:DP] Level 3 :: Maximun pause time 0 ms
01-02 06:54:18.743 0 0 E [soft_i][0x399c326c89][07:25:39.559267] wlan: [0:E:DP] Level 3 :: Latest pause timestamp 0
01-02 06:54:18.743 0 0 E [soft_i][0x399c326d44][07:25:39.559277] wlan: [0:E:DP] Member flow_id 0 :: flow_type 0
01-02 06:54:18.743 0 0 E [soft_i][0x399c326de2][07:25:39.559285] wlan: [0:E:DP] Pkt dropped due to unavailablity of descriptors 0
01-02 06:54:18.747 0 0 I [soft_i][0x399c339ef7][07:25:39.563353] wlan: [0:I:QDF] DNS_Q TX: SA:56:f4:a3:ce:a6:5f DA:d6:44:3b:15:39:91 msdu_id:266 status: nack
03-14 07:25:39.611 0 0 I auditd : type=1400 audit(0.0:16844): avc: denied { kill } for comm="swapper/2" capability=5 scontext=u:r:kernel:s0 tcontext=u:r:kernel:s0 tclass=capability permissive=0
01-02 06:54:18.967 0 0 I [soft_i][0x399c73ecab][07:25:39.782843] wlan: [0:I:QDF] DNS_Q TX: SA:56:f4:a3:ce:a6:5f DA:d6:44:3b:15:39:91 msdu_id:2426 status: nack
03-14 07:25:39.891 5179 5179 I auditd : type=1400 audit(0.0:16845): avc: denied { read } for comm="HCDN_DataProces" name="sdcard" dev="tmpfs" ino=1359 scontext=u:r:untrusted_app:s0:c99,c256,c512,c768 tcontext=u:object_r:mnt_sdcard_file:s0 tclass=lnk_file permissive=0 app=com.qiyi.video
01-02 06:54:19.597 0 0 I [soft_i][0x399d2ca833][07:25:40.413397] wlan: [0:I:QDF] DNS_Q TX: SA:56:f4:a3:ce:a6:5f DA:d6:44:3b:15:39:91 msdu_id:3219 status: nack
03-14 07:25:40.611 0 0 I auditd : type=1400 audit(0.0:16846): avc: denied { kill } for comm="swapper/2" capability=5 scontext=u:r:kernel:s0 tcontext=u:r:kernel:s0 tclass=capability permissive=0
03-14 07:25:40.923 5179 5179 I auditd : type=1400 audit(0.0:16847): avc: denied { read } for comm="HCDN_DataProces" name="sdcard" dev="tmpfs" ino=1359 scontext=u:r:untrusted_app:s0:c99,c256,c512,c768 tcontext=u:object_r:mnt_sdcard_file:s0 tclass=lnk_file permissive=0 app=com.qiyi.video
01-02 06:54:20.358 0 0 E [wifi@1][0x399e0b9df2][07:25:41.174433] wlan: [831:E:QDF] cds_flush_logs: 2424: Bug report already in progress - dropping! type:0, indicator=1 reason_code=0
01-02 06:54:20.358 0 0 E [wifi@1][0x399e0ba23e][07:25:41.174490] wlan: [831:E:HDD] __wlan_hdd_cfg80211_wifi_logger_get_ring_data: 9840: Failed to trigger bug report
03-14 07:25:41.399 831 831 I auditd : type=1400 audit(0.0:16848): avc: denied { search } for comm="wifi@1.0-servic" name="tombstones" dev="dm-10" ino=36 scontext=u:r:hal_wifi_default:s0 tcontext=u:object_r:vendor_tombstone_data_file:s0 tclass=dir permissive=0
03-14 07:25:41.405 831 831 E android.hardware.wifi@1.0-service: Failed to open directory: Permission denied
03-14 07:25:41.405 831 831 E android.hardware.wifi@1.0-service: Error occurred while deleting old tombstone files
03-14 07:25:41.405 831 831 E android.hardware.wifi@1.0-service: Error writing files to flash
03-14 07:25:41.611 0 0 I auditd : type=1400 audit(0.0:16849): avc: denied { kill } for comm="swapper/2" capability=5 scontext=u:r:kernel:s0 tcontext=u:r:kernel:s0 tclass=capability permissive=0
03-14 07:25:41.955 5179 5179 I auditd : type=1400 audit(0.0:16850): avc: denied { read } for comm="HCDN_DataProces" name="sdcard" dev="tmpfs" ino=1359 scontext=u:r:untrusted_app:s0:c99,c256,c512,c768 tcontext=u:object_r:mnt_sdcard_file:s0 tclass=lnk_file permissive=0 app=com.qiyi.video
03-14 07:25:42.611 0 0 I auditd : type=1400 audit(0.0:16851): avc: denied { kill } for comm="swapper/2" capability=5 scontext=u:r:kernel:s0 tcontext=u:r:kernel:s0 tclass=capability permissive=0
01-02 06:54:21.815 0 0 E DTC_ETH,link_delay_work_func: 3003, SQI=0, link=0
01-02 06:54:21.969 0 0 I [schedu][0x399fe38418][07:25:42.785182] wlan: [5333:I:WMA] [07:25:42.726000] [ROAM_TRIGGER]: VDEV[0] Reason: "LOW RSSI" Cur_Rssi threshold:86 Current AP RSSI: 81
01-02 06:54:21.969 0 0 I [schedu][0x399fe38711][07:25:42.785221] wlan: [5333:I:WMA] [07:25:42.726000] [ROAM_SCAN]: VDEV[0] Scan_type: PARTIAL next_rssi_threshold: 86 dBm {2452 }
01-02 06:54:21.969 0 0 I [schedu][0x399fe38853][07:25:42.785238] wlan: [5333:I:WMA] ============================================================================================================================
01-02 06:54:21.969 0 0 I [schedu][0x399fe38a22][07:25:42.785262] wlan: [5333:I:WMA] AP BSSID TSTAMP CH TY ETP RSSI/SCR CU%/SCR TOT_SCR BL_RSN BL_SRC BL_TSTAMP BL_TIMEOUT(ms)
01-02 06:54:21.969 0 0 I [schedu][0x399fe38eb5][07:25:42.785323] wlan: [5333:I:WMA] ============================================================================================================================
01-02 06:54:21.969 0 0 I [schedu][0x399fe39136][07:25:42.785357] wlan: [5333:I:WMA] d6:44:3b:15:39:91 [07:25:42.726000] 2452 P_AP 0 81/0 0/0 1005 0 0 [00:00:00.000000] 0
01-02 06:54:21.969 0 0 I [schedu][0x399fe39312][07:25:42.785381] wlan: [5333:I:WMA] [07:25:42.783000] [ROAM_RESULT]: VDEV[0] FAILED Reason: NO AP FOUND
03-14 07:25:42.787 5179 5179 I auditd : type=1400 audit(0.0:16852): avc: denied { read } for comm="HCDN_DownloadEn" name="sdcard" dev="tmpfs" ino=1359 scontext=u:r:untrusted_app:s0:c99,c256,c512,c768 tcontext=u:object_r:mnt_sdcard_file:s0 tclass=lnk_file permissive=0 app=com.qiyi.video
03-14 07:25:42.987 5179 5179 I auditd : type=1400 audit(0.0:16853): avc: denied { read } for comm="HCDN_DataProces" name="sdcard" dev="tmpfs" ino=1359 scontext=u:r:untrusted_app:s0:c99,c256,c512,c768 tcontext=u:object_r:mnt_sdcard_file:s0 tclass=lnk_file permissive=0 app=com.qiyi.video
03-14 07:25:43.611 0 0 I auditd : type=1400 audit(0.0:16854): avc: denied { kill } for comm="swapper/2" capability=5 scontext=u:r:kernel:s0 tcontext=u:r:kernel:s0 tclass=capability permissive=0
03-14 07:25:44.011 5179 5179 I auditd : type=1400 audit(0.0:16855): avc: denied { read } for comm="HCDN_DataProces" name="sdcard" dev="tmpfs" ino=1359 scontext=u:r:untrusted_app:s0:c99,c256,c512,c768 tcontext=u:object_r:mnt_sdcard_file:s0 tclass=lnk_file permissive=0 app=com.qiyi.video
01-02 06:54:23.552 0 0 I logd : logdr: UID=1000 GID=1000 PID=6955 n tail=127 logMask=19 pid=0 start=0ns deadline=0ns
01-02 06:54:23.666 0 0 I logd : logdr: UID=1000 GID=1000 PID=6957 n tail=127 logMask=80 pid=0 start=0ns deadline=0ns
03-14 07:25:44.563 831 831 I auditd : type=1400 audit(0.0:16856): avc: denied { search } for comm="wifi@1.0-servic" name="tombstones" dev="dm-10" ino=36 scontext=u:r:hal_wifi_default:s0 tcontext=u:object_r:vendor_tombstone_data_file:s0 tclass=dir permissive=0
03-14 07:25:44.567 831 831 E android.hardware.wifi@1.0-service: Failed to open directory: Permission denied
03-14 07:25:44.567 831 831 E android.hardware.wifi@1.0-service: Error occurred while deleting old tombstone files
03-14 07:25:44.567 831 831 E android.hardware.wifi@1.0-service: Error writing files to flash
03-14 07:25:44.611 0 0 I auditd : type=1400 audit(0.0:16857): avc: denied { kill } for comm="swapper/2" capability=5 scontext=u:r:kernel:s0 tcontext=u:r:kernel:s0 tclass=capability permissive=0
03-14 07:25:45.023 5179 5179 I auditd : type=1400 audit(0.0:16858): avc: denied { read } for comm="HCDN_DataProces" name="sdcard" dev="tmpfs" ino=1359 scontext=u:r:untrusted_app:s0:c99,c256,c512,c768 tcontext=u:object_r:mnt_sdcard_file:s0 tclass=lnk_file permissive=0 app=com.qiyi.video
03-14 07:25:45.611 0 0 I auditd : type=1400 audit(0.0:16859): avc: denied { kill } for comm="swapper/2" capability=5 scontext=u:r:kernel:s0 tcontext=u:r:kernel:s0 tclass=capability permissive=0
03-14 07:25:46.031 5179 5179 I auditd : type=1400 audit(0.0:16860): avc: denied { read } for comm="HCDN_DataProces" name="sdcard" dev="tmpfs" ino=1359 scontext=u:r:untrusted_app:s0:c99,c256,c512,c768 tcontext=u:object_r:mnt_sdcard_file:s0 tclass=lnk_file permissive=0 app=com.qiyi.video
03-14 07:25:46.611 0 0 I auditd : type=1400 audit(0.0:16861): avc: denied { kill } for comm="swapper/2" capability=5 scontext=u:r:kernel:s0 tcontext=u:r:kernel:s0 tclass=capability permissive=0
01-02 06:54:26.086 0 0 I [soft_i][0x39a499cdc3][07:25:46.902644] wlan: [0:I:QDF] DNS_Q TX: SA:56:f4:a3:ce:a6:5f DA:d6:44:3b:15:39:91 msdu_id:2710 status: nack
03-14 07:25:47.063 5179 5179 I auditd : type=1400 audit(0.0:16862): avc: denied { read } for comm="HCDN_DataProces" name="sdcard" dev="tmpfs" ino=1359 scontext=u:r:untrusted_app:s0:c99,c256,c512,c768 tcontext=u:object_r:mnt_sdcard_file:s0 tclass=lnk_file permissive=0 app=com.qiyi.video
03-14 07:25:47.611 0 0 I auditd : type=1400 audit(0.0:16863): avc: denied { kill } for comm="swapper/2" capability=5 scontext=u:r:kernel:s0 tcontext=u:r:kernel:s0 tclass=capability permissive=0
01-02 06:54:26.935 0 0 E DTC_ETH,link_delay_work_func: 3003, SQI=0, link=0
03-14 07:25:47.859 5179 5179 I auditd : type=1400 audit(0.0:16864): avc: denied { read } for comm="HCDN_DownloadEn" name="sdcard" dev="tmpfs" ino=1359 scontext=u:r:untrusted_app:s0:c99,c256,c512,c768 tcontext=u:object_r:mnt_sdcard_file:s0 tclass=lnk_file permissive=0 app=com.qiyi.video
01-02 06:54:27.107 0 0 I [soft_i][0x39a5c4c504][07:25:47.923114] wlan: [0:I:QDF] ARP-RQ TX: SA:56:f4:a3:ce:a6:5f DA:d6:44:3b:15:39:91 msdu_id:1729 status: nack
03-14 07:25:48.067 5179 5179 I auditd : type=1400 audit(0.0:16865): avc: denied { read } for comm="HCDN_DataProces" name="sdcard" dev="tmpfs" ino=1359 scontext=u:r:untrusted_app:s0:c99,c256,c512,c768 tcontext=u:object_r:mnt_sdcard_file:s0 tclass=lnk_file permissive=0 app=com.qiyi.video
01-02 06:54:27.778 0 0 I logd : logdr: UID=1000 GID=1000 PID=6983 n tail=127 logMask=19 pid=0 start=0ns deadline=0ns
03-14 07:25:48.611 0 0 I auditd : type=1400 audit(0.0:16866): avc: denied { kill } for comm="swapper/2" capability=5 scontext=u:r:kernel:s0 tcontext=u:r:kernel:s0 tclass=capability permissive=0
01-02 06:54:27.891 0 0 I logd : logdr: UID=1000 GID=1000 PID=6985 n tail=127 logMask=80 pid=0 start=0ns deadline=0ns
03-14 07:25:48.791 831 831 E android.hardware.wifi@1.0-service: Failed to open directory: Permission denied
03-14 07:25:48.787 831 831 I auditd : type=1400 audit(0.0:16867): avc: denied { search } for comm="wifi@1.0-servic" name="tombstones" dev="dm-10" ino=36 scontext=u:r:hal_wifi_default:s0 tcontext=u:object_r:vendor_tombstone_data_file:s0 tclass=dir permissive=0
03-14 07:25:48.791 831 831 E android.hardware.wifi@1.0-service: Error occurred while deleting old tombstone files
03-14 07:25:48.791 831 831 E android.hardware.wifi@1.0-service: Error writing files to flash
03-14 07:25:49.075 5179 5179 I auditd : type=1400 audit(0.0:16868): avc: denied { read } for comm="HCDN_DataProces" name="sdcard" dev="tmpfs" ino=1359 scontext=u:r:untrusted_app:s0:c99,c256,c512,c768 tcontext=u:object_r:mnt_sdcard_file:s0 tclass=lnk_file permissive=0 app=com.qiyi.video
01-02 06:54:28.726 0 0 E [soft_i][0x39a79f280a][07:25:49.542355] wlan: [0:E:DATA] __hdd_tx_timeout: Transmission timeout occurred jiffies 4298116032
01-02 06:54:28.727 0 0 E [soft_i][0x39a79f662d][07:25:49.543183] wlan: [0:E:DP] No of pool map received 3
01-02 06:54:28.727 0 0 E [soft_i][0x39a79f6bc4][07:25:49.543257] wlan: [0:E:DP] No of pool unmap received 2
01-02 06:54:28.727 0 0 E [soft_i][0x39a79f6d5a][07:25:49.543278] wlan: [0:E:DP] Pkt dropped due to unavailablity of pool 0
01-02 06:54:28.727 0 0 E [soft_i][0x39a79f6f03][07:25:49.543301] wlan: [0:E:DP]
01-02 06:54:28.727 0 0 E [soft_i][0x39a79f70a1][07:25:49.543322] wlan: [0:E:DP] Flow_pool_id 0 :: status 2
01-02 06:54:28.727 0 0 E [soft_i][0x39a79f7219][07:25:49.543342] wlan: [0:E:DP] Total 4096 :: Available 735
01-02 06:54:28.727 0 0 E [soft_i][0x39a79f73b2][07:25:49.543363] wlan: [0:E:DP] Level 0 :: Start threshold 1024 :: Stop threshold 614
01-02 06:54:28.727 0 0 E [soft_i][0x39a79f752f][07:25:49.543383] wlan: [0:E:DP] Level 0 :: Maximun pause time 19540 ms
01-02 06:54:28.727 0 0 E [soft_i][0x39a79f76b7][07:25:49.543403] wlan: [0:E:DP] Level 0 :: Latest pause timestamp 17192456004
01-02 06:54:28.727 0 0 E [soft_i][0x39a79f7830][07:25:49.543423] wlan: [0:E:DP] Level 1 :: Start threshold 819 :: Stop threshold 491
01-02 06:54:28.727 0 0 E [soft_i][0x39a79f79a2][07:25:49.543442] wlan: [0:E:DP] Level 1 :: Maximun pause time 0 ms
01-02 06:54:28.727 0 0 E [soft_i][0x39a79f7b10][07:25:49.543461] wlan: [0:E:DP] Level 1 :: Latest pause timestamp 0
01-02 06:54:28.727 0 0 E [soft_i][0x39a79f7c8d][07:25:49.543481] wlan: [0:E:DP] Level 2 :: Start threshold 614 :: Stop threshold 368
01-02 06:54:28.727 0 0 E [soft_i][0x39a79f7e12][07:25:49.543501] wlan: [0:E:DP] Level 2 :: Maximun pause time 0 ms
01-02 06:54:28.727 0 0 E [soft_i][0x39a79f7f84][07:25:49.543521] wlan: [0:E:DP] Level 2 :: Latest pause timestamp 0
01-02 06:54:28.727 0 0 E [soft_i][0x39a79f811e][07:25:49.543542] wlan: [0:E:DP] Level 3 :: Start threshold 409 :: Stop threshold 245
01-02 06:54:28.727 0 0 E [soft_i][0x39a79f829e][07:25:49.543562] wlan: [0:E:DP] Level 3 :: Maximun pause time 0 ms
01-02 06:54:28.727 0 0 E [soft_i][0x39a79f8414][07:25:49.543581] wlan: [0:E:DP] Level 3 :: Latest pause timestamp 0
01-02 06:54:28.727 0 0 E [soft_i][0x39a79f859e][07:25:49.543602] wlan: [0:E:DP] Member flow_id 0 :: flow_type 0
01-02 06:54:28.727 0 0 E [soft_i][0x39a79f8708][07:25:49.543621] wlan: [0:E:DP] Pkt dropped due to unavailablity of descriptors 0
03-14 07:25:49.611 0 0 I auditd : type=1400 audit(0.0:16869): avc: denied { kill } for comm="swapper/2" capability=5 scontext=u:r:kernel:s0 tcontext=u:r:kernel:s0 tclass=capability permissive=0
01-02 06:54:29.280 0 0 I [soft_i][0x39a8415434][07:25:50.095903] wlan: [0:I:QDF] DNS_Q TX: SA:56:f4:a3:ce:a6:5f DA:d6:44:3b:15:39:91 msdu_id:1302 status: nack
03-14 07:25:50.115 5179 5179 I auditd : type=1400 audit(0.0:16870): avc: denied { read } for comm="HCDN_DataProces" name="sdcard" dev="tmpfs" ino=1359 scontext=u:r:untrusted_app:s0:c99,c256,c512,c768 tcontext=u:object_r:mnt_sdcard_file:s0 tclass=lnk_file permissive=0 app=com.qiyi.video
03-14 07:25:50.611 0 0 I auditd : type=1400 audit(0.0:16871): avc: denied { kill } for comm="swapper/2" capability=5 scontext=u:r:kernel:s0 tcontext=u:r:kernel:s0 tclass=capability permissive=0
03-14 07:25:51.119 5179 5179 I auditd : type=1400 audit(0.0:16872): avc: denied { read } for comm="HCDN_DataProces" name="sdcard" dev="tmpfs" ino=1359 scontext=u:r:untrusted_app:s0:c99,c256,c512,c768 tcontext=u:object_r:mnt_sdcard_file:s0 tclass=lnk_file permissive=0 app=com.qiyi.video
01-02 06:54:30.369 0 0 E [wifi@1][0x39a98063a3][07:25:51.184962] wlan: [831:E:QDF] cds_flush_logs: 2424: Bug report already in progress - dropping! type:0, indicator=1 reason_code=0
01-02 06:54:30.369 0 0 E [wifi@1][0x39a98065a6][07:25:51.184989] wlan: [831:E:HDD] __wlan_hdd_cfg80211_wifi_logger_get_ring_data: 9840: Failed to trigger bug report
03-14 07:25:51.295 4796 4796 I auditd : type=1400 audit(0.0:16873): avc: denied { read } for comm="Thread-288" name="u:object_r:oem_unlock_prop:s0" dev="tmpfs" ino=11572 scontext=u:r:untrusted_app_29:s0:c98,c256,c512,c768 tcontext=u:object_r:oem_unlock_prop:s0 tclass=file permissive=0 app=com.ss.android.ugc.aweme
03-14 07:25:51.375 4796 4796 I auditd : type=1400 audit(0.0:16874): avc: denied { search } for comm="Thread-288" name="input" dev="tmpfs" ino=12342 scontext=u:r:untrusted_app_29:s0:c98,c256,c512,c768 tcontext=u:object_r:input_device:s0 tclass=dir permissive=0 app=com.ss.android.ugc.aweme
03-14 07:25:51.399 6992 6992 I auditd : type=1400 audit(0.0:16875): avc: granted { bind } for comm="ip" scontext=u:r:untrusted_app_29:s0:c98,c256,c512,c768 tcontext=u:r:untrusted_app_29:s0:c98,c256,c512,c768 tclass=netlink_route_socket app=com.ss.android.ugc.aweme
03-14 07:25:51.403 831 831 I auditd : type=1400 audit(0.0:16876): avc: denied { search } for comm="wifi@1.0-servic" name="tombstones" dev="dm-10" ino=36 scontext=u:r:hal_wifi_default:s0 tcontext=u:object_r:vendor_tombstone_data_file:s0 tclass=dir permissive=0
03-14 07:25:51.407 831 831 E android.hardware.wifi@1.0-service: Failed to open directory: Permission denied
03-14 07:25:51.407 831 831 E android.hardware.wifi@1.0-service: Error occurred while deleting old tombstone files
03-14 07:25:51.407 831 831 E android.hardware.wifi@1.0-service: Error writing files to flash
01-02 06:54:30.609 0 0 W audit : audit_lost=4255 audit_rate_limit=5 audit_backlog_limit=64
01-02 06:54:30.609 0 0 E audit : rate limit exceeded
01-02 06:54:30.707 0 0 I binder : 6995:6995 ioctl 40046210 7fc56d7104 returned -22
03-14 07:25:52.155 5179 5179 I auditd : type=1400 audit(0.0:16883): avc: denied { read } for comm="HCDN_DataProces" name="sdcard" dev="tmpfs" ino=1359 scontext=u:r:untrusted_app:s0:c99,c256,c512,c768 tcontext=u:object_r:mnt_sdcard_file:s0 tclass=lnk_file permissive=0 app=com.qiyi.video
03-14 07:25:52.611 0 0 I auditd : type=1400 audit(0.0:16884): avc: denied { kill } for comm="swapper/2" capability=5 scontext=u:r:kernel:s0 tcontext=u:r:kernel:s0 tclass=capability permissive=0
01-02 06:54:32.055 0 0 E DTC_ETH,link_delay_work_func: 3003, SQI=0, link=0
03-14 07:25:52.971 5179 5179 I auditd : type=1400 audit(0.0:16885): avc: denied { read } for comm="HCDN_DownloadEn" name="sdcard" dev="tmpfs" ino=1359 scontext=u:r:untrusted_app:s0:c99,c256,c512,c768 tcontext=u:object_r:mnt_sdcard_file:s0 tclass=lnk_file permissive=0 app=com.qiyi.video
03-14 07:25:53.199 5179 5179 I auditd : type=1400 audit(0.0:16886): avc: denied { read } for comm="HCDN_DataProces" name="sdcard" dev="tmpfs" ino=1359 scontext=u:r:untrusted_app:s0:c99,c256,c512,c768 tcontext=u:object_r:mnt_sdcard_file:s0 tclass=lnk_file permissive=0 app=com.qiyi.video
03-14 07:25:53.611 4788 4788 I auditd : type=1400 audit(0.0:16887): avc: denied { kill } for comm="kworker/u16:76" capability=5 scontext=u:r:kernel:s0 tcontext=u:r:kernel:s0 tclass=capability permissive=0
01-02 06:54:33.039 0 0 I [soft_i][0x39ac8e9150][07:25:53.854798] wlan: [0:I:QDF] DNS_Q TX: SA:56:f4:a3:ce:a6:5f DA:d6:44:3b:15:39:91 msdu_id:1575 status: nack
03-14 07:25:54.195 5179 5179 I auditd : type=1400 audit(0.0:16888): avc: denied { read } for comm="HCDN_DataProces" name="sdcard" dev="tmpfs" ino=1359 scontext=u:r:untrusted_app:s0:c99,c256,c512,c768 tcontext=u:object_r:mnt_sdcard_file:s0 tclass=lnk_file permissive=0 app=com.qiyi.video
01-02 06:54:33.755 0 0 I [soft_i][0x39ad607b00][07:25:54.571301] wlan: [0:I:QDF] DNS_Q TX: SA:56:f4:a3:ce:a6:5f DA:d6:44:3b:15:39:91 msdu_id:11 status: nack
03-14 07:25:54.611 0 0 I auditd : type=1400 audit(0.0:16889): avc: denied { kill } for comm="swapper/2" capability=5 scontext=u:r:kernel:s0 tcontext=u:r:kernel:s0 tclass=capability permissive=0
01-02 06:54:33.846 0 0 E [soft_i][0x39ad7b2bad][07:25:54.662403] wlan: [0:E:DATA] __hdd_tx_timeout: Transmission timeout occurred jiffies 4298117312
01-02 06:54:33.847 0 0 E [soft_i][0x39ad7b6a55][07:25:54.663238] wlan: [0:E:DP] No of pool map received 3
01-02 06:54:33.847 0 0 E [soft_i][0x39ad7b6bfd][07:25:54.663260] wlan: [0:E:DP] No of pool unmap received 2
01-02 06:54:33.847 0 0 E [soft_i][0x39ad7b6d80][07:25:54.663280] wlan: [0:E:DP] Pkt dropped due to unavailablity of pool 0
01-02 06:54:33.847 0 0 E [soft_i][0x39ad7b6f0d][07:25:54.663301] wlan: [0:E:DP]
01-02 06:54:33.847 0 0 E [soft_i][0x39ad7b70af][07:25:54.663323] wlan: [0:E:DP] Flow_pool_id 0 :: status 2
01-02 06:54:33.847 0 0 E [soft_i][0x39ad7b7229][07:25:54.663343] wlan: [0:E:DP] Total 4096 :: Available 813
01-02 06:54:33.847 0 0 E [soft_i][0x39ad7b73b8][07:25:54.663363] wlan: [0:E:DP] Level 0 :: Start threshold 1024 :: Stop threshold 614
01-02 06:54:33.847 0 0 E [soft_i][0x39ad7b7546][07:25:54.663384] wlan: [0:E:DP] Level 0 :: Maximun pause time 19540 ms
01-02 06:54:33.847 0 0 E [soft_i][0x39ad7b76b3][07:25:54.663403] wlan: [0:E:DP] Level 0 :: Latest pause timestamp 17192456004
01-02 06:54:33.847 0 0 E [soft_i][0x39ad7b79d0][07:25:54.663445] wlan: [0:E:DP] Level 1 :: Start threshold 819 :: Stop threshold 491
01-02 06:54:33.847 0 0 E [soft_i][0x39ad7b7c56][07:25:54.663478] wlan: [0:E:DP] Level 1 :: Maximun pause time 0 ms
01-02 06:54:33.847 0 0 E [soft_i][0x39ad7b7e51][07:25:54.663505] wlan: [0:E:DP] Level 1 :: Latest pause timestamp 0
01-02 06:54:33.847 0 0 E [soft_i][0x39ad7b7fd2][07:25:54.663525] wlan: [0:E:DP] Level 2 :: Start threshold 614 :: Stop threshold 368
01-02 06:54:33.847 0 0 E [soft_i][0x39ad7b8147][07:25:54.663544] wlan: [0:E:DP] Level 2 :: Maximun pause time 0 ms
01-02 06:54:33.847 0 0 E [soft_i][0x39ad7b84db][07:25:54.663592] wlan: [0:E:DP] Level 2 :: Latest pause timestamp 0
01-02 06:54:33.847 0 0 E [soft_i][0x39ad7b8671][07:25:54.663613] wlan: [0:E:DP] Level 3 :: Start threshold 409 :: Stop threshold 245
01-02 06:54:33.847 0 0 E [soft_i][0x39ad7b87eb][07:25:54.663633] wlan: [0:E:DP] Level 3 :: Maximun pause time 0 ms
01-02 06:54:33.847 0 0 E [soft_i][0x39ad7b8954][07:25:54.663651] wlan: [0:E:DP] Level 3 :: Latest pause timestamp 0
01-02 06:54:33.847 0 0 E [soft_i][0x39ad7b8ace][07:25:54.663671] wlan: [0:E:DP] Member flow_id 0 :: flow_type 0
01-02 06:54:33.847 0 0 E [soft_i][0x39ad7b8c31][07:25:54.663690] wlan: [0:E:DP] Pkt dropped due to unavailablity of descriptors 0
03-14 07:25:55.235 5179 5179 I auditd : type=1400 audit(0.0:16890): avc: denied { read } for comm="HCDN_DataProces" name="sdcard" dev="tmpfs" ino=1359 scontext=u:r:untrusted_app:s0:c99,c256,c512,c768 tcontext=u:object_r:mnt_sdcard_file:s0 tclass=lnk_file permissive=0 app=com.qiyi.video
03-14 07:25:55.611 0 0 I auditd : type=1400 audit(0.0:16891): avc: denied { kill } for comm="swapper/2" capability=5 scontext=u:r:kernel:s0 tcontext=u:r:kernel:s0 tclass=capability permissive=0
03-14 07:25:56.283 5179 5179 I auditd : type=1400 audit(0.0:16892): avc: denied { read } for comm="HCDN_DataProces" name="sdcard" dev="tmpfs" ino=1359 scontext=u:r:untrusted_app:s0:c99,c256,c512,c768 tcontext=u:object_r:mnt_sdcard_file:s0 tclass=lnk_file permissive=0 app=com.qiyi.video
03-14 07:25:56.611 0 0 I auditd : type=1400 audit(0.0:16893): avc: denied { kill } for comm="swapper/2" capability=5 scontext=u:r:kernel:s0 tcontext=u:r:kernel:s0 tclass=capability permissive=0
03-14 07:25:56.755 831 831 I auditd : type=1400 audit(0.0:16894): avc: denied { search } for comm="wifi@1.0-servic" name="tombstones" dev="dm-10" ino=36 scontext=u:r:hal_wifi_default:s0 tcontext=u:object_r:vendor_tombstone_data_file:s0 tclass=dir permissive=0
03-14 07:25:56.759 831 831 E android.hardware.wifi@1.0-service: Failed to open directory: Permission denied
03-14 07:25:56.759 831 831 E android.hardware.wifi@1.0-service: Error occurred while deleting old tombstone files
03-14 07:25:56.759 831 831 E android.hardware.wifi@1.0-service: Error writing files to flash
03-14 07:25:57.307 5179 5179 I auditd : type=1400 audit(0.0:16895): avc: denied { read } for comm="HCDN_DataProces" name="sdcard" dev="tmpfs" ino=1359 scontext=u:r:untrusted_app:s0:c99,c256,c512,c768 tcontext=u:object_r:mnt_sdcard_file:s0 tclass=lnk_file permissive=0 app=com.qiyi.video
03-14 07:25:57.611 0 0 I auditd : type=1400 audit(0.0:16896): avc: denied { kill } for comm="swapper/2" capability=5 scontext=u:r:kernel:s0 tcontext=u:r:kernel:s0 tclass=capability permissive=0
01-02 06:54:36.879 0 0 I [soft_i][0x39b0f3a1e1][07:25:57.695019] wlan: [0:I:QDF] DNS_Q TX: SA:56:f4:a3:ce:a6:5f DA:d6:44:3b:15:39:91 msdu_id:2599 status: nack
01-02 06:54:37.174 0 0 E DTC_ETH,link_delay_work_func: 3003, SQI=0, link=0
03-14 07:25:58.115 5179 5179 I auditd : type=1400 audit(0.0:16897): avc: denied { read } for comm="HCDN_DownloadEn" name="sdcard" dev="tmpfs" ino=1359 scontext=u:r:untrusted_app:s0:c99,c256,c512,c768 tcontext=u:object_r:mnt_sdcard_file:s0 tclass=lnk_file permissive=0 app=com.qiyi.video
03-14 07:25:58.351 5179 5179 I auditd : type=1400 audit(0.0:16898): avc: denied { read } for comm="HCDN_DataProces" name="sdcard" dev="tmpfs" ino=1359 scontext=u:r:untrusted_app:s0:c99,c256,c512,c768 tcontext=u:object_r:mnt_sdcard_file:s0 tclass=lnk_file permissive=0 app=com.qiyi.video
03-14 07:25:58.611 22144 22144 I auditd : type=1400 audit(0.0:16899): avc: denied { kill } for comm="kworker/u16:19" capability=5 scontext=u:r:kernel:s0 tcontext=u:r:kernel:s0 tclass=capability permissive=0
01-02 06:54:38.371 0 0 E [wifi@1][0x39b2a8e30c][07:25:59.187514] wlan: [831:E:QDF] cds_flush_logs: 2424: Bug report already in progress - dropping! type:0, indicator=1 reason_code=0
01-02 06:54:38.371 0 0 E [wifi@1][0x39b2a8e699][07:25:59.187562] wlan: [831:E:HDD] __wlan_hdd_cfg80211_wifi_logger_get_ring_data: 9840: Failed to trigger bug report
01-02 06:54:38.398 0 0 I logd : logdr: UID=1000 GID=1000 PID=7029 n tail=127 logMask=19 pid=0 start=0ns deadline=0ns
01-02 06:54:38.515 0 0 I logd : logdr: UID=1000 GID=1000 PID=7031 n tail=127 logMask=80 pid=0 start=0ns deadline=0ns
03-14 07:25:59.355 5179 5179 I auditd : type=1400 audit(0.0:16900): avc: denied { read } for comm="HCDN_DataProces" name="sdcard" dev="tmpfs" ino=1359 scontext=u:r:untrusted_app:s0:c99,c256,c512,c768 tcontext=u:object_r:mnt_sdcard_file:s0 tclass=lnk_file permissive=0 app=com.qiyi.video
03-14 07:25:59.415 831 831 I auditd : type=1400 audit(0.0:16901): avc: denied { search } for comm="wifi@1.0-servic" name="tombstones" dev="dm-10" ino=36 scontext=u:r:hal_wifi_default:s0 tcontext=u:object_r:vendor_tombstone_data_file:s0 tclass=dir permissive=0
03-14 07:25:59.420 831 831 E android.hardware.wifi@1.0-service: Failed to open directory: Permission denied
03-14 07:25:59.420 831 831 E android.hardware.wifi@1.0-service: Error occurred while deleting old tombstone files
03-14 07:25:59.420 831 831 E android.hardware.wifi@1.0-service: Error writing files to flash
03-14 07:25:59.611 0 0 I auditd : type=1400 audit(0.0:16902): avc: denied { kill } for comm="swapper/2" capability=5 scontext=u:r:kernel:s0 tcontext=u:r:kernel:s0 tclass=capability permissive=0
03-14 07:26:00.391 5179 5179 I auditd : type=1400 audit(0.0:16903): avc: denied { read } for comm="HCDN_DataProces" name="sdcard" dev="tmpfs" ino=1359 scontext=u:r:untrusted_app:s0:c99,c256,c512,c768 tcontext=u:object_r:mnt_sdcard_file:s0 tclass=lnk_file permissive=0 app=com.qiyi.video
01-02 06:54:39.734 0 0 E [soft_i][0x39b4382fff][07:26:00.550461] wlan: [0:E:DATA] __hdd_tx_timeout: Transmission timeout occurred jiffies 4298118784
01-02 06:54:39.735 0 0 E [soft_i][0x39b4386e20][07:26:00.551289] wlan: [0:E:DP] No of pool map received 3
01-02 06:54:39.735 0 0 E [soft_i][0x39b43871f9][07:26:00.551340] wlan: [0:E:DP] No of pool unmap received 2
01-02 06:54:39.735 0 0 E [soft_i][0x39b438738c][07:26:00.551361] wlan: [0:E:DP] Pkt dropped due to unavailablity of pool 0
01-02 06:54:39.735 0 0 E [soft_i][0x39b438752e][07:26:00.551383] wlan: [0:E:DP]
01-02 06:54:39.735 0 0 E [soft_i][0x39b43876c1][07:26:00.551404] wlan: [0:E:DP] Flow_pool_id 0 :: status 2
01-02 06:54:39.735 0 0 E [soft_i][0x39b4387835][07:26:00.551423] wlan: [0:E:DP] Total 4096 :: Available 911
01-02 06:54:39.735 0 0 E [soft_i][0x39b43879b5][07:26:00.551443] wlan: [0:E:DP] Level 0 :: Start threshold 1024 :: Stop threshold 614
01-02 06:54:39.735 0 0 E [soft_i][0x39b4387b2f][07:26:00.551463] wlan: [0:E:DP] Level 0 :: Maximun pause time 19540 ms
01-02 06:54:39.735 0 0 E [soft_i][0x39b4387c97][07:26:00.551482] wlan: [0:E:DP] Level 0 :: Latest pause timestamp 17192456004
01-02 06:54:39.735 0 0 E [soft_i][0x39b4387e16][07:26:00.551502] wlan: [0:E:DP] Level 1 :: Start threshold 819 :: Stop threshold 491
01-02 06:54:39.735 0 0 E [soft_i][0x39b4387f87][07:26:00.551521] wlan: [0:E:DP] Level 1 :: Maximun pause time 0 ms
01-02 06:54:39.735 0 0 E [soft_i][0x39b43880eb][07:26:00.551539] wlan: [0:E:DP] Level 1 :: Latest pause timestamp 0
01-02 06:54:39.735 0 0 E [soft_i][0x39b4388265][07:26:00.551559] wlan: [0:E:DP] Level 2 :: Start threshold 614 :: Stop threshold 368
01-02 06:54:39.735 0 0 E [soft_i][0x39b43883d1][07:26:00.551578] wlan: [0:E:DP] Level 2 :: Maximun pause time 0 ms
01-02 06:54:39.735 0 0 E [soft_i][0x39b4388544][07:26:00.551597] wlan: [0:E:DP] Level 2 :: Latest pause timestamp 0
01-02 06:54:39.735 0 0 E [soft_i][0x39b43886bd][07:26:00.551617] wlan: [0:E:DP] Level 3 :: Start threshold 409 :: Stop threshold 245
01-02 06:54:39.735 0 0 E [soft_i][0x39b438882c][07:26:00.551636] wlan: [0:E:DP] Level 3 :: Maximun pause time 0 ms
01-02 06:54:39.735 0 0 E [soft_i][0x39b438898d][07:26:00.551654] wlan: [0:E:DP] Level 3 :: Latest pause timestamp 0
01-02 06:54:39.735 0 0 E [soft_i][0x39b4388afc][07:26:00.551674] wlan: [0:E:DP] Member flow_id 0 :: flow_type 0
01-02 06:54:39.735 0 0 E [soft_i][0x39b4388c50][07:26:00.551691] wlan: [0:E:DP] Pkt dropped due to unavailablity of descriptors 0
03-14 07:26:00.611 0 0 I auditd : type=1400 audit(0.0:16904): avc: denied { kill } for comm="swapper/2" capability=5 scontext=u:r:kernel:s0 tcontext=u:r:kernel:s0 tclass=capability permissive=0
03-14 07:26:01.431 5179 5179 I auditd : type=1400 audit(0.0:16905): avc: denied { read } for comm="HCDN_DataProces" name="sdcard" dev="tmpfs" ino=1359 scontext=u:r:untrusted_app:s0:c99,c256,c512,c768 tcontext=u:object_r:mnt_sdcard_file:s0 tclass=lnk_file permissive=0 app=com.qiyi.video
03-14 07:26:01.611 0 0 I auditd : type=1400 audit(0.0:16906): avc: denied { kill } for comm="swapper/2" capability=5 scontext=u:r:kernel:s0 tcontext=u:r:kernel:s0 tclass=capability permissive=0
03-14 07:26:02.055 1533 10210 W ActivityManager: Unable to start service Intent { act=com.tencent.tpns.mqttchannel.FEEDBACK pkg=com.tencent.tmgp.pubgmhd } U=0: not found
03-14 07:26:02.059 1533 1628 I am_pss : [20142,10093,com.tencent.tmgp.pubgmhd:xg_vip_service,18020352,6922240,5655552,70545408,0,10,9]
01-02 06:54:41.248 0 0 I [soft_i][0x39b5f38d62][07:26:02.063813] wlan: [0:I:QDF] DNS_Q TX: SA:56:f4:a3:ce:a6:5f DA:d6:44:3b:15:39:91 msdu_id:1959 status: nack
03-14 07:26:02.455 5179 5179 I auditd : type=1400 audit(0.0:16907): avc: denied { read } for comm="HCDN_DataProces" name="sdcard" dev="tmpfs" ino=1359 scontext=u:r:untrusted_app:s0:c99,c256,c512,c768 tcontext=u:object_r:mnt_sdcard_file:s0 tclass=lnk_file permissive=0 app=com.qiyi.video
03-14 07:26:02.611 0 0 I auditd : type=1400 audit(0.0:16908): avc: denied { kill } for comm="swapper/2" capability=5 scontext=u:r:kernel:s0 tcontext=u:r:kernel:s0 tclass=capability permissive=0
01-02 06:54:41.955 0 0 I logd : logdr: UID=1000 GID=1000 PID=7054 n tail=127 logMask=19 pid=0 start=0ns deadline=0ns
01-02 06:54:42.068 0 0 I logd : logdr: UID=1000 GID=1000 PID=7056 n tail=127 logMask=80 pid=0 start=0ns deadline=0ns
03-14 07:26:02.967 831 831 I auditd : type=1400 audit(0.0:16909): avc: denied { search } for comm="wifi@1.0-servic" name="tombstones" dev="dm-10" ino=36 scontext=u:r:hal_wifi_default:s0 tcontext=u:object_r:vendor_tombstone_data_file:s0 tclass=dir permissive=0
03-14 07:26:02.972 831 831 E android.hardware.wifi@1.0-service: Failed to open directory: Permission denied
03-14 07:26:02.973 831 831 E android.hardware.wifi@1.0-service: Error occurred while deleting old tombstone files
03-14 07:26:02.973 831 831 E android.hardware.wifi@1.0-service: Error writing files to flash
01-02 06:54:42.294 0 0 E DTC_ETH,link_delay_work_func: 3003, SQI=0, link=0
03-14 07:26:03.267 5179 5179 I auditd : type=1400 audit(0.0:16910): avc: denied { read } for comm="HCDN_DownloadEn" name="sdcard" dev="tmpfs" ino=1359 scontext=u:r:untrusted_app:s0:c99,c256,c512,c768 tcontext=u:object_r:mnt_sdcard_file:s0 tclass=lnk_file permissive=0 app=com.qiyi.video
03-14 07:26:03.491 5179 5179 I auditd : type=1400 audit(0.0:16911): avc: denied { read } for comm="HCDN_DataProces" name="sdcard" dev="tmpfs" ino=1359 scontext=u:r:untrusted_app:s0:c99,c256,c512,c768 tcontext=u:object_r:mnt_sdcard_file:s0 tclass=lnk_file permissive=0 app=com.qiyi.video
03-14 07:26:03.611 0 0 I auditd : type=1400 audit(0.0:16912): avc: denied { kill } for comm="swapper/2" capability=5 scontext=u:r:kernel:s0 tcontext=u:r:kernel:s0 tclass=capability permissive=0
03-14 07:26:04.503 5179 5179 I auditd : type=1400 audit(0.0:16913): avc: denied { read } for comm="HCDN_DataProces" name="sdcard" dev="tmpfs" ino=1359 scontext=u:r:untrusted_app:s0:c99,c256,c512,c768 tcontext=u:object_r:mnt_sdcard_file:s0 tclass=lnk_file permissive=0 app=com.qiyi.video
03-14 07:26:04.611 0 0 I auditd : type=1400 audit(0.0:16914): avc: denied { kill } for comm="swapper/2" capability=5 scontext=u:r:kernel:s0 tcontext=u:r:kernel:s0 tclass=capability permissive=0
01-02 06:54:44.598 0 0 E [soft_i][0x39b9c92cc0][07:26:05.414417] wlan: [0:E:DATA] __hdd_tx_timeout: Transmission timeout occurred jiffies 4298120000
01-02 06:54:44.599 0 0 E [soft_i][0x39b9c96856][07:26:05.415212] wlan: [0:E:DP] No of pool map received 3
01-02 06:54:44.599 0 0 E [soft_i][0x39b9c96a11][07:26:05.415235] wlan: [0:E:DP] No of pool unmap received 2
01-02 06:54:44.599 0 0 E [soft_i][0x39b9c96b91][07:26:05.415255] wlan: [0:E:DP] Pkt dropped due to unavailablity of pool 0
01-02 06:54:44.599 0 0 E [soft_i][0x39b9c96d39][07:26:05.415277] wlan: [0:E:DP]
01-02 06:54:44.599 0 0 E [soft_i][0x39b9c96edf][07:26:05.415299] wlan: [0:E:DP] Flow_pool_id 0 :: status 2
01-02 06:54:44.599 0 0 E [soft_i][0x39b9c97058][07:26:05.415318] wlan: [0:E:DP] Total 4096 :: Available 1007
01-02 06:54:44.599 0 0 E [soft_i][0x39b9c971ee][07:26:05.415339] wlan: [0:E:DP] Level 0 :: Start threshold 1024 :: Stop threshold 614
01-02 06:54:44.599 0 0 E [soft_i][0x39b9c97395][07:26:05.415361] wlan: [0:E:DP] Level 0 :: Maximun pause time 19540 ms
01-02 06:54:44.599 0 0 E [soft_i][0x39b9c97515][07:26:05.415382] wlan: [0:E:DP] Level 0 :: Latest pause timestamp 17192456004
01-02 06:54:44.599 0 0 E [soft_i][0x39b9c9769a][07:26:05.415402] wlan: [0:E:DP] Level 1 :: Start threshold 819 :: Stop threshold 491
01-02 06:54:44.599 0 0 E [soft_i][0x39b9c9781b][07:26:05.415422] wlan: [0:E:DP] Level 1 :: Maximun pause time 0 ms
01-02 06:54:44.599 0 0 E [soft_i][0x39b9c9797f][07:26:05.415440] wlan: [0:E:DP] Level 1 :: Latest pause timestamp 0
01-02 06:54:44.599 0 0 E [soft_i][0x39b9c97cd7][07:26:05.415485] wlan: [0:E:DP] Level 2 :: Start threshold 614 :: Stop threshold 368
01-02 06:54:44.599 0 0 E [soft_i][0x39b9c97e4d][07:26:05.415504] wlan: [0:E:DP] Level 2 :: Maximun pause time 0 ms
01-02 06:54:44.599 0 0 E [soft_i][0x39b9c97fcd][07:26:05.415524] wlan: [0:E:DP] Level 2 :: Latest pause timestamp 0
01-02 06:54:44.599 0 0 E [soft_i][0x39b9c9814e][07:26:05.415544] wlan: [0:E:DP] Level 3 :: Start threshold 409 :: Stop threshold 245
01-02 06:54:44.599 0 0 E [soft_i][0x39b9c982d1][07:26:05.415565] wlan: [0:E:DP] Level 3 :: Maximun pause time 0 ms
01-02 06:54:44.599 0 0 E [soft_i][0x39b9c98440][07:26:05.415584] wlan: [0:E:DP] Level 3 :: Latest pause timestamp 0
01-02 06:54:44.599 0 0 E [soft_i][0x39b9c985cf][07:26:05.415605] wlan: [0:E:DP] Member flow_id 0 :: flow_type 0
01-02 06:54:44.599 0 0 E [soft_i][0x39b9c9872f][07:26:05.415623] wlan: [0:E:DP] Pkt dropped due to unavailablity of descriptors 0
03-14 07:26:05.519 5179 5179 I auditd : type=1400 audit(0.0:16915): avc: denied { read } for comm="HCDN_DataProces" name="sdcard" dev="tmpfs" ino=1359 scontext=u:r:untrusted_app:s0:c99,c256,c512,c768 tcontext=u:object_r:mnt_sdcard_file:s0 tclass=lnk_file permissive=0 app=com.qiyi.video
03-14 07:26:05.611 0 0 I auditd : type=1400 audit(0.0:16916): avc: denied { kill } for comm="swapper/2" capability=5 scontext=u:r:kernel:s0 tcontext=u:r:kernel:s0 tclass=capability permissive=0
03-14 07:26:06.255 831 831 I auditd : type=1400 audit(0.0:16917): avc: denied { search } for comm="wifi@1.0-servic" name="tombstones" dev="dm-10" ino=36 scontext=u:r:hal_wifi_default:s0 tcontext=u:object_r:vendor_tombstone_data_file:s0 tclass=dir permissive=0
03-14 07:26:06.259 831 831 E android.hardware.wifi@1.0-service: Failed to open directory: Permission denied
03-14 07:26:06.259 831 831 E android.hardware.wifi@1.0-service: Error occurred while deleting old tombstone files
03-14 07:26:06.259 831 831 E android.hardware.wifi@1.0-service: Error writing files to flash
03-14 07:26:06.555 5179 5179 I auditd : type=1400 audit(0.0:16918): avc: denied { read } for comm="HCDN_DataProces" name="sdcard" dev="tmpfs" ino=1359 scontext=u:r:untrusted_app:s0:c99,c256,c512,c768 tcontext=u:object_r:mnt_sdcard_file:s0 tclass=lnk_file permissive=0 app=com.qiyi.video
03-14 07:26:06.611 0 0 I auditd : type=1400 audit(0.0:16919): avc: denied { kill } for comm="swapper/2" capability=5 scontext=u:r:kernel:s0 tcontext=u:r:kernel:s0 tclass=capability permissive=0
03-14 07:26:07.583 5179 5179 I auditd : type=1400 audit(0.0:16920): avc: denied { read } for comm="HCDN_DataProces" name="sdcard" dev="tmpfs" ino=1359 scontext=u:r:untrusted_app:s0:c99,c256,c512,c768 tcontext=u:object_r:mnt_sdcard_file:s0 tclass=lnk_file permissive=0 app=com.qiyi.video
03-14 07:26:07.611 0 0 I auditd : type=1400 audit(0.0:16921): avc: denied { kill } for comm="swapper/2" capability=5 scontext=u:r:kernel:s0 tcontext=u:r:kernel:s0 tclass=capability permissive=0
01-02 06:54:47.414 0 0 E DTC_ETH,link_delay_work_func: 3003, SQI=0, link=0
03-14 07:26:08.455 5179 5179 I auditd : type=1400 audit(0.0:16922): avc: denied { read } for comm="HCDN_DownloadEn" name="sdcard" dev="tmpfs" ino=1359 scontext=u:r:untrusted_app:s0:c99,c256,c512,c768 tcontext=u:object_r:mnt_sdcard_file:s0 tclass=lnk_file permissive=0 app=com.qiyi.video
03-14 07:26:08.595 5179 5179 I auditd : type=1400 audit(0.0:16923): avc: denied { read } for comm="HCDN_DataProces" name="sdcard" dev="tmpfs" ino=1359 scontext=u:r:untrusted_app:s0:c99,c256,c512,c768 tcontext=u:object_r:mnt_sdcard_file:s0 tclass=lnk_file permissive=0 app=com.qiyi.video
01-02 06:54:47.970 0 0 E [wifi@1][0x39bda4f9d6][07:26:08.786112] wlan: [831:E:QDF] cds_flush_logs: 2424: Bug report already in progress - dropping! type:0, indicator=1 reason_code=0
01-02 06:54:47.970 0 0 E [wifi@1][0x39bda4fd8e][07:26:08.786161] wlan: [831:E:HDD] __wlan_hdd_cfg80211_wifi_logger_get_ring_data: 9840: Failed to trigger bug report
01-02 06:54:48.006 0 0 I logd : logdr: UID=1000 GID=1000 PID=7095 n tail=127 logMask=19 pid=0 start=0ns deadline=0ns
03-14 07:26:08.925 1533 2141 W ActivityManager: Background start not allowed: service Intent { cmp=com.ss.android.ugc.aweme/com.bytedance.common.wschannel.client.WsClientService } to com.ss.android.ugc.aweme/com.bytedance.common.wschannel.client.WsClientService from pid=5749 uid=10098 pkg=com.ss.android.ugc.aweme startFg?=false
01-02 06:54:48.118 0 0 I logd : logdr: UID=1000 GID=1000 PID=7097 n tail=127 logMask=80 pid=0 start=0ns deadline=0ns
03-14 07:26:09.019 831 831 I auditd : type=1400 audit(0.0:16924): avc: denied { search } for comm="wifi@1.0-servic" name="tombstones" dev="dm-10" ino=36 scontext=u:r:hal_wifi_default:s0 tcontext=u:object_r:vendor_tombstone_data_file:s0 tclass=dir permissive=0
03-14 07:26:09.024 831 831 E android.hardware.wifi@1.0-service: Failed to open directory: Permission denied
03-14 07:26:09.024 831 831 E android.hardware.wifi@1.0-service: Error occurred while deleting old tombstone files
03-14 07:26:09.024 831 831 E android.hardware.wifi@1.0-service: Error writing files to flash
03-14 07:26:09.611 4788 4788 I auditd : type=1400 audit(0.0:16925): avc: denied { kill } for comm="kworker/u16:76" capability=5 scontext=u:r:kernel:s0 tcontext=u:r:kernel:s0 tclass=capability permissive=0
03-14 07:26:09.631 5179 5179 I auditd : type=1400 audit(0.0:16926): avc: denied { read } for comm="HCDN_DataProces" name="sdcard" dev="tmpfs" ino=1359 scontext=u:r:untrusted_app:s0:c99,c256,c512,c768 tcontext=u:object_r:mnt_sdcard_file:s0 tclass=lnk_file permissive=0 app=com.qiyi.video
03-14 07:26:10.611 0 0 I auditd : type=1400 audit(0.0:16927): avc: denied { kill } for comm="swapper/2" capability=5 scontext=u:r:kernel:s0 tcontext=u:r:kernel:s0 tclass=capability permissive=0
03-14 07:26:10.643 5179 5179 I auditd : type=1400 audit(0.0:16928): avc: denied { read } for comm="HCDN_DataProces" name="sdcard" dev="tmpfs" ino=1359 scontext=u:r:untrusted_app:s0:c99,c256,c512,c768 tcontext=u:object_r:mnt_sdcard_file:s0 tclass=lnk_file permissive=0 app=com.qiyi.video
