01-02 06:47:35.030 0 0 E msm_pcm_playback_close: CMD_EOS failed, cmd_pending 0x8
03-14 07:18:56.003 1533 1638 I am_uid_idle: 10051
01-02 06:47:35.638 0 0 E msm_pcm_playback_close: CMD_EOS failed, cmd_pending 0x8
03-14 07:18:56.611 0 0 I auditd : type=1400 audit(0.0:15831): avc: denied { kill } for comm="swapper/3" capability=5 scontext=u:r:kernel:s0 tcontext=u:r:kernel:s0 tclass=capability permissive=0
03-14 07:18:57.611 0 0 I auditd : type=1400 audit(0.0:15832): avc: denied { kill } for comm="swapper/3" capability=5 scontext=u:r:kernel:s0 tcontext=u:r:kernel:s0 tclass=capability permissive=0
01-02 06:47:37.334 0 0 E DTC_ETH,link_delay_work_func: 3003, SQI=0, link=0
03-14 07:18:58.611 0 0 I auditd : type=1400 audit(0.0:15833): avc: denied { kill } for comm="swapper/3" capability=5 scontext=u:r:kernel:s0 tcontext=u:r:kernel:s0 tclass=capability permissive=0
03-14 07:18:58.852 1533 1853 I netstats_mobile_sample: [0,0,0,0,0,0,0,0,0,0,0,0,1678775173103]
03-14 07:18:58.852 1533 1853 I netstats_wifi_sample: [93418776,76520,2012773,21743,93418776,76520,2012773,21743,91965405,77910,1666223,20758,1678775173103]
03-14 07:18:59.611 0 0 I auditd : type=1400 audit(0.0:15834): avc: denied { kill } for comm="swapper/3" capability=5 scontext=u:r:kernel:s0 tcontext=u:r:kernel:s0 tclass=capability permissive=0
03-14 07:19:00.611 0 0 I auditd : type=1400 audit(0.0:15835): avc: denied { kill } for comm="swapper/3" capability=5 scontext=u:r:kernel:s0 tcontext=u:r:kernel:s0 tclass=capability permissive=0
03-14 07:19:01.611 0 0 I auditd : type=1400 audit(0.0:15836): avc: denied { kill } for comm="swapper/3" capability=5 scontext=u:r:kernel:s0 tcontext=u:r:kernel:s0 tclass=capability permissive=0
01-02 06:47:41.784 0 0 I msm_vidc: err : ffffffff: .....: DBLP Set: status 0
03-14 07:19:02.611 0 0 I auditd : type=1400 audit(0.0:15837): avc: denied { kill } for comm="swapper/3" capability=5 scontext=u:r:kernel:s0 tcontext=u:r:kernel:s0 tclass=capability permissive=0
01-02 06:47:42.454 0 0 E DTC_ETH,link_delay_work_func: 3003, SQI=0, link=0
03-14 07:19:03.380 1533 2514 E PackageDexUsage: Unsupported context?
03-14 07:19:04.284 1533 1853 I netstats_mobile_sample: [0,0,0,0,0,0,0,0,0,0,0,0,1678775178536]
03-14 07:19:04.284 1533 1853 I netstats_wifi_sample: [93418776,76520,2012773,21743,93418776,76520,2012773,21743,91965405,77910,1666223,20758,1678775178536]
03-14 07:19:04.611 0 0 I auditd : type=1400 audit(0.0:15838): avc: denied { kill } for comm="swapper/3" capability=5 scontext=u:r:kernel:s0 tcontext=u:r:kernel:s0 tclass=capability permissive=0
03-14 07:19:05.611 0 0 I auditd : type=1400 audit(0.0:15839): avc: denied { kill } for comm="swapper/3" capability=5 scontext=u:r:kernel:s0 tcontext=u:r:kernel:s0 tclass=capability permissive=0
03-14 07:19:06.611 0 0 I auditd : type=1400 audit(0.0:15840): avc: denied { kill } for comm="swapper/3" capability=5 scontext=u:r:kernel:s0 tcontext=u:r:kernel:s0 tclass=capability permissive=0
03-14 07:19:07.611 0 0 I auditd : type=1400 audit(0.0:15841): avc: denied { kill } for comm="swapper/3" capability=5 scontext=u:r:kernel:s0 tcontext=u:r:kernel:s0 tclass=capability permissive=0
01-02 06:47:47.574 0 0 E DTC_ETH,link_delay_work_func: 3003, SQI=0, link=0
03-14 07:19:08.588 1533 1853 I netstats_mobile_sample: [0,0,0,0,0,0,0,0,0,0,0,0,1678775182839]
03-14 07:19:08.588 1533 1853 I netstats_wifi_sample: [93418776,76520,2012773,21743,93418776,76520,2012773,21743,91965405,77910,1666223,20758,1678775182839]
03-14 07:19:08.611 0 0 I auditd : type=1400 audit(0.0:15842): avc: denied { kill } for comm="swapper/3" capability=5 scontext=u:r:kernel:s0 tcontext=u:r:kernel:s0 tclass=capability permissive=0
03-14 07:19:08.815 1533 1707 E PackageDexUsage: Unsupported context?
03-14 07:19:09.611 0 0 I auditd : type=1400 audit(0.0:15843): avc: denied { kill } for comm="swapper/3" capability=5 scontext=u:r:kernel:s0 tcontext=u:r:kernel:s0 tclass=capability permissive=0
03-14 07:19:10.611 0 0 I auditd : type=1400 audit(0.0:15844): avc: denied { kill } for comm="swapper/3" capability=5 scontext=u:r:kernel:s0 tcontext=u:r:kernel:s0 tclass=capability permissive=0
01-02 06:47:49.848 0 0 I msm_vidc: err : ffffffff: .....: DBLP Set: status 0
03-14 07:19:11.564 1533 1853 I netstats_mobile_sample: [0,0,0,0,0,0,0,0,0,0,0,0,1678775185816]
03-14 07:19:11.565 1533 1853 I netstats_wifi_sample: [93418776,76520,2012773,21743,93418776,76520,2012773,21743,91965405,77910,1666223,20758,1678775185816]
03-14 07:19:11.611 0 0 I auditd : type=1400 audit(0.0:15845): avc: denied { kill } for comm="swapper/3" capability=5 scontext=u:r:kernel:s0 tcontext=u:r:kernel:s0 tclass=capability permissive=0
03-14 07:19:12.611 0 0 I auditd : type=1400 audit(0.0:15846): avc: denied { kill } for comm="swapper/3" capability=5 scontext=u:r:kernel:s0 tcontext=u:r:kernel:s0 tclass=capability permissive=0
01-02 06:47:52.694 0 0 E DTC_ETH,link_delay_work_func: 3003, SQI=0, link=0
03-14 07:19:14.102 1533 1853 I netstats_mobile_sample: [0,0,0,0,0,0,0,0,0,0,0,0,1678775188353]
03-14 07:19:14.102 1533 1853 I netstats_wifi_sample: [93418776,76520,2012773,21743,93418776,76520,2012773,21743,91965405,77910,1666223,20758,1678775188353]
03-14 07:19:14.611 5335 5335 I auditd : type=1400 audit(0.0:15847): avc: denied { kill } for comm="dp_rx_thread_0" capability=5 scontext=u:r:kernel:s0 tcontext=u:r:kernel:s0 tclass=capability permissive=0
03-14 07:19:15.611 0 0 I auditd : type=1400 audit(0.0:15848): avc: denied { kill } for comm="swapper/1" capability=5 scontext=u:r:kernel:s0 tcontext=u:r:kernel:s0 tclass=capability permissive=0
03-14 07:19:16.049 1533 1628 I am_pss : [31776,10099,com.qiyi.video,182555648,143888384,132096,331186176,0,10,30]
03-14 07:19:16.061 1533 1628 I am_pss : [31965,10099,com.qiyi.video:downloader,45486080,24653824,149504,156508160,0,10,10]
03-14 07:19:16.071 1533 1628 I am_pss : [32753,10099,com.qiyi.video:plugin1,36979712,16830464,150528,147599360,0,10,8]
03-14 07:19:16.641 1533 1853 I netstats_mobile_sample: [0,0,0,0,0,0,0,0,0,0,0,0,1678775190893]
03-14 07:19:16.642 1533 1853 I netstats_wifi_sample: [93418776,76520,2012773,21743,93418776,76520,2012773,21743,91965405,77910,1666223,20758,1678775190893]
03-14 07:19:16.649 1533 1857 I service_manager_stats: [100,79,39570]
03-14 07:19:17.021 1533 1926 I storage_state: [41217664-9172-527a-b3d5-edabb50a7d69,0,0,107455152128,118610538496]
03-14 07:19:17.611 0 0 I auditd : type=1400 audit(0.0:15849): avc: denied { kill } for comm="swapper/3" capability=5 scontext=u:r:kernel:s0 tcontext=u:r:kernel:s0 tclass=capability permissive=0
03-14 07:19:17.741 1533 2514 E PackageDexUsage: Unsupported context?
01-02 06:47:57.814 0 0 E DTC_ETH,link_delay_work_func: 3003, SQI=0, link=0
01-02 06:47:58.182 0 0 I binder : 1533:1744 ioctl 400c620e 799d9fe5d8 returned -22
01-02 06:47:58.183 0 0 I binder : 1533:1744 ioctl c00c620f 799d9fe5b8 returned -22
03-14 07:19:18.997 1533 1744 D ActivityManager: freezing 7523 com.qti.diagservices
03-14 07:19:18.997 1533 1744 E ActivityManager: Unable to freeze binder for 7523 com.qti.diagservices
03-14 07:19:18.999 1533 1744 D ActivityManager: froze 7523 com.qti.diagservices
03-14 07:19:18.999 1533 1744 I am_freeze: [7523,com.qti.diagservices]
03-14 07:19:18.999 1533 1744 E ActivityManager: Unable to freeze binder for 7523 com.qti.diagservices
03-14 07:19:19.001 1533 1744 I ActivityManager: Killing 7523:com.qti.diagservices/1000 (adj 965): Unable to freeze binder interface
03-14 07:19:19.001 1533 1744 I am_kill : [0,7523,com.qti.diagservices,965,Unable to freeze binder interface]
03-14 07:19:19.034 1533 10633 I am_proc_died: [0,7523,com.qti.diagservices,965,10]
03-14 07:19:19.035 1533 10633 W ActivityManager: Scheduling restart of crashed service com.qti.diagservices/.QTIDiagServices in 1000ms for start-requested
03-14 07:19:19.035 1533 10633 I am_schedule_service_restart: [0,com.qti.diagservices/.QTIDiagServices,1000]
03-14 07:19:19.048 1533 1628 I am_pss : [32234,10099,com.qiyi.video:QS,26252288,9080832,151552,134799360,0,10,9]
03-14 07:19:19.249 1533 1853 I netstats_mobile_sample: [0,0,0,0,0,0,0,0,0,0,0,0,1678775193500]
03-14 07:19:19.249 1533 1853 I netstats_wifi_sample: [93418776,76520,2012773,21743,93418776,76520,2012773,21743,91965405,77910,1666223,20758,1678775193500]
03-14 07:19:19.611 0 0 I auditd : type=1400 audit(0.0:15850): avc: denied { kill } for comm="swapper/3" capability=5 scontext=u:r:kernel:s0 tcontext=u:r:kernel:s0 tclass=capability permissive=0
03-14 07:19:20.039 1533 1638 D CompatibilityChangeReporter: Compat change id reported: 135634846; UID 1000; state: DISABLED
03-14 07:19:20.039 1533 1638 D CompatibilityChangeReporter: Compat change id reported: 177438394; UID 1000; state: DISABLED
03-14 07:19:20.039 1533 1638 D CompatibilityChangeReporter: Compat change id reported: 135772972; UID 1000; state: DISABLED
03-14 07:19:20.040 1533 1638 D CompatibilityChangeReporter: Compat change id reported: 135754954; UID 1000; state: ENABLED
03-14 07:19:20.065 1533 1639 I am_proc_start: [0,2416,1000,com.qti.diagservices,service,{com.qti.diagservices/com.qti.diagservices.QTIDiagServices}]
03-14 07:19:20.065 1533 1639 I ActivityManager: Start proc 2416:com.qti.diagservices/1000 for service {com.qti.diagservices/com.qti.diagservices.QTIDiagServices}
01-02 06:47:59.287 0 0 I binder : 2416:2416 ioctl 40046210 7fe31dd924 returned -22
03-14 07:19:20.112 1533 2514 I am_proc_bound: [0,2416,com.qti.diagservices]
03-14 07:19:20.179 2416 2416 I auditd : type=1400 audit(0.0:15851): avc: denied { read write } for comm="ti.diagservices" name="diag" dev="tmpfs" ino=12378 scontext=u:r:system_app:s0 tcontext=u:object_r:vendor_diag_device:s0 tclass=chr_file permissive=0
03-14 07:19:20.611 0 0 I auditd : type=1400 audit(0.0:15852): avc: denied { kill } for comm="swapper/3" capability=5 scontext=u:r:kernel:s0 tcontext=u:r:kernel:s0 tclass=capability permissive=0
03-14 07:19:21.611 0 0 I auditd : type=1400 audit(0.0:15853): avc: denied { kill } for comm="swapper/3" capability=5 scontext=u:r:kernel:s0 tcontext=u:r:kernel:s0 tclass=capability permissive=0
03-14 07:19:22.611 0 0 I auditd : type=1400 audit(0.0:15854): avc: denied { kill } for comm="swapper/3" capability=5 scontext=u:r:kernel:s0 tcontext=u:r:kernel:s0 tclass=capability permissive=0
01-02 06:48:01.880 0 0 I msm_vidc: err : ffffffff: .....: DBLP Set: status 0
03-14 07:19:23.099 1533 1853 I netstats_mobile_sample: [0,0,0,0,0,0,0,0,0,0,0,0,1678775197350]
03-14 07:19:23.099 1533 1853 I netstats_wifi_sample: [93418776,76520,2012773,21743,93418776,76520,2012773,21743,91965405,77910,1666223,20758,1678775197350]
03-14 07:19:23.611 0 0 I auditd : type=1400 audit(0.0:15855): avc: denied { kill } for comm="swapper/3" capability=5 scontext=u:r:kernel:s0 tcontext=u:r:kernel:s0 tclass=capability permissive=0
01-02 06:48:02.934 0 0 E DTC_ETH,link_delay_work_func: 3003, SQI=0, link=0
03-14 07:19:24.611 0 0 I auditd : type=1400 audit(0.0:15856): avc: denied { kill } for comm="swapper/3" capability=5 scontext=u:r:kernel:s0 tcontext=u:r:kernel:s0 tclass=capability permissive=0
03-14 07:19:25.611 0 0 I auditd : type=1400 audit(0.0:15857): avc: denied { kill } for comm="swapper/3" capability=5 scontext=u:r:kernel:s0 tcontext=u:r:kernel:s0 tclass=capability permissive=0
01-02 06:48:04.889 0 0 I msm_vidc: err : ffffffff: .....: DBLP Set: status 0
03-14 07:19:26.611 0 0 I auditd : type=1400 audit(0.0:15858): avc: denied { kill } for comm="swapper/3" capability=5 scontext=u:r:kernel:s0 tcontext=u:r:kernel:s0 tclass=capability permissive=0
03-14 07:19:27.294 1533 1853 I netstats_mobile_sample: [0,0,0,0,0,0,0,0,0,0,0,0,1678775201545]
03-14 07:19:27.294 1533 1853 I netstats_wifi_sample: [93418776,76520,2012773,21743,93418776,76520,2012773,21743,91965405,77910,1666223,20758,1678775201545]
03-14 07:19:27.611 0 0 I auditd : type=1400 audit(0.0:15859): avc: denied { kill } for comm="swapper/3" capability=5 scontext=u:r:kernel:s0 tcontext=u:r:kernel:s0 tclass=capability permissive=0
03-14 07:19:28.611 0 0 I auditd : type=1400 audit(0.0:15860): avc: denied { kill } for comm="swapper/3" capability=5 scontext=u:r:kernel:s0 tcontext=u:r:kernel:s0 tclass=capability permissive=0
01-02 06:48:08.055 0 0 E DTC_ETH,link_delay_work_func: 3003, SQI=0, link=0
03-14 07:19:29.611 0 0 I auditd : type=1400 audit(0.0:15861): avc: denied { kill } for comm="swapper/3" capability=5 scontext=u:r:kernel:s0 tcontext=u:r:kernel:s0 tclass=capability permissive=0
03-14 07:19:30.611 0 0 I auditd : type=1400 audit(0.0:15862): avc: denied { kill } for comm="swapper/3" capability=5 scontext=u:r:kernel:s0 tcontext=u:r:kernel:s0 tclass=capability permissive=0
03-14 07:19:31.658 1533 1853 I netstats_mobile_sample: [0,0,0,0,0,0,0,0,0,0,0,0,1678775205910]
03-14 07:19:31.659 1533 1853 I netstats_wifi_sample: [93418776,76520,2012773,21743,93418776,76520,2012773,21743,91965405,77910,1666223,20758,1678775205910]
03-14 07:19:32.611 0 0 I auditd : type=1400 audit(0.0:15863): avc: denied { kill } for comm="swapper/3" capability=5 scontext=u:r:kernel:s0 tcontext=u:r:kernel:s0 tclass=capability permissive=0
03-14 07:19:32.959 27685 27685 I auditd : type=1400 audit(0.0:15864): avc: denied { read } for comm="pcdn_udp" name="snmp" dev="proc" ino=4026532270 scontext=u:r:untrusted_app_29:s0:c94,c256,c512,c768 tcontext=u:object_r:proc_net:s0 tclass=file permissive=0 app=com.tencent.tmgp.sgame
03-14 07:19:33.611 5335 5335 I auditd : type=1400 audit(0.0:15865): avc: denied { kill } for comm="dp_rx_thread_0" capability=5 scontext=u:r:kernel:s0 tcontext=u:r:kernel:s0 tclass=capability permissive=0
01-02 06:48:13.174 0 0 E DTC_ETH,link_delay_work_func: 3003, SQI=0, link=0
03-14 07:19:34.611 0 0 I auditd : type=1400 audit(0.0:15866): avc: denied { kill } for comm="swapper/3" capability=5 scontext=u:r:kernel:s0 tcontext=u:r:kernel:s0 tclass=capability permissive=0
03-14 07:19:35.239 1533 1638 I am_uid_idle: 99002
03-14 07:19:35.239 1533 1638 I am_uid_idle: 10098
03-14 07:19:35.239 1533 1638 I am_stop_idle_service: [10098,com.ss.android.ugc.aweme/com.ss.android.newmedia.redbadge.RedBadgePushProcessService]
03-14 07:19:35.239 1533 1638 W ActivityManager: Stopping service due to app idle: u0a98 -1m33s144ms com.ss.android.ugc.aweme/com.ss.android.newmedia.redbadge.RedBadgePushProcessService
03-14 07:19:35.240 1533 1638 I am_stop_idle_service: [10098,com.ss.android.ugc.aweme/com.bytedance.common.wschannel.server.WsChannelService]
03-14 07:19:35.240 1533 1638 W ActivityManager: Stopping service due to app idle: u0a98 -8m24s839ms com.ss.android.ugc.aweme/com.bytedance.common.wschannel.server.WsChannelService
03-14 07:19:35.240 1533 1638 I am_stop_idle_service: [10098,com.ss.android.ugc.aweme/com.bytedance.common.wschannel.client.WsClientService]
03-14 07:19:35.240 1533 1638 W ActivityManager: Stopping service due to app idle: u0a98 -1m1s261ms com.ss.android.ugc.aweme/com.bytedance.common.wschannel.client.WsClientService
03-14 07:19:35.611 0 0 I auditd : type=1400 audit(0.0:15867): avc: denied { kill } for comm="swapper/3" capability=5 scontext=u:r:kernel:s0 tcontext=u:r:kernel:s0 tclass=capability permissive=0
03-14 07:19:35.820 1533 1853 I netstats_mobile_sample: [0,0,0,0,0,0,0,0,0,0,0,0,1678775210071]
03-14 07:19:35.820 1533 1853 I netstats_wifi_sample: [93418776,76520,2012773,21743,93418776,76520,2012773,21743,91965405,77910,1666223,20758,1678775210071]
03-14 07:19:36.611 0 0 I auditd : type=1400 audit(0.0:15868): avc: denied { kill } for comm="swapper/3" capability=5 scontext=u:r:kernel:s0 tcontext=u:r:kernel:s0 tclass=capability permissive=0
01-02 06:48:16.030 0 0 I [soft_i][0x37fd1acb41][07:19:36.846077] wlan: [0:I:QDF] ARP-RS TX: SA:56:f4:a3:ce:a6:5f DA:d6:44:3b:15:39:91 msdu_id:601 status: nack
03-14 07:19:37.258 1533 1628 I am_pss : [31776,10099,com.qiyi.video,200054784,161226752,132096,349093888,0,10,21]
03-14 07:19:37.272 1533 1628 I am_pss : [31965,10099,com.qiyi.video:downloader,53558272,32669696,149504,164741120,0,10,10]
03-14 07:19:37.283 1533 1628 I am_pss : [32753,10099,com.qiyi.video:plugin1,37214208,16900096,150528,148512768,0,10,10]
03-14 07:19:37.611 0 0 I auditd : type=1400 audit(0.0:15869): avc: denied { kill } for comm="swapper/3" capability=5 scontext=u:r:kernel:s0 tcontext=u:r:kernel:s0 tclass=capability permissive=0
01-02 06:48:18.294 0 0 E DTC_ETH,link_delay_work_func: 3003, SQI=0, link=0
03-14 07:19:39.611 0 0 I auditd : type=1400 audit(0.0:15870): avc: denied { kill } for comm="swapper/1" capability=5 scontext=u:r:kernel:s0 tcontext=u:r:kernel:s0 tclass=capability permissive=0
03-14 07:19:40.611 0 0 I auditd : type=1400 audit(0.0:15871): avc: denied { kill } for comm="swapper/1" capability=5 scontext=u:r:kernel:s0 tcontext=u:r:kernel:s0 tclass=capability permissive=0
03-14 07:19:40.623 1533 1744 D ActivityManager: freezing 24966 com.android.externalstorage
03-14 07:19:40.623 1533 1744 E ActivityManager: Unable to freeze binder for 24966 com.android.externalstorage
01-02 06:48:19.807 0 0 I binder : 1533:1744 ioctl 400c620e 799d9fe5d8 returned -22
01-02 06:48:19.809 0 0 I binder : 1533:1744 ioctl c00c620f 799d9fe5b8 returned -22
03-14 07:19:40.625 1533 1744 D ActivityManager: froze 24966 com.android.externalstorage
03-14 07:19:40.625 1533 1744 I am_freeze: [24966,com.android.externalstorage]
03-14 07:19:40.625 1533 1744 E ActivityManager: Unable to freeze binder for 24966 com.android.externalstorage
03-14 07:19:40.627 1533 1744 I ActivityManager: Killing 24966:com.android.externalstorage/u0a28 (adj 975): Unable to freeze binder interface
03-14 07:19:40.627 1533 1744 I am_kill : [0,24966,com.android.externalstorage,975,Unable to freeze binder interface]
03-14 07:19:40.656 1533 2514 I am_proc_died: [0,24966,com.android.externalstorage,975,19]
03-14 07:19:40.657 1533 2514 I am_uid_stopped: 10028
03-14 07:19:40.668 1533 1628 I am_pss : [2416,1000,com.qti.diagservices,9050112,5726208,51200,89423872,0,10,8]
03-14 07:19:40.724 1533 1744 D ActivityManager: freezing 20534 com.android.settings
03-14 07:19:40.724 1533 1744 E ActivityManager: Unable to freeze binder for 20534 com.android.settings
03-14 07:19:40.725 1533 1744 D ActivityManager: froze 20534 com.android.settings
03-14 07:19:40.725 1533 1744 I am_freeze: [20534,com.android.settings]
03-14 07:19:40.725 1533 1744 E ActivityManager: Unable to freeze binder for 20534 com.android.settings
01-02 06:48:19.908 0 0 I binder : 1533:1744 ioctl 400c620e 799d9fe5d8 returned -22
01-02 06:48:19.909 0 0 I binder : 1533:1744 ioctl c00c620f 799d9fe5b8 returned -22
03-14 07:19:40.728 1533 1744 I ActivityManager: Killing 20534:com.android.settings/1000 (adj 955): Unable to freeze binder interface
03-14 07:19:40.728 1533 1744 I am_kill : [0,20534,com.android.settings,955,Unable to freeze binder interface]
03-14 07:19:40.759 1533 1707 I am_proc_died: [0,20534,com.android.settings,955,19]
03-14 07:19:40.767 1533 1622 D CompatibilityChangeReporter: Compat change id reported: 135634846; UID 1000; state: DISABLED
03-14 07:19:40.767 1533 1622 D CompatibilityChangeReporter: Compat change id reported: 177438394; UID 1000; state: DISABLED
03-14 07:19:40.767 1533 1622 D CompatibilityChangeReporter: Compat change id reported: 135772972; UID 1000; state: DISABLED
03-14 07:19:40.767 1533 1622 D CompatibilityChangeReporter: Compat change id reported: 135754954; UID 1000; state: ENABLED
03-14 07:19:40.786 1533 1639 I am_proc_start: [0,2522,1000,com.android.settings,NULL,]
03-14 07:19:40.786 1533 1639 I ActivityManager: Start proc 2522:com.android.settings/1000 for null
01-02 06:48:20.004 0 0 I binder : 2522:2522 ioctl 40046210 7fe31dd924 returned -22
03-14 07:19:40.825 1533 1707 I am_proc_bound: [0,2522,com.android.settings]
03-14 07:19:40.827 1533 1707 D CompatibilityChangeReporter: Compat change id reported: 168419799; UID 1000; state: DISABLED
01-02 06:48:20.032 0 0 I binder : 1533:1744 ioctl 400c620e 799d9fe5d8 returned -22
03-14 07:19:40.848 1533 1744 D ActivityManager: freezing 25017 com.android.traceur
03-14 07:19:40.848 1533 1744 E ActivityManager: Unable to freeze binder for 25017 com.android.traceur
03-14 07:19:40.849 1533 1744 D ActivityManager: froze 25017 com.android.traceur
03-14 07:19:40.849 1533 1744 I am_freeze: [25017,com.android.traceur]
03-14 07:19:40.849 1533 1744 E ActivityManager: Unable to freeze binder for 25017 com.android.traceur
01-02 06:48:20.033 0 0 I binder : 1533:1744 ioctl c00c620f 799d9fe5b8 returned -22
03-14 07:19:40.851 1533 1744 I ActivityManager: Killing 25017:com.android.traceur/u0a21 (adj 945): Unable to freeze binder interface
03-14 07:19:40.851 1533 1744 I am_kill : [0,25017,com.android.traceur,945,Unable to freeze binder interface]
03-14 07:19:40.881 1533 2514 I am_proc_died: [0,25017,com.android.traceur,945,19]
03-14 07:19:40.881 1533 2514 I am_uid_stopped: 10021
03-14 07:19:41.084 1533 1744 D ActivityManager: freezing 25002 com.microsoft.emmx
01-02 06:48:20.268 0 0 I binder : 1533:1744 ioctl 400c620e 799d9fe5d8 returned -22
01-02 06:48:20.271 0 0 I binder : 1533:1744 ioctl c00c620f 799d9fe5b8 returned -22
03-14 07:19:41.084 1533 1744 E ActivityManager: Unable to freeze binder for 25002 com.microsoft.emmx
03-14 07:19:41.086 1533 1744 D ActivityManager: froze 25002 com.microsoft.emmx
03-14 07:19:41.086 1533 1744 I am_freeze: [25002,com.microsoft.emmx]
03-14 07:19:41.087 1533 1744 E ActivityManager: Unable to freeze binder for 25002 com.microsoft.emmx
01-02 06:48:20.275 0 0 I binder : 1533:1744 ioctl 400c620e 799d9fe5d8 returned -22
01-02 06:48:20.277 0 0 I binder : 1533:1744 ioctl c00c620f 799d9fe5b8 returned -22
03-14 07:19:41.091 1533 1744 D ActivityManager: freezing 24984 android.process.media
03-14 07:19:41.091 1533 1744 E ActivityManager: Unable to freeze binder for 24984 android.process.media
03-14 07:19:41.092 1533 1744 D ActivityManager: froze 24984 android.process.media
03-14 07:19:41.093 1533 1744 I am_freeze: [24984,android.process.media]
03-14 07:19:41.093 1533 1744 E ActivityManager: Unable to freeze binder for 24984 android.process.media
03-14 07:19:41.095 1533 1744 I ActivityManager: Killing 25002:com.microsoft.emmx/u0a31 (adj 955): Unable to freeze binder interface
03-14 07:19:41.096 1533 1744 I am_kill : [0,25002,com.microsoft.emmx,955,Unable to freeze binder interface]
03-14 07:19:41.098 1533 1744 I ActivityManager: Killing 24984:android.process.media/u0a17 (adj 945): Unable to freeze binder interface
03-14 07:19:41.098 1533 1744 I am_kill : [0,24984,android.process.media,945,Unable to freeze binder interface]
03-14 07:19:41.123 1533 2514 I am_proc_died: [0,24984,android.process.media,945,19]
03-14 07:19:41.123 1533 2514 I am_uid_stopped: 10017
03-14 07:19:41.126 1533 4620 I am_proc_died: [0,25002,com.microsoft.emmx,955,19]
03-14 07:19:41.127 1533 4620 I am_uid_stopped: 10031
03-14 07:19:41.385 1533 1853 I netstats_mobile_sample: [0,0,0,0,0,0,0,0,0,0,0,0,1678775215637]
03-14 07:19:41.386 1533 1853 I netstats_wifi_sample: [93418776,76520,2012773,21743,93418776,76520,2012773,21743,91965405,77910,1666223,20758,1678775215637]
03-14 07:19:41.611 0 0 I auditd : type=1400 audit(0.0:15872): avc: denied { kill } for comm="swapper/1" capability=5 scontext=u:r:kernel:s0 tcontext=u:r:kernel:s0 tclass=capability permissive=0
03-14 07:19:42.611 0 0 I auditd : type=1400 audit(0.0:15873): avc: denied { kill } for comm="swapper/1" capability=5 scontext=u:r:kernel:s0 tcontext=u:r:kernel:s0 tclass=capability permissive=0
03-14 07:19:43.611 0 0 I auditd : type=1400 audit(0.0:15874): avc: denied { kill } for comm="swapper/1" capability=5 scontext=u:r:kernel:s0 tcontext=u:r:kernel:s0 tclass=capability permissive=0
03-14 07:19:44.074 1533 1666 V DisplayPowerController[0]: Brightness [0.05] reason changing to: 'manual [ dim ]', previous reason: 'manual'.
03-14 07:19:44.074 1533 1666 I sysui_multi_action: [757,1696,758,6,759,2]
03-14 07:19:44.074 1533 1666 W PowerManagerService: Screen on took 108334 ms
03-14 07:19:44.079 1533 1975 E DisplayDeviceConfig: requesting nits when no mapping exists.
03-14 07:19:44.080 1533 1975 E DisplayDeviceConfig: requesting nits when no mapping exists.
03-14 07:19:44.081 1533 1638 I am_wtf : [0,1533,system_server,-1,DisplayDeviceConfig,requesting nits when no mapping exists.]
03-14 07:19:44.082 1533 1638 I DropBoxManagerService: add tag=system_server_wtf isTagEnabled=true flags=0x2
03-14 07:19:44.084 1533 1638 I am_wtf : [0,1533,system_server,-1,DisplayDeviceConfig,requesting nits when no mapping exists.]
03-14 07:19:44.085 1533 1638 I DropBoxManagerService: add tag=system_server_wtf isTagEnabled=true flags=0x2
03-14 07:19:44.095 1533 1975 E DisplayDeviceConfig: requesting nits when no mapping exists.
03-14 07:19:44.096 1533 1975 E DisplayDeviceConfig: requesting nits when no mapping exists.
03-14 07:19:44.096 1533 1638 I am_wtf : [0,1533,system_server,-1,DisplayDeviceConfig,requesting nits when no mapping exists.]
03-14 07:19:44.097 1533 1638 I DropBoxManagerService: add tag=system_server_wtf isTagEnabled=true flags=0x2
03-14 07:19:44.098 1533 1638 I am_wtf : [0,1533,system_server,-1,DisplayDeviceConfig,requesting nits when no mapping exists.]
03-14 07:19:44.099 1533 1638 I DropBoxManagerService: add tag=system_server_wtf isTagEnabled=true flags=0x2
03-14 07:19:44.112 1533 1975 E DisplayDeviceConfig: requesting nits when no mapping exists.
03-14 07:19:44.113 1533 1975 E DisplayDeviceConfig: requesting nits when no mapping exists.
03-14 07:19:44.113 1533 1638 I am_wtf : [0,1533,system_server,-1,DisplayDeviceConfig,requesting nits when no mapping exists.]
03-14 07:19:44.114 1533 1638 I DropBoxManagerService: add tag=system_server_wtf isTagEnabled=true flags=0x2
03-14 07:19:44.115 1533 1638 I am_wtf : [0,1533,system_server,-1,DisplayDeviceConfig,requesting nits when no mapping exists.]
03-14 07:19:44.128 1533 1975 E DisplayDeviceConfig: requesting nits when no mapping exists.
03-14 07:19:44.129 1533 1975 E DisplayDeviceConfig: requesting nits when no mapping exists.
03-14 07:19:44.129 1533 1638 I am_wtf : [0,1533,system_server,-1,DisplayDeviceConfig,requesting nits when no mapping exists.]
03-14 07:19:44.130 1533 1638 I am_wtf : [0,1533,system_server,-1,DisplayDeviceConfig,requesting nits when no mapping exists.]
03-14 07:19:44.145 1533 1975 E DisplayDeviceConfig: requesting nits when no mapping exists.
03-14 07:19:44.145 1533 1638 I am_wtf : [0,1533,system_server,-1,DisplayDeviceConfig,requesting nits when no mapping exists.]
03-14 07:19:44.145 1533 1975 E DisplayDeviceConfig: requesting nits when no mapping exists.
03-14 07:19:44.146 1533 1638 I am_wtf : [0,1533,system_server,-1,DisplayDeviceConfig,requesting nits when no mapping exists.]
03-14 07:19:44.163 1533 1975 E DisplayDeviceConfig: requesting nits when no mapping exists.
03-14 07:19:44.163 1533 1638 I am_wtf : [0,1533,system_server,-1,DisplayDeviceConfig,requesting nits when no mapping exists.]
03-14 07:19:44.163 1533 1975 E DisplayDeviceConfig: requesting nits when no mapping exists.
03-14 07:19:44.164 1533 1638 I am_wtf : [0,1533,system_server,-1,DisplayDeviceConfig,requesting nits when no mapping exists.]
03-14 07:19:44.178 1533 1975 E DisplayDeviceConfig: requesting nits when no mapping exists.
03-14 07:19:44.179 1533 1638 I am_wtf : [0,1533,system_server,-1,DisplayDeviceConfig,requesting nits when no mapping exists.]
03-14 07:19:44.179 1533 1975 E DisplayDeviceConfig: requesting nits when no mapping exists.
03-14 07:19:44.180 1533 1638 I am_wtf : [0,1533,system_server,-1,DisplayDeviceConfig,requesting nits when no mapping exists.]
03-14 07:19:44.195 1533 1975 E DisplayDeviceConfig: requesting nits when no mapping exists.
03-14 07:19:44.196 1533 1975 E DisplayDeviceConfig: requesting nits when no mapping exists.
03-14 07:19:44.196 1533 1638 I am_wtf : [0,1533,system_server,-1,DisplayDeviceConfig,requesting nits when no mapping exists.]
03-14 07:19:44.197 1533 1638 I am_wtf : [0,1533,system_server,-1,DisplayDeviceConfig,requesting nits when no mapping exists.]
03-14 07:19:44.212 1533 1975 E DisplayDeviceConfig: requesting nits when no mapping exists.
03-14 07:19:44.212 1533 1975 E DisplayDeviceConfig: requesting nits when no mapping exists.
03-14 07:19:44.213 1533 1638 I am_wtf : [0,1533,system_server,-1,DisplayDeviceConfig,requesting nits when no mapping exists.]
03-14 07:19:44.214 1533 1638 I am_wtf : [0,1533,system_server,-1,DisplayDeviceConfig,requesting nits when no mapping exists.]
01-02 06:48:23.415 0 0 E DTC_ETH,link_delay_work_func: 3003, SQI=0, link=0
03-14 07:19:44.229 1533 1975 E DisplayDeviceConfig: requesting nits when no mapping exists.
03-14 07:19:44.230 1533 1975 E DisplayDeviceConfig: requesting nits when no mapping exists.
03-14 07:19:44.230 1533 1638 I am_wtf : [0,1533,system_server,-1,DisplayDeviceConfig,requesting nits when no mapping exists.]
03-14 07:19:44.231 1533 1638 I am_wtf : [0,1533,system_server,-1,DisplayDeviceConfig,requesting nits when no mapping exists.]
03-14 07:19:44.245 1533 1975 E DisplayDeviceConfig: requesting nits when no mapping exists.
03-14 07:19:44.245 1533 1975 E DisplayDeviceConfig: requesting nits when no mapping exists.
03-14 07:19:44.245 1533 1638 I am_wtf : [0,1533,system_server,-1,DisplayDeviceConfig,requesting nits when no mapping exists.]
03-14 07:19:44.246 1533 1638 I am_wtf : [0,1533,system_server,-1,DisplayDeviceConfig,requesting nits when no mapping exists.]
03-14 07:19:44.262 1533 1975 E DisplayDeviceConfig: requesting nits when no mapping exists.
03-14 07:19:44.262 1533 1975 E DisplayDeviceConfig: requesting nits when no mapping exists.
03-14 07:19:44.262 1533 1638 I am_wtf : [0,1533,system_server,-1,DisplayDeviceConfig,requesting nits when no mapping exists.]
03-14 07:19:44.263 1533 1638 I am_wtf : [0,1533,system_server,-1,DisplayDeviceConfig,requesting nits when no mapping exists.]
03-14 07:19:44.279 1533 1975 E DisplayDeviceConfig: requesting nits when no mapping exists.
03-14 07:19:44.280 1533 1975 E DisplayDeviceConfig: requesting nits when no mapping exists.
03-14 07:19:44.280 1533 1638 I am_wtf : [0,1533,system_server,-1,DisplayDeviceConfig,requesting nits when no mapping exists.]
03-14 07:19:44.280 1533 1638 I am_wtf : [0,1533,system_server,-1,DisplayDeviceConfig,requesting nits when no mapping exists.]
03-14 07:19:44.296 1533 1975 E DisplayDeviceConfig: requesting nits when no mapping exists.
03-14 07:19:44.297 1533 1975 E DisplayDeviceConfig: requesting nits when no mapping exists.
03-14 07:19:44.297 1533 1638 I am_wtf : [0,1533,system_server,-1,DisplayDeviceConfig,requesting nits when no mapping exists.]
03-14 07:19:44.298 1533 1638 I am_wtf : [0,1533,system_server,-1,DisplayDeviceConfig,requesting nits when no mapping exists.]
03-14 07:19:44.312 1533 1975 E DisplayDeviceConfig: requesting nits when no mapping exists.
03-14 07:19:44.313 1533 1975 E DisplayDeviceConfig: requesting nits when no mapping exists.
03-14 07:19:44.313 1533 1638 I am_wtf : [0,1533,system_server,-1,DisplayDeviceConfig,requesting nits when no mapping exists.]
03-14 07:19:44.314 1533 1638 I am_wtf : [0,1533,system_server,-1,DisplayDeviceConfig,requesting nits when no mapping exists.]
03-14 07:19:44.329 1533 1975 E DisplayDeviceConfig: requesting nits when no mapping exists.
03-14 07:19:44.330 1533 1975 E DisplayDeviceConfig: requesting nits when no mapping exists.
03-14 07:19:44.330 1533 1638 I am_wtf : [0,1533,system_server,-1,DisplayDeviceConfig,requesting nits when no mapping exists.]
03-14 07:19:44.331 1533 1638 I am_wtf : [0,1533,system_server,-1,DisplayDeviceConfig,requesting nits when no mapping exists.]
03-14 07:19:44.346 1533 1975 E DisplayDeviceConfig: requesting nits when no mapping exists.
03-14 07:19:44.346 1533 1975 E DisplayDeviceConfig: requesting nits when no mapping exists.
03-14 07:19:44.346 1533 1638 I am_wtf : [0,1533,system_server,-1,DisplayDeviceConfig,requesting nits when no mapping exists.]
03-14 07:19:44.347 1533 1638 I am_wtf : [0,1533,system_server,-1,DisplayDeviceConfig,requesting nits when no mapping exists.]
03-14 07:19:44.362 1533 1975 E DisplayDeviceConfig: requesting nits when no mapping exists.
03-14 07:19:44.363 1533 1638 I am_wtf : [0,1533,system_server,-1,DisplayDeviceConfig,requesting nits when no mapping exists.]
03-14 07:19:44.363 1533 1975 E DisplayDeviceConfig: requesting nits when no mapping exists.
03-14 07:19:44.364 1533 1638 I am_wtf : [0,1533,system_server,-1,DisplayDeviceConfig,requesting nits when no mapping exists.]
03-14 07:19:44.379 1533 1975 E DisplayDeviceConfig: requesting nits when no mapping exists.
03-14 07:19:44.380 1533 1975 E DisplayDeviceConfig: requesting nits when no mapping exists.
03-14 07:19:44.380 1533 1638 I am_wtf : [0,1533,system_server,-1,DisplayDeviceConfig,requesting nits when no mapping exists.]
03-14 07:19:44.381 1533 1638 I am_wtf : [0,1533,system_server,-1,DisplayDeviceConfig,requesting nits when no mapping exists.]
03-14 07:19:44.395 1533 1975 E DisplayDeviceConfig: requesting nits when no mapping exists.
03-14 07:19:44.396 1533 1975 E DisplayDeviceConfig: requesting nits when no mapping exists.
03-14 07:19:44.396 1533 1638 I am_wtf : [0,1533,system_server,-1,DisplayDeviceConfig,requesting nits when no mapping exists.]
03-14 07:19:44.397 1533 1638 I am_wtf : [0,1533,system_server,-1,DisplayDeviceConfig,requesting nits when no mapping exists.]
03-14 07:19:44.412 1533 1975 E DisplayDeviceConfig: requesting nits when no mapping exists.
03-14 07:19:44.413 1533 1975 E DisplayDeviceConfig: requesting nits when no mapping exists.
03-14 07:19:44.413 1533 1638 I am_wtf : [0,1533,system_server,-1,DisplayDeviceConfig,requesting nits when no mapping exists.]
03-14 07:19:44.413 1533 1638 I am_wtf : [0,1533,system_server,-1,DisplayDeviceConfig,requesting nits when no mapping exists.]
03-14 07:19:44.429 1533 1975 E DisplayDeviceConfig: requesting nits when no mapping exists.
03-14 07:19:44.430 1533 1638 I am_wtf : [0,1533,system_server,-1,DisplayDeviceConfig,requesting nits when no mapping exists.]
03-14 07:19:44.431 1533 1975 E DisplayDeviceConfig: requesting nits when no mapping exists.
03-14 07:19:44.431 1533 1638 I am_wtf : [0,1533,system_server,-1,DisplayDeviceConfig,requesting nits when no mapping exists.]
03-14 07:19:44.445 1533 1975 E DisplayDeviceConfig: requesting nits when no mapping exists.
03-14 07:19:44.447 1533 1975 E DisplayDeviceConfig: requesting nits when no mapping exists.
03-14 07:19:44.447 1533 1638 I am_wtf : [0,1533,system_server,-1,DisplayDeviceConfig,requesting nits when no mapping exists.]
03-14 07:19:44.448 1533 1638 I am_wtf : [0,1533,system_server,-1,DisplayDeviceConfig,requesting nits when no mapping exists.]
03-14 07:19:44.462 1533 1975 E DisplayDeviceConfig: requesting nits when no mapping exists.
03-14 07:19:44.463 1533 1638 I am_wtf : [0,1533,system_server,-1,DisplayDeviceConfig,requesting nits when no mapping exists.]
03-14 07:19:44.463 1533 1975 E DisplayDeviceConfig: requesting nits when no mapping exists.
03-14 07:19:44.464 1533 1638 I am_wtf : [0,1533,system_server,-1,DisplayDeviceConfig,requesting nits when no mapping exists.]
03-14 07:19:44.479 1533 1975 E DisplayDeviceConfig: requesting nits when no mapping exists.
03-14 07:19:44.480 1533 1975 E DisplayDeviceConfig: requesting nits when no mapping exists.
03-14 07:19:44.480 1533 1638 I am_wtf : [0,1533,system_server,-1,DisplayDeviceConfig,requesting nits when no mapping exists.]
03-14 07:19:44.480 1533 1638 I am_wtf : [0,1533,system_server,-1,DisplayDeviceConfig,requesting nits when no mapping exists.]
03-14 07:19:44.496 1533 1975 E DisplayDeviceConfig: requesting nits when no mapping exists.
03-14 07:19:44.496 1533 1975 E DisplayDeviceConfig: requesting nits when no mapping exists.
03-14 07:19:44.496 1533 1638 I am_wtf : [0,1533,system_server,-1,DisplayDeviceConfig,requesting nits when no mapping exists.]
03-14 07:19:44.497 1533 1638 I am_wtf : [0,1533,system_server,-1,DisplayDeviceConfig,requesting nits when no mapping exists.]
03-14 07:19:44.512 1533 1975 E DisplayDeviceConfig: requesting nits when no mapping exists.
03-14 07:19:44.513 1533 1638 I am_wtf : [0,1533,system_server,-1,DisplayDeviceConfig,requesting nits when no mapping exists.]
03-14 07:19:44.513 1533 1975 E DisplayDeviceConfig: requesting nits when no mapping exists.
03-14 07:19:44.514 1533 1638 I am_wtf : [0,1533,system_server,-1,DisplayDeviceConfig,requesting nits when no mapping exists.]
03-14 07:19:44.529 1533 1975 E DisplayDeviceConfig: requesting nits when no mapping exists.
03-14 07:19:44.530 1533 1638 I am_wtf : [0,1533,system_server,-1,DisplayDeviceConfig,requesting nits when no mapping exists.]
03-14 07:19:44.531 1533 1975 E DisplayDeviceConfig: requesting nits when no mapping exists.
03-14 07:19:44.532 1533 1638 I am_wtf : [0,1533,system_server,-1,DisplayDeviceConfig,requesting nits when no mapping exists.]
03-14 07:19:44.546 1533 1975 E DisplayDeviceConfig: requesting nits when no mapping exists.
03-14 07:19:44.547 1533 1975 E DisplayDeviceConfig: requesting nits when no mapping exists.
03-14 07:19:44.547 1533 1638 I am_wtf : [0,1533,system_server,-1,DisplayDeviceConfig,requesting nits when no mapping exists.]
03-14 07:19:44.547 1533 1638 I am_wtf : [0,1533,system_server,-1,DisplayDeviceConfig,requesting nits when no mapping exists.]
03-14 07:19:44.563 1533 1975 E DisplayDeviceConfig: requesting nits when no mapping exists.
03-14 07:19:44.563 1533 1638 I am_wtf : [0,1533,system_server,-1,DisplayDeviceConfig,requesting nits when no mapping exists.]
03-14 07:19:44.564 1533 1975 E DisplayDeviceConfig: requesting nits when no mapping exists.
03-14 07:19:44.565 1533 1638 I am_wtf : [0,1533,system_server,-1,DisplayDeviceConfig,requesting nits when no mapping exists.]
03-14 07:19:44.579 1533 1975 E DisplayDeviceConfig: requesting nits when no mapping exists.
03-14 07:19:44.580 1533 1638 I am_wtf : [0,1533,system_server,-1,DisplayDeviceConfig,requesting nits when no mapping exists.]
03-14 07:19:44.581 1533 1975 E DisplayDeviceConfig: requesting nits when no mapping exists.
03-14 07:19:44.582 1533 1638 I am_wtf : [0,1533,system_server,-1,DisplayDeviceConfig,requesting nits when no mapping exists.]
03-14 07:19:44.596 1533 1975 E DisplayDeviceConfig: requesting nits when no mapping exists.
03-14 07:19:44.597 1533 1975 E DisplayDeviceConfig: requesting nits when no mapping exists.
03-14 07:19:44.597 1533 1638 I am_wtf : [0,1533,system_server,-1,DisplayDeviceConfig,requesting nits when no mapping exists.]
03-14 07:19:44.599 1533 1638 I am_wtf : [0,1533,system_server,-1,DisplayDeviceConfig,requesting nits when no mapping exists.]
03-14 07:19:44.613 1533 1975 E DisplayDeviceConfig: requesting nits when no mapping exists.
03-14 07:19:44.613 1533 1975 E DisplayDeviceConfig: requesting nits when no mapping exists.
03-14 07:19:44.613 1533 1638 I am_wtf : [0,1533,system_server,-1,DisplayDeviceConfig,requesting nits when no mapping exists.]
03-14 07:19:44.615 1533 1638 I am_wtf : [0,1533,system_server,-1,DisplayDeviceConfig,requesting nits when no mapping exists.]
03-14 07:19:44.629 1533 1975 E DisplayDeviceConfig: requesting nits when no mapping exists.
03-14 07:19:44.629 1533 1975 E DisplayDeviceConfig: requesting nits when no mapping exists.
03-14 07:19:44.629 1533 1638 I am_wtf : [0,1533,system_server,-1,DisplayDeviceConfig,requesting nits when no mapping exists.]
03-14 07:19:44.630 1533 1638 I am_wtf : [0,1533,system_server,-1,DisplayDeviceConfig,requesting nits when no mapping exists.]
03-14 07:19:44.646 1533 1975 E DisplayDeviceConfig: requesting nits when no mapping exists.
03-14 07:19:44.647 1533 1975 E DisplayDeviceConfig: requesting nits when no mapping exists.
03-14 07:19:44.647 1533 1638 I am_wtf : [0,1533,system_server,-1,DisplayDeviceConfig,requesting nits when no mapping exists.]
03-14 07:19:44.648 1533 1638 I am_wtf : [0,1533,system_server,-1,DisplayDeviceConfig,requesting nits when no mapping exists.]
03-14 07:19:44.663 1533 1975 E DisplayDeviceConfig: requesting nits when no mapping exists.
03-14 07:19:44.664 1533 1975 E DisplayDeviceConfig: requesting nits when no mapping exists.
03-14 07:19:44.665 1533 1638 I am_wtf : [0,1533,system_server,-1,DisplayDeviceConfig,requesting nits when no mapping exists.]
03-14 07:19:44.667 1533 1638 I am_wtf : [0,1533,system_server,-1,DisplayDeviceConfig,requesting nits when no mapping exists.]
03-14 07:19:44.679 1533 1975 E DisplayDeviceConfig: requesting nits when no mapping exists.
03-14 07:19:44.680 1533 1638 I am_wtf : [0,1533,system_server,-1,DisplayDeviceConfig,requesting nits when no mapping exists.]
03-14 07:19:44.680 1533 1975 E DisplayDeviceConfig: requesting nits when no mapping exists.
03-14 07:19:44.681 1533 1638 I am_wtf : [0,1533,system_server,-1,DisplayDeviceConfig,requesting nits when no mapping exists.]
03-14 07:19:44.684 1533 1638 I service_manager_stats: [100,64,28036]
03-14 07:19:44.696 1533 1975 E DisplayDeviceConfig: requesting nits when no mapping exists.
03-14 07:19:44.697 1533 1975 E DisplayDeviceConfig: requesting nits when no mapping exists.
03-14 07:19:44.697 1533 1638 I am_wtf : [0,1533,system_server,-1,DisplayDeviceConfig,requesting nits when no mapping exists.]
03-14 07:19:44.698 1533 1638 I am_wtf : [0,1533,system_server,-1,DisplayDeviceConfig,requesting nits when no mapping exists.]
03-14 07:19:44.713 1533 1975 E DisplayDeviceConfig: requesting nits when no mapping exists.
03-14 07:19:44.714 1533 1638 I am_wtf : [0,1533,system_server,-1,DisplayDeviceConfig,requesting nits when no mapping exists.]
03-14 07:19:44.714 1533 1975 E DisplayDeviceConfig: requesting nits when no mapping exists.
03-14 07:19:44.715 1533 1638 I am_wtf : [0,1533,system_server,-1,DisplayDeviceConfig,requesting nits when no mapping exists.]
03-14 07:19:44.729 1533 1975 E DisplayDeviceConfig: requesting nits when no mapping exists.
03-14 07:19:44.730 1533 1975 E DisplayDeviceConfig: requesting nits when no mapping exists.
03-14 07:19:44.730 1533 1638 I am_wtf : [0,1533,system_server,-1,DisplayDeviceConfig,requesting nits when no mapping exists.]
03-14 07:19:44.731 1533 1638 I am_wtf : [0,1533,system_server,-1,DisplayDeviceConfig,requesting nits when no mapping exists.]
03-14 07:19:44.746 1533 1975 E DisplayDeviceConfig: requesting nits when no mapping exists.
03-14 07:19:44.747 1533 1975 E DisplayDeviceConfig: requesting nits when no mapping exists.
03-14 07:19:44.747 1533 1638 I am_wtf : [0,1533,system_server,-1,DisplayDeviceConfig,requesting nits when no mapping exists.]
03-14 07:19:44.748 1533 1638 I am_wtf : [0,1533,system_server,-1,DisplayDeviceConfig,requesting nits when no mapping exists.]
03-14 07:19:44.763 1533 1975 E DisplayDeviceConfig: requesting nits when no mapping exists.
03-14 07:19:44.763 1533 1638 I am_wtf : [0,1533,system_server,-1,DisplayDeviceConfig,requesting nits when no mapping exists.]
03-14 07:19:44.763 1533 1975 E DisplayDeviceConfig: requesting nits when no mapping exists.
03-14 07:19:44.764 1533 1638 I am_wtf : [0,1533,system_server,-1,DisplayDeviceConfig,requesting nits when no mapping exists.]
03-14 07:19:44.780 1533 1975 E DisplayDeviceConfig: requesting nits when no mapping exists.
03-14 07:19:44.780 1533 1638 I am_wtf : [0,1533,system_server,-1,DisplayDeviceConfig,requesting nits when no mapping exists.]
03-14 07:19:44.780 1533 1975 E DisplayDeviceConfig: requesting nits when no mapping exists.
03-14 07:19:44.781 1533 1638 I am_wtf : [0,1533,system_server,-1,DisplayDeviceConfig,requesting nits when no mapping exists.]
03-14 07:19:44.796 1533 1975 E DisplayDeviceConfig: requesting nits when no mapping exists.
03-14 07:19:44.797 1533 1638 I am_wtf : [0,1533,system_server,-1,DisplayDeviceConfig,requesting nits when no mapping exists.]
03-14 07:19:44.797 1533 1975 E DisplayDeviceConfig: requesting nits when no mapping exists.
03-14 07:19:44.798 1533 1638 I am_wtf : [0,1533,system_server,-1,DisplayDeviceConfig,requesting nits when no mapping exists.]
03-14 07:19:44.813 1533 1975 E DisplayDeviceConfig: requesting nits when no mapping exists.
03-14 07:19:44.813 1533 1638 I am_wtf : [0,1533,system_server,-1,DisplayDeviceConfig,requesting nits when no mapping exists.]
03-14 07:19:44.813 1533 1975 E DisplayDeviceConfig: requesting nits when no mapping exists.
03-14 07:19:44.814 1533 1638 I am_wtf : [0,1533,system_server,-1,DisplayDeviceConfig,requesting nits when no mapping exists.]
03-14 07:19:44.830 1533 1975 E DisplayDeviceConfig: requesting nits when no mapping exists.
03-14 07:19:44.830 1533 1638 I am_wtf : [0,1533,system_server,-1,DisplayDeviceConfig,requesting nits when no mapping exists.]
03-14 07:19:44.830 1533 1975 E DisplayDeviceConfig: requesting nits when no mapping exists.
03-14 07:19:44.832 1533 1638 I am_wtf : [0,1533,system_server,-1,DisplayDeviceConfig,requesting nits when no mapping exists.]
03-14 07:19:44.846 1533 1975 E DisplayDeviceConfig: requesting nits when no mapping exists.
03-14 07:19:44.847 1533 1975 E DisplayDeviceConfig: requesting nits when no mapping exists.
03-14 07:19:44.847 1533 1638 I am_wtf : [0,1533,system_server,-1,DisplayDeviceConfig,requesting nits when no mapping exists.]
03-14 07:19:44.848 1533 1638 I am_wtf : [0,1533,system_server,-1,DisplayDeviceConfig,requesting nits when no mapping exists.]
03-14 07:19:44.863 1533 1975 E DisplayDeviceConfig: requesting nits when no mapping exists.
03-14 07:19:44.864 1533 1638 I am_wtf : [0,1533,system_server,-1,DisplayDeviceConfig,requesting nits when no mapping exists.]
03-14 07:19:44.864 1533 1975 E DisplayDeviceConfig: requesting nits when no mapping exists.
03-14 07:19:44.865 1533 1638 I am_wtf : [0,1533,system_server,-1,DisplayDeviceConfig,requesting nits when no mapping exists.]
03-14 07:19:44.880 1533 1975 E DisplayDeviceConfig: requesting nits when no mapping exists.
03-14 07:19:44.880 1533 1975 E DisplayDeviceConfig: requesting nits when no mapping exists.
03-14 07:19:44.881 1533 1638 I am_wtf : [0,1533,system_server,-1,DisplayDeviceConfig,requesting nits when no mapping exists.]
03-14 07:19:44.882 1533 1638 I am_wtf : [0,1533,system_server,-1,DisplayDeviceConfig,requesting nits when no mapping exists.]
03-14 07:19:44.896 1533 1975 E DisplayDeviceConfig: requesting nits when no mapping exists.
03-14 07:19:44.897 1533 1975 E DisplayDeviceConfig: requesting nits when no mapping exists.
03-14 07:19:44.897 1533 1638 I am_wtf : [0,1533,system_server,-1,DisplayDeviceConfig,requesting nits when no mapping exists.]
03-14 07:19:44.898 1533 1638 I am_wtf : [0,1533,system_server,-1,DisplayDeviceConfig,requesting nits when no mapping exists.]
03-14 07:19:44.913 1533 1975 E DisplayDeviceConfig: requesting nits when no mapping exists.
03-14 07:19:44.914 1533 1638 I am_wtf : [0,1533,system_server,-1,DisplayDeviceConfig,requesting nits when no mapping exists.]
03-14 07:19:44.914 1533 1975 E DisplayDeviceConfig: requesting nits when no mapping exists.
03-14 07:19:44.915 1533 1638 I am_wtf : [0,1533,system_server,-1,DisplayDeviceConfig,requesting nits when no mapping exists.]
03-14 07:19:44.930 1533 1975 E DisplayDeviceConfig: requesting nits when no mapping exists.
03-14 07:19:44.930 1533 1975 E DisplayDeviceConfig: requesting nits when no mapping exists.
03-14 07:19:44.930 1533 1638 I am_wtf : [0,1533,system_server,-1,DisplayDeviceConfig,requesting nits when no mapping exists.]
03-14 07:19:44.931 1533 1638 I am_wtf : [0,1533,system_server,-1,DisplayDeviceConfig,requesting nits when no mapping exists.]
03-14 07:19:44.947 1533 1975 E DisplayDeviceConfig: requesting nits when no mapping exists.
03-14 07:19:44.947 1533 1975 E DisplayDeviceConfig: requesting nits when no mapping exists.
03-14 07:19:44.947 1533 1638 I am_wtf : [0,1533,system_server,-1,DisplayDeviceConfig,requesting nits when no mapping exists.]
03-14 07:19:44.948 1533 1638 I am_wtf : [0,1533,system_server,-1,DisplayDeviceConfig,requesting nits when no mapping exists.]
03-14 07:19:44.963 1533 1975 E DisplayDeviceConfig: requesting nits when no mapping exists.
03-14 07:19:44.964 1533 1975 E DisplayDeviceConfig: requesting nits when no mapping exists.
03-14 07:19:44.964 1533 1638 I am_wtf : [0,1533,system_server,-1,DisplayDeviceConfig,requesting nits when no mapping exists.]
03-14 07:19:44.965 1533 1638 I am_wtf : [0,1533,system_server,-1,DisplayDeviceConfig,requesting nits when no mapping exists.]
03-14 07:19:44.980 1533 1975 E DisplayDeviceConfig: requesting nits when no mapping exists.
03-14 07:19:44.981 1533 1975 E DisplayDeviceConfig: requesting nits when no mapping exists.
03-14 07:19:44.981 1533 1638 I am_wtf : [0,1533,system_server,-1,DisplayDeviceConfig,requesting nits when no mapping exists.]
03-14 07:19:44.982 1533 1638 I am_wtf : [0,1533,system_server,-1,DisplayDeviceConfig,requesting nits when no mapping exists.]
03-14 07:19:44.997 1533 1975 E DisplayDeviceConfig: requesting nits when no mapping exists.
03-14 07:19:44.997 1533 1638 I am_wtf : [0,1533,system_server,-1,DisplayDeviceConfig,requesting nits when no mapping exists.]
03-14 07:19:44.997 1533 1975 E DisplayDeviceConfig: requesting nits when no mapping exists.
03-14 07:19:44.998 1533 1638 I am_wtf : [0,1533,system_server,-1,DisplayDeviceConfig,requesting nits when no mapping exists.]
03-14 07:19:45.014 1533 1975 E DisplayDeviceConfig: requesting nits when no mapping exists.
03-14 07:19:45.014 1533 1638 I am_wtf : [0,1533,system_server,-1,DisplayDeviceConfig,requesting nits when no mapping exists.]
03-14 07:19:45.015 1533 1975 E DisplayDeviceConfig: requesting nits when no mapping exists.
03-14 07:19:45.015 1533 1638 I am_wtf : [0,1533,system_server,-1,DisplayDeviceConfig,requesting nits when no mapping exists.]
03-14 07:19:45.030 1533 1975 E DisplayDeviceConfig: requesting nits when no mapping exists.
03-14 07:19:45.031 1533 1975 E DisplayDeviceConfig: requesting nits when no mapping exists.
03-14 07:19:45.031 1533 1638 I am_wtf : [0,1533,system_server,-1,DisplayDeviceConfig,requesting nits when no mapping exists.]
03-14 07:19:45.032 1533 1638 I am_wtf : [0,1533,system_server,-1,DisplayDeviceConfig,requesting nits when no mapping exists.]
03-14 07:19:45.611 0 0 I auditd : type=1400 audit(0.0:15875): avc: denied { kill } for comm="swapper/1" capability=5 scontext=u:r:kernel:s0 tcontext=u:r:kernel:s0 tclass=capability permissive=0
