03-14 07:14:31.703 1533 2038 W FreeFormWindowHelper: Current Display FreeFormTask is null
03-14 07:14:31.704 1533 2038 W FreeFormWindowHelper: Current Display FreeFormTask is null
03-14 07:14:31.709 1533 1561 W ActivityTaskManager: getTaskSnapshot: taskId=-34 not found
03-14 07:14:31.714 1533 1561 W FreeFormWindowHelper: Current Display FreeFormTask is null
03-14 07:14:31.715 1533 1561 W FreeFormWindowHelper: Current Display FreeFormTask is null
01-02 06:43:11.094 0 0 E DTC_ETH,link_delay_work_func: 3003, SQI=0, link=0
03-14 07:14:32.056 1533 1561 W FreeFormWindowHelper: Current Display FreeFormTask is null
03-14 07:14:32.057 1533 1560 W FreeFormWindowHelper: Current Display FreeFormTask is null
03-14 07:14:32.070 1533 1561 W FreeFormWindowHelper: exitRecentTasks type=0
03-14 07:14:32.073 1533 2038 W FreeFormWindowHelper: Current Display FreeFormTask is null
03-14 07:14:32.073 1533 2038 W FreeFormWindowHelper: Current Display FreeFormTask is null
03-14 07:14:32.720 1533 2038 W FreeFormWindowHelper: Current Display FreeFormTask is null
03-14 07:14:32.720 1533 1561 W FreeFormWindowHelper: Current Display FreeFormTask is null
03-14 07:14:32.734 1533 8565 W FreeFormWindowHelper: Current Display FreeFormTask is null
03-14 07:14:32.734 1533 8565 W FreeFormWindowHelper: Current Display FreeFormTask is null
03-14 07:14:32.735 1533 8565 W FreeFormWindowHelper: Current Display FreeFormTask is null
03-14 07:14:32.736 1533 10210 W FreeFormWindowHelper: Current Display FreeFormTask is null
03-14 07:14:32.738 1533 8565 W FreeFormWindowHelper: Current Display FreeFormTask is null
03-14 07:14:32.739 1533 8565 W FreeFormWindowHelper: Current Display FreeFormTask is null
03-14 07:14:32.739 1533 10210 W ActivityTaskManager: getTaskSnapshot: taskId=0 not found
03-14 07:14:32.740 1533 10210 W ActivityTaskManager: getTaskSnapshot: taskId=-999 not found
03-14 07:14:32.747 1533 2038 W FreeFormWindowHelper: Current Display FreeFormTask is null
03-14 07:14:32.748 1533 2038 W FreeFormWindowHelper: Current Display FreeFormTask is null
03-14 07:14:32.764 1533 10210 W FreeFormWindowHelper: Current Display FreeFormTask is null
03-14 07:14:32.764 1533 10210 W FreeFormWindowHelper: Current Display FreeFormTask is null
03-14 07:14:33.358 1533 8565 W FreeFormWindowHelper: Current Display FreeFormTask is null
03-14 07:14:33.358 1533 2038 W FreeFormWindowHelper: Current Display FreeFormTask is null
03-14 07:14:33.366 1533 2038 W FreeFormWindowHelper: Current Display FreeFormTask is null
03-14 07:14:33.367 1533 10210 W FreeFormWindowHelper: Current Display FreeFormTask is null
03-14 07:14:33.383 1533 10210 W FreeFormWindowHelper: Current Display FreeFormTask is null
03-14 07:14:33.384 1533 8565 W FreeFormWindowHelper: Current Display FreeFormTask is null
03-14 07:14:33.400 1533 2038 W FreeFormWindowHelper: Current Display FreeFormTask is null
03-14 07:14:33.400 1533 3100 W FreeFormWindowHelper: Current Display FreeFormTask is null
03-14 07:14:33.417 1533 8565 W FreeFormWindowHelper: Current Display FreeFormTask is null
03-14 07:14:33.417 1533 10210 W FreeFormWindowHelper: Current Display FreeFormTask is null
03-14 07:14:33.436 1533 2038 W FreeFormWindowHelper: Current Display FreeFormTask is null
03-14 07:14:33.436 1533 9755 W FreeFormWindowHelper: Current Display FreeFormTask is null
03-14 07:14:33.452 1533 8565 W FreeFormWindowHelper: Current Display FreeFormTask is null
03-14 07:14:33.453 1533 8565 W FreeFormWindowHelper: Current Display FreeFormTask is null
03-14 07:14:33.469 1533 2038 W FreeFormWindowHelper: Current Display FreeFormTask is null
03-14 07:14:33.469 1533 2038 W FreeFormWindowHelper: Current Display FreeFormTask is null
03-14 07:14:33.485 1533 8565 W FreeFormWindowHelper: Current Display FreeFormTask is null
03-14 07:14:33.485 1533 8565 W FreeFormWindowHelper: Current Display FreeFormTask is null
03-14 07:14:33.502 1533 2038 W FreeFormWindowHelper: Current Display FreeFormTask is null
03-14 07:14:33.502 1533 2038 W FreeFormWindowHelper: Current Display FreeFormTask is null
03-14 07:14:33.518 1533 3100 W FreeFormWindowHelper: Current Display FreeFormTask is null
03-14 07:14:33.518 1533 2038 W FreeFormWindowHelper: Current Display FreeFormTask is null
03-14 07:14:33.535 1533 8565 W FreeFormWindowHelper: Current Display FreeFormTask is null
03-14 07:14:33.535 1533 8565 W FreeFormWindowHelper: Current Display FreeFormTask is null
03-14 07:14:33.552 1533 2038 W FreeFormWindowHelper: Current Display FreeFormTask is null
03-14 07:14:33.552 1533 8565 W FreeFormWindowHelper: Current Display FreeFormTask is null
03-14 07:14:33.568 1533 2038 W FreeFormWindowHelper: Current Display FreeFormTask is null
03-14 07:14:33.569 1533 9755 W FreeFormWindowHelper: Current Display FreeFormTask is null
03-14 07:14:33.586 1533 3100 W FreeFormWindowHelper: Current Display FreeFormTask is null
03-14 07:14:33.586 1533 8565 W FreeFormWindowHelper: Current Display FreeFormTask is null
03-14 07:14:33.603 1533 8565 W FreeFormWindowHelper: Current Display FreeFormTask is null
03-14 07:14:33.603 1533 2038 W FreeFormWindowHelper: Current Display FreeFormTask is null
03-14 07:14:33.620 1533 8565 W FreeFormWindowHelper: Current Display FreeFormTask is null
03-14 07:14:33.620 1533 2038 W FreeFormWindowHelper: Current Display FreeFormTask is null
03-14 07:14:33.636 1533 8565 W FreeFormWindowHelper: Current Display FreeFormTask is null
03-14 07:14:33.636 1533 2038 W FreeFormWindowHelper: Current Display FreeFormTask is null
03-14 07:14:33.654 1533 9755 W FreeFormWindowHelper: Current Display FreeFormTask is null
03-14 07:14:33.654 1533 9755 W FreeFormWindowHelper: Current Display FreeFormTask is null
03-14 07:14:33.654 1533 9755 W FreeFormWindowHelper: Current Display FreeFormTask is null
03-14 07:14:33.739 1533 2038 W FreeFormWindowHelper: Current Display FreeFormTask is null
03-14 07:14:33.739 1533 2038 W FreeFormWindowHelper: Current Display FreeFormTask is null
03-14 07:14:34.900 1533 2037 I ActivityTaskManager: FOREGROUND_APPLICATION_CHANGED to org.qiyi.android.video.MainActivity
03-14 07:14:34.971 1533 3100 W ActivityManager: Receiver with filter android.content.IntentFilter@b1b1614 already registered for pid 26446, callerPackage is com.qiyi.video
03-14 07:14:35.054 1533 1561 W FreeFormWindowHelper: Current Display FreeFormTask is null
03-14 07:14:35.307 1533 2038 W FreeFormWindowHelper: exitRecentTasks type=0
03-14 07:14:35.563 1533 2038 W FreeFormWindowHelper: Current Display FreeFormTask is null
03-14 07:14:35.565 1533 10210 W FreeFormWindowHelper: Current Display FreeFormTask is null
03-14 07:14:35.571 1533 3100 W FreeFormWindowHelper: Current Display FreeFormTask is null
03-14 07:14:35.571 1533 3100 W FreeFormWindowHelper: Current Display FreeFormTask is null
03-14 07:14:35.572 1533 3100 W FreeFormWindowHelper: Current Display FreeFormTask is null
03-14 07:14:35.596 1533 3100 W ActivityTaskManager: getTaskSnapshot: taskId=-171 not found
03-14 07:14:35.596 1533 3100 W FreeFormWindowHelper: Current Display FreeFormTask is null
03-14 07:14:35.596 1533 3100 W FreeFormWindowHelper: Current Display FreeFormTask is null
03-14 07:14:35.597 1533 3100 W ActivityTaskManager: getTaskSnapshot: taskId=-170 not found
03-14 07:14:35.599 1533 2038 W FreeFormWindowHelper: Current Display FreeFormTask is null
03-14 07:14:35.600 1533 2038 W FreeFormWindowHelper: Current Display FreeFormTask is null
03-14 07:14:35.604 1533 2038 W ActivityTaskManager: getTaskSnapshot: taskId=-136 not found
03-14 07:14:35.606 1533 2038 W ActivityTaskManager: getTaskSnapshot: taskId=-136 not found
03-14 07:14:35.607 1533 2038 W FreeFormWindowHelper: Current Display FreeFormTask is null
03-14 07:14:35.607 1533 3100 W FreeFormWindowHelper: Current Display FreeFormTask is null
03-14 07:14:35.623 1533 1561 W FreeFormWindowHelper: Current Display FreeFormTask is null
03-14 07:14:35.623 1533 3100 W FreeFormWindowHelper: Current Display FreeFormTask is null
03-14 07:14:35.902 1533 3100 W FreeFormWindowHelper: Current Display FreeFormTask is null
03-14 07:14:35.903 1533 1561 W FreeFormWindowHelper: Current Display FreeFormTask is null
03-14 07:14:35.903 1533 1561 W FreeFormWindowHelper: Current Display FreeFormTask is null
03-14 07:14:36.227 1533 3100 I ActivityTaskManager: FOREGROUND_APPLICATION_CHANGED to com.android.launcher3.uioverrides.QuickstepLauncher
03-14 07:14:36.244 1533 2037 W FreeFormWindowHelper: Current Display FreeFormTask is null
03-14 07:14:36.245 1533 2037 W FreeFormWindowHelper: Current Display FreeFormTask is null
03-14 07:14:36.245 1533 2037 W FreeFormWindowHelper: Current Display FreeFormTask is null
03-14 07:14:36.316 1533 3100 W FreeFormWindowHelper: Current Display FreeFormTask is null
03-14 07:14:36.316 1533 3100 W FreeFormWindowHelper: Current Display FreeFormTask is null
03-14 07:14:36.346 1533 10210 W FreeFormWindowHelper: Current Display FreeFormTask is null
01-02 06:43:16.216 0 0 E DTC_ETH,link_delay_work_func: 3003, SQI=0, link=0
01-02 06:43:17.950 0 0 E msm_pcm_playback_close: CMD_EOS failed, cmd_pending 0x8
01-02 06:43:18.776 0 0 I msm_vidc: err : ffffffff: .....: DBLP Set: status 0
01-02 06:43:21.334 0 0 E DTC_ETH,link_delay_work_func: 3003, SQI=0, link=0
01-02 06:43:21.368 0 0 I msm_vidc: err : ffffffff: .....: DBLP Set: status 0
01-02 06:43:24.440 0 0 I msm_vidc: err : ffffffff: .....: DBLP Set: status 0
03-14 07:14:46.643 1533 10210 W ActivityManager: Background start not allowed: service Intent { cmp=com.ss.android.ugc.aweme/com.bytedance.common.wschannel.client.WsClientService } to com.ss.android.ugc.aweme/com.bytedance.common.wschannel.client.WsClientService from pid=26194 uid=10098 pkg=com.ss.android.ugc.aweme startFg?=false
01-02 06:43:26.454 0 0 E DTC_ETH,link_delay_work_func: 3003, SQI=0, link=0
01-02 06:43:27.449 0 0 I msm_vidc: err : ffffffff: .....: DBLP Set: status 0
01-02 06:43:28.190 0 0 E msm_pcm_playback_close: CMD_EOS failed, cmd_pending 0x8
01-02 06:43:30.073 0 0 I logd : logdr: UID=1000 GID=1000 PID=30428 n tail=127 logMask=19 pid=0 start=0ns deadline=0ns
01-02 06:43:30.197 0 0 I logd : logdr: UID=1000 GID=1000 PID=30431 n tail=127 logMask=80 pid=0 start=0ns deadline=0ns
03-14 07:14:51.094 831 831 E android.hardware.wifi@1.0-service: Failed to open directory: Permission denied
03-14 07:14:51.094 831 831 E android.hardware.wifi@1.0-service: Error occurred while deleting old tombstone files
03-14 07:14:51.094 831 831 E android.hardware.wifi@1.0-service: Error writing files to flash
01-02 06:43:30.488 0 0 I msm_vidc: err : ffffffff: .....: DBLP Set: status 0
01-02 06:43:31.575 0 0 E DTC_ETH,link_delay_work_func: 3003, SQI=0, link=0
01-02 06:43:32.516 0 0 E [wifi@1][0x36b8a62923][07:14:53.332449] wlan: [831:E:QDF] cds_flush_logs: 2424: Bug report already in progress - dropping! type:0, indicator=1 reason_code=0
01-02 06:43:32.516 0 0 E [wifi@1][0x36b8a62cab][07:14:53.332496] wlan: [831:E:HDD] __wlan_hdd_cfg80211_wifi_logger_get_ring_data: 9840: Failed to trigger bug report
01-02 06:43:32.544 0 0 I logd : logdr: UID=1000 GID=1000 PID=30440 n tail=127 logMask=19 pid=0 start=0ns deadline=0ns
01-02 06:43:32.661 0 0 I logd : logdr: UID=1000 GID=1000 PID=30446 n tail=127 logMask=80 pid=0 start=0ns deadline=0ns
03-14 07:14:53.563 831 831 E android.hardware.wifi@1.0-service: Failed to open directory: Permission denied
03-14 07:14:53.563 831 831 E android.hardware.wifi@1.0-service: Error occurred while deleting old tombstone files
03-14 07:14:53.563 831 831 E android.hardware.wifi@1.0-service: Error writing files to flash
01-02 06:43:36.694 0 0 E DTC_ETH,link_delay_work_func: 3003, SQI=0, link=0
01-02 06:43:38.430 0 0 E msm_pcm_playback_close: CMD_EOS failed, cmd_pending 0x8
01-02 06:43:41.784 0 0 I msm_vidc: err : ffffffff: .....: DBLP Set: status 0
01-02 06:43:41.814 0 0 E DTC_ETH,link_delay_work_func: 3003, SQI=0, link=0
01-02 06:43:46.934 0 0 E DTC_ETH,link_delay_work_func: 3003, SQI=0, link=0
01-02 06:43:52.054 0 0 E DTC_ETH,link_delay_work_func: 3003, SQI=0, link=0
03-14 07:15:17.723 1533 9755 W ActivityManager: Background start not allowed: service Intent { cmp=com.ss.android.ugc.aweme/com.bytedance.common.wschannel.client.WsClientService } to com.ss.android.ugc.aweme/com.bytedance.common.wschannel.client.WsClientService from pid=26194 uid=10098 pkg=com.ss.android.ugc.aweme startFg?=false
01-02 06:43:57.175 0 0 E DTC_ETH,link_delay_work_func: 3003, SQI=0, link=0
01-02 06:43:57.624 0 0 I msm_vidc: err : ffffffff: .....: DBLP Set: status 0
01-02 06:43:57.707 0 0 I logd : logdr: UID=1000 GID=1000 PID=30519 n tail=127 logMask=19 pid=0 start=0ns deadline=0ns
01-02 06:43:57.817 0 0 I logd : logdr: UID=1000 GID=1000 PID=30521 n tail=127 logMask=80 pid=0 start=0ns deadline=0ns
03-14 07:15:18.724 831 831 E android.hardware.wifi@1.0-service: Failed to open directory: Permission denied
03-14 07:15:18.724 831 831 E android.hardware.wifi@1.0-service: Error occurred while deleting old tombstone files
03-14 07:15:18.724 831 831 E android.hardware.wifi@1.0-service: Error writing files to flash
01-02 06:44:00.096 0 0 E [wifi@1][0x36d8362814][07:15:20.912168] wlan: [831:E:QDF] cds_flush_logs: 2424: Bug report already in progress - dropping! type:0, indicator=1 reason_code=0
01-02 06:44:00.096 0 0 E [wifi@1][0x36d8362b6f][07:15:20.912213] wlan: [831:E:HDD] __wlan_hdd_cfg80211_wifi_logger_get_ring_data: 9840: Failed to trigger bug report
01-02 06:44:00.120 0 0 I logd : logdr: UID=1000 GID=1000 PID=30523 n tail=127 logMask=19 pid=0 start=0ns deadline=0ns
01-02 06:44:00.234 0 0 I logd : logdr: UID=1000 GID=1000 PID=30528 n tail=127 logMask=80 pid=0 start=0ns deadline=0ns
03-14 07:15:21.143 831 831 E android.hardware.wifi@1.0-service: Failed to open directory: Permission denied
03-14 07:15:21.143 831 831 E android.hardware.wifi@1.0-service: Error occurred while deleting old tombstone files
03-14 07:15:21.143 831 831 E android.hardware.wifi@1.0-service: Error writing files to flash
01-02 06:44:02.294 0 0 E DTC_ETH,link_delay_work_func: 3003, SQI=0, link=0
01-02 06:44:02.458 0 0 I logd : logdr: UID=1000 GID=1000 PID=30533 n tail=127 logMask=19 pid=0 start=0ns deadline=0ns
01-02 06:44:02.571 0 0 I logd : logdr: UID=1000 GID=1000 PID=30535 n tail=127 logMask=80 pid=0 start=0ns deadline=0ns
03-14 07:15:23.482 831 831 E android.hardware.wifi@1.0-service: Failed to open directory: Permission denied
03-14 07:15:23.482 831 831 E android.hardware.wifi@1.0-service: Error occurred while deleting old tombstone files
03-14 07:15:23.482 831 831 E android.hardware.wifi@1.0-service: Error writing files to flash
01-02 06:44:03.640 0 0 I msm_vidc: err : ffffffff: .....: DBLP Set: status 0
01-02 06:44:05.212 0 0 E [wifi@1][0x36de1103ee][07:15:26.028273] wlan: [831:E:QDF] cds_flush_logs: 2424: Bug report already in progress - dropping! type:0, indicator=1 reason_code=0
01-02 06:44:05.212 0 0 E [wifi@1][0x36de1105f9][07:15:26.028300] wlan: [831:E:HDD] __wlan_hdd_cfg80211_wifi_logger_get_ring_data: 9840: Failed to trigger bug report
01-02 06:44:05.229 0 0 I logd : logdr: UID=1000 GID=1000 PID=30543 n tail=127 logMask=19 pid=0 start=0ns deadline=0ns
01-02 06:44:05.351 0 0 I logd : logdr: UID=1000 GID=1000 PID=30545 n tail=127 logMask=80 pid=0 start=0ns deadline=0ns
03-14 07:15:26.254 831 831 E android.hardware.wifi@1.0-service: Failed to open directory: Permission denied
03-14 07:15:26.254 831 831 E android.hardware.wifi@1.0-service: Error occurred while deleting old tombstone files
03-14 07:15:26.255 831 831 E android.hardware.wifi@1.0-service: Error writing files to flash
01-02 06:44:06.680 0 0 I msm_vidc: err : ffffffff: .....: DBLP Set: status 0
01-02 06:44:07.414 0 0 E DTC_ETH,link_delay_work_func: 3003, SQI=0, link=0
01-02 06:44:08.004 0 0 I logd : logdr: UID=1000 GID=1000 PID=30550 n tail=127 logMask=19 pid=0 start=0ns deadline=0ns
03-14 07:15:28.898 1533 1666 V DisplayPowerController[0]: Brightness [0.05] reason changing to: 'manual [ dim ]', previous reason: 'manual'.
03-14 07:15:28.899 1533 1666 W PowerManagerService: Screen on took 58171 ms
03-14 07:15:28.907 1533 1975 E DisplayDeviceConfig: requesting nits when no mapping exists.
03-14 07:15:28.907 1533 1975 E DisplayDeviceConfig: requesting nits when no mapping exists.
03-14 07:15:28.909 1533 1638 I DropBoxManagerService: add tag=system_server_wtf isTagEnabled=true flags=0x2
03-14 07:15:28.912 1533 1638 I DropBoxManagerService: add tag=system_server_wtf isTagEnabled=true flags=0x2
03-14 07:15:28.923 1533 1975 E DisplayDeviceConfig: requesting nits when no mapping exists.
03-14 07:15:28.923 1533 1975 E DisplayDeviceConfig: requesting nits when no mapping exists.
03-14 07:15:28.924 1533 1638 I DropBoxManagerService: add tag=system_server_wtf isTagEnabled=true flags=0x2
03-14 07:15:28.925 1533 1638 I DropBoxManagerService: add tag=system_server_wtf isTagEnabled=true flags=0x2
01-02 06:44:08.111 0 0 I logd : logdr: UID=1000 GID=1000 PID=30552 n tail=127 logMask=80 pid=0 start=0ns deadline=0ns
03-14 07:15:28.932 1533 1975 E DisplayDeviceConfig: requesting nits when no mapping exists.
03-14 07:15:28.932 1533 1975 E DisplayDeviceConfig: requesting nits when no mapping exists.
03-14 07:15:28.932 1533 1638 I DropBoxManagerService: add tag=system_server_wtf isTagEnabled=true flags=0x2
03-14 07:15:28.948 1533 1975 E DisplayDeviceConfig: requesting nits when no mapping exists.
03-14 07:15:28.949 1533 1975 E DisplayDeviceConfig: requesting nits when no mapping exists.
03-14 07:15:28.966 1533 1975 E DisplayDeviceConfig: requesting nits when no mapping exists.
03-14 07:15:28.966 1533 1975 E DisplayDeviceConfig: requesting nits when no mapping exists.
03-14 07:15:28.982 1533 1975 E DisplayDeviceConfig: requesting nits when no mapping exists.
03-14 07:15:28.982 1533 1975 E DisplayDeviceConfig: requesting nits when no mapping exists.
03-14 07:15:28.999 1533 1975 E DisplayDeviceConfig: requesting nits when no mapping exists.
03-14 07:15:28.999 1533 1975 E DisplayDeviceConfig: requesting nits when no mapping exists.
03-14 07:15:29.015 1533 1975 E DisplayDeviceConfig: requesting nits when no mapping exists.
03-14 07:15:29.016 1533 1975 E DisplayDeviceConfig: requesting nits when no mapping exists.
03-14 07:15:29.016 831 831 E android.hardware.wifi@1.0-service: Failed to open directory: Permission denied
03-14 07:15:29.017 831 831 E android.hardware.wifi@1.0-service: Error occurred while deleting old tombstone files
03-14 07:15:29.017 831 831 E android.hardware.wifi@1.0-service: Error writing files to flash
03-14 07:15:29.032 1533 1975 E DisplayDeviceConfig: requesting nits when no mapping exists.
03-14 07:15:29.033 1533 1975 E DisplayDeviceConfig: requesting nits when no mapping exists.
03-14 07:15:29.049 1533 1975 E DisplayDeviceConfig: requesting nits when no mapping exists.
03-14 07:15:29.050 1533 1975 E DisplayDeviceConfig: requesting nits when no mapping exists.
03-14 07:15:29.066 1533 1975 E DisplayDeviceConfig: requesting nits when no mapping exists.
03-14 07:15:29.067 1533 1975 E DisplayDeviceConfig: requesting nits when no mapping exists.
03-14 07:15:29.086 1533 1975 E DisplayDeviceConfig: requesting nits when no mapping exists.
03-14 07:15:29.087 1533 1975 E DisplayDeviceConfig: requesting nits when no mapping exists.
03-14 07:15:29.099 1533 1975 E DisplayDeviceConfig: requesting nits when no mapping exists.
03-14 07:15:29.100 1533 1975 E DisplayDeviceConfig: requesting nits when no mapping exists.
03-14 07:15:29.116 1533 1975 E DisplayDeviceConfig: requesting nits when no mapping exists.
03-14 07:15:29.116 1533 1975 E DisplayDeviceConfig: requesting nits when no mapping exists.
03-14 07:15:29.133 1533 1975 E DisplayDeviceConfig: requesting nits when no mapping exists.
03-14 07:15:29.133 1533 1975 E DisplayDeviceConfig: requesting nits when no mapping exists.
03-14 07:15:29.149 1533 1975 E DisplayDeviceConfig: requesting nits when no mapping exists.
03-14 07:15:29.150 1533 1975 E DisplayDeviceConfig: requesting nits when no mapping exists.
03-14 07:15:29.166 1533 1975 E DisplayDeviceConfig: requesting nits when no mapping exists.
03-14 07:15:29.166 1533 1975 E DisplayDeviceConfig: requesting nits when no mapping exists.
03-14 07:15:29.183 1533 1975 E DisplayDeviceConfig: requesting nits when no mapping exists.
03-14 07:15:29.183 1533 1975 E DisplayDeviceConfig: requesting nits when no mapping exists.
03-14 07:15:29.199 1533 1975 E DisplayDeviceConfig: requesting nits when no mapping exists.
03-14 07:15:29.200 1533 1975 E DisplayDeviceConfig: requesting nits when no mapping exists.
03-14 07:15:29.216 1533 1975 E DisplayDeviceConfig: requesting nits when no mapping exists.
03-14 07:15:29.218 1533 1975 E DisplayDeviceConfig: requesting nits when no mapping exists.
03-14 07:15:29.233 1533 1975 E DisplayDeviceConfig: requesting nits when no mapping exists.
03-14 07:15:29.233 1533 1975 E DisplayDeviceConfig: requesting nits when no mapping exists.
03-14 07:15:29.250 1533 1975 E DisplayDeviceConfig: requesting nits when no mapping exists.
03-14 07:15:29.251 1533 1975 E DisplayDeviceConfig: requesting nits when no mapping exists.
03-14 07:15:29.267 1533 1975 E DisplayDeviceConfig: requesting nits when no mapping exists.
03-14 07:15:29.267 1533 1975 E DisplayDeviceConfig: requesting nits when no mapping exists.
03-14 07:15:29.283 1533 1975 E DisplayDeviceConfig: requesting nits when no mapping exists.
03-14 07:15:29.283 1533 1975 E DisplayDeviceConfig: requesting nits when no mapping exists.
03-14 07:15:29.300 1533 1975 E DisplayDeviceConfig: requesting nits when no mapping exists.
03-14 07:15:29.301 1533 1975 E DisplayDeviceConfig: requesting nits when no mapping exists.
03-14 07:15:29.317 1533 1975 E DisplayDeviceConfig: requesting nits when no mapping exists.
03-14 07:15:29.317 1533 1975 E DisplayDeviceConfig: requesting nits when no mapping exists.
03-14 07:15:29.334 1533 1975 E DisplayDeviceConfig: requesting nits when no mapping exists.
03-14 07:15:29.334 1533 1975 E DisplayDeviceConfig: requesting nits when no mapping exists.
03-14 07:15:29.350 1533 1975 E DisplayDeviceConfig: requesting nits when no mapping exists.
03-14 07:15:29.351 1533 1975 E DisplayDeviceConfig: requesting nits when no mapping exists.
03-14 07:15:29.367 1533 1975 E DisplayDeviceConfig: requesting nits when no mapping exists.
03-14 07:15:29.367 1533 1975 E DisplayDeviceConfig: requesting nits when no mapping exists.
03-14 07:15:29.383 1533 1975 E DisplayDeviceConfig: requesting nits when no mapping exists.
03-14 07:15:29.384 1533 1975 E DisplayDeviceConfig: requesting nits when no mapping exists.
03-14 07:15:29.400 1533 1975 E DisplayDeviceConfig: requesting nits when no mapping exists.
03-14 07:15:29.401 1533 1975 E DisplayDeviceConfig: requesting nits when no mapping exists.
03-14 07:15:29.417 1533 1975 E DisplayDeviceConfig: requesting nits when no mapping exists.
03-14 07:15:29.417 1533 1975 E DisplayDeviceConfig: requesting nits when no mapping exists.
03-14 07:15:29.433 1533 1975 E DisplayDeviceConfig: requesting nits when no mapping exists.
03-14 07:15:29.434 1533 1975 E DisplayDeviceConfig: requesting nits when no mapping exists.
03-14 07:15:29.450 1533 1975 E DisplayDeviceConfig: requesting nits when no mapping exists.
03-14 07:15:29.451 1533 1975 E DisplayDeviceConfig: requesting nits when no mapping exists.
03-14 07:15:29.467 1533 1975 E DisplayDeviceConfig: requesting nits when no mapping exists.
03-14 07:15:29.467 1533 1975 E DisplayDeviceConfig: requesting nits when no mapping exists.
03-14 07:15:29.483 1533 1975 E DisplayDeviceConfig: requesting nits when no mapping exists.
03-14 07:15:29.484 1533 1975 E DisplayDeviceConfig: requesting nits when no mapping exists.
03-14 07:15:29.500 1533 1975 E DisplayDeviceConfig: requesting nits when no mapping exists.
03-14 07:15:29.502 1533 1975 E DisplayDeviceConfig: requesting nits when no mapping exists.
03-14 07:15:29.517 1533 1975 E DisplayDeviceConfig: requesting nits when no mapping exists.
03-14 07:15:29.517 1533 1975 E DisplayDeviceConfig: requesting nits when no mapping exists.
03-14 07:15:29.533 1533 1975 E DisplayDeviceConfig: requesting nits when no mapping exists.
03-14 07:15:29.534 1533 1975 E DisplayDeviceConfig: requesting nits when no mapping exists.
03-14 07:15:29.551 1533 1975 E DisplayDeviceConfig: requesting nits when no mapping exists.
03-14 07:15:29.551 1533 1975 E DisplayDeviceConfig: requesting nits when no mapping exists.
03-14 07:15:29.567 1533 1975 E DisplayDeviceConfig: requesting nits when no mapping exists.
03-14 07:15:29.567 1533 1975 E DisplayDeviceConfig: requesting nits when no mapping exists.
03-14 07:15:29.584 1533 1975 E DisplayDeviceConfig: requesting nits when no mapping exists.
03-14 07:15:29.584 1533 1975 E DisplayDeviceConfig: requesting nits when no mapping exists.
03-14 07:15:29.600 1533 1975 E DisplayDeviceConfig: requesting nits when no mapping exists.
03-14 07:15:29.601 1533 1975 E DisplayDeviceConfig: requesting nits when no mapping exists.
03-14 07:15:29.617 1533 1975 E DisplayDeviceConfig: requesting nits when no mapping exists.
03-14 07:15:29.618 1533 1975 E DisplayDeviceConfig: requesting nits when no mapping exists.
03-14 07:15:29.634 1533 1975 E DisplayDeviceConfig: requesting nits when no mapping exists.
03-14 07:15:29.635 1533 1975 E DisplayDeviceConfig: requesting nits when no mapping exists.
03-14 07:15:29.651 1533 1975 E DisplayDeviceConfig: requesting nits when no mapping exists.
03-14 07:15:29.651 1533 1975 E DisplayDeviceConfig: requesting nits when no mapping exists.
03-14 07:15:29.667 1533 1975 E DisplayDeviceConfig: requesting nits when no mapping exists.
03-14 07:15:29.668 1533 1975 E DisplayDeviceConfig: requesting nits when no mapping exists.
03-14 07:15:29.684 1533 1975 E DisplayDeviceConfig: requesting nits when no mapping exists.
03-14 07:15:29.684 1533 1975 E DisplayDeviceConfig: requesting nits when no mapping exists.
03-14 07:15:29.701 1533 1975 E DisplayDeviceConfig: requesting nits when no mapping exists.
03-14 07:15:29.702 1533 1975 E DisplayDeviceConfig: requesting nits when no mapping exists.
03-14 07:15:29.718 1533 1975 E DisplayDeviceConfig: requesting nits when no mapping exists.
03-14 07:15:29.718 1533 1975 E DisplayDeviceConfig: requesting nits when no mapping exists.
03-14 07:15:29.734 1533 1975 E DisplayDeviceConfig: requesting nits when no mapping exists.
03-14 07:15:29.735 1533 1975 E DisplayDeviceConfig: requesting nits when no mapping exists.
03-14 07:15:29.751 1533 1975 E DisplayDeviceConfig: requesting nits when no mapping exists.
03-14 07:15:29.751 1533 1975 E DisplayDeviceConfig: requesting nits when no mapping exists.
03-14 07:15:29.767 1533 1975 E DisplayDeviceConfig: requesting nits when no mapping exists.
03-14 07:15:29.769 1533 1975 E DisplayDeviceConfig: requesting nits when no mapping exists.
03-14 07:15:29.784 1533 1975 E DisplayDeviceConfig: requesting nits when no mapping exists.
03-14 07:15:29.785 1533 1975 E DisplayDeviceConfig: requesting nits when no mapping exists.
03-14 07:15:29.801 1533 1975 E DisplayDeviceConfig: requesting nits when no mapping exists.
03-14 07:15:29.802 1533 1975 E DisplayDeviceConfig: requesting nits when no mapping exists.
03-14 07:15:29.817 1533 1975 E DisplayDeviceConfig: requesting nits when no mapping exists.
03-14 07:15:29.819 1533 1975 E DisplayDeviceConfig: requesting nits when no mapping exists.
03-14 07:15:29.835 1533 1975 E DisplayDeviceConfig: requesting nits when no mapping exists.
03-14 07:15:29.836 1533 1975 E DisplayDeviceConfig: requesting nits when no mapping exists.
03-14 07:15:29.851 1533 1975 E DisplayDeviceConfig: requesting nits when no mapping exists.
03-14 07:15:29.852 1533 1975 E DisplayDeviceConfig: requesting nits when no mapping exists.
03-14 07:15:30.991 1533 1666 V DisplayPowerController[0]: Brightness [1.0] reason changing to: 'manual', previous reason: 'manual [ dim ]'.
03-14 07:15:31.004 1533 1975 E DisplayDeviceConfig: requesting nits when no mapping exists.
03-14 07:15:31.005 1533 1975 E DisplayDeviceConfig: requesting nits when no mapping exists.
03-14 07:15:31.020 1533 1975 E DisplayDeviceConfig: requesting nits when no mapping exists.
03-14 07:15:31.021 1533 1975 E DisplayDeviceConfig: requesting nits when no mapping exists.
03-14 07:15:31.037 1533 1975 E DisplayDeviceConfig: requesting nits when no mapping exists.
03-14 07:15:31.037 1533 1975 E DisplayDeviceConfig: requesting nits when no mapping exists.
03-14 07:15:31.054 1533 1975 E DisplayDeviceConfig: requesting nits when no mapping exists.
03-14 07:15:31.057 1533 1975 E DisplayDeviceConfig: requesting nits when no mapping exists.
03-14 07:15:31.071 1533 1975 E DisplayDeviceConfig: requesting nits when no mapping exists.
03-14 07:15:31.071 1533 1975 E DisplayDeviceConfig: requesting nits when no mapping exists.
03-14 07:15:31.087 1533 1975 E DisplayDeviceConfig: requesting nits when no mapping exists.
03-14 07:15:31.088 1533 1975 E DisplayDeviceConfig: requesting nits when no mapping exists.
03-14 07:15:31.105 1533 1975 E DisplayDeviceConfig: requesting nits when no mapping exists.
03-14 07:15:31.106 1533 1975 E DisplayDeviceConfig: requesting nits when no mapping exists.
03-14 07:15:31.125 1533 1975 E DisplayDeviceConfig: requesting nits when no mapping exists.
03-14 07:15:31.125 1533 1975 E DisplayDeviceConfig: requesting nits when no mapping exists.
03-14 07:15:31.137 1533 1975 E DisplayDeviceConfig: requesting nits when no mapping exists.
03-14 07:15:31.138 1533 1975 E DisplayDeviceConfig: requesting nits when no mapping exists.
03-14 07:15:31.154 1533 1975 E DisplayDeviceConfig: requesting nits when no mapping exists.
03-14 07:15:31.154 1533 1975 E DisplayDeviceConfig: requesting nits when no mapping exists.
03-14 07:15:31.171 1533 1975 E DisplayDeviceConfig: requesting nits when no mapping exists.
03-14 07:15:31.172 1533 1975 E DisplayDeviceConfig: requesting nits when no mapping exists.
03-14 07:15:31.188 1533 1975 E DisplayDeviceConfig: requesting nits when no mapping exists.
03-14 07:15:31.188 1533 1975 E DisplayDeviceConfig: requesting nits when no mapping exists.
03-14 07:15:31.204 1533 1975 E DisplayDeviceConfig: requesting nits when no mapping exists.
03-14 07:15:31.205 1533 1975 E DisplayDeviceConfig: requesting nits when no mapping exists.
03-14 07:15:31.221 1533 1975 E DisplayDeviceConfig: requesting nits when no mapping exists.
03-14 07:15:31.222 1533 1975 E DisplayDeviceConfig: requesting nits when no mapping exists.
03-14 07:15:31.238 1533 1975 E DisplayDeviceConfig: requesting nits when no mapping exists.
03-14 07:15:31.238 1533 1975 E DisplayDeviceConfig: requesting nits when no mapping exists.
03-14 07:15:31.255 1533 1975 E DisplayDeviceConfig: requesting nits when no mapping exists.
03-14 07:15:31.255 1533 1975 E DisplayDeviceConfig: requesting nits when no mapping exists.
03-14 07:15:31.271 1533 1975 E DisplayDeviceConfig: requesting nits when no mapping exists.
03-14 07:15:31.272 1533 1975 E DisplayDeviceConfig: requesting nits when no mapping exists.
03-14 07:15:31.288 1533 1975 E DisplayDeviceConfig: requesting nits when no mapping exists.
03-14 07:15:31.288 1533 1975 E DisplayDeviceConfig: requesting nits when no mapping exists.
03-14 07:15:31.304 1533 1975 E DisplayDeviceConfig: requesting nits when no mapping exists.
03-14 07:15:31.305 1533 1975 E DisplayDeviceConfig: requesting nits when no mapping exists.
01-02 06:44:10.487 0 0 D cnss : Host time = 12278914660 us, device time = 11713059250 us, offset = 565855410 us
01-02 06:44:10.487 0 0 D cnss : Updated time sync regs [0x984] = 0x21ba44b2, [0x988] = 0x0
03-14 07:15:31.321 1533 1975 E DisplayDeviceConfig: requesting nits when no mapping exists.
03-14 07:15:31.322 1533 1975 E DisplayDeviceConfig: requesting nits when no mapping exists.
03-14 07:15:31.338 1533 1975 E DisplayDeviceConfig: requesting nits when no mapping exists.
03-14 07:15:31.338 1533 1975 E DisplayDeviceConfig: requesting nits when no mapping exists.
03-14 07:15:31.354 1533 1975 E DisplayDeviceConfig: requesting nits when no mapping exists.
03-14 07:15:31.355 1533 1975 E DisplayDeviceConfig: requesting nits when no mapping exists.
03-14 07:15:31.371 1533 1975 E DisplayDeviceConfig: requesting nits when no mapping exists.
03-14 07:15:31.372 1533 1975 E DisplayDeviceConfig: requesting nits when no mapping exists.
03-14 07:15:31.388 1533 1975 E DisplayDeviceConfig: requesting nits when no mapping exists.
03-14 07:15:31.388 1533 1975 E DisplayDeviceConfig: requesting nits when no mapping exists.
03-14 07:15:31.405 1533 1975 E DisplayDeviceConfig: requesting nits when no mapping exists.
03-14 07:15:31.405 1533 1975 E DisplayDeviceConfig: requesting nits when no mapping exists.
03-14 07:15:31.421 1533 1975 E DisplayDeviceConfig: requesting nits when no mapping exists.
03-14 07:15:31.422 1533 1975 E DisplayDeviceConfig: requesting nits when no mapping exists.
03-14 07:15:31.438 1533 1975 E DisplayDeviceConfig: requesting nits when no mapping exists.
03-14 07:15:31.439 1533 1975 E DisplayDeviceConfig: requesting nits when no mapping exists.
03-14 07:15:31.455 1533 1975 E DisplayDeviceConfig: requesting nits when no mapping exists.
03-14 07:15:31.456 1533 1975 E DisplayDeviceConfig: requesting nits when no mapping exists.
03-14 07:15:31.472 1533 1975 E DisplayDeviceConfig: requesting nits when no mapping exists.
03-14 07:15:31.472 1533 1975 E DisplayDeviceConfig: requesting nits when no mapping exists.
03-14 07:15:31.488 1533 1975 E DisplayDeviceConfig: requesting nits when no mapping exists.
03-14 07:15:31.489 1533 1975 E DisplayDeviceConfig: requesting nits when no mapping exists.
03-14 07:15:31.505 1533 1975 E DisplayDeviceConfig: requesting nits when no mapping exists.
03-14 07:15:31.506 1533 1975 E DisplayDeviceConfig: requesting nits when no mapping exists.
03-14 07:15:31.522 1533 1975 E DisplayDeviceConfig: requesting nits when no mapping exists.
03-14 07:15:31.523 1533 1975 E DisplayDeviceConfig: requesting nits when no mapping exists.
03-14 07:15:31.539 1533 1975 E DisplayDeviceConfig: requesting nits when no mapping exists.
03-14 07:15:31.539 1533 1975 E DisplayDeviceConfig: requesting nits when no mapping exists.
03-14 07:15:31.555 1533 1975 E DisplayDeviceConfig: requesting nits when no mapping exists.
03-14 07:15:31.556 1533 1975 E DisplayDeviceConfig: requesting nits when no mapping exists.
03-14 07:15:31.572 1533 1975 E DisplayDeviceConfig: requesting nits when no mapping exists.
03-14 07:15:31.572 1533 1975 E DisplayDeviceConfig: requesting nits when no mapping exists.
03-14 07:15:31.589 1533 1975 E DisplayDeviceConfig: requesting nits when no mapping exists.
03-14 07:15:31.589 1533 1975 E DisplayDeviceConfig: requesting nits when no mapping exists.
03-14 07:15:31.605 1533 1975 E DisplayDeviceConfig: requesting nits when no mapping exists.
03-14 07:15:31.606 1533 1975 E DisplayDeviceConfig: requesting nits when no mapping exists.
03-14 07:15:31.622 1533 1975 E DisplayDeviceConfig: requesting nits when no mapping exists.
03-14 07:15:31.622 1533 1975 E DisplayDeviceConfig: requesting nits when no mapping exists.
03-14 07:15:31.639 1533 1975 E DisplayDeviceConfig: requesting nits when no mapping exists.
03-14 07:15:31.639 1533 1975 E DisplayDeviceConfig: requesting nits when no mapping exists.
03-14 07:15:31.655 1533 1975 E DisplayDeviceConfig: requesting nits when no mapping exists.
03-14 07:15:31.656 1533 1975 E DisplayDeviceConfig: requesting nits when no mapping exists.
03-14 07:15:31.672 1533 1975 E DisplayDeviceConfig: requesting nits when no mapping exists.
03-14 07:15:31.673 1533 1975 E DisplayDeviceConfig: requesting nits when no mapping exists.
03-14 07:15:31.689 1533 1975 E DisplayDeviceConfig: requesting nits when no mapping exists.
03-14 07:15:31.689 1533 1975 E DisplayDeviceConfig: requesting nits when no mapping exists.
03-14 07:15:31.706 1533 1975 E DisplayDeviceConfig: requesting nits when no mapping exists.
03-14 07:15:31.707 1533 1975 E DisplayDeviceConfig: requesting nits when no mapping exists.
03-14 07:15:31.723 1533 1975 E DisplayDeviceConfig: requesting nits when no mapping exists.
03-14 07:15:31.724 1533 1975 E DisplayDeviceConfig: requesting nits when no mapping exists.
03-14 07:15:31.739 1533 1975 E DisplayDeviceConfig: requesting nits when no mapping exists.
03-14 07:15:31.739 1533 1975 E DisplayDeviceConfig: requesting nits when no mapping exists.
03-14 07:15:31.756 1533 1975 E DisplayDeviceConfig: requesting nits when no mapping exists.
03-14 07:15:31.756 1533 1975 E DisplayDeviceConfig: requesting nits when no mapping exists.
03-14 07:15:31.773 1533 1975 E DisplayDeviceConfig: requesting nits when no mapping exists.
03-14 07:15:31.773 1533 1975 E DisplayDeviceConfig: requesting nits when no mapping exists.
03-14 07:15:31.789 1533 1975 E DisplayDeviceConfig: requesting nits when no mapping exists.
03-14 07:15:31.789 1533 1975 E DisplayDeviceConfig: requesting nits when no mapping exists.
03-14 07:15:31.806 1533 1975 E DisplayDeviceConfig: requesting nits when no mapping exists.
03-14 07:15:31.806 1533 1975 E DisplayDeviceConfig: requesting nits when no mapping exists.
03-14 07:15:31.822 1533 1975 E DisplayDeviceConfig: requesting nits when no mapping exists.
03-14 07:15:31.823 1533 1975 E DisplayDeviceConfig: requesting nits when no mapping exists.
03-14 07:15:31.839 1533 1975 E DisplayDeviceConfig: requesting nits when no mapping exists.
03-14 07:15:31.839 1533 1975 E DisplayDeviceConfig: requesting nits when no mapping exists.
03-14 07:15:31.855 1533 1975 E DisplayDeviceConfig: requesting nits when no mapping exists.
03-14 07:15:31.856 1533 1975 E DisplayDeviceConfig: requesting nits when no mapping exists.
03-14 07:15:31.873 1533 1975 E DisplayDeviceConfig: requesting nits when no mapping exists.
03-14 07:15:31.873 1533 1975 E DisplayDeviceConfig: requesting nits when no mapping exists.
03-14 07:15:31.889 1533 1975 E DisplayDeviceConfig: requesting nits when no mapping exists.
03-14 07:15:31.890 1533 1975 E DisplayDeviceConfig: requesting nits when no mapping exists.
03-14 07:15:31.906 1533 1975 E DisplayDeviceConfig: requesting nits when no mapping exists.
03-14 07:15:31.907 1533 1975 E DisplayDeviceConfig: requesting nits when no mapping exists.
03-14 07:15:31.923 1533 1975 E DisplayDeviceConfig: requesting nits when no mapping exists.
03-14 07:15:31.924 1533 1975 E DisplayDeviceConfig: requesting nits when no mapping exists.
03-14 07:15:31.939 1533 1975 E DisplayDeviceConfig: requesting nits when no mapping exists.
03-14 07:15:31.940 1533 1975 E DisplayDeviceConfig: requesting nits when no mapping exists.
03-14 07:15:32.175 1533 9235 I ActivityTaskManager: FOREGROUND_APPLICATION_CHANGED to com.tencent.tmgp.sgame.SGameActivity
01-02 06:44:11.410 0 0 W ALERT : changing window size from 16000000 to 20000000 at 12277628064898
01-02 06:44:11.429 0 0 I : [MAX975X:max96755x_drm_notifier_callback] *INFO* receives EARLY_BLANK:UNBLANK
01-02 06:44:11.429 0 0 I atmel_mxt_ts 0-004a: FB event:2,blank:0
01-02 06:44:11.429 0 0 I atmel_mxt_ts 0-004a: suspend: event = 2, blank = 0, not care
01-02 06:44:11.429 0 0 I [drm:dsi_display_set_mode] [msm-dsi-info]: mdp_transfer_time_us=0 us
01-02 06:44:11.429 0 0 I [drm:dsi_display_set_mode] [msm-dsi-info]: hactive= 2560,vactive= 1080,fps=30
01-02 06:44:11.429 0 0 I : [MAX975X:max96755x_drm_notifier_callback] *INFO* receives BLANK:UNBLANK
01-02 06:44:11.430 0 0 W ALERT : changing window size from 20000000 to 8000000 at 12277648025575
03-14 07:15:32.219 2101 3642 W ContextImpl: Calling a method in the system process without a qualified user: android.app.ContextImpl.startService:1816 android.content.ContextWrapper.startService:774 com.thundercomm.gamemode.ingame.services.GameModeActionUtils.startGameModeService:118 com.thundercomm.gamemode.ingame.services.GameModeActionUtils.startGameModeEntry:29 com.thundercomm.gamemode.ingame.services.ActivityMonitoringService$1.onActivityLaunch:140
03-14 07:15:32.228 1533 1533 I GameModeConfig: Current uri is uri = content://com.thundercomm.gamemode.api/gamemode_settings/gamemode_isgaming
03-14 07:15:32.229 1533 1533 I GameModeConfig: isGameModeOn = true
03-14 07:15:32.229 1533 1533 I GameModeConfig: isGaming = true
03-14 07:15:32.229 1533 1533 I GameModeConfig: isDisableNotification = true
03-14 07:15:32.229 1533 1533 I GameModeConfig: isGameModeOn = true
03-14 07:15:32.229 1533 1533 I GameModeConfig: isGaming = true
03-14 07:15:32.229 1533 1533 I GameModeConfig: isDisableNotification = true
03-14 07:15:32.259 1533 1622 I DisplayDeviceRepository: Display device changed: DisplayDeviceInfo{"内置屏幕": uniqueId="local:4630946816427681409", 2560 x 1080, modeId 3, defaultModeId 1, supportedModes [{id=1, width=2560, height=1080, fps=60.000004, alternativeRefreshRates=[30.000002, 45.0]}, {id=2, width=2560, height=1080, fps=45.0, alternativeRefreshRates=[30.000002, 60.000004]}, {id=3, width=2560, height=1080, fps=30.000002, alternativeRefreshRates=[45.0, 60.000004]}], colorMode 0, supportedColorModes [0], hdrCapabilities HdrCapabilities{mSupportedHdrTypes=[2, 3, 4], mMaxLuminance=500.0, mMaxAverageLuminance=500.0, mMinLuminance=0.0}, allmSupported false, gameContentTypeSupported false, density 240, 320.315 x 318.976 dpi, appVsyncOff 1000000, presDeadline 33333333, touch INTERNAL, rotation 0, type INTERNAL, address {port=129, model=0x40446d97fee5e6}, deviceProductInfo DeviceProductInfo{name=, manufacturerPnpId=QCM, productId=1, modelYear=null, manufactureDate=ManufactureDate{week=27, year=2006}, connectionToSinkType=0}, state ON, frameRateOverride , brightnessMinimum 0.0, brightnessMaximum 1.0, brightnessDefault 1.0, FLAG_DEFAULT_DISPLAY, FLAG_ROTATES_WITH_CONTENT, FLAG_SECURE, FLAG_SUPPORTS_PROTECTED_BUFFERS}
01-02 06:44:11.464 0 0 I logd : logdr: UID=1000 GID=1000 PID=30578 n tail=127 logMask=19 pid=0 start=0ns deadline=0ns
03-14 07:15:32.282 1533 5220 W FreeFormWindowHelper: Current Display FreeFormTask is null
01-02 06:44:11.575 0 0 I logd : logdr: UID=1000 GID=1000 PID=30583 n tail=127 logMask=80 pid=0 start=0ns deadline=0ns
01-02 06:44:11.651 0 0 I atmel_mxt_ts 0-004a: FB event:1,blank:0
01-02 06:44:11.651 0 0 I atmel_mxt_ts 0-004a: drm_notifier_callback: UNBLANK! Resume by drm notifier.
03-14 07:15:32.488 831 831 E android.hardware.wifi@1.0-service: Failed to open directory: Permission denied
03-14 07:15:32.488 831 831 E android.hardware.wifi@1.0-service: Error occurred while deleting old tombstone files
03-14 07:15:32.488 831 831 E android.hardware.wifi@1.0-service: Error writing files to flash
03-14 07:15:32.638 1533 1707 W FreeFormWindowHelper: exitRecentTasks type=0
01-02 06:44:12.534 0 0 E DTC_ETH,link_delay_work_func: 3003, SQI=0, link=0
03-14 07:15:34.470 1533 1707 W FreeFormWindowHelper: Current Display FreeFormTask is null
03-14 07:15:34.471 1533 1707 W FreeFormWindowHelper: Current Display FreeFormTask is null
03-14 07:15:34.516 1533 2037 W FreeFormWindowHelper: Current Display FreeFormTask is null
03-14 07:15:34.516 1533 2037 W FreeFormWindowHelper: Current Display FreeFormTask is null
03-14 07:15:34.516 1533 2037 W FreeFormWindowHelper: Current Display FreeFormTask is null
03-14 07:15:34.526 1533 2037 W FreeFormWindowHelper: Current Display FreeFormTask is null
03-14 07:15:34.527 1533 5348 W FreeFormWindowHelper: Current Display FreeFormTask is null
03-14 07:15:34.543 1533 5348 W ActivityTaskManager: getTaskSnapshot: taskId=-209 not found
03-14 07:15:34.544 1533 5348 W ActivityTaskManager: getTaskSnapshot: taskId=-209 not found
03-14 07:15:34.557 1533 1707 W FreeFormWindowHelper: Current Display FreeFormTask is null
03-14 07:15:34.557 1533 1707 W FreeFormWindowHelper: Current Display FreeFormTask is null
03-14 07:15:34.582 1533 1707 W FreeFormWindowHelper: Current Display FreeFormTask is null
03-14 07:15:34.582 1533 1707 W FreeFormWindowHelper: Current Display FreeFormTask is null
03-14 07:15:34.844 1533 1707 W FreeFormWindowHelper: Current Display FreeFormTask is null
03-14 07:15:34.844 1533 1707 W FreeFormWindowHelper: Current Display FreeFormTask is null
03-14 07:15:34.844 1533 1707 W FreeFormWindowHelper: Current Display FreeFormTask is null
03-14 07:15:35.189 1533 1707 I ActivityTaskManager: FOREGROUND_APPLICATION_CHANGED to com.android.launcher3.uioverrides.QuickstepLauncher
03-14 07:15:35.197 1533 5348 W FreeFormWindowHelper: Current Display FreeFormTask is null
03-14 07:15:35.197 1533 5348 W FreeFormWindowHelper: Current Display FreeFormTask is null
03-14 07:15:35.198 1533 1707 W FreeFormWindowHelper: Current Display FreeFormTask is null
03-14 07:15:35.249 1533 2037 W FreeFormWindowHelper: Current Display FreeFormTask is null
03-14 07:15:35.249 1533 2037 W FreeFormWindowHelper: Current Display FreeFormTask is null
03-14 07:15:35.299 1533 2514 W FreeFormWindowHelper: Current Display FreeFormTask is null
03-14 07:15:35.307 2101 3642 W ContextImpl: Calling a method in the system process without a qualified user: android.app.ContextImpl.startService:1816 android.content.ContextWrapper.startService:774 com.thundercomm.gamemode.ingame.services.GameModeActionUtils.startGameModeService:118 com.thundercomm.gamemode.ingame.services.GameModeActionUtils.startGameModeEntry:29 com.thundercomm.gamemode.ingame.services.ActivityMonitoringService$1.onActivityLaunch:140
01-02 06:44:14.494 0 0 W ALERT : changing window size from 8000000 to 16000000 at 12280712052240
03-14 07:15:35.310 1533 1533 I GameModeConfig: Current uri is uri = content://com.thundercomm.gamemode.api/gamemode_settings/gamemode_isgaming
03-14 07:15:35.319 1533 1533 I GameModeConfig: isGameModeOn = true
03-14 07:15:35.319 1533 1533 I GameModeConfig: isGaming = false
03-14 07:15:35.319 1533 1533 I GameModeConfig: isGameModeOn = true
03-14 07:15:35.319 1533 1533 I GameModeConfig: isGaming = false
03-14 07:15:35.319 1533 1533 I GameModeConfig: isDisableVoice = true
01-02 06:44:14.525 0 0 I : [MAX975X:max96755x_drm_notifier_callback] *INFO* receives EARLY_BLANK:UNBLANK
01-02 06:44:14.525 0 0 I atmel_mxt_ts 0-004a: FB event:2,blank:0
01-02 06:44:14.525 0 0 I atmel_mxt_ts 0-004a: suspend: event = 2, blank = 0, not care
01-02 06:44:14.525 0 0 I [drm:dsi_display_set_mode] [msm-dsi-info]: mdp_transfer_time_us=0 us
01-02 06:44:14.525 0 0 I [drm:dsi_display_set_mode] [msm-dsi-info]: hactive= 2560,vactive= 1080,fps=60
01-02 06:44:14.525 0 0 I : [MAX975X:max96755x_drm_notifier_callback] *INFO* receives BLANK:UNBLANK
03-14 07:15:35.366 1533 1622 I DisplayDeviceRepository: Display device changed: DisplayDeviceInfo{"内置屏幕": uniqueId="local:4630946816427681409", 2560 x 1080, modeId 1, defaultModeId 1, supportedModes [{id=1, width=2560, height=1080, fps=60.000004, alternativeRefreshRates=[30.000002, 45.0]}, {id=2, width=2560, height=1080, fps=45.0, alternativeRefreshRates=[30.000002, 60.000004]}, {id=3, width=2560, height=1080, fps=30.000002, alternativeRefreshRates=[45.0, 60.000004]}], colorMode 0, supportedColorModes [0], hdrCapabilities HdrCapabilities{mSupportedHdrTypes=[2, 3, 4], mMaxLuminance=500.0, mMaxAverageLuminance=500.0, mMinLuminance=0.0}, allmSupported false, gameContentTypeSupported false, density 240, 320.315 x 318.976 dpi, appVsyncOff 1000000, presDeadline 16666666, touch INTERNAL, rotation 0, type INTERNAL, address {port=129, model=0x40446d97fee5e6}, deviceProductInfo DeviceProductInfo{name=, manufacturerPnpId=QCM, productId=1, modelYear=null, manufactureDate=ManufactureDate{week=27, year=2006}, connectionToSinkType=0}, state ON, frameRateOverride , brightnessMinimum 0.0, brightnessMaximum 1.0, brightnessDefault 1.0, FLAG_DEFAULT_DISPLAY, FLAG_ROTATES_WITH_CONTENT, FLAG_SECURE, FLAG_SUPPORTS_PROTECTED_BUFFERS}
01-02 06:44:14.707 0 0 I atmel_mxt_ts 0-004a: FB event:1,blank:0
01-02 06:44:14.707 0 0 I atmel_mxt_ts 0-004a: drm_notifier_callback: UNBLANK! Resume by drm notifier.
03-14 07:15:36.232 1533 12433 W ActivityManager: Background start not allowed: service Intent { cmp=com.ss.android.ugc.aweme/com.bytedance.common.wschannel.client.WsClientService } to com.ss.android.ugc.aweme/com.bytedance.common.wschannel.client.WsClientService from pid=26194 uid=10098 pkg=com.ss.android.ugc.aweme startFg?=false
03-14 07:15:36.253 1533 1638 W ActivityManager: Stopping service due to app idle: u0a99 -1m1s286ms com.qiyi.video/com.q.m.QS
03-14 07:15:36.650 1533 12433 I ActivityTaskManager: FOREGROUND_APPLICATION_CHANGED to org.qiyi.android.video.MainActivity
03-14 07:15:36.706 1533 1707 W ActivityManager: Receiver with filter android.content.IntentFilter@d746de3 already registered for pid 26446, callerPackage is com.qiyi.video
03-14 07:15:36.760 1533 2037 W FreeFormWindowHelper: Current Display FreeFormTask is null
03-14 07:15:37.062 1533 2514 W FreeFormWindowHelper: exitRecentTasks type=0
03-14 07:15:37.158 1533 2037 E PackageDexUsage: Unsupported context?
03-14 07:15:37.185 1533 1707 W FreeFormWindowHelper: Current Display FreeFormTask is null
03-14 07:15:37.188 1533 1707 W FreeFormWindowHelper: Current Display FreeFormTask is null
03-14 07:15:37.204 1533 2514 W FreeFormWindowHelper: Current Display FreeFormTask is null
03-14 07:15:37.205 1533 2514 W FreeFormWindowHelper: Current Display FreeFormTask is null
03-14 07:15:37.205 1533 2037 W FreeFormWindowHelper: Current Display FreeFormTask is null
03-14 07:15:37.220 1533 2037 E PackageDexUsage: Unsupported context?
03-14 07:15:37.228 1533 1707 W FreeFormWindowHelper: Current Display FreeFormTask is null
03-14 07:15:37.228 1533 1707 W FreeFormWindowHelper: Current Display FreeFormTask is null
03-14 07:15:37.231 1533 2514 W ActivityTaskManager: getTaskSnapshot: taskId=-547 not found
03-14 07:15:37.236 1533 11081 W ActivityTaskManager: getTaskSnapshot: taskId=-546 not found
03-14 07:15:37.238 1533 12433 W FreeFormWindowHelper: Current Display FreeFormTask is null
03-14 07:15:37.238 1533 2514 W FreeFormWindowHelper: Current Display FreeFormTask is null
03-14 07:15:37.254 1533 2514 W FreeFormWindowHelper: Current Display FreeFormTask is null
03-14 07:15:37.254 1533 2514 W FreeFormWindowHelper: Current Display FreeFormTask is null
03-14 07:15:37.261 1533 11081 W FreeFormWindowHelper: Current Display FreeFormTask is null
