03-14 07:08:50.840 1533 3100 W FreeFormWindowHelper: Current Display FreeFormTask is null
03-14 07:08:50.840 1533 3100 W FreeFormWindowHelper: Current Display FreeFormTask is null
03-14 07:08:50.847 1533 5857 W ActivityTaskManager: getTaskSnapshot: taskId=-897 not found
03-14 07:08:50.850 1533 12433 W ActivityTaskManager: getTaskSnapshot: taskId=-897 not found
03-14 07:08:50.850 1533 12433 W ActivityTaskManager: getTaskSnapshot: taskId=-897 not found
03-14 07:08:50.851 1533 3100 W ActivityTaskManager: getTaskSnapshot: taskId=-897 not found
03-14 07:08:50.851 1533 3100 W FreeFormWindowHelper: Current Display FreeFormTask is null
03-14 07:08:50.851 1533 3100 W FreeFormWindowHelper: Current Display FreeFormTask is null
03-14 07:08:50.852 1533 12433 W FreeFormWindowHelper: Current Display FreeFormTask is null
03-14 07:08:50.852 1533 3100 W FreeFormWindowHelper: Current Display FreeFormTask is null
03-14 07:08:50.853 1533 3100 W ActivityTaskManager: getTaskSnapshot: taskId=-884 not found
03-14 07:08:50.854 1533 3100 W ActivityTaskManager: getTaskSnapshot: taskId=-884 not found
03-14 07:08:50.854 1533 3100 W ActivityTaskManager: getTaskSnapshot: taskId=-884 not found
03-14 07:08:50.854 1533 3100 W ActivityTaskManager: getTaskSnapshot: taskId=-883 not found
03-14 07:08:50.865 1533 3100 W FreeFormWindowHelper: Current Display FreeFormTask is null
03-14 07:08:50.865 1533 3100 W FreeFormWindowHelper: Current Display FreeFormTask is null
03-14 07:08:50.883 1533 7920 W FreeFormWindowHelper: Current Display FreeFormTask is null
03-14 07:08:50.883 1533 7920 W FreeFormWindowHelper: Current Display FreeFormTask is null
03-14 07:08:51.398 1533 3100 W FreeFormWindowHelper: Current Display FreeFormTask is null
03-14 07:08:51.398 1533 3100 W FreeFormWindowHelper: Current Display FreeFormTask is null
03-14 07:08:51.398 1533 3100 W FreeFormWindowHelper: Current Display FreeFormTask is null
03-14 07:08:51.752 1533 3100 I ActivityTaskManager: FOREGROUND_APPLICATION_CHANGED to com.android.launcher3.uioverrides.QuickstepLauncher
03-14 07:08:51.756 1533 3100 W FreeFormWindowHelper: Current Display FreeFormTask is null
03-14 07:08:51.756 1533 3100 W FreeFormWindowHelper: Current Display FreeFormTask is null
03-14 07:08:51.756 1533 5857 W FreeFormWindowHelper: Current Display FreeFormTask is null
03-14 07:08:51.771 1533 7920 W FreeFormWindowHelper: Current Display FreeFormTask is null
03-14 07:08:51.771 1533 1560 W FreeFormWindowHelper: Current Display FreeFormTask is null
03-14 07:08:51.856 1533 7920 W FreeFormWindowHelper: Current Display FreeFormTask is null
03-14 07:08:52.776 1533 7920 W ProcessStats: Tracking association SourceState{f0d64ba com.tencent.android.qqdownloader:live/10096 BTopFgs #8913} whose proc state 2 is better than process ProcessState{5076f12 com.tencent.android.qqdownloader:daemon/10096 pkg=com.tencent.android.qqdownloader} proc state 3 (41 skipped)
03-14 07:08:53.414 1533 5857 W FreeFormWindowHelper: exitRecentTasks type=0
01-02 06:37:33.174 0 0 E DTC_ETH,link_delay_work_func: 3003, SQI=0, link=0
01-02 06:37:38.294 0 0 E DTC_ETH,link_delay_work_func: 3003, SQI=0, link=0
03-14 07:08:59.440 1533 1533 I GameModeConfig: isGameModeOn = true
03-14 07:08:59.440 1533 1533 I GameModeConfig: isGaming = false
01-02 06:37:43.414 0 0 E DTC_ETH,link_delay_work_func: 3003, SQI=0, link=0
01-02 06:37:43.544 0 0 I msm_vidc: err : ffffffff: .....: DBLP Set: status 0
01-02 06:37:46.584 0 0 I msm_vidc: err : ffffffff: .....: DBLP Set: status 0
03-14 07:09:08.993 1533 5857 W ProcessStats: Tracking association SourceState{faf309e com.tencent.android.qqdownloader/10096 BTopFgs #8918} whose proc state 2 is better than process ProcessState{5076f12 com.tencent.android.qqdownloader:daemon/10096 pkg=com.tencent.android.qqdownloader} proc state 3 (3 skipped)
01-02 06:37:48.534 0 0 E DTC_ETH,link_delay_work_func: 3003, SQI=0, link=0
03-14 07:09:12.713 1533 6794 I thunderperf: PlatormCompat.setOverrides: Uid1=10074 Pid1=2568 Uid2=10074 Pid2=2568
03-14 07:09:12.713 1533 6794 I thunderperf: PlatormCompat.setOverrides: needCheck:false
03-14 07:09:12.713 1533 6794 I thunderperf: CompatConfig.addOverrideUnsafe: bef-state=1
03-14 07:09:12.714 1533 6794 I thunderperf: CompatConfig.addOverrideUnsafe: aft-state=0
03-14 07:09:12.714 1533 6794 I thunderperf: CompatConfig.addOverrideUnsafe: bef-state=1
03-14 07:09:12.715 1533 6794 I thunderperf: CompatConfig.addOverrideUnsafe: aft-state=0
03-14 07:09:12.715 1533 6794 I thunderperf: CompatConfig.addOverrideUnsafe: bef-state=1
03-14 07:09:12.715 1533 6794 I thunderperf: CompatConfig.addOverrideUnsafe: aft-state=0
03-14 07:09:12.716 1533 6794 I thunderperf: CompatConfig.addOverrideUnsafe: bef-state=1
03-14 07:09:12.716 1533 6794 I thunderperf: CompatConfig.addOverrideUnsafe: aft-state=0
03-14 07:09:12.717 1533 6794 I thunderperf: CompatConfig.addOverrideUnsafe: bef-state=1
03-14 07:09:12.717 1533 6794 I thunderperf: CompatConfig.addOverrideUnsafe: aft-state=0
03-14 07:09:12.717 1533 6794 I thunderperf: CompatConfig.addOverrideUnsafe: bef-state=1
03-14 07:09:12.717 1533 6794 I thunderperf: CompatConfig.addOverrideUnsafe: aft-state=0
03-14 07:09:12.718 1533 6794 I thunderperf: CompatConfig.addOverrideUnsafe: bef-state=1
03-14 07:09:12.718 1533 6794 I thunderperf: CompatConfig.addOverrideUnsafe: aft-state=0
03-14 07:09:12.718 1533 6794 I thunderperf: CompatConfig.addOverrideUnsafe: bef-state=1
03-14 07:09:12.718 1533 6794 I thunderperf: CompatConfig.addOverrideUnsafe: aft-state=0
03-14 07:09:12.719 1533 6794 I thunderperf: CompatConfig.addOverrideUnsafe: bef-state=1
03-14 07:09:12.719 1533 6794 I thunderperf: CompatConfig.addOverrideUnsafe: aft-state=0
03-14 07:09:12.719 1533 6794 I thunderperf: CompatConfig.addOverrideUnsafe: bef-state=1
03-14 07:09:12.719 1533 6794 I thunderperf: CompatConfig.addOverrideUnsafe: aft-state=0
03-14 07:09:12.720 1533 6794 I thunderperf: CompatConfig.addOverrideUnsafe: bef-state=1
03-14 07:09:12.720 1533 6794 I thunderperf: CompatConfig.addOverrideUnsafe: aft-state=0
03-14 07:09:12.720 1533 6794 I thunderperf: CompatConfig.addOverrideUnsafe: bef-state=1
03-14 07:09:12.720 1533 6794 I thunderperf: CompatConfig.addOverrideUnsafe: aft-state=0
03-14 07:09:12.721 1533 6794 I thunderperf: CompatConfig.addOverrideUnsafe: bef-state=1
03-14 07:09:12.721 1533 6794 I thunderperf: CompatConfig.addOverrideUnsafe: aft-state=0
03-14 07:09:12.721 1533 6794 I thunderperf: CompatConfig.addOverrideUnsafe: bef-state=1
03-14 07:09:12.721 1533 6794 I thunderperf: CompatConfig.addOverrideUnsafe: aft-state=0
03-14 07:09:12.726 1533 6794 I ActivityTaskManager: START u0 {act=android.intent.action.MAIN cat=[android.intent.category.LAUNCHER] flg=0x10200000 cmp=com.tencent.android.qqdownloader/com.tencent.pangu.link.SplashActivity bnds=[1923,84][2225,378]} from uid 10074
03-14 07:09:12.730 1533 6794 W ActivityTaskManager: Can't find TaskDisplayArea to determine support for multi window. Task id=90 attached=false
03-14 07:09:12.735 1533 3100 W FreeFormWindowHelper: Current Display FreeFormTask is null
03-14 07:09:12.738 1533 6794 I ActivityTaskManager: FOREGROUND_APPLICATION_CHANGED to com.tencent.pangu.link.SplashActivity
03-14 07:09:12.738 1533 6794 I ActivityTaskManager: The Process com.tencent.android.qqdownloader:daemon Already Exists in BG. So sending its PID: 22601
03-14 07:09:12.738 1533 6794 W ActivityTaskManager: Tried to set launchTime (0) < mLastActivityLaunchTime (11753219)
03-14 07:09:12.747 1533 3100 I thunderperf: PlatormCompat.setOverrides: Uid1=10096 Pid1=22601 Uid2=10096 Pid2=22601
03-14 07:09:12.747 1533 3100 I thunderperf: PlatormCompat.setOverrides: needCheck:false
03-14 07:09:12.748 1533 3100 W PackageManager: MATCH_ANY_USER flag requires INTERACT_ACROSS_USERS permission: UID 10096 requires android.permission.INTERACT_ACROSS_USERS_FULL or android.permission.INTERACT_ACROSS_USERS to access user 0.
03-14 07:09:12.748 1533 3100 I ActivityTaskManager: START u0 {flg=0x10000000 cmp=com.tencent.android.qqdownloader/com.tencent.assistant.activity.SplashImplActivity} from uid 10096
03-14 07:09:12.760 1533 3100 I ActivityTaskManager: FOREGROUND_APPLICATION_CHANGED to com.tencent.assistantv2.activity.MainActivity
03-14 07:09:12.863 1533 7920 W FreeFormWindowHelper: Current Display FreeFormTask is null
01-02 06:37:53.654 0 0 E DTC_ETH,link_delay_work_func: 3003, SQI=0, link=0
03-14 07:09:15.960 1533 1638 I ActivityManager: Deferring FGS notification in legacy app com.tencent.android.qqdownloader/u0a96 : Notification(channel=channel_id_default_silent shortcut=null contentView=null vibrate=null sound=null tick defaults=0x0 flags=0x240 color=0x00000000 groupKey=com.tencent.android.qqdownloader vis=PRIVATE)
01-02 06:37:58.777 0 0 E DTC_ETH,link_delay_work_func: 3003, SQI=0, link=0
03-14 07:09:19.911 22601 22601 E ActivityThread: Failed to find provider info for com.android.badge
01-02 06:38:03.894 0 0 E DTC_ETH,link_delay_work_func: 3003, SQI=0, link=0
01-02 06:38:04.383 0 0 I logd : logdr: UID=10096 GID=10096 PID=24762 n tail=0 logMask=99 pid=0 start=0ns deadline=0ns
03-14 07:09:25.269 1533 1560 W FreeFormWindowHelper: Current Display FreeFormTask is null
03-14 07:09:25.271 1533 1560 W FreeFormWindowHelper: Current Display FreeFormTask is null
03-14 07:09:25.305 1533 5857 W FreeFormWindowHelper: Current Display FreeFormTask is null
03-14 07:09:25.305 1533 3100 W FreeFormWindowHelper: Current Display FreeFormTask is null
03-14 07:09:25.305 1533 1560 W FreeFormWindowHelper: Current Display FreeFormTask is null
03-14 07:09:25.313 1533 7920 W FreeFormWindowHelper: Current Display FreeFormTask is null
03-14 07:09:25.313 1533 3100 W FreeFormWindowHelper: Current Display FreeFormTask is null
03-14 07:09:25.315 1533 7920 W ActivityTaskManager: getTaskSnapshot: taskId=-423 not found
03-14 07:09:25.324 1533 7920 W ActivityTaskManager: getTaskSnapshot: taskId=-422 not found
03-14 07:09:25.327 1533 1560 W ActivityTaskManager: getTaskSnapshot: taskId=-422 not found
03-14 07:09:25.327 1533 7920 W FreeFormWindowHelper: Current Display FreeFormTask is null
03-14 07:09:25.327 1533 7920 W FreeFormWindowHelper: Current Display FreeFormTask is null
03-14 07:09:25.327 1533 1560 W ActivityTaskManager: getTaskSnapshot: taskId=-422 not found
03-14 07:09:25.348 1533 5857 W FreeFormWindowHelper: Current Display FreeFormTask is null
03-14 07:09:25.348 1533 5857 W FreeFormWindowHelper: Current Display FreeFormTask is null
03-14 07:09:25.462 1533 6794 W FreeFormWindowHelper: Current Display FreeFormTask is null
03-14 07:09:25.462 1533 6794 W FreeFormWindowHelper: Current Display FreeFormTask is null
03-14 07:09:25.462 1533 6794 W FreeFormWindowHelper: Current Display FreeFormTask is null
03-14 07:09:25.759 1533 1560 I ActivityTaskManager: FOREGROUND_APPLICATION_CHANGED to com.android.launcher3.uioverrides.QuickstepLauncher
03-14 07:09:25.772 1533 1560 W FreeFormWindowHelper: Current Display FreeFormTask is null
03-14 07:09:25.772 1533 5857 W FreeFormWindowHelper: Current Display FreeFormTask is null
03-14 07:09:25.773 1533 5857 W FreeFormWindowHelper: Current Display FreeFormTask is null
03-14 07:09:25.778 1533 1622 W ProcessStats: Tracking association SourceState{faf309e com.tencent.android.qqdownloader/10096 BTopFgs #8963} whose proc state 2 is better than process ProcessState{5076f12 com.tencent.android.qqdownloader:daemon/10096 pkg=com.tencent.android.qqdownloader} proc state 3 (1 skipped)
03-14 07:09:25.801 1533 5857 W FreeFormWindowHelper: Current Display FreeFormTask is null
03-14 07:09:25.801 1533 5857 W FreeFormWindowHelper: Current Display FreeFormTask is null
03-14 07:09:25.874 1533 1560 W FreeFormWindowHelper: Current Display FreeFormTask is null
03-14 07:09:26.163 1533 1533 I GameModeConfig: isGameModeOn = true
03-14 07:09:26.163 1533 1533 I GameModeConfig: isGaming = false
03-14 07:09:26.411 1533 1560 E AppOps : Operation not started: uid=10096 pkg=com.tencent.android.qqdownloader(null) op=WAKE_LOCK
03-14 07:09:26.438 1533 1560 E AppOps : Operation not started: uid=10096 pkg=com.tencent.android.qqdownloader(null) op=WAKE_LOCK
03-14 07:09:26.551 1533 7920 W FreeFormWindowHelper: Current Display FreeFormTask is null
03-14 07:09:26.624 1533 1560 E AppOps : Operation not started: uid=10096 pkg=com.tencent.android.qqdownloader(null) op=WAKE_LOCK
03-14 07:09:26.866 1533 1560 W FreeFormWindowHelper: Current Display FreeFormTask is null
03-14 07:09:26.970 1533 1622 I ActivityManager: Killing 24232:com.tencent.tmgp.sgame/u0a94 (adj 900): remove task
03-14 07:09:26.977 1533 1560 I ActivityManager: Killing 24268:com.tencent.tmgp.sgame:xg_vip_service/u0a94 (adj 500): remove task
03-14 07:09:26.995 1533 5857 W ActivityManager: Scheduling restart of crashed service com.tencent.tmgp.sgame/com.tencent.android.tpush.service.XGVipPushService in 1000ms for connection
03-14 07:09:27.013 1533 1628 W UsageStatsService: Unexpected activity event reported! (com.tencent.android.qqdownloader/com.tencent.assistantv2.activity.MainActivity event : 23 instanceId : 89819228)
03-14 07:09:27.017 1533 1623 W ActivityTaskManager: Can't find TaskDisplayArea to determine support for multi window. Task id=87 attached=false
03-14 07:09:27.017 1533 1623 W ActivityTaskManager: Can't find TaskDisplayArea to determine support for multi window. Task id=87 attached=false
03-14 07:09:27.054 1533 3100 I WindowManager: WIN DEATH: Window{3f89271 u0 com.tencent.tmgp.sgame/com.tencent.tmgp.sgame.SGameActivity}
03-14 07:09:27.058 1533 2132 I WindowManager: WIN DEATH: Window{db1777e u0 com.tencent.tmgp.sgame/com.tencent.tmgp.sgame.SGameActivity}
03-14 07:09:27.064 1533 1707 W FreeFormWindowHelper: exitRecentTasks type=0
03-14 07:09:27.065 1533 1623 W ActivityTaskManager: Can't find TaskDisplayArea to determine support for multi window. Task id=89 attached=false
03-14 07:09:27.065 1533 1623 W ActivityTaskManager: Can't find TaskDisplayArea to determine support for multi window. Task id=89 attached=false
03-14 07:09:27.065 1533 1622 W ActivityManager: setHasOverlayUi called on unknown pid: 24232
03-14 07:09:27.065 1533 1628 W UsageStatsService: Unexpected activity event reported! (com.tencent.tmgp.sgame/com.tencent.tmgp.sgame.SGameActivity event : 23 instanceId : 82337248)
03-14 07:09:27.081 1533 1707 W FreeFormWindowHelper: Current Display FreeFormTask is null
03-14 07:09:27.843 1533 12433 I thunderperf: PlatormCompat.setOverrides: Uid1=10074 Pid1=2568 Uid2=10074 Pid2=2568
03-14 07:09:27.843 1533 12433 I thunderperf: PlatormCompat.setOverrides: needCheck:false
03-14 07:09:27.843 1533 12433 I thunderperf: CompatConfig.addOverrideUnsafe: bef-state=1
03-14 07:09:27.844 1533 12433 I thunderperf: CompatConfig.addOverrideUnsafe: aft-state=0
03-14 07:09:27.845 1533 12433 I thunderperf: CompatConfig.addOverrideUnsafe: bef-state=1
03-14 07:09:27.845 1533 12433 I thunderperf: CompatConfig.addOverrideUnsafe: aft-state=0
03-14 07:09:27.846 1533 12433 I thunderperf: CompatConfig.addOverrideUnsafe: bef-state=1
03-14 07:09:27.846 1533 12433 I thunderperf: CompatConfig.addOverrideUnsafe: aft-state=0
03-14 07:09:27.847 1533 12433 I thunderperf: CompatConfig.addOverrideUnsafe: bef-state=1
03-14 07:09:27.847 1533 12433 I thunderperf: CompatConfig.addOverrideUnsafe: aft-state=0
03-14 07:09:27.848 1533 12433 I thunderperf: CompatConfig.addOverrideUnsafe: bef-state=1
03-14 07:09:27.848 1533 12433 I thunderperf: CompatConfig.addOverrideUnsafe: aft-state=0
03-14 07:09:27.849 1533 12433 I thunderperf: CompatConfig.addOverrideUnsafe: bef-state=1
03-14 07:09:27.849 1533 12433 I thunderperf: CompatConfig.addOverrideUnsafe: aft-state=0
03-14 07:09:27.850 1533 12433 I thunderperf: CompatConfig.addOverrideUnsafe: bef-state=1
03-14 07:09:27.850 1533 12433 I thunderperf: CompatConfig.addOverrideUnsafe: aft-state=0
03-14 07:09:27.851 1533 12433 I thunderperf: CompatConfig.addOverrideUnsafe: bef-state=1
03-14 07:09:27.851 1533 12433 I thunderperf: CompatConfig.addOverrideUnsafe: aft-state=0
03-14 07:09:27.851 1533 12433 I thunderperf: CompatConfig.addOverrideUnsafe: bef-state=1
03-14 07:09:27.851 1533 12433 I thunderperf: CompatConfig.addOverrideUnsafe: aft-state=0
03-14 07:09:27.852 1533 12433 I thunderperf: CompatConfig.addOverrideUnsafe: bef-state=1
03-14 07:09:27.852 1533 12433 I thunderperf: CompatConfig.addOverrideUnsafe: aft-state=0
03-14 07:09:27.853 1533 12433 I thunderperf: CompatConfig.addOverrideUnsafe: bef-state=1
03-14 07:09:27.853 1533 12433 I thunderperf: CompatConfig.addOverrideUnsafe: aft-state=0
03-14 07:09:27.853 1533 12433 I thunderperf: CompatConfig.addOverrideUnsafe: bef-state=1
03-14 07:09:27.854 1533 12433 I thunderperf: CompatConfig.addOverrideUnsafe: aft-state=0
03-14 07:09:27.854 1533 12433 I thunderperf: CompatConfig.addOverrideUnsafe: bef-state=1
03-14 07:09:27.854 1533 12433 I thunderperf: CompatConfig.addOverrideUnsafe: aft-state=0
03-14 07:09:27.855 1533 12433 I thunderperf: CompatConfig.addOverrideUnsafe: bef-state=1
03-14 07:09:27.855 1533 12433 I thunderperf: CompatConfig.addOverrideUnsafe: aft-state=0
03-14 07:09:27.863 1533 12433 I ActivityTaskManager: START u0 {act=android.intent.action.MAIN cat=[android.intent.category.LAUNCHER] flg=0x10200000 cmp=com.tencent.android.qqdownloader/com.tencent.pangu.link.SplashActivity bnds=[1923,84][2225,378]} from uid 10074
03-14 07:09:27.868 1533 12433 W ActivityTaskManager: Can't find TaskDisplayArea to determine support for multi window. Task id=91 attached=false
03-14 07:09:27.873 1533 1707 W FreeFormWindowHelper: Current Display FreeFormTask is null
03-14 07:09:27.875 1533 1707 I ActivityTaskManager: FOREGROUND_APPLICATION_CHANGED to com.tencent.pangu.link.SplashActivity
03-14 07:09:27.876 1533 1707 I ActivityTaskManager: The Process com.tencent.android.qqdownloader:daemon Already Exists in BG. So sending its PID: 22601
03-14 07:09:27.876 1533 1707 W ActivityTaskManager: Tried to set launchTime (0) < mLastActivityLaunchTime (11898140)
03-14 07:09:27.885 1533 2132 I thunderperf: PlatormCompat.setOverrides: Uid1=10096 Pid1=22601 Uid2=10096 Pid2=22601
03-14 07:09:27.885 1533 2132 I thunderperf: PlatormCompat.setOverrides: needCheck:false
03-14 07:09:27.886 1533 2132 W PackageManager: MATCH_ANY_USER flag requires INTERACT_ACROSS_USERS permission: UID 10096 requires android.permission.INTERACT_ACROSS_USERS_FULL or android.permission.INTERACT_ACROSS_USERS to access user 0.
03-14 07:09:27.887 1533 2132 I ActivityTaskManager: START u0 {flg=0x10000000 cmp=com.tencent.android.qqdownloader/com.tencent.assistant.activity.SplashImplActivity} from uid 10096
03-14 07:09:27.888 1533 2132 W ActivityTaskManager: Can't find TaskDisplayArea to determine support for multi window. Task id=92 attached=false
03-14 07:09:27.899 1533 12433 I ActivityTaskManager: FOREGROUND_APPLICATION_CHANGED to com.tencent.assistant.activity.SplashImplActivity
03-14 07:09:27.900 1533 12433 I ActivityTaskManager: The Process com.tencent.android.qqdownloader Already Exists in BG. So sending its PID: 22630
03-14 07:09:27.900 1533 12433 W ActivityTaskManager: Tried to set launchTime (0) < mLastActivityLaunchTime (11755575)
03-14 07:09:27.922 1533 12433 I thunderperf: PlatormCompat.setOverrides: Uid1=10096 Pid1=22630 Uid2=10096 Pid2=22630
03-14 07:09:27.922 1533 12433 I thunderperf: PlatormCompat.setOverrides: needCheck:false
03-14 07:09:27.922 1533 12433 W PackageManager: MATCH_ANY_USER flag requires INTERACT_ACROSS_USERS permission: UID 10096 requires android.permission.INTERACT_ACROSS_USERS_FULL or android.permission.INTERACT_ACROSS_USERS to access user 0.
03-14 07:09:27.928 1533 12433 I ActivityTaskManager: START u0 {flg=0x4000000 cmp=com.tencent.android.qqdownloader/com.tencent.assistantv2.activity.MainActivity (has extras)} from uid 10096
03-14 07:09:27.939 1533 3100 W WindowManager: Failed looking up window session=Session{6851e99 22630:u0a10096} callers=com.android.server.wm.WindowManagerService.windowForClientLocked:5628 com.android.server.wm.Session.insetsModified:629 android.view.IWindowSession$Stub.onTransact:1151
03-14 07:09:27.949 1533 12433 I ActivityTaskManager: FOREGROUND_APPLICATION_CHANGED to com.tencent.assistantv2.activity.MainActivity
03-14 07:09:27.949 1533 12433 I ActivityTaskManager: The Process com.tencent.android.qqdownloader Already Exists in BG. So sending its PID: 22630
03-14 07:09:27.950 1533 12433 W ActivityTaskManager: Tried to set launchTime (0) < mLastActivityLaunchTime (11913302)
03-14 07:09:27.961 1533 1707 I ActivityTaskManager: Activity requesting to dismiss Keyguard: ActivityRecord{1b6dc2f u0 com.tencent.android.qqdownloader/com.tencent.assistantv2.activity.MainActivity t92}
03-14 07:09:28.058 1533 1707 W FreeFormWindowHelper: Current Display FreeFormTask is null
01-02 06:38:09.014 0 0 E DTC_ETH,link_delay_work_func: 3003, SQI=0, link=0
03-14 07:09:31.239 22601 22601 E ActivityThread: Failed to find provider info for com.android.badge
03-14 07:09:33.796 1533 1707 W FreeFormWindowHelper: Current Display FreeFormTask is null
03-14 07:09:33.797 1533 1707 W FreeFormWindowHelper: Current Display FreeFormTask is null
03-14 07:09:33.797 1533 1707 W FreeFormWindowHelper: Current Display FreeFormTask is null
03-14 07:09:33.800 1533 3100 W FreeFormWindowHelper: Current Display FreeFormTask is null
03-14 07:09:33.801 1533 3100 W FreeFormWindowHelper: Current Display FreeFormTask is null
03-14 07:09:33.822 1533 12433 W FreeFormWindowHelper: Current Display FreeFormTask is null
03-14 07:09:33.822 1533 12433 W FreeFormWindowHelper: Current Display FreeFormTask is null
03-14 07:09:33.822 1533 12433 W FreeFormWindowHelper: Current Display FreeFormTask is null
03-14 07:09:33.833 1533 3100 W FreeFormWindowHelper: Current Display FreeFormTask is null
03-14 07:09:33.834 1533 3100 W FreeFormWindowHelper: Current Display FreeFormTask is null
03-14 07:09:33.843 1533 1707 W ActivityTaskManager: getTaskSnapshot: taskId=-902 not found
03-14 07:09:33.843 1533 12433 W FreeFormWindowHelper: Current Display FreeFormTask is null
03-14 07:09:33.843 1533 12433 W FreeFormWindowHelper: Current Display FreeFormTask is null
03-14 07:09:33.846 1533 12433 W ActivityTaskManager: getTaskSnapshot: taskId=-901 not found
03-14 07:09:33.849 1533 1707 W FreeFormWindowHelper: Current Display FreeFormTask is null
03-14 07:09:33.849 1533 1707 W FreeFormWindowHelper: Current Display FreeFormTask is null
03-14 07:09:33.858 1533 2132 W ActivityTaskManager: getTaskSnapshot: taskId=-901 not found
03-14 07:09:33.859 1533 2132 W ActivityTaskManager: getTaskSnapshot: taskId=-901 not found
03-14 07:09:33.859 1533 2132 W ActivityTaskManager: getTaskSnapshot: taskId=-901 not found
03-14 07:09:33.865 1533 1707 W FreeFormWindowHelper: Current Display FreeFormTask is null
03-14 07:09:33.865 1533 1707 W FreeFormWindowHelper: Current Display FreeFormTask is null
03-14 07:09:33.882 1533 2132 W FreeFormWindowHelper: Current Display FreeFormTask is null
03-14 07:09:33.882 1533 2132 W FreeFormWindowHelper: Current Display FreeFormTask is null
01-02 06:38:14.134 0 0 E DTC_ETH,link_delay_work_func: 3003, SQI=0, link=0
03-14 07:09:35.170 1533 1533 W NotificationService: Removed summary didn't match old notification: old=0|com.tencent.android.qqdownloader|127|null|10096, removed=0|com.tencent.android.qqdownloader|101|null|10096
03-14 07:09:35.337 1533 12433 W FreeFormWindowHelper: Current Display FreeFormTask is null
03-14 07:09:35.337 1533 2132 W FreeFormWindowHelper: Current Display FreeFormTask is null
03-14 07:09:35.337 1533 2132 W FreeFormWindowHelper: Current Display FreeFormTask is null
03-14 07:09:35.368 22601 22601 E ActivityThread: Failed to find provider info for com.android.badge
03-14 07:09:35.372 1533 1533 I GameModeConfig: isGameModeOn = true
03-14 07:09:35.372 1533 1533 I GameModeConfig: isGaming = false
03-14 07:09:35.397 22601 22601 E ActivityThread: Failed to find provider info for com.android.badge
03-14 07:09:35.663 1533 12433 I ActivityTaskManager: FOREGROUND_APPLICATION_CHANGED to com.android.launcher3.uioverrides.QuickstepLauncher
03-14 07:09:35.671 1533 5857 W FreeFormWindowHelper: Current Display FreeFormTask is null
03-14 07:09:35.671 1533 5857 W FreeFormWindowHelper: Current Display FreeFormTask is null
03-14 07:09:35.671 1533 5857 W FreeFormWindowHelper: Current Display FreeFormTask is null
03-14 07:09:35.687 1533 1707 W FreeFormWindowHelper: Current Display FreeFormTask is null
03-14 07:09:35.687 1533 1707 W FreeFormWindowHelper: Current Display FreeFormTask is null
03-14 07:09:35.771 1533 2132 W FreeFormWindowHelper: Current Display FreeFormTask is null
03-14 07:09:36.222 1533 3100 W FreeFormWindowHelper: Current Display FreeFormTask is null
03-14 07:09:36.539 1533 1707 W FreeFormWindowHelper: Current Display FreeFormTask is null
03-14 07:09:36.639 1533 1622 W ProcessStats: Tracking association SourceState{faf309e com.tencent.android.qqdownloader/10096 BTopFgs #9040} whose proc state 2 is better than process ProcessState{5076f12 com.tencent.android.qqdownloader:daemon/10096 pkg=com.tencent.android.qqdownloader} proc state 3 (53 skipped)
03-14 07:09:36.662 1533 1628 W UsageStatsService: Unexpected activity event reported! (com.tencent.android.qqdownloader/com.tencent.assistantv2.activity.MainActivity event : 23 instanceId : 95595022)
03-14 07:09:36.666 1533 1623 W ActivityTaskManager: Can't find TaskDisplayArea to determine support for multi window. Task id=92 attached=false
03-14 07:09:36.666 1533 1623 W ActivityTaskManager: Can't find TaskDisplayArea to determine support for multi window. Task id=92 attached=false
03-14 07:09:36.704 1533 5857 W FreeFormWindowHelper: exitRecentTasks type=0
03-14 07:09:36.741 1533 3100 W FreeFormWindowHelper: Current Display FreeFormTask is null
03-14 07:09:38.128 1533 1560 W FreeFormWindowHelper: Current Display FreeFormTask is null
03-14 07:09:39.213 1533 2132 W FreeFormWindowHelper: exitRecentTasks type=0
01-02 06:38:19.254 0 0 E DTC_ETH,link_delay_work_func: 3003, SQI=0, link=0
03-14 07:09:40.083 1533 1638 I ActivityManager: Force stopping com.tencent.android.qqdownloader appid=10096 user=0: deletePackageX
03-14 07:09:40.092 1533 1638 I ActivityManager: Killing 23491:com.tencent.android.qqdownloader:cloud/u0a96 (adj 100): stop com.tencent.android.qqdownloader due to deletePackageX
03-14 07:09:40.095 1533 1638 I ActivityManager: Killing 23272:com.tencent.android.qqdownloader:live/u0a96 (adj 100): stop com.tencent.android.qqdownloader due to deletePackageX
03-14 07:09:40.098 1533 1638 I ActivityManager: Killing 22630:com.tencent.android.qqdownloader/u0a96 (adj 0): stop com.tencent.android.qqdownloader due to deletePackageX
01-02 06:38:19.287 0 0 I init : Untracked pid 23533 received signal 9
03-14 07:09:40.112 1533 1638 I ActivityManager: Killing 22601:com.tencent.android.qqdownloader:daemon/u0a96 (adj 0): stop com.tencent.android.qqdownloader due to deletePackageX
03-14 07:09:40.114 1533 1638 W ActivityManager: Crash of app com.tencent.android.qqdownloader:daemon running instrumentation ComponentInfo{com.tencent.android.qqdownloader/com.live.watermelon.Instrumentation}
03-14 07:09:40.115 1533 1638 I ActivityManager: Force stopping com.tencent.android.qqdownloader appid=-1 user=0: finished inst
03-14 07:09:40.116 1533 1638 W ActivityManager: Error canceling notification for service
03-14 07:09:40.116 1533 1638 W ActivityManager: java.lang.SecurityException: Caller com.tencent.android.qqdownloader:10096 cannot post for pkg com.tencent.android.qqdownloader in user 0
03-14 07:09:40.116 1533 1638 W ActivityManager: at com.android.server.notification.NotificationManagerService.resolveNotificationUid(NotificationManagerService.java:6541)
03-14 07:09:40.116 1533 1638 W ActivityManager: at com.android.server.notification.NotificationManagerService.cancelNotificationInternal(NotificationManagerService.java:6125)
03-14 07:09:40.116 1533 1638 W ActivityManager: at com.android.server.notification.NotificationManagerService$12.cancelNotification(NotificationManagerService.java:6065)
03-14 07:09:40.116 1533 1638 W ActivityManager: at com.android.server.am.ServiceRecord$2.run(ServiceRecord.java:1064)
03-14 07:09:40.116 1533 1638 W ActivityManager: at android.os.Handler.handleCallback(Handler.java:938)
03-14 07:09:40.116 1533 1638 W ActivityManager: at android.os.Handler.dispatchMessage(Handler.java:99)
03-14 07:09:40.116 1533 1638 W ActivityManager: at android.os.Looper.loopOnce(Looper.java:201)
03-14 07:09:40.116 1533 1638 W ActivityManager: at android.os.Looper.loop(Looper.java:288)
03-14 07:09:40.116 1533 1638 W ActivityManager: at android.os.HandlerThread.run(HandlerThread.java:67)
03-14 07:09:40.116 1533 1638 W ActivityManager: at com.android.server.ServiceThread.run(ServiceThread.java:44)
03-14 07:09:40.117 1533 12433 W ActivityManager: Service done with onDestroy, but not inDestroying: ServiceRecord{f05128e u0 com.tencent.android.qqdownloader/com.live.watermelon.service.DaemonService}, app=ProcessRecord{f77fc4a 0:com.tencent.android.qqdownloader:daemon/u0a96}
03-14 07:09:40.117 1533 1533 W ActivityManager: Unable to start service Intent { act=android.media.MediaRoute2ProviderService cmp=com.tencent.android.qqdownloader/com.tencent.assistant.syscomponent.MediaRouteProviderService2 } U=0: not found
03-14 07:09:40.117 1533 12433 W ActivityManager: Unable to find instrumentation info for: ComponentInfo{com.tencent.android.qqdownloader/com.live.watermelon.Instrumentation}
01-02 06:38:19.301 0 0 I init : Untracked pid 23403 exited with status 0
03-14 07:09:40.177 1533 12433 V ActivityManager: Got obituary of 23491:com.tencent.android.qqdownloader:cloud
03-14 07:09:40.185 1533 1688 I PackageManager: Removing permission com.qq.AppService.permission.out.CACHE_READ_PERMISSION that used to be declared by com.tencent.android.qqdownloader
03-14 07:09:40.185 1533 1688 I PackageManager: Removing permission com.qq.AppService.permission.out.IPC_SERVICE that used to be declared by com.tencent.android.qqdownloader
03-14 07:09:40.185 1533 1688 I PackageManager: Removing permission com.tencent.applink.sdk.permission.APPLINK_WRITE_PERMISSION that used to be declared by com.tencent.android.qqdownloader
03-14 07:09:40.186 1533 1688 I PackageManager: Removing permission com.tencent.android.qqdownloader.permission.TMF_SHARK that used to be declared by com.tencent.android.qqdownloader
03-14 07:09:40.186 1533 1688 I PackageManager: Removing permission com.tencent.assistant.wallpaper.permission.WALLPAPER_READ_PERMISSION that used to be declared by com.tencent.android.qqdownloader
03-14 07:09:40.186 1533 1688 I PackageManager: Removing permission com.tencent.assistant.wallpaper.permission.WALLPAPER_WRITE_PERMISSION that used to be declared by com.tencent.android.qqdownloader
03-14 07:09:40.186 1533 1688 I PackageManager: Removing permission com.tencent.android.qqdownloader.permission.PUSH_WRITE_PROVIDER that used to be declared by com.tencent.android.qqdownloader
03-14 07:09:40.186 1533 1688 I PackageManager: Removing permission com.tencent.applink.sdk.permission.APPLINK_READ_PERMISSION that used to be declared by com.tencent.android.qqdownloader
03-14 07:09:40.187 1533 1688 I PackageManager: Removing permission com.tencent.assistant.permission.YYB_EVENT_PERMISSION that used to be declared by com.tencent.android.qqdownloader
03-14 07:09:40.187 1533 1688 I PackageManager: Removing permission com.tencent.android.qqdownloader.TMF_SHARK that used to be declared by com.tencent.android.qqdownloader
03-14 07:09:40.187 1533 1688 I PackageManager: Removing permission com.tencent.android.qqdownloader.theme.permission that used to be declared by com.tencent.android.qqdownloader
03-14 07:09:40.187 1533 1688 I PackageManager: Removing permission com.tencent.android.qqdownloader.permission.PROCESS_PUSH_MSG that used to be declared by com.tencent.android.qqdownloader
03-14 07:09:40.187 1533 1688 I PackageManager: Removing permission com.tencent.android.qqdownloader.component_security that used to be declared by com.tencent.android.qqdownloader
03-14 07:09:40.188 1533 1688 I PackageManager: Removing permission com.tencent.android.qqdownloader.permission.PUSH_PROVIDER that used to be declared by com.tencent.android.qqdownloader
03-14 07:09:40.188 1533 1688 I PackageManager: Removing permission com.qq.AppService.permission.out.CACHE_WRITE_PERMISSION that used to be declared by com.tencent.android.qqdownloader
03-14 07:09:40.188 1533 1688 I PackageManager: Permission ownership changed. Updating all permissions.
01-02 06:38:19.416 0 0 I sdcardfs: removing com.tencent.android.qqdownloader
01-02 06:38:19.420 0 0 I logd : start watching /data/system/packages.list ...
01-02 06:38:19.428 0 0 I logd : ReadPackageList, total packages: 104
03-14 07:09:40.265 1533 2132 V ActivityManager: Got obituary of 23272:com.tencent.android.qqdownloader:live
03-14 07:09:40.266 1533 1533 W ActivityManager: Unable to start service Intent { act=android.media.MediaRoute2ProviderService cmp=com.tencent.android.qqdownloader/com.tencent.assistant.syscomponent.MediaRouteProviderService2 } U=0: not found
03-14 07:09:40.297 1533 6794 V ActivityManager: Got obituary of 22601:com.tencent.android.qqdownloader:daemon
01-02 06:38:19.481 0 0 W binder_cleanup_transaction: 47 callbacks suppressed
01-02 06:38:19.481 0 0 I binder : undelivered transaction 2358869, process died.
03-14 07:09:40.337 1533 1622 W ActivityManager: setHasOverlayUi called on unknown pid: 22630
03-14 07:09:40.341 1533 10633 V ActivityManager: Got obituary of 22630:com.tencent.android.qqdownloader
03-14 07:09:40.342 1533 1533 W ActivityManager: Unable to start service Intent { act=android.media.MediaRoute2ProviderService cmp=com.tencent.android.qqdownloader/com.tencent.assistant.syscomponent.MediaRouteProviderService2 } U=0: not found
03-14 07:09:40.351 1533 1688 I ActivityManager: Force stopping com.tencent.android.qqdownloader appid=10096 user=0: pkg removed
03-14 07:09:40.377 1533 1805 V StorageManagerService: Package com.tencent.android.qqdownloader does not have legacy storage
03-14 07:09:40.377 1533 1619 D CompanionDeviceManagerService: onPackageRemoved(packageName = com.tencent.android.qqdownloader, uid = 10096)
03-14 07:09:40.377 1533 1619 I CompanionDeviceManagerService: Updating associations: [] --> []
03-14 07:09:40.378 1533 1638 W BroadcastQueue: Background execution not allowed: receiving Intent { act=android.intent.action.PACKAGE_REMOVED dat=package:com.tencent.android.qqdownloader flg=0x4000010 (has extras) } to com.android.gallery3d/.app.PackagesMonitor
03-14 07:09:40.378 1533 1638 D CompatibilityChangeReporter: Compat change id reported: 135634846; UID 10022; state: DISABLED
03-14 07:09:40.378 1533 1638 D CompatibilityChangeReporter: Compat change id reported: 177438394; UID 10022; state: DISABLED
03-14 07:09:40.378 1533 1638 D CompatibilityChangeReporter: Compat change id reported: 135772972; UID 10022; state: DISABLED
03-14 07:09:40.378 1533 1638 D CompatibilityChangeReporter: Compat change id reported: 135754954; UID 10022; state: ENABLED
03-14 07:09:40.379 1533 1639 D CompatibilityChangeReporter: Compat change id reported: 143937733; UID 10022; state: ENABLED
03-14 07:09:40.380 1533 1716 I RollbackManager: broadcast=ACTION_PACKAGE_FULLY_REMOVED pkg=com.tencent.android.qqdownloader
03-14 07:09:40.386 1533 1533 D CompatibilityChangeReporter: Compat change id reported: 135634846; UID 1000; state: DISABLED
03-14 07:09:40.386 1533 1533 D CompatibilityChangeReporter: Compat change id reported: 177438394; UID 1000; state: DISABLED
03-14 07:09:40.386 1533 1533 D CompatibilityChangeReporter: Compat change id reported: 135772972; UID 1000; state: DISABLED
03-14 07:09:40.386 1533 1533 D CompatibilityChangeReporter: Compat change id reported: 135754954; UID 1000; state: ENABLED
03-14 07:09:40.386 1533 1639 I ActivityManager: Start proc 24919:com.android.documentsui/u0a22 for broadcast {com.android.documentsui/com.android.documentsui.PackageReceiver}
03-14 07:09:40.392 1533 1639 I ActivityManager: Start proc 24920:com.android.keychain/1000 for service {com.android.keychain/com.android.keychain.KeyChainService}
03-14 07:09:40.393 1533 1533 I GameManagerService: Disabling downscale for com.tencent.android.qqdownloader
03-14 07:09:40.393 1533 1533 I thunderperf: CompatConfig.addOverrideUnsafe: bef-state=4
03-14 07:09:40.393 1533 1533 I thunderperf: CompatConfig.addOverrideUnsafe: aft-state=4
01-02 06:38:19.587 0 0 I binder : 24919:24919 ioctl 40046210 7fe31dd924 returned -22
01-02 06:38:19.589 0 0 I binder : 24920:24920 ioctl 40046210 7fe31dd924 returned -22
03-14 07:09:40.410 1533 2140 D CompatibilityChangeReporter: Compat change id reported: 168419799; UID 10022; state: DISABLED
03-14 07:09:40.421 1533 1533 I Telecom : CarModeTracker: Package com.tencent.android.qqdownloader is not tracked.: SSH.oR@ADw
03-14 07:09:40.421 1533 1733 W AccountManagerService: deleting account Account {name=xxx, type=com.tencent.android.qqdownloader.YYBLiveAccountProvider.account} because type com.tencent.android.qqdownloader.YYBLiveAccountProvider.account's registered authenticator no longer exist.
03-14 07:09:40.423 1533 1533 I Telecom : InCallController: updateCarModeForConnections: car mode apps: : SSH.oR@ADw
03-14 07:09:40.425 1533 1533 E JobScheduler.Connectivity: UidStats was null after job for com.tencent.android.qqdownloader was registered
03-14 07:09:40.425 1533 1533 E JobScheduler.Connectivity: android.util.Log$TerribleFailure: UidStats was null after job for com.tencent.android.qqdownloader was registered
03-14 07:09:40.425 1533 1533 E JobScheduler.Connectivity: at android.util.Log.wtf(Log.java:311)
03-14 07:09:40.425 1533 1533 E JobScheduler.Connectivity: at android.util.Slog.wtfStack(Slog.java:115)
03-14 07:09:40.425 1533 1533 E JobScheduler.Connectivity: at com.android.server.job.controllers.ConnectivityController.getUidStats(ConnectivityController.java:334)
03-14 07:09:40.425 1533 1533 E JobScheduler.Connectivity: at com.android.server.job.controllers.ConnectivityController.evaluateStateLocked(ConnectivityController.java:410)
03-14 07:09:40.425 1533 1533 E JobScheduler.Connectivity: at com.android.server.job.JobSchedulerService.evaluateControllerStatesLocked(JobSchedulerService.java:2412)
03-14 07:09:40.425 1533 1533 E JobScheduler.Connectivity: at com.android.server.job.JobSchedulerService$MaybeReadyJobQueueFunctor.accept(JobSchedulerService.java:2257)
03-14 07:09:40.425 1533 1533 E JobScheduler.Connectivity: at com.android.server.job.JobSchedulerService$MaybeReadyJobQueueFunctor.accept(JobSchedulerService.java:2203)
03-14 07:09:40.425 1533 1533 E JobScheduler.Connectivity: at com.android.server.job.JobStore$JobSet.forEachJob(JobStore.java:1352)
03-14 07:09:40.425 1533 1533 E JobScheduler.Connectivity: at com.android.server.job.JobStore.forEachJob(JobStore.java:307)
03-14 07:09:40.425 1533 1533 E JobScheduler.Connectivity: at com.android.server.job.JobSchedulerService.maybeQueueReadyJobsForExecutionLocked(JobSchedulerService.java:2301)
03-14 07:09:40.425 1533 1533 E JobScheduler.Connectivity: at com.android.server.job.JobSchedulerService.access$1300(JobSchedulerService.java:148)
03-14 07:09:40.425 1533 1533 E JobScheduler.Connectivity: at com.android.server.job.JobSchedulerService$JobHandler.handleMessage(JobSchedulerService.java:2012)
03-14 07:09:40.425 1533 1533 E JobScheduler.Connectivity: at android.os.Handler.dispatchMessage(Handler.java:106)
03-14 07:09:40.425 1533 1533 E JobScheduler.Connectivity: at android.os.Looper.loopOnce(Looper.java:201)
03-14 07:09:40.425 1533 1533 E JobScheduler.Connectivity: at android.os.Looper.loop(Looper.java:288)
03-14 07:09:40.425 1533 1533 E JobScheduler.Connectivity: at com.android.server.SystemServer.run(SystemServer.java:909)
03-14 07:09:40.425 1533 1533 E JobScheduler.Connectivity: at com.android.server.SystemServer.main(SystemServer.java:616)
03-14 07:09:40.425 1533 1533 E JobScheduler.Connectivity: at java.lang.reflect.Method.invoke(Native Method)
03-14 07:09:40.425 1533 1533 E JobScheduler.Connectivity: at com.android.internal.os.RuntimeInit$MethodAndArgsCaller.run(RuntimeInit.java:548)
03-14 07:09:40.425 1533 1533 E JobScheduler.Connectivity: at com.android.internal.os.ZygoteInit.main(ZygoteInit.java:987)
03-14 07:09:40.425 1533 1638 I DropBoxManagerService: add tag=system_server_wtf isTagEnabled=true flags=0x2
03-14 07:09:40.426 1533 1533 I ConditionProviders: Disallowing condition provider com.tencent.android.qqdownloader (userSet: true)
03-14 07:09:40.426 1533 1919 I GameModeConfig: isGameModeOn = true
03-14 07:09:40.426 1533 1919 I GameModeConfig: isGaming = false
03-14 07:09:40.426 1533 1919 I GameModeConfig: isGameModeOn = true
03-14 07:09:40.426 1533 1919 I GameModeConfig: isGaming = false
03-14 07:09:40.427 1533 1919 I GameModeConfig: isGameModeOn = true
03-14 07:09:40.427 1533 1919 I GameModeConfig: isGaming = false
03-14 07:09:40.427 1533 1919 I GameModeConfig: isGameModeOn = true
03-14 07:09:40.427 1533 1919 I GameModeConfig: isGaming = false
03-14 07:09:40.428 1533 1533 D CompatibilityChangeReporter: Compat change id reported: 175319604; UID 1000; state: ENABLED
03-14 07:09:40.428 1533 1533 D CompatibilityChangeReporter: Compat change id reported: 175319604; UID 1000; state: DISABLED
03-14 07:09:40.429 1533 1533 I GameModeConfig: isGameModeOn = true
03-14 07:09:40.429 1533 1533 I GameModeConfig: isGaming = false
03-14 07:09:40.460 1533 1628 I CompanionDeviceManagerService: Writing associations to disk: []
03-14 07:09:40.515 1533 6794 D CompatibilityChangeReporter: Compat change id reported: 135634846; UID 10028; state: DISABLED
03-14 07:09:40.516 1533 6794 D CompatibilityChangeReporter: Compat change id reported: 177438394; UID 10028; state: DISABLED
03-14 07:09:40.516 1533 6794 D CompatibilityChangeReporter: Compat change id reported: 135772972; UID 10028; state: DISABLED
03-14 07:09:40.516 1533 6794 D CompatibilityChangeReporter: Compat change id reported: 135754954; UID 10028; state: ENABLED
03-14 07:09:40.516 1533 1639 D CompatibilityChangeReporter: Compat change id reported: 143937733; UID 10028; state: ENABLED
03-14 07:09:40.524 1533 1639 I ActivityManager: Start proc 24966:com.android.externalstorage/u0a28 for content provider {com.android.externalstorage/com.android.externalstorage.ExternalStorageProvider}
01-02 06:38:19.724 0 0 I binder : 24966:24966 ioctl 40046210 7fe31dd924 returned -22
03-14 07:09:40.545 1533 5857 D CompatibilityChangeReporter: Compat change id reported: 168419799; UID 10028; state: DISABLED
03-14 07:09:40.591 1533 2037 D CompatibilityChangeReporter: Compat change id reported: 135634846; UID 10017; state: DISABLED
03-14 07:09:40.592 1533 2037 D CompatibilityChangeReporter: Compat change id reported: 177438394; UID 10017; state: DISABLED
03-14 07:09:40.592 1533 2037 D CompatibilityChangeReporter: Compat change id reported: 135772972; UID 10017; state: DISABLED
03-14 07:09:40.592 1533 2037 D CompatibilityChangeReporter: Compat change id reported: 135754954; UID 10017; state: ENABLED
03-14 07:09:40.592 1533 1639 D CompatibilityChangeReporter: Compat change id reported: 143937733; UID 10017; state: ENABLED
03-14 07:09:40.597 1533 5857 D CompatibilityChangeReporter: Compat change id reported: 168419799; UID 1000; state: DISABLED
03-14 07:09:40.601 1533 1639 I ActivityManager: Start proc 24984:android.process.media/u0a17 for content provider {com.android.providers.downloads/com.android.providers.downloads.DownloadStorageProvider}
01-02 06:38:19.800 0 0 I binder : 24984:24984 ioctl 40046210 7fe31dd924 returned -22
03-14 07:09:40.620 1533 2037 D CompatibilityChangeReporter: Compat change id reported: 168419799; UID 10017; state: DISABLED
03-14 07:09:40.680 1533 5857 D CompatibilityChangeReporter: Compat change id reported: 135634846; UID 10031; state: DISABLED
03-14 07:09:40.680 1533 5857 D CompatibilityChangeReporter: Compat change id reported: 177438394; UID 10031; state: DISABLED
03-14 07:09:40.681 1533 5857 D CompatibilityChangeReporter: Compat change id reported: 135772972; UID 10031; state: DISABLED
03-14 07:09:40.681 1533 5857 D CompatibilityChangeReporter: Compat change id reported: 135754954; UID 10031; state: ENABLED
03-14 07:09:40.681 1533 1639 D CompatibilityChangeReporter: Compat change id reported: 143937733; UID 10031; state: ENABLED
03-14 07:09:40.686 1533 1919 I GameModeConfig: isGameModeOn = true
03-14 07:09:40.686 1533 1919 I GameModeConfig: isGaming = false
03-14 07:09:40.686 1533 1919 I GameModeConfig: isGameModeOn = true
03-14 07:09:40.686 1533 1919 I GameModeConfig: isGaming = false
03-14 07:09:40.687 1533 1919 I GameModeConfig: isGameModeOn = true
03-14 07:09:40.687 1533 1919 I GameModeConfig: isGaming = false
03-14 07:09:40.687 1533 1919 I GameModeConfig: isGameModeOn = true
03-14 07:09:40.687 1533 1919 I GameModeConfig: isGaming = false
03-14 07:09:40.690 1533 1639 I ActivityManager: Start proc 25002:com.microsoft.emmx/u0a31 for broadcast {com.microsoft.emmx/org.chromium.chrome.browser.browserservices.InstalledWebappBroadcastReceiver}
01-02 06:38:19.887 0 0 I binder : 25002:25002 ioctl 40046210 7fe31dd924 returned -22
03-14 07:09:40.706 1533 5857 D CompatibilityChangeReporter: Compat change id reported: 168419799; UID 10031; state: DISABLED
03-14 07:09:40.776 1533 2038 D CompatibilityChangeReporter: Compat change id reported: 135634846; UID 10021; state: DISABLED
03-14 07:09:40.776 1533 2038 D CompatibilityChangeReporter: Compat change id reported: 177438394; UID 10021; state: DISABLED
03-14 07:09:40.777 1533 2038 D CompatibilityChangeReporter: Compat change id reported: 135772972; UID 10021; state: DISABLED
03-14 07:09:40.777 1533 2038 D CompatibilityChangeReporter: Compat change id reported: 135754954; UID 10021; state: ENABLED
03-14 07:09:40.777 1533 1639 D CompatibilityChangeReporter: Compat change id reported: 143937733; UID 10021; state: ENABLED
03-14 07:09:40.787 1533 1639 I ActivityManager: Start proc 25017:com.android.traceur/u0a21 for content provider {com.android.traceur/com.android.traceur.StorageProvider}
01-02 06:38:19.987 0 0 I binder : 25017:25017 ioctl 40046210 7fe31dd924 returned -22
03-14 07:09:40.807 1533 2038 D CompatibilityChangeReporter: Compat change id reported: 168419799; UID 10021; state: DISABLED
03-14 07:09:40.887 1533 2038 I ActivityManager: com.android.shell is exempt from freezer
03-14 07:09:40.887 1533 2038 D CompatibilityChangeReporter: Compat change id reported: 135634846; UID 2000; state: DISABLED
03-14 07:09:40.887 1533 2038 D CompatibilityChangeReporter: Compat change id reported: 177438394; UID 2000; state: DISABLED
03-14 07:09:40.887 1533 2038 D CompatibilityChangeReporter: Compat change id reported: 135772972; UID 2000; state: DISABLED
03-14 07:09:40.887 1533 2038 D CompatibilityChangeReporter: Compat change id reported: 135754954; UID 2000; state: ENABLED
03-14 07:09:40.899 1533 1639 I ActivityManager: Start proc 25038:com.android.shell/2000 for content provider {com.android.shell/com.android.shell.BugreportStorageProvider}
01-02 06:38:20.097 0 0 I binder : 25038:25038 ioctl 40046210 7fe31dd924 returned -22
03-14 07:09:40.917 1533 2038 D CompatibilityChangeReporter: Compat change id reported: 168419799; UID 2000; state: DISABLED
03-14 07:09:41.049 1533 2038 D CompatibilityChangeReporter: Compat change id reported: 168419799; UID 10067; state: DISABLED
03-14 07:09:43.012 1533 2037 W NotificationService: Toast already killed. pkg=com.android.launcher3 token=android.os.BinderProxy@1f786c
01-02 06:38:24.375 0 0 E DTC_ETH,link_delay_work_func: 3003, SQI=0, link=0
01-02 06:38:24.760 0 0 I msm_vidc: err : ffffffff: .....: DBLP Set: status 0
01-02 06:38:26.683 0 0 I qcom_rpmh DRV: apps_rsc TCS Busy, retrying RPMH message send: addr=0x40d00
01-02 06:38:26.683 0 0 I qcom_rpmh DRV: apps_rsc TCS Busy, retrying RPMH message send: addr=0x40d00
01-02 06:38:28.824 0 0 I msm_vidc: err : ffffffff: .....: DBLP Set: status 0
01-02 06:38:29.453 0 0 I logd : start watching /data/system/packages.list ...
01-02 06:38:29.455 0 0 I logd : ReadPackageList, total packages: 104
01-02 06:38:29.494 0 0 E DTC_ETH,link_delay_work_func: 3003, SQI=0, link=0
01-02 06:38:31.864 0 0 I msm_vidc: err : ffffffff: .....: DBLP Set: status 0
03-14 07:09:53.719 1533 1533 W WindowManager: removeWindowToken: Attempted to remove non-existing token: android.os.Binder@6d9f9ad
01-02 06:38:34.614 0 0 E DTC_ETH,link_delay_work_func: 3003, SQI=0, link=0
01-02 06:38:34.904 0 0 I msm_vidc: err : ffffffff: .....: DBLP Set: status 0
03-14 07:09:56.295 1533 1797 W PackageParsing: Unknown element under : meta-data at /data/app/vmdl419055131.tmp/base.apk Binary XML file line #165
03-14 07:09:56.295 1533 1797 W PackageParsing: Unknown element under : meta-data at /data/app/vmdl419055131.tmp/base.apk Binary XML file line #180
03-14 07:09:56.317 1533 1797 W RuleEvaluation: Integrity rule files are not available.
03-14 07:09:56.318 1533 1688 I PackageManager: Integrity check passed for file:///data/app/vmdl419055131.tmp
03-14 07:09:56.437 1533 1688 W PackageParsing: Unknown element under : meta-data at /data/app/vmdl419055131.tmp/base.apk Binary XML file line #165
03-14 07:09:56.437 1533 1688 W PackageParsing: Unknown element under : meta-data at /data/app/vmdl419055131.tmp/base.apk Binary XML file line #180
03-14 07:09:56.503 1533 1688 I PackageManager: Permission ownership changed. Updating all permissions.
01-02 06:38:35.722 0 0 I logd : start watching /data/system/packages.list ...
01-02 06:38:35.726 0 0 I logd : ReadPackageList, total packages: 105
03-14 07:09:56.631 1533 1619 V StorageManagerService: Package null has legacy storage
01-02 06:38:37.912 0 0 I msm_vidc: err : ffffffff: .....: DBLP Set: status 0
01-02 06:38:39.734 0 0 E DTC_ETH,link_delay_work_func: 3003, SQI=0, link=0
01-02 06:38:43.960 0 0 I msm_vidc: err : ffffffff: .....: DBLP Set: status 0
01-02 06:38:44.854 0 0 E DTC_ETH,link_delay_work_func: 3003, SQI=0, link=0
03-14 07:10:07.211 1533 1688 V BackupManagerService: [UserID:0] restoreAtInstall pkg=com.ss.android.ugc.aweme token=6 restoreSet=0
03-14 07:10:07.211 1533 1688 V BackupManagerService: [UserID:0] Finishing install immediately
