03-14 07:15:57.342 1533 1619 I sysui_multi_action: [319,6,322,54,325,12302,757,761,758,9,759,5,806,com.android.launcher3,871,com.android.launcher3.uioverrides.QuickstepLauncher,904,com.android.launcher3,905,0,1320,8,1321,5]
03-14 07:15:57.368 1533 11081 W ActivityTaskManager: getTaskSnapshot: taskId=-435 not found
03-14 07:15:57.370 1533 11081 W FreeFormWindowHelper: Current Display FreeFormTask is null
03-14 07:15:57.370 1533 11081 W FreeFormWindowHelper: Current Display FreeFormTask is null
03-14 07:15:57.371 1533 11081 W ActivityTaskManager: getTaskSnapshot: taskId=-434 not found
03-14 07:15:57.387 1533 4977 W FreeFormWindowHelper: Current Display FreeFormTask is null
03-14 07:15:57.387 1533 4977 W FreeFormWindowHelper: Current Display FreeFormTask is null
03-14 07:15:57.403 1533 4977 W FreeFormWindowHelper: Current Display FreeFormTask is null
03-14 07:15:57.403 1533 4977 W FreeFormWindowHelper: Current Display FreeFormTask is null
01-02 06:44:36.647 0 0 I [soft_i][0x37020a5d71][07:15:57.462854] wlan: [0:I:QDF] DNS_Q TX: SA:56:f4:a3:ce:a6:5f DA:d6:44:3b:15:39:91 msdu_id:2422 status: nack
03-14 07:15:57.524 1533 1739 I commit_sys_config_file: [settings-1-0,7]
03-14 07:15:57.640 1533 1628 I sysui_latency: [8,66]
03-14 07:15:57.726 1533 1707 W FreeFormWindowHelper: Current Display FreeFormTask is null
03-14 07:15:57.727 1533 1707 W FreeFormWindowHelper: Current Display FreeFormTask is null
03-14 07:15:57.730 1533 2132 I wm_task_moved: [11,0,8]
03-14 07:15:57.731 1533 2132 I wm_add_to_stopping: [0,57706815,com.android.launcher3/.uioverrides.QuickstepLauncher,makeInvisible]
03-14 07:15:57.740 1533 1623 I input_focus: [Focus request 50e47e3 com.ss.android.ugc.aweme/com.ss.android.ugc.aweme.splash.SplashActivity,reason=UpdateInputWindows]
03-14 07:15:57.741 1533 1622 I wm_stop_activity: [0,57706815,com.android.launcher3/.uioverrides.QuickstepLauncher]
03-14 07:15:57.748 1533 2132 W FreeFormWindowHelper: Current Display FreeFormTask is null
03-14 07:15:57.748 1533 2132 W FreeFormWindowHelper: Current Display FreeFormTask is null
03-14 07:15:57.757 1533 1781 I input_focus: [Focus leaving recents_animation_input_consumer (server),reason=NOT_VISIBLE]
03-14 07:15:57.757 1533 1781 I input_focus: [Focus entering 50e47e3 com.ss.android.ugc.aweme/com.ss.android.ugc.aweme.splash.SplashActivity (server),reason=setFocusedWindow]
03-14 07:15:57.814 1533 1781 I input_interaction: Interaction with: 50e47e3 com.ss.android.ugc.aweme/com.ss.android.ugc.aweme.splash.SplashActivity (server), edge-swipe (server), swipe-up (server), PointerEventDispatcher0 (server),
03-14 07:15:57.831 1533 4977 I wm_task_moved: [11,0,0]
03-14 07:15:57.831 1533 4977 I wm_task_moved: [11,0,8]
03-14 07:15:57.846 1533 11081 W FreeFormWindowHelper: Current Display FreeFormTask is null
03-14 07:15:57.846 1533 2038 W FreeFormWindowHelper: Current Display FreeFormTask is null
03-14 07:15:57.847 25144 25144 I view_enqueue_input_event: [Motion - Cancel,com.ss.android.ugc.aweme/com.ss.android.ugc.aweme.splash.SplashActivity]
03-14 07:15:57.847 1533 2132 W FreeFormWindowHelper: Current Display FreeFormTask is null
03-14 07:15:57.847 1533 2038 W FreeFormWindowHelper: Current Display FreeFormTask is null
03-14 07:15:57.856 2568 2568 I sysui_latency: [1,17]
03-14 07:15:57.857 1533 1781 I input_interaction: Interaction with: edge-swipe (server), swipe-up (server), PointerEventDispatcher0 (server),
03-14 07:15:57.857 2568 2568 I wm_on_stop_called: [57706815,com.android.launcher3.uioverrides.QuickstepLauncher,STOP_ACTIVITY_ITEM]
03-14 07:15:57.857 1533 2132 W FreeFormWindowHelper: Current Display FreeFormTask is null
03-14 07:15:57.859 1533 11081 W FreeFormWindowHelper: Current Display FreeFormTask is null
03-14 07:15:57.860 2568 2568 I wm_on_restart_called: [57706815,com.android.launcher3.uioverrides.QuickstepLauncher,performRestartActivity]
03-14 07:15:57.860 2568 2568 I wm_on_start_called: [57706815,com.android.launcher3.uioverrides.QuickstepLauncher,handleStartActivity]
03-14 07:15:57.860 1533 11081 W FreeFormWindowHelper: Current Display FreeFormTask is null
03-14 07:15:57.860 1533 2038 W ActivityTaskManager: getTaskSnapshot: taskId=-877 not found
03-14 07:15:57.861 1533 2132 W FreeFormWindowHelper: Current Display FreeFormTask is null
03-14 07:15:57.862 1533 1623 I input_focus: [Focus request recents_animation_input_consumer,reason=UpdateInputWindows]
03-14 07:15:57.862 1533 2038 I ActivityTaskManager: Activity reported stop, but no longer stopping: ActivityRecord{370893f u0 com.android.launcher3/.uioverrides.QuickstepLauncher t12} STARTED
03-14 07:15:57.867 1533 2132 W ActivityTaskManager: getTaskSnapshot: taskId=-875 not found
03-14 07:15:57.871 1533 2132 W ActivityTaskManager: getTaskSnapshot: taskId=-875 not found
03-14 07:15:57.872 1533 2038 D WindowManager: relayoutVisibleWindow: Window{587a4a0 u0 com.android.launcher3/com.android.launcher3.uioverrides.QuickstepLauncher EXITING} mAnimatingExit=true, mRemoveOnExit=false, mDestroying=false
03-14 07:15:57.875 1533 2038 W FreeFormWindowHelper: Current Display FreeFormTask is null
03-14 07:15:57.875 1533 2038 W FreeFormWindowHelper: Current Display FreeFormTask is null
03-14 07:15:57.887 1533 11081 W FreeFormWindowHelper: Current Display FreeFormTask is null
03-14 07:15:57.888 1533 4977 W FreeFormWindowHelper: Current Display FreeFormTask is null
03-14 07:15:57.889 1533 1781 I input_focus: [Focus leaving 50e47e3 com.ss.android.ugc.aweme/com.ss.android.ugc.aweme.splash.SplashActivity (server),reason=NOT_FOCUSABLE]
03-14 07:15:57.889 1533 1781 I input_focus: [Focus entering recents_animation_input_consumer (server),reason=setFocusedWindow]
03-14 07:15:58.223 1533 4977 W FreeFormWindowHelper: Current Display FreeFormTask is null
03-14 07:15:58.223 1533 4977 W FreeFormWindowHelper: Current Display FreeFormTask is null
03-14 07:15:58.224 1533 4977 W FreeFormWindowHelper: Current Display FreeFormTask is null
03-14 07:15:58.568 1533 11081 I wm_task_moved: [11,1,9]
03-14 07:15:58.570 1533 11081 I wm_focused_root_task: [0,0,11,93,RecentsAnimation.onAnimationFinished()]
03-14 07:15:58.571 1533 11081 I wm_pause_activity: [0,245214548,com.ss.android.ugc.aweme/.splash.SplashActivity,userLeaving=false,pauseBackTasks]
03-14 07:15:58.572 1533 11081 I ActivityTaskManager: FOREGROUND_APPLICATION_CHANGED to com.android.launcher3.uioverrides.QuickstepLauncher
03-14 07:15:58.573 1533 11081 I wm_set_resumed_activity: [0,com.android.launcher3/.uioverrides.QuickstepLauncher,resumeTopActivityInnerLocked]
03-14 07:15:58.573 25144 25144 I wm_on_top_resumed_lost_called: [245214548,com.ss.android.ugc.aweme.splash.SplashActivity,topStateChangedWhenResumed]
03-14 07:15:58.574 1533 11081 I wm_resume_activity: [0,57706815,12,com.android.launcher3/.uioverrides.QuickstepLauncher]
03-14 07:15:58.574 1533 11081 I wm_add_to_stopping: [0,245214548,com.ss.android.ugc.aweme/.splash.SplashActivity,makeInvisible]
03-14 07:15:58.575 2568 2568 I wm_on_resume_called: [57706815,com.android.launcher3.uioverrides.QuickstepLauncher,RESUME_ACTIVITY]
03-14 07:15:58.584 1533 1623 I input_focus: [Focus request 587a4a0 com.android.launcher3/com.android.launcher3.uioverrides.QuickstepLauncher,reason=UpdateInputWindows]
03-14 07:15:58.587 1533 11081 W FreeFormWindowHelper: Current Display FreeFormTask is null
03-14 07:15:58.587 1533 11081 W FreeFormWindowHelper: Current Display FreeFormTask is null
03-14 07:15:58.587 1533 1622 I sysui_multi_action: [757,803,799,window_time_0,802,1]
03-14 07:15:58.588 1533 2132 W FreeFormWindowHelper: Current Display FreeFormTask is null
03-14 07:15:58.592 1533 1781 I input_focus: [Focus leaving recents_animation_input_consumer (server),reason=NOT_VISIBLE]
03-14 07:15:58.597 1533 4977 I wm_stop_activity: [0,245214548,com.ss.android.ugc.aweme/.splash.SplashActivity]
03-14 07:15:58.599 1533 1622 I sysui_multi_action: [757,803,799,window_time_0,802,1]
03-14 07:15:58.607 1533 1781 I input_focus: [Focus entering 587a4a0 com.android.launcher3/com.android.launcher3.uioverrides.QuickstepLauncher (server),reason=setFocusedWindow]
03-14 07:15:58.638 25144 25144 I wm_on_paused_called: [245214548,com.ss.android.ugc.aweme.splash.SplashActivity,performPause]
03-14 07:15:58.655 1533 11081 W FreeFormWindowHelper: Current Display FreeFormTask is null
03-14 07:15:58.655 1533 11081 W FreeFormWindowHelper: Current Display FreeFormTask is null
03-14 07:15:58.658 2568 2568 I wm_on_top_resumed_gained_called: [57706815,com.android.launcher3.uioverrides.QuickstepLauncher,topStateChangedWhenResumed]
03-14 07:15:58.685 1533 11081 W FreeFormWindowHelper: Current Display FreeFormTask is null
03-14 07:15:58.708 25144 25144 I wm_on_stop_called: [245214548,com.ss.android.ugc.aweme.splash.SplashActivity,STOP_ACTIVITY_ITEM]
03-14 07:15:58.857 1533 1739 I commit_sys_config_file: [settings-1-0,4]
03-14 07:15:58.938 1533 1853 I netstats_mobile_sample: [0,0,0,0,0,0,0,0,0,0,0,0,1678774993189]
03-14 07:15:58.938 1533 1853 I netstats_wifi_sample: [93418776,76520,2012773,21743,93418776,76520,2012773,21743,91965405,77910,1666223,20758,1678774993189]
01-02 06:44:38.134 0 0 E DTC_ETH,link_delay_work_func: 3003, SQI=0, link=0
03-14 07:15:59.254 1533 1781 I input_interaction: Interaction with: 587a4a0 com.android.launcher3/com.android.launcher3.uioverrides.QuickstepLauncher (server), a76c92 com.android.systemui.ImageWallpaper (server), edge-swipe (server), swipe-up (server), PointerEventDispatcher0 (server),
03-14 07:15:59.329 1533 2128 I wm_task_moved: [11,1,9]
03-14 07:15:59.330 1533 2128 I wm_set_resumed_activity: [0,com.android.launcher3/.uioverrides.QuickstepLauncher,positionChildAt]
03-14 07:15:59.331 1533 2128 I wm_task_moved: [94,1,9]
03-14 07:15:59.331 1533 2128 I wm_task_to_front: [0,94]
03-14 07:15:59.332 1533 2128 I wm_focused_root_task: [0,0,94,11,moveTaskToFront findTaskToMoveToFront]
03-14 07:15:59.333 1533 2128 I wm_set_resumed_activity: [0,com.qiyi.video/.WelcomeActivity,moveTaskToFront findTaskToMoveToFront]
03-14 07:15:59.334 1533 2128 I wm_pause_activity: [0,57706815,com.android.launcher3/.uioverrides.QuickstepLauncher,userLeaving=true,pauseBackTasks]
03-14 07:15:59.343 2568 2568 I wm_on_top_resumed_lost_called: [57706815,com.android.launcher3.uioverrides.QuickstepLauncher,topStateChangedWhenResumed]
03-14 07:15:59.344 2568 2568 I wm_on_paused_called: [57706815,com.android.launcher3.uioverrides.QuickstepLauncher,performPause]
03-14 07:15:59.346 1533 11081 I ActivityTaskManager: FOREGROUND_APPLICATION_CHANGED to org.qiyi.android.video.MainActivity
03-14 07:15:59.348 1533 11081 I wm_set_resumed_activity: [0,com.qiyi.video/.WelcomeActivity,resumeTopActivityInnerLocked]
03-14 07:15:59.349 1533 11081 I wm_add_to_stopping: [0,57706815,com.android.launcher3/.uioverrides.QuickstepLauncher,makeInvisible]
03-14 07:15:59.352 1533 11081 I wm_resume_activity: [0,80811900,94,com.qiyi.video/.WelcomeActivity]
03-14 07:15:59.362 1533 1622 I sysui_multi_action: [757,803,799,window_time_0,802,0]
03-14 07:15:59.363 25644 25644 I wm_on_restart_called: [80811900,com.qiyi.video.WelcomeActivity,performRestartActivity]
03-14 07:15:59.371 25644 25644 I wm_on_start_called: [80811900,com.qiyi.video.WelcomeActivity,handleStartActivity]
03-14 07:15:59.379 1533 1781 I input_focus: [Focus leaving 587a4a0 com.android.launcher3/com.android.launcher3.uioverrides.QuickstepLauncher (server),reason=NO_WINDOW]
03-14 07:15:59.388 25644 25644 I wm_on_resume_called: [80811900,com.qiyi.video.WelcomeActivity,RESUME_ACTIVITY]
03-14 07:15:59.416 25644 25644 I wm_on_top_resumed_gained_called: [80811900,com.qiyi.video.WelcomeActivity,topWhenResuming]
03-14 07:15:59.449 1533 1623 I input_focus: [Focus request 34bd55d com.qiyi.video/com.qiyi.video.WelcomeActivity,reason=UpdateInputWindows]
03-14 07:15:59.464 1533 2128 W FreeFormWindowHelper: Current Display FreeFormTask is null
03-14 07:15:59.480 1533 1619 I sysui_multi_action: [319,44,321,41,322,135,325,12304,757,761,758,9,759,4,806,com.qiyi.video,871,com.qiyi.video.WelcomeActivity,904,com.android.launcher3,905,0,1320,4,1321,4]
03-14 07:15:59.486 1533 1781 I input_focus: [Focus entering 34bd55d com.qiyi.video/com.qiyi.video.WelcomeActivity (server),reason=setFocusedWindow]
03-14 07:15:59.611 0 0 I auditd : type=1400 audit(0.0:15516): avc: denied { kill } for comm="swapper/3" capability=5 scontext=u:r:kernel:s0 tcontext=u:r:kernel:s0 tclass=capability permissive=0
03-14 07:15:59.732 1533 1622 I wm_stop_activity: [0,57706815,com.android.launcher3/.uioverrides.QuickstepLauncher]
03-14 07:15:59.754 1533 1781 I input_interaction: Interaction with: 34bd55d com.qiyi.video/com.qiyi.video.WelcomeActivity (server), edge-swipe (server), swipe-up (server), PointerEventDispatcher0 (server),
03-14 07:15:59.766 1533 4977 I wm_task_moved: [11,0,0]
03-14 07:15:59.768 1533 4977 I wm_task_moved: [11,0,8]
03-14 07:15:59.770 1533 2132 W FreeFormWindowHelper: exitRecentTasks type=0
03-14 07:15:59.773 2568 2568 I wm_on_stop_called: [57706815,com.android.launcher3.uioverrides.QuickstepLauncher,STOP_ACTIVITY_ITEM]
03-14 07:15:59.780 1533 11081 W FreeFormWindowHelper: Current Display FreeFormTask is null
03-14 07:15:59.787 1533 4977 W FreeFormWindowHelper: Current Display FreeFormTask is null
03-14 07:15:59.788 2568 2568 I wm_on_restart_called: [57706815,com.android.launcher3.uioverrides.QuickstepLauncher,performRestartActivity]
03-14 07:15:59.788 2568 2568 I wm_on_start_called: [57706815,com.android.launcher3.uioverrides.QuickstepLauncher,handleStartActivity]
03-14 07:15:59.789 1533 4977 I ActivityTaskManager: Activity reported stop, but no longer stopping: ActivityRecord{370893f u0 com.android.launcher3/.uioverrides.QuickstepLauncher t12} STARTED
03-14 07:15:59.793 1533 4977 D WindowManager: relayoutVisibleWindow: Window{587a4a0 u0 com.android.launcher3/com.android.launcher3.uioverrides.QuickstepLauncher EXITING} mAnimatingExit=true, mRemoveOnExit=false, mDestroying=false
03-14 07:15:59.796 1533 4977 W FreeFormWindowHelper: Current Display FreeFormTask is null
03-14 07:15:59.796 1533 4977 W FreeFormWindowHelper: Current Display FreeFormTask is null
03-14 07:15:59.852 1533 4977 W FreeFormWindowHelper: Current Display FreeFormTask is null
03-14 07:15:59.852 1533 2038 W FreeFormWindowHelper: Current Display FreeFormTask is null
03-14 07:15:59.853 1533 2038 W FreeFormWindowHelper: Current Display FreeFormTask is null
03-14 07:15:59.853 25644 25644 I view_enqueue_input_event: [Motion - Cancel,com.qiyi.video/com.qiyi.video.WelcomeActivity]
03-14 07:15:59.858 1533 1781 I input_interaction: Interaction with: edge-swipe (server), swipe-up (server), PointerEventDispatcher0 (server),
03-14 07:15:59.869 2568 2568 I sysui_latency: [1,10]
03-14 07:15:59.870 1533 1623 I input_focus: [Focus request recents_animation_input_consumer,reason=UpdateInputWindows]
03-14 07:15:59.871 1533 2131 W FreeFormWindowHelper: Current Display FreeFormTask is null
03-14 07:15:59.871 1533 2131 W FreeFormWindowHelper: Current Display FreeFormTask is null
03-14 07:15:59.872 1533 4977 W FreeFormWindowHelper: Current Display FreeFormTask is null
03-14 07:15:59.874 1533 2131 W FreeFormWindowHelper: Current Display FreeFormTask is null
03-14 07:15:59.875 1533 11081 W FreeFormWindowHelper: Current Display FreeFormTask is null
03-14 07:15:59.876 1533 2131 W FreeFormWindowHelper: Current Display FreeFormTask is null
03-14 07:15:59.878 1533 4977 W FreeFormWindowHelper: Current Display FreeFormTask is null
03-14 07:15:59.878 1533 2131 W FreeFormWindowHelper: Current Display FreeFormTask is null
03-14 07:15:59.895 1533 1781 I input_focus: [Focus leaving 34bd55d com.qiyi.video/com.qiyi.video.WelcomeActivity (server),reason=NOT_FOCUSABLE]
03-14 07:15:59.895 1533 1781 I input_focus: [Focus entering recents_animation_input_consumer (server),reason=setFocusedWindow]
03-14 07:15:59.917 1533 11081 W ActivityTaskManager: getTaskSnapshot: taskId=-860 not found
03-14 07:15:59.918 1533 11081 W ActivityTaskManager: getTaskSnapshot: taskId=-860 not found
03-14 07:15:59.926 1533 4977 W FreeFormWindowHelper: Current Display FreeFormTask is null
03-14 07:15:59.926 1533 2131 W FreeFormWindowHelper: Current Display FreeFormTask is null
03-14 07:16:00.072 1533 1739 I commit_sys_config_file: [settings-1-0,6]
03-14 07:16:00.093 1533 2131 W FreeFormWindowHelper: Current Display FreeFormTask is null
03-14 07:16:00.093 1533 2132 W FreeFormWindowHelper: Current Display FreeFormTask is null
03-14 07:16:00.093 1533 2132 W FreeFormWindowHelper: Current Display FreeFormTask is null
03-14 07:16:00.443 1533 2132 I wm_task_moved: [11,1,9]
03-14 07:16:00.449 1533 2132 I wm_focused_root_task: [0,0,11,94,RecentsAnimation.onAnimationFinished()]
03-14 07:16:00.449 25644 25644 I wm_on_top_resumed_lost_called: [80811900,com.qiyi.video.WelcomeActivity,topStateChangedWhenResumed]
03-14 07:16:00.451 1533 2132 I wm_pause_activity: [0,80811900,com.qiyi.video/.WelcomeActivity,userLeaving=false,pauseBackTasks]
03-14 07:16:00.452 1533 2132 I ActivityTaskManager: FOREGROUND_APPLICATION_CHANGED to com.android.launcher3.uioverrides.QuickstepLauncher
03-14 07:16:00.452 1533 2132 I wm_set_resumed_activity: [0,com.android.launcher3/.uioverrides.QuickstepLauncher,resumeTopActivityInnerLocked]
03-14 07:16:00.459 1533 2132 I wm_resume_activity: [0,57706815,12,com.android.launcher3/.uioverrides.QuickstepLauncher]
03-14 07:16:00.460 1533 2132 I wm_add_to_stopping: [0,80811900,com.qiyi.video/.WelcomeActivity,makeInvisible]
03-14 07:16:00.460 2568 2568 I wm_on_resume_called: [57706815,com.android.launcher3.uioverrides.QuickstepLauncher,RESUME_ACTIVITY]
03-14 07:16:00.469 1533 1623 I input_focus: [Focus request 587a4a0 com.android.launcher3/com.android.launcher3.uioverrides.QuickstepLauncher,reason=UpdateInputWindows]
03-14 07:16:00.470 1533 1622 I sysui_multi_action: [757,803,799,window_time_0,802,1]
03-14 07:16:00.472 1533 11081 W FreeFormWindowHelper: Current Display FreeFormTask is null
03-14 07:16:00.472 1533 11081 W FreeFormWindowHelper: Current Display FreeFormTask is null
03-14 07:16:00.473 1533 11081 W FreeFormWindowHelper: Current Display FreeFormTask is null
03-14 07:16:00.473 1533 1622 I wm_stop_activity: [0,80811900,com.qiyi.video/.WelcomeActivity]
03-14 07:16:00.473 1533 1622 I sysui_multi_action: [757,803,799,window_time_0,802,0]
03-14 07:16:00.484 1533 1781 I input_focus: [Focus leaving recents_animation_input_consumer (server),reason=NOT_VISIBLE]
03-14 07:16:00.484 1533 1781 I input_focus: [Focus entering 587a4a0 com.android.launcher3/com.android.launcher3.uioverrides.QuickstepLauncher (server),reason=setFocusedWindow]
03-14 07:16:00.496 25644 25644 I wm_on_paused_called: [80811900,com.qiyi.video.WelcomeActivity,performPause]
03-14 07:16:00.515 25644 25644 I wm_on_stop_called: [80811900,com.qiyi.video.WelcomeActivity,STOP_ACTIVITY_ITEM]
03-14 07:16:00.534 1533 2132 W FreeFormWindowHelper: Current Display FreeFormTask is null
03-14 07:16:00.534 1533 2132 W FreeFormWindowHelper: Current Display FreeFormTask is null
03-14 07:16:00.538 2568 2568 I wm_on_top_resumed_gained_called: [57706815,com.android.launcher3.uioverrides.QuickstepLauncher,topStateChangedWhenResumed]
03-14 07:16:00.570 1533 4977 W FreeFormWindowHelper: Current Display FreeFormTask is null
03-14 07:16:00.738 1533 1739 I commit_sys_config_file: [settings-1-0,7]
01-02 06:44:39.926 0 0 E msm_pcm_playback_close: CMD_EOS failed, cmd_pending 0x8
01-02 06:44:40.605 0 0 I [soft_i][0x37069228dc][07:16:01.421619] wlan: [0:I:QDF] DNS_Q TX: SA:56:f4:a3:ce:a6:5f DA:d6:44:3b:15:39:91 msdu_id:2910 status: nack
03-14 07:16:01.611 0 0 I auditd : type=1400 audit(0.0:15517): avc: denied { kill } for comm="swapper/3" capability=5 scontext=u:r:kernel:s0 tcontext=u:r:kernel:s0 tclass=capability permissive=0
03-14 07:16:02.611 5335 5335 I auditd : type=1400 audit(0.0:15518): avc: denied { kill } for comm="dp_rx_thread_0" capability=5 scontext=u:r:kernel:s0 tcontext=u:r:kernel:s0 tclass=capability permissive=0
01-02 06:44:42.488 0 0 I msm_vidc: err : ffffffff: .....: DBLP Set: status 0
01-02 06:44:43.254 0 0 E DTC_ETH,link_delay_work_func: 3003, SQI=0, link=0
01-02 06:44:43.386 0 0 I [soft_i][0x3709c0aaa3][07:16:04.201803] wlan: [0:I:QDF] DNS_Q TX: SA:56:f4:a3:ce:a6:5f DA:d6:44:3b:15:39:91 msdu_id:3083 status: nack
01-02 06:44:43.710 0 0 E msm_pcm_playback_close: CMD_EOS failed, cmd_pending 0x8
03-14 07:16:04.611 0 0 I auditd : type=1400 audit(0.0:15519): avc: denied { kill } for comm="swapper/0" capability=5 scontext=u:r:kernel:s0 tcontext=u:r:kernel:s0 tclass=capability permissive=0
03-14 07:16:05.393 1533 1853 I netstats_mobile_sample: [0,0,0,0,0,0,0,0,0,0,0,0,1678774999645]
03-14 07:16:05.394 1533 1853 I netstats_wifi_sample: [93418776,76520,2012773,21743,93418776,76520,2012773,21743,91965405,77910,1666223,20758,1678774999645]
03-14 07:16:05.611 0 0 I auditd : type=1400 audit(0.0:15520): avc: denied { kill } for comm="swapper/0" capability=5 scontext=u:r:kernel:s0 tcontext=u:r:kernel:s0 tclass=capability permissive=0
03-14 07:16:06.395 1533 1533 I notification_enqueue: [10093,21458,com.tencent.tmgp.pubgmhd,1,NULL,0,Notification(channel=my_channel_01 shortcut=null contentView=null vibrate=null sound=null defaults=0x0 flags=0x40 color=0x00000000 vis=PRIVATE),0]
03-14 07:16:06.597 1533 1533 I sysui_multi_action: [757,1501,758,1,793,204,794,0,795,204,796,1,806,com.tencent.tmgp.pubgmhd,857,my_channel_01,858,3,947,0,1500,0,1688,1]
03-14 07:16:06.597 1533 1533 I sysui_multi_action: [757,804,799,note_interruptive,801,0,802,1]
03-14 07:16:06.597 1533 1533 I GameModeConfig: isGameModeOn = true
03-14 07:16:06.598 1533 1533 I GameModeConfig: isGaming = false
03-14 07:16:06.602 1533 1533 W NotificationHistory: Attempted to add notif for locked/gone/disabled user 0
03-14 07:16:06.611 25091 25091 I auditd : type=1400 audit(0.0:15521): avc: denied { kill } for comm="kworker/0:0" capability=5 scontext=u:r:kernel:s0 tcontext=u:r:kernel:s0 tclass=capability permissive=0
01-02 06:44:45.852 0 0 I msm_vidc: err : ffffffff: .....: DBLP Set: status 0
03-14 07:16:07.611 0 0 I auditd : type=1400 audit(0.0:15522): avc: denied { kill } for comm="swapper/0" capability=5 scontext=u:r:kernel:s0 tcontext=u:r:kernel:s0 tclass=capability permissive=0
03-14 07:16:08.611 0 0 I auditd : type=1400 audit(0.0:15523): avc: denied { kill } for comm="swapper/0" capability=5 scontext=u:r:kernel:s0 tcontext=u:r:kernel:s0 tclass=capability permissive=0
01-02 06:44:48.376 0 0 E DTC_ETH,link_delay_work_func: 3003, SQI=0, link=0
01-02 06:44:48.472 0 0 I msm_vidc: err : ffffffff: .....: DBLP Set: status 0
03-14 07:16:09.611 0 0 I auditd : type=1400 audit(0.0:15524): avc: denied { kill } for comm="swapper/0" capability=5 scontext=u:r:kernel:s0 tcontext=u:r:kernel:s0 tclass=capability permissive=0
03-14 07:16:10.611 0 0 I auditd : type=1400 audit(0.0:15525): avc: denied { kill } for comm="swapper/0" capability=5 scontext=u:r:kernel:s0 tcontext=u:r:kernel:s0 tclass=capability permissive=0
01-02 06:44:50.678 0 0 E msm_pcm_playback_close: CMD_EOS failed, cmd_pending 0x8
03-14 07:16:11.611 0 0 I auditd : type=1400 audit(0.0:15526): avc: denied { kill } for comm="swapper/0" capability=5 scontext=u:r:kernel:s0 tcontext=u:r:kernel:s0 tclass=capability permissive=0
01-02 06:44:51.286 0 0 E msm_pcm_playback_close: CMD_EOS failed, cmd_pending 0x8
03-14 07:16:12.611 0 0 I auditd : type=1400 audit(0.0:15527): avc: denied { kill } for comm="swapper/0" capability=5 scontext=u:r:kernel:s0 tcontext=u:r:kernel:s0 tclass=capability permissive=0
03-14 07:16:13.611 0 0 I auditd : type=1400 audit(0.0:15528): avc: denied { kill } for comm="swapper/0" capability=5 scontext=u:r:kernel:s0 tcontext=u:r:kernel:s0 tclass=capability permissive=0
01-02 06:44:53.495 0 0 E DTC_ETH,link_delay_work_func: 3003, SQI=0, link=0
03-14 07:16:14.611 0 0 I auditd : type=1400 audit(0.0:15529): avc: denied { kill } for comm="swapper/0" capability=5 scontext=u:r:kernel:s0 tcontext=u:r:kernel:s0 tclass=capability permissive=0
01-02 06:44:53.950 0 0 E msm_pcm_playback_close: CMD_EOS failed, cmd_pending 0x8
03-14 07:16:14.850 1533 1853 I netstats_mobile_sample: [0,0,0,0,0,0,0,0,0,0,0,0,1678775009101]
03-14 07:16:14.850 1533 1853 I netstats_wifi_sample: [93418776,76520,2012773,21743,93418776,76520,2012773,21743,91965405,77910,1666223,20758,1678775009101]
03-14 07:16:15.611 0 0 I auditd : type=1400 audit(0.0:15530): avc: denied { kill } for comm="swapper/0" capability=5 scontext=u:r:kernel:s0 tcontext=u:r:kernel:s0 tclass=capability permissive=0
03-14 07:16:16.611 0 0 I auditd : type=1400 audit(0.0:15531): avc: denied { kill } for comm="swapper/0" capability=5 scontext=u:r:kernel:s0 tcontext=u:r:kernel:s0 tclass=capability permissive=0
03-14 07:16:16.647 1533 1919 I GameModeConfig: isGameModeOn = true
03-14 07:16:16.647 1533 1919 I GameModeConfig: isGaming = false
03-14 07:16:17.611 0 0 I auditd : type=1400 audit(0.0:15532): avc: denied { kill } for comm="swapper/0" capability=5 scontext=u:r:kernel:s0 tcontext=u:r:kernel:s0 tclass=capability permissive=0
03-14 07:16:18.611 0 0 I auditd : type=1400 audit(0.0:15533): avc: denied { kill } for comm="swapper/0" capability=5 scontext=u:r:kernel:s0 tcontext=u:r:kernel:s0 tclass=capability permissive=0
01-02 06:44:58.425 0 0 I msm_vidc: err : ffffffff: .....: DBLP Set: status 0
01-02 06:44:58.615 0 0 E DTC_ETH,link_delay_work_func: 3003, SQI=0, link=0
03-14 07:16:19.611 0 0 I auditd : type=1400 audit(0.0:15534): avc: denied { kill } for comm="swapper/0" capability=5 scontext=u:r:kernel:s0 tcontext=u:r:kernel:s0 tclass=capability permissive=0
03-14 07:16:20.611 0 0 I auditd : type=1400 audit(0.0:15535): avc: denied { kill } for comm="swapper/0" capability=5 scontext=u:r:kernel:s0 tcontext=u:r:kernel:s0 tclass=capability permissive=0
01-02 06:44:59.934 0 0 I logd : logdr: UID=1000 GID=1000 PID=31237 n tail=127 logMask=19 pid=0 start=0ns deadline=0ns
01-02 06:45:00.048 0 0 I logd : logdr: UID=1000 GID=1000 PID=31242 n tail=127 logMask=80 pid=0 start=0ns deadline=0ns
03-14 07:16:20.947 831 831 I auditd : type=1400 audit(0.0:15536): avc: denied { search } for comm="wifi@1.0-servic" name="tombstones" dev="dm-10" ino=36 scontext=u:r:hal_wifi_default:s0 tcontext=u:object_r:vendor_tombstone_data_file:s0 tclass=dir permissive=0
03-14 07:16:20.952 831 831 E android.hardware.wifi@1.0-service: Failed to open directory: Permission denied
03-14 07:16:20.952 831 831 E android.hardware.wifi@1.0-service: Error occurred while deleting old tombstone files
03-14 07:16:20.952 831 831 E android.hardware.wifi@1.0-service: Error writing files to flash
03-14 07:16:21.611 0 0 I auditd : type=1400 audit(0.0:15537): avc: denied { kill } for comm="swapper/0" capability=5 scontext=u:r:kernel:s0 tcontext=u:r:kernel:s0 tclass=capability permissive=0
03-14 07:16:22.611 0 0 I auditd : type=1400 audit(0.0:15538): avc: denied { kill } for comm="swapper/0" capability=5 scontext=u:r:kernel:s0 tcontext=u:r:kernel:s0 tclass=capability permissive=0
01-02 06:45:02.241 0 0 E [wifi@1][0x371f54aec4][07:16:23.057111] wlan: [831:E:QDF] cds_flush_logs: 2424: Bug report already in progress - dropping! type:0, indicator=1 reason_code=0
01-02 06:45:02.241 0 0 E [wifi@1][0x371f54b24e][07:16:23.057158] wlan: [831:E:HDD] __wlan_hdd_cfg80211_wifi_logger_get_ring_data: 9840: Failed to trigger bug report
01-02 06:45:02.272 0 0 I logd : logdr: UID=1000 GID=1000 PID=31256 n tail=127 logMask=19 pid=0 start=0ns deadline=0ns
01-02 06:45:02.385 0 0 I logd : logdr: UID=1000 GID=1000 PID=31258 n tail=127 logMask=80 pid=0 start=0ns deadline=0ns
03-14 07:16:23.283 831 831 I auditd : type=1400 audit(0.0:15539): avc: denied { search } for comm="wifi@1.0-servic" name="tombstones" dev="dm-10" ino=36 scontext=u:r:hal_wifi_default:s0 tcontext=u:object_r:vendor_tombstone_data_file:s0 tclass=dir permissive=0
03-14 07:16:23.289 831 831 E android.hardware.wifi@1.0-service: Failed to open directory: Permission denied
03-14 07:16:23.289 831 831 E android.hardware.wifi@1.0-service: Error occurred while deleting old tombstone files
03-14 07:16:23.289 831 831 E android.hardware.wifi@1.0-service: Error writing files to flash
03-14 07:16:23.611 0 0 I auditd : type=1400 audit(0.0:15540): avc: denied { kill } for comm="swapper/0" capability=5 scontext=u:r:kernel:s0 tcontext=u:r:kernel:s0 tclass=capability permissive=0
01-02 06:45:03.736 0 0 E DTC_ETH,link_delay_work_func: 3003, SQI=0, link=0
03-14 07:16:24.611 0 0 I auditd : type=1400 audit(0.0:15541): avc: denied { kill } for comm="swapper/0" capability=5 scontext=u:r:kernel:s0 tcontext=u:r:kernel:s0 tclass=capability permissive=0
01-02 06:45:04.190 0 0 E msm_pcm_playback_close: CMD_EOS failed, cmd_pending 0x8
03-14 07:16:25.611 0 0 I auditd : type=1400 audit(0.0:15542): avc: denied { kill } for comm="swapper/0" capability=5 scontext=u:r:kernel:s0 tcontext=u:r:kernel:s0 tclass=capability permissive=0
01-02 06:45:05.728 0 0 I logd : logdr: UID=1000 GID=1000 PID=31267 n tail=127 logMask=19 pid=0 start=0ns deadline=0ns
03-14 07:16:26.611 0 0 I auditd : type=1400 audit(0.0:15543): avc: denied { kill } for comm="swapper/0" capability=5 scontext=u:r:kernel:s0 tcontext=u:r:kernel:s0 tclass=capability permissive=0
01-02 06:45:05.841 0 0 I logd : logdr: UID=1000 GID=1000 PID=31269 n tail=127 logMask=80 pid=0 start=0ns deadline=0ns
03-14 07:16:26.744 831 831 E android.hardware.wifi@1.0-service: Failed to open directory: Permission denied
03-14 07:16:26.744 831 831 E android.hardware.wifi@1.0-service: Error occurred while deleting old tombstone files
03-14 07:16:26.744 831 831 E android.hardware.wifi@1.0-service: Error writing files to flash
03-14 07:16:26.739 831 831 I auditd : type=1400 audit(0.0:15544): avc: denied { search } for comm="wifi@1.0-servic" name="tombstones" dev="dm-10" ino=36 scontext=u:r:hal_wifi_default:s0 tcontext=u:object_r:vendor_tombstone_data_file:s0 tclass=dir permissive=0
03-14 07:16:27.611 0 0 I auditd : type=1400 audit(0.0:15545): avc: denied { kill } for comm="swapper/0" capability=5 scontext=u:r:kernel:s0 tcontext=u:r:kernel:s0 tclass=capability permissive=0
03-14 07:16:28.611 0 0 I auditd : type=1400 audit(0.0:15546): avc: denied { kill } for comm="swapper/0" capability=5 scontext=u:r:kernel:s0 tcontext=u:r:kernel:s0 tclass=capability permissive=0
01-02 06:45:08.292 0 0 E [wifi@1][0x372641673c][07:16:29.107997] wlan: [831:E:QDF] cds_flush_logs: 2424: Bug report already in progress - dropping! type:0, indicator=1 reason_code=0
01-02 06:45:08.292 0 0 E [wifi@1][0x3726416ad6][07:16:29.108045] wlan: [831:E:HDD] __wlan_hdd_cfg80211_wifi_logger_get_ring_data: 9840: Failed to trigger bug report
01-02 06:45:08.321 0 0 I logd : logdr: UID=1000 GID=1000 PID=31275 n tail=127 logMask=19 pid=0 start=0ns deadline=0ns
01-02 06:45:08.434 0 0 I logd : logdr: UID=1000 GID=1000 PID=31277 n tail=127 logMask=80 pid=0 start=0ns deadline=0ns
03-14 07:16:29.335 831 831 I auditd : type=1400 audit(0.0:15547): avc: denied { search } for comm="wifi@1.0-servic" name="tombstones" dev="dm-10" ino=36 scontext=u:r:hal_wifi_default:s0 tcontext=u:object_r:vendor_tombstone_data_file:s0 tclass=dir permissive=0
03-14 07:16:29.339 831 831 E android.hardware.wifi@1.0-service: Failed to open directory: Permission denied
03-14 07:16:29.339 831 831 E android.hardware.wifi@1.0-service: Error occurred while deleting old tombstone files
03-14 07:16:29.340 831 831 E android.hardware.wifi@1.0-service: Error writing files to flash
03-14 07:16:29.611 0 0 I auditd : type=1400 audit(0.0:15548): avc: denied { kill } for comm="swapper/0" capability=5 scontext=u:r:kernel:s0 tcontext=u:r:kernel:s0 tclass=capability permissive=0
01-02 06:45:08.855 0 0 E DTC_ETH,link_delay_work_func: 3003, SQI=0, link=0
03-14 07:16:30.611 0 0 I auditd : type=1400 audit(0.0:15549): avc: denied { kill } for comm="swapper/0" capability=5 scontext=u:r:kernel:s0 tcontext=u:r:kernel:s0 tclass=capability permissive=0
01-02 06:45:10.656 0 0 I logd : logdr: UID=1000 GID=1000 PID=31282 n tail=127 logMask=19 pid=0 start=0ns deadline=0ns
01-02 06:45:10.769 0 0 I logd : logdr: UID=1000 GID=1000 PID=31284 n tail=127 logMask=80 pid=0 start=0ns deadline=0ns
03-14 07:16:31.611 0 0 I auditd : type=1400 audit(0.0:15550): avc: denied { kill } for comm="swapper/0" capability=5 scontext=u:r:kernel:s0 tcontext=u:r:kernel:s0 tclass=capability permissive=0
03-14 07:16:31.673 831 831 E android.hardware.wifi@1.0-service: Failed to open directory: Permission denied
03-14 07:16:31.673 831 831 E android.hardware.wifi@1.0-service: Error occurred while deleting old tombstone files
03-14 07:16:31.673 831 831 E android.hardware.wifi@1.0-service: Error writing files to flash
03-14 07:16:31.667 831 831 I auditd : type=1400 audit(0.0:15551): avc: denied { search } for comm="wifi@1.0-servic" name="tombstones" dev="dm-10" ino=36 scontext=u:r:hal_wifi_default:s0 tcontext=u:object_r:vendor_tombstone_data_file:s0 tclass=dir permissive=0
03-14 07:16:32.015 1533 1932 W ProcessStats: Tracking association SourceState{8659739 com.tencent.tmgp.pubgmhd:xg_vip_service/10093 BTopFgs #10615} whose proc state 2 is better than process ProcessState{69166df com.tencent.tmgp.pubgmhd/10093 pkg=com.tencent.tmgp.pubgmhd} proc state 3 (70 skipped)
03-14 07:16:32.028 1533 12036 W ActivityManager: Unable to start service Intent { act=com.tencent.tpns.mqttchannel.FEEDBACK pkg=com.tencent.tmgp.pubgmhd } U=0: not found
03-14 07:16:32.611 0 0 I auditd : type=1400 audit(0.0:15552): avc: denied { kill } for comm="swapper/0" capability=5 scontext=u:r:kernel:s0 tcontext=u:r:kernel:s0 tclass=capability permissive=0
03-14 07:16:32.659 27685 27685 I auditd : type=1400 audit(0.0:15553): avc: denied { read } for comm="pcdn_udp" name="snmp" dev="proc" ino=4026532270 scontext=u:r:untrusted_app_29:s0:c94,c256,c512,c768 tcontext=u:object_r:proc_net:s0 tclass=file permissive=0 app=com.tencent.tmgp.sgame
03-14 07:16:33.611 0 0 I auditd : type=1400 audit(0.0:15554): avc: denied { kill } for comm="swapper/0" capability=5 scontext=u:r:kernel:s0 tcontext=u:r:kernel:s0 tclass=capability permissive=0
01-02 06:45:13.016 0 0 I msm_vidc: err : ffffffff: .....: DBLP Set: status 0
01-02 06:45:13.090 0 0 E [wifi@1][0x372bbf2eee][07:16:33.906393] wlan: [831:E:QDF] cds_flush_logs: 2424: Bug report already in progress - dropping! type:0, indicator=1 reason_code=0
01-02 06:45:13.090 0 0 E [wifi@1][0x372bbf3229][07:16:33.906436] wlan: [831:E:HDD] __wlan_hdd_cfg80211_wifi_logger_get_ring_data: 9840: Failed to trigger bug report
01-02 06:45:13.116 0 0 I logd : logdr: UID=1000 GID=1000 PID=31289 n tail=127 logMask=19 pid=0 start=0ns deadline=0ns
01-02 06:45:13.154 0 0 I [schedu][0x372bd1f06f][07:16:33.970413] wlan: [5333:I:WMA] [07:16:33.910000] [ROAM_TRIGGER]: VDEV[0] Reason: "FORCED SCAN"
01-02 06:45:13.154 0 0 I [schedu][0x372bd1f217][07:16:33.970435] wlan: [5333:I:WMA] [07:16:33.910000] [ROAM_SCAN]: VDEV[0] Scan_type: PARTIAL {2452 }
01-02 06:45:13.154 0 0 I [schedu][0x372bd1f2a0][07:16:33.970442] wlan: [5333:I:WMA] ============================================================================================================================
01-02 06:45:13.154 0 0 I [schedu][0x372bd1f4a1][07:16:33.970469] wlan: [5333:I:WMA] AP BSSID TSTAMP CH TY ETP RSSI/SCR CU%/SCR TOT_SCR BL_RSN BL_SRC BL_TSTAMP BL_TIMEOUT(ms)
01-02 06:45:13.154 0 0 I [schedu][0x372bd1f522][07:16:33.970476] wlan: [5333:I:WMA] ============================================================================================================================
01-02 06:45:13.154 0 0 I [schedu][0x372bd1f603][07:16:33.970487] wlan: [5333:I:WMA] d6:44:3b:15:39:91 [07:16:33.910000] 2452 P_AP 0 67/0 0/0 4936 0 0 [00:00:00.000000] 0
01-02 06:45:13.154 0 0 I [schedu][0x372bd1f6be][07:16:33.970497] wlan: [5333:I:WMA] [07:16:33.968000] [ROAM_RESULT]: VDEV[0] FAILED Reason: NO AP FOUND
01-02 06:45:13.229 0 0 I logd : logdr: UID=1000 GID=1000 PID=31291 n tail=127 logMask=80 pid=0 start=0ns deadline=0ns
03-14 07:16:34.131 831 831 I auditd : type=1400 audit(0.0:15555): avc: denied { search } for comm="wifi@1.0-servic" name="tombstones" dev="dm-10" ino=36 scontext=u:r:hal_wifi_default:s0 tcontext=u:object_r:vendor_tombstone_data_file:s0 tclass=dir permissive=0
03-14 07:16:34.135 831 831 E android.hardware.wifi@1.0-service: Failed to open directory: Permission denied
03-14 07:16:34.135 831 831 E android.hardware.wifi@1.0-service: Error occurred while deleting old tombstone files
03-14 07:16:34.135 831 831 E android.hardware.wifi@1.0-service: Error writing files to flash
03-14 07:16:34.611 0 0 I auditd : type=1400 audit(0.0:15556): avc: denied { kill } for comm="swapper/0" capability=5 scontext=u:r:kernel:s0 tcontext=u:r:kernel:s0 tclass=capability permissive=0
01-02 06:45:13.974 0 0 E DTC_ETH,link_delay_work_func: 3003, SQI=0, link=0
01-02 06:45:14.430 0 0 E msm_pcm_playback_close: CMD_EOS failed, cmd_pending 0x8
03-14 07:16:35.611 19412 19412 I auditd : type=1400 audit(0.0:15557): avc: denied { kill } for comm="kworker/u16:9" capability=5 scontext=u:r:kernel:s0 tcontext=u:r:kernel:s0 tclass=capability permissive=0
03-14 07:16:35.883 1533 1853 I netstats_mobile_sample: [0,0,0,0,0,0,0,0,0,0,0,0,1678775030134]
03-14 07:16:35.883 1533 1853 I netstats_wifi_sample: [93418776,76520,2012773,21743,93418776,76520,2012773,21743,91965405,77910,1666223,20758,1678775030134]
03-14 07:16:36.611 0 0 I auditd : type=1400 audit(0.0:15558): avc: denied { kill } for comm="swapper/0" capability=5 scontext=u:r:kernel:s0 tcontext=u:r:kernel:s0 tclass=capability permissive=0
01-02 06:45:16.027 0 0 I msm_vidc: err : ffffffff: .....: DBLP Set: status 0
01-02 06:45:16.660 0 0 I [schedu][0x372fd4f137][07:16:37.475917] wlan: [5333:I:WMA] [07:16:33.974000] [ROAM_TRIGGER]: VDEV[0] Reason: "FORCED SCAN" Sub-Reason: FULL SCAN
01-02 06:45:16.660 0 0 I [schedu][0x372fd4f436][07:16:37.475957] wlan: [5333:I:WMA] [07:16:33.974000] [ROAM_SCAN]: VDEV[0] Scan_type: FULL
01-02 06:45:16.660 0 0 I [schedu][0x372fd4f570][07:16:37.475973] wlan: [5333:I:WMA] ============================================================================================================================
01-02 06:45:16.660 0 0 I [schedu][0x372fd4f714][07:16:37.475995] wlan: [5333:I:WMA] AP BSSID TSTAMP CH TY ETP RSSI/SCR CU%/SCR TOT_SCR BL_RSN BL_SRC BL_TSTAMP BL_TIMEOUT(ms)
01-02 06:45:16.660 0 0 I [schedu][0x372fd4f863][07:16:37.476012] wlan: [5333:I:WMA] ============================================================================================================================
01-02 06:45:16.660 0 0 I [schedu][0x372fd4fa95][07:16:37.476042] wlan: [5333:I:WMA] d6:44:3b:15:39:91 [07:16:33.974000] 2452 P_AP 0 67/0 0/0 4936 0 0 [00:00:00.000000] 0
01-02 06:45:16.660 0 0 I [schedu][0x372fd4fc4d][07:16:37.476065] wlan: [5333:I:WMA] [07:16:37.473000] [ROAM_RESULT]: VDEV[0] FAILED Reason: NO AP FOUND
03-14 07:16:37.611 0 0 I auditd : type=1400 audit(0.0:15559): avc: denied { kill } for comm="swapper/0" capability=5 scontext=u:r:kernel:s0 tcontext=u:r:kernel:s0 tclass=capability permissive=0
01-02 06:45:17.151 0 0 I logd : logdr: UID=1000 GID=1000 PID=31310 n tail=127 logMask=19 pid=0 start=0ns deadline=0ns
01-02 06:45:17.264 0 0 I logd : logdr: UID=1000 GID=1000 PID=31312 n tail=127 logMask=80 pid=0 start=0ns deadline=0ns
03-14 07:16:38.169 831 831 E android.hardware.wifi@1.0-service: Failed to open directory: Permission denied
03-14 07:16:38.163 831 831 I auditd : type=1400 audit(0.0:15560): avc: denied { search } for comm="wifi@1.0-servic" name="tombstones" dev="dm-10" ino=36 scontext=u:r:hal_wifi_default:s0 tcontext=u:object_r:vendor_tombstone_data_file:s0 tclass=dir permissive=0
03-14 07:16:38.169 831 831 E android.hardware.wifi@1.0-service: Error occurred while deleting old tombstone files
03-14 07:16:38.169 831 831 E android.hardware.wifi@1.0-service: Error writing files to flash
03-14 07:16:38.611 0 0 I auditd : type=1400 audit(0.0:15561): avc: denied { kill } for comm="swapper/0" capability=5 scontext=u:r:kernel:s0 tcontext=u:r:kernel:s0 tclass=capability permissive=0
01-02 06:45:18.089 0 0 I [soft_i][0x373177baf8][07:16:38.905381] wlan: [0:I:QDF] DNS_Q TX: SA:56:f4:a3:ce:a6:5f DA:d6:44:3b:15:39:91 msdu_id:2442 status: nack
03-14 07:16:39.611 0 0 I auditd : type=1400 audit(0.0:15562): avc: denied { kill } for comm="swapper/0" capability=5 scontext=u:r:kernel:s0 tcontext=u:r:kernel:s0 tclass=capability permissive=0
01-02 06:45:19.065 0 0 I msm_vidc: err : ffffffff: .....: DBLP Set: status 0
01-02 06:45:19.094 0 0 E DTC_ETH,link_delay_work_func: 3003, SQI=0, link=0
01-02 06:45:19.520 0 0 E [wifi@1][0x37331b0e3f][07:16:40.336677] wlan: [831:E:QDF] cds_flush_logs: 2424: Bug report already in progress - dropping! type:0, indicator=1 reason_code=0
01-02 06:45:19.520 0 0 E [wifi@1][0x37331b1186][07:16:40.336721] wlan: [831:E:HDD] __wlan_hdd_cfg80211_wifi_logger_get_ring_data: 9840: Failed to trigger bug report
01-02 06:45:19.550 0 0 I logd : logdr: UID=1000 GID=1000 PID=31321 n tail=127 logMask=19 pid=0 start=0ns deadline=0ns
01-02 06:45:19.664 0 0 I logd : logdr: UID=1000 GID=1000 PID=31323 n tail=127 logMask=80 pid=0 start=0ns deadline=0ns
03-14 07:16:40.563 831 831 I auditd : type=1400 audit(0.0:15563): avc: denied { search } for comm="wifi@1.0-servic" name="tombstones" dev="dm-10" ino=36 scontext=u:r:hal_wifi_default:s0 tcontext=u:object_r:vendor_tombstone_data_file:s0 tclass=dir permissive=0
03-14 07:16:40.569 831 831 E android.hardware.wifi@1.0-service: Failed to open directory: Permission denied
03-14 07:16:40.569 831 831 E android.hardware.wifi@1.0-service: Error occurred while deleting old tombstone files
03-14 07:16:40.569 831 831 E android.hardware.wifi@1.0-service: Error writing files to flash
03-14 07:16:40.611 0 0 I auditd : type=1400 audit(0.0:15564): avc: denied { kill } for comm="swapper/0" capability=5 scontext=u:r:kernel:s0 tcontext=u:r:kernel:s0 tclass=capability permissive=0
03-14 07:16:41.611 0 0 I auditd : type=1400 audit(0.0:15565): avc: denied { kill } for comm="swapper/0" capability=5 scontext=u:r:kernel:s0 tcontext=u:r:kernel:s0 tclass=capability permissive=0
03-14 07:16:41.679 831 831 I auditd : type=1400 audit(0.0:15566): avc: denied { search } for comm="wifi@1.0-servic" name="tombstones" dev="dm-10" ino=36 scontext=u:r:hal_wifi_default:s0 tcontext=u:object_r:vendor_tombstone_data_file:s0 tclass=dir permissive=0
03-14 07:16:41.685 831 831 E android.hardware.wifi@1.0-service: Failed to open directory: Permission denied
03-14 07:16:41.685 831 831 E android.hardware.wifi@1.0-service: Error occurred while deleting old tombstone files
03-14 07:16:41.685 831 831 E android.hardware.wifi@1.0-service: Error writing files to flash
03-14 07:16:42.031 1533 14010 W ProcessStats: Tracking association SourceState{8659739 com.tencent.tmgp.pubgmhd:xg_vip_service/10093 BTopFgs #10628} whose proc state 2 is better than process ProcessState{69166df com.tencent.tmgp.pubgmhd/10093 pkg=com.tencent.tmgp.pubgmhd} proc state 3 (7 skipped)
01-02 06:45:21.356 0 0 I [soft_i][0x373534c3af][07:16:42.172057] wlan: [0:I:QDF] DNS_Q TX: SA:56:f4:a3:ce:a6:5f DA:d6:44:3b:15:39:91 msdu_id:949 status: nack
03-14 07:16:42.611 0 0 I auditd : type=1400 audit(0.0:15567): avc: denied { kill } for comm="swapper/0" capability=5 scontext=u:r:kernel:s0 tcontext=u:r:kernel:s0 tclass=capability permissive=0
01-02 06:45:22.072 0 0 I msm_vidc: err : ffffffff: .....: DBLP Set: status 0
01-02 06:45:22.367 0 0 E [wifi@1][0x37365d200b][07:16:43.183634] wlan: [831:E:QDF] cds_flush_logs: 2424: Bug report already in progress - dropping! type:0, indicator=1 reason_code=0
01-02 06:45:22.367 0 0 E [wifi@1][0x37365d231a][07:16:43.183675] wlan: [831:E:HDD] __wlan_hdd_cfg80211_wifi_logger_get_ring_data: 9840: Failed to trigger bug report
01-02 06:45:22.394 0 0 I logd : logdr: UID=1000 GID=1000 PID=31361 n tail=127 logMask=19 pid=0 start=0ns deadline=0ns
01-02 06:45:22.507 0 0 I logd : logdr: UID=1000 GID=1000 PID=31363 n tail=127 logMask=80 pid=0 start=0ns deadline=0ns
03-14 07:16:43.412 831 831 E android.hardware.wifi@1.0-service: Failed to open directory: Permission denied
03-14 07:16:43.412 831 831 E android.hardware.wifi@1.0-service: Error occurred while deleting old tombstone files
03-14 07:16:43.407 831 831 I auditd : type=1400 audit(0.0:15568): avc: denied { search } for comm="wifi@1.0-servic" name="tombstones" dev="dm-10" ino=36 scontext=u:r:hal_wifi_default:s0 tcontext=u:object_r:vendor_tombstone_data_file:s0 tclass=dir permissive=0
03-14 07:16:43.412 831 831 E android.hardware.wifi@1.0-service: Error writing files to flash
03-14 07:16:43.611 0 0 I auditd : type=1400 audit(0.0:15569): avc: denied { kill } for comm="swapper/0" capability=5 scontext=u:r:kernel:s0 tcontext=u:r:kernel:s0 tclass=capability permissive=0
01-02 06:45:23.199 0 0 E [wifi@1][0x373750cf1f][07:16:44.015409] wlan: [831:E:QDF] cds_flush_logs: 2424: Bug report already in progress - dropping! type:0, indicator=1 reason_code=0
01-02 06:45:23.199 0 0 E [wifi@1][0x373750d189][07:16:44.015441] wlan: [831:E:HDD] __wlan_hdd_cfg80211_wifi_logger_get_ring_data: 9840: Failed to trigger bug report
01-02 06:45:23.223 0 0 I logd : logdr: UID=1000 GID=1000 PID=31365 n tail=127 logMask=19 pid=0 start=0ns deadline=0ns
01-02 06:45:23.329 0 0 I logd : logdr: UID=1000 GID=1000 PID=31375 n tail=127 logMask=80 pid=0 start=0ns deadline=0ns
03-14 07:16:44.235 831 831 I auditd : type=1400 audit(0.0:15570): avc: denied { search } for comm="wifi@1.0-servic" name="tombstones" dev="dm-10" ino=36 scontext=u:r:hal_wifi_default:s0 tcontext=u:object_r:vendor_tombstone_data_file:s0 tclass=dir permissive=0
03-14 07:16:44.239 831 831 E android.hardware.wifi@1.0-service: Failed to open directory: Permission denied
03-14 07:16:44.239 831 831 E android.hardware.wifi@1.0-service: Error occurred while deleting old tombstone files
03-14 07:16:44.239 831 831 E android.hardware.wifi@1.0-service: Error writing files to flash
03-14 07:16:44.611 0 0 I auditd : type=1400 audit(0.0:15571): avc: denied { kill } for comm="swapper/0" capability=5 scontext=u:r:kernel:s0 tcontext=u:r:kernel:s0 tclass=capability permissive=0
01-02 06:45:24.215 0 0 E DTC_ETH,link_delay_work_func: 3003, SQI=0, link=0
01-02 06:45:24.670 0 0 E msm_pcm_playback_close: CMD_EOS failed, cmd_pending 0x8
01-02 06:45:24.707 0 0 I [soft_i][0x37390a7ea0][07:16:45.523029] wlan: [0:I:QDF] DNS_Q TX: SA:56:f4:a3:ce:a6:5f DA:d6:44:3b:15:39:91 msdu_id:2212 status: nack
03-14 07:16:45.611 0 0 I auditd : type=1400 audit(0.0:15572): avc: denied { kill } for comm="swapper/0" capability=5 scontext=u:r:kernel:s0 tcontext=u:r:kernel:s0 tclass=capability permissive=0
01-02 06:45:25.080 0 0 I msm_vidc: err : ffffffff: .....: DBLP Set: status 0
03-14 07:16:46.379 1533 1638 I am_uid_idle: 10094
03-14 07:16:46.611 0 0 I auditd : type=1400 audit(0.0:15573): avc: denied { kill } for comm="swapper/0" capability=5 scontext=u:r:kernel:s0 tcontext=u:r:kernel:s0 tclass=capability permissive=0
01-02 06:45:26.129 0 0 I [soft_i][0x373aab067a][07:16:46.944787] wlan: [0:I:QDF] DNS_Q TX: SA:56:f4:a3:ce:a6:5f DA:d6:44:3b:15:39:91 msdu_id:1965 status: nack
03-14 07:16:47.611 0 0 I auditd : type=1400 audit(0.0:15574): avc: denied { kill } for comm="swapper/1" capability=5 scontext=u:r:kernel:s0 tcontext=u:r:kernel:s0 tclass=capability permissive=0
01-02 06:45:27.361 0 0 I [soft_i][0x373c13f600][07:16:48.176781] wlan: [0:I:QDF] DNS_Q TX: SA:56:f4:a3:ce:a6:5f DA:d6:44:3b:15:39:91 msdu_id:943 status: nack
03-14 07:16:48.611 0 0 I auditd : type=1400 audit(0.0:15575): avc: denied { kill } for comm="swapper/1" capability=5 scontext=u:r:kernel:s0 tcontext=u:r:kernel:s0 tclass=capability permissive=0
01-02 06:45:28.097 0 0 I [soft_i][0x373cebdd26][07:16:48.913730] wlan: [0:I:QDF] DNS_Q TX: SA:56:f4:a3:ce:a6:5f DA:d6:44:3b:15:39:91 msdu_id:2680 status: nack
03-14 07:16:49.611 0 0 I auditd : type=1400 audit(0.0:15576): avc: denied { kill } for comm="swapper/1" capability=5 scontext=u:r:kernel:s0 tcontext=u:r:kernel:s0 tclass=capability permissive=0
01-02 06:45:29.258 0 0 I [soft_i][0x373e3ffe22][07:16:50.074703] wlan: [0:I:QDF] DNS_Q TX: SA:56:f4:a3:ce:a6:5f DA:d6:44:3b:15:39:91 msdu_id:571 status: nack
01-02 06:45:29.334 0 0 E DTC_ETH,link_delay_work_func: 3003, SQI=0, link=0
03-14 07:16:50.611 0 0 I auditd : type=1400 audit(0.0:15577): avc: denied { kill } for comm="swapper/1" capability=5 scontext=u:r:kernel:s0 tcontext=u:r:kernel:s0 tclass=capability permissive=0
03-14 07:16:51.611 0 0 I auditd : type=1400 audit(0.0:15578): avc: denied { kill } for comm="swapper/1" capability=5 scontext=u:r:kernel:s0 tcontext=u:r:kernel:s0 tclass=capability permissive=0
03-14 07:16:52.295 1533 1853 I netstats_mobile_sample: [0,0,0,0,0,0,0,0,0,0,0,0,1678775046547]
03-14 07:16:52.296 1533 1853 I netstats_wifi_sample: [93418776,76520,2012773,21743,93418776,76520,2012773,21743,91965405,77910,1666223,20758,1678775046547]
03-14 07:16:53.078 1533 1666 V DisplayPowerController[0]: Brightness [0.05] reason changing to: 'manual [ dim ]', previous reason: 'manual'.
03-14 07:16:53.078 1533 1666 I sysui_multi_action: [757,1696,758,6,759,2]
03-14 07:16:53.095 1533 1975 E DisplayDeviceConfig: requesting nits when no mapping exists.
03-14 07:16:53.096 1533 1975 E DisplayDeviceConfig: requesting nits when no mapping exists.
03-14 07:16:53.096 1533 1638 I am_wtf : [0,1533,system_server,-1,DisplayDeviceConfig,requesting nits when no mapping exists.]
03-14 07:16:53.097 1533 1638 I DropBoxManagerService: add tag=system_server_wtf isTagEnabled=true flags=0x2
03-14 07:16:53.100 1533 1638 I am_wtf : [0,1533,system_server,-1,DisplayDeviceConfig,requesting nits when no mapping exists.]
03-14 07:16:53.103 1533 1638 I DropBoxManagerService: add tag=system_server_wtf isTagEnabled=true flags=0x2
03-14 07:16:53.111 1533 1975 E DisplayDeviceConfig: requesting nits when no mapping exists.
03-14 07:16:53.112 1533 1975 E DisplayDeviceConfig: requesting nits when no mapping exists.
03-14 07:16:53.112 1533 1638 I am_wtf : [0,1533,system_server,-1,DisplayDeviceConfig,requesting nits when no mapping exists.]
03-14 07:16:53.112 1533 1638 I DropBoxManagerService: add tag=system_server_wtf isTagEnabled=true flags=0x2
