03-14 07:12:19.533 1533 1560 W FreeFormWindowHelper: Current Display FreeFormTask is null
03-14 07:12:19.533 1533 1560 W FreeFormWindowHelper: Current Display FreeFormTask is null
03-14 07:12:19.533 1533 1560 W FreeFormWindowHelper: exitRecentTasks type=0
03-14 07:12:19.549 1533 1628 W UsageStatsService: Unexpected activity event reported! (com.android.launcher3/com.android.launcher3.uioverrides.QuickstepLauncher event : 23 instanceId : 10876419)
03-14 07:12:19.993 1533 1560 W FreeFormWindowHelper: Current Display FreeFormTask is null
03-14 07:12:19.994 1533 2798 W FreeFormWindowHelper: Current Display FreeFormTask is null
03-14 07:12:20.017 1533 1560 W FreeFormWindowHelper: Current Display FreeFormTask is null
03-14 07:12:20.017 1533 2798 W FreeFormWindowHelper: Current Display FreeFormTask is null
03-14 07:12:20.024 1533 2798 W ActivityTaskManager: getTaskSnapshot: taskId=-742 not found
03-14 07:12:20.024 1533 2798 W FreeFormWindowHelper: Current Display FreeFormTask is null
03-14 07:12:20.025 1533 8565 W FreeFormWindowHelper: Current Display FreeFormTask is null
03-14 07:12:20.025 1533 2798 W ActivityTaskManager: getTaskSnapshot: taskId=-711 not found
03-14 07:12:20.026 1533 2798 W ActivityTaskManager: getTaskSnapshot: taskId=-711 not found
03-14 07:12:20.027 1533 2798 W ActivityTaskManager: getTaskSnapshot: taskId=-711 not found
03-14 07:12:20.036 1533 1560 W FreeFormWindowHelper: Current Display FreeFormTask is null
03-14 07:12:20.036 1533 8565 W FreeFormWindowHelper: Current Display FreeFormTask is null
03-14 07:12:20.047 1533 8565 W FreeFormWindowHelper: Current Display FreeFormTask is null
03-14 07:12:20.048 1533 8565 W FreeFormWindowHelper: Current Display FreeFormTask is null
03-14 07:12:20.322 1533 1560 W FreeFormWindowHelper: Current Display FreeFormTask is null
03-14 07:12:20.322 1533 8565 W FreeFormWindowHelper: Current Display FreeFormTask is null
03-14 07:12:20.322 1533 1560 W FreeFormWindowHelper: Current Display FreeFormTask is null
03-14 07:12:20.618 1533 1560 I ActivityTaskManager: FOREGROUND_APPLICATION_CHANGED to com.android.launcher3.uioverrides.QuickstepLauncher
03-14 07:12:20.623 1533 2141 W FreeFormWindowHelper: Current Display FreeFormTask is null
03-14 07:12:20.624 1533 2141 W FreeFormWindowHelper: Current Display FreeFormTask is null
03-14 07:12:20.626 1533 8565 W FreeFormWindowHelper: Current Display FreeFormTask is null
03-14 07:12:20.678 1533 2038 W FreeFormWindowHelper: Current Display FreeFormTask is null
03-14 07:12:20.678 1533 2038 W FreeFormWindowHelper: Current Display FreeFormTask is null
03-14 07:12:20.723 1533 9755 W FreeFormWindowHelper: Current Display FreeFormTask is null
03-14 07:12:21.189 1533 1561 I ActivityTaskManager: FOREGROUND_APPLICATION_CHANGED to com.tencent.tmgp.sgame.SGameActivity
03-14 07:12:21.204 2101 3642 W ContextImpl: Calling a method in the system process without a qualified user: android.app.ContextImpl.startService:1816 android.content.ContextWrapper.startService:774 com.thundercomm.gamemode.ingame.services.GameModeActionUtils.startGameModeService:118 com.thundercomm.gamemode.ingame.services.GameModeActionUtils.startGameModeEntry:29 com.thundercomm.gamemode.ingame.services.ActivityMonitoringService$1.onActivityLaunch:140
03-14 07:12:21.208 1533 1533 I GameModeConfig: Current uri is uri = content://com.thundercomm.gamemode.api/gamemode_settings/gamemode_isgaming
03-14 07:12:21.209 1533 1533 I GameModeConfig: isGameModeOn = true
03-14 07:12:21.209 1533 1533 I GameModeConfig: isGaming = true
03-14 07:12:21.209 1533 1533 I GameModeConfig: isDisableNotification = true
03-14 07:12:21.209 1533 1533 I GameModeConfig: isGameModeOn = true
03-14 07:12:21.209 1533 1533 I GameModeConfig: isGaming = true
03-14 07:12:21.209 1533 1533 I GameModeConfig: isDisableNotification = true
01-02 06:41:00.402 0 0 W ALERT : changing window size from 16000000 to 20000000 at 12086620033877
01-02 06:41:00.420 0 0 I : [MAX975X:max96755x_drm_notifier_callback] *INFO* receives EARLY_BLANK:UNBLANK
01-02 06:41:00.420 0 0 I atmel_mxt_ts 0-004a: FB event:2,blank:0
01-02 06:41:00.420 0 0 I atmel_mxt_ts 0-004a: suspend: event = 2, blank = 0, not care
01-02 06:41:00.420 0 0 I [drm:dsi_display_set_mode] [msm-dsi-info]: mdp_transfer_time_us=0 us
01-02 06:41:00.420 0 0 I [drm:dsi_display_set_mode] [msm-dsi-info]: hactive= 2560,vactive= 1080,fps=30
01-02 06:41:00.420 0 0 I : [MAX975X:max96755x_drm_notifier_callback] *INFO* receives BLANK:UNBLANK
01-02 06:41:00.421 0 0 I atmel_mxt_ts 0-004a: FB event:1,blank:0
01-02 06:41:00.421 0 0 I atmel_mxt_ts 0-004a: drm_notifier_callback: UNBLANK! Resume by drm notifier.
03-14 07:12:21.251 1533 1622 I DisplayDeviceRepository: Display device changed: DisplayDeviceInfo{"内置屏幕": uniqueId="local:4630946816427681409", 2560 x 1080, modeId 3, defaultModeId 1, supportedModes [{id=1, width=2560, height=1080, fps=60.000004, alternativeRefreshRates=[30.000002, 45.0]}, {id=2, width=2560, height=1080, fps=45.0, alternativeRefreshRates=[30.000002, 60.000004]}, {id=3, width=2560, height=1080, fps=30.000002, alternativeRefreshRates=[45.0, 60.000004]}], colorMode 0, supportedColorModes [0], hdrCapabilities HdrCapabilities{mSupportedHdrTypes=[2, 3, 4], mMaxLuminance=500.0, mMaxAverageLuminance=500.0, mMinLuminance=0.0}, allmSupported false, gameContentTypeSupported false, density 240, 320.315 x 318.976 dpi, appVsyncOff 1000000, presDeadline 33333333, touch INTERNAL, rotation 0, type INTERNAL, address {port=129, model=0x40446d97fee5e6}, deviceProductInfo DeviceProductInfo{name=, manufacturerPnpId=QCM, productId=1, modelYear=null, manufactureDate=ManufactureDate{week=27, year=2006}, connectionToSinkType=0}, state ON, frameRateOverride , brightnessMinimum 0.0, brightnessMaximum 1.0, brightnessDefault 1.0, FLAG_DEFAULT_DISPLAY, FLAG_ROTATES_WITH_CONTENT, FLAG_SECURE, FLAG_SUPPORTS_PROTECTED_BUFFERS}
03-14 07:12:21.293 1533 10633 W FreeFormWindowHelper: Current Display FreeFormTask is null
03-14 07:12:21.582 1533 11544 W FreeFormWindowHelper: exitRecentTasks type=0
01-02 06:41:02.582 0 0 E msm_pcm_playback_close: CMD_EOS failed, cmd_pending 0x8
01-02 06:41:03.094 0 0 E DTC_ETH,link_delay_work_func: 3003, SQI=0, link=0
01-02 06:41:03.190 0 0 E msm_pcm_playback_close: CMD_EOS failed, cmd_pending 0x8
03-14 07:12:24.369 1533 11544 W FreeFormWindowHelper: Current Display FreeFormTask is null
03-14 07:12:24.371 1533 9755 W FreeFormWindowHelper: Current Display FreeFormTask is null
03-14 07:12:24.408 1533 10633 W FreeFormWindowHelper: Current Display FreeFormTask is null
03-14 07:12:24.408 1533 10633 W FreeFormWindowHelper: Current Display FreeFormTask is null
03-14 07:12:24.408 1533 10633 W FreeFormWindowHelper: Current Display FreeFormTask is null
03-14 07:12:24.416 1533 9755 W FreeFormWindowHelper: Current Display FreeFormTask is null
03-14 07:12:24.417 1533 9755 W FreeFormWindowHelper: Current Display FreeFormTask is null
03-14 07:12:24.420 1533 11544 W ActivityTaskManager: getTaskSnapshot: taskId=-319 not found
03-14 07:12:24.421 1533 11544 W ActivityTaskManager: getTaskSnapshot: taskId=-319 not found
03-14 07:12:24.421 1533 11544 W ActivityTaskManager: getTaskSnapshot: taskId=-319 not found
03-14 07:12:24.445 1533 9755 W FreeFormWindowHelper: Current Display FreeFormTask is null
03-14 07:12:24.445 1533 11544 W FreeFormWindowHelper: Current Display FreeFormTask is null
03-14 07:12:24.475 1533 9755 W FreeFormWindowHelper: Current Display FreeFormTask is null
03-14 07:12:24.475 1533 2140 W FreeFormWindowHelper: Current Display FreeFormTask is null
03-14 07:12:24.869 668 27958 W SocketClient: write error (Broken pipe)
03-14 07:12:25.145 1533 2140 W FreeFormWindowHelper: Current Display FreeFormTask is null
03-14 07:12:25.145 1533 2140 W FreeFormWindowHelper: Current Display FreeFormTask is null
03-14 07:12:25.147 1533 9755 W FreeFormWindowHelper: Current Display FreeFormTask is null
03-14 07:12:25.147 1533 9755 W FreeFormWindowHelper: Current Display FreeFormTask is null
03-14 07:12:25.197 1533 2140 W FreeFormWindowHelper: Current Display FreeFormTask is null
03-14 07:12:25.197 1533 2140 W FreeFormWindowHelper: Current Display FreeFormTask is null
03-14 07:12:25.198 1533 2140 W FreeFormWindowHelper: exitRecentTasks type=0
03-14 07:12:25.211 1533 1628 W UsageStatsService: Unexpected activity event reported! (com.android.launcher3/com.android.launcher3.uioverrides.QuickstepLauncher event : 23 instanceId : 10876419)
01-02 06:41:04.950 0 0 I [schedu][0x360fc5debf][07:12:25.766231] wlan: [5333:I:WMA] [07:12:25.699000] [ROAM_TRIGGER]: VDEV[0] Reason: "PER"
01-02 06:41:04.950 0 0 I [schedu][0x360fc5df21][07:12:25.766236] wlan: [5333:I:WMA] [07:12:25.699000] [ROAM_SCAN]: VDEV[0] Scan_type: PARTIAL {2452 }
01-02 06:41:04.950 0 0 I [schedu][0x360fc5df44][07:12:25.766237] wlan: [5333:I:WMA] ============================================================================================================================
01-02 06:41:04.950 0 0 I [schedu][0x360fc5df7d][07:12:25.766240] wlan: [5333:I:WMA] AP BSSID TSTAMP CH TY ETP RSSI/SCR CU%/SCR TOT_SCR BL_RSN BL_SRC BL_TSTAMP BL_TIMEOUT(ms)
01-02 06:41:04.950 0 0 I [schedu][0x360fc5dfa0][07:12:25.766242] wlan: [5333:I:WMA] ============================================================================================================================
01-02 06:41:04.950 0 0 I [schedu][0x360fc5dfe7][07:12:25.766246] wlan: [5333:I:WMA] d6:44:3b:15:39:91 [07:12:25.699000] 2452 P_AP 0 65/0 0/0 4936 0 0 [00:00:00.000000] 0
01-02 06:41:04.950 0 0 I [schedu][0x360fc5e01c][07:12:25.766249] wlan: [5333:I:WMA] [07:12:25.755000] [ROAM_RESULT]: VDEV[0] FAILED Reason: NO AP FOUND
03-14 07:12:26.409 1533 11544 W FreeFormWindowHelper: Current Display FreeFormTask is null
03-14 07:12:26.410 1533 2140 W FreeFormWindowHelper: Current Display FreeFormTask is null
03-14 07:12:26.449 1533 2140 W FreeFormWindowHelper: Current Display FreeFormTask is null
03-14 07:12:26.449 1533 1560 W FreeFormWindowHelper: Current Display FreeFormTask is null
03-14 07:12:26.455 1533 1560 W ActivityTaskManager: getTaskSnapshot: taskId=-326 not found
03-14 07:12:26.455 1533 1560 W FreeFormWindowHelper: Current Display FreeFormTask is null
03-14 07:12:26.456 1533 11544 W FreeFormWindowHelper: Current Display FreeFormTask is null
03-14 07:12:26.457 1533 2140 W ActivityTaskManager: getTaskSnapshot: taskId=-280 not found
03-14 07:12:26.458 1533 2131 W ActivityTaskManager: getTaskSnapshot: taskId=-280 not found
03-14 07:12:26.458 1533 2131 W ActivityTaskManager: getTaskSnapshot: taskId=-280 not found
03-14 07:12:26.486 1533 2140 W FreeFormWindowHelper: Current Display FreeFormTask is null
03-14 07:12:26.486 1533 2140 W FreeFormWindowHelper: Current Display FreeFormTask is null
03-14 07:12:26.513 1533 1560 W FreeFormWindowHelper: Current Display FreeFormTask is null
03-14 07:12:26.514 1533 1560 W FreeFormWindowHelper: Current Display FreeFormTask is null
03-14 07:12:26.850 1533 2131 W FreeFormWindowHelper: Current Display FreeFormTask is null
03-14 07:12:26.851 1533 1560 W FreeFormWindowHelper: Current Display FreeFormTask is null
03-14 07:12:26.851 1533 2131 W FreeFormWindowHelper: Current Display FreeFormTask is null
03-14 07:12:27.217 1533 2131 I ActivityTaskManager: FOREGROUND_APPLICATION_CHANGED to com.android.launcher3.uioverrides.QuickstepLauncher
03-14 07:12:27.222 1533 2131 W FreeFormWindowHelper: Current Display FreeFormTask is null
03-14 07:12:27.222 1533 2131 W FreeFormWindowHelper: Current Display FreeFormTask is null
03-14 07:12:27.225 1533 9755 W FreeFormWindowHelper: Current Display FreeFormTask is null
03-14 07:12:27.276 1533 12036 W FreeFormWindowHelper: Current Display FreeFormTask is null
03-14 07:12:27.276 1533 12036 W FreeFormWindowHelper: Current Display FreeFormTask is null
03-14 07:12:27.322 1533 13389 W FreeFormWindowHelper: Current Display FreeFormTask is null
03-14 07:12:27.325 2101 3642 W ContextImpl: Calling a method in the system process without a qualified user: android.app.ContextImpl.startService:1816 android.content.ContextWrapper.startService:774 com.thundercomm.gamemode.ingame.services.GameModeActionUtils.startGameModeService:118 com.thundercomm.gamemode.ingame.services.GameModeActionUtils.startGameModeEntry:29 com.thundercomm.gamemode.ingame.services.ActivityMonitoringService$1.onActivityLaunch:140
03-14 07:12:27.329 1533 1533 I GameModeConfig: Current uri is uri = content://com.thundercomm.gamemode.api/gamemode_settings/gamemode_isgaming
03-14 07:12:27.330 1533 1533 I GameModeConfig: isGameModeOn = true
03-14 07:12:27.330 1533 1533 I GameModeConfig: isGaming = false
03-14 07:12:27.330 1533 1533 I GameModeConfig: isGameModeOn = true
03-14 07:12:27.330 1533 1533 I GameModeConfig: isGaming = false
03-14 07:12:27.330 1533 1533 I GameModeConfig: isDisableVoice = true
01-02 06:41:06.522 0 0 W ALERT : changing window size from 20000000 to 16000000 at 12092740024760
01-02 06:41:06.555 0 0 I : [MAX975X:max96755x_drm_notifier_callback] *INFO* receives EARLY_BLANK:UNBLANK
01-02 06:41:06.555 0 0 I atmel_mxt_ts 0-004a: FB event:2,blank:0
01-02 06:41:06.555 0 0 I atmel_mxt_ts 0-004a: suspend: event = 2, blank = 0, not care
01-02 06:41:06.555 0 0 I [drm:dsi_display_set_mode] [msm-dsi-info]: mdp_transfer_time_us=0 us
01-02 06:41:06.555 0 0 I [drm:dsi_display_set_mode] [msm-dsi-info]: hactive= 2560,vactive= 1080,fps=60
01-02 06:41:06.555 0 0 I : [MAX975X:max96755x_drm_notifier_callback] *INFO* receives BLANK:UNBLANK
01-02 06:41:06.555 0 0 I atmel_mxt_ts 0-004a: FB event:1,blank:0
01-02 06:41:06.555 0 0 I atmel_mxt_ts 0-004a: drm_notifier_callback: UNBLANK! Resume by drm notifier.
03-14 07:12:27.398 1533 1622 I DisplayDeviceRepository: Display device changed: DisplayDeviceInfo{"内置屏幕": uniqueId="local:4630946816427681409", 2560 x 1080, modeId 1, defaultModeId 1, supportedModes [{id=1, width=2560, height=1080, fps=60.000004, alternativeRefreshRates=[30.000002, 45.0]}, {id=2, width=2560, height=1080, fps=45.0, alternativeRefreshRates=[30.000002, 60.000004]}, {id=3, width=2560, height=1080, fps=30.000002, alternativeRefreshRates=[45.0, 60.000004]}], colorMode 0, supportedColorModes [0], hdrCapabilities HdrCapabilities{mSupportedHdrTypes=[2, 3, 4], mMaxLuminance=500.0, mMaxAverageLuminance=500.0, mMinLuminance=0.0}, allmSupported false, gameContentTypeSupported false, density 240, 320.315 x 318.976 dpi, appVsyncOff 1000000, presDeadline 16666666, touch INTERNAL, rotation 0, type INTERNAL, address {port=129, model=0x40446d97fee5e6}, deviceProductInfo DeviceProductInfo{name=, manufacturerPnpId=QCM, productId=1, modelYear=null, manufactureDate=ManufactureDate{week=27, year=2006}, connectionToSinkType=0}, state ON, frameRateOverride , brightnessMinimum 0.0, brightnessMaximum 1.0, brightnessDefault 1.0, FLAG_DEFAULT_DISPLAY, FLAG_ROTATES_WITH_CONTENT, FLAG_SECURE, FLAG_SUPPORTS_PROTECTED_BUFFERS}
03-14 07:12:28.622 1533 2140 I ActivityTaskManager: FOREGROUND_APPLICATION_CHANGED to com.ss.android.ugc.aweme.main.MainActivity
03-14 07:12:28.730 1533 13389 W FreeFormWindowHelper: Current Display FreeFormTask is null
01-02 06:41:07.975 0 0 I logd : logdr: UID=1000 GID=1000 PID=28307 n tail=127 logMask=19 pid=0 start=0ns deadline=0ns
01-02 06:41:08.074 0 0 I logd : logdr: UID=1000 GID=1000 PID=28310 n tail=127 logMask=80 pid=0 start=0ns deadline=0ns
03-14 07:12:28.993 831 831 E android.hardware.wifi@1.0-service: Failed to open directory: Permission denied
03-14 07:12:28.993 831 831 E android.hardware.wifi@1.0-service: Error occurred while deleting old tombstone files
03-14 07:12:28.993 831 831 E android.hardware.wifi@1.0-service: Error writing files to flash
03-14 07:12:29.015 1533 11081 W FreeFormWindowHelper: exitRecentTasks type=0
01-02 06:41:08.214 0 0 E DTC_ETH,link_delay_work_func: 3003, SQI=0, link=0
01-02 06:41:08.536 0 0 I [schedu][0x3613e07e50][07:12:29.352358] wlan: [5333:I:WMA] [07:12:25.762000] [ROAM_TRIGGER]: VDEV[0] Reason: "PER" Sub-Reason: FULL SCAN
01-02 06:41:08.536 0 0 I [schedu][0x3613e07f37][07:12:29.352370] wlan: [5333:I:WMA] [07:12:25.762000] [ROAM_SCAN]: VDEV[0] Scan_type: FULL
01-02 06:41:08.536 0 0 I [schedu][0x3613e07f76][07:12:29.352373] wlan: [5333:I:WMA] ============================================================================================================================
01-02 06:41:08.536 0 0 I [schedu][0x3613e07fce][07:12:29.352378] wlan: [5333:I:WMA] AP BSSID TSTAMP CH TY ETP RSSI/SCR CU%/SCR TOT_SCR BL_RSN BL_SRC BL_TSTAMP BL_TIMEOUT(ms)
01-02 06:41:08.536 0 0 I [schedu][0x3613e0800d][07:12:29.352381] wlan: [5333:I:WMA] ============================================================================================================================
01-02 06:41:08.536 0 0 I [schedu][0x3613e0807d][07:12:29.352387] wlan: [5333:I:WMA] d6:44:3b:15:39:91 [07:12:25.762000] 2452 P_AP 0 65/0 0/0 4936 0 0 [00:00:00.000000] 0
01-02 06:41:08.536 0 0 I [schedu][0x3613e080c1][07:12:29.352391] wlan: [5333:I:WMA] [07:12:29.341000] [ROAM_RESULT]: VDEV[0] FAILED Reason: NO AP FOUND
03-14 07:12:29.380 1533 5220 W FreeFormWindowHelper: Current Display FreeFormTask is null
03-14 07:12:29.381 1533 5220 W FreeFormWindowHelper: Current Display FreeFormTask is null
03-14 07:12:29.384 1533 11081 W FreeFormWindowHelper: Current Display FreeFormTask is null
03-14 07:12:29.385 1533 11081 W FreeFormWindowHelper: Current Display FreeFormTask is null
03-14 07:12:29.385 1533 11081 W FreeFormWindowHelper: Current Display FreeFormTask is null
03-14 07:12:29.406 1533 5220 W FreeFormWindowHelper: Current Display FreeFormTask is null
03-14 07:12:29.406 1533 5220 W FreeFormWindowHelper: Current Display FreeFormTask is null
03-14 07:12:29.409 1533 11081 W FreeFormWindowHelper: Current Display FreeFormTask is null
03-14 07:12:29.410 1533 5220 W FreeFormWindowHelper: Current Display FreeFormTask is null
03-14 07:12:29.420 1533 11081 W FreeFormWindowHelper: Current Display FreeFormTask is null
03-14 07:12:29.420 1533 11081 W FreeFormWindowHelper: Current Display FreeFormTask is null
03-14 07:12:29.432 1533 5220 W ActivityTaskManager: getTaskSnapshot: taskId=-326 not found
03-14 07:12:29.435 1533 5220 W ActivityTaskManager: getTaskSnapshot: taskId=-326 not found
03-14 07:12:29.435 1533 5220 W ActivityTaskManager: getTaskSnapshot: taskId=-326 not found
03-14 07:12:29.436 1533 5220 W FreeFormWindowHelper: Current Display FreeFormTask is null
03-14 07:12:29.437 1533 5220 W FreeFormWindowHelper: Current Display FreeFormTask is null
03-14 07:12:29.453 1533 4620 W FreeFormWindowHelper: Current Display FreeFormTask is null
03-14 07:12:29.453 1533 4620 W FreeFormWindowHelper: Current Display FreeFormTask is null
03-14 07:12:29.594 1533 4620 W FreeFormWindowHelper: exitRecentTasks type=0
03-14 07:12:29.604 1533 11081 W FreeFormWindowHelper: Current Display FreeFormTask is null
03-14 07:12:29.604 1533 5220 W FreeFormWindowHelper: Current Display FreeFormTask is null
03-14 07:12:29.657 1533 4620 E ClipboardService: Denying clipboard access to com.ss.android.ugc.aweme, application is not in focus nor is it a system service for user 0
03-14 07:12:30.255 1533 4620 W FreeFormWindowHelper: Current Display FreeFormTask is null
03-14 07:12:30.255 1533 5220 W FreeFormWindowHelper: Current Display FreeFormTask is null
03-14 07:12:30.258 1533 5220 I ActivityTaskManager: FOREGROUND_APPLICATION_CHANGED to com.android.launcher3.uioverrides.QuickstepLauncher
03-14 07:12:30.365 1533 5220 W FreeFormWindowHelper: Current Display FreeFormTask is null
03-14 07:12:30.638 1533 5220 W FreeFormWindowHelper: Current Display FreeFormTask is null
03-14 07:12:30.638 1533 5220 W FreeFormWindowHelper: Current Display FreeFormTask is null
03-14 07:12:30.687 1533 10633 W FreeFormWindowHelper: Current Display FreeFormTask is null
03-14 07:12:30.687 1533 10633 W FreeFormWindowHelper: Current Display FreeFormTask is null
03-14 07:12:30.688 1533 10633 W FreeFormWindowHelper: Current Display FreeFormTask is null
03-14 07:12:30.689 1533 12433 W FreeFormWindowHelper: Current Display FreeFormTask is null
03-14 07:12:30.690 1533 10633 W FreeFormWindowHelper: Current Display FreeFormTask is null
03-14 07:12:30.690 1533 10633 W FreeFormWindowHelper: Current Display FreeFormTask is null
03-14 07:12:30.692 1533 10633 W ActivityTaskManager: getTaskSnapshot: taskId=-47 not found
03-14 07:12:30.695 1533 4620 W ActivityTaskManager: getTaskSnapshot: taskId=-47 not found
03-14 07:12:30.695 1533 4620 W ActivityTaskManager: getTaskSnapshot: taskId=-47 not found
03-14 07:12:30.704 1533 4620 W FreeFormWindowHelper: Current Display FreeFormTask is null
03-14 07:12:30.704 1533 5220 W FreeFormWindowHelper: Current Display FreeFormTask is null
03-14 07:12:30.721 1533 4620 W FreeFormWindowHelper: Current Display FreeFormTask is null
03-14 07:12:30.721 1533 10633 W FreeFormWindowHelper: Current Display FreeFormTask is null
03-14 07:12:30.921 1533 4620 W FreeFormWindowHelper: Current Display FreeFormTask is null
03-14 07:12:30.921 1533 5220 W FreeFormWindowHelper: Current Display FreeFormTask is null
03-14 07:12:30.938 1533 5220 W FreeFormWindowHelper: Current Display FreeFormTask is null
03-14 07:12:30.938 1533 10633 W FreeFormWindowHelper: Current Display FreeFormTask is null
03-14 07:12:30.955 1533 4620 W FreeFormWindowHelper: Current Display FreeFormTask is null
03-14 07:12:30.955 1533 10633 W FreeFormWindowHelper: Current Display FreeFormTask is null
03-14 07:12:30.972 1533 10633 W FreeFormWindowHelper: Current Display FreeFormTask is null
03-14 07:12:30.972 1533 5220 W FreeFormWindowHelper: Current Display FreeFormTask is null
03-14 07:12:30.988 1533 10633 W FreeFormWindowHelper: Current Display FreeFormTask is null
03-14 07:12:30.989 1533 4620 W FreeFormWindowHelper: Current Display FreeFormTask is null
03-14 07:12:31.005 1533 5220 W FreeFormWindowHelper: Current Display FreeFormTask is null
03-14 07:12:31.005 1533 5220 W FreeFormWindowHelper: Current Display FreeFormTask is null
03-14 07:12:31.022 1533 10633 W FreeFormWindowHelper: Current Display FreeFormTask is null
03-14 07:12:31.022 1533 4620 W FreeFormWindowHelper: Current Display FreeFormTask is null
03-14 07:12:31.038 1533 12433 W FreeFormWindowHelper: Current Display FreeFormTask is null
03-14 07:12:31.039 1533 12433 W FreeFormWindowHelper: Current Display FreeFormTask is null
03-14 07:12:31.055 1533 5220 W FreeFormWindowHelper: Current Display FreeFormTask is null
03-14 07:12:31.055 1533 12433 W FreeFormWindowHelper: Current Display FreeFormTask is null
03-14 07:12:31.072 1533 5220 W FreeFormWindowHelper: Current Display FreeFormTask is null
03-14 07:12:31.072 1533 7920 W FreeFormWindowHelper: Current Display FreeFormTask is null
03-14 07:12:31.088 1533 4620 W FreeFormWindowHelper: Current Display FreeFormTask is null
03-14 07:12:31.089 1533 10633 W FreeFormWindowHelper: Current Display FreeFormTask is null
03-14 07:12:31.105 1533 7920 W FreeFormWindowHelper: Current Display FreeFormTask is null
03-14 07:12:31.105 1533 7920 W FreeFormWindowHelper: Current Display FreeFormTask is null
03-14 07:12:31.122 1533 10633 W FreeFormWindowHelper: Current Display FreeFormTask is null
03-14 07:12:31.122 1533 4620 W FreeFormWindowHelper: Current Display FreeFormTask is null
03-14 07:12:31.139 1533 5220 W FreeFormWindowHelper: Current Display FreeFormTask is null
03-14 07:12:31.139 1533 4620 W FreeFormWindowHelper: Current Display FreeFormTask is null
03-14 07:12:31.155 1533 4620 W FreeFormWindowHelper: Current Display FreeFormTask is null
03-14 07:12:31.155 1533 10633 W FreeFormWindowHelper: Current Display FreeFormTask is null
03-14 07:12:31.172 1533 10633 W FreeFormWindowHelper: Current Display FreeFormTask is null
03-14 07:12:31.172 1533 5220 W FreeFormWindowHelper: Current Display FreeFormTask is null
03-14 07:12:31.189 1533 4620 W FreeFormWindowHelper: Current Display FreeFormTask is null
03-14 07:12:31.189 1533 7920 W FreeFormWindowHelper: Current Display FreeFormTask is null
03-14 07:12:31.206 1533 10633 W FreeFormWindowHelper: Current Display FreeFormTask is null
03-14 07:12:31.206 1533 5220 W FreeFormWindowHelper: Current Display FreeFormTask is null
03-14 07:12:31.223 1533 5220 W FreeFormWindowHelper: Current Display FreeFormTask is null
03-14 07:12:31.223 1533 5220 W FreeFormWindowHelper: Current Display FreeFormTask is null
03-14 07:12:31.223 1533 5220 W FreeFormWindowHelper: Current Display FreeFormTask is null
03-14 07:12:31.230 1533 10633 W FreeFormWindowHelper: Current Display FreeFormTask is null
03-14 07:12:31.230 1533 4620 W FreeFormWindowHelper: Current Display FreeFormTask is null
03-14 07:12:31.636 1533 7920 I ActivityTaskManager: FOREGROUND_APPLICATION_CHANGED to com.ss.android.ugc.aweme.main.MainActivity
03-14 07:12:31.740 1533 5220 W FreeFormWindowHelper: Current Display FreeFormTask is null
03-14 07:12:32.010 1533 7920 W FreeFormWindowHelper: exitRecentTasks type=0
03-14 07:12:32.297 1533 4620 W FreeFormWindowHelper: Current Display FreeFormTask is null
03-14 07:12:32.299 1533 4620 W FreeFormWindowHelper: Current Display FreeFormTask is null
03-14 07:12:32.309 1533 7920 W FreeFormWindowHelper: Current Display FreeFormTask is null
03-14 07:12:32.309 1533 7920 W FreeFormWindowHelper: Current Display FreeFormTask is null
03-14 07:12:32.310 1533 5220 W FreeFormWindowHelper: Current Display FreeFormTask is null
03-14 07:12:32.333 1533 5220 W FreeFormWindowHelper: Current Display FreeFormTask is null
03-14 07:12:32.333 1533 5220 W FreeFormWindowHelper: Current Display FreeFormTask is null
03-14 07:12:32.340 1533 5220 W ActivityTaskManager: getTaskSnapshot: taskId=-437 not found
03-14 07:12:32.343 1533 5220 W FreeFormWindowHelper: Current Display FreeFormTask is null
03-14 07:12:32.344 1533 5220 W FreeFormWindowHelper: Current Display FreeFormTask is null
03-14 07:12:32.354 1533 5220 W ActivityTaskManager: getTaskSnapshot: taskId=-437 not found
03-14 07:12:32.354 1533 10633 W ActivityTaskManager: getTaskSnapshot: taskId=-436 not found
03-14 07:12:32.360 1533 10633 W FreeFormWindowHelper: Current Display FreeFormTask is null
03-14 07:12:32.360 1533 10633 W FreeFormWindowHelper: Current Display FreeFormTask is null
03-14 07:12:32.377 1533 5220 W FreeFormWindowHelper: Current Display FreeFormTask is null
03-14 07:12:32.377 1533 10633 W FreeFormWindowHelper: Current Display FreeFormTask is null
03-14 07:12:32.394 1533 10633 W FreeFormWindowHelper: Current Display FreeFormTask is null
03-14 07:12:32.394 1533 10633 W FreeFormWindowHelper: Current Display FreeFormTask is null
03-14 07:12:32.516 1533 10633 W FreeFormWindowHelper: Current Display FreeFormTask is null
03-14 07:12:32.520 1533 10633 W FreeFormWindowHelper: Current Display FreeFormTask is null
03-14 07:12:32.528 1533 4620 W FreeFormWindowHelper: Current Display FreeFormTask is null
03-14 07:12:32.528 1533 5220 W FreeFormWindowHelper: Current Display FreeFormTask is null
03-14 07:12:32.529 1533 5220 W ActivityTaskManager: getTaskSnapshot: taskId=-216 not found
03-14 07:12:32.535 1533 5220 W ActivityTaskManager: getTaskSnapshot: taskId=-215 not found
03-14 07:12:32.540 1533 5220 W ActivityTaskManager: getTaskSnapshot: taskId=-214 not found
03-14 07:12:32.545 1533 5220 W FreeFormWindowHelper: Current Display FreeFormTask is null
03-14 07:12:32.545 1533 5220 W FreeFormWindowHelper: Current Display FreeFormTask is null
03-14 07:12:32.561 1533 5220 W FreeFormWindowHelper: Current Display FreeFormTask is null
03-14 07:12:32.561 1533 5220 W FreeFormWindowHelper: Current Display FreeFormTask is null
03-14 07:12:33.150 1533 12433 W FreeFormWindowHelper: Current Display FreeFormTask is null
03-14 07:12:33.151 1533 12433 W FreeFormWindowHelper: Current Display FreeFormTask is null
03-14 07:12:33.151 1533 10633 W FreeFormWindowHelper: Current Display FreeFormTask is null
03-14 07:12:33.231 831 831 E android.hardware.wifi@1.0-service: Failed to open directory: Permission denied
03-14 07:12:33.231 831 831 E android.hardware.wifi@1.0-service: Error occurred while deleting old tombstone files
03-14 07:12:33.231 831 831 E android.hardware.wifi@1.0-service: Error writing files to flash
03-14 07:12:33.343 1533 1628 I ActivityManager: PendingStartActivityUids startActivity to updateOomAdj delay:1040ms, uid:10074
03-14 07:12:33.474 1533 12433 I ActivityTaskManager: FOREGROUND_APPLICATION_CHANGED to com.android.launcher3.uioverrides.QuickstepLauncher
03-14 07:12:33.490 1533 1561 W FreeFormWindowHelper: Current Display FreeFormTask is null
03-14 07:12:33.490 1533 2140 W FreeFormWindowHelper: Current Display FreeFormTask is null
03-14 07:12:33.490 1533 2140 W FreeFormWindowHelper: Current Display FreeFormTask is null
03-14 07:12:33.513 1533 7920 W FreeFormWindowHelper: Current Display FreeFormTask is null
03-14 07:12:33.513 1533 7920 W FreeFormWindowHelper: Current Display FreeFormTask is null
03-14 07:12:33.591 1533 1561 W FreeFormWindowHelper: Current Display FreeFormTask is null
03-14 07:12:34.047 1533 2140 I ActivityTaskManager: FOREGROUND_APPLICATION_CHANGED to com.tencent.tmgp.sgame.SGameActivity
03-14 07:12:34.075 2101 3642 W ContextImpl: Calling a method in the system process without a qualified user: android.app.ContextImpl.startService:1816 android.content.ContextWrapper.startService:774 com.thundercomm.gamemode.ingame.services.GameModeActionUtils.startGameModeService:118 com.thundercomm.gamemode.ingame.services.GameModeActionUtils.startGameModeEntry:29 com.thundercomm.gamemode.ingame.services.ActivityMonitoringService$1.onActivityLaunch:140
03-14 07:12:34.081 1533 1533 I GameModeConfig: Current uri is uri = content://com.thundercomm.gamemode.api/gamemode_settings/gamemode_isgaming
01-02 06:41:13.273 0 0 I : [MAX975X:max96755x_drm_notifier_callback] *INFO* receives EARLY_BLANK:UNBLANK
01-02 06:41:13.273 0 0 I atmel_mxt_ts 0-004a: FB event:2,blank:0
01-02 06:41:13.273 0 0 I atmel_mxt_ts 0-004a: suspend: event = 2, blank = 0, not care
01-02 06:41:13.273 0 0 I [drm:dsi_display_set_mode] [msm-dsi-info]: mdp_transfer_time_us=0 us
01-02 06:41:13.273 0 0 I [drm:dsi_display_set_mode] [msm-dsi-info]: hactive= 2560,vactive= 1080,fps=30
01-02 06:41:13.274 0 0 I : [MAX975X:max96755x_drm_notifier_callback] *INFO* receives BLANK:UNBLANK
01-02 06:41:13.274 0 0 I atmel_mxt_ts 0-004a: FB event:1,blank:0
01-02 06:41:13.274 0 0 I atmel_mxt_ts 0-004a: drm_notifier_callback: UNBLANK! Resume by drm notifier.
01-02 06:41:13.274 0 0 W ALERT : changing window size from 16000000 to 20000000 at 12099492055538
03-14 07:12:34.092 1533 1533 I GameModeConfig: isGameModeOn = true
03-14 07:12:34.092 1533 1533 I GameModeConfig: isGaming = true
03-14 07:12:34.092 1533 1533 I GameModeConfig: isDisableNotification = true
03-14 07:12:34.092 1533 1533 I GameModeConfig: isGameModeOn = true
03-14 07:12:34.092 1533 1533 I GameModeConfig: isGaming = true
03-14 07:12:34.092 1533 1533 I GameModeConfig: isDisableNotification = true
03-14 07:12:34.100 1533 1622 I DisplayDeviceRepository: Display device changed: DisplayDeviceInfo{"内置屏幕": uniqueId="local:4630946816427681409", 2560 x 1080, modeId 3, defaultModeId 1, supportedModes [{id=1, width=2560, height=1080, fps=60.000004, alternativeRefreshRates=[30.000002, 45.0]}, {id=2, width=2560, height=1080, fps=45.0, alternativeRefreshRates=[30.000002, 60.000004]}, {id=3, width=2560, height=1080, fps=30.000002, alternativeRefreshRates=[45.0, 60.000004]}], colorMode 0, supportedColorModes [0], hdrCapabilities HdrCapabilities{mSupportedHdrTypes=[2, 3, 4], mMaxLuminance=500.0, mMaxAverageLuminance=500.0, mMinLuminance=0.0}, allmSupported false, gameContentTypeSupported false, density 240, 320.315 x 318.976 dpi, appVsyncOff 1000000, presDeadline 33333333, touch INTERNAL, rotation 0, type INTERNAL, address {port=129, model=0x40446d97fee5e6}, deviceProductInfo DeviceProductInfo{name=, manufacturerPnpId=QCM, productId=1, modelYear=null, manufactureDate=ManufactureDate{week=27, year=2006}, connectionToSinkType=0}, state ON, frameRateOverride , brightnessMinimum 0.0, brightnessMaximum 1.0, brightnessDefault 1.0, FLAG_DEFAULT_DISPLAY, FLAG_ROTATES_WITH_CONTENT, FLAG_SECURE, FLAG_SUPPORTS_PROTECTED_BUFFERS}
01-02 06:41:13.294 0 0 W ALERT : changing window size from 20000000 to 8000000 at 12099512026007
03-14 07:12:34.151 1533 2140 W FreeFormWindowHelper: Current Display FreeFormTask is null
01-02 06:41:13.335 0 0 E DTC_ETH,link_delay_work_func: 3003, SQI=0, link=0
03-14 07:12:34.452 1533 7920 W FreeFormWindowHelper: exitRecentTasks type=0
03-14 07:12:35.399 1533 2140 W FreeFormWindowHelper: Current Display FreeFormTask is null
03-14 07:12:35.402 1533 2140 W FreeFormWindowHelper: Current Display FreeFormTask is null
03-14 07:12:35.452 1533 13389 W FreeFormWindowHelper: Current Display FreeFormTask is null
03-14 07:12:35.452 1533 2140 W FreeFormWindowHelper: Current Display FreeFormTask is null
03-14 07:12:35.452 1533 2140 W FreeFormWindowHelper: Current Display FreeFormTask is null
03-14 07:12:35.464 1533 7920 W FreeFormWindowHelper: Current Display FreeFormTask is null
03-14 07:12:35.464 1533 13389 W FreeFormWindowHelper: Current Display FreeFormTask is null
03-14 07:12:35.494 1533 4620 W FreeFormWindowHelper: Current Display FreeFormTask is null
03-14 07:12:35.495 1533 4620 W FreeFormWindowHelper: Current Display FreeFormTask is null
03-14 07:12:35.518 1533 13389 W FreeFormWindowHelper: Current Display FreeFormTask is null
03-14 07:12:35.519 1533 7920 W FreeFormWindowHelper: Current Display FreeFormTask is null
03-14 07:12:35.526 1533 13389 W ActivityTaskManager: getTaskSnapshot: taskId=-271 not found
03-14 07:12:35.527 1533 13389 W ActivityTaskManager: getTaskSnapshot: taskId=-271 not found
03-14 07:12:35.527 1533 13389 W ActivityTaskManager: getTaskSnapshot: taskId=-271 not found
03-14 07:12:35.552 1533 13389 W FreeFormWindowHelper: Current Display FreeFormTask is null
03-14 07:12:35.552 1533 13389 W FreeFormWindowHelper: Current Display FreeFormTask is null
03-14 07:12:35.829 1533 4620 W FreeFormWindowHelper: Current Display FreeFormTask is null
03-14 07:12:35.830 1533 2140 W FreeFormWindowHelper: Current Display FreeFormTask is null
03-14 07:12:35.830 1533 13389 W FreeFormWindowHelper: Current Display FreeFormTask is null
01-02 06:41:15.166 0 0 E [wifi@1][0x361b76d956][07:12:35.982265] wlan: [831:E:QDF] cds_flush_logs: 2424: Bug report already in progress - dropping! type:0, indicator=1 reason_code=0
01-02 06:41:15.166 0 0 E [wifi@1][0x361b76e0e6][07:12:35.982366] wlan: [831:E:HDD] __wlan_hdd_cfg80211_wifi_logger_get_ring_data: 9840: Failed to trigger bug report
01-02 06:41:15.192 0 0 I logd : logdr: UID=1000 GID=1000 PID=28399 n tail=127 logMask=19 pid=0 start=0ns deadline=0ns
01-02 06:41:15.311 0 0 I logd : logdr: UID=1000 GID=1000 PID=28401 n tail=127 logMask=80 pid=0 start=0ns deadline=0ns
03-14 07:12:36.194 1533 13389 I ActivityTaskManager: FOREGROUND_APPLICATION_CHANGED to com.android.launcher3.uioverrides.QuickstepLauncher
03-14 07:12:36.206 1533 5220 W FreeFormWindowHelper: Current Display FreeFormTask is null
03-14 07:12:36.206 1533 2141 W FreeFormWindowHelper: Current Display FreeFormTask is null
03-14 07:12:36.207 1533 2141 W FreeFormWindowHelper: Current Display FreeFormTask is null
03-14 07:12:36.224 831 831 E android.hardware.wifi@1.0-service: Failed to open directory: Permission denied
03-14 07:12:36.224 831 831 E android.hardware.wifi@1.0-service: Error occurred while deleting old tombstone files
03-14 07:12:36.224 831 831 E android.hardware.wifi@1.0-service: Error writing files to flash
03-14 07:12:36.227 1533 5220 W FreeFormWindowHelper: Current Display FreeFormTask is null
03-14 07:12:36.227 1533 5220 W FreeFormWindowHelper: Current Display FreeFormTask is null
03-14 07:12:36.304 1533 13389 W FreeFormWindowHelper: Current Display FreeFormTask is null
03-14 07:12:36.309 2101 3642 W ContextImpl: Calling a method in the system process without a qualified user: android.app.ContextImpl.startService:1816 android.content.ContextWrapper.startService:774 com.thundercomm.gamemode.ingame.services.GameModeActionUtils.startGameModeService:118 com.thundercomm.gamemode.ingame.services.GameModeActionUtils.startGameModeEntry:29 com.thundercomm.gamemode.ingame.services.ActivityMonitoringService$1.onActivityLaunch:140
03-14 07:12:36.315 1533 1533 I GameModeConfig: Current uri is uri = content://com.thundercomm.gamemode.api/gamemode_settings/gamemode_isgaming
03-14 07:12:36.317 1533 1533 I GameModeConfig: isGameModeOn = true
03-14 07:12:36.317 1533 1533 I GameModeConfig: isGaming = false
03-14 07:12:36.317 1533 1533 I GameModeConfig: isGameModeOn = true
03-14 07:12:36.317 1533 1533 I GameModeConfig: isGaming = false
03-14 07:12:36.317 1533 1533 I GameModeConfig: isDisableVoice = true
01-02 06:41:15.502 0 0 W ALERT : changing window size from 8000000 to 16000000 at 12101720047569
01-02 06:41:15.527 0 0 I : [MAX975X:max96755x_drm_notifier_callback] *INFO* receives EARLY_BLANK:UNBLANK
01-02 06:41:15.527 0 0 I atmel_mxt_ts 0-004a: FB event:2,blank:0
01-02 06:41:15.527 0 0 I atmel_mxt_ts 0-004a: suspend: event = 2, blank = 0, not care
01-02 06:41:15.527 0 0 I [drm:dsi_display_set_mode] [msm-dsi-info]: mdp_transfer_time_us=0 us
01-02 06:41:15.527 0 0 I [drm:dsi_display_set_mode] [msm-dsi-info]: hactive= 2560,vactive= 1080,fps=60
01-02 06:41:15.528 0 0 I : [MAX975X:max96755x_drm_notifier_callback] *INFO* receives BLANK:UNBLANK
03-14 07:12:36.370 1533 1622 I DisplayDeviceRepository: Display device changed: DisplayDeviceInfo{"内置屏幕": uniqueId="local:4630946816427681409", 2560 x 1080, modeId 1, defaultModeId 1, supportedModes [{id=1, width=2560, height=1080, fps=60.000004, alternativeRefreshRates=[30.000002, 45.0]}, {id=2, width=2560, height=1080, fps=45.0, alternativeRefreshRates=[30.000002, 60.000004]}, {id=3, width=2560, height=1080, fps=30.000002, alternativeRefreshRates=[45.0, 60.000004]}], colorMode 0, supportedColorModes [0], hdrCapabilities HdrCapabilities{mSupportedHdrTypes=[2, 3, 4], mMaxLuminance=500.0, mMaxAverageLuminance=500.0, mMinLuminance=0.0}, allmSupported false, gameContentTypeSupported false, density 240, 320.315 x 318.976 dpi, appVsyncOff 1000000, presDeadline 16666666, touch INTERNAL, rotation 0, type INTERNAL, address {port=129, model=0x40446d97fee5e6}, deviceProductInfo DeviceProductInfo{name=, manufacturerPnpId=QCM, productId=1, modelYear=null, manufactureDate=ManufactureDate{week=27, year=2006}, connectionToSinkType=0}, state ON, frameRateOverride , brightnessMinimum 0.0, brightnessMaximum 1.0, brightnessDefault 1.0, FLAG_DEFAULT_DISPLAY, FLAG_ROTATES_WITH_CONTENT, FLAG_SECURE, FLAG_SUPPORTS_PROTECTED_BUFFERS}
01-02 06:41:15.731 0 0 I atmel_mxt_ts 0-004a: FB event:1,blank:0
01-02 06:41:15.731 0 0 I atmel_mxt_ts 0-004a: drm_notifier_callback: UNBLANK! Resume by drm notifier.
03-14 07:12:37.199 1533 5220 I ActivityTaskManager: FOREGROUND_APPLICATION_CHANGED to com.ss.android.ugc.aweme.main.MainActivity
03-14 07:12:37.308 1533 11544 W FreeFormWindowHelper: Current Display FreeFormTask is null
03-14 07:12:37.633 1533 5857 W FreeFormWindowHelper: exitRecentTasks type=0
01-02 06:41:18.076 0 0 I logd : logdr: UID=1000 GID=1000 PID=28432 n tail=127 logMask=19 pid=0 start=0ns deadline=0ns
01-02 06:41:18.203 0 0 I logd : logdr: UID=1000 GID=1000 PID=28434 n tail=127 logMask=80 pid=0 start=0ns deadline=0ns
03-14 07:12:39.114 831 831 E android.hardware.wifi@1.0-service: Failed to open directory: Permission denied
03-14 07:12:39.114 831 831 E android.hardware.wifi@1.0-service: Error occurred while deleting old tombstone files
03-14 07:12:39.114 831 831 E android.hardware.wifi@1.0-service: Error writing files to flash
01-02 06:41:18.454 0 0 E msm_pcm_playback_close: CMD_EOS failed, cmd_pending 0x8
01-02 06:41:18.455 0 0 E DTC_ETH,link_delay_work_func: 3003, SQI=0, link=0
01-02 06:41:18.575 0 0 I msm_vidc: high: 00000004: ....d: Opening video instance: 0000000000000000, 1
01-02 06:41:18.575 0 0 I msm_vidc: err : 00000004: ....d: Failed to create debugfs for msm_vidc
03-14 07:12:39.435 1533 1561 I ActivityTaskManager: START u0 {act=android.content.pm.action.REQUEST_PERMISSIONS pkg=com.android.permissioncontroller cmp=com.android.permissioncontroller/.permission.ui.GrantPermissionsActivity (has extras)} from uid 10098
03-14 07:12:39.481 1533 10210 I ActivityTaskManager: FOREGROUND_APPLICATION_CHANGED to com.android.permissioncontroller.permission.ui.GrantPermissionsActivity
03-14 07:12:39.481 1533 10210 I ActivityTaskManager: The Process com.android.permissioncontroller Already Exists in BG. So sending its PID: 19848
03-14 07:12:39.482 1533 10210 W ActivityTaskManager: Tried to set launchTime (0) < mLastActivityLaunchTime (12009001)
03-14 07:12:39.584 1533 2038 W FreeFormWindowHelper: Current Display FreeFormTask is null
03-14 07:12:40.959 1533 1560 I ActivityTaskManager: FOREGROUND_APPLICATION_CHANGED to com.ss.android.ugc.aweme.main.MainActivity
03-14 07:12:41.077 1533 2038 W FreeFormWindowHelper: Current Display FreeFormTask is null
03-14 07:12:41.145 1533 2038 D CompatibilityChangeReporter: Compat change id reported: 168936375; UID 10098; state: DISABLED
03-14 07:12:41.150 1533 2038 D CompatibilityChangeReporter: Compat change id reported: 73144566; UID 10098; state: DISABLED
03-14 07:12:41.161 1533 2038 D CompatibilityChangeReporter: Compat change id reported: 184323934; UID 10098; state: DISABLED
01-02 06:41:20.408 0 0 I [schedu][0x36217677c6][07:12:41.223844] wlan: [5333:I:OSIF] scan start scan id 41031
03-14 07:12:41.309 25144 28490 D TelephonyManager: getCellLocation returning null because telephony is null
01-02 06:41:21.217 0 0 I msm_vidc: high: 00000005: ....d: Opening video instance: 0000000000000000, 1
01-02 06:41:21.217 0 0 I msm_vidc: err : 00000005: ....d: Failed to create debugfs for msm_vidc
01-02 06:41:21.221 0 0 I msm_vidc: high: 00000005: h265d: Closed video instance: 0000000000000000
01-02 06:41:21.224 0 0 I msm_vidc: high: 00000005: ....d: Opening video instance: 0000000000000000, 1
01-02 06:41:21.224 0 0 I msm_vidc: err : 00000005: ....d: Failed to create debugfs for msm_vidc
01-02 06:41:21.233 0 0 I msm_vidc: high: 00000005: h265d: Closed video instance: 0000000000000000
01-02 06:41:21.238 0 0 I msm_vidc: high: 00000005: ....d: Opening video instance: 0000000000000000, 1
01-02 06:41:21.238 0 0 I msm_vidc: err : 00000005: ....d: Failed to create debugfs for msm_vidc
01-02 06:41:21.243 0 0 I msm_vidc: high: 00000005: h265d: Closed video instance: 0000000000000000
01-02 06:41:21.247 0 0 I msm_vidc: high: 00000005: ....d: Opening video instance: 0000000000000000, 1
01-02 06:41:21.247 0 0 I msm_vidc: err : 00000005: ....d: Failed to create debugfs for msm_vidc
01-02 06:41:21.253 0 0 I msm_vidc: high: 00000005: h265d: Closed video instance: 0000000000000000
01-02 06:41:22.419 0 0 I msm_vidc: high: 00000005: ....d: Opening video instance: 0000000000000000, 1
01-02 06:41:22.419 0 0 I msm_vidc: err : 00000005: ....d: Failed to create debugfs for msm_vidc
01-02 06:41:22.428 0 0 I msm_vidc: high: 00000005: h265d: Closed video instance: 0000000000000000
01-02 06:41:22.432 0 0 I msm_vidc: high: 00000005: ....d: Opening video instance: 0000000000000000, 1
01-02 06:41:22.432 0 0 I msm_vidc: err : 00000005: ....d: Failed to create debugfs for msm_vidc
01-02 06:41:22.437 0 0 I msm_vidc: high: 00000005: h265d: Closed video instance: 0000000000000000
01-02 06:41:22.441 0 0 I msm_vidc: high: 00000005: ....d: Opening video instance: 0000000000000000, 1
01-02 06:41:22.441 0 0 I msm_vidc: err : 00000005: ....d: Failed to create debugfs for msm_vidc
01-02 06:41:22.447 0 0 I msm_vidc: high: 00000005: h265d: Closed video instance: 0000000000000000
01-02 06:41:22.451 0 0 I msm_vidc: high: 00000005: ....d: Opening video instance: 0000000000000000, 1
01-02 06:41:22.451 0 0 I msm_vidc: err : 00000005: ....d: Failed to create debugfs for msm_vidc
01-02 06:41:22.455 0 0 I msm_vidc: high: 00000005: h265d: Closed video instance: 0000000000000000
01-02 06:41:22.585 0 0 I [schedu][0x3623f448b9][07:12:43.400924] wlan: [5333:I:OSIF] vdev 0, scan id 41031 type COMPLETED(1) reason COMPLETED(1) scan found 10 bss
01-02 06:41:23.572 0 0 I msm_vidc: high: 00000005: ....d: Opening video instance: 0000000000000000, 1
01-02 06:41:23.572 0 0 I msm_vidc: err : 00000005: ....d: Failed to create debugfs for msm_vidc
01-02 06:41:23.575 0 0 E DTC_ETH,link_delay_work_func: 3003, SQI=0, link=0
01-02 06:41:23.581 0 0 I msm_vidc: high: 00000005: h265d: Closed video instance: 0000000000000000
01-02 06:41:23.586 0 0 I msm_vidc: high: 00000005: ....d: Opening video instance: 0000000000000000, 1
01-02 06:41:23.586 0 0 I msm_vidc: err : 00000005: ....d: Failed to create debugfs for msm_vidc
01-02 06:41:23.605 0 0 I msm_vidc: high: 00000005: h265d: Closed video instance: 0000000000000000
01-02 06:41:23.611 0 0 I msm_vidc: high: 00000005: ....d: Opening video instance: 0000000000000000, 1
01-02 06:41:23.611 0 0 I msm_vidc: err : 00000005: ....d: Failed to create debugfs for msm_vidc
01-02 06:41:23.618 0 0 I msm_vidc: high: 00000005: h265d: Closed video instance: 0000000000000000
01-02 06:41:23.623 0 0 I msm_vidc: high: 00000005: ....d: Opening video instance: 0000000000000000, 1
01-02 06:41:23.623 0 0 I msm_vidc: err : 00000005: ....d: Failed to create debugfs for msm_vidc
01-02 06:41:23.629 0 0 I msm_vidc: high: 00000005: h265d: Closed video instance: 0000000000000000
03-14 07:12:46.616 1533 2141 W ActivityManager: Unable to start service Intent { act=com.tencent.tpns.mqttchannel.FEEDBACK pkg=com.tencent.tmgp.sgame } U=0: not found
01-02 06:41:28.694 0 0 E DTC_ETH,link_delay_work_func: 3003, SQI=0, link=0
01-02 06:41:29.206 0 0 E msm_pcm_playback_close: CMD_EOS failed, cmd_pending 0x8
01-02 06:41:29.330 0 0 I msm_vidc: high: 00000003: h265d: Closed video instance: 0000000000000000
01-02 06:41:29.340 0 0 I msm_vidc: high: 00000004: h265d: Closed video instance: 0000000000000000
01-02 06:41:29.505 0 0 I [soft_i][0x362bdfd462][07:12:50.321613] wlan: [0:I:QDF] DNS_Q TX: SA:56:f4:a3:ce:a6:5f DA:d6:44:3b:15:39:91 msdu_id:713 status: nack
01-02 06:41:30.132 0 0 I logd : start watching /data/system/packages.list ...
01-02 06:41:30.134 0 0 I logd : ReadPackageList, total packages: 106
01-02 06:41:32.084 0 0 I msm_vidc: high: 00000003: ....d: Opening video instance: 0000000000000000, 1
01-02 06:41:32.084 0 0 I msm_vidc: err : 00000003: ....d: Failed to create debugfs for msm_vidc
01-02 06:41:33.815 0 0 E DTC_ETH,link_delay_work_func: 3003, SQI=0, link=0
03-14 07:12:55.522 1533 1561 D CompatibilityChangeReporter: Compat change id reported: 135634846; UID 10099; state: DISABLED
03-14 07:12:55.523 1533 1639 D CompatibilityChangeReporter: Compat change id reported: 143937733; UID 10099; state: ENABLED
03-14 07:12:55.530 1533 1639 I ActivityManager: Start proc 28766:com.qiyi.video:plugin1/u0a99 for service {com.qiyi.video/org.qiyi.android.plugin.ipc.IPCService1}
01-02 06:41:34.736 0 0 I binder : 28766:28766 ioctl 40046210 ff8d8a18 returned -22
03-14 07:12:55.918 28766 28811 D ActivityThread: Loading provider com.qiyi.video: org.qiyi.basecore.db.QiyiContentProvider
03-14 07:12:56.143 1533 1561 W ActivityManager: Unable to start service Intent { act=com.bun.msa.action.start.service cmp=com.mdid.msa/.service.MsaKlService (has extras) } U=0: not found
03-14 07:12:56.148 1533 1561 W ActivityManager: Unable to start service Intent { act=com.bun.msa.action.bindto.service cmp=com.mdid.msa/.service.MsaIdService (has extras) } U=0: not found
03-14 07:12:56.168 28766 28859 D ActivityThread: Loading provider com.qiyi.video.pingback.provider: org.qiyi.android.pingback.internal.db.PingbackContentProvider
03-14 07:12:56.177 28766 28766 W Looper : Loop again would have the queued messages be executed before this one completed.
03-14 07:12:56.575 1533 2037 E PackageDexUsage: Unsupported context?
01-02 06:41:38.934 0 0 E DTC_ETH,link_delay_work_func: 3003, SQI=0, link=0
01-02 06:41:39.959 0 0 E msm_pcm_playback_close: CMD_EOS failed, cmd_pending 0x8
03-14 07:13:01.443 668 28723 W SocketClient: write error (Broken pipe)
03-14 07:13:02.899 1533 2141 W FreeFormWindowHelper: Current Display FreeFormTask is null
03-14 07:13:02.900 1533 2141 W FreeFormWindowHelper: Current Display FreeFormTask is null
03-14 07:13:02.936 1533 2141 W FreeFormWindowHelper: Current Display FreeFormTask is null
03-14 07:13:02.937 1533 2141 W FreeFormWindowHelper: Current Display FreeFormTask is null
03-14 07:13:02.942 1533 2141 W FreeFormWindowHelper: Current Display FreeFormTask is null
03-14 07:13:02.942 1533 2141 W FreeFormWindowHelper: Current Display FreeFormTask is null
03-14 07:13:03.570 1533 2141 W FreeFormWindowHelper: Current Display FreeFormTask is null
03-14 07:13:03.570 1533 2141 W FreeFormWindowHelper: Current Display FreeFormTask is null
03-14 07:13:03.585 1533 10210 I ActivityTaskManager: FOREGROUND_APPLICATION_CHANGED to com.android.launcher3.uioverrides.QuickstepLauncher
03-14 07:13:03.697 1533 2038 W FreeFormWindowHelper: Current Display FreeFormTask is null
03-14 07:13:04.109 1533 1560 I thunderperf: PlatormCompat.setOverrides: Uid1=10074 Pid1=2568 Uid2=10074 Pid2=2568
03-14 07:13:04.109 1533 1560 I thunderperf: PlatormCompat.setOverrides: needCheck:false
03-14 07:13:04.109 1533 1560 I thunderperf: CompatConfig.addOverrideUnsafe: bef-state=1
03-14 07:13:04.109 1533 1560 I thunderperf: CompatConfig.addOverrideUnsafe: aft-state=0
03-14 07:13:04.109 1533 1560 I thunderperf: CompatConfig.addOverrideUnsafe: bef-state=1
03-14 07:13:04.110 1533 1560 I thunderperf: CompatConfig.addOverrideUnsafe: aft-state=0
03-14 07:13:04.110 1533 1560 I thunderperf: CompatConfig.addOverrideUnsafe: bef-state=1
03-14 07:13:04.110 1533 1560 I thunderperf: CompatConfig.addOverrideUnsafe: aft-state=0
03-14 07:13:04.110 1533 1560 I thunderperf: CompatConfig.addOverrideUnsafe: bef-state=1
03-14 07:13:04.110 1533 1560 I thunderperf: CompatConfig.addOverrideUnsafe: aft-state=0
03-14 07:13:04.110 1533 1560 I thunderperf: CompatConfig.addOverrideUnsafe: bef-state=1
03-14 07:13:04.110 1533 1560 I thunderperf: CompatConfig.addOverrideUnsafe: aft-state=0
03-14 07:13:04.111 1533 1560 I thunderperf: CompatConfig.addOverrideUnsafe: bef-state=1
