03-14 07:11:09.378 1533 8565 W FreeFormWindowHelper: Current Display FreeFormTask is null
03-14 07:11:09.382 1533 2131 W FreeFormWindowHelper: Current Display FreeFormTask is null
03-14 07:11:09.382 1533 2131 W FreeFormWindowHelper: Current Display FreeFormTask is null
03-14 07:11:09.399 1533 2131 W FreeFormWindowHelper: Current Display FreeFormTask is null
03-14 07:11:09.399 1533 2131 W FreeFormWindowHelper: Current Display FreeFormTask is null
03-14 07:11:09.400 1533 2131 W FreeFormWindowHelper: exitRecentTasks type=0
03-14 07:11:09.412 1533 1628 W UsageStatsService: Unexpected activity event reported! (com.android.launcher3/com.android.launcher3.uioverrides.QuickstepLauncher event : 23 instanceId : 10876419)
03-14 07:11:09.860 1533 2131 W FreeFormWindowHelper: Current Display FreeFormTask is null
03-14 07:11:09.861 1533 10210 W FreeFormWindowHelper: Current Display FreeFormTask is null
03-14 07:11:09.888 1533 8565 W FreeFormWindowHelper: Current Display FreeFormTask is null
03-14 07:11:09.889 1533 11544 W FreeFormWindowHelper: Current Display FreeFormTask is null
03-14 07:11:09.904 1533 11544 W ActivityTaskManager: getTaskSnapshot: taskId=-875 not found
03-14 07:11:09.911 1533 2131 W ActivityTaskManager: getTaskSnapshot: taskId=-874 not found
03-14 07:11:09.913 1533 11544 W FreeFormWindowHelper: Current Display FreeFormTask is null
03-14 07:11:09.913 1533 11544 W FreeFormWindowHelper: Current Display FreeFormTask is null
03-14 07:11:09.919 1533 11544 W ActivityTaskManager: getTaskSnapshot: taskId=-874 not found
03-14 07:11:09.919 1533 11544 W ActivityTaskManager: getTaskSnapshot: taskId=-874 not found
03-14 07:11:09.920 1533 10210 W FreeFormWindowHelper: Current Display FreeFormTask is null
03-14 07:11:09.920 1533 11544 W FreeFormWindowHelper: Current Display FreeFormTask is null
03-14 07:11:09.922 1533 2131 W FreeFormWindowHelper: Current Display FreeFormTask is null
03-14 07:11:09.922 1533 2131 W FreeFormWindowHelper: Current Display FreeFormTask is null
03-14 07:11:09.922 1533 10210 W ActivityTaskManager: getTaskSnapshot: taskId=-815 not found
03-14 07:11:09.926 1533 12036 W ActivityTaskManager: getTaskSnapshot: taskId=-815 not found
03-14 07:11:09.927 1533 12036 W ActivityTaskManager: getTaskSnapshot: taskId=-815 not found
03-14 07:11:09.927 1533 12036 W ActivityTaskManager: getTaskSnapshot: taskId=-815 not found
03-14 07:11:09.929 1533 11544 W FreeFormWindowHelper: Current Display FreeFormTask is null
03-14 07:11:09.929 1533 11544 W FreeFormWindowHelper: Current Display FreeFormTask is null
03-14 07:11:09.946 1533 11544 W FreeFormWindowHelper: Current Display FreeFormTask is null
03-14 07:11:09.946 1533 11544 W FreeFormWindowHelper: Current Display FreeFormTask is null
03-14 07:11:10.462 1533 10210 W FreeFormWindowHelper: Current Display FreeFormTask is null
03-14 07:11:10.462 1533 10210 W FreeFormWindowHelper: Current Display FreeFormTask is null
03-14 07:11:10.479 1533 10210 W FreeFormWindowHelper: exitRecentTasks type=0
03-14 07:11:10.489 1533 1628 W UsageStatsService: Unexpected activity event reported! (com.android.launcher3/com.android.launcher3.uioverrides.QuickstepLauncher event : 23 instanceId : 10876419)
03-14 07:11:11.004 1533 8565 W FreeFormWindowHelper: Current Display FreeFormTask is null
03-14 07:11:11.010 1533 8565 W FreeFormWindowHelper: Current Display FreeFormTask is null
03-14 07:11:11.013 1533 8565 W FreeFormWindowHelper: Current Display FreeFormTask is null
03-14 07:11:11.013 1533 8565 W FreeFormWindowHelper: Current Display FreeFormTask is null
03-14 07:11:11.025 1533 2131 W ActivityTaskManager: getTaskSnapshot: taskId=-726 not found
03-14 07:11:11.032 1533 2131 W ActivityTaskManager: getTaskSnapshot: taskId=-725 not found
03-14 07:11:11.033 1533 12036 W FreeFormWindowHelper: Current Display FreeFormTask is null
03-14 07:11:11.033 1533 12036 W FreeFormWindowHelper: Current Display FreeFormTask is null
03-14 07:11:11.038 1533 12036 W ActivityTaskManager: getTaskSnapshot: taskId=-725 not found
03-14 07:11:11.038 1533 12036 W ActivityTaskManager: getTaskSnapshot: taskId=-725 not found
03-14 07:11:11.040 1533 12036 W FreeFormWindowHelper: Current Display FreeFormTask is null
03-14 07:11:11.040 1533 12036 W FreeFormWindowHelper: Current Display FreeFormTask is null
03-14 07:11:11.041 1533 10210 W FreeFormWindowHelper: Current Display FreeFormTask is null
03-14 07:11:11.042 1533 12036 W FreeFormWindowHelper: Current Display FreeFormTask is null
03-14 07:11:11.049 1533 2131 W FreeFormWindowHelper: Current Display FreeFormTask is null
03-14 07:11:11.049 1533 2131 W FreeFormWindowHelper: Current Display FreeFormTask is null
03-14 07:11:11.087 1533 10210 W ActivityTaskManager: getTaskSnapshot: taskId=-694 not found
03-14 07:11:11.092 1533 2131 W ActivityTaskManager: getTaskSnapshot: taskId=-694 not found
03-14 07:11:11.092 1533 2131 W ActivityTaskManager: getTaskSnapshot: taskId=-694 not found
03-14 07:11:11.092 1533 2131 W ActivityTaskManager: getTaskSnapshot: taskId=-694 not found
03-14 07:11:11.099 1533 2131 W FreeFormWindowHelper: Current Display FreeFormTask is null
03-14 07:11:11.099 1533 10210 W FreeFormWindowHelper: Current Display FreeFormTask is null
03-14 07:11:11.115 1533 10210 W FreeFormWindowHelper: Current Display FreeFormTask is null
03-14 07:11:11.115 1533 10210 W FreeFormWindowHelper: Current Display FreeFormTask is null
03-14 07:11:11.612 1533 11544 W FreeFormWindowHelper: Current Display FreeFormTask is null
03-14 07:11:11.612 1533 11544 W FreeFormWindowHelper: Current Display FreeFormTask is null
03-14 07:11:11.613 1533 11544 W FreeFormWindowHelper: Current Display FreeFormTask is null
03-14 07:11:12.014 1533 11544 I ActivityTaskManager: FOREGROUND_APPLICATION_CHANGED to com.android.launcher3.uioverrides.QuickstepLauncher
03-14 07:11:12.036 1533 11544 W FreeFormWindowHelper: Current Display FreeFormTask is null
03-14 07:11:12.036 1533 11544 W FreeFormWindowHelper: Current Display FreeFormTask is null
03-14 07:11:12.037 1533 3100 W FreeFormWindowHelper: Current Display FreeFormTask is null
03-14 07:11:12.064 1533 11544 W FreeFormWindowHelper: Current Display FreeFormTask is null
03-14 07:11:12.064 1533 11544 W FreeFormWindowHelper: Current Display FreeFormTask is null
03-14 07:11:12.136 1533 11544 W FreeFormWindowHelper: Current Display FreeFormTask is null
01-02 06:39:51.414 0 0 E DTC_ETH,link_delay_work_func: 3003, SQI=0, link=0
03-14 07:11:12.736 1533 3100 W FreeFormWindowHelper: exitRecentTasks type=0
01-02 06:39:54.103 0 0 I logd : start watching /data/system/packages.list ...
01-02 06:39:54.104 0 0 I logd : ReadPackageList, total packages: 106
01-02 06:39:54.489 0 0 I binder : 27230:27230 ioctl 40046210 7ffef8e6f4 returned -22
01-02 06:39:55.510 0 0 E msm_pcm_playback_close: CMD_EOS failed, cmd_pending 0x8
01-02 06:39:56.408 0 0 I msm_vidc: err : ffffffff: .....: DBLP Set: status 0
01-02 06:39:56.534 0 0 E DTC_ETH,link_delay_work_func: 3003, SQI=0, link=0
03-14 07:11:18.610 1533 10210 E ClipboardService: Denying clipboard access to com.ss.android.ugc.aweme, application is not in focus nor is it a system service for user 0
01-02 06:39:58.232 0 0 I binder : 27264:27264 ioctl 40046210 7fcdb415e4 returned -22
01-02 06:39:58.272 0 0 I binder : 27268:27268 ioctl 40046210 7ff068dff4 returned -22
01-02 06:39:58.508 0 0 W audit : audit_lost=3641 audit_rate_limit=5 audit_backlog_limit=64
01-02 06:39:58.508 0 0 E audit : rate limit exceeded
01-02 06:40:00.849 0 0 I binder : 27302:27302 ioctl 40046210 7fdf5ecdc4 returned -22
01-02 06:40:00.889 0 0 I binder : 27309:27309 ioctl 40046210 7ff9652dc4 returned -22
01-02 06:40:00.957 0 0 W audit : audit_lost=3647 audit_rate_limit=5 audit_backlog_limit=64
01-02 06:40:00.957 0 0 E audit : rate limit exceeded
01-02 06:40:01.655 0 0 E DTC_ETH,link_delay_work_func: 3003, SQI=0, link=0
01-02 06:40:06.262 0 0 E msm_pcm_playback_close: CMD_EOS failed, cmd_pending 0x8
01-02 06:40:06.775 0 0 E DTC_ETH,link_delay_work_func: 3003, SQI=0, link=0
01-02 06:40:06.870 0 0 E msm_pcm_playback_close: CMD_EOS failed, cmd_pending 0x8
01-02 06:40:08.473 0 0 I msm_vidc: err : ffffffff: .....: DBLP Set: status 0
01-02 06:40:11.894 0 0 E DTC_ETH,link_delay_work_func: 3003, SQI=0, link=0
01-02 06:40:15.859 0 0 I binder : 27402:27402 ioctl 40046210 7fdf0e7024 returned -22
01-02 06:40:15.906 0 0 I binder : 27406:27406 ioctl 40046210 7fc946e124 returned -22
01-02 06:40:15.942 0 0 I binder : 27410:27410 ioctl 40046210 7ff7c83134 returned -22
01-02 06:40:15.997 0 0 I binder : 27414:27414 ioctl 40046210 7fe0dab884 returned -22
01-02 06:40:16.124 0 0 I binder : 27424:27424 ioctl 40046210 7ff4db3154 returned -22
01-02 06:40:17.014 0 0 E DTC_ETH,link_delay_work_func: 3003, SQI=0, link=0
01-02 06:40:19.724 0 0 I binder : 27459:27459 ioctl 40046210 7ff156e874 returned -22
01-02 06:40:19.800 0 0 W audit : audit_lost=3653 audit_rate_limit=5 audit_backlog_limit=64
01-02 06:40:19.800 0 0 E audit : rate limit exceeded
01-02 06:40:19.901 0 0 I binder : 27464:27464 ioctl 40046210 7ff4175004 returned -22
01-02 06:40:22.135 0 0 E DTC_ETH,link_delay_work_func: 3003, SQI=0, link=0
01-02 06:40:27.254 0 0 E DTC_ETH,link_delay_work_func: 3003, SQI=0, link=0
01-02 06:40:31.512 0 0 I binder : 27574:27574 ioctl 40046210 7fda8393c4 returned -22
01-02 06:40:32.374 0 0 E DTC_ETH,link_delay_work_func: 3003, SQI=0, link=0
03-14 07:11:53.410 1533 1533 I GameModeConfig: isGameModeOn = true
03-14 07:11:53.410 1533 1533 I GameModeConfig: isGaming = false
03-14 07:11:53.415 1533 1533 W NotificationHistory: Attempted to add notif for locked/gone/disabled user 0
01-02 06:40:35.641 0 0 I msm_vidc: err : ffffffff: .....: DBLP Set: status 0
01-02 06:40:37.495 0 0 E DTC_ETH,link_delay_work_func: 3003, SQI=0, link=0
01-02 06:40:38.649 0 0 I msm_vidc: err : ffffffff: .....: DBLP Set: status 0
03-14 07:12:00.271 1533 1638 W ActivityManager: Stopping service due to app idle: u0a99 -1m12s970ms com.qiyi.video/org.qiyi.pluginlibrary.pm.PluginPackageManagerService
03-14 07:12:00.272 1533 1638 W ActivityManager: Stopping service due to app idle: u0a99 -1m12s318ms com.qiyi.video/com.iqiyi.video.download.filedownload.QiyiDownloadCoreService
03-14 07:12:00.272 1533 1638 W ActivityManager: Stopping service due to app idle: u0a99 -1m7s171ms com.qiyi.video/com.q.m.QS
03-14 07:12:00.272 1533 1638 W ActivityManager: Stopping service due to app idle: u0a99 -1m6s83ms com.qiyi.video/com.iqiyi.video.download.QiyiDownloadCenterService
03-14 07:12:00.272 1533 1638 W ActivityManager: Stopping service due to app idle: u0a99 -1m9s554ms com.qiyi.video/org.qiyi.android.plugin.ipc.IPCPluginNativeService
03-14 07:12:00.272 1533 1638 W ActivityManager: Stopping service due to app idle: u0a99 -1m6s52ms com.qiyi.video/org.qiyi.video.module.icommunication.ipc.HostService
03-14 07:12:00.272 1533 1638 W ActivityManager: Stopping service due to app idle: u0a99 -1m9s898ms com.qiyi.video/org.qiyi.video.nativelib.pm.LibraryManagerService
03-14 07:12:00.273 1533 1638 W ActivityManager: Stopping service due to app idle: u0a99 -1m9s928ms com.qiyi.video/org.qiyi.android.plugin.ipc.IPCService0
03-14 07:12:00.273 1533 1638 W ActivityManager: Stopping service due to app idle: u0a99 -1m9s988ms com.qiyi.video/com.iqiyi.hcim.service.IMService
01-02 06:40:41.784 0 0 I msm_vidc: err : ffffffff: .....: DBLP Set: status 0
01-02 06:40:42.614 0 0 E DTC_ETH,link_delay_work_func: 3003, SQI=0, link=0
03-14 07:12:03.452 1533 1919 I GameModeConfig: isGameModeOn = true
03-14 07:12:03.452 1533 1919 I GameModeConfig: isGaming = false
03-14 07:12:05.639 1533 1666 V DisplayPowerController[0]: Brightness [0.05] reason changing to: 'manual [ dim ]', previous reason: 'manual'.
03-14 07:12:05.641 1533 1666 W PowerManagerService: Screen on took 251426 ms
03-14 07:12:05.641 1533 1975 E DisplayDeviceConfig: requesting nits when no mapping exists.
03-14 07:12:05.642 1533 1975 E DisplayDeviceConfig: requesting nits when no mapping exists.
03-14 07:12:05.645 1533 1638 I DropBoxManagerService: add tag=system_server_wtf isTagEnabled=true flags=0x2
03-14 07:12:05.648 1533 1638 I DropBoxManagerService: add tag=system_server_wtf isTagEnabled=true flags=0x2
03-14 07:12:05.656 1533 1975 E DisplayDeviceConfig: requesting nits when no mapping exists.
03-14 07:12:05.656 1533 1975 E DisplayDeviceConfig: requesting nits when no mapping exists.
03-14 07:12:05.658 1533 1638 I DropBoxManagerService: add tag=system_server_wtf isTagEnabled=true flags=0x2
03-14 07:12:05.660 1533 1638 I DropBoxManagerService: add tag=system_server_wtf isTagEnabled=true flags=0x2
03-14 07:12:05.672 1533 1975 E DisplayDeviceConfig: requesting nits when no mapping exists.
03-14 07:12:05.672 1533 1975 E DisplayDeviceConfig: requesting nits when no mapping exists.
03-14 07:12:05.673 1533 1638 I DropBoxManagerService: add tag=system_server_wtf isTagEnabled=true flags=0x2
03-14 07:12:05.677 1533 1975 E DisplayDeviceConfig: requesting nits when no mapping exists.
03-14 07:12:05.677 1533 1975 E DisplayDeviceConfig: requesting nits when no mapping exists.
03-14 07:12:05.693 1533 1975 E DisplayDeviceConfig: requesting nits when no mapping exists.
03-14 07:12:05.694 1533 1975 E DisplayDeviceConfig: requesting nits when no mapping exists.
03-14 07:12:05.711 1533 1975 E DisplayDeviceConfig: requesting nits when no mapping exists.
03-14 07:12:05.711 1533 1975 E DisplayDeviceConfig: requesting nits when no mapping exists.
03-14 07:12:05.727 1533 1975 E DisplayDeviceConfig: requesting nits when no mapping exists.
03-14 07:12:05.728 1533 1975 E DisplayDeviceConfig: requesting nits when no mapping exists.
03-14 07:12:05.745 1533 1975 E DisplayDeviceConfig: requesting nits when no mapping exists.
03-14 07:12:05.746 1533 1975 E DisplayDeviceConfig: requesting nits when no mapping exists.
03-14 07:12:05.761 1533 1975 E DisplayDeviceConfig: requesting nits when no mapping exists.
03-14 07:12:05.762 1533 1975 E DisplayDeviceConfig: requesting nits when no mapping exists.
03-14 07:12:05.777 1533 1975 E DisplayDeviceConfig: requesting nits when no mapping exists.
03-14 07:12:05.778 1533 1975 E DisplayDeviceConfig: requesting nits when no mapping exists.
03-14 07:12:05.794 1533 1975 E DisplayDeviceConfig: requesting nits when no mapping exists.
03-14 07:12:05.795 1533 1975 E DisplayDeviceConfig: requesting nits when no mapping exists.
03-14 07:12:05.811 1533 1975 E DisplayDeviceConfig: requesting nits when no mapping exists.
03-14 07:12:05.811 1533 1975 E DisplayDeviceConfig: requesting nits when no mapping exists.
03-14 07:12:05.827 1533 1975 E DisplayDeviceConfig: requesting nits when no mapping exists.
03-14 07:12:05.828 1533 1975 E DisplayDeviceConfig: requesting nits when no mapping exists.
03-14 07:12:05.844 1533 1975 E DisplayDeviceConfig: requesting nits when no mapping exists.
03-14 07:12:05.845 1533 1975 E DisplayDeviceConfig: requesting nits when no mapping exists.
03-14 07:12:05.861 1533 1975 E DisplayDeviceConfig: requesting nits when no mapping exists.
03-14 07:12:05.861 1533 1975 E DisplayDeviceConfig: requesting nits when no mapping exists.
03-14 07:12:05.877 1533 1975 E DisplayDeviceConfig: requesting nits when no mapping exists.
03-14 07:12:05.878 1533 1975 E DisplayDeviceConfig: requesting nits when no mapping exists.
03-14 07:12:05.895 1533 1975 E DisplayDeviceConfig: requesting nits when no mapping exists.
03-14 07:12:05.895 1533 1975 E DisplayDeviceConfig: requesting nits when no mapping exists.
03-14 07:12:05.911 1533 1975 E DisplayDeviceConfig: requesting nits when no mapping exists.
03-14 07:12:05.911 1533 1975 E DisplayDeviceConfig: requesting nits when no mapping exists.
03-14 07:12:05.928 1533 1975 E DisplayDeviceConfig: requesting nits when no mapping exists.
03-14 07:12:05.929 1533 1975 E DisplayDeviceConfig: requesting nits when no mapping exists.
03-14 07:12:05.945 1533 1975 E DisplayDeviceConfig: requesting nits when no mapping exists.
03-14 07:12:05.945 1533 1975 E DisplayDeviceConfig: requesting nits when no mapping exists.
03-14 07:12:05.961 1533 1975 E DisplayDeviceConfig: requesting nits when no mapping exists.
03-14 07:12:05.962 1533 1975 E DisplayDeviceConfig: requesting nits when no mapping exists.
03-14 07:12:05.977 1533 1975 E DisplayDeviceConfig: requesting nits when no mapping exists.
03-14 07:12:05.978 1533 1975 E DisplayDeviceConfig: requesting nits when no mapping exists.
03-14 07:12:05.995 1533 1975 E DisplayDeviceConfig: requesting nits when no mapping exists.
03-14 07:12:05.995 1533 1975 E DisplayDeviceConfig: requesting nits when no mapping exists.
03-14 07:12:06.011 1533 1975 E DisplayDeviceConfig: requesting nits when no mapping exists.
03-14 07:12:06.011 1533 1975 E DisplayDeviceConfig: requesting nits when no mapping exists.
01-02 06:40:45.208 0 0 I msm_vidc: err : ffffffff: .....: DBLP Set: status 0
03-14 07:12:06.028 1533 1975 E DisplayDeviceConfig: requesting nits when no mapping exists.
03-14 07:12:06.028 1533 1975 E DisplayDeviceConfig: requesting nits when no mapping exists.
03-14 07:12:06.045 1533 1975 E DisplayDeviceConfig: requesting nits when no mapping exists.
03-14 07:12:06.045 1533 1975 E DisplayDeviceConfig: requesting nits when no mapping exists.
03-14 07:12:06.061 1533 1975 E DisplayDeviceConfig: requesting nits when no mapping exists.
03-14 07:12:06.062 1533 1975 E DisplayDeviceConfig: requesting nits when no mapping exists.
03-14 07:12:06.078 1533 1975 E DisplayDeviceConfig: requesting nits when no mapping exists.
03-14 07:12:06.079 1533 1975 E DisplayDeviceConfig: requesting nits when no mapping exists.
03-14 07:12:06.095 1533 1975 E DisplayDeviceConfig: requesting nits when no mapping exists.
03-14 07:12:06.095 1533 1975 E DisplayDeviceConfig: requesting nits when no mapping exists.
03-14 07:12:06.111 1533 1975 E DisplayDeviceConfig: requesting nits when no mapping exists.
03-14 07:12:06.112 1533 1975 E DisplayDeviceConfig: requesting nits when no mapping exists.
03-14 07:12:06.128 1533 1975 E DisplayDeviceConfig: requesting nits when no mapping exists.
03-14 07:12:06.128 1533 1975 E DisplayDeviceConfig: requesting nits when no mapping exists.
03-14 07:12:06.145 1533 1975 E DisplayDeviceConfig: requesting nits when no mapping exists.
03-14 07:12:06.145 1533 1975 E DisplayDeviceConfig: requesting nits when no mapping exists.
03-14 07:12:06.161 1533 1975 E DisplayDeviceConfig: requesting nits when no mapping exists.
03-14 07:12:06.162 1533 1975 E DisplayDeviceConfig: requesting nits when no mapping exists.
03-14 07:12:06.178 1533 1975 E DisplayDeviceConfig: requesting nits when no mapping exists.
03-14 07:12:06.179 1533 1975 E DisplayDeviceConfig: requesting nits when no mapping exists.
03-14 07:12:06.195 1533 1975 E DisplayDeviceConfig: requesting nits when no mapping exists.
03-14 07:12:06.195 1533 1975 E DisplayDeviceConfig: requesting nits when no mapping exists.
03-14 07:12:06.211 1533 1975 E DisplayDeviceConfig: requesting nits when no mapping exists.
03-14 07:12:06.212 1533 1975 E DisplayDeviceConfig: requesting nits when no mapping exists.
03-14 07:12:06.228 1533 1975 E DisplayDeviceConfig: requesting nits when no mapping exists.
03-14 07:12:06.229 1533 1975 E DisplayDeviceConfig: requesting nits when no mapping exists.
03-14 07:12:06.245 1533 1975 E DisplayDeviceConfig: requesting nits when no mapping exists.
03-14 07:12:06.245 1533 1975 E DisplayDeviceConfig: requesting nits when no mapping exists.
03-14 07:12:06.261 1533 1975 E DisplayDeviceConfig: requesting nits when no mapping exists.
03-14 07:12:06.262 1533 1975 E DisplayDeviceConfig: requesting nits when no mapping exists.
03-14 07:12:06.278 1533 1975 E DisplayDeviceConfig: requesting nits when no mapping exists.
03-14 07:12:06.279 1533 1975 E DisplayDeviceConfig: requesting nits when no mapping exists.
03-14 07:12:06.295 1533 1975 E DisplayDeviceConfig: requesting nits when no mapping exists.
03-14 07:12:06.296 1533 1975 E DisplayDeviceConfig: requesting nits when no mapping exists.
03-14 07:12:06.312 1533 1975 E DisplayDeviceConfig: requesting nits when no mapping exists.
03-14 07:12:06.312 1533 1975 E DisplayDeviceConfig: requesting nits when no mapping exists.
03-14 07:12:06.328 1533 1975 E DisplayDeviceConfig: requesting nits when no mapping exists.
03-14 07:12:06.329 1533 1975 E DisplayDeviceConfig: requesting nits when no mapping exists.
03-14 07:12:06.345 1533 1975 E DisplayDeviceConfig: requesting nits when no mapping exists.
03-14 07:12:06.345 1533 1975 E DisplayDeviceConfig: requesting nits when no mapping exists.
03-14 07:12:06.361 1533 1975 E DisplayDeviceConfig: requesting nits when no mapping exists.
03-14 07:12:06.362 1533 1975 E DisplayDeviceConfig: requesting nits when no mapping exists.
03-14 07:12:06.378 1533 1975 E DisplayDeviceConfig: requesting nits when no mapping exists.
03-14 07:12:06.379 1533 1975 E DisplayDeviceConfig: requesting nits when no mapping exists.
03-14 07:12:06.395 1533 1975 E DisplayDeviceConfig: requesting nits when no mapping exists.
03-14 07:12:06.396 1533 1975 E DisplayDeviceConfig: requesting nits when no mapping exists.
03-14 07:12:06.412 1533 1975 E DisplayDeviceConfig: requesting nits when no mapping exists.
03-14 07:12:06.413 1533 1975 E DisplayDeviceConfig: requesting nits when no mapping exists.
03-14 07:12:06.428 1533 1975 E DisplayDeviceConfig: requesting nits when no mapping exists.
03-14 07:12:06.429 1533 1975 E DisplayDeviceConfig: requesting nits when no mapping exists.
03-14 07:12:06.445 1533 1975 E DisplayDeviceConfig: requesting nits when no mapping exists.
03-14 07:12:06.446 1533 1975 E DisplayDeviceConfig: requesting nits when no mapping exists.
03-14 07:12:06.462 1533 1975 E DisplayDeviceConfig: requesting nits when no mapping exists.
03-14 07:12:06.462 1533 1975 E DisplayDeviceConfig: requesting nits when no mapping exists.
03-14 07:12:06.479 1533 1975 E DisplayDeviceConfig: requesting nits when no mapping exists.
03-14 07:12:06.479 1533 1975 E DisplayDeviceConfig: requesting nits when no mapping exists.
03-14 07:12:06.495 1533 1975 E DisplayDeviceConfig: requesting nits when no mapping exists.
03-14 07:12:06.496 1533 1975 E DisplayDeviceConfig: requesting nits when no mapping exists.
03-14 07:12:06.512 1533 1975 E DisplayDeviceConfig: requesting nits when no mapping exists.
03-14 07:12:06.512 1533 1975 E DisplayDeviceConfig: requesting nits when no mapping exists.
03-14 07:12:06.529 1533 1975 E DisplayDeviceConfig: requesting nits when no mapping exists.
03-14 07:12:06.529 1533 1975 E DisplayDeviceConfig: requesting nits when no mapping exists.
03-14 07:12:06.545 1533 1975 E DisplayDeviceConfig: requesting nits when no mapping exists.
03-14 07:12:06.546 1533 1975 E DisplayDeviceConfig: requesting nits when no mapping exists.
03-14 07:12:06.562 1533 1975 E DisplayDeviceConfig: requesting nits when no mapping exists.
03-14 07:12:06.562 1533 1975 E DisplayDeviceConfig: requesting nits when no mapping exists.
03-14 07:12:06.579 1533 1975 E DisplayDeviceConfig: requesting nits when no mapping exists.
03-14 07:12:06.580 1533 1975 E DisplayDeviceConfig: requesting nits when no mapping exists.
03-14 07:12:06.596 1533 1975 E DisplayDeviceConfig: requesting nits when no mapping exists.
03-14 07:12:06.598 1533 1975 E DisplayDeviceConfig: requesting nits when no mapping exists.
03-14 07:12:07.936 1533 10210 W ActivityManager: Unable to start service Intent { act=com.tencent.tpns.mqttchannel.FEEDBACK pkg=com.tencent.tmgp.pubgmhd } U=0: not found
01-02 06:40:47.623 0 0 I binder : 27647:27647 ioctl 40046210 7fcca96404 returned -22
01-02 06:40:47.644 0 0 W audit : audit_lost=3654 audit_rate_limit=5 audit_backlog_limit=64
01-02 06:40:47.644 0 0 E audit : rate limit exceeded
01-02 06:40:47.739 0 0 E DTC_ETH,link_delay_work_func: 3003, SQI=0, link=0
03-14 07:12:12.055 1533 1638 W ActivityManager: Stopping service due to app idle: u0a98 -1m55s996ms com.ss.android.ugc.aweme/com.ss.android.socialbase.downloader.downloader.DownloadService
03-14 07:12:12.055 1533 1638 W ActivityManager: Stopping service due to app idle: u0a98 -1m20s884ms com.ss.android.ugc.aweme/com.ss.android.newmedia.redbadge.RedBadgePushProcessService
03-14 07:12:12.055 1533 1638 W ActivityManager: Stopping service due to app idle: u0a98 -1m1s655ms com.ss.android.ugc.aweme/com.bytedance.common.wschannel.server.WsChannelService
03-14 07:12:12.055 1533 1638 W ActivityManager: Stopping service due to app idle: u0a98 -1m1s622ms com.ss.android.ugc.aweme/com.bytedance.common.wschannel.client.WsClientService
03-14 07:12:12.055 1533 1638 W ActivityManager: Stopping service due to app idle: u0a98 -1m53s363ms com.ss.android.ugc.aweme/com.ss.android.socialbase.downloader.notification.DownloadNotificationService
03-14 07:12:12.096 1533 1666 V DisplayPowerController[0]: Brightness [1.0] reason changing to: 'manual', previous reason: 'manual [ dim ]'.
03-14 07:12:12.110 1533 1975 E DisplayDeviceConfig: requesting nits when no mapping exists.
03-14 07:12:12.110 1533 1975 E DisplayDeviceConfig: requesting nits when no mapping exists.
03-14 07:12:12.126 1533 1975 E DisplayDeviceConfig: requesting nits when no mapping exists.
03-14 07:12:12.127 1533 1975 E DisplayDeviceConfig: requesting nits when no mapping exists.
03-14 07:12:12.143 1533 1975 E DisplayDeviceConfig: requesting nits when no mapping exists.
03-14 07:12:12.143 1533 1975 E DisplayDeviceConfig: requesting nits when no mapping exists.
03-14 07:12:12.160 1533 1975 E DisplayDeviceConfig: requesting nits when no mapping exists.
03-14 07:12:12.160 1533 1975 E DisplayDeviceConfig: requesting nits when no mapping exists.
03-14 07:12:12.178 1533 1975 E DisplayDeviceConfig: requesting nits when no mapping exists.
03-14 07:12:12.179 1533 1975 E DisplayDeviceConfig: requesting nits when no mapping exists.
03-14 07:12:12.211 1533 1975 E DisplayDeviceConfig: requesting nits when no mapping exists.
03-14 07:12:12.212 1533 1975 E DisplayDeviceConfig: requesting nits when no mapping exists.
03-14 07:12:12.223 1533 10210 I thunderperf: PlatormCompat.setOverrides: Uid1=10074 Pid1=2568 Uid2=10074 Pid2=2568
03-14 07:12:12.223 1533 10210 I thunderperf: PlatormCompat.setOverrides: needCheck:false
03-14 07:12:12.223 1533 10210 I thunderperf: CompatConfig.addOverrideUnsafe: bef-state=1
03-14 07:12:12.224 1533 10210 I thunderperf: CompatConfig.addOverrideUnsafe: aft-state=0
03-14 07:12:12.224 1533 10210 I thunderperf: CompatConfig.addOverrideUnsafe: bef-state=1
03-14 07:12:12.224 1533 10210 I thunderperf: CompatConfig.addOverrideUnsafe: aft-state=0
03-14 07:12:12.224 1533 10210 I thunderperf: CompatConfig.addOverrideUnsafe: bef-state=1
03-14 07:12:12.224 1533 10210 I thunderperf: CompatConfig.addOverrideUnsafe: aft-state=0
03-14 07:12:12.224 1533 10210 I thunderperf: CompatConfig.addOverrideUnsafe: bef-state=1
03-14 07:12:12.225 1533 10210 I thunderperf: CompatConfig.addOverrideUnsafe: aft-state=0
03-14 07:12:12.225 1533 10210 I thunderperf: CompatConfig.addOverrideUnsafe: bef-state=1
03-14 07:12:12.225 1533 10210 I thunderperf: CompatConfig.addOverrideUnsafe: aft-state=0
03-14 07:12:12.225 1533 10210 I thunderperf: CompatConfig.addOverrideUnsafe: bef-state=1
03-14 07:12:12.225 1533 10210 I thunderperf: CompatConfig.addOverrideUnsafe: aft-state=0
03-14 07:12:12.225 1533 10210 I thunderperf: CompatConfig.addOverrideUnsafe: bef-state=1
03-14 07:12:12.225 1533 10210 I thunderperf: CompatConfig.addOverrideUnsafe: aft-state=0
03-14 07:12:12.226 1533 10210 I thunderperf: CompatConfig.addOverrideUnsafe: bef-state=1
03-14 07:12:12.226 1533 10210 I thunderperf: CompatConfig.addOverrideUnsafe: aft-state=0
03-14 07:12:12.226 1533 10210 I thunderperf: CompatConfig.addOverrideUnsafe: bef-state=1
03-14 07:12:12.226 1533 10210 I thunderperf: CompatConfig.addOverrideUnsafe: aft-state=0
03-14 07:12:12.226 1533 1975 E DisplayDeviceConfig: requesting nits when no mapping exists.
03-14 07:12:12.226 1533 10210 I thunderperf: CompatConfig.addOverrideUnsafe: bef-state=1
03-14 07:12:12.226 1533 10210 I thunderperf: CompatConfig.addOverrideUnsafe: aft-state=0
03-14 07:12:12.226 1533 1975 E DisplayDeviceConfig: requesting nits when no mapping exists.
03-14 07:12:12.226 1533 10210 I thunderperf: CompatConfig.addOverrideUnsafe: bef-state=1
03-14 07:12:12.226 1533 10210 I thunderperf: CompatConfig.addOverrideUnsafe: aft-state=0
03-14 07:12:12.227 1533 10210 I thunderperf: CompatConfig.addOverrideUnsafe: bef-state=1
03-14 07:12:12.227 1533 10210 I thunderperf: CompatConfig.addOverrideUnsafe: aft-state=0
03-14 07:12:12.227 1533 10210 I thunderperf: CompatConfig.addOverrideUnsafe: bef-state=1
03-14 07:12:12.227 1533 10210 I thunderperf: CompatConfig.addOverrideUnsafe: aft-state=0
03-14 07:12:12.228 1533 10210 I thunderperf: CompatConfig.addOverrideUnsafe: bef-state=1
03-14 07:12:12.228 1533 10210 I thunderperf: CompatConfig.addOverrideUnsafe: aft-state=0
03-14 07:12:12.229 1533 10210 I ActivityTaskManager: START u0 {act=android.intent.action.MAIN cat=[android.intent.category.LAUNCHER] flg=0x10200000 cmp=com.tencent.tmgp.sgame/.SGameActivity bnds=[1319,84][1621,378]} from uid 10074
03-14 07:12:12.232 1533 10210 W ActivityTaskManager: Can't find TaskDisplayArea to determine support for multi window. Task id=95 attached=false
03-14 07:12:12.233 1533 10210 D CompatibilityChangeReporter: Compat change id reported: 174042980; UID 10094; state: DISABLED
03-14 07:12:12.234 1533 10210 D CompatibilityChangeReporter: Compat change id reported: 184838306; UID 10094; state: DISABLED
03-14 07:12:12.234 1533 10210 D CompatibilityChangeReporter: Compat change id reported: 185004937; UID 10094; state: DISABLED
03-14 07:12:12.234 1533 10210 D CompatibilityChangeReporter: Compat change id reported: 181136395; UID 10094; state: DISABLED
03-14 07:12:12.235 1533 10210 D CompatibilityChangeReporter: Compat change id reported: 174042936; UID 10094; state: DISABLED
03-14 07:12:12.236 1533 10210 D CompatibilityChangeReporter: Compat change id reported: 168419799; UID 10094; state: DISABLED
03-14 07:12:12.238 1533 12036 W FreeFormWindowHelper: Current Display FreeFormTask is null
03-14 07:12:12.239 1533 1622 D CompatibilityChangeReporter: Compat change id reported: 135634846; UID 10094; state: DISABLED
03-14 07:12:12.239 1533 1622 D CompatibilityChangeReporter: Compat change id reported: 177438394; UID 10094; state: DISABLED
03-14 07:12:12.239 1533 1622 D CompatibilityChangeReporter: Compat change id reported: 135772972; UID 10094; state: DISABLED
03-14 07:12:12.239 1533 1622 D CompatibilityChangeReporter: Compat change id reported: 135754954; UID 10094; state: DISABLED
03-14 07:12:12.240 1533 1639 D CompatibilityChangeReporter: Compat change id reported: 143937733; UID 10094; state: DISABLED
03-14 07:12:12.241 1533 12036 I ActivityTaskManager: FOREGROUND_APPLICATION_CHANGED to com.tencent.tmgp.sgame.SGameActivity
03-14 07:12:12.244 1533 1975 E DisplayDeviceConfig: requesting nits when no mapping exists.
03-14 07:12:12.244 1533 1975 E DisplayDeviceConfig: requesting nits when no mapping exists.
03-14 07:12:12.249 1533 1639 I ActivityManager: Start proc 27685:com.tencent.tmgp.sgame/u0a94 for pre-top-activity {com.tencent.tmgp.sgame/com.tencent.tmgp.sgame.SGameActivity}
03-14 07:12:12.250 1533 27686 W ContextImpl: Calling a method in the system process without a qualified user: android.app.ContextImpl.sendBroadcast:1173 com.qualcomm.qti.Performance$SendGameLaunchBroadcast.run:217 java.lang.Thread.run:920
03-14 07:12:12.262 1533 1975 E DisplayDeviceConfig: requesting nits when no mapping exists.
03-14 07:12:12.262 1533 1975 E DisplayDeviceConfig: requesting nits when no mapping exists.
01-02 06:40:51.444 0 0 I binder : 27685:27685 ioctl 40046210 7fe31dd924 returned -22
03-14 07:12:12.267 1533 3100 E PackageDexUsage: Unsupported context?
03-14 07:12:12.279 1533 1975 E DisplayDeviceConfig: requesting nits when no mapping exists.
03-14 07:12:12.279 1533 1975 E DisplayDeviceConfig: requesting nits when no mapping exists.
03-14 07:12:12.288 2101 3642 W ContextImpl: Calling a method in the system process without a qualified user: android.app.ContextImpl.startService:1816 android.content.ContextWrapper.startService:774 com.thundercomm.gamemode.ingame.services.GameModeActionUtils.startGameModeService:118 com.thundercomm.gamemode.ingame.services.GameModeActionUtils.startGameModeEntry:29 com.thundercomm.gamemode.ingame.services.ActivityMonitoringService$1.onActivityLaunch:140
03-14 07:12:12.292 1533 1533 I GameModeConfig: Current uri is uri = content://com.thundercomm.gamemode.api/gamemode_settings/gamemode_isgaming
03-14 07:12:12.294 1533 1533 I GameModeConfig: isGameModeOn = true
03-14 07:12:12.294 1533 1533 I GameModeConfig: isGaming = true
03-14 07:12:12.294 1533 1533 I GameModeConfig: isDisableNotification = true
03-14 07:12:12.294 1533 1533 I GameModeConfig: isGameModeOn = true
03-14 07:12:12.294 1533 1533 I GameModeConfig: isGaming = true
03-14 07:12:12.294 1533 1533 I GameModeConfig: isDisableNotification = true
03-14 07:12:12.296 1533 1975 E DisplayDeviceConfig: requesting nits when no mapping exists.
03-14 07:12:12.296 1533 1975 E DisplayDeviceConfig: requesting nits when no mapping exists.
01-02 06:40:51.486 0 0 W ALERT : changing window size from 16000000 to 20000000 at 12077704019349
01-02 06:40:51.491 0 0 I : [MAX975X:max96755x_drm_notifier_callback] *INFO* receives EARLY_BLANK:UNBLANK
01-02 06:40:51.491 0 0 I atmel_mxt_ts 0-004a: FB event:2,blank:0
01-02 06:40:51.491 0 0 I atmel_mxt_ts 0-004a: suspend: event = 2, blank = 0, not care
01-02 06:40:51.491 0 0 I [drm:dsi_display_set_mode] [msm-dsi-info]: mdp_transfer_time_us=0 us
01-02 06:40:51.491 0 0 I [drm:dsi_display_set_mode] [msm-dsi-info]: hactive= 2560,vactive= 1080,fps=30
01-02 06:40:51.491 0 0 I : [MAX975X:max96755x_drm_notifier_callback] *INFO* receives BLANK:UNBLANK
01-02 06:40:51.492 0 0 I atmel_mxt_ts 0-004a: FB event:1,blank:0
01-02 06:40:51.492 0 0 I atmel_mxt_ts 0-004a: drm_notifier_callback: UNBLANK! Resume by drm notifier.
03-14 07:12:12.313 1533 1622 I DisplayDeviceRepository: Display device changed: DisplayDeviceInfo{"内置屏幕": uniqueId="local:4630946816427681409", 2560 x 1080, modeId 3, defaultModeId 1, supportedModes [{id=1, width=2560, height=1080, fps=60.000004, alternativeRefreshRates=[30.000002, 45.0]}, {id=2, width=2560, height=1080, fps=45.0, alternativeRefreshRates=[30.000002, 60.000004]}, {id=3, width=2560, height=1080, fps=30.000002, alternativeRefreshRates=[45.0, 60.000004]}], colorMode 0, supportedColorModes [0], hdrCapabilities HdrCapabilities{mSupportedHdrTypes=[2, 3, 4], mMaxLuminance=500.0, mMaxAverageLuminance=500.0, mMinLuminance=0.0}, allmSupported false, gameContentTypeSupported false, density 240, 320.315 x 318.976 dpi, appVsyncOff 1000000, presDeadline 33333333, touch INTERNAL, rotation 0, type INTERNAL, address {port=129, model=0x40446d97fee5e6}, deviceProductInfo DeviceProductInfo{name=, manufacturerPnpId=QCM, productId=1, modelYear=null, manufactureDate=ManufactureDate{week=27, year=2006}, connectionToSinkType=0}, state ON, frameRateOverride , brightnessMinimum 0.0, brightnessMaximum 1.0, brightnessDefault 1.0, FLAG_DEFAULT_DISPLAY, FLAG_ROTATES_WITH_CONTENT, FLAG_SECURE, FLAG_SUPPORTS_PROTECTED_BUFFERS}
03-14 07:12:12.316 1533 1975 E DisplayDeviceConfig: requesting nits when no mapping exists.
03-14 07:12:12.316 1533 1975 E DisplayDeviceConfig: requesting nits when no mapping exists.
03-14 07:12:12.321 27685 27711 D ActivityThread: Loading provider com.tencent.tmgp.sgame.XG_SETTINGS_PROVIDER: com.tencent.tpns.baseapi.base.SettingsContentProvider
01-02 06:40:51.506 0 0 W ALERT : changing window size from 20000000 to 8000000 at 12077724031797
03-14 07:12:12.329 1533 1975 E DisplayDeviceConfig: requesting nits when no mapping exists.
03-14 07:12:12.329 1533 1975 E DisplayDeviceConfig: requesting nits when no mapping exists.
03-14 07:12:12.333 1533 1561 D CompatibilityChangeReporter: Compat change id reported: 135634846; UID 10094; state: DISABLED
03-14 07:12:12.333 1533 1561 D CompatibilityChangeReporter: Compat change id reported: 177438394; UID 10094; state: DISABLED
03-14 07:12:12.333 1533 1561 D CompatibilityChangeReporter: Compat change id reported: 135772972; UID 10094; state: DISABLED
03-14 07:12:12.333 1533 1561 D CompatibilityChangeReporter: Compat change id reported: 135754954; UID 10094; state: DISABLED
03-14 07:12:12.333 1533 1639 D CompatibilityChangeReporter: Compat change id reported: 143937733; UID 10094; state: DISABLED
03-14 07:12:12.339 1533 1639 I ActivityManager: Start proc 27725:com.tencent.tmgp.sgame:xg_vip_service/u0a94 for service {com.tencent.tmgp.sgame/com.tencent.android.tpush.service.XGVipPushService}
03-14 07:12:12.343 1533 3100 W FreeFormWindowHelper: Current Display FreeFormTask is null
03-14 07:12:12.345 1533 1975 E DisplayDeviceConfig: requesting nits when no mapping exists.
03-14 07:12:12.345 1533 1975 E DisplayDeviceConfig: requesting nits when no mapping exists.
01-02 06:40:51.537 0 0 I binder : 27725:27725 ioctl 40046210 7fe31dd924 returned -22
03-14 07:12:12.362 1533 1975 E DisplayDeviceConfig: requesting nits when no mapping exists.
03-14 07:12:12.362 1533 1975 E DisplayDeviceConfig: requesting nits when no mapping exists.
03-14 07:12:12.396 1533 1975 E DisplayDeviceConfig: requesting nits when no mapping exists.
03-14 07:12:12.396 1533 1975 E DisplayDeviceConfig: requesting nits when no mapping exists.
03-14 07:12:12.429 1533 1975 E DisplayDeviceConfig: requesting nits when no mapping exists.
03-14 07:12:12.430 1533 1975 E DisplayDeviceConfig: requesting nits when no mapping exists.
03-14 07:12:12.462 1533 1975 E DisplayDeviceConfig: requesting nits when no mapping exists.
03-14 07:12:12.462 1533 1975 E DisplayDeviceConfig: requesting nits when no mapping exists.
03-14 07:12:12.496 1533 1975 E DisplayDeviceConfig: requesting nits when no mapping exists.
03-14 07:12:12.496 1533 1975 E DisplayDeviceConfig: requesting nits when no mapping exists.
03-14 07:12:12.529 1533 1975 E DisplayDeviceConfig: requesting nits when no mapping exists.
03-14 07:12:12.530 1533 1975 E DisplayDeviceConfig: requesting nits when no mapping exists.
03-14 07:12:12.563 1533 1975 E DisplayDeviceConfig: requesting nits when no mapping exists.
03-14 07:12:12.563 1533 1975 E DisplayDeviceConfig: requesting nits when no mapping exists.
03-14 07:12:12.597 1533 1975 E DisplayDeviceConfig: requesting nits when no mapping exists.
03-14 07:12:12.597 1533 1975 E DisplayDeviceConfig: requesting nits when no mapping exists.
03-14 07:12:12.630 1533 1975 E DisplayDeviceConfig: requesting nits when no mapping exists.
03-14 07:12:12.630 1533 1975 E DisplayDeviceConfig: requesting nits when no mapping exists.
03-14 07:12:12.663 1533 1975 E DisplayDeviceConfig: requesting nits when no mapping exists.
03-14 07:12:12.663 1533 1975 E DisplayDeviceConfig: requesting nits when no mapping exists.
03-14 07:12:12.691 1533 2140 W WindowManager: Failed looking up window session=Session{b1099c7 27685:u0a10094} callers=com.android.server.wm.WindowManagerService.windowForClientLocked:5628 com.android.server.wm.Session.insetsModified:629 android.view.IWindowSession$Stub.onTransact:1151
03-14 07:12:12.696 1533 1975 E DisplayDeviceConfig: requesting nits when no mapping exists.
03-14 07:12:12.697 1533 1975 E DisplayDeviceConfig: requesting nits when no mapping exists.
03-14 07:12:12.698 1533 3100 W WindowManager: Failed looking up window session=Session{b1099c7 27685:u0a10094} callers=com.android.server.wm.WindowManagerService.windowForClientLocked:5628 com.android.server.wm.Session.insetsModified:629 android.view.IWindowSession$Stub.onTransact:1151
03-14 07:12:12.730 1533 1975 E DisplayDeviceConfig: requesting nits when no mapping exists.
03-14 07:12:12.730 1533 1975 E DisplayDeviceConfig: requesting nits when no mapping exists.
01-02 06:40:51.928 0 0 I binder : 27685:27685 ioctl 40046210 7fe31dc544 returned -22
03-14 07:12:12.763 1533 1975 E DisplayDeviceConfig: requesting nits when no mapping exists.
03-14 07:12:12.764 1533 1975 E DisplayDeviceConfig: requesting nits when no mapping exists.
03-14 07:12:12.797 1533 1975 E DisplayDeviceConfig: requesting nits when no mapping exists.
03-14 07:12:12.797 1533 1975 E DisplayDeviceConfig: requesting nits when no mapping exists.
01-02 06:40:51.989 0 0 I msm_vidc: high: 00000004: ....d: Opening video instance: 0000000000000000, 1
01-02 06:40:51.989 0 0 I msm_vidc: err : 00000004: ....d: Failed to create debugfs for msm_vidc
03-14 07:12:12.831 1533 1975 E DisplayDeviceConfig: requesting nits when no mapping exists.
03-14 07:12:12.834 1533 1975 E DisplayDeviceConfig: requesting nits when no mapping exists.
03-14 07:12:12.863 1533 1975 E DisplayDeviceConfig: requesting nits when no mapping exists.
03-14 07:12:12.863 1533 1975 E DisplayDeviceConfig: requesting nits when no mapping exists.
03-14 07:12:12.896 1533 1975 E DisplayDeviceConfig: requesting nits when no mapping exists.
03-14 07:12:12.897 1533 1975 E DisplayDeviceConfig: requesting nits when no mapping exists.
03-14 07:12:12.930 1533 1975 E DisplayDeviceConfig: requesting nits when no mapping exists.
03-14 07:12:12.930 1533 1975 E DisplayDeviceConfig: requesting nits when no mapping exists.
03-14 07:12:12.945 1533 1975 E DisplayDeviceConfig: requesting nits when no mapping exists.
03-14 07:12:12.945 1533 1975 E DisplayDeviceConfig: requesting nits when no mapping exists.
03-14 07:12:12.978 1533 1975 E DisplayDeviceConfig: requesting nits when no mapping exists.
03-14 07:12:12.978 1533 1975 E DisplayDeviceConfig: requesting nits when no mapping exists.
03-14 07:12:13.011 1533 1975 E DisplayDeviceConfig: requesting nits when no mapping exists.
03-14 07:12:13.011 1533 1975 E DisplayDeviceConfig: requesting nits when no mapping exists.
03-14 07:12:13.045 1533 1975 E DisplayDeviceConfig: requesting nits when no mapping exists.
03-14 07:12:13.045 1533 1975 E DisplayDeviceConfig: requesting nits when no mapping exists.
01-02 06:40:52.854 0 0 E DTC_ETH,link_delay_work_func: 3003, SQI=0, link=0
03-14 07:12:16.130 1533 2798 W FreeFormWindowHelper: Current Display FreeFormTask is null
03-14 07:12:16.131 1533 2798 W FreeFormWindowHelper: Current Display FreeFormTask is null
03-14 07:12:16.131 1533 2798 W FreeFormWindowHelper: Current Display FreeFormTask is null
03-14 07:12:16.132 1533 2140 W FreeFormWindowHelper: Current Display FreeFormTask is null
03-14 07:12:16.174 1533 11544 W FreeFormWindowHelper: Current Display FreeFormTask is null
03-14 07:12:16.174 1533 11544 W FreeFormWindowHelper: Current Display FreeFormTask is null
03-14 07:12:16.174 1533 2798 W FreeFormWindowHelper: Current Display FreeFormTask is null
03-14 07:12:16.183 1533 10210 W FreeFormWindowHelper: Current Display FreeFormTask is null
03-14 07:12:16.183 1533 2038 W FreeFormWindowHelper: Current Display FreeFormTask is null
03-14 07:12:16.211 1533 10210 W FreeFormWindowHelper: Current Display FreeFormTask is null
03-14 07:12:16.211 1533 2038 W FreeFormWindowHelper: Current Display FreeFormTask is null
03-14 07:12:16.226 1533 2038 W ActivityTaskManager: getTaskSnapshot: taskId=-553 not found
03-14 07:12:16.227 1533 2038 W ActivityTaskManager: getTaskSnapshot: taskId=-552 not found
03-14 07:12:16.227 1533 2038 W ActivityTaskManager: getTaskSnapshot: taskId=-552 not found
03-14 07:12:16.272 1533 10210 W FreeFormWindowHelper: Current Display FreeFormTask is null
03-14 07:12:16.272 1533 1560 W FreeFormWindowHelper: Current Display FreeFormTask is null
03-14 07:12:16.608 1533 1560 W FreeFormWindowHelper: Current Display FreeFormTask is null
03-14 07:12:16.608 1533 13389 W FreeFormWindowHelper: Current Display FreeFormTask is null
03-14 07:12:16.609 1533 13389 W FreeFormWindowHelper: Current Display FreeFormTask is null
03-14 07:12:16.978 1533 8565 I ActivityTaskManager: FOREGROUND_APPLICATION_CHANGED to com.android.launcher3.uioverrides.QuickstepLauncher
03-14 07:12:16.983 1533 3100 W FreeFormWindowHelper: Current Display FreeFormTask is null
03-14 07:12:16.983 1533 9755 W FreeFormWindowHelper: Current Display FreeFormTask is null
03-14 07:12:16.983 1533 9755 W FreeFormWindowHelper: Current Display FreeFormTask is null
03-14 07:12:17.035 1533 3100 W FreeFormWindowHelper: Current Display FreeFormTask is null
03-14 07:12:17.035 1533 3100 W FreeFormWindowHelper: Current Display FreeFormTask is null
03-14 07:12:17.083 1533 1560 W FreeFormWindowHelper: Current Display FreeFormTask is null
03-14 07:12:17.085 2101 3642 W ContextImpl: Calling a method in the system process without a qualified user: android.app.ContextImpl.startService:1816 android.content.ContextWrapper.startService:774 com.thundercomm.gamemode.ingame.services.GameModeActionUtils.startGameModeService:118 com.thundercomm.gamemode.ingame.services.GameModeActionUtils.startGameModeEntry:29 com.thundercomm.gamemode.ingame.services.ActivityMonitoringService$1.onActivityLaunch:140
03-14 07:12:17.089 1533 1533 I GameModeConfig: Current uri is uri = content://com.thundercomm.gamemode.api/gamemode_settings/gamemode_isgaming
01-02 06:40:56.274 0 0 W ALERT : changing window size from 8000000 to 16000000 at 12082492025753
03-14 07:12:17.091 1533 1533 I GameModeConfig: isGameModeOn = true
03-14 07:12:17.091 1533 1533 I GameModeConfig: isGaming = false
03-14 07:12:17.091 1533 1533 I GameModeConfig: isGameModeOn = true
03-14 07:12:17.091 1533 1533 I GameModeConfig: isGaming = false
03-14 07:12:17.091 1533 1533 I GameModeConfig: isDisableVoice = true
01-02 06:40:56.314 0 0 I : [MAX975X:max96755x_drm_notifier_callback] *INFO* receives EARLY_BLANK:UNBLANK
01-02 06:40:56.314 0 0 I atmel_mxt_ts 0-004a: FB event:2,blank:0
01-02 06:40:56.314 0 0 I atmel_mxt_ts 0-004a: suspend: event = 2, blank = 0, not care
01-02 06:40:56.314 0 0 I [drm:dsi_display_set_mode] [msm-dsi-info]: mdp_transfer_time_us=0 us
01-02 06:40:56.314 0 0 I [drm:dsi_display_set_mode] [msm-dsi-info]: hactive= 2560,vactive= 1080,fps=60
01-02 06:40:56.314 0 0 I : [MAX975X:max96755x_drm_notifier_callback] *INFO* receives BLANK:UNBLANK
01-02 06:40:56.315 0 0 I atmel_mxt_ts 0-004a: FB event:1,blank:0
01-02 06:40:56.315 0 0 I atmel_mxt_ts 0-004a: drm_notifier_callback: UNBLANK! Resume by drm notifier.
03-14 07:12:17.157 1533 1622 I DisplayDeviceRepository: Display device changed: DisplayDeviceInfo{"内置屏幕": uniqueId="local:4630946816427681409", 2560 x 1080, modeId 1, defaultModeId 1, supportedModes [{id=1, width=2560, height=1080, fps=60.000004, alternativeRefreshRates=[30.000002, 45.0]}, {id=2, width=2560, height=1080, fps=45.0, alternativeRefreshRates=[30.000002, 60.000004]}, {id=3, width=2560, height=1080, fps=30.000002, alternativeRefreshRates=[45.0, 60.000004]}], colorMode 0, supportedColorModes [0], hdrCapabilities HdrCapabilities{mSupportedHdrTypes=[2, 3, 4], mMaxLuminance=500.0, mMaxAverageLuminance=500.0, mMinLuminance=0.0}, allmSupported false, gameContentTypeSupported false, density 240, 320.315 x 318.976 dpi, appVsyncOff 1000000, presDeadline 16666666, touch INTERNAL, rotation 0, type INTERNAL, address {port=129, model=0x40446d97fee5e6}, deviceProductInfo DeviceProductInfo{name=, manufacturerPnpId=QCM, productId=1, modelYear=null, manufactureDate=ManufactureDate{week=27, year=2006}, connectionToSinkType=0}, state ON, frameRateOverride , brightnessMinimum 0.0, brightnessMaximum 1.0, brightnessDefault 1.0, FLAG_DEFAULT_DISPLAY, FLAG_ROTATES_WITH_CONTENT, FLAG_SECURE, FLAG_SUPPORTS_PROTECTED_BUFFERS}
03-14 07:12:17.430 668 27637 W SocketClient: write error (Broken pipe)
01-02 06:40:56.855 0 0 I msm_vidc: high: 00000004: h264d: Closed video instance: 0000000000000000
03-14 07:12:17.869 1533 2131 I ActivityTaskManager: FOREGROUND_APPLICATION_CHANGED to org.qiyi.android.video.MainActivity
03-14 07:12:17.871 1533 2131 D CompatibilityChangeReporter: Compat change id reported: 174042980; UID 10099; state: DISABLED
03-14 07:12:17.872 1533 2131 D CompatibilityChangeReporter: Compat change id reported: 184838306; UID 10099; state: DISABLED
03-14 07:12:17.872 1533 2131 D CompatibilityChangeReporter: Compat change id reported: 185004937; UID 10099; state: DISABLED
03-14 07:12:17.916 1533 1560 W ActivityManager: Receiver with filter android.content.IntentFilter@b1723be already registered for pid 26446, callerPackage is com.qiyi.video
03-14 07:12:17.984 1533 2141 W FreeFormWindowHelper: Current Display FreeFormTask is null
03-14 07:12:18.262 1533 2141 W FreeFormWindowHelper: exitRecentTasks type=0
03-14 07:12:18.747 1533 2141 W FreeFormWindowHelper: Current Display FreeFormTask is null
03-14 07:12:18.748 1533 2141 W FreeFormWindowHelper: Current Display FreeFormTask is null
03-14 07:12:18.759 1533 1560 W FreeFormWindowHelper: Current Display FreeFormTask is null
03-14 07:12:18.759 1533 1560 W FreeFormWindowHelper: Current Display FreeFormTask is null
03-14 07:12:18.759 1533 2140 W FreeFormWindowHelper: Current Display FreeFormTask is null
03-14 07:12:18.765 1533 1560 W FreeFormWindowHelper: Current Display FreeFormTask is null
03-14 07:12:18.766 1533 1560 W FreeFormWindowHelper: Current Display FreeFormTask is null
03-14 07:12:18.769 1533 1560 W ActivityTaskManager: getTaskSnapshot: taskId=-970 not found
03-14 07:12:18.770 1533 2140 W ActivityTaskManager: getTaskSnapshot: taskId=-970 not found
03-14 07:12:18.770 1533 1560 W ActivityTaskManager: getTaskSnapshot: taskId=-970 not found
03-14 07:12:18.781 1533 1560 W FreeFormWindowHelper: Current Display FreeFormTask is null
03-14 07:12:18.781 1533 1560 W FreeFormWindowHelper: Current Display FreeFormTask is null
01-02 06:40:57.974 0 0 E DTC_ETH,link_delay_work_func: 3003, SQI=0, link=0
03-14 07:12:18.794 1533 10633 W FreeFormWindowHelper: Current Display FreeFormTask is null
03-14 07:12:18.795 1533 10633 W FreeFormWindowHelper: Current Display FreeFormTask is null
03-14 07:12:19.515 1533 8565 W FreeFormWindowHelper: Current Display FreeFormTask is null
03-14 07:12:19.515 1533 8565 W FreeFormWindowHelper: Current Display FreeFormTask is null
03-14 07:12:19.518 1533 10633 W FreeFormWindowHelper: Current Display FreeFormTask is null
03-14 07:12:19.518 1533 10633 W FreeFormWindowHelper: Current Display FreeFormTask is null
