03-14 07:17:00.769 1533 1975 E DisplayDeviceConfig: requesting nits when no mapping exists.
03-14 07:17:00.769 1533 1975 E DisplayDeviceConfig: requesting nits when no mapping exists.
03-14 07:17:00.769 1533 1638 I am_wtf : [0,1533,system_server,-1,DisplayDeviceConfig,requesting nits when no mapping exists.]
03-14 07:17:00.769 1533 1638 I am_wtf : [0,1533,system_server,-1,DisplayDeviceConfig,requesting nits when no mapping exists.]
03-14 07:17:00.785 1533 1975 E DisplayDeviceConfig: requesting nits when no mapping exists.
03-14 07:17:00.785 1533 1975 E DisplayDeviceConfig: requesting nits when no mapping exists.
03-14 07:17:00.785 1533 1638 I am_wtf : [0,1533,system_server,-1,DisplayDeviceConfig,requesting nits when no mapping exists.]
03-14 07:17:00.786 1533 1638 I am_wtf : [0,1533,system_server,-1,DisplayDeviceConfig,requesting nits when no mapping exists.]
03-14 07:17:00.802 1533 1975 E DisplayDeviceConfig: requesting nits when no mapping exists.
03-14 07:17:00.802 1533 1975 E DisplayDeviceConfig: requesting nits when no mapping exists.
03-14 07:17:00.802 1533 1638 I am_wtf : [0,1533,system_server,-1,DisplayDeviceConfig,requesting nits when no mapping exists.]
03-14 07:17:00.803 1533 1638 I am_wtf : [0,1533,system_server,-1,DisplayDeviceConfig,requesting nits when no mapping exists.]
03-14 07:17:00.819 1533 1975 E DisplayDeviceConfig: requesting nits when no mapping exists.
03-14 07:17:00.819 1533 1975 E DisplayDeviceConfig: requesting nits when no mapping exists.
03-14 07:17:00.819 1533 1638 I am_wtf : [0,1533,system_server,-1,DisplayDeviceConfig,requesting nits when no mapping exists.]
03-14 07:17:00.819 1533 1638 I am_wtf : [0,1533,system_server,-1,DisplayDeviceConfig,requesting nits when no mapping exists.]
03-14 07:17:00.835 1533 1975 E DisplayDeviceConfig: requesting nits when no mapping exists.
03-14 07:17:00.836 1533 1638 I am_wtf : [0,1533,system_server,-1,DisplayDeviceConfig,requesting nits when no mapping exists.]
03-14 07:17:00.836 1533 1975 E DisplayDeviceConfig: requesting nits when no mapping exists.
03-14 07:17:00.836 1533 1638 I am_wtf : [0,1533,system_server,-1,DisplayDeviceConfig,requesting nits when no mapping exists.]
03-14 07:17:00.852 1533 1975 E DisplayDeviceConfig: requesting nits when no mapping exists.
03-14 07:17:00.852 1533 1975 E DisplayDeviceConfig: requesting nits when no mapping exists.
03-14 07:17:00.852 1533 1638 I am_wtf : [0,1533,system_server,-1,DisplayDeviceConfig,requesting nits when no mapping exists.]
03-14 07:17:00.853 1533 1638 I am_wtf : [0,1533,system_server,-1,DisplayDeviceConfig,requesting nits when no mapping exists.]
03-14 07:17:00.869 1533 1975 E DisplayDeviceConfig: requesting nits when no mapping exists.
03-14 07:17:00.869 1533 1975 E DisplayDeviceConfig: requesting nits when no mapping exists.
03-14 07:17:00.869 1533 1638 I am_wtf : [0,1533,system_server,-1,DisplayDeviceConfig,requesting nits when no mapping exists.]
03-14 07:17:00.869 1533 1638 I am_wtf : [0,1533,system_server,-1,DisplayDeviceConfig,requesting nits when no mapping exists.]
03-14 07:17:00.886 1533 1975 E DisplayDeviceConfig: requesting nits when no mapping exists.
03-14 07:17:00.886 1533 1975 E DisplayDeviceConfig: requesting nits when no mapping exists.
03-14 07:17:00.886 1533 1638 I am_wtf : [0,1533,system_server,-1,DisplayDeviceConfig,requesting nits when no mapping exists.]
03-14 07:17:00.886 1533 1638 I am_wtf : [0,1533,system_server,-1,DisplayDeviceConfig,requesting nits when no mapping exists.]
03-14 07:17:00.902 1533 1975 E DisplayDeviceConfig: requesting nits when no mapping exists.
03-14 07:17:00.902 1533 1975 E DisplayDeviceConfig: requesting nits when no mapping exists.
03-14 07:17:00.902 1533 1638 I am_wtf : [0,1533,system_server,-1,DisplayDeviceConfig,requesting nits when no mapping exists.]
03-14 07:17:00.903 1533 1638 I am_wtf : [0,1533,system_server,-1,DisplayDeviceConfig,requesting nits when no mapping exists.]
03-14 07:17:00.919 1533 1975 E DisplayDeviceConfig: requesting nits when no mapping exists.
03-14 07:17:00.919 1533 1638 I am_wtf : [0,1533,system_server,-1,DisplayDeviceConfig,requesting nits when no mapping exists.]
03-14 07:17:00.919 1533 1975 E DisplayDeviceConfig: requesting nits when no mapping exists.
03-14 07:17:00.919 1533 1638 I am_wtf : [0,1533,system_server,-1,DisplayDeviceConfig,requesting nits when no mapping exists.]
03-14 07:17:00.936 1533 1975 E DisplayDeviceConfig: requesting nits when no mapping exists.
03-14 07:17:00.936 1533 1975 E DisplayDeviceConfig: requesting nits when no mapping exists.
03-14 07:17:00.936 1533 1638 I am_wtf : [0,1533,system_server,-1,DisplayDeviceConfig,requesting nits when no mapping exists.]
03-14 07:17:00.936 1533 1638 I am_wtf : [0,1533,system_server,-1,DisplayDeviceConfig,requesting nits when no mapping exists.]
03-14 07:17:00.953 1533 1975 E DisplayDeviceConfig: requesting nits when no mapping exists.
03-14 07:17:00.953 1533 1975 E DisplayDeviceConfig: requesting nits when no mapping exists.
03-14 07:17:00.953 1533 1638 I am_wtf : [0,1533,system_server,-1,DisplayDeviceConfig,requesting nits when no mapping exists.]
03-14 07:17:00.953 1533 1638 I am_wtf : [0,1533,system_server,-1,DisplayDeviceConfig,requesting nits when no mapping exists.]
03-14 07:17:00.969 1533 1975 E DisplayDeviceConfig: requesting nits when no mapping exists.
03-14 07:17:00.969 1533 1975 E DisplayDeviceConfig: requesting nits when no mapping exists.
03-14 07:17:00.969 1533 1638 I am_wtf : [0,1533,system_server,-1,DisplayDeviceConfig,requesting nits when no mapping exists.]
03-14 07:17:00.970 1533 1638 I am_wtf : [0,1533,system_server,-1,DisplayDeviceConfig,requesting nits when no mapping exists.]
03-14 07:17:00.986 1533 1975 E DisplayDeviceConfig: requesting nits when no mapping exists.
03-14 07:17:00.986 1533 1638 I am_wtf : [0,1533,system_server,-1,DisplayDeviceConfig,requesting nits when no mapping exists.]
03-14 07:17:00.986 1533 1975 E DisplayDeviceConfig: requesting nits when no mapping exists.
03-14 07:17:00.986 1533 1638 I am_wtf : [0,1533,system_server,-1,DisplayDeviceConfig,requesting nits when no mapping exists.]
03-14 07:17:01.003 1533 1975 E DisplayDeviceConfig: requesting nits when no mapping exists.
03-14 07:17:01.003 1533 1638 I am_wtf : [0,1533,system_server,-1,DisplayDeviceConfig,requesting nits when no mapping exists.]
03-14 07:17:01.003 1533 1975 E DisplayDeviceConfig: requesting nits when no mapping exists.
03-14 07:17:01.003 1533 1638 I am_wtf : [0,1533,system_server,-1,DisplayDeviceConfig,requesting nits when no mapping exists.]
03-14 07:17:01.019 1533 1975 E DisplayDeviceConfig: requesting nits when no mapping exists.
03-14 07:17:01.019 1533 1975 E DisplayDeviceConfig: requesting nits when no mapping exists.
03-14 07:17:01.019 1533 1638 I am_wtf : [0,1533,system_server,-1,DisplayDeviceConfig,requesting nits when no mapping exists.]
03-14 07:17:01.020 1533 1638 I am_wtf : [0,1533,system_server,-1,DisplayDeviceConfig,requesting nits when no mapping exists.]
03-14 07:17:01.036 1533 1975 E DisplayDeviceConfig: requesting nits when no mapping exists.
03-14 07:17:01.036 1533 1975 E DisplayDeviceConfig: requesting nits when no mapping exists.
03-14 07:17:01.036 1533 1638 I am_wtf : [0,1533,system_server,-1,DisplayDeviceConfig,requesting nits when no mapping exists.]
03-14 07:17:01.036 1533 1638 I am_wtf : [0,1533,system_server,-1,DisplayDeviceConfig,requesting nits when no mapping exists.]
03-14 07:17:01.053 1533 1975 E DisplayDeviceConfig: requesting nits when no mapping exists.
03-14 07:17:01.053 1533 1975 E DisplayDeviceConfig: requesting nits when no mapping exists.
03-14 07:17:01.053 1533 1638 I am_wtf : [0,1533,system_server,-1,DisplayDeviceConfig,requesting nits when no mapping exists.]
03-14 07:17:01.053 1533 1638 I am_wtf : [0,1533,system_server,-1,DisplayDeviceConfig,requesting nits when no mapping exists.]
03-14 07:17:01.070 1533 1975 E DisplayDeviceConfig: requesting nits when no mapping exists.
03-14 07:17:01.070 1533 1975 E DisplayDeviceConfig: requesting nits when no mapping exists.
03-14 07:17:01.070 1533 1638 I am_wtf : [0,1533,system_server,-1,DisplayDeviceConfig,requesting nits when no mapping exists.]
03-14 07:17:01.070 1533 1638 I am_wtf : [0,1533,system_server,-1,DisplayDeviceConfig,requesting nits when no mapping exists.]
03-14 07:17:01.086 1533 1975 E DisplayDeviceConfig: requesting nits when no mapping exists.
03-14 07:17:01.086 1533 1975 E DisplayDeviceConfig: requesting nits when no mapping exists.
03-14 07:17:01.086 1533 1638 I am_wtf : [0,1533,system_server,-1,DisplayDeviceConfig,requesting nits when no mapping exists.]
03-14 07:17:01.086 1533 1638 I am_wtf : [0,1533,system_server,-1,DisplayDeviceConfig,requesting nits when no mapping exists.]
03-14 07:17:01.103 1533 1975 E DisplayDeviceConfig: requesting nits when no mapping exists.
03-14 07:17:01.103 1533 1975 E DisplayDeviceConfig: requesting nits when no mapping exists.
03-14 07:17:01.103 1533 1638 I am_wtf : [0,1533,system_server,-1,DisplayDeviceConfig,requesting nits when no mapping exists.]
03-14 07:17:01.103 1533 1638 I am_wtf : [0,1533,system_server,-1,DisplayDeviceConfig,requesting nits when no mapping exists.]
03-14 07:17:01.611 0 0 I auditd : type=1400 audit(0.0:15583): avc: denied { kill } for comm="swapper/7" capability=5 scontext=u:r:kernel:s0 tcontext=u:r:kernel:s0 tclass=capability permissive=0
03-14 07:17:02.611 0 0 I auditd : type=1400 audit(0.0:15584): avc: denied { kill } for comm="swapper/7" capability=5 scontext=u:r:kernel:s0 tcontext=u:r:kernel:s0 tclass=capability permissive=0
03-14 07:17:02.910 1533 1853 I netstats_mobile_sample: [0,0,0,0,0,0,0,0,0,0,0,0,1678775057161]
03-14 07:17:02.910 1533 1853 I netstats_wifi_sample: [93418776,76520,2012773,21743,93418776,76520,2012773,21743,91965405,77910,1666223,20758,1678775057161]
03-14 07:17:03.611 0 0 I auditd : type=1400 audit(0.0:15585): avc: denied { kill } for comm="swapper/7" capability=5 scontext=u:r:kernel:s0 tcontext=u:r:kernel:s0 tclass=capability permissive=0
03-14 07:17:04.611 0 0 I auditd : type=1400 audit(0.0:15586): avc: denied { kill } for comm="swapper/7" capability=5 scontext=u:r:kernel:s0 tcontext=u:r:kernel:s0 tclass=capability permissive=0
01-02 06:45:44.695 0 0 E DTC_ETH,link_delay_work_func: 3003, SQI=0, link=0
03-14 07:17:05.611 0 0 I auditd : type=1400 audit(0.0:15587): avc: denied { kill } for comm="swapper/7" capability=5 scontext=u:r:kernel:s0 tcontext=u:r:kernel:s0 tclass=capability permissive=0
01-02 06:45:45.150 0 0 E msm_pcm_playback_close: CMD_EOS failed, cmd_pending 0x8
03-14 07:17:06.611 0 0 I auditd : type=1400 audit(0.0:15588): avc: denied { kill } for comm="swapper/7" capability=5 scontext=u:r:kernel:s0 tcontext=u:r:kernel:s0 tclass=capability permissive=0
03-14 07:17:07.037 1533 1853 I service_manager_stats: [113,21,6833]
03-14 07:17:07.057 1533 1853 I netstats_mobile_sample: [0,0,0,0,0,0,0,0,0,0,0,0,1678775061308]
03-14 07:17:07.057 1533 1853 I netstats_wifi_sample: [93418776,76520,2012773,21743,93418776,76520,2012773,21743,91965405,77910,1666223,20758,1678775061308]
03-14 07:17:07.611 0 0 I auditd : type=1400 audit(0.0:15589): avc: denied { kill } for comm="swapper/7" capability=5 scontext=u:r:kernel:s0 tcontext=u:r:kernel:s0 tclass=capability permissive=0
03-14 07:17:08.611 0 0 I auditd : type=1400 audit(0.0:15590): avc: denied { kill } for comm="swapper/7" capability=5 scontext=u:r:kernel:s0 tcontext=u:r:kernel:s0 tclass=capability permissive=0
03-14 07:17:09.611 0 0 I auditd : type=1400 audit(0.0:15591): avc: denied { kill } for comm="swapper/7" capability=5 scontext=u:r:kernel:s0 tcontext=u:r:kernel:s0 tclass=capability permissive=0
03-14 07:17:10.611 0 0 I auditd : type=1400 audit(0.0:15592): avc: denied { kill } for comm="swapper/7" capability=5 scontext=u:r:kernel:s0 tcontext=u:r:kernel:s0 tclass=capability permissive=0
01-02 06:45:49.815 0 0 E DTC_ETH,link_delay_work_func: 3003, SQI=0, link=0
03-14 07:17:11.611 0 0 I auditd : type=1400 audit(0.0:15593): avc: denied { kill } for comm="swapper/7" capability=5 scontext=u:r:kernel:s0 tcontext=u:r:kernel:s0 tclass=capability permissive=0
03-14 07:17:12.468 1533 1853 I netstats_mobile_sample: [0,0,0,0,0,0,0,0,0,0,0,0,1678775066719]
03-14 07:17:12.468 1533 1853 I netstats_wifi_sample: [93418776,76520,2012773,21743,93418776,76520,2012773,21743,91965405,77910,1666223,20758,1678775066719]
03-14 07:17:12.611 0 0 I auditd : type=1400 audit(0.0:15594): avc: denied { kill } for comm="swapper/7" capability=5 scontext=u:r:kernel:s0 tcontext=u:r:kernel:s0 tclass=capability permissive=0
03-14 07:17:13.611 0 0 I auditd : type=1400 audit(0.0:15595): avc: denied { kill } for comm="swapper/7" capability=5 scontext=u:r:kernel:s0 tcontext=u:r:kernel:s0 tclass=capability permissive=0
03-14 07:17:14.611 0 0 I auditd : type=1400 audit(0.0:15596): avc: denied { kill } for comm="swapper/7" capability=5 scontext=u:r:kernel:s0 tcontext=u:r:kernel:s0 tclass=capability permissive=0
03-14 07:17:15.611 0 0 I auditd : type=1400 audit(0.0:15597): avc: denied { kill } for comm="swapper/7" capability=5 scontext=u:r:kernel:s0 tcontext=u:r:kernel:s0 tclass=capability permissive=0
01-02 06:45:54.934 0 0 E DTC_ETH,link_delay_work_func: 3003, SQI=0, link=0
03-14 07:17:16.051 1533 1853 I netstats_mobile_sample: [0,0,0,0,0,0,0,0,0,0,0,0,1678775070302]
03-14 07:17:16.051 1533 1853 I netstats_wifi_sample: [93418776,76520,2012773,21743,93418776,76520,2012773,21743,91965405,77910,1666223,20758,1678775070302]
01-02 06:45:55.390 0 0 E msm_pcm_playback_close: CMD_EOS failed, cmd_pending 0x8
03-14 07:17:16.611 0 0 I auditd : type=1400 audit(0.0:15598): avc: denied { kill } for comm="swapper/7" capability=5 scontext=u:r:kernel:s0 tcontext=u:r:kernel:s0 tclass=capability permissive=0
03-14 07:17:17.611 0 0 I auditd : type=1400 audit(0.0:15599): avc: denied { kill } for comm="swapper/7" capability=5 scontext=u:r:kernel:s0 tcontext=u:r:kernel:s0 tclass=capability permissive=0
03-14 07:17:18.611 0 0 I auditd : type=1400 audit(0.0:15600): avc: denied { kill } for comm="swapper/7" capability=5 scontext=u:r:kernel:s0 tcontext=u:r:kernel:s0 tclass=capability permissive=0
03-14 07:17:19.611 0 0 I auditd : type=1400 audit(0.0:15601): avc: denied { kill } for comm="swapper/7" capability=5 scontext=u:r:kernel:s0 tcontext=u:r:kernel:s0 tclass=capability permissive=0
03-14 07:17:20.611 0 0 I auditd : type=1400 audit(0.0:15602): avc: denied { kill } for comm="swapper/7" capability=5 scontext=u:r:kernel:s0 tcontext=u:r:kernel:s0 tclass=capability permissive=0
01-02 06:46:00.055 0 0 E DTC_ETH,link_delay_work_func: 3003, SQI=0, link=0
03-14 07:17:21.456 1533 1853 I netstats_mobile_sample: [0,0,0,0,0,0,0,0,0,0,0,0,1678775075708]
03-14 07:17:21.457 1533 1853 I netstats_wifi_sample: [93418776,76520,2012773,21743,93418776,76520,2012773,21743,91965405,77910,1666223,20758,1678775075708]
03-14 07:17:21.611 0 0 I auditd : type=1400 audit(0.0:15603): avc: denied { kill } for comm="swapper/0" capability=5 scontext=u:r:kernel:s0 tcontext=u:r:kernel:s0 tclass=capability permissive=0
03-14 07:17:22.611 0 0 I auditd : type=1400 audit(0.0:15604): avc: denied { kill } for comm="swapper/0" capability=5 scontext=u:r:kernel:s0 tcontext=u:r:kernel:s0 tclass=capability permissive=0
03-14 07:17:23.611 0 0 I auditd : type=1400 audit(0.0:15605): avc: denied { kill } for comm="swapper/0" capability=5 scontext=u:r:kernel:s0 tcontext=u:r:kernel:s0 tclass=capability permissive=0
03-14 07:17:24.611 0 0 I auditd : type=1400 audit(0.0:15606): avc: denied { kill } for comm="swapper/0" capability=5 scontext=u:r:kernel:s0 tcontext=u:r:kernel:s0 tclass=capability permissive=0
03-14 07:17:25.611 0 0 I auditd : type=1400 audit(0.0:15607): avc: denied { kill } for comm="swapper/3" capability=5 scontext=u:r:kernel:s0 tcontext=u:r:kernel:s0 tclass=capability permissive=0
01-02 06:46:05.174 0 0 E DTC_ETH,link_delay_work_func: 3003, SQI=0, link=0
01-02 06:46:05.630 0 0 E msm_pcm_playback_close: CMD_EOS failed, cmd_pending 0x8
03-14 07:17:26.611 0 0 I auditd : type=1400 audit(0.0:15608): avc: denied { kill } for comm="swapper/3" capability=5 scontext=u:r:kernel:s0 tcontext=u:r:kernel:s0 tclass=capability permissive=0
03-14 07:17:27.611 0 0 I auditd : type=1400 audit(0.0:15609): avc: denied { kill } for comm="swapper/3" capability=5 scontext=u:r:kernel:s0 tcontext=u:r:kernel:s0 tclass=capability permissive=0
03-14 07:17:28.313 1533 1853 I netstats_mobile_sample: [0,0,0,0,0,0,0,0,0,0,0,0,1678775082565]
03-14 07:17:28.314 1533 1853 I netstats_wifi_sample: [93418776,76520,2012773,21743,93418776,76520,2012773,21743,91965405,77910,1666223,20758,1678775082565]
03-14 07:17:28.611 0 0 I auditd : type=1400 audit(0.0:15610): avc: denied { kill } for comm="swapper/3" capability=5 scontext=u:r:kernel:s0 tcontext=u:r:kernel:s0 tclass=capability permissive=0
03-14 07:17:29.611 0 0 I auditd : type=1400 audit(0.0:15611): avc: denied { kill } for comm="swapper/3" capability=5 scontext=u:r:kernel:s0 tcontext=u:r:kernel:s0 tclass=capability permissive=0
03-14 07:17:29.705 1533 9755 W ActivityManager: Background start not allowed: service Intent { cmp=com.ss.android.ugc.aweme/com.bytedance.common.wschannel.client.WsClientService } to com.ss.android.ugc.aweme/com.bytedance.common.wschannel.client.WsClientService from pid=26194 uid=10098 pkg=com.ss.android.ugc.aweme startFg?=false
03-14 07:17:30.611 0 0 I auditd : type=1400 audit(0.0:15612): avc: denied { kill } for comm="swapper/3" capability=5 scontext=u:r:kernel:s0 tcontext=u:r:kernel:s0 tclass=capability permissive=0
01-02 06:46:10.299 0 0 E DTC_ETH,link_delay_work_func: 3003, SQI=0, link=0
03-14 07:17:31.611 0 0 I auditd : type=1400 audit(0.0:15613): avc: denied { kill } for comm="swapper/3" capability=5 scontext=u:r:kernel:s0 tcontext=u:r:kernel:s0 tclass=capability permissive=0
03-14 07:17:32.611 0 0 I auditd : type=1400 audit(0.0:15614): avc: denied { kill } for comm="swapper/3" capability=5 scontext=u:r:kernel:s0 tcontext=u:r:kernel:s0 tclass=capability permissive=0
03-14 07:17:32.759 27685 27685 I auditd : type=1400 audit(0.0:15615): avc: denied { read } for comm="pcdn_udp" name="snmp" dev="proc" ino=4026532270 scontext=u:r:untrusted_app_29:s0:c94,c256,c512,c768 tcontext=u:object_r:proc_net:s0 tclass=file permissive=0 app=com.tencent.tmgp.sgame
03-14 07:17:33.611 0 0 I auditd : type=1400 audit(0.0:15616): avc: denied { kill } for comm="swapper/3" capability=5 scontext=u:r:kernel:s0 tcontext=u:r:kernel:s0 tclass=capability permissive=0
03-14 07:17:34.276 1533 1853 I netstats_mobile_sample: [0,0,0,0,0,0,0,0,0,0,0,0,1678775088527]
03-14 07:17:34.276 1533 1853 I netstats_wifi_sample: [93418776,76520,2012773,21743,93418776,76520,2012773,21743,91965405,77910,1666223,20758,1678775088527]
03-14 07:17:34.611 0 0 I auditd : type=1400 audit(0.0:15617): avc: denied { kill } for comm="swapper/3" capability=5 scontext=u:r:kernel:s0 tcontext=u:r:kernel:s0 tclass=capability permissive=0
03-14 07:17:35.611 0 0 I auditd : type=1400 audit(0.0:15618): avc: denied { kill } for comm="swapper/3" capability=5 scontext=u:r:kernel:s0 tcontext=u:r:kernel:s0 tclass=capability permissive=0
01-02 06:46:15.416 0 0 E DTC_ETH,link_delay_work_func: 3003, SQI=0, link=0
01-02 06:46:15.874 0 0 E msm_pcm_playback_close: CMD_EOS failed, cmd_pending 0x8
03-14 07:17:37.611 0 0 I auditd : type=1400 audit(0.0:15619): avc: denied { kill } for comm="swapper/3" capability=5 scontext=u:r:kernel:s0 tcontext=u:r:kernel:s0 tclass=capability permissive=0
03-14 07:17:38.611 0 0 I auditd : type=1400 audit(0.0:15620): avc: denied { kill } for comm="swapper/3" capability=5 scontext=u:r:kernel:s0 tcontext=u:r:kernel:s0 tclass=capability permissive=0
03-14 07:17:39.611 0 0 I auditd : type=1400 audit(0.0:15621): avc: denied { kill } for comm="swapper/3" capability=5 scontext=u:r:kernel:s0 tcontext=u:r:kernel:s0 tclass=capability permissive=0
03-14 07:17:39.702 1533 1853 I netstats_mobile_sample: [0,0,0,0,0,0,0,0,0,0,0,0,1678775093954]
03-14 07:17:39.703 1533 1853 I netstats_wifi_sample: [93418776,76520,2012773,21743,93418776,76520,2012773,21743,91965405,77910,1666223,20758,1678775093954]
01-02 06:46:20.535 0 0 E DTC_ETH,link_delay_work_func: 3003, SQI=0, link=0
03-14 07:17:42.611 0 0 I auditd : type=1400 audit(0.0:15622): avc: denied { kill } for comm="swapper/2" capability=5 scontext=u:r:kernel:s0 tcontext=u:r:kernel:s0 tclass=capability permissive=0
03-14 07:17:43.611 0 0 I auditd : type=1400 audit(0.0:15623): avc: denied { kill } for comm="swapper/2" capability=5 scontext=u:r:kernel:s0 tcontext=u:r:kernel:s0 tclass=capability permissive=0
03-14 07:17:43.916 1533 1853 I netstats_mobile_sample: [0,0,0,0,0,0,0,0,0,0,0,0,1678775098167]
03-14 07:17:43.916 1533 1853 I netstats_wifi_sample: [93418776,76520,2012773,21743,93418776,76520,2012773,21743,91965405,77910,1666223,20758,1678775098167]
03-14 07:17:44.611 0 0 I auditd : type=1400 audit(0.0:15624): avc: denied { kill } for comm="swapper/2" capability=5 scontext=u:r:kernel:s0 tcontext=u:r:kernel:s0 tclass=capability permissive=0
03-14 07:17:45.611 0 0 I auditd : type=1400 audit(0.0:15625): avc: denied { kill } for comm="swapper/2" capability=5 scontext=u:r:kernel:s0 tcontext=u:r:kernel:s0 tclass=capability permissive=0
01-02 06:46:25.655 0 0 E DTC_ETH,link_delay_work_func: 3003, SQI=0, link=0
03-14 07:17:47.611 0 0 I auditd : type=1400 audit(0.0:15626): avc: denied { kill } for comm="swapper/2" capability=5 scontext=u:r:kernel:s0 tcontext=u:r:kernel:s0 tclass=capability permissive=0
03-14 07:17:48.611 0 0 I auditd : type=1400 audit(0.0:15627): avc: denied { kill } for comm="swapper/2" capability=5 scontext=u:r:kernel:s0 tcontext=u:r:kernel:s0 tclass=capability permissive=0
03-14 07:17:49.744 1533 1853 I netstats_mobile_sample: [0,0,0,0,0,0,0,0,0,0,0,0,1678775103996]
03-14 07:17:49.745 1533 1853 I netstats_wifi_sample: [93418776,76520,2012773,21743,93418776,76520,2012773,21743,91965405,77910,1666223,20758,1678775103996]
03-14 07:17:50.611 0 0 I auditd : type=1400 audit(0.0:15628): avc: denied { kill } for comm="swapper/2" capability=5 scontext=u:r:kernel:s0 tcontext=u:r:kernel:s0 tclass=capability permissive=0
01-02 06:46:29.992 0 0 I [schedu][0x3783c10d96][07:17:50.808348] wlan: [5333:I:WMA] [07:17:50.751000] [ROAM_TRIGGER]: VDEV[0] Reason: "PER"
01-02 06:46:29.992 0 0 I [schedu][0x3783c10f9f][07:17:50.808375] wlan: [5333:I:WMA] [07:17:50.751000] [ROAM_SCAN]: VDEV[0] Scan_type: PARTIAL {2452 }
01-02 06:46:29.992 0 0 I [schedu][0x3783c1104f][07:17:50.808385] wlan: [5333:I:WMA] ============================================================================================================================
01-02 06:46:29.992 0 0 I [schedu][0x3783c11155][07:17:50.808398] wlan: [5333:I:WMA] AP BSSID TSTAMP CH TY ETP RSSI/SCR CU%/SCR TOT_SCR BL_RSN BL_SRC BL_TSTAMP BL_TIMEOUT(ms)
01-02 06:46:29.992 0 0 I [schedu][0x3783c11208][07:17:50.808408] wlan: [5333:I:WMA] ============================================================================================================================
01-02 06:46:29.992 0 0 I [schedu][0x3783c11332][07:17:50.808423] wlan: [5333:I:WMA] d6:44:3b:15:39:91 [07:17:50.751000] 2452 P_AP 0 59/0 0/0 5136 0 0 [00:00:00.000000] 0
01-02 06:46:29.992 0 0 I [schedu][0x3783c1142e][07:17:50.808436] wlan: [5333:I:WMA] [07:17:50.807000] [ROAM_RESULT]: VDEV[0] FAILED Reason: NO AP FOUND
01-02 06:46:30.775 0 0 E DTC_ETH,link_delay_work_func: 3003, SQI=0, link=0
03-14 07:17:51.611 0 0 I auditd : type=1400 audit(0.0:15629): avc: denied { kill } for comm="swapper/2" capability=5 scontext=u:r:kernel:s0 tcontext=u:r:kernel:s0 tclass=capability permissive=0
03-14 07:17:52.611 0 0 I auditd : type=1400 audit(0.0:15630): avc: denied { kill } for comm="swapper/2" capability=5 scontext=u:r:kernel:s0 tcontext=u:r:kernel:s0 tclass=capability permissive=0
03-14 07:17:53.611 0 0 I auditd : type=1400 audit(0.0:15631): avc: denied { kill } for comm="swapper/2" capability=5 scontext=u:r:kernel:s0 tcontext=u:r:kernel:s0 tclass=capability permissive=0
01-02 06:46:33.052 0 0 I [schedu][0x378741618d][07:17:53.867815] wlan: [5333:I:WMA] [07:17:50.814000] [ROAM_TRIGGER]: VDEV[0] Reason: "PER" Sub-Reason: FULL SCAN
01-02 06:46:33.052 0 0 I [schedu][0x378741648a][07:17:53.867854] wlan: [5333:I:WMA] [07:17:50.814000] [ROAM_SCAN]: VDEV[0] Scan_type: FULL
01-02 06:46:33.052 0 0 I [schedu][0x37874165cf][07:17:53.867871] wlan: [5333:I:WMA] ============================================================================================================================
01-02 06:46:33.052 0 0 I [schedu][0x3787416774][07:17:53.867893] wlan: [5333:I:WMA] AP BSSID TSTAMP CH TY ETP RSSI/SCR CU%/SCR TOT_SCR BL_RSN BL_SRC BL_TSTAMP BL_TIMEOUT(ms)
01-02 06:46:33.052 0 0 I [schedu][0x3787416c0f][07:17:53.867955] wlan: [5333:I:WMA] ============================================================================================================================
01-02 06:46:33.052 0 0 I [schedu][0x3787416e90][07:17:53.867988] wlan: [5333:I:WMA] d6:44:3b:15:39:91 [07:17:50.814000] 2452 P_AP 0 59/0 0/0 5136 0 0 [00:00:00.000000] 0
01-02 06:46:33.052 0 0 I [schedu][0x3787417071][07:17:53.868013] wlan: [5333:I:WMA] [07:17:53.866000] [ROAM_RESULT]: VDEV[0] FAILED Reason: NO AP FOUND
03-14 07:17:54.611 0 0 I auditd : type=1400 audit(0.0:15632): avc: denied { kill } for comm="swapper/2" capability=5 scontext=u:r:kernel:s0 tcontext=u:r:kernel:s0 tclass=capability permissive=0
03-14 07:17:55.611 0 0 I auditd : type=1400 audit(0.0:15633): avc: denied { kill } for comm="swapper/2" capability=5 scontext=u:r:kernel:s0 tcontext=u:r:kernel:s0 tclass=capability permissive=0
03-14 07:17:55.664 1533 1781 I input_interaction: Interaction with: 17c896d com.thundercomm.screensaver/android.service.dreams.DreamActivity (server), edge-swipe (server), swipe-up (server), PointerEventDispatcher0 (server),
03-14 07:17:55.669 1533 10210 I wm_finish_activity: [0,49113905,99,com.thundercomm.screensaver/android.service.dreams.DreamActivity,finish-activity]
03-14 07:17:55.670 1533 10210 I wm_task_moved: [11,1,9]
03-14 07:17:55.671 1533 10210 I wm_task_moved: [12,1,2147483647]
03-14 07:17:55.671 1533 10210 I wm_task_to_front: [0,12]
03-14 07:17:55.671 1533 10210 I wm_focused_root_task: [0,0,11,99,finish-top adjustFocusToNextFocusableTask]
03-14 07:17:55.672 1533 10210 I wm_set_resumed_activity: [0,com.android.launcher3/.uioverrides.QuickstepLauncher,finish-top adjustFocusToNextFocusableTask]
03-14 07:17:55.673 1533 10210 I wm_pause_activity: [0,49113905,com.thundercomm.screensaver/android.service.dreams.DreamActivity,userLeaving=false,finish]
03-14 07:17:55.683 1533 10210 I DreamManagerService: Gently waking up from dream.
03-14 07:17:55.684 1533 1619 I DreamManagerService: Performing gentle wake from dream.
03-14 07:17:55.685 24711 24711 I wm_on_top_resumed_lost_called: [49113905,android.service.dreams.DreamActivity,topStateChangedWhenResumed]
03-14 07:17:55.686 1533 1622 I sysui_multi_action: [757,803,799,window_time_0,802,56]
03-14 07:17:55.687 24711 24711 I wm_on_paused_called: [49113905,android.service.dreams.DreamActivity,performPause]
03-14 07:17:55.688 1533 10210 I wm_add_to_stopping: [0,49113905,com.thundercomm.screensaver/android.service.dreams.DreamActivity,completeFinishing]
03-14 07:17:55.689 1533 10210 I ActivityTaskManager: FOREGROUND_APPLICATION_CHANGED to com.android.launcher3.uioverrides.QuickstepLauncher
03-14 07:17:55.691 1533 10210 I wm_set_resumed_activity: [0,com.android.launcher3/.uioverrides.QuickstepLauncher,resumeTopActivityInnerLocked]
03-14 07:17:55.693 1533 10210 I wm_resume_activity: [0,57706815,12,com.android.launcher3/.uioverrides.QuickstepLauncher]
03-14 07:17:55.695 2568 2568 I wm_on_restart_called: [57706815,com.android.launcher3.uioverrides.QuickstepLauncher,performRestartActivity]
03-14 07:17:55.695 2568 2568 I wm_on_start_called: [57706815,com.android.launcher3.uioverrides.QuickstepLauncher,handleStartActivity]
03-14 07:17:55.696 2568 2568 I wm_on_resume_called: [57706815,com.android.launcher3.uioverrides.QuickstepLauncher,RESUME_ACTIVITY]
03-14 07:17:55.696 2568 2568 I wm_on_top_resumed_gained_called: [57706815,com.android.launcher3.uioverrides.QuickstepLauncher,topWhenResuming]
03-14 07:17:55.706 1533 1622 I sysui_multi_action: [757,803,799,window_time_0,802,0]
03-14 07:17:55.707 24711 24711 I view_enqueue_input_event: [Motion - Cancel,com.thundercomm.screensaver/android.service.dreams.DreamActivity]
03-14 07:17:55.707 1533 1781 I input_focus: [Focus leaving 17c896d com.thundercomm.screensaver/android.service.dreams.DreamActivity (server),reason=NO_WINDOW]
03-14 07:17:55.725 1533 1623 I input_focus: [Focus request 587a4a0 com.android.launcher3/com.android.launcher3.uioverrides.QuickstepLauncher,reason=UpdateInputWindows]
03-14 07:17:55.735 1533 1628 I am_pss : [20142,10093,com.tencent.tmgp.pubgmhd:xg_vip_service,14939136,6139904,3864576,67100672,0,4,7]
03-14 07:17:55.740 1533 1666 I PowerManagerService: Powering on display group fromDreaming (groupId=0, uid=1000, reason=WAKE_REASON_UNKNOWN, details=android.server.power:DREAM_FINISHED)...
03-14 07:17:55.740 1533 1666 I PowerManagerService: Waking up from Dreaming (uid=1000, reason=WAKE_REASON_UNKNOWN, details=android.server.power:DREAM_FINISHED)...
03-14 07:17:55.745 1533 1628 I am_pss : [26446,10099,com.qiyi.video:QS,22943744,7753728,2590720,109441024,0,19,8]
03-14 07:17:55.755 1533 1781 I input_focus: [Focus entering 587a4a0 com.android.launcher3/com.android.launcher3.uioverrides.QuickstepLauncher (server),reason=Window became focusable. Previous reason: NOT_VISIBLE]
03-14 07:17:55.798 1533 10210 W FreeFormWindowHelper: Current Display FreeFormTask is null
03-14 07:17:55.972 1533 1622 I wm_destroy_activity: [0,49113905,99,com.thundercomm.screensaver/android.service.dreams.DreamActivity,finish-imm:idle]
03-14 07:17:55.995 24711 24711 I wm_on_stop_called: [49113905,android.service.dreams.DreamActivity,LIFECYCLER_STOP_ACTIVITY]
03-14 07:17:55.998 24711 24711 I wm_on_destroy_called: [49113905,android.service.dreams.DreamActivity,performDestroy]
03-14 07:17:55.998 1533 9755 I DreamManagerService: Leaving dreamland.
03-14 07:17:55.999 1533 1619 I DreamManagerService: Performing gentle wake from dream.
03-14 07:17:56.000 1533 1619 I DreamController: Stopping dream: name=ComponentInfo{com.thundercomm.screensaver/com.thundercomm.screensaver.service.SystemDream}, isTest=false, canDoze=false, userId=0, reason='finished self'(from 'finished self')
03-14 07:17:56.000 1533 1619 I sysui_multi_action: [757,222,758,2]
03-14 07:17:56.000 1533 1619 I sysui_multi_action: [757,804,799,dreaming_minutes,801,0,802,1]
03-14 07:17:56.012 1533 10210 I wm_task_removed: [99,removeChild:removeChild last r=ActivityRecord{2ed6b31 u0 com.thundercomm.screensaver/android.service.dreams.DreamActivity t-1 f}} in t=Task{7a0d28f #99 type=dream A=10051:android:com.thundercomm.screensaver/dream U=0 visible=false mode=fullscreen translucent=true sz=0}]
03-14 07:17:56.012 1533 10210 I wm_task_removed: [99,removeChild]
03-14 07:17:56.014 1533 1623 W ActivityTaskManager: Can't find TaskDisplayArea to determine support for multi window. Task id=99 attached=false
03-14 07:17:56.611 0 0 I auditd : type=1400 audit(0.0:15634): avc: denied { kill } for comm="swapper/2" capability=5 scontext=u:r:kernel:s0 tcontext=u:r:kernel:s0 tclass=capability permissive=0
01-02 06:46:35.899 0 0 E DTC_ETH,link_delay_work_func: 3003, SQI=0, link=0
03-14 07:17:56.721 1533 1781 I input_interaction: Interaction with: 587a4a0 com.android.launcher3/com.android.launcher3.uioverrides.QuickstepLauncher (server), a76c92 com.android.systemui.ImageWallpaper (server), edge-swipe (server), swipe-up (server), PointerEventDispatcher0 (server),
03-14 07:17:56.740 1533 12036 W FreeFormWindowHelper: Current Display FreeFormTask is null
03-14 07:17:56.740 1533 9755 W FreeFormWindowHelper: Current Display FreeFormTask is null
03-14 07:17:56.740 1533 9235 W FreeFormWindowHelper: Current Display FreeFormTask is null
03-14 07:17:56.753 1533 10210 W FreeFormWindowHelper: Current Display FreeFormTask is null
03-14 07:17:56.753 1533 12036 W FreeFormWindowHelper: Current Display FreeFormTask is null
03-14 07:17:56.753 1533 1781 I input_interaction: Interaction with: edge-swipe (server), swipe-up (server), PointerEventDispatcher0 (server),
03-14 07:17:56.754 2568 2568 I view_enqueue_input_event: [Motion - Cancel,com.android.launcher3/com.android.launcher3.uioverrides.QuickstepLauncher]
03-14 07:17:56.760 1533 10210 W FreeFormWindowHelper: Current Display FreeFormTask is null
03-14 07:17:56.762 1533 12036 W FreeFormWindowHelper: Current Display FreeFormTask is null
03-14 07:17:56.768 1533 10210 W ActivityTaskManager: getTaskSnapshot: taskId=-974 not found
03-14 07:17:56.769 1533 9235 W ActivityTaskManager: getTaskSnapshot: taskId=-974 not found
03-14 07:17:56.771 1533 9235 W FreeFormWindowHelper: Current Display FreeFormTask is null
03-14 07:17:56.771 1533 10210 W FreeFormWindowHelper: Current Display FreeFormTask is null
03-14 07:17:56.788 1533 9235 W FreeFormWindowHelper: Current Display FreeFormTask is null
03-14 07:17:56.788 1533 9755 W FreeFormWindowHelper: Current Display FreeFormTask is null
03-14 07:17:56.945 1533 1739 I commit_sys_config_file: [settings-1-0,10]
03-14 07:17:56.975 1533 10633 W FreeFormWindowHelper: Current Display FreeFormTask is null
03-14 07:17:56.975 1533 10633 W FreeFormWindowHelper: Current Display FreeFormTask is null
03-14 07:17:56.990 1533 10633 W FreeFormWindowHelper: Current Display FreeFormTask is null
03-14 07:17:56.990 1533 9235 W FreeFormWindowHelper: Current Display FreeFormTask is null
03-14 07:17:57.006 1533 10633 W FreeFormWindowHelper: Current Display FreeFormTask is null
03-14 07:17:57.006 1533 10633 W FreeFormWindowHelper: Current Display FreeFormTask is null
03-14 07:17:57.022 1533 10210 W FreeFormWindowHelper: Current Display FreeFormTask is null
03-14 07:17:57.023 1533 8565 W FreeFormWindowHelper: Current Display FreeFormTask is null
03-14 07:17:57.039 1533 10633 W FreeFormWindowHelper: Current Display FreeFormTask is null
03-14 07:17:57.039 1533 10633 W FreeFormWindowHelper: Current Display FreeFormTask is null
03-14 07:17:57.056 1533 10633 W FreeFormWindowHelper: Current Display FreeFormTask is null
03-14 07:17:57.056 1533 8565 W FreeFormWindowHelper: Current Display FreeFormTask is null
03-14 07:17:57.073 1533 9755 W FreeFormWindowHelper: Current Display FreeFormTask is null
03-14 07:17:57.073 1533 9235 W FreeFormWindowHelper: Current Display FreeFormTask is null
03-14 07:17:57.089 1533 10210 W FreeFormWindowHelper: Current Display FreeFormTask is null
03-14 07:17:57.090 1533 8565 W FreeFormWindowHelper: Current Display FreeFormTask is null
03-14 07:17:57.106 1533 9235 W FreeFormWindowHelper: Current Display FreeFormTask is null
03-14 07:17:57.107 1533 9755 W FreeFormWindowHelper: Current Display FreeFormTask is null
03-14 07:17:57.123 1533 10633 W FreeFormWindowHelper: Current Display FreeFormTask is null
03-14 07:17:57.123 1533 10633 W FreeFormWindowHelper: Current Display FreeFormTask is null
03-14 07:17:57.139 1533 12036 W FreeFormWindowHelper: Current Display FreeFormTask is null
03-14 07:17:57.139 1533 9755 W FreeFormWindowHelper: Current Display FreeFormTask is null
03-14 07:17:57.156 1533 11081 W FreeFormWindowHelper: Current Display FreeFormTask is null
03-14 07:17:57.156 1533 11081 W FreeFormWindowHelper: Current Display FreeFormTask is null
03-14 07:17:57.173 1533 11081 W FreeFormWindowHelper: Current Display FreeFormTask is null
03-14 07:17:57.173 1533 11081 W FreeFormWindowHelper: Current Display FreeFormTask is null
03-14 07:17:57.183 1533 1739 I commit_sys_config_file: [settings-1-0,12]
03-14 07:17:57.189 1533 10633 W FreeFormWindowHelper: Current Display FreeFormTask is null
03-14 07:17:57.190 1533 8565 W FreeFormWindowHelper: Current Display FreeFormTask is null
03-14 07:17:57.206 1533 9755 W FreeFormWindowHelper: Current Display FreeFormTask is null
03-14 07:17:57.206 1533 9755 W FreeFormWindowHelper: Current Display FreeFormTask is null
03-14 07:17:57.213 1533 1853 I netstats_mobile_sample: [0,0,0,0,0,0,0,0,0,0,0,0,1678775111465]
03-14 07:17:57.213 1533 1853 I netstats_wifi_sample: [93418776,76520,2012773,21743,93418776,76520,2012773,21743,91965405,77910,1666223,20758,1678775111465]
03-14 07:17:57.223 1533 11081 W FreeFormWindowHelper: Current Display FreeFormTask is null
03-14 07:17:57.223 1533 11081 W FreeFormWindowHelper: Current Display FreeFormTask is null
03-14 07:17:57.242 1533 10633 W FreeFormWindowHelper: Current Display FreeFormTask is null
03-14 07:17:57.243 1533 10633 W FreeFormWindowHelper: Current Display FreeFormTask is null
03-14 07:17:57.258 1533 10633 W FreeFormWindowHelper: Current Display FreeFormTask is null
03-14 07:17:57.258 1533 10633 W FreeFormWindowHelper: Current Display FreeFormTask is null
03-14 07:17:57.276 1533 10633 W FreeFormWindowHelper: Current Display FreeFormTask is null
03-14 07:17:57.276 1533 10633 W FreeFormWindowHelper: Current Display FreeFormTask is null
03-14 07:17:57.277 1533 9755 W FreeFormWindowHelper: Current Display FreeFormTask is null
03-14 07:17:57.294 1533 10210 W FreeFormWindowHelper: Current Display FreeFormTask is null
03-14 07:17:57.294 1533 10633 W FreeFormWindowHelper: Current Display FreeFormTask is null
03-14 07:17:57.585 1533 1781 I input_interaction: Interaction with: 587a4a0 com.android.launcher3/com.android.launcher3.uioverrides.QuickstepLauncher (server), a76c92 com.android.systemui.ImageWallpaper (server), edge-swipe (server), swipe-up (server), PointerEventDispatcher0 (server),
03-14 07:17:57.611 0 0 I auditd : type=1400 audit(0.0:15635): avc: denied { kill } for comm="swapper/2" capability=5 scontext=u:r:kernel:s0 tcontext=u:r:kernel:s0 tclass=capability permissive=0
03-14 07:17:57.653 1533 10633 I wm_task_moved: [11,1,9]
03-14 07:17:57.658 1533 10633 I wm_set_resumed_activity: [0,com.android.launcher3/.uioverrides.QuickstepLauncher,positionChildAt]
03-14 07:17:57.658 1533 10633 I wm_task_moved: [95,1,9]
03-14 07:17:57.659 1533 10633 I wm_task_to_front: [0,95]
03-14 07:17:57.659 1533 10633 I wm_focused_root_task: [0,0,95,11,moveTaskToFront findTaskToMoveToFront]
03-14 07:17:57.660 1533 10633 I wm_set_resumed_activity: [0,com.tencent.tmgp.sgame/.SGameActivity,moveTaskToFront findTaskToMoveToFront]
03-14 07:17:57.661 1533 10633 I wm_pause_activity: [0,57706815,com.android.launcher3/.uioverrides.QuickstepLauncher,userLeaving=true,pauseBackTasks]
03-14 07:17:57.670 2568 2568 I wm_on_top_resumed_lost_called: [57706815,com.android.launcher3.uioverrides.QuickstepLauncher,topStateChangedWhenResumed]
03-14 07:17:57.673 2568 2568 I wm_on_paused_called: [57706815,com.android.launcher3.uioverrides.QuickstepLauncher,performPause]
03-14 07:17:57.679 1533 10210 I ActivityTaskManager: FOREGROUND_APPLICATION_CHANGED to com.tencent.tmgp.sgame.SGameActivity
03-14 07:17:57.682 1533 10210 I wm_set_resumed_activity: [0,com.tencent.tmgp.sgame/.SGameActivity,resumeTopActivityInnerLocked]
03-14 07:17:57.682 1533 10210 I wm_add_to_stopping: [0,57706815,com.android.launcher3/.uioverrides.QuickstepLauncher,makeInvisible]
03-14 07:17:57.695 1533 10210 I service_manager_slow: [11,platform_compat]
03-14 07:17:57.696 1533 10210 I wm_resume_activity: [0,50396061,95,com.tencent.tmgp.sgame/.SGameActivity]
03-14 07:17:57.705 27685 27685 I wm_on_restart_called: [50396061,com.tencent.tmgp.sgame.SGameActivity,performRestartActivity]
03-14 07:17:57.706 27685 27685 I wm_on_start_called: [50396061,com.tencent.tmgp.sgame.SGameActivity,handleStartActivity]
03-14 07:17:57.708 1533 1622 I sysui_multi_action: [757,803,799,window_time_0,802,2]
03-14 07:17:57.710 27685 27685 I wm_on_resume_called: [50396061,com.tencent.tmgp.sgame.SGameActivity,RESUME_ACTIVITY]
03-14 07:17:57.710 27685 27685 I wm_on_top_resumed_gained_called: [50396061,com.tencent.tmgp.sgame.SGameActivity,topWhenResuming]
03-14 07:17:57.710 1533 1781 I input_focus: [Focus leaving 587a4a0 com.android.launcher3/com.android.launcher3.uioverrides.QuickstepLauncher (server),reason=NO_WINDOW]
03-14 07:17:57.720 2101 3642 W ContextImpl: Calling a method in the system process without a qualified user: android.app.ContextImpl.startService:1816 android.content.ContextWrapper.startService:774 com.thundercomm.gamemode.ingame.services.GameModeActionUtils.startGameModeService:118 com.thundercomm.gamemode.ingame.services.GameModeActionUtils.startGameModeEntry:29 com.thundercomm.gamemode.ingame.services.ActivityMonitoringService$1.onActivityLaunch:140
03-14 07:17:57.729 1533 1623 I input_focus: [Focus request f5483db com.tencent.tmgp.sgame/com.tencent.tmgp.sgame.SGameActivity,reason=UpdateInputWindows]
03-14 07:17:57.735 1533 1533 I GameModeConfig: Current uri is uri = content://com.thundercomm.gamemode.api/gamemode_settings/gamemode_isgaming
03-14 07:17:57.737 1533 1533 I GameModeConfig: isGameModeOn = true
03-14 07:17:57.737 1533 1533 I GameModeConfig: isGaming = true
03-14 07:17:57.737 1533 1533 I GameModeConfig: isDisableNotification = true
03-14 07:17:57.737 1533 1533 I GameModeConfig: isGameModeOn = true
03-14 07:17:57.737 1533 1533 I GameModeConfig: isGaming = true
03-14 07:17:57.737 1533 1533 I GameModeConfig: isDisableNotification = true
01-02 06:46:36.934 0 0 I : [MAX975X:max96755x_drm_notifier_callback] *INFO* receives EARLY_BLANK:UNBLANK
01-02 06:46:36.934 0 0 I atmel_mxt_ts 0-004a: FB event:2,blank:0
01-02 06:46:36.934 0 0 I atmel_mxt_ts 0-004a: suspend: event = 2, blank = 0, not care
01-02 06:46:36.934 0 0 I [drm:dsi_display_set_mode] [msm-dsi-info]: mdp_transfer_time_us=0 us
01-02 06:46:36.934 0 0 I [drm:dsi_display_set_mode] [msm-dsi-info]: hactive= 2560,vactive= 1080,fps=30
01-02 06:46:36.934 0 0 I : [MAX975X:max96755x_drm_notifier_callback] *INFO* receives BLANK:UNBLANK
01-02 06:46:36.935 0 0 I atmel_mxt_ts 0-004a: FB event:1,blank:0
01-02 06:46:36.935 0 0 I atmel_mxt_ts 0-004a: drm_notifier_callback: UNBLANK! Resume by drm notifier.
03-14 07:17:57.744 1533 1619 I sysui_multi_action: [319,54,321,52,322,83,325,12423,757,761,758,9,759,4,806,com.tencent.tmgp.sgame,871,com.tencent.tmgp.sgame.SGameActivity,904,com.android.launcher3,905,0,1320,21,1321,5]
01-02 06:46:36.938 0 0 W ALERT : changing window size from 16000000 to 8000000 at 12423156022759
03-14 07:17:57.758 1533 1622 I DisplayDeviceRepository: Display device changed: DisplayDeviceInfo{"内置屏幕": uniqueId="local:4630946816427681409", 2560 x 1080, modeId 3, defaultModeId 1, supportedModes [{id=1, width=2560, height=1080, fps=60.000004, alternativeRefreshRates=[30.000002, 45.0]}, {id=2, width=2560, height=1080, fps=45.0, alternativeRefreshRates=[30.000002, 60.000004]}, {id=3, width=2560, height=1080, fps=30.000002, alternativeRefreshRates=[45.0, 60.000004]}], colorMode 0, supportedColorModes [0], hdrCapabilities HdrCapabilities{mSupportedHdrTypes=[2, 3, 4], mMaxLuminance=500.0, mMaxAverageLuminance=500.0, mMinLuminance=0.0}, allmSupported false, gameContentTypeSupported false, density 240, 320.315 x 318.976 dpi, appVsyncOff 1000000, presDeadline 33333333, touch INTERNAL, rotation 0, type INTERNAL, address {port=129, model=0x40446d97fee5e6}, deviceProductInfo DeviceProductInfo{name=, manufacturerPnpId=QCM, productId=1, modelYear=null, manufactureDate=ManufactureDate{week=27, year=2006}, connectionToSinkType=0}, state ON, frameRateOverride , brightnessMinimum 0.0, brightnessMaximum 1.0, brightnessDefault 1.0, FLAG_DEFAULT_DISPLAY, FLAG_ROTATES_WITH_CONTENT, FLAG_SECURE, FLAG_SUPPORTS_PROTECTED_BUFFERS}
03-14 07:17:57.761 1533 1781 I input_focus: [Focus entering f5483db com.tencent.tmgp.sgame/com.tencent.tmgp.sgame.SGameActivity (server),reason=Window became focusable. Previous reason: NOT_VISIBLE]
03-14 07:17:57.877 1533 8565 W FreeFormWindowHelper: Current Display FreeFormTask is null
03-14 07:17:57.916 1533 1739 I commit_sys_config_file: [settings-1-0,3]
03-14 07:17:58.042 1533 1781 I input_interaction: Interaction with: f5483db com.tencent.tmgp.sgame/com.tencent.tmgp.sgame.SGameActivity (server), edge-swipe (server), swipe-up (server), PointerEventDispatcher0 (server),
03-14 07:17:58.212 1533 1622 I wm_stop_activity: [0,57706815,com.android.launcher3/.uioverrides.QuickstepLauncher]
03-14 07:17:58.254 1533 8565 W FreeFormWindowHelper: exitRecentTasks type=0
03-14 07:17:58.261 2568 2568 I wm_on_stop_called: [57706815,com.android.launcher3.uioverrides.QuickstepLauncher,STOP_ACTIVITY_ITEM]
01-02 06:46:37.553 0 0 I [soft_i][0x378c684385][07:17:58.369602] wlan: [0:I:QDF] DNS_Q TX: SA:56:f4:a3:ce:a6:5f DA:d6:44:3b:15:39:91 msdu_id:44 status: nack
03-14 07:18:00.559 1533 5220 W FreeFormWindowHelper: Current Display FreeFormTask is null
03-14 07:18:00.560 1533 5220 I wm_task_moved: [11,0,0]
03-14 07:18:00.561 1533 5220 I wm_task_moved: [11,0,8]
03-14 07:18:00.562 1533 10633 W FreeFormWindowHelper: Current Display FreeFormTask is null
03-14 07:18:00.569 27685 27685 I view_enqueue_input_event: [Motion - Cancel,com.tencent.tmgp.sgame/com.tencent.tmgp.sgame.SGameActivity]
03-14 07:18:00.570 1533 1781 I input_interaction: Interaction with: edge-swipe (server), swipe-up (server), PointerEventDispatcher0 (server),
03-14 07:18:00.577 1533 1623 I input_focus: [Focus request recents_animation_input_consumer,reason=UpdateInputWindows]
03-14 07:18:00.624 2568 2568 I wm_on_restart_called: [57706815,com.android.launcher3.uioverrides.QuickstepLauncher,performRestartActivity]
03-14 07:18:00.625 1533 10633 W FreeFormWindowHelper: Current Display FreeFormTask is null
03-14 07:18:00.625 1533 10633 W FreeFormWindowHelper: Current Display FreeFormTask is null
03-14 07:18:00.625 1533 8565 W FreeFormWindowHelper: Current Display FreeFormTask is null
03-14 07:18:00.625 1533 1781 I input_focus: [Focus leaving f5483db com.tencent.tmgp.sgame/com.tencent.tmgp.sgame.SGameActivity (server),reason=NOT_FOCUSABLE]
03-14 07:18:00.626 1533 1781 I input_focus: [Focus entering recents_animation_input_consumer (server),reason=setFocusedWindow]
03-14 07:18:00.673 2568 2568 I wm_on_start_called: [57706815,com.android.launcher3.uioverrides.QuickstepLauncher,handleStartActivity]
03-14 07:18:00.674 1533 8565 W FreeFormWindowHelper: Current Display FreeFormTask is null
03-14 07:18:00.674 1533 10633 W FreeFormWindowHelper: Current Display FreeFormTask is null
03-14 07:18:00.682 1533 10633 W FreeFormWindowHelper: Current Display FreeFormTask is null
03-14 07:18:00.682 1533 10633 W FreeFormWindowHelper: Current Display FreeFormTask is null
03-14 07:18:00.682 2568 2568 I sysui_latency: [1,139]
03-14 07:18:00.687 1533 5220 W FreeFormWindowHelper: Current Display FreeFormTask is null
03-14 07:18:00.687 1533 5220 W FreeFormWindowHelper: Current Display FreeFormTask is null
03-14 07:18:00.692 1533 10633 W ActivityTaskManager: getTaskSnapshot: taskId=-62 not found
03-14 07:18:00.696 1533 1619 I sysui_multi_action: [319,11,322,127,325,12425,757,761,758,9,759,5,806,com.android.launcher3,871,com.android.launcher3.uioverrides.QuickstepLauncher,904,com.android.launcher3,905,0,1320,8,1321,5]
03-14 07:18:00.700 1533 8565 W ActivityTaskManager: getTaskSnapshot: taskId=-62 not found
03-14 07:18:00.716 1533 8565 W FreeFormWindowHelper: Current Display FreeFormTask is null
03-14 07:18:00.716 1533 8565 W FreeFormWindowHelper: Current Display FreeFormTask is null
03-14 07:18:00.810 1533 5220 W ActivityManager: Background start not allowed: service Intent { cmp=com.ss.android.ugc.aweme/com.bytedance.common.wschannel.client.WsClientService } to com.ss.android.ugc.aweme/com.bytedance.common.wschannel.client.WsClientService from pid=26194 uid=10098 pkg=com.ss.android.ugc.aweme startFg?=false
03-14 07:18:00.874 1533 10633 W FreeFormWindowHelper: Current Display FreeFormTask is null
03-14 07:18:00.874 1533 5220 W FreeFormWindowHelper: Current Display FreeFormTask is null
03-14 07:18:00.874 1533 5220 W FreeFormWindowHelper: Current Display FreeFormTask is null
03-14 07:18:00.877 1533 1739 I commit_sys_config_file: [settings-1-0,4]
03-14 07:18:00.989 1533 1628 I sysui_latency: [8,139]
01-02 06:46:40.211 0 0 I [soft_i][0x378f72e8ef][07:18:01.027380] wlan: [0:I:QDF] DNS_Q TX: SA:56:f4:a3:ce:a6:5f DA:d6:44:3b:15:39:91 msdu_id:1445 status: nack
03-14 07:18:01.221 1533 10633 I wm_task_moved: [11,1,9]
03-14 07:18:01.222 1533 10633 I wm_focused_root_task: [0,0,11,95,RecentsAnimation.onAnimationFinished()]
03-14 07:18:01.222 27685 27685 I wm_on_top_resumed_lost_called: [50396061,com.tencent.tmgp.sgame.SGameActivity,topStateChangedWhenResumed]
03-14 07:18:01.223 1533 10633 I wm_pause_activity: [0,50396061,com.tencent.tmgp.sgame/.SGameActivity,userLeaving=false,pauseBackTasks]
03-14 07:18:01.223 1533 10633 I ActivityTaskManager: FOREGROUND_APPLICATION_CHANGED to com.android.launcher3.uioverrides.QuickstepLauncher
03-14 07:18:01.224 1533 10633 I wm_set_resumed_activity: [0,com.android.launcher3/.uioverrides.QuickstepLauncher,resumeTopActivityInnerLocked]
03-14 07:18:01.229 1533 10633 I wm_resume_activity: [0,57706815,12,com.android.launcher3/.uioverrides.QuickstepLauncher]
03-14 07:18:01.229 1533 10633 I wm_add_to_stopping: [0,50396061,com.tencent.tmgp.sgame/.SGameActivity,makeInvisible]
03-14 07:18:01.230 2568 2568 I wm_on_resume_called: [57706815,com.android.launcher3.uioverrides.QuickstepLauncher,RESUME_ACTIVITY]
03-14 07:18:01.233 1533 1623 I input_focus: [Focus request 587a4a0 com.android.launcher3/com.android.launcher3.uioverrides.QuickstepLauncher,reason=UpdateInputWindows]
03-14 07:18:01.234 1533 1622 I sysui_multi_action: [757,803,799,window_time_0,802,3]
03-14 07:18:01.236 1533 5348 W FreeFormWindowHelper: Current Display FreeFormTask is null
03-14 07:18:01.237 1533 14010 W FreeFormWindowHelper: Current Display FreeFormTask is null
03-14 07:18:01.237 1533 12036 W FreeFormWindowHelper: Current Display FreeFormTask is null
03-14 07:18:01.242 1533 5220 I wm_stop_activity: [0,50396061,com.tencent.tmgp.sgame/.SGameActivity]
03-14 07:18:01.243 1533 1622 I sysui_multi_action: [757,803,799,window_time_0,802,0]
03-14 07:18:01.252 1533 5220 W FreeFormWindowHelper: Current Display FreeFormTask is null
