03-14 07:25:07.839 1533 1975 E DisplayDeviceConfig: requesting nits when no mapping exists.
03-14 07:25:07.839 1533 1975 E DisplayDeviceConfig: requesting nits when no mapping exists.
03-14 07:25:07.839 1533 1638 I am_wtf : [0,1533,system_server,-1,DisplayDeviceConfig,requesting nits when no mapping exists.]
03-14 07:25:07.839 1533 1638 I am_wtf : [0,1533,system_server,-1,DisplayDeviceConfig,requesting nits when no mapping exists.]
03-14 07:25:07.855 1533 1975 E DisplayDeviceConfig: requesting nits when no mapping exists.
03-14 07:25:07.855 1533 1975 E DisplayDeviceConfig: requesting nits when no mapping exists.
03-14 07:25:07.855 1533 1638 I am_wtf : [0,1533,system_server,-1,DisplayDeviceConfig,requesting nits when no mapping exists.]
03-14 07:25:07.856 1533 1638 I am_wtf : [0,1533,system_server,-1,DisplayDeviceConfig,requesting nits when no mapping exists.]
01-02 06:53:47.044 0 0 I logd : logdr: UID=1000 GID=1000 PID=6674 n tail=127 logMask=80 pid=0 start=0ns deadline=0ns
03-14 07:25:07.872 1533 1975 E DisplayDeviceConfig: requesting nits when no mapping exists.
03-14 07:25:07.872 1533 1975 E DisplayDeviceConfig: requesting nits when no mapping exists.
03-14 07:25:07.872 1533 1638 I am_wtf : [0,1533,system_server,-1,DisplayDeviceConfig,requesting nits when no mapping exists.]
03-14 07:25:07.873 1533 1638 I am_wtf : [0,1533,system_server,-1,DisplayDeviceConfig,requesting nits when no mapping exists.]
03-14 07:25:07.889 1533 1975 E DisplayDeviceConfig: requesting nits when no mapping exists.
03-14 07:25:07.889 1533 1975 E DisplayDeviceConfig: requesting nits when no mapping exists.
03-14 07:25:07.889 1533 1638 I am_wtf : [0,1533,system_server,-1,DisplayDeviceConfig,requesting nits when no mapping exists.]
03-14 07:25:07.889 1533 1638 I am_wtf : [0,1533,system_server,-1,DisplayDeviceConfig,requesting nits when no mapping exists.]
03-14 07:25:07.905 1533 1975 E DisplayDeviceConfig: requesting nits when no mapping exists.
03-14 07:25:07.906 1533 1975 E DisplayDeviceConfig: requesting nits when no mapping exists.
03-14 07:25:07.906 1533 1638 I am_wtf : [0,1533,system_server,-1,DisplayDeviceConfig,requesting nits when no mapping exists.]
03-14 07:25:07.906 1533 1638 I am_wtf : [0,1533,system_server,-1,DisplayDeviceConfig,requesting nits when no mapping exists.]
03-14 07:25:07.922 1533 1975 E DisplayDeviceConfig: requesting nits when no mapping exists.
03-14 07:25:07.922 1533 1975 E DisplayDeviceConfig: requesting nits when no mapping exists.
03-14 07:25:07.922 1533 1638 I am_wtf : [0,1533,system_server,-1,DisplayDeviceConfig,requesting nits when no mapping exists.]
03-14 07:25:07.922 1533 1638 I am_wtf : [0,1533,system_server,-1,DisplayDeviceConfig,requesting nits when no mapping exists.]
03-14 07:25:07.939 1533 1975 E DisplayDeviceConfig: requesting nits when no mapping exists.
03-14 07:25:07.939 1533 1638 I am_wtf : [0,1533,system_server,-1,DisplayDeviceConfig,requesting nits when no mapping exists.]
03-14 07:25:07.939 1533 1975 E DisplayDeviceConfig: requesting nits when no mapping exists.
03-14 07:25:07.939 1533 1638 I am_wtf : [0,1533,system_server,-1,DisplayDeviceConfig,requesting nits when no mapping exists.]
03-14 07:25:07.955 1533 1975 E DisplayDeviceConfig: requesting nits when no mapping exists.
03-14 07:25:07.956 1533 1638 I am_wtf : [0,1533,system_server,-1,DisplayDeviceConfig,requesting nits when no mapping exists.]
03-14 07:25:07.956 1533 1975 E DisplayDeviceConfig: requesting nits when no mapping exists.
03-14 07:25:07.956 1533 1638 I am_wtf : [0,1533,system_server,-1,DisplayDeviceConfig,requesting nits when no mapping exists.]
03-14 07:25:07.959 831 831 E android.hardware.wifi@1.0-service: Failed to open directory: Permission denied
03-14 07:25:07.959 831 831 E android.hardware.wifi@1.0-service: Error occurred while deleting old tombstone files
03-14 07:25:07.959 831 831 E android.hardware.wifi@1.0-service: Error writing files to flash
03-14 07:25:07.955 831 831 I auditd : type=1400 audit(0.0:16756): avc: denied { search } for comm="wifi@1.0-servic" name="tombstones" dev="dm-10" ino=36 scontext=u:r:hal_wifi_default:s0 tcontext=u:object_r:vendor_tombstone_data_file:s0 tclass=dir permissive=0
03-14 07:25:07.972 1533 1975 E DisplayDeviceConfig: requesting nits when no mapping exists.
03-14 07:25:07.972 1533 1975 E DisplayDeviceConfig: requesting nits when no mapping exists.
03-14 07:25:07.972 1533 1638 I am_wtf : [0,1533,system_server,-1,DisplayDeviceConfig,requesting nits when no mapping exists.]
03-14 07:25:07.972 1533 1638 I am_wtf : [0,1533,system_server,-1,DisplayDeviceConfig,requesting nits when no mapping exists.]
03-14 07:25:07.989 1533 1975 E DisplayDeviceConfig: requesting nits when no mapping exists.
03-14 07:25:07.989 1533 1638 I am_wtf : [0,1533,system_server,-1,DisplayDeviceConfig,requesting nits when no mapping exists.]
03-14 07:25:07.989 1533 1975 E DisplayDeviceConfig: requesting nits when no mapping exists.
03-14 07:25:07.989 1533 1638 I am_wtf : [0,1533,system_server,-1,DisplayDeviceConfig,requesting nits when no mapping exists.]
03-14 07:25:08.006 1533 1975 E DisplayDeviceConfig: requesting nits when no mapping exists.
03-14 07:25:08.006 1533 1638 I am_wtf : [0,1533,system_server,-1,DisplayDeviceConfig,requesting nits when no mapping exists.]
03-14 07:25:08.006 1533 1975 E DisplayDeviceConfig: requesting nits when no mapping exists.
03-14 07:25:08.006 1533 1638 I am_wtf : [0,1533,system_server,-1,DisplayDeviceConfig,requesting nits when no mapping exists.]
03-14 07:25:08.022 1533 1975 E DisplayDeviceConfig: requesting nits when no mapping exists.
03-14 07:25:08.022 1533 1638 I am_wtf : [0,1533,system_server,-1,DisplayDeviceConfig,requesting nits when no mapping exists.]
03-14 07:25:08.022 1533 1975 E DisplayDeviceConfig: requesting nits when no mapping exists.
03-14 07:25:08.023 1533 1638 I am_wtf : [0,1533,system_server,-1,DisplayDeviceConfig,requesting nits when no mapping exists.]
03-14 07:25:08.039 1533 1975 E DisplayDeviceConfig: requesting nits when no mapping exists.
03-14 07:25:08.039 1533 1975 E DisplayDeviceConfig: requesting nits when no mapping exists.
03-14 07:25:08.039 1533 1638 I am_wtf : [0,1533,system_server,-1,DisplayDeviceConfig,requesting nits when no mapping exists.]
03-14 07:25:08.039 1533 1638 I am_wtf : [0,1533,system_server,-1,DisplayDeviceConfig,requesting nits when no mapping exists.]
03-14 07:25:08.163 5179 5179 I auditd : type=1400 audit(0.0:16757): avc: denied { read } for comm="HCDN_DataProces" name="sdcard" dev="tmpfs" ino=1359 scontext=u:r:untrusted_app:s0:c99,c256,c512,c768 tcontext=u:object_r:mnt_sdcard_file:s0 tclass=lnk_file permissive=0 app=com.qiyi.video
01-02 06:53:47.608 0 0 E [wifi@1][0x397890fc60][07:25:08.424759] wlan: [831:E:QDF] cds_flush_logs: 2424: Bug report already in progress - dropping! type:0, indicator=1 reason_code=0
01-02 06:53:47.608 0 0 E [wifi@1][0x397890fd2a][07:25:08.424769] wlan: [831:E:HDD] __wlan_hdd_cfg80211_wifi_logger_get_ring_data: 9840: Failed to trigger bug report
03-14 07:25:08.611 0 0 I auditd : type=1400 audit(0.0:16758): avc: denied { kill } for comm="swapper/3" capability=5 scontext=u:r:kernel:s0 tcontext=u:r:kernel:s0 tclass=capability permissive=0
03-14 07:25:08.631 831 831 E android.hardware.wifi@1.0-service: Failed to open directory: Permission denied
03-14 07:25:08.631 831 831 E android.hardware.wifi@1.0-service: Error occurred while deleting old tombstone files
03-14 07:25:08.631 831 831 E android.hardware.wifi@1.0-service: Error writing files to flash
03-14 07:25:08.627 831 831 I auditd : type=1400 audit(0.0:16759): avc: denied { search } for comm="wifi@1.0-servic" name="tombstones" dev="dm-10" ino=36 scontext=u:r:hal_wifi_default:s0 tcontext=u:object_r:vendor_tombstone_data_file:s0 tclass=dir permissive=0
03-14 07:25:08.779 1533 2037 W ActivityManager: Background start not allowed: service Intent { cmp=com.ss.android.ugc.aweme/com.bytedance.common.wschannel.client.WsClientService } to com.ss.android.ugc.aweme/com.bytedance.common.wschannel.client.WsClientService from pid=5749 uid=10098 pkg=com.ss.android.ugc.aweme startFg?=false
03-14 07:25:09.187 5179 5179 I auditd : type=1400 audit(0.0:16760): avc: denied { read } for comm="HCDN_DataProces" name="sdcard" dev="tmpfs" ino=1359 scontext=u:r:untrusted_app:s0:c99,c256,c512,c768 tcontext=u:object_r:mnt_sdcard_file:s0 tclass=lnk_file permissive=0 app=com.qiyi.video
03-14 07:25:09.611 0 0 I auditd : type=1400 audit(0.0:16761): avc: denied { kill } for comm="swapper/3" capability=5 scontext=u:r:kernel:s0 tcontext=u:r:kernel:s0 tclass=capability permissive=0
01-02 06:53:49.251 0 0 E [wifi@1][0x397a721194][07:25:10.066855] wlan: [831:E:QDF] cds_flush_logs: 2424: Bug report already in progress - dropping! type:0, indicator=1 reason_code=0
01-02 06:53:49.251 0 0 E [wifi@1][0x397a721486][07:25:10.066894] wlan: [831:E:HDD] __wlan_hdd_cfg80211_wifi_logger_get_ring_data: 9840: Failed to trigger bug report
03-14 07:25:10.215 5179 5179 I auditd : type=1400 audit(0.0:16762): avc: denied { read } for comm="HCDN_DataProces" name="sdcard" dev="tmpfs" ino=1359 scontext=u:r:untrusted_app:s0:c99,c256,c512,c768 tcontext=u:object_r:mnt_sdcard_file:s0 tclass=lnk_file permissive=0 app=com.qiyi.video
03-14 07:25:10.299 831 831 E android.hardware.wifi@1.0-service: Failed to open directory: Permission denied
03-14 07:25:10.299 831 831 E android.hardware.wifi@1.0-service: Error occurred while deleting old tombstone files
03-14 07:25:10.299 831 831 E android.hardware.wifi@1.0-service: Error writing files to flash
03-14 07:25:10.295 831 831 I auditd : type=1400 audit(0.0:16763): avc: denied { search } for comm="wifi@1.0-servic" name="tombstones" dev="dm-10" ino=36 scontext=u:r:hal_wifi_default:s0 tcontext=u:object_r:vendor_tombstone_data_file:s0 tclass=dir permissive=0
03-14 07:25:10.611 0 0 I auditd : type=1400 audit(0.0:16764): avc: denied { kill } for comm="swapper/3" capability=5 scontext=u:r:kernel:s0 tcontext=u:r:kernel:s0 tclass=capability permissive=0
01-02 06:53:50.413 0 0 I logd : logdr: UID=1000 GID=1000 PID=6697 n tail=127 logMask=80 pid=0 start=0ns deadline=0ns
03-14 07:25:11.251 5179 5179 I auditd : type=1400 audit(0.0:16765): avc: denied { read } for comm="HCDN_DataProces" name="sdcard" dev="tmpfs" ino=1359 scontext=u:r:untrusted_app:s0:c99,c256,c512,c768 tcontext=u:object_r:mnt_sdcard_file:s0 tclass=lnk_file permissive=0 app=com.qiyi.video
03-14 07:25:11.321 831 831 E android.hardware.wifi@1.0-service: Failed to open directory: Permission denied
03-14 07:25:11.321 831 831 E android.hardware.wifi@1.0-service: Error occurred while deleting old tombstone files
03-14 07:25:11.321 831 831 E android.hardware.wifi@1.0-service: Error writing files to flash
03-14 07:25:11.315 831 831 I auditd : type=1400 audit(0.0:16766): avc: denied { search } for comm="wifi@1.0-servic" name="tombstones" dev="dm-10" ino=36 scontext=u:r:hal_wifi_default:s0 tcontext=u:object_r:vendor_tombstone_data_file:s0 tclass=dir permissive=0
03-14 07:25:11.611 0 0 I auditd : type=1400 audit(0.0:16767): avc: denied { kill } for comm="swapper/3" capability=5 scontext=u:r:kernel:s0 tcontext=u:r:kernel:s0 tclass=capability permissive=0
01-02 06:53:51.094 0 0 E DTC_ETH,link_delay_work_func: 3003, SQI=0, link=0
03-14 07:25:11.927 5179 5179 I auditd : type=1400 audit(0.0:16768): avc: denied { read } for comm="HCDN_DownloadEn" name="sdcard" dev="tmpfs" ino=1359 scontext=u:r:untrusted_app:s0:c99,c256,c512,c768 tcontext=u:object_r:mnt_sdcard_file:s0 tclass=lnk_file permissive=0 app=com.qiyi.video
03-14 07:25:12.279 5179 5179 I auditd : type=1400 audit(0.0:16769): avc: denied { read } for comm="HCDN_DataProces" name="sdcard" dev="tmpfs" ino=1359 scontext=u:r:untrusted_app:s0:c99,c256,c512,c768 tcontext=u:object_r:mnt_sdcard_file:s0 tclass=lnk_file permissive=0 app=com.qiyi.video
01-02 06:53:51.555 0 0 E [wifi@1][0x397d1545af][07:25:12.371550] wlan: [831:E:QDF] cds_flush_logs: 2424: Bug report already in progress - dropping! type:0, indicator=1 reason_code=0
01-02 06:53:51.555 0 0 E [wifi@1][0x397d15491c][07:25:12.371595] wlan: [831:E:HDD] __wlan_hdd_cfg80211_wifi_logger_get_ring_data: 9840: Failed to trigger bug report
01-02 06:53:51.582 0 0 I logd : logdr: UID=1000 GID=1000 PID=6700 n tail=127 logMask=19 pid=0 start=0ns deadline=0ns
01-02 06:53:51.699 0 0 I logd : logdr: UID=1000 GID=1000 PID=6702 n tail=127 logMask=80 pid=0 start=0ns deadline=0ns
03-14 07:25:12.603 831 831 E android.hardware.wifi@1.0-service: Failed to open directory: Permission denied
03-14 07:25:12.603 831 831 E android.hardware.wifi@1.0-service: Error occurred while deleting old tombstone files
03-14 07:25:12.603 831 831 E android.hardware.wifi@1.0-service: Error writing files to flash
03-14 07:25:12.599 831 831 I auditd : type=1400 audit(0.0:16770): avc: denied { search } for comm="wifi@1.0-servic" name="tombstones" dev="dm-10" ino=36 scontext=u:r:hal_wifi_default:s0 tcontext=u:object_r:vendor_tombstone_data_file:s0 tclass=dir permissive=0
03-14 07:25:12.611 0 0 I auditd : type=1400 audit(0.0:16771): avc: denied { kill } for comm="swapper/3" capability=5 scontext=u:r:kernel:s0 tcontext=u:r:kernel:s0 tclass=capability permissive=0
03-14 07:25:13.319 5179 5179 I auditd : type=1400 audit(0.0:16772): avc: denied { read } for comm="HCDN_DataProces" name="sdcard" dev="tmpfs" ino=1359 scontext=u:r:untrusted_app:s0:c99,c256,c512,c768 tcontext=u:object_r:mnt_sdcard_file:s0 tclass=lnk_file permissive=0 app=com.qiyi.video
03-14 07:25:13.611 4789 4789 I auditd : type=1400 audit(0.0:16773): avc: denied { kill } for comm="kworker/u16:77" capability=5 scontext=u:r:kernel:s0 tcontext=u:r:kernel:s0 tclass=capability permissive=0
03-14 07:25:14.359 5179 5179 I auditd : type=1400 audit(0.0:16774): avc: denied { read } for comm="HCDN_DataProces" name="sdcard" dev="tmpfs" ino=1359 scontext=u:r:untrusted_app:s0:c99,c256,c512,c768 tcontext=u:object_r:mnt_sdcard_file:s0 tclass=lnk_file permissive=0 app=com.qiyi.video
03-14 07:25:14.611 0 0 I auditd : type=1400 audit(0.0:16775): avc: denied { kill } for comm="swapper/3" capability=5 scontext=u:r:kernel:s0 tcontext=u:r:kernel:s0 tclass=capability permissive=0
03-14 07:25:14.914 831 831 E android.hardware.wifi@1.0-service: Failed to open directory: Permission denied
03-14 07:25:14.914 831 831 E android.hardware.wifi@1.0-service: Error occurred while deleting old tombstone files
03-14 07:25:14.914 831 831 E android.hardware.wifi@1.0-service: Error writing files to flash
03-14 07:25:14.911 831 831 I auditd : type=1400 audit(0.0:16776): avc: denied { search } for comm="wifi@1.0-servic" name="tombstones" dev="dm-10" ino=36 scontext=u:r:hal_wifi_default:s0 tcontext=u:object_r:vendor_tombstone_data_file:s0 tclass=dir permissive=0
01-02 06:53:54.273 0 0 E [wifi@1][0x3980317003][07:25:15.089127] wlan: [831:E:QDF] cds_flush_logs: 2424: Bug report already in progress - dropping! type:0, indicator=1 reason_code=0
01-02 06:53:54.273 0 0 E [wifi@1][0x39803173b7][07:25:15.089177] wlan: [831:E:HDD] __wlan_hdd_cfg80211_wifi_logger_get_ring_data: 9840: Failed to trigger bug report
03-14 07:25:15.319 831 831 E android.hardware.wifi@1.0-service: Failed to open directory: Permission denied
03-14 07:25:15.319 831 831 E android.hardware.wifi@1.0-service: Error occurred while deleting old tombstone files
03-14 07:25:15.319 831 831 E android.hardware.wifi@1.0-service: Error writing files to flash
03-14 07:25:15.315 831 831 I auditd : type=1400 audit(0.0:16777): avc: denied { search } for comm="wifi@1.0-servic" name="tombstones" dev="dm-10" ino=36 scontext=u:r:hal_wifi_default:s0 tcontext=u:object_r:vendor_tombstone_data_file:s0 tclass=dir permissive=0
03-14 07:25:15.399 5179 5179 I auditd : type=1400 audit(0.0:16778): avc: denied { read } for comm="HCDN_DataProces" name="sdcard" dev="tmpfs" ino=1359 scontext=u:r:untrusted_app:s0:c99,c256,c512,c768 tcontext=u:object_r:mnt_sdcard_file:s0 tclass=lnk_file permissive=0 app=com.qiyi.video
03-14 07:25:15.611 0 0 I auditd : type=1400 audit(0.0:16779): avc: denied { kill } for comm="swapper/3" capability=5 scontext=u:r:kernel:s0 tcontext=u:r:kernel:s0 tclass=capability permissive=0
03-14 07:25:16.439 5179 5179 I auditd : type=1400 audit(0.0:16780): avc: denied { read } for comm="HCDN_DataProces" name="sdcard" dev="tmpfs" ino=1359 scontext=u:r:untrusted_app:s0:c99,c256,c512,c768 tcontext=u:object_r:mnt_sdcard_file:s0 tclass=lnk_file permissive=0 app=com.qiyi.video
03-14 07:25:16.611 0 0 I auditd : type=1400 audit(0.0:16781): avc: denied { kill } for comm="swapper/3" capability=5 scontext=u:r:kernel:s0 tcontext=u:r:kernel:s0 tclass=capability permissive=0
01-02 06:53:56.164 0 0 E [wifi@1][0x39825b6f4e][07:25:16.980104] wlan: [831:E:QDF] cds_flush_logs: 2424: Bug report already in progress - dropping! type:0, indicator=1 reason_code=0
01-02 06:53:56.164 0 0 E [wifi@1][0x39825b71c2][07:25:16.980137] wlan: [831:E:HDD] __wlan_hdd_cfg80211_wifi_logger_get_ring_data: 9840: Failed to trigger bug report
01-02 06:53:56.185 0 0 I logd : logdr: UID=1000 GID=1000 PID=6721 n tail=127 logMask=19 pid=0 start=0ns deadline=0ns
01-02 06:53:56.217 0 0 E DTC_ETH,link_delay_work_func: 3003, SQI=0, link=0
03-14 07:25:17.051 5179 5179 I auditd : type=1400 audit(0.0:16782): avc: denied { read } for comm="HCDN_DownloadEn" name="sdcard" dev="tmpfs" ino=1359 scontext=u:r:untrusted_app:s0:c99,c256,c512,c768 tcontext=u:object_r:mnt_sdcard_file:s0 tclass=lnk_file permissive=0 app=com.qiyi.video
01-02 06:53:56.307 0 0 I logd : logdr: UID=1000 GID=1000 PID=6723 n tail=127 logMask=80 pid=0 start=0ns deadline=0ns
03-14 07:25:17.209 831 831 E android.hardware.wifi@1.0-service: Failed to open directory: Permission denied
03-14 07:25:17.209 831 831 E android.hardware.wifi@1.0-service: Error occurred while deleting old tombstone files
03-14 07:25:17.209 831 831 E android.hardware.wifi@1.0-service: Error writing files to flash
03-14 07:25:17.203 831 831 I auditd : type=1400 audit(0.0:16783): avc: denied { search } for comm="wifi@1.0-servic" name="tombstones" dev="dm-10" ino=36 scontext=u:r:hal_wifi_default:s0 tcontext=u:object_r:vendor_tombstone_data_file:s0 tclass=dir permissive=0
01-02 06:53:56.562 0 0 I [schedu][0x3982d0026d][07:25:17.378013] wlan: [5333:I:WMA] [07:25:17.322000] [ROAM_TRIGGER]: VDEV[0] Reason: "LOW RSSI" Cur_Rssi threshold:86 Current AP RSSI: 81
01-02 06:53:56.562 0 0 I [schedu][0x3982d0060a][07:25:17.378061] wlan: [5333:I:WMA] [07:25:17.322000] [ROAM_SCAN]: VDEV[0] Scan_type: PARTIAL next_rssi_threshold: 86 dBm {2452 }
01-02 06:53:56.562 0 0 I [schedu][0x3982d0074c][07:25:17.378078] wlan: [5333:I:WMA] ============================================================================================================================
01-02 06:53:56.562 0 0 I [schedu][0x3982d00cc6][07:25:17.378151] wlan: [5333:I:WMA] AP BSSID TSTAMP CH TY ETP RSSI/SCR CU%/SCR TOT_SCR BL_RSN BL_SRC BL_TSTAMP BL_TIMEOUT(ms)
01-02 06:53:56.562 0 0 I [schedu][0x3982d00e11][07:25:17.378168] wlan: [5333:I:WMA] ============================================================================================================================
01-02 06:53:56.562 0 0 I [schedu][0x3982d01043][07:25:17.378197] wlan: [5333:I:WMA] d6:44:3b:15:39:91 [07:25:17.322000] 2452 P_AP 0 81/0 0/0 1005 0 0 [00:00:00.000000] 0
01-02 06:53:56.562 0 0 I [schedu][0x3982d01240][07:25:17.378224] wlan: [5333:I:WMA] [07:25:17.376000] [ROAM_RESULT]: VDEV[0] FAILED Reason: NO AP FOUND
03-14 07:25:17.467 5179 5179 I auditd : type=1400 audit(0.0:16784): avc: denied { read } for comm="HCDN_DataProces" name="sdcard" dev="tmpfs" ino=1359 scontext=u:r:untrusted_app:s0:c99,c256,c512,c768 tcontext=u:object_r:mnt_sdcard_file:s0 tclass=lnk_file permissive=0 app=com.qiyi.video
03-14 07:25:17.611 0 0 I auditd : type=1400 audit(0.0:16785): avc: denied { kill } for comm="swapper/3" capability=5 scontext=u:r:kernel:s0 tcontext=u:r:kernel:s0 tclass=capability permissive=0
03-14 07:25:18.471 5179 5179 I auditd : type=1400 audit(0.0:16786): avc: denied { read } for comm="HCDN_DataProces" name="sdcard" dev="tmpfs" ino=1359 scontext=u:r:untrusted_app:s0:c99,c256,c512,c768 tcontext=u:object_r:mnt_sdcard_file:s0 tclass=lnk_file permissive=0 app=com.qiyi.video
01-02 06:53:57.730 0 0 I logd : logdr: UID=1000 GID=1000 PID=6762 n tail=127 logMask=19 pid=0 start=0ns deadline=0ns
03-14 07:25:18.611 0 0 I auditd : type=1400 audit(0.0:16787): avc: denied { kill } for comm="swapper/3" capability=5 scontext=u:r:kernel:s0 tcontext=u:r:kernel:s0 tclass=capability permissive=0
03-14 07:25:18.743 831 831 I auditd : type=1400 audit(0.0:16788): avc: denied { search } for comm="wifi@1.0-servic" name="tombstones" dev="dm-10" ino=36 scontext=u:r:hal_wifi_default:s0 tcontext=u:object_r:vendor_tombstone_data_file:s0 tclass=dir permissive=0
03-14 07:25:18.746 831 831 E android.hardware.wifi@1.0-service: Failed to open directory: Permission denied
03-14 07:25:18.747 831 831 E android.hardware.wifi@1.0-service: Error occurred while deleting old tombstone files
03-14 07:25:18.747 831 831 E android.hardware.wifi@1.0-service: Error writing files to flash
01-02 06:53:58.465 0 0 E [wifi@1][0x3984fd99a3][07:25:19.281256] wlan: [831:E:QDF] cds_flush_logs: 2424: Bug report already in progress - dropping! type:0, indicator=1 reason_code=0
01-02 06:53:58.465 0 0 E [wifi@1][0x3984fd9f7f][07:25:19.281334] wlan: [831:E:HDD] __wlan_hdd_cfg80211_wifi_logger_get_ring_data: 9840: Failed to trigger bug report
03-14 07:25:19.471 5179 5179 I auditd : type=1400 audit(0.0:16789): avc: denied { read } for comm="HCDN_DataProces" name="sdcard" dev="tmpfs" ino=1359 scontext=u:r:untrusted_app:s0:c99,c256,c512,c768 tcontext=u:object_r:mnt_sdcard_file:s0 tclass=lnk_file permissive=0 app=com.qiyi.video
03-14 07:25:19.507 831 831 I auditd : type=1400 audit(0.0:16790): avc: denied { search } for comm="wifi@1.0-servic" name="tombstones" dev="dm-10" ino=36 scontext=u:r:hal_wifi_default:s0 tcontext=u:object_r:vendor_tombstone_data_file:s0 tclass=dir permissive=0
03-14 07:25:19.512 831 831 E android.hardware.wifi@1.0-service: Failed to open directory: Permission denied
03-14 07:25:19.512 831 831 E android.hardware.wifi@1.0-service: Error occurred while deleting old tombstone files
03-14 07:25:19.512 831 831 E android.hardware.wifi@1.0-service: Error writing files to flash
01-02 06:53:58.774 0 0 W : ------------[ cut here ]------------
01-02 06:53:58.774 0 0 I NETDEV WATCHDOG: wlan0 (cnss_pci): transmit queue 2 timed out
01-02 06:53:58.774 0 0 W : WARNING: CPU: 0 PID: 0 at net/sched/sch_generic.c:466 dev_watchdog+0x29c/0x2b8
01-02 06:53:58.774 0 0 W : Modules linked in: wlan(O) tsnv(O) machine_dlkm(O) wcd938x_slave_dlkm(O) wcd938x_dlkm(O) wcd9xxx_dlkm(O) mbhc_dlkm(O) tx_macro_dlkm(O) rx_macro_dlkm(O) va_macro_dlkm(O) wsa_macro_dlkm(O) swr_ctrl_dlkm(O) bolero_cdc_dlkm(O) wsa881x_dlkm(O) wcd_core_dlkm(O) stub_dlkm(O) hdmi_dlkm(O) swr_dlkm(O) pinctrl_lpi_dlkm(O) pinctrl_wcd_dlkm(O) usf_dlkm(O) native_dlkm(O) platform_dlkm(O) q6_dlkm(O) adsp_loader_dlkm(O) apr_dlkm(O) snd_event_dlkm(O) q6_notifier_dlkm(O) q6_pdr_dlkm(O) msm_11ad_proxy
01-02 06:53:58.774 0 0 W : CPU: 0 PID: 0 Comm: swapper/0 Tainted: G S W O 4.19.157-perf+ #1
01-02 06:53:58.774 0 0 W Hardware name: Qualcomm Technologies, Inc. kona MTP-RmPM8150b. VC1(FSE) EVT3 (DT)
01-02 06:53:58.774 0 0 W pstate : 60400005 (nZCv daif +PAN -UAO)
01-02 06:53:58.774 0 0 W pc : dev_watchdog+0x29c/0x2b8
01-02 06:53:58.774 0 0 W lr : dev_watchdog+0x29c/0x2b8
01-02 06:53:58.774 0 0 W sp : ffffff8008003d50
01-02 06:53:58.774 0 0 W : x29: ffffff8008003d50 x28: dead000000000200
01-02 06:53:58.774 0 0 W : x27: ffffff8008003e10 x26: fffffff4b1024700
01-02 06:53:58.774 0 0 W : x25: 00000000ffffffff x24: 0000000000000000
01-02 06:53:58.774 0 0 W : x23: 0000000000000005 x22: ffffffa3d1406000
01-02 06:53:58.774 0 0 W : x21: ffffffa3d1406000 x20: fffffff4b129041c
01-02 06:53:58.774 0 0 W : x19: fffffff4b1290000 x18: 0000000000000050
01-02 06:53:58.775 0 0 W : x17: ffffffa3d1620000 x16: 00000000000000cc
01-02 06:53:58.775 0 0 W : x15: 00000000000000cc x14: 00000000000000c6
01-02 06:53:58.775 0 0 W : x13: 0000000000000050 x12: 0000000000000000
01-02 06:53:58.775 0 0 W : x11: 0000000000000000 x10: ffffffffffffffff
01-02 06:53:58.775 0 0 W : x9 : 2dbf90c9ad762e00 x8 : 2dbf90c9ad762e00
01-02 06:53:58.775 0 0 W : x7 : 0000000000000000 x6 : fffffff539865a69
01-02 06:53:58.775 0 0 W : x5 : 0000000000000000 x4 : 0000000000000006
01-02 06:53:58.775 0 0 W : x3 : 0000000000000074 x2 : 0000000000000001
01-02 06:53:58.775 0 0 W : x1 : 0000000000000000 x0 : 000000000000003d
01-02 06:53:58.775 0 0 W Call trace:
01-02 06:53:58.775 0 0 W : dev_watchdog+0x29c/0x2b8
01-02 06:53:58.775 0 0 W : call_timer_fn+0xbc/0x1a8
01-02 06:53:58.775 0 0 W : run_timer_softirq+0x258/0xa30
01-02 06:53:58.775 0 0 W : __do_softirq+0x18c/0x374
01-02 06:53:58.775 0 0 W : irq_exit+0xb4/0xb8
01-02 06:53:58.775 0 0 W : __handle_domain_irq+0x84/0xc0
01-02 06:53:58.775 0 0 W : gic_handle_irq+0x14c/0x1c4
01-02 06:53:58.775 0 0 W : el1_irq+0xe8/0x190
01-02 06:53:58.775 0 0 W : lpm_cpuidle_enter+0x498/0x4d8
01-02 06:53:58.775 0 0 W : cpuidle_enter_state+0x1fc/0x398
01-02 06:53:58.775 0 0 W : cpuidle_enter+0x18/0x20
01-02 06:53:58.775 0 0 W : do_idle+0x1b4/0x290
01-02 06:53:58.775 0 0 W : cpu_startup_entry+0x20/0x28
01-02 06:53:58.775 0 0 W : rest_init+0xd0/0xe0
01-02 06:53:58.775 0 0 W : start_kernel+0x51c/0x5a4
01-02 06:53:58.775 0 0 W : ---[ end trace 5effa67d6560d349 ]---
01-02 06:53:58.775 0 0 E [soft_i][0x3985585a8c][07:25:19.591028] wlan: [0:E:DATA] __hdd_tx_timeout: Transmission timeout occurred jiffies 4298108544
01-02 06:53:58.775 0 0 E [soft_i][0x3985588fcf][07:25:19.591738] wlan: [0:E:DP] No of pool map received 3
01-02 06:53:58.775 0 0 E [soft_i][0x3985589173][07:25:19.591760] wlan: [0:E:DP] No of pool unmap received 2
01-02 06:53:58.775 0 0 E [soft_i][0x39855892e5][07:25:19.591779] wlan: [0:E:DP] Pkt dropped due to unavailablity of pool 0
01-02 06:53:58.776 0 0 E [soft_i][0x3985589462][07:25:19.591799] wlan: [0:E:DP]
01-02 06:53:58.776 0 0 E [soft_i][0x39855895f1][07:25:19.591820] wlan: [0:E:DP] Flow_pool_id 0 :: status 2
01-02 06:53:58.776 0 0 E [soft_i][0x3985589765][07:25:19.591839] wlan: [0:E:DP] Total 4096 :: Available 951
01-02 06:53:58.776 0 0 E [soft_i][0x39855898dd][07:25:19.591859] wlan: [0:E:DP] Level 0 :: Start threshold 1024 :: Stop threshold 614
01-02 06:53:58.776 0 0 E [soft_i][0x3985589a5b][07:25:19.591879] wlan: [0:E:DP] Level 0 :: Maximun pause time 5660 ms
01-02 06:53:58.776 0 0 E [soft_i][0x3985589bc7][07:25:19.591897] wlan: [0:E:DP] Level 0 :: Latest pause timestamp 17192424416
01-02 06:53:58.776 0 0 E [soft_i][0x3985589d42][07:25:19.591917] wlan: [0:E:DP] Level 1 :: Start threshold 819 :: Stop threshold 491
01-02 06:53:58.776 0 0 E [soft_i][0x3985589eb5][07:25:19.591937] wlan: [0:E:DP] Level 1 :: Maximun pause time 0 ms
01-02 06:53:58.776 0 0 E [soft_i][0x398558a01a][07:25:19.591955] wlan: [0:E:DP] Level 1 :: Latest pause timestamp 0
01-02 06:53:58.776 0 0 E [soft_i][0x398558a189][07:25:19.591974] wlan: [0:E:DP] Level 2 :: Start threshold 614 :: Stop threshold 368
01-02 06:53:58.776 0 0 E [soft_i][0x398558a2f6][07:25:19.591993] wlan: [0:E:DP] Level 2 :: Maximun pause time 0 ms
01-02 06:53:58.776 0 0 E [soft_i][0x398558a473][07:25:19.592013] wlan: [0:E:DP] Level 2 :: Latest pause timestamp 0
01-02 06:53:58.776 0 0 E [soft_i][0x398558a5eb][07:25:19.592033] wlan: [0:E:DP] Level 3 :: Start threshold 409 :: Stop threshold 245
01-02 06:53:58.776 0 0 E [soft_i][0x398558a765][07:25:19.592052] wlan: [0:E:DP] Level 3 :: Maximun pause time 0 ms
01-02 06:53:58.776 0 0 E [soft_i][0x398558a8cf][07:25:19.592071] wlan: [0:E:DP] Level 3 :: Latest pause timestamp 0
01-02 06:53:58.776 0 0 E [soft_i][0x398558aa52][07:25:19.592091] wlan: [0:E:DP] Member flow_id 0 :: flow_type 0
01-02 06:53:58.776 0 0 E [soft_i][0x398558abab][07:25:19.592109] wlan: [0:E:DP] Pkt dropped due to unavailablity of descriptors 0
03-14 07:25:19.611 0 0 I auditd : type=1400 audit(0.0:16791): avc: denied { kill } for comm="swapper/3" capability=5 scontext=u:r:kernel:s0 tcontext=u:r:kernel:s0 tclass=capability permissive=0
03-14 07:25:20.503 5179 5179 I auditd : type=1400 audit(0.0:16792): avc: denied { read } for comm="HCDN_DataProces" name="sdcard" dev="tmpfs" ino=1359 scontext=u:r:untrusted_app:s0:c99,c256,c512,c768 tcontext=u:object_r:mnt_sdcard_file:s0 tclass=lnk_file permissive=0 app=com.qiyi.video
01-02 06:54:00.007 0 0 I [soft_i][0x3986c14ca6][07:25:20.823056] wlan: [0:I:QDF] DNS_Q TX: SA:56:f4:a3:ce:a6:5f DA:d6:44:3b:15:39:91 msdu_id:926 status: nack
01-02 06:54:00.291 0 0 E [wifi@1][0x398714a05e][07:25:21.107479] wlan: [831:E:QDF] cds_flush_logs: 2424: Bug report already in progress - dropping! type:0, indicator=1 reason_code=0
01-02 06:54:00.291 0 0 E [wifi@1][0x398714a406][07:25:21.107527] wlan: [831:E:HDD] __wlan_hdd_cfg80211_wifi_logger_get_ring_data: 9840: Failed to trigger bug report
03-14 07:25:21.335 831 831 I auditd : type=1400 audit(0.0:16793): avc: denied { search } for comm="wifi@1.0-servic" name="tombstones" dev="dm-10" ino=36 scontext=u:r:hal_wifi_default:s0 tcontext=u:object_r:vendor_tombstone_data_file:s0 tclass=dir permissive=0
03-14 07:25:21.340 831 831 E android.hardware.wifi@1.0-service: Failed to open directory: Permission denied
03-14 07:25:21.340 831 831 E android.hardware.wifi@1.0-service: Error occurred while deleting old tombstone files
03-14 07:25:21.340 831 831 E android.hardware.wifi@1.0-service: Error writing files to flash
03-14 07:25:21.535 5179 5179 I auditd : type=1400 audit(0.0:16794): avc: denied { read } for comm="HCDN_DataProces" name="sdcard" dev="tmpfs" ino=1359 scontext=u:r:untrusted_app:s0:c99,c256,c512,c768 tcontext=u:object_r:mnt_sdcard_file:s0 tclass=lnk_file permissive=0 app=com.qiyi.video
01-02 06:54:00.803 0 0 E [wifi@1][0x3987aa7457][07:25:21.618892] wlan: [831:E:QDF] cds_flush_logs: 2424: Bug report already in progress - dropping! type:0, indicator=1 reason_code=0
01-02 06:54:00.803 0 0 E [wifi@1][0x3987aa77bf][07:25:21.618937] wlan: [831:E:HDD] __wlan_hdd_cfg80211_wifi_logger_get_ring_data: 9840: Failed to trigger bug report
01-02 06:54:00.829 0 0 I logd : logdr: UID=1000 GID=1000 PID=6809 n tail=127 logMask=19 pid=0 start=0ns deadline=0ns
01-02 06:54:00.948 0 0 I logd : logdr: UID=1000 GID=1000 PID=6811 n tail=127 logMask=80 pid=0 start=0ns deadline=0ns
03-14 07:25:21.847 831 831 I auditd : type=1400 audit(0.0:16795): avc: denied { search } for comm="wifi@1.0-servic" name="tombstones" dev="dm-10" ino=36 scontext=u:r:hal_wifi_default:s0 tcontext=u:object_r:vendor_tombstone_data_file:s0 tclass=dir permissive=0
03-14 07:25:21.851 831 831 E android.hardware.wifi@1.0-service: Failed to open directory: Permission denied
03-14 07:25:21.851 831 831 E android.hardware.wifi@1.0-service: Error occurred while deleting old tombstone files
03-14 07:25:21.851 831 831 E android.hardware.wifi@1.0-service: Error writing files to flash
01-02 06:54:01.335 0 0 E DTC_ETH,link_delay_work_func: 3003, SQI=0, link=0
03-14 07:25:22.211 5179 5179 I auditd : type=1400 audit(0.0:16796): avc: denied { read } for comm="HCDN_DownloadEn" name="sdcard" dev="tmpfs" ino=1359 scontext=u:r:untrusted_app:s0:c99,c256,c512,c768 tcontext=u:object_r:mnt_sdcard_file:s0 tclass=lnk_file permissive=0 app=com.qiyi.video
03-14 07:25:22.539 5179 5179 I auditd : type=1400 audit(0.0:16797): avc: denied { read } for comm="HCDN_DataProces" name="sdcard" dev="tmpfs" ino=1359 scontext=u:r:untrusted_app:s0:c99,c256,c512,c768 tcontext=u:object_r:mnt_sdcard_file:s0 tclass=lnk_file permissive=0 app=com.qiyi.video
01-02 06:54:01.784 0 0 I binder : 6814:6814 ioctl 40046210 7fc9f74a84 returned -22
03-14 07:25:22.611 0 0 I auditd : type=1400 audit(0.0:16798): avc: denied { kill } for comm="swapper/2" capability=5 scontext=u:r:kernel:s0 tcontext=u:r:kernel:s0 tclass=capability permissive=0
01-02 06:54:02.360 0 0 I binder : 6818:6818 ioctl 40046210 7fe9c72394 returned -22
03-14 07:25:23.563 5179 5179 I auditd : type=1400 audit(0.0:16799): avc: denied { read } for comm="HCDN_DataProces" name="sdcard" dev="tmpfs" ino=1359 scontext=u:r:untrusted_app:s0:c99,c256,c512,c768 tcontext=u:object_r:mnt_sdcard_file:s0 tclass=lnk_file permissive=0 app=com.qiyi.video
03-14 07:25:23.611 0 0 I auditd : type=1400 audit(0.0:16800): avc: denied { kill } for comm="swapper/2" capability=5 scontext=u:r:kernel:s0 tcontext=u:r:kernel:s0 tclass=capability permissive=0
01-02 06:54:03.133 0 0 I logd : logdr: UID=1000 GID=1000 PID=6821 n tail=127 logMask=19 pid=0 start=0ns deadline=0ns
03-14 07:25:24.147 831 831 I auditd : type=1400 audit(0.0:16801): avc: denied { search } for comm="wifi@1.0-servic" name="tombstones" dev="dm-10" ino=36 scontext=u:r:hal_wifi_default:s0 tcontext=u:object_r:vendor_tombstone_data_file:s0 tclass=dir permissive=0
03-14 07:25:24.151 831 831 E android.hardware.wifi@1.0-service: Failed to open directory: Permission denied
03-14 07:25:24.152 831 831 E android.hardware.wifi@1.0-service: Error occurred while deleting old tombstone files
03-14 07:25:24.152 831 831 E android.hardware.wifi@1.0-service: Error writing files to flash
03-14 07:25:24.575 5179 5179 I auditd : type=1400 audit(0.0:16802): avc: denied { read } for comm="HCDN_DataProces" name="sdcard" dev="tmpfs" ino=1359 scontext=u:r:untrusted_app:s0:c99,c256,c512,c768 tcontext=u:object_r:mnt_sdcard_file:s0 tclass=lnk_file permissive=0 app=com.qiyi.video
03-14 07:25:24.611 0 0 I auditd : type=1400 audit(0.0:16803): avc: denied { kill } for comm="swapper/2" capability=5 scontext=u:r:kernel:s0 tcontext=u:r:kernel:s0 tclass=capability permissive=0
01-02 06:54:04.289 0 0 E [wifi@1][0x398ba7d764][07:25:25.105226] wlan: [831:E:QDF] cds_flush_logs: 2424: Bug report already in progress - dropping! type:0, indicator=1 reason_code=0
01-02 06:54:04.289 0 0 E [wifi@1][0x398ba7daf9][07:25:25.105273] wlan: [831:E:HDD] __wlan_hdd_cfg80211_wifi_logger_get_ring_data: 9840: Failed to trigger bug report
03-14 07:25:25.335 831 831 I auditd : type=1400 audit(0.0:16804): avc: denied { search } for comm="wifi@1.0-servic" name="tombstones" dev="dm-10" ino=36 scontext=u:r:hal_wifi_default:s0 tcontext=u:object_r:vendor_tombstone_data_file:s0 tclass=dir permissive=0
03-14 07:25:25.338 831 831 E android.hardware.wifi@1.0-service: Failed to open directory: Permission denied
03-14 07:25:25.338 831 831 E android.hardware.wifi@1.0-service: Error occurred while deleting old tombstone files
03-14 07:25:25.338 831 831 E android.hardware.wifi@1.0-service: Error writing files to flash
03-14 07:25:25.611 0 0 I auditd : type=1400 audit(0.0:16805): avc: denied { kill } for comm="swapper/2" capability=5 scontext=u:r:kernel:s0 tcontext=u:r:kernel:s0 tclass=capability permissive=0
03-14 07:25:25.623 5179 5179 I auditd : type=1400 audit(0.0:16806): avc: denied { read } for comm="HCDN_DataProces" name="sdcard" dev="tmpfs" ino=1359 scontext=u:r:untrusted_app:s0:c99,c256,c512,c768 tcontext=u:object_r:mnt_sdcard_file:s0 tclass=lnk_file permissive=0 app=com.qiyi.video
01-02 06:54:05.407 0 0 E [wifi@1][0x398cef6090][07:25:26.223214] wlan: [831:E:QDF] cds_flush_logs: 2424: Bug report already in progress - dropping! type:0, indicator=1 reason_code=0
01-02 06:54:05.407 0 0 E [wifi@1][0x398cef6287][07:25:26.223241] wlan: [831:E:HDD] __wlan_hdd_cfg80211_wifi_logger_get_ring_data: 9840: Failed to trigger bug report
03-14 07:25:26.443 831 831 I auditd : type=1400 audit(0.0:16807): avc: denied { search } for comm="wifi@1.0-servic" name="tombstones" dev="dm-10" ino=36 scontext=u:r:hal_wifi_default:s0 tcontext=u:object_r:vendor_tombstone_data_file:s0 tclass=dir permissive=0
03-14 07:25:26.448 831 831 E android.hardware.wifi@1.0-service: Failed to open directory: Permission denied
03-14 07:25:26.448 831 831 E android.hardware.wifi@1.0-service: Error occurred while deleting old tombstone files
03-14 07:25:26.448 831 831 E android.hardware.wifi@1.0-service: Error writing files to flash
03-14 07:25:26.611 0 0 I auditd : type=1400 audit(0.0:16808): avc: denied { kill } for comm="swapper/2" capability=5 scontext=u:r:kernel:s0 tcontext=u:r:kernel:s0 tclass=capability permissive=0
03-14 07:25:26.651 5179 5179 I auditd : type=1400 audit(0.0:16809): avc: denied { read } for comm="HCDN_DataProces" name="sdcard" dev="tmpfs" ino=1359 scontext=u:r:untrusted_app:s0:c99,c256,c512,c768 tcontext=u:object_r:mnt_sdcard_file:s0 tclass=lnk_file permissive=0 app=com.qiyi.video
01-02 06:54:06.455 0 0 E DTC_ETH,link_delay_work_func: 3003, SQI=0, link=0
03-14 07:25:27.355 5179 5179 I auditd : type=1400 audit(0.0:16810): avc: denied { read } for comm="HCDN_DownloadEn" name="sdcard" dev="tmpfs" ino=1359 scontext=u:r:untrusted_app:s0:c99,c256,c512,c768 tcontext=u:object_r:mnt_sdcard_file:s0 tclass=lnk_file permissive=0 app=com.qiyi.video
03-14 07:25:27.611 0 0 I auditd : type=1400 audit(0.0:16811): avc: denied { kill } for comm="swapper/2" capability=5 scontext=u:r:kernel:s0 tcontext=u:r:kernel:s0 tclass=capability permissive=0
03-14 07:25:27.687 5179 5179 I auditd : type=1400 audit(0.0:16812): avc: denied { read } for comm="HCDN_DataProces" name="sdcard" dev="tmpfs" ino=1359 scontext=u:r:untrusted_app:s0:c99,c256,c512,c768 tcontext=u:object_r:mnt_sdcard_file:s0 tclass=lnk_file permissive=0 app=com.qiyi.video
01-02 06:54:07.737 0 0 I logd : logdr: UID=1000 GID=1000 PID=6859 n tail=127 logMask=19 pid=0 start=0ns deadline=0ns
01-02 06:54:07.781 0 0 I [schedu][0x398fa6fd01][07:25:28.597567] wlan: [5333:I:WMA] [07:25:28.540000] [ROAM_TRIGGER]: VDEV[0] Reason: "FORCED SCAN"
01-02 06:54:07.781 0 0 I [schedu][0x398fa6ff37][07:25:28.597597] wlan: [5333:I:WMA] [07:25:28.540000] [ROAM_SCAN]: VDEV[0] Scan_type: PARTIAL {2452 }
01-02 06:54:07.781 0 0 I [schedu][0x398fa7000e][07:25:28.597608] wlan: [5333:I:WMA] ============================================================================================================================
01-02 06:54:07.781 0 0 I [schedu][0x398fa70137][07:25:28.597623] wlan: [5333:I:WMA] AP BSSID TSTAMP CH TY ETP RSSI/SCR CU%/SCR TOT_SCR BL_RSN BL_SRC BL_TSTAMP BL_TIMEOUT(ms)
01-02 06:54:07.781 0 0 I [schedu][0x398fa7020b][07:25:28.597634] wlan: [5333:I:WMA] ============================================================================================================================
01-02 06:54:07.781 0 0 I [schedu][0x398fa7039b][07:25:28.597655] wlan: [5333:I:WMA] d6:44:3b:15:39:91 [07:25:28.540000] 2452 P_AP 0 74/0 0/0 1932 0 0 [00:00:00.000000] 0
01-02 06:54:07.781 0 0 I [schedu][0x398fa704c2][07:25:28.597670] wlan: [5333:I:WMA] [07:25:28.596000] [ROAM_RESULT]: VDEV[0] FAILED Reason: NO AP FOUND
03-14 07:25:28.611 0 0 I auditd : type=1400 audit(0.0:16813): avc: denied { kill } for comm="swapper/2" capability=5 scontext=u:r:kernel:s0 tcontext=u:r:kernel:s0 tclass=capability permissive=0
01-02 06:54:07.857 0 0 I logd : logdr: UID=1000 GID=1000 PID=6861 n tail=127 logMask=80 pid=0 start=0ns deadline=0ns
03-14 07:25:28.699 5179 5179 I auditd : type=1400 audit(0.0:16814): avc: denied { read } for comm="HCDN_DataProces" name="sdcard" dev="tmpfs" ino=1359 scontext=u:r:untrusted_app:s0:c99,c256,c512,c768 tcontext=u:object_r:mnt_sdcard_file:s0 tclass=lnk_file permissive=0 app=com.qiyi.video
03-14 07:25:28.757 831 831 E android.hardware.wifi@1.0-service: Failed to open directory: Permission denied
03-14 07:25:28.757 831 831 E android.hardware.wifi@1.0-service: Error occurred while deleting old tombstone files
03-14 07:25:28.757 831 831 E android.hardware.wifi@1.0-service: Error writing files to flash
03-14 07:25:28.751 831 831 I auditd : type=1400 audit(0.0:16815): avc: denied { search } for comm="wifi@1.0-servic" name="tombstones" dev="dm-10" ino=36 scontext=u:r:hal_wifi_default:s0 tcontext=u:object_r:vendor_tombstone_data_file:s0 tclass=dir permissive=0
01-02 06:54:07.946 0 0 E [wifi@1][0x398fd72f06][07:25:28.762074] wlan: [831:E:QDF] cds_flush_logs: 2424: Bug report already in progress - dropping! type:0, indicator=1 reason_code=0
01-02 06:54:07.946 0 0 E [wifi@1][0x398fd73184][07:25:28.762107] wlan: [831:E:HDD] __wlan_hdd_cfg80211_wifi_logger_get_ring_data: 9840: Failed to trigger bug report
03-14 07:25:28.987 831 831 I auditd : type=1400 audit(0.0:16816): avc: denied { search } for comm="wifi@1.0-servic" name="tombstones" dev="dm-10" ino=36 scontext=u:r:hal_wifi_default:s0 tcontext=u:object_r:vendor_tombstone_data_file:s0 tclass=dir permissive=0
03-14 07:25:28.990 831 831 E android.hardware.wifi@1.0-service: Failed to open directory: Permission denied
03-14 07:25:28.990 831 831 E android.hardware.wifi@1.0-service: Error occurred while deleting old tombstone files
03-14 07:25:28.990 831 831 E android.hardware.wifi@1.0-service: Error writing files to flash
01-02 06:54:08.758 0 0 E [soft_i][0x3990c52a2c][07:25:29.574383] wlan: [0:E:DATA] __hdd_tx_timeout: Transmission timeout occurred jiffies 4298111040
01-02 06:54:08.759 0 0 E [soft_i][0x3990c5655b][07:25:29.575172] wlan: [0:E:DP] No of pool map received 3
01-02 06:54:08.759 0 0 E [soft_i][0x3990c56717][07:25:29.575195] wlan: [0:E:DP] No of pool unmap received 2
01-02 06:54:08.759 0 0 E [soft_i][0x3990c5688f][07:25:29.575215] wlan: [0:E:DP] Pkt dropped due to unavailablity of pool 0
01-02 06:54:08.759 0 0 E [soft_i][0x3990c56a3d][07:25:29.575237] wlan: [0:E:DP]
01-02 06:54:08.759 0 0 E [soft_i][0x3990c56bf1][07:25:29.575260] wlan: [0:E:DP] Flow_pool_id 0 :: status 2
01-02 06:54:08.759 0 0 E [soft_i][0x3990c56d63][07:25:29.575279] wlan: [0:E:DP] Total 4096 :: Available 747
01-02 06:54:08.759 0 0 E [soft_i][0x3990c56ef2][07:25:29.575300] wlan: [0:E:DP] Level 0 :: Start threshold 1024 :: Stop threshold 614
01-02 06:54:08.759 0 0 E [soft_i][0x3990c57078][07:25:29.575320] wlan: [0:E:DP] Level 0 :: Maximun pause time 12024 ms
01-02 06:54:08.759 0 0 E [soft_i][0x3990c5720b][07:25:29.575341] wlan: [0:E:DP] Level 0 :: Latest pause timestamp 17192436452
01-02 06:54:08.759 0 0 E [soft_i][0x3990c5739a][07:25:29.575362] wlan: [0:E:DP] Level 1 :: Start threshold 819 :: Stop threshold 491
01-02 06:54:08.759 0 0 E [soft_i][0x3990c5750d][07:25:29.575381] wlan: [0:E:DP] Level 1 :: Maximun pause time 0 ms
01-02 06:54:08.759 0 0 E [soft_i][0x3990c57678][07:25:29.575400] wlan: [0:E:DP] Level 1 :: Latest pause timestamp 0
01-02 06:54:08.759 0 0 E [soft_i][0x3990c577e8][07:25:29.575419] wlan: [0:E:DP] Level 2 :: Start threshold 614 :: Stop threshold 368
01-02 06:54:08.759 0 0 E [soft_i][0x3990c5795a][07:25:29.575438] wlan: [0:E:DP] Level 2 :: Maximun pause time 0 ms
01-02 06:54:08.759 0 0 E [soft_i][0x3990c57ab7][07:25:29.575457] wlan: [0:E:DP] Level 2 :: Latest pause timestamp 0
01-02 06:54:08.759 0 0 E [soft_i][0x3990c57c36][07:25:29.575477] wlan: [0:E:DP] Level 3 :: Start threshold 409 :: Stop threshold 245
01-02 06:54:08.759 0 0 E [soft_i][0x3990c57da6][07:25:29.575496] wlan: [0:E:DP] Level 3 :: Maximun pause time 0 ms
01-02 06:54:08.759 0 0 E [soft_i][0x3990c57f16][07:25:29.575515] wlan: [0:E:DP] Level 3 :: Latest pause timestamp 0
01-02 06:54:08.759 0 0 E [soft_i][0x3990c5808a][07:25:29.575534] wlan: [0:E:DP] Member flow_id 0 :: flow_type 0
01-02 06:54:08.759 0 0 E [soft_i][0x3990c581e7][07:25:29.575552] wlan: [0:E:DP] Pkt dropped due to unavailablity of descriptors 0
03-14 07:25:29.611 0 0 I auditd : type=1400 audit(0.0:16817): avc: denied { kill } for comm="swapper/2" capability=5 scontext=u:r:kernel:s0 tcontext=u:r:kernel:s0 tclass=capability permissive=0
03-14 07:25:29.695 5179 5179 I auditd : type=1400 audit(0.0:16818): avc: denied { read } for comm="HCDN_DataProces" name="sdcard" dev="tmpfs" ino=1359 scontext=u:r:untrusted_app:s0:c99,c256,c512,c768 tcontext=u:object_r:mnt_sdcard_file:s0 tclass=lnk_file permissive=0 app=com.qiyi.video
01-02 06:54:08.898 0 0 I [soft_i][0x3990ee1236][07:25:29.714010] wlan: [0:I:QDF] ARP-RQ TX: SA:56:f4:a3:ce:a6:5f DA:d6:44:3b:15:39:91 msdu_id:2714 status: nack
03-14 07:25:30.611 0 0 I auditd : type=1400 audit(0.0:16819): avc: denied { kill } for comm="swapper/2" capability=5 scontext=u:r:kernel:s0 tcontext=u:r:kernel:s0 tclass=capability permissive=0
01-02 06:54:09.815 0 0 I [soft_i][0x3991fabd9c][07:25:30.631069] wlan: [0:I:QDF] DNS_Q TX: SA:56:f4:a3:ce:a6:5f DA:d6:44:3b:15:39:91 msdu_id:717 status: nack
03-14 07:25:30.719 5179 5179 I auditd : type=1400 audit(0.0:16820): avc: denied { read } for comm="HCDN_DataProces" name="sdcard" dev="tmpfs" ino=1359 scontext=u:r:untrusted_app:s0:c99,c256,c512,c768 tcontext=u:object_r:mnt_sdcard_file:s0 tclass=lnk_file permissive=0 app=com.qiyi.video
01-02 06:54:10.017 0 0 E [wifi@1][0x39923610d6][07:25:30.833565] wlan: [831:E:QDF] cds_flush_logs: 2424: Bug report already in progress - dropping! type:0, indicator=1 reason_code=0
01-02 06:54:10.017 0 0 E [wifi@1][0x3992361488][07:25:30.833614] wlan: [831:E:HDD] __wlan_hdd_cfg80211_wifi_logger_get_ring_data: 9840: Failed to trigger bug report
01-02 06:54:10.083 0 0 I [schedu][0x3992497424][07:25:30.899742] wlan: [5333:I:WMA] [07:25:28.604000] [ROAM_TRIGGER]: VDEV[0] Reason: "FORCED SCAN" Sub-Reason: FULL SCAN
01-02 06:54:10.083 0 0 I [schedu][0x39924976ce][07:25:30.899778] wlan: [5333:I:WMA] [07:25:28.604000] [ROAM_SCAN]: VDEV[0] Scan_type: FULL
01-02 06:54:10.083 0 0 I [schedu][0x399249774c][07:25:30.899784] wlan: [5333:I:WMA] ============================================================================================================================
01-02 06:54:10.084 0 0 I [schedu][0x399249780b][07:25:30.899794] wlan: [5333:I:WMA] AP BSSID TSTAMP CH TY ETP RSSI/SCR CU%/SCR TOT_SCR BL_RSN BL_SRC BL_TSTAMP BL_TIMEOUT(ms)
01-02 06:54:10.084 0 0 I [schedu][0x399249788d][07:25:30.899801] wlan: [5333:I:WMA] ============================================================================================================================
01-02 06:54:10.084 0 0 I [schedu][0x3992497981][07:25:30.899814] wlan: [5333:I:WMA] d6:44:3b:15:39:91 [07:25:28.604000] 2452 P_AP 0 74/0 0/0 1932 0 0 [00:00:00.000000] 0
01-02 06:54:10.084 0 0 I [schedu][0x3992497a33][07:25:30.899823] wlan: [5333:I:WMA] [07:25:30.898000] [ROAM_RESULT]: VDEV[0] FAILED Reason: NO AP FOUND
03-14 07:25:31.059 831 831 I auditd : type=1400 audit(0.0:16821): avc: denied { search } for comm="wifi@1.0-servic" name="tombstones" dev="dm-10" ino=36 scontext=u:r:hal_wifi_default:s0 tcontext=u:object_r:vendor_tombstone_data_file:s0 tclass=dir permissive=0
03-14 07:25:31.064 831 831 E android.hardware.wifi@1.0-service: Failed to open directory: Permission denied
03-14 07:25:31.065 831 831 E android.hardware.wifi@1.0-service: Error occurred while deleting old tombstone files
03-14 07:25:31.065 831 831 E android.hardware.wifi@1.0-service: Error writing files to flash
01-02 06:54:10.371 0 0 E [wifi@1][0x39929d8dc8][07:25:31.186804] wlan: [831:E:QDF] cds_flush_logs: 2424: Bug report already in progress - dropping! type:0, indicator=1 reason_code=0
01-02 06:54:10.371 0 0 E [wifi@1][0x39929d9154][07:25:31.186851] wlan: [831:E:HDD] __wlan_hdd_cfg80211_wifi_logger_get_ring_data: 9840: Failed to trigger bug report
03-14 07:25:31.411 831 831 I auditd : type=1400 audit(0.0:16822): avc: denied { search } for comm="wifi@1.0-servic" name="tombstones" dev="dm-10" ino=36 scontext=u:r:hal_wifi_default:s0 tcontext=u:object_r:vendor_tombstone_data_file:s0 tclass=dir permissive=0
03-14 07:25:31.417 831 831 E android.hardware.wifi@1.0-service: Failed to open directory: Permission denied
03-14 07:25:31.417 831 831 E android.hardware.wifi@1.0-service: Error occurred while deleting old tombstone files
03-14 07:25:31.417 831 831 E android.hardware.wifi@1.0-service: Error writing files to flash
03-14 07:25:31.611 0 0 I auditd : type=1400 audit(0.0:16823): avc: denied { kill } for comm="swapper/2" capability=5 scontext=u:r:kernel:s0 tcontext=u:r:kernel:s0 tclass=capability permissive=0
03-14 07:25:31.727 5179 5179 I auditd : type=1400 audit(0.0:16824): avc: denied { read } for comm="HCDN_DataProces" name="sdcard" dev="tmpfs" ino=1359 scontext=u:r:untrusted_app:s0:c99,c256,c512,c768 tcontext=u:object_r:mnt_sdcard_file:s0 tclass=lnk_file permissive=0 app=com.qiyi.video
01-02 06:54:11.057 0 0 I [soft_i][0x399366bfec][07:25:31.873553] wlan: [0:I:QDF] DNS_Q TX: SA:56:f4:a3:ce:a6:5f DA:d6:44:3b:15:39:91 msdu_id:3313 status: nack
01-02 06:54:11.575 0 0 E DTC_ETH,link_delay_work_func: 3003, SQI=0, link=0
03-14 07:25:32.467 5179 5179 I auditd : type=1400 audit(0.0:16825): avc: denied { read } for comm="HCDN_DownloadEn" name="sdcard" dev="tmpfs" ino=1359 scontext=u:r:untrusted_app:s0:c99,c256,c512,c768 tcontext=u:object_r:mnt_sdcard_file:s0 tclass=lnk_file permissive=0 app=com.qiyi.video
03-14 07:25:32.611 0 0 I auditd : type=1400 audit(0.0:16826): avc: denied { kill } for comm="swapper/2" capability=5 scontext=u:r:kernel:s0 tcontext=u:r:kernel:s0 tclass=capability permissive=0
03-14 07:25:32.731 5179 5179 I auditd : type=1400 audit(0.0:16827): avc: denied { read } for comm="HCDN_DataProces" name="sdcard" dev="tmpfs" ino=1359 scontext=u:r:untrusted_app:s0:c99,c256,c512,c768 tcontext=u:object_r:mnt_sdcard_file:s0 tclass=lnk_file permissive=0 app=com.qiyi.video
01-02 06:54:12.348 0 0 I logd : logdr: UID=1000 GID=1000 PID=6883 n tail=127 logMask=19 pid=0 start=0ns deadline=0ns
01-02 06:54:12.466 0 0 I logd : logdr: UID=1000 GID=1000 PID=6885 n tail=127 logMask=80 pid=0 start=0ns deadline=0ns
03-14 07:25:33.368 831 831 E android.hardware.wifi@1.0-service: Failed to open directory: Permission denied
03-14 07:25:33.363 831 831 I auditd : type=1400 audit(0.0:16828): avc: denied { search } for comm="wifi@1.0-servic" name="tombstones" dev="dm-10" ino=36 scontext=u:r:hal_wifi_default:s0 tcontext=u:object_r:vendor_tombstone_data_file:s0 tclass=dir permissive=0
03-14 07:25:33.368 831 831 E android.hardware.wifi@1.0-service: Error occurred while deleting old tombstone files
03-14 07:25:33.368 831 831 E android.hardware.wifi@1.0-service: Error writing files to flash
03-14 07:25:33.611 0 0 I auditd : type=1400 audit(0.0:16829): avc: denied { kill } for comm="swapper/2" capability=5 scontext=u:r:kernel:s0 tcontext=u:r:kernel:s0 tclass=capability permissive=0
