01-02 03:19:47.401 0 0 I [wifi@1][0x121d6a34][03:51:08.217161] wlan: [3342:I:wifipos] wifi_pos_get_ch_info: 461: num channels: 26
01-02 03:19:47.401 0 0 I [wifi@1][0x121d81e6][03:51:08.217477] wlan: [3342:I:wifipos] wifi_pos_get_ch_info: 461: num channels: 26
01-02 03:19:47.588 0 0 I binder : 3355:3355 ioctl 40046210 7fe31dd924 returned -22
01-02 03:19:47.636 0 0 I [schedu][0x12625809][03:51:08.452439] wlan: [3334:I:OSIF] scan start scan id 40961
01-02 03:19:47.707 0 0 I binder : 3373:3373 ioctl 40046210 7fe31dd924 returned -22
01-02 03:19:47.799 0 0 I binder : 3393:3393 ioctl 40046210 7fe31dd924 returned -22
01-02 03:19:47.801 0 0 I binder : 3394:3394 ioctl 40046210 7fe31dd924 returned -22
01-02 03:19:47.915 0 0 I binder : 2568:3436 ioctl 40046210 79cbdf6254 returned -22
01-02 03:19:47.917 0 0 I binder : 3441:3441 ioctl 40046210 7fe31dd924 returned -22
01-02 03:19:48.003 0 0 I binder : 3462:3462 ioctl 40046210 7fe31dd924 returned -22
01-02 03:19:48.069 0 0 I binder : 3480:3480 ioctl 40046210 7fe31dd924 returned -22
01-02 03:19:48.122 0 0 I binder : 3503:3503 ioctl 40046210 7fe31dd924 returned -22
01-02 03:19:48.178 0 0 I binder : 3522:3522 ioctl 40046210 7fe31dd924 returned -22
01-02 03:19:48.269 0 0 I binder : 3538:3538 ioctl 40046210 7fe31dd924 returned -22
01-02 03:19:48.363 0 0 I binder : 3559:3559 ioctl 40046210 7fe31dd924 returned -22
01-02 03:19:48.422 0 0 I binder : 3576:3576 ioctl 40046210 7fe31dd924 returned -22
01-02 03:19:48.553 0 0 I logd : start watching /data/system/packages.list ...
01-02 03:19:48.554 0 0 I logd : ReadPackageList, total packages: 100
01-02 03:19:48.776 0 0 I binder : 3622:3622 ioctl 40046210 ff8d8a18 returned -22
01-02 03:19:48.811 0 0 I binder : 2854:2854 ioctl 40046210 7fe31dcfd4 returned -22
01-02 03:19:48.827 0 0 I [schedu][0x13bf27fa][03:51:09.643052] wlan: [3334:I:OSIF] vdev 0, scan id 40961 type COMPLETED(1) reason COMPLETED(1) scan found 23 bss
01-02 03:19:48.829 0 0 I binder : 2101:2101 ioctl 40046210 7fe31dc464 returned -22
01-02 03:19:48.844 0 0 I binder : 3647:3647 ioctl 40046210 7fe31dd924 returned -22
01-02 03:19:48.895 0 0 I binder : 3668:3668 ioctl 40046210 7fe31dd924 returned -22
01-02 03:19:49.211 0 0 I binder : 3695:3695 ioctl 40046210 7fe31dd924 returned -22
01-02 03:19:50.134 0 0 E DTC_ETH,link_delay_work_func: 3003, SQI=0, link=0
01-02 03:19:51.654 0 0 I logd : start watching /data/system/packages.list ...
01-02 03:19:51.657 0 0 I logd : ReadPackageList, total packages: 100
01-02 03:19:52.102 0 0 I init : Sending signal 9 to service 'idmap2d' (pid 1177) process group...
01-02 03:19:52.108 0 0 I libprocessgroup: Successfully killed process cgroup uid 1000 pid 1177 in 5ms
01-02 03:19:52.109 0 0 I init : Control message: Processed ctl.stop for 'idmap2d' from pid: 1533 (system_server)
01-02 03:19:52.111 0 0 I init : Service 'idmap2d' (pid 1177) received signal 9
01-02 03:19:53.787 0 0 I binder : 3749:3749 ioctl 40046210 7fe31dd924 returned -22
01-02 03:19:53.823 0 0 I binder : 2212:3764 ioctl 40046210 7a2fd66ef4 returned -22
01-02 03:19:53.976 0 0 I init : Untracked pid 3775 exited with status 0
01-02 03:19:54.162 0 0 I binder : 3782:3782 ioctl 40046210 7fe31dd924 returned -22
01-02 03:19:55.254 0 0 E DTC_ETH,link_delay_work_func: 3003, SQI=0, link=0
01-02 03:20:00.374 0 0 E DTC_ETH,link_delay_work_func: 3003, SQI=0, link=0
01-02 03:20:01.402 0 0 I mv2112_setup_work_handler: Try to setup link again!
01-02 03:20:01.402 0 0 I : mv2112_setup_forced
01-02 03:20:05.494 0 0 E DTC_ETH,link_delay_work_func: 3003, SQI=0, link=0
01-02 03:20:07.542 0 0 I display_panel_avdd: disabling
01-02 03:20:07.543 0 0 I vdd_tof : disabling
01-02 03:20:10.614 0 0 E DTC_ETH,link_delay_work_func: 3003, SQI=0, link=0
01-02 03:20:13.436 0 0 I msm_vidc: high: 00000001: h264d: Closed video instance: 0000000000000000
01-02 03:20:13.472 0 0 I binder : undelivered transaction 65614, process died.
01-02 03:20:13.472 0 0 I init : Service 'bootanim' (pid 1106) exited with status 0 oneshot service took 33.631001 seconds in background
01-02 03:20:13.472 0 0 I init : Sending signal 9 to service 'bootanim' (pid 1106) process group...
01-02 03:20:13.473 0 0 I libprocessgroup: Successfully killed process cgroup uid 1003 pid 1106 in 0ms
01-02 03:20:14.936 0 0 I msm_vidc: err : ffffffff: .....: DBLP Set: status 0
01-02 03:20:15.735 0 0 E DTC_ETH,link_delay_work_func: 3003, SQI=0, link=0
01-02 03:20:20.854 0 0 E DTC_ETH,link_delay_work_func: 3003, SQI=0, link=0
01-02 03:20:22.777 0 0 I [schedu][0x3a997f3b][03:51:43.593228] wlan: [3334:I:OSIF] scan start scan id 40962
01-02 03:20:23.951 0 0 I [schedu][0x3bf1967c][03:51:44.767725] wlan: [3334:I:OSIF] vdev 0, scan id 40962 type COMPLETED(1) reason COMPLETED(1) scan found 22 bss
01-02 03:20:25.974 0 0 E DTC_ETH,link_delay_work_func: 3003, SQI=0, link=0
01-02 03:20:31.095 0 0 E DTC_ETH,link_delay_work_func: 3003, SQI=0, link=0
01-02 03:20:36.215 0 0 E DTC_ETH,link_delay_work_func: 3003, SQI=0, link=0
01-02 03:20:41.335 0 0 E DTC_ETH,link_delay_work_func: 3003, SQI=0, link=0
01-02 03:20:44.560 0 0 I binder : 3842:3842 ioctl 40046210 7fe31dd924 returned -22
01-02 03:20:44.823 0 0 I binder : 3842:3866 ioctl 40046210 79ceb6c1f4 returned -22
01-02 03:20:44.877 0 0 I binder : 3891:3891 ioctl 40046210 7fe31dd924 returned -22
01-02 03:20:46.454 0 0 E DTC_ETH,link_delay_work_func: 3003, SQI=0, link=0
01-02 03:20:51.575 0 0 E DTC_ETH,link_delay_work_func: 3003, SQI=0, link=0
01-02 03:20:56.695 0 0 E DTC_ETH,link_delay_work_func: 3003, SQI=0, link=0
01-02 03:21:01.815 0 0 E DTC_ETH,link_delay_work_func: 3003, SQI=0, link=0
01-02 03:21:06.934 0 0 E DTC_ETH,link_delay_work_func: 3003, SQI=0, link=0
01-02 03:21:12.054 0 0 E DTC_ETH,link_delay_work_func: 3003, SQI=0, link=0
01-02 03:21:15.194 0 0 I : boot log copy done
01-02 03:21:17.174 0 0 E DTC_ETH,link_delay_work_func: 3003, SQI=0, link=0
01-02 03:21:22.294 0 0 E DTC_ETH,link_delay_work_func: 3003, SQI=0, link=0
01-02 03:21:27.414 0 0 E DTC_ETH,link_delay_work_func: 3003, SQI=0, link=0
01-02 03:21:27.458 0 0 I binder : 3993:3993 ioctl 40046210 7fd4b45da4 returned -22
01-02 03:21:27.505 0 0 I binder : 3993:4012 ioctl 40046210 784c96a484 returned -22
01-02 03:21:27.518 0 0 I msm_vidc: high: 00000001: ....e: Opening video instance: 0000000000000000, 0
01-02 03:21:27.518 0 0 I msm_vidc: err : 00000001: ....e: Failed to create debugfs for msm_vidc
01-02 03:21:27.639 0 0 I binder : 4007:4007 ioctl 40046210 7fda50c714 returned -22
01-02 03:21:28.817 0 0 I binder : 4040:4040 ioctl 40046210 7fece776e4 returned -22
01-02 03:21:30.168 0 0 I msm_vidc: err : ffffffff: .....: DBLP Set: status 0
01-02 03:21:32.534 0 0 E DTC_ETH,link_delay_work_func: 3003, SQI=0, link=0
01-02 03:21:32.779 0 0 I [schedu][0x8ab60de8][03:52:53.595771] wlan: [3334:I:OSIF] scan start scan id 40963
01-02 03:21:33.953 0 0 I [schedu][0x8c0dc3c5][03:52:54.768969] wlan: [3334:I:OSIF] vdev 0, scan id 40963 type COMPLETED(1) reason COMPLETED(1) scan found 31 bss
01-02 03:21:37.655 0 0 E DTC_ETH,link_delay_work_func: 3003, SQI=0, link=0
01-02 03:21:42.774 0 0 E DTC_ETH,link_delay_work_func: 3003, SQI=0, link=0
01-02 03:21:43.768 0 0 I msm_vidc: err : ffffffff: .....: DBLP Set: status 0
01-02 03:21:47.894 0 0 E DTC_ETH,link_delay_work_func: 3003, SQI=0, link=0
01-02 03:21:53.015 0 0 E DTC_ETH,link_delay_work_func: 3003, SQI=0, link=0
01-02 03:21:58.134 0 0 E DTC_ETH,link_delay_work_func: 3003, SQI=0, link=0
01-02 03:22:03.254 0 0 E DTC_ETH,link_delay_work_func: 3003, SQI=0, link=0
01-02 03:22:08.375 0 0 E DTC_ETH,link_delay_work_func: 3003, SQI=0, link=0
01-02 03:22:13.490 0 0 I binder : 4062:4064 ioctl 40046210 7c3ad26924 returned -22
01-02 03:22:13.494 0 0 E DTC_ETH,link_delay_work_func: 3003, SQI=0, link=0
01-02 03:22:18.614 0 0 E DTC_ETH,link_delay_work_func: 3003, SQI=0, link=0
01-02 03:22:23.734 0 0 E DTC_ETH,link_delay_work_func: 3003, SQI=0, link=0
01-02 03:22:28.854 0 0 E DTC_ETH,link_delay_work_func: 3003, SQI=0, link=0
01-02 03:22:33.974 0 0 E DTC_ETH,link_delay_work_func: 3003, SQI=0, link=0
01-02 03:22:39.094 0 0 E DTC_ETH,link_delay_work_func: 3003, SQI=0, link=0
01-02 03:22:40.850 0 0 I qcom_rpmh DRV: apps_rsc TCS Busy, retrying RPMH message send: addr=0x40d00
01-02 03:22:44.218 0 0 E DTC_ETH,link_delay_work_func: 3003, SQI=0, link=0
01-02 03:22:49.334 0 0 E DTC_ETH,link_delay_work_func: 3003, SQI=0, link=0
01-02 03:22:54.454 0 0 E DTC_ETH,link_delay_work_func: 3003, SQI=0, link=0
01-02 03:22:57.263 0 0 I IRQ 5 : no longer affine to CPU6
01-02 03:22:59.574 0 0 E DTC_ETH,link_delay_work_func: 3003, SQI=0, link=0
01-02 03:23:00.921 0 0 I msm_vidc: err : ffffffff: .....: DBLP Set: status 0
01-02 03:23:04.694 0 0 E DTC_ETH,link_delay_work_func: 3003, SQI=0, link=0
01-02 03:23:09.814 0 0 E DTC_ETH,link_delay_work_func: 3003, SQI=0, link=0
01-02 03:23:13.474 0 0 I logd : start watching /data/system/packages.list ...
01-02 03:23:13.477 0 0 I logd : ReadPackageList, total packages: 101
01-02 03:23:14.147 0 0 I binder : 4111:4111 ioctl 40046210 7fe31dd924 returned -22
01-02 03:23:14.934 0 0 E DTC_ETH,link_delay_work_func: 3003, SQI=0, link=0
01-02 03:23:17.688 0 0 I msm_vidc: err : ffffffff: .....: DBLP Set: status 0
01-02 03:23:20.054 0 0 E DTC_ETH,link_delay_work_func: 3003, SQI=0, link=0
01-02 03:23:25.174 0 0 E DTC_ETH,link_delay_work_func: 3003, SQI=0, link=0
01-02 03:23:30.294 0 0 E DTC_ETH,link_delay_work_func: 3003, SQI=0, link=0
01-02 03:23:35.415 0 0 E DTC_ETH,link_delay_work_func: 3003, SQI=0, link=0
01-02 03:23:40.534 0 0 E DTC_ETH,link_delay_work_func: 3003, SQI=0, link=0
01-02 03:23:41.784 0 0 I msm_vidc: err : ffffffff: .....: DBLP Set: status 0
01-02 03:23:45.654 0 0 E DTC_ETH,link_delay_work_func: 3003, SQI=0, link=0
01-02 03:23:50.774 0 0 E DTC_ETH,link_delay_work_func: 3003, SQI=0, link=0
01-02 03:23:52.772 0 0 I [schedu][0x12aeb8d0f][03:55:13.588506] wlan: [3334:I:OSIF] scan start scan id 40964
01-02 03:23:53.952 0 0 I [schedu][0x12c45574d][03:55:14.768803] wlan: [3334:I:OSIF] vdev 0, scan id 40964 type COMPLETED(1) reason COMPLETED(1) scan found 20 bss
01-02 03:23:55.894 0 0 E DTC_ETH,link_delay_work_func: 3003, SQI=0, link=0
01-02 03:24:00.796 0 0 I qcom_rpmh DRV: apps_rsc TCS Busy, retrying RPMH message send: addr=0x41b08
01-02 03:24:01.014 0 0 E DTC_ETH,link_delay_work_func: 3003, SQI=0, link=0
01-02 03:24:06.134 0 0 E DTC_ETH,link_delay_work_func: 3003, SQI=0, link=0
01-02 03:24:11.254 0 0 E DTC_ETH,link_delay_work_func: 3003, SQI=0, link=0
01-02 03:24:16.375 0 0 E DTC_ETH,link_delay_work_func: 3003, SQI=0, link=0
01-02 03:24:21.313 0 0 I logd : start watching /data/system/packages.list ...
01-02 03:24:21.315 0 0 I logd : ReadPackageList, total packages: 102
01-02 03:24:21.494 0 0 E DTC_ETH,link_delay_work_func: 3003, SQI=0, link=0
01-02 03:24:26.614 0 0 E DTC_ETH,link_delay_work_func: 3003, SQI=0, link=0
01-02 03:24:31.735 0 0 E DTC_ETH,link_delay_work_func: 3003, SQI=0, link=0
01-02 03:24:36.855 0 0 E DTC_ETH,link_delay_work_func: 3003, SQI=0, link=0
01-02 03:24:41.974 0 0 E DTC_ETH,link_delay_work_func: 3003, SQI=0, link=0
01-02 03:24:47.094 0 0 E DTC_ETH,link_delay_work_func: 3003, SQI=0, link=0
01-02 03:24:50.167 0 0 E spss_utils [spss_wait_for_event]: wait for event [1] timeout [300] sec expired
01-02 03:24:52.214 0 0 E DTC_ETH,link_delay_work_func: 3003, SQI=0, link=0
01-02 03:24:57.334 0 0 E DTC_ETH,link_delay_work_func: 3003, SQI=0, link=0
01-02 03:25:02.455 0 0 E DTC_ETH,link_delay_work_func: 3003, SQI=0, link=0
01-02 03:25:07.574 0 0 E DTC_ETH,link_delay_work_func: 3003, SQI=0, link=0
01-02 03:25:12.694 0 0 E DTC_ETH,link_delay_work_func: 3003, SQI=0, link=0
01-02 03:25:15.397 0 0 W audit : audit_lost=27 audit_rate_limit=5 audit_backlog_limit=64
01-02 03:25:15.397 0 0 E audit : rate limit exceeded
03-14 03:56:36.319 2385 2385 W CarrierConfigManager: Error getting config for subId -1 ICarrierConfigLoader is null
03-14 03:56:36.350 1533 1932 D TelephonyRegistry: listen oscl: mHasNotifySubscriptionInfoChangedOccurred==false no callback
03-14 03:56:36.355 1533 2038 D TelephonyRegistry: listen oscl: mHasNotifySubscriptionInfoChangedOccurred==false no callback
01-02 03:25:15.586 0 0 I [schedu][0x189b14b26][03:56:36.401920] wlan: [3334:I:OSIF] scan start scan id 40965
01-02 03:25:16.761 0 0 I [schedu][0x18b098fe3][03:56:37.577024] wlan: [3334:I:OSIF] vdev 0, scan id 40965 type COMPLETED(1) reason COMPLETED(1) scan found 15 bss
01-02 03:25:17.814 0 0 E DTC_ETH,link_delay_work_func: 3003, SQI=0, link=0
01-02 03:25:22.934 0 0 E DTC_ETH,link_delay_work_func: 3003, SQI=0, link=0
01-02 03:25:23.641 0 0 I msm_vidc: err : ffffffff: .....: DBLP Set: status 0
01-02 03:25:28.054 0 0 E DTC_ETH,link_delay_work_func: 3003, SQI=0, link=0
01-02 03:25:33.175 0 0 E DTC_ETH,link_delay_work_func: 3003, SQI=0, link=0
01-02 03:25:38.295 0 0 E DTC_ETH,link_delay_work_func: 3003, SQI=0, link=0
01-02 03:25:43.415 0 0 E DTC_ETH,link_delay_work_func: 3003, SQI=0, link=0
01-02 03:25:44.312 0 0 I msm_vidc: err : ffffffff: .....: DBLP Set: status 0
01-02 03:25:48.534 0 0 E DTC_ETH,link_delay_work_func: 3003, SQI=0, link=0
01-02 03:25:53.654 0 0 E DTC_ETH,link_delay_work_func: 3003, SQI=0, link=0
01-02 03:25:58.775 0 0 E DTC_ETH,link_delay_work_func: 3003, SQI=0, link=0
01-02 03:26:03.895 0 0 E DTC_ETH,link_delay_work_func: 3003, SQI=0, link=0
01-02 03:26:09.014 0 0 E DTC_ETH,link_delay_work_func: 3003, SQI=0, link=0
01-02 03:26:14.134 0 0 E DTC_ETH,link_delay_work_func: 3003, SQI=0, link=0
01-02 03:26:14.293 0 0 I logd : logdr: UID=2000 GID=2000 PID=4230 b tail=0 logMask=99 pid=0 start=0ns deadline=0ns
01-02 03:26:19.255 0 0 E DTC_ETH,link_delay_work_func: 3003, SQI=0, link=0
01-02 03:26:24.374 0 0 E DTC_ETH,link_delay_work_func: 3003, SQI=0, link=0
01-02 03:26:26.929 0 0 I binder : 4256:4256 ioctl 40046210 7fe31dd924 returned -22
01-02 03:26:26.941 0 0 W audit : audit_lost=116 audit_rate_limit=5 audit_backlog_limit=64
01-02 03:26:26.941 0 0 E audit : rate limit exceeded
01-02 03:26:26.954 0 0 I : [MAX975X:max96755x_drm_notifier_callback] *INFO* receives EARLY_BLANK:UNBLANK
01-02 03:26:26.954 0 0 I atmel_mxt_ts 0-004a: FB event:2,blank:0
01-02 03:26:26.954 0 0 I atmel_mxt_ts 0-004a: suspend: event = 2, blank = 0, not care
01-02 03:26:26.954 0 0 I [drm:dsi_display_set_mode] [msm-dsi-info]: mdp_transfer_time_us=0 us
01-02 03:26:26.954 0 0 I [drm:dsi_display_set_mode] [msm-dsi-info]: hactive= 2560,vactive= 1080,fps=30
01-02 03:26:26.954 0 0 I : [MAX975X:max96755x_drm_notifier_callback] *INFO* receives BLANK:UNBLANK
01-02 03:26:26.955 0 0 I atmel_mxt_ts 0-004a: FB event:1,blank:0
01-02 03:26:26.955 0 0 I atmel_mxt_ts 0-004a: drm_notifier_callback: UNBLANK! Resume by drm notifier.
01-02 03:26:26.958 0 0 W ALERT : changing window size from 16000000 to 8000000 at 413176034111
01-02 03:26:26.979 0 0 I binder : 1164:1164 ioctl 40046210 7feca1d794 returned -22
01-02 03:26:26.989 0 0 W perfetto: enabled ftrace
01-02 03:26:27.014 0 0 I binder : 4256:4301 ioctl 40046210 79ce135c94 returned -22
01-02 03:26:27.088 0 0 I binder : 4325:4325 ioctl 40046210 ff8d8a18 returned -22
01-02 03:26:27.111 0 0 I binder : 4343:4343 ioctl 40046210 ff8d8168 returned -22
01-02 03:26:29.494 0 0 E DTC_ETH,link_delay_work_func: 3003, SQI=0, link=0
01-02 03:26:29.736 0 0 I msm_vidc: high: 00000002: ....d: Opening video instance: 0000000000000000, 1
01-02 03:26:29.736 0 0 I msm_vidc: err : 00000002: ....d: Failed to create debugfs for msm_vidc
01-02 03:26:29.813 0 0 I afe_find_cal_topo_id_by_port: port id: 0x9000, dev_acdb_id: 0
01-02 03:26:29.813 0 0 I afe_find_cal_topo_id_by_port: top_id:112fc acdb_id:15 afe_port:0x9000
01-02 03:26:29.813 0 0 I afe_get_cal_topology_id: port_id = 0x9000 acdb_id = 15 topology_id = 0x112fc cal_type_index=8 ret=0
01-02 03:26:29.814 0 0 I afe_send_port_topology_id: AFE set topology id 0x112fc enable for port 0x9000 ret 0
01-02 03:26:29.814 0 0 I send_afe_cal_type: cal_index is 0
01-02 03:26:29.814 0 0 I send_afe_cal_type: dev_acdb_id[55] is 0
01-02 03:26:29.814 0 0 I send_afe_cal_type: Sending cal_index cal 0
01-02 03:26:29.814 0 0 E send_afe_cal_type: No cal sent for cal_index 0, port_id = 0x9000! ret -22
01-02 03:26:29.814 0 0 I afe_send_hw_delay: port_id 0x9000 rate 48000 delay_usec 474 status 0
01-02 03:26:30.855 0 0 I : snd_pcm_hw_constraint_integer failed
01-02 03:26:30.855 0 0 I msm_pcm_open: P buffer bytes minmax constraint ret 1
01-02 03:26:31.710 0 0 W ALERT : changing window size from 8000000 to 16000000 at 417928033224
01-02 03:26:31.750 0 0 I : [MAX975X:max96755x_drm_notifier_callback] *INFO* receives EARLY_BLANK:UNBLANK
01-02 03:26:31.750 0 0 I atmel_mxt_ts 0-004a: FB event:2,blank:0
01-02 03:26:31.750 0 0 I atmel_mxt_ts 0-004a: suspend: event = 2, blank = 0, not care
01-02 03:26:31.750 0 0 I [drm:dsi_display_set_mode] [msm-dsi-info]: mdp_transfer_time_us=0 us
01-02 03:26:31.750 0 0 I [drm:dsi_display_set_mode] [msm-dsi-info]: hactive= 2560,vactive= 1080,fps=60
01-02 03:26:31.750 0 0 I : [MAX975X:max96755x_drm_notifier_callback] *INFO* receives BLANK:UNBLANK
01-02 03:26:31.759 0 0 I atmel_mxt_ts 0-004a: FB event:1,blank:0
01-02 03:26:31.759 0 0 I atmel_mxt_ts 0-004a: drm_notifier_callback: UNBLANK! Resume by drm notifier.
01-02 03:26:31.936 0 0 W perfetto: disabled ftrace
01-02 03:26:32.366 0 0 I msm_vidc: high: 00000002: h264d: Closed video instance: 0000000000000000
01-02 03:26:34.176 0 0 W perfetto: enabled ftrace
01-02 03:26:34.182 0 0 I binder : 4634:4634 ioctl 40046210 7fe31dd924 returned -22
01-02 03:26:34.221 0 0 I : [MAX975X:max96755x_drm_notifier_callback] *INFO* receives EARLY_BLANK:UNBLANK
01-02 03:26:34.221 0 0 I atmel_mxt_ts 0-004a: FB event:2,blank:0
01-02 03:26:34.221 0 0 I atmel_mxt_ts 0-004a: suspend: event = 2, blank = 0, not care
01-02 03:26:34.221 0 0 I [drm:dsi_display_set_mode] [msm-dsi-info]: mdp_transfer_time_us=0 us
01-02 03:26:34.221 0 0 I [drm:dsi_display_set_mode] [msm-dsi-info]: hactive= 2560,vactive= 1080,fps=30
01-02 03:26:34.221 0 0 I : [MAX975X:max96755x_drm_notifier_callback] *INFO* receives BLANK:UNBLANK
01-02 03:26:34.222 0 0 I atmel_mxt_ts 0-004a: FB event:1,blank:0
01-02 03:26:34.222 0 0 I atmel_mxt_ts 0-004a: drm_notifier_callback: UNBLANK! Resume by drm notifier.
01-02 03:26:34.222 0 0 W ALERT : changing window size from 16000000 to 20000000 at 420440024264
01-02 03:26:34.439 0 0 I binder : 4634:4659 ioctl 40046210 79cde8a1f4 returned -22
01-02 03:26:34.614 0 0 E DTC_ETH,link_delay_work_func: 3003, SQI=0, link=0
01-02 03:26:38.842 0 0 W ALERT : changing window size from 20000000 to 16000000 at 425060020461
01-02 03:26:38.883 0 0 I : [MAX975X:max96755x_drm_notifier_callback] *INFO* receives EARLY_BLANK:UNBLANK
01-02 03:26:38.883 0 0 I atmel_mxt_ts 0-004a: FB event:2,blank:0
01-02 03:26:38.883 0 0 I atmel_mxt_ts 0-004a: suspend: event = 2, blank = 0, not care
01-02 03:26:38.884 0 0 I [drm:dsi_display_set_mode] [msm-dsi-info]: mdp_transfer_time_us=0 us
01-02 03:26:38.884 0 0 I [drm:dsi_display_set_mode] [msm-dsi-info]: hactive= 2560,vactive= 1080,fps=60
01-02 03:26:38.884 0 0 I : [MAX975X:max96755x_drm_notifier_callback] *INFO* receives BLANK:UNBLANK
01-02 03:26:38.884 0 0 I atmel_mxt_ts 0-004a: FB event:1,blank:0
01-02 03:26:38.884 0 0 I atmel_mxt_ts 0-004a: drm_notifier_callback: UNBLANK! Resume by drm notifier.
01-02 03:26:39.172 0 0 W perfetto: disabled ftrace
01-02 03:26:39.734 0 0 E DTC_ETH,link_delay_work_func: 3003, SQI=0, link=0
01-02 03:26:40.190 0 0 E msm_pcm_playback_close: CMD_EOS failed, cmd_pending 0x8
03-14 03:58:02.831 1533 2131 D TelephonyRegistry: listen oscl: mHasNotifySubscriptionInfoChangedOccurred==false no callback
03-14 03:58:02.832 1533 2131 D TelephonyRegistry: listen oscl: mHasNotifySubscriptionInfoChangedOccurred==false no callback
01-02 03:26:44.854 0 0 E DTC_ETH,link_delay_work_func: 3003, SQI=0, link=0
01-02 03:26:49.976 0 0 E DTC_ETH,link_delay_work_func: 3003, SQI=0, link=0
01-02 03:26:50.430 0 0 E msm_pcm_playback_close: CMD_EOS failed, cmd_pending 0x8
01-02 03:26:55.098 0 0 E DTC_ETH,link_delay_work_func: 3003, SQI=0, link=0
01-02 03:26:56.314 0 0 W ALERT : changing window size from 16000000 to 8000000 at 442532025610
01-02 03:26:56.321 0 0 I : [MAX975X:max96755x_drm_notifier_callback] *INFO* receives EARLY_BLANK:UNBLANK
01-02 03:26:56.321 0 0 I atmel_mxt_ts 0-004a: FB event:2,blank:0
01-02 03:26:56.321 0 0 I atmel_mxt_ts 0-004a: suspend: event = 2, blank = 0, not care
01-02 03:26:56.321 0 0 I [drm:dsi_display_set_mode] [msm-dsi-info]: mdp_transfer_time_us=0 us
01-02 03:26:56.321 0 0 I [drm:dsi_display_set_mode] [msm-dsi-info]: hactive= 2560,vactive= 1080,fps=30
01-02 03:26:56.321 0 0 I : [MAX975X:max96755x_drm_notifier_callback] *INFO* receives BLANK:UNBLANK
01-02 03:26:56.322 0 0 I atmel_mxt_ts 0-004a: FB event:1,blank:0
01-02 03:26:56.322 0 0 I atmel_mxt_ts 0-004a: drm_notifier_callback: UNBLANK! Resume by drm notifier.
01-02 03:26:57.461 0 0 I binder : 4729:4729 ioctl 40046210 ff8d8168 returned -22
01-02 03:26:59.460 0 0 I msm_vidc: high: 00000002: ....d: Opening video instance: 0000000000000000, 1
01-02 03:26:59.460 0 0 I msm_vidc: err : 00000002: ....d: Failed to create debugfs for msm_vidc
01-02 03:27:00.214 0 0 E DTC_ETH,link_delay_work_func: 3003, SQI=0, link=0
01-02 03:27:00.670 0 0 E msm_pcm_playback_close: CMD_EOS failed, cmd_pending 0x8
01-02 03:27:02.904 0 0 I msm_vidc: err : ffffffff: .....: DBLP Set: status 0
01-02 03:27:05.334 0 0 E DTC_ETH,link_delay_work_func: 3003, SQI=0, link=0
01-02 03:27:07.414 0 0 I msm_vidc: high: 00000002: h264d: Closed video instance: 0000000000000000
01-02 03:27:10.454 0 0 E DTC_ETH,link_delay_work_func: 3003, SQI=0, link=0
01-02 03:27:10.910 0 0 E msm_pcm_playback_close: CMD_EOS failed, cmd_pending 0x8
01-02 03:27:11.440 0 0 I binder : undelivered TRANSACTION_COMPLETE
01-02 03:27:11.440 0 0 I binder : undelivered transaction 135300, process died.
01-02 03:27:11.440 0 0 I binder : undelivered transaction 135345, process died.
01-02 03:27:11.474 0 0 W ALERT : changing window size from 8000000 to 16000000 at 457692045761
01-02 03:27:11.515 0 0 I : [MAX975X:max96755x_drm_notifier_callback] *INFO* receives EARLY_BLANK:UNBLANK
01-02 03:27:11.515 0 0 I atmel_mxt_ts 0-004a: FB event:2,blank:0
01-02 03:27:11.515 0 0 I atmel_mxt_ts 0-004a: suspend: event = 2, blank = 0, not care
01-02 03:27:11.515 0 0 I [drm:dsi_display_set_mode] [msm-dsi-info]: mdp_transfer_time_us=0 us
01-02 03:27:11.515 0 0 I [drm:dsi_display_set_mode] [msm-dsi-info]: hactive= 2560,vactive= 1080,fps=60
01-02 03:27:11.516 0 0 I : [MAX975X:max96755x_drm_notifier_callback] *INFO* receives BLANK:UNBLANK
01-02 03:27:11.516 0 0 I atmel_mxt_ts 0-004a: FB event:1,blank:0
01-02 03:27:11.516 0 0 I atmel_mxt_ts 0-004a: drm_notifier_callback: UNBLANK! Resume by drm notifier.
03-14 03:58:34.270 1533 2038 D TelephonyRegistry: listen oscl: mHasNotifySubscriptionInfoChangedOccurred==false no callback
03-14 03:58:34.272 1533 4977 D TelephonyRegistry: listen oscl: mHasNotifySubscriptionInfoChangedOccurred==false no callback
01-02 03:27:13.804 0 0 I [schedu][0x210fb9bdd][03:58:34.620383] wlan: [3334:I:OSIF] scan start scan id 40966
01-02 03:27:14.990 0 0 I [schedu][0x21256edf6][03:58:35.805905] wlan: [3334:I:OSIF] vdev 0, scan id 40966 type COMPLETED(1) reason COMPLETED(1) scan found 18 bss
01-02 03:27:15.575 0 0 E DTC_ETH,link_delay_work_func: 3003, SQI=0, link=0
01-02 03:27:19.928 0 0 I msm_vidc: err : ffffffff: .....: DBLP Set: status 0
01-02 03:27:20.694 0 0 E DTC_ETH,link_delay_work_func: 3003, SQI=0, link=0
01-02 03:27:21.150 0 0 E msm_pcm_playback_close: CMD_EOS failed, cmd_pending 0x8
01-02 03:27:23.810 0 0 I [schedu][0x21c6efe65][03:58:44.626177] wlan: [3334:I:OSIF] scan start scan id 40967
01-02 03:27:24.971 0 0 I [schedu][0x21dc31f75][03:58:45.787151] wlan: [3334:I:OSIF] vdev 0, scan id 40967 type COMPLETED(1) reason COMPLETED(1) scan found 20 bss
01-02 03:27:25.815 0 0 E DTC_ETH,link_delay_work_func: 3003, SQI=0, link=0
01-02 03:27:30.934 0 0 E DTC_ETH,link_delay_work_func: 3003, SQI=0, link=0
01-02 03:27:31.390 0 0 E msm_pcm_playback_close: CMD_EOS failed, cmd_pending 0x8
01-02 03:27:33.840 0 0 I [schedu][0x227e96655][03:58:54.655936] wlan: [3334:I:OSIF] scan start scan id 40968
01-02 03:27:35.011 0 0 I [schedu][0x22940affb][03:58:55.827692] wlan: [3334:I:OSIF] vdev 0, scan id 40968 type COMPLETED(1) reason COMPLETED(1) scan found 17 bss
01-02 03:27:36.054 0 0 E DTC_ETH,link_delay_work_func: 3003, SQI=0, link=0
03-14 03:58:58.126 1533 2038 D TelephonyRegistry: listen oscl: mHasNotifySubscriptionInfoChangedOccurred==false no callback
03-14 03:58:58.132 1533 1932 D TelephonyRegistry: listen oscl: mHasNotifySubscriptionInfoChangedOccurred==false no callback
01-02 03:27:37.591 0 0 I [schedu][0x22c3450f4][03:58:58.406904] wlan: [3334:I:OSIF] scan start scan id 40969
01-02 03:27:38.761 0 0 I [schedu][0x22d8b3ab4][03:58:59.577381] wlan: [3334:I:OSIF] vdev 0, scan id 40969 type COMPLETED(1) reason COMPLETED(1) scan found 22 bss
01-02 03:27:41.175 0 0 E DTC_ETH,link_delay_work_func: 3003, SQI=0, link=0
01-02 03:27:41.630 0 0 E msm_pcm_playback_close: CMD_EOS failed, cmd_pending 0x8
01-02 03:27:42.054 0 0 I [schedu][0x2314fea52][03:59:02.870176] wlan: [3334:I:HIF] Deinitializing Runtime PM wakelock &vdev->vdev_set_key_runtime_wakelock
01-02 03:27:42.055 0 0 I [schedu][0x23150656f][03:59:02.871818] wlan: [3334:I:HIF] Initializing Runtime PM wakelock &vdev->vdev_set_key_runtime_wakelock
01-02 03:27:42.077 0 0 I [wifi@1][0x23156c31c][03:59:02.893547] wlan: [831:I:DP] dp_vdev_attach_wifi3: wlan_cfg_ap_bridge_enabled 0
01-02 03:27:42.093 0 0 E [wifi@1][0x2315b5ae4][03:59:02.909224] wlan: [3342:E:wifipos] wifi_pos_process_app_reg_req: 608: Received App Req Req pid(1275069247), len(16)
01-02 03:27:42.093 0 0 I [wifi@1][0x2315b7d35][03:59:02.909681] wlan: [3342:I:wifipos] wifi_pos_get_ch_info: 461: num channels: 26
01-02 03:27:42.094 0 0 I [wifi@1][0x2315b9a6d][03:59:02.910071] wlan: [3342:I:wifipos] wifi_pos_get_ch_info: 461: num channels: 26
01-02 03:27:42.278 0 0 I [wpa_su][0x231917265][03:59:03.093857] wlan: [3349:I:SME] vdev-0: Connecting to 傻fufu d6:44:3b:15:39:91 rssi: -65 freq: 2412 akm 9 cipher: uc 6 mc 6, CC:
01-02 03:27:42.278 0 0 E [wpa_su][0x231917d59][03:59:03.094003] wlan: [3349:E:QDF] Cannot malloc 0 bytes @ csr_get_cfg_max_tx_power:14199
01-02 03:27:42.279 0 0 I [schedu][0x23191db3a][03:59:03.095255] wlan: [3334:I:WMI] send_vdev_start_cmd_tlv: 1062: send_vdev_start_cmd_tlv: vdev_id 0 freq 2412 chanmode 11 ch_info: 0xb is_dfs 0 beacon interval 100 dtim 0 center_chan 2412 center_freq2 0 reg_info_1: 0x140000 reg_info_2: 0x1400, req->max_txpow: 0x14 Tx SS 1, Rx SS 1, ldpc_rx: 0, cac 0, regd 4, HE ops: 0req->dis_hw_ack: 0
01-02 03:27:42.303 0 0 I [soft_i][0x23198d81a][03:59:03.119107] wlan: [0:I:TXRX] HTT_T2H_MSG_TYPE_PEER_MAP msg for peer id 8 vdev id 0 n
01-02 03:27:42.303 0 0 E [soft_i][0x23198da95][03:59:03.119139] wlan: [0:E:DP] dp_peer_find_add_id: peer 0000000000000000 ID 8 vid 0 mac d6:44:3b:15:39:91
01-02 03:27:42.303 0 0 I [soft_i][0x23198dd22][03:59:03.119173] wlan: [0:I:DP] dp_peer_find_add_id: ref_cnt: 2
01-02 03:27:42.303 0 0 E [soft_i][0x23198de24][03:59:03.119187] wlan: [0:E:DP] dp_peer_map_ast: peer 0000000000000000 ID 10 vid 0 mac d6:44:3b:15:39:91
01-02 03:27:42.445 0 0 I [schedu][0x231c28dde][03:59:03.261477] wlan: [3334:I:PE] Auth TX: seq 1 seq num 2049 status 0 WEP 0 to d6:44:3b:15:39:91
01-02 03:27:42.472 0 0 I [schedu][0x231ca503d][03:59:03.287962] wlan: [3334:I:PE] Auth TX: success
01-02 03:27:42.472 0 0 I [schedu][0x231ca8177][03:59:03.288618] wlan: [3334:I:PE] Auth RX: vdev 0 sys role 3 lim_state 5 from d6:44:3b:15:39:91 rssi -64 auth_alg 0 seq 360
01-02 03:27:42.473 0 0 I [schedu][0x231ca943b][03:59:03.288868] wlan: [3334:I:PE] Assoc req TX: vdev 0 to d6:44:3b:15:39:91 seq num 2050
01-02 03:27:42.507 0 0 I [schedu][0x231d4a623][03:59:03.323240] wlan: [3334:I:PE] Assoc req TX: fail
01-02 03:27:42.989 0 0 I [schedu][0x23261cb22][03:59:03.805014] wlan: [3334:I:PE] Deauth RX: vdev 0 from d6:44:3b:15:39:91 for 56:f4:a3:ce:a6:5f RSSI = -66 reason 2 mlm state = 10, sme state = 5 systemrole = 3
01-02 03:27:42.989 0 0 E [schedu][0x23261db68][03:59:03.805231] wlan: [3334:E:PE] lim_process_mlm_assoc_cnf: 650: SessionId:0 Association failure resultCode: 518 limSmeState:5
01-02 03:27:43.014 0 0 W [schedu][0x23269264f][03:59:03.830123] wlan: [3334:W:SME] csr_roam_join_rsp_processor: 9876: SmeJoinReq failed with status_code= 0x00000206 [518] reason:2
01-02 03:27:43.014 0 0 W [schedu][0x232693d68][03:59:03.830431] wlan: [3334:W:HDD] hdd_get_rssi_snr_by_bssid: 17749: sme_get_rssi_snr_by_bssid failed
01-02 03:27:43.014 0 0 E [schedu][0x232693fae][03:59:03.830461] wlan: [3334:E:HDD] hdd_association_completion_handler: 3712: wlan0(vdevid-0): connection failed with d6:44:3b:15:39:91 result: 3 and Status: 7
01-02 03:27:43.014 0 0 W [schedu][0x232695250][03:59:03.830709] wlan: [3334:W:HDD] hdd_get_rssi_snr_by_bssid: 17749: sme_get_rssi_snr_by_bssid failed
01-02 03:27:43.014 0 0 E [schedu][0x23269543d][03:59:03.830735] wlan: [3334:E:HDD] hdd_association_completion_handler: 3712: wlan0(vdevid-0): connection failed with d6:44:3b:15:39:91 result: 1 and Status: 9
01-02 03:27:43.014 0 0 E [schedu][0x232695628][03:59:03.830760] wlan: [3334:E:HDD] hdd_association_completion_handler: 3784: send connect failure to nl80211: for bssid d6:44:3b:15:39:91 result: 1 and Status: 9 reasoncode: 2
01-02 03:27:43.024 0 0 E [wifi@1][0x2326c43b1][03:59:03.840754] wlan: [831:E:QDF] cds_flush_logs: 2424: Bug report already in progress - dropping! type:0, indicator=1 reason_code=0
01-02 03:27:43.024 0 0 E [wifi@1][0x2326c45ae][03:59:03.840781] wlan: [831:E:HDD] __wlan_hdd_cfg80211_wifi_logger_get_ring_data: 9840: Failed to trigger bug report
01-02 03:27:43.047 0 0 I logd : logdr: UID=1000 GID=1000 PID=5022 n tail=127 logMask=19 pid=0 start=0ns deadline=0ns
01-02 03:27:43.125 0 0 I [schedu][0x23289c4cd][03:59:03.941462] wlan: [3334:I:HIF] Deinitializing Runtime PM wakelock &vdev->vdev_set_key_runtime_wakelock
01-02 03:27:43.126 0 0 I [schedu][0x2328a1ba5][03:59:03.942621] wlan: [3334:I:HIF] Initializing Runtime PM wakelock &vdev->vdev_set_key_runtime_wakelock
01-02 03:27:43.141 0 0 I [wifi@1][0x2328e6136][03:59:03.957201] wlan: [831:I:DP] dp_vdev_attach_wifi3: wlan_cfg_ap_bridge_enabled 0
01-02 03:27:43.155 0 0 E [wifi@1][0x2329263d6][03:59:03.970890] wlan: [3342:E:wifipos] wifi_pos_process_app_reg_req: 608: Received App Req Req pid(1275069247), len(16)
01-02 03:27:43.158 0 0 I [wifi@1][0x232935e7d][03:59:03.974232] wlan: [3342:I:wifipos] wifi_pos_get_ch_info: 461: num channels: 26
01-02 03:27:43.158 0 0 I [wifi@1][0x232938117][03:59:03.974693] wlan: [3342:I:wifipos] wifi_pos_get_ch_info: 461: num channels: 26
01-02 03:27:43.162 0 0 I logd : logdr: UID=1000 GID=1000 PID=5025 n tail=127 logMask=80 pid=0 start=0ns deadline=0ns
01-02 03:27:43.383 0 0 I [schedu][0x232d5687c][03:59:04.199645] wlan: [3334:I:OSIF] scan start scan id 40970
01-02 03:27:44.569 0 0 I [schedu][0x23430df57][03:59:05.385656] wlan: [3334:I:OSIF] vdev 0, scan id 40970 type COMPLETED(1) reason COMPLETED(1) scan found 22 bss
01-02 03:27:44.675 0 0 I [schedu][0x2344ff478][03:59:05.491751] wlan: [3334:I:HIF] Deinitializing Runtime PM wakelock &vdev->vdev_set_key_runtime_wakelock
01-02 03:27:44.676 0 0 I [schedu][0x23450371d][03:59:05.492640] wlan: [3334:I:HIF] Initializing Runtime PM wakelock &vdev->vdev_set_key_runtime_wakelock
01-02 03:27:44.689 0 0 I [wifi@1][0x23453e41d][03:59:05.505187] wlan: [831:I:DP] dp_vdev_attach_wifi3: wlan_cfg_ap_bridge_enabled 0
01-02 03:27:44.698 0 0 E [wifi@1][0x23456717a][03:59:05.513898] wlan: [3342:E:wifipos] wifi_pos_process_app_reg_req: 608: Received App Req Req pid(1275069247), len(16)
01-02 03:27:44.698 0 0 I [wifi@1][0x234569e6c][03:59:05.514497] wlan: [3342:I:wifipos] wifi_pos_get_ch_info: 461: num channels: 26
01-02 03:27:44.699 0 0 I [wifi@1][0x23456be77][03:59:05.514925] wlan: [3342:I:wifipos] wifi_pos_get_ch_info: 461: num channels: 26
01-02 03:27:44.923 0 0 I [wpa_su][0x234985a01][03:59:05.738865] wlan: [3349:I:SME] vdev-0: Connecting to 傻fufu d6:44:3b:15:39:91 rssi: -65 freq: 2412 akm 9 cipher: uc 6 mc 6, CC:
01-02 03:27:44.923 0 0 E [wpa_su][0x234986942][03:59:05.739069] wlan: [3349:E:QDF] Cannot malloc 0 bytes @ csr_get_cfg_max_tx_power:14199
01-02 03:27:44.924 0 0 I [schedu][0x23498bff6][03:59:05.740225] wlan: [3334:I:WMI] send_vdev_start_cmd_tlv: 1062: send_vdev_start_cmd_tlv: vdev_id 0 freq 2412 chanmode 11 ch_info: 0xb is_dfs 0 beacon interval 100 dtim 0 center_chan 2412 center_freq2 0 reg_info_1: 0x140000 reg_info_2: 0x1400, req->max_txpow: 0x14 Tx SS 1, Rx SS 1, ldpc_rx: 0, cac 0, regd 4, HE ops: 0req->dis_hw_ack: 0
01-02 03:27:44.947 0 0 I [soft_i][0x2349f6fdd][03:59:05.763050] wlan: [0:I:TXRX] HTT_T2H_MSG_TYPE_PEER_MAP msg for peer id 13 vdev id 0 n
01-02 03:27:44.947 0 0 E [soft_i][0x2349f736f][03:59:05.763098] wlan: [0:E:DP] dp_peer_find_add_id: peer 0000000000000000 ID 13 vid 0 mac d6:44:3b:15:39:91
01-02 03:27:44.947 0 0 I [soft_i][0x2349f74e7][03:59:05.763117] wlan: [0:I:DP] dp_peer_find_add_id: ref_cnt: 2
01-02 03:27:44.947 0 0 E [soft_i][0x2349f761e][03:59:05.763133] wlan: [0:E:DP] dp_peer_map_ast: peer 0000000000000000 ID 10 vid 0 mac d6:44:3b:15:39:91
01-02 03:27:45.112 0 0 I [schedu][0x234cff811][03:59:05.928706] wlan: [3334:I:PE] Auth TX: seq 1 seq num 2052 status 0 WEP 0 to d6:44:3b:15:39:91
01-02 03:27:45.115 0 0 I [schedu][0x234d0ba51][03:59:05.931296] wlan: [3334:I:PE] Auth TX: success
01-02 03:27:45.119 0 0 I [schedu][0x234d20d0b][03:59:05.935812] wlan: [3334:I:PE] Auth RX: vdev 0 sys role 3 lim_state 5 from d6:44:3b:15:39:91 rssi -65 auth_alg 0 seq 432
01-02 03:27:45.120 0 0 I [schedu][0x234d2240d][03:59:05.936119] wlan: [3334:I:PE] Assoc req TX: vdev 0 to d6:44:3b:15:39:91 seq num 2053
01-02 03:27:45.135 0 0 I [schedu][0x234d6b06a][03:59:05.951644] wlan: [3334:I:PE] Assoc req TX: success
01-02 03:27:45.162 0 0 I [schedu][0x234de7254][03:59:05.978123] wlan: [3334:I:PE] Assoc rsp RX: subtype 0 vdev 0 sys role 3 lim state 10 rssi -65 from d6:44:3b:15:39:91
01-02 03:27:45.173 0 0 E [schedu][0x234e1af85][03:59:05.989179] wlan: [3334:E:QDF] Cannot malloc 0 bytes @ csr_get_cfg_max_tx_power:14199
01-02 03:27:45.173 0 0 E [schedu][0x234e1b1dc][03:59:05.989210] wlan: [3334:E:QDF] Cannot malloc 0 bytes @ csr_get_cfg_max_tx_power:14199
01-02 03:27:45.176 0 0 E [soft_i][0x234e28425][03:59:05.992014] wlan: [0:E:DP] dp_tx_initialize_threshold: tx flow control threshold is set, pool size is 4096
01-02 03:27:45.176 0 0 I [schedu][0x234e29570][03:59:05.992244] wlan: [3334:I:HDD] wlan0(vdevid-0): 56:f4:a3:ce:a6:5f connected to d6:44:3b:15:39:91
01-02 03:27:45.186 0 0 I [dp_rx_][0x234e57c69][03:59:06.002151] wlan: [3336:I:QDF] EAPOL-1 RX: SA:d6:44:3b:15:39:91 DA:56:f4:a3:ce:a6:5f
01-02 03:27:45.223 0 0 I [soft_i][0x234f0794f][03:59:06.039656] wlan: [0:I:QDF] EAPOL-2 TX: SA:56:f4:a3:ce:a6:5f DA:d6:44:3b:15:39:91 msdu_id:0 status: succ
01-02 03:27:46.073 0 0 I logd : logdr: UID=1000 GID=1000 PID=5031 n tail=127 logMask=19 pid=0 start=0ns deadline=0ns
01-02 03:27:46.165 0 0 I [dp_rx_][0x2360478ba][03:59:06.981729] wlan: [3336:I:QDF] EAPOL-1 RX: SA:d6:44:3b:15:39:91 DA:56:f4:a3:ce:a6:5f
01-02 03:27:46.173 0 0 I [soft_i][0x23606d647][03:59:06.989803] wlan: [0:I:QDF] EAPOL-2 TX: SA:56:f4:a3:ce:a6:5f DA:d6:44:3b:15:39:91 msdu_id:0 status: succ
01-02 03:27:46.187 0 0 I logd : logdr: UID=1000 GID=1000 PID=5033 n tail=127 logMask=80 pid=0 start=0ns deadline=0ns
01-02 03:27:46.294 0 0 E DTC_ETH,link_delay_work_func: 3003, SQI=0, link=0
01-02 03:27:47.151 0 0 I [dp_rx_][0x237255896][03:59:07.967753] wlan: [3336:I:QDF] EAPOL-1 RX: SA:d6:44:3b:15:39:91 DA:56:f4:a3:ce:a6:5f
01-02 03:27:47.157 0 0 I [soft_i][0x23726fa34][03:59:07.973324] wlan: [0:I:QDF] EAPOL-2 TX: SA:56:f4:a3:ce:a6:5f DA:d6:44:3b:15:39:91 msdu_id:0 status: succ
01-02 03:27:48.154 0 0 I [dp_rx_][0x2384aef7a][03:59:08.969872] wlan: [3336:I:QDF] EAPOL-1 RX: SA:d6:44:3b:15:39:91 DA:56:f4:a3:ce:a6:5f
01-02 03:27:48.172 0 0 I [soft_i][0x238507b60][03:59:08.988804] wlan: [0:I:QDF] EAPOL-2 TX: SA:56:f4:a3:ce:a6:5f DA:d6:44:3b:15:39:91 msdu_id:0 status: succ
01-02 03:27:49.688 0 0 I msm_vidc: err : ffffffff: .....: DBLP Set: status 0
01-02 03:27:51.414 0 0 E DTC_ETH,link_delay_work_func: 3003, SQI=0, link=0
01-02 03:27:51.870 0 0 E msm_pcm_playback_close: CMD_EOS failed, cmd_pending 0x8
01-02 03:27:53.849 0 0 E [wifico][0x23ecf9408][03:59:14.665506] wlan: [1203:E:HDD] __wlan_hdd_cfg80211_scan: 572: Scan not allowed. scan_ebusy_cnt: 1 Session 0 Reason 3
01-02 03:27:55.198 0 0 I [wpa_su][0x2405add13][03:59:16.014746] wlan: [3349:I:HDD] wlan0(vdevid-0): Received Disconnect reason:3 WLAN_REASON_DEAUTH_LEAVING
01-02 03:27:55.201 0 0 I [schedu][0x2405bc37f][03:59:16.017818] wlan: [3334:I:PE] Deauth TX: vdev 0 seq_num 2054 reason 3 waitForAck 1 to d6:44:3b:15:39:91 from 56:f4:a3:ce:a6:5f
01-02 03:27:55.206 0 0 E [schedu][0x2405d1e1a][03:59:16.022440] wlan: [3334:E:HDD] hdd_get_roam_scan_ch_cb: 4213: Invalid len
01-02 03:27:55.241 0 0 I [schedu][0x240675ded][03:59:16.057424] wlan: [3334:I:HDD] wlan0(vdevid-0): disconnected
01-02 03:27:55.241 0 0 I [schedu][0x240675fef][03:59:16.057451] wlan: [3334:I:DP] dp_tx_flow_pool_unmap_handler: flow_id 0 flow_type 0 flow_pool_id 0
01-02 03:27:55.243 0 0 I [wpa_su][0x24067d689][03:59:16.059032] wlan: [3349:I:HDD] Disconnect reason: 3 WLAN_REASON_DEAUTH_LEAVING vendor: 0 LG: 1
01-02 03:27:55.278 0 0 I logd : logdr: UID=1000 GID=1000 PID=5053 n tail=127 logMask=19 pid=0 start=0ns deadline=0ns
01-02 03:27:55.363 0 0 I [schedu][0x2408b0c11][03:59:16.179213] wlan: [3334:I:HIF] Deinitializing Runtime PM wakelock &vdev->vdev_set_key_runtime_wakelock
01-02 03:27:55.364 0 0 I [schedu][0x2408b4fae][03:59:16.180115] wlan: [3334:I:HIF] Initializing Runtime PM wakelock &vdev->vdev_set_key_runtime_wakelock
01-02 03:27:55.378 0 0 I [wifi@1][0x2408f61a8][03:59:16.194007] wlan: [831:I:DP] dp_vdev_attach_wifi3: wlan_cfg_ap_bridge_enabled 0
01-02 03:27:55.393 0 0 E [wifi@1][0x24093bbce][03:59:16.208862] wlan: [3342:E:wifipos] wifi_pos_process_app_reg_req: 608: Received App Req Req pid(1275069247), len(16)
03-14 03:59:16.215 1533 1707 D TelephonyRegistry: listen oscl: mHasNotifySubscriptionInfoChangedOccurred==false no callback
03-14 03:59:16.217 1533 1707 D TelephonyRegistry: listen oscl: mHasNotifySubscriptionInfoChangedOccurred==false no callback
01-02 03:27:55.393 0 0 I [wifi@1][0x24093ddb9][03:59:16.209315] wlan: [3342:I:wifipos] wifi_pos_get_ch_info: 461: num channels: 26
01-02 03:27:55.395 0 0 I [wifi@1][0x24094900e][03:59:16.211692] wlan: [3342:I:wifipos] wifi_pos_get_ch_info: 461: num channels: 26
01-02 03:27:55.397 0 0 I logd : logdr: UID=1000 GID=1000 PID=5055 n tail=127 logMask=80 pid=0 start=0ns deadline=0ns
01-02 03:27:55.603 0 0 I [schedu][0x240d15c74][03:59:16.419218] wlan: [3334:I:OSIF] scan start scan id 40971
01-02 03:27:56.534 0 0 E DTC_ETH,link_delay_work_func: 3003, SQI=0, link=0
01-02 03:27:56.768 0 0 I [schedu][0x24226ab33][03:59:17.584215] wlan: [3334:I:OSIF] vdev 0, scan id 40971 type COMPLETED(1) reason COMPLETED(1) scan found 19 bss
01-02 03:27:56.889 0 0 I [schedu][0x2424a47a7][03:59:17.705767] wlan: [3334:I:HIF] Deinitializing Runtime PM wakelock &vdev->vdev_set_key_runtime_wakelock
01-02 03:27:56.890 0 0 I [schedu][0x2424a9347][03:59:17.706776] wlan: [3334:I:HIF] Initializing Runtime PM wakelock &vdev->vdev_set_key_runtime_wakelock
01-02 03:27:56.904 0 0 I [wifi@1][0x2424e9b5e][03:59:17.720537] wlan: [831:I:DP] dp_vdev_attach_wifi3: wlan_cfg_ap_bridge_enabled 0
01-02 03:27:56.917 0 0 E [wifi@1][0x242527a08][03:59:17.733746] wlan: [3342:E:wifipos] wifi_pos_process_app_reg_req: 608: Received App Req Req pid(1275069247), len(16)
01-02 03:27:56.918 0 0 I [wifi@1][0x24252a046][03:59:17.734255] wlan: [3342:I:wifipos] wifi_pos_get_ch_info: 461: num channels: 26
01-02 03:27:56.918 0 0 I [wifi@1][0x24252bf3a][03:59:17.734668] wlan: [3342:I:wifipos] wifi_pos_get_ch_info: 461: num channels: 26
01-02 03:27:57.150 0 0 I [wpa_su][0x24296b285][03:59:17.966605] wlan: [3349:I:SME] vdev-0: Connecting to 傻fufu d6:44:3b:15:39:91 rssi: -60 freq: 2412 akm 9 cipher: uc 6 mc 6, CC:
01-02 03:27:57.150 0 0 E [wpa_su][0x24296ba43][03:59:17.966709] wlan: [3349:E:QDF] Cannot malloc 0 bytes @ csr_get_cfg_max_tx_power:14199
01-02 03:27:57.151 0 0 I [schedu][0x242970ce2][03:59:17.967810] wlan: [3334:I:WMI] send_vdev_start_cmd_tlv: 1062: send_vdev_start_cmd_tlv: vdev_id 0 freq 2412 chanmode 11 ch_info: 0xb is_dfs 0 beacon interval 100 dtim 0 center_chan 2412 center_freq2 0 reg_info_1: 0x140000 reg_info_2: 0x1400, req->max_txpow: 0x14 Tx SS 1, Rx SS 1, ldpc_rx: 0, cac 0, regd 4, HE ops: 0req->dis_hw_ack: 0
01-02 03:27:57.173 0 0 I [soft_i][0x2429d7ae4][03:59:17.989757] wlan: [0:I:TXRX] HTT_T2H_MSG_TYPE_PEER_MAP msg for peer id 2 vdev id 0 n
01-02 03:27:57.173 0 0 E [soft_i][0x2429d7d7d][03:59:17.989792] wlan: [0:E:DP] dp_peer_find_add_id: peer 0000000000000000 ID 2 vid 0 mac d6:44:3b:15:39:91
01-02 03:27:57.173 0 0 I [soft_i][0x2429d7eb9][03:59:17.989808] wlan: [0:I:DP] dp_peer_find_add_id: ref_cnt: 2
01-02 03:27:57.174 0 0 E [soft_i][0x2429d80d9][03:59:17.989836] wlan: [0:E:DP] dp_peer_map_ast: peer 0000000000000000 ID 10 vid 0 mac d6:44:3b:15:39:91
01-02 03:27:57.269 0 0 I [schedu][0x242b99947][03:59:18.085735] wlan: [3334:I:PE] Auth TX: seq 1 seq num 2056 status 0 WEP 0 to d6:44:3b:15:39:91
01-02 03:27:57.337 0 0 I [schedu][0x242cd80ee][03:59:18.153677] wlan: [3334:I:PE] Auth TX: success
01-02 03:27:57.392 0 0 I [schedu][0x242dd8a87][03:59:18.208419] wlan: [3334:I:PE] Auth RX: vdev 0 sys role 3 lim_state 5 from d6:44:3b:15:39:91 rssi -63 auth_alg 0 seq 781
01-02 03:27:57.392 0 0 I [schedu][0x242dda5e8][03:59:18.208784] wlan: [3334:I:PE] Assoc req TX: vdev 0 to d6:44:3b:15:39:91 seq num 2057
01-02 03:27:57.398 0 0 I [schedu][0x242df202a][03:59:18.213827] wlan: [3334:I:PE] Assoc req TX: success
01-02 03:27:57.402 0 0 I [schedu][0x242e05fe2][03:59:18.218090] wlan: [3334:I:PE] Assoc rsp RX: subtype 0 vdev 0 sys role 3 lim state 10 rssi -61 from d6:44:3b:15:39:91
01-02 03:27:57.421 0 0 E [schedu][0x242e5dfd9][03:59:18.236863] wlan: [3334:E:QDF] Cannot malloc 0 bytes @ csr_get_cfg_max_tx_power:14199
01-02 03:27:57.421 0 0 E [schedu][0x242e5e21b][03:59:18.236893] wlan: [3334:E:QDF] Cannot malloc 0 bytes @ csr_get_cfg_max_tx_power:14199
01-02 03:27:57.424 0 0 E [soft_i][0x242e6e525][03:59:18.240347] wlan: [0:E:DP] dp_tx_initialize_threshold: tx flow control threshold is set, pool size is 4096
01-02 03:27:57.424 0 0 I [schedu][0x242e700de][03:59:18.240717] wlan: [3334:I:HDD] wlan0(vdevid-0): 56:f4:a3:ce:a6:5f connected to d6:44:3b:15:39:91
01-02 03:27:57.442 0 0 I [dp_rx_][0x242ec09c4][03:59:18.257902] wlan: [3336:I:QDF] EAPOL-1 RX: SA:d6:44:3b:15:39:91 DA:56:f4:a3:ce:a6:5f
01-02 03:27:57.472 0 0 I [soft_i][0x242f4e0d4][03:59:18.288077] wlan: [0:I:QDF] EAPOL-2 TX: SA:56:f4:a3:ce:a6:5f DA:d6:44:3b:15:39:91 msdu_id:0 status: succ
01-02 03:27:58.412 0 0 I [dp_rx_][0x244087387][03:59:19.228699] wlan: [3336:I:QDF] EAPOL-1 RX: SA:d6:44:3b:15:39:91 DA:56:f4:a3:ce:a6:5f
01-02 03:27:58.420 0 0 I [soft_i][0x2440a94e9][03:59:19.235971] wlan: [0:I:QDF] EAPOL-2 TX: SA:56:f4:a3:ce:a6:5f DA:d6:44:3b:15:39:91 msdu_id:0 status: succ
01-02 03:27:59.414 0 0 I [dp_rx_][0x2452df10b][03:59:20.230480] wlan: [3336:I:QDF] EAPOL-1 RX: SA:d6:44:3b:15:39:91 DA:56:f4:a3:ce:a6:5f
01-02 03:27:59.421 0 0 I [soft_i][0x245300208][03:59:20.237532] wlan: [0:I:QDF] EAPOL-2 TX: SA:56:f4:a3:ce:a6:5f DA:d6:44:3b:15:39:91 msdu_id:0 status: succ
01-02 03:28:00.416 0 0 I [dp_rx_][0x24653778c][03:59:21.232380] wlan: [3336:I:QDF] EAPOL-1 RX: SA:d6:44:3b:15:39:91 DA:56:f4:a3:ce:a6:5f
01-02 03:28:00.420 0 0 I [soft_i][0x24654bf0a][03:59:21.236746] wlan: [0:I:QDF] EAPOL-2 TX: SA:56:f4:a3:ce:a6:5f DA:d6:44:3b:15:39:91 msdu_id:0 status: succ
01-02 03:28:01.421 0 0 I [schedu][0x24779c032][03:59:22.236868] wlan: [3334:I:PE] Disassoc RX: vdev 0 from d6:44:3b:15:39:91 for 56:f4:a3:ce:a6:5f RSSI = -61 reason 15 mlm state = 14, sme state = 10 systemrole = 3
01-02 03:28:01.421 0 0 I [schedu][0x24779f078][03:59:22.237511] wlan: [3334:I:SME] disassoc from peer d6:44:3b:15:39:91: 15 status: 539 vid 0
01-02 03:28:01.425 0 0 E [schedu][0x2477b1bb6][03:59:22.241501] wlan: [3334:E:HDD] hdd_get_roam_scan_ch_cb: 4213: Invalid len
01-02 03:28:01.445 0 0 I [schedu][0x24780cf39][03:59:22.260961] wlan: [3334:I:HDD] wlan0(vdevid-0): disconnected
01-02 03:28:01.445 0 0 I [schedu][0x24780d07f][03:59:22.260978] wlan: [3334:I:DP] dp_tx_flow_pool_unmap_handler: flow_id 0 flow_type 0 flow_pool_id 0
01-02 03:28:01.445 0 0 I [schedu][0x24780fcb7][03:59:22.261568] wlan: [3334:I:HDD] Disconnect reason: 15 WLAN_REASON_4WAY_HANDSHAKE_TIMEOUT vendor: 0 LG: 0
01-02 03:28:01.452 0 0 E [wifi@1][0x24782e45d][03:59:22.268070] wlan: [831:E:QDF] cds_flush_logs: 2424: Bug report already in progress - dropping! type:0, indicator=1 reason_code=0
01-02 03:28:01.452 0 0 E [wifi@1][0x24782e5c8][03:59:22.268089] wlan: [831:E:HDD] __wlan_hdd_cfg80211_wifi_logger_get_ring_data: 9840: Failed to trigger bug report
01-02 03:28:01.471 0 0 I logd : logdr: UID=1000 GID=1000 PID=5068 n tail=127 logMask=19 pid=0 start=0ns deadline=0ns
01-02 03:28:01.563 0 0 I [schedu][0x247a3628a][03:59:22.378979] wlan: [3334:I:HIF] Deinitializing Runtime PM wakelock &vdev->vdev_set_key_runtime_wakelock
01-02 03:28:01.569 0 0 I [schedu][0x247a5451e][03:59:22.385414] wlan: [3334:I:HIF] Initializing Runtime PM wakelock &vdev->vdev_set_key_runtime_wakelock
01-02 03:28:01.581 0 0 I [wifi@1][0x247a8d401][03:59:22.397559] wlan: [831:I:DP] dp_vdev_attach_wifi3: wlan_cfg_ap_bridge_enabled 0
01-02 03:28:01.588 0 0 I logd : logdr: UID=1000 GID=1000 PID=5070 n tail=127 logMask=80 pid=0 start=0ns deadline=0ns
01-02 03:28:01.600 0 0 E [wifi@1][0x247ae3a02][03:59:22.415985] wlan: [3342:E:wifipos] wifi_pos_process_app_reg_req: 608: Received App Req Req pid(1275069247), len(16)
01-02 03:28:01.600 0 0 I [wifi@1][0x247ae6311][03:59:22.416533] wlan: [3342:I:wifipos] wifi_pos_get_ch_info: 461: num channels: 26
01-02 03:28:01.601 0 0 I [wifi@1][0x247aead31][03:59:22.417521] wlan: [3342:I:wifipos] wifi_pos_get_ch_info: 461: num channels: 26
01-02 03:28:01.658 0 0 E DTC_ETH,link_delay_work_func: 3003, SQI=0, link=0
01-02 03:28:01.865 0 0 I [schedu][0x247fbf644][03:59:22.681322] wlan: [3334:I:OSIF] scan start scan id 40972
01-02 03:28:02.110 0 0 E msm_pcm_playback_close: CMD_EOS failed, cmd_pending 0x8
01-02 03:28:03.032 0 0 I [schedu][0x24951f143][03:59:23.848615] wlan: [3334:I:OSIF] vdev 0, scan id 40972 type COMPLETED(1) reason COMPLETED(1) scan found 24 bss
01-02 03:28:04.507 0 0 I logd : logdr: UID=1000 GID=1000 PID=5075 n tail=127 logMask=19 pid=0 start=0ns deadline=0ns
01-02 03:28:04.619 0 0 I logd : logdr: UID=1000 GID=1000 PID=5077 n tail=127 logMask=80 pid=0 start=0ns deadline=0ns
01-02 03:28:05.529 0 0 I [schedu][0x24c2d85f8][03:59:26.345745] wlan: [3334:I:OSIF] scan start scan id 40973
01-02 03:28:06.698 0 0 I [schedu][0x24d83cddb][03:59:27.514063] wlan: [3334:I:OSIF] vdev 0, scan id 40973 type COMPLETED(1) reason COMPLETED(1) scan found 16 bss
01-02 03:28:06.774 0 0 E DTC_ETH,link_delay_work_func: 3003, SQI=0, link=0
01-02 03:28:11.384 0 0 I msm_vidc: err : ffffffff: .....: DBLP Set: status 0
01-02 03:28:11.894 0 0 E DTC_ETH,link_delay_work_func: 3003, SQI=0, link=0
01-02 03:28:12.350 0 0 E msm_pcm_playback_close: CMD_EOS failed, cmd_pending 0x8
03-14 03:59:34.705 1533 2140 D TelephonyRegistry: listen oscl: mHasNotifySubscriptionInfoChangedOccurred==false no callback
03-14 03:59:34.708 1533 2514 D TelephonyRegistry: listen oscl: mHasNotifySubscriptionInfoChangedOccurred==false no callback
01-02 03:28:14.154 0 0 I [schedu][0x2560c3c10][03:59:34.970253] wlan: [3334:I:OSIF] scan start scan id 40974
01-02 03:28:15.316 0 0 I [schedu][0x25760b014][03:59:36.132333] wlan: [3334:I:OSIF] vdev 0, scan id 40974 type COMPLETED(1) reason COMPLETED(1) scan found 19 bss
01-02 03:28:15.556 0 0 I [schedu][0x257a70a09][03:59:36.372465] wlan: [3334:I:OSIF] scan start scan id 40975
01-02 03:28:16.728 0 0 I [schedu][0x258fe4fe3][03:59:37.544170] wlan: [3334:I:OSIF] vdev 0, scan id 40975 type COMPLETED(1) reason COMPLETED(1) scan found 20 bss
01-02 03:28:17.014 0 0 E DTC_ETH,link_delay_work_func: 3003, SQI=0, link=0
03-14 03:59:39.409 1533 2141 D TelephonyRegistry: listen oscl: mHasNotifySubscriptionInfoChangedOccurred==false no callback
03-14 03:59:39.411 1533 2141 D TelephonyRegistry: listen oscl: mHasNotifySubscriptionInfoChangedOccurred==false no callback
01-02 03:28:18.858 0 0 I [schedu][0x25b6e8638][03:59:39.674815] wlan: [3334:I:OSIF] scan start scan id 40976
01-02 03:28:20.038 0 0 I [schedu][0x25cc838f6][03:59:40.854798] wlan: [3334:I:OSIF] vdev 0, scan id 40976 type COMPLETED(1) reason COMPLETED(1) scan found 27 bss
01-02 03:28:22.134 0 0 E DTC_ETH,link_delay_work_func: 3003, SQI=0, link=0
01-02 03:28:22.942 0 0 I init : Sending signal 9 to service 'adbd' (pid 2682) process group...
01-02 03:28:22.958 0 0 W logd : SocketClient: write error (Connection reset by peer)
01-02 03:28:22.962 0 0 I libprocessgroup: Successfully killed process cgroup uid 0 pid 2682 in 19ms
01-02 03:28:22.998 0 0 I init : Control message: Processed ctl.stop for 'adbd' from pid: 1533 (system_server)
01-02 03:28:22.999 0 0 I init : Service 'adbd' (pid 2682) received signal 9
01-02 03:28:23.006 0 0 I init : Untracked pid 3993 received signal 9
01-02 03:28:23.006 0 0 I init : Untracked pid 4230 received signal 9
01-02 03:28:23.007 0 0 I init : Untracked pid 4231 received signal 9
01-02 03:28:23.007 0 0 I init : Untracked pid 4007 received signal 9
01-02 03:28:23.007 0 0 I init : Untracked pid 3991 received signal 9
01-02 03:28:23.007 0 0 I init : Untracked pid 4062 received signal 9
01-02 03:28:23.032 0 0 I logd : logd reinit
01-02 03:28:23.033 0 0 E logd : FrameworkListener: read() failed (Connection reset by peer)
01-02 03:28:23.085 0 0 I msm_vidc: high: 00000001: h264e: Closed video instance: 0000000000000000
01-02 03:28:23.095 0 0 I binder : 5120:5120 ioctl 40046210 7fe31dd924 returned -22
