03-14 03:51:18.151 1009 1724 I am_uid_active: 10075
01-01 08:00:46.854 0 0 W audit : audit_lost=3915 audit_rate_limit=5 audit_backlog_limit=64
01-01 08:00:46.854 0 0 E audit : rate limit exceeded
03-14 03:51:18.489 1009 1585 I ActivityManager: Process com.qti.ltebc (pid 4543) has died: fg RCVR
03-14 03:51:18.490 1009 1585 I am_proc_died: [0,4543,com.qti.ltebc,0,11]
03-14 03:51:18.490 1009 1585 I am_broadcast_discard_app: [0,204516188,android.intent.action.MEDIA_MOUNTED,2,ResolveInfo{6015fd com.qti.ltebc/com.qualcomm.ltebc.LTEBroadcastReceiver m=0x208000}]
03-14 03:51:18.491 1009 1585 I am_uid_stopped: 10075
03-14 03:51:18.516 1009 1585 I am_uid_running: 10075
03-14 03:51:18.516 1009 1585 D CompatibilityChangeReporter: Compat change id reported: 135634846; UID 10075; state: DISABLED
03-14 03:51:18.516 1009 1585 D CompatibilityChangeReporter: Compat change id reported: 177438394; UID 10075; state: DISABLED
03-14 03:51:18.516 1009 1585 D CompatibilityChangeReporter: Compat change id reported: 135772972; UID 10075; state: DISABLED
03-14 03:51:18.516 1009 1585 D CompatibilityChangeReporter: Compat change id reported: 135754954; UID 10075; state: ENABLED
03-14 03:51:18.517 1009 1195 D CompatibilityChangeReporter: Compat change id reported: 143937733; UID 10075; state: ENABLED
03-14 03:51:18.536 1009 1195 I am_proc_start: [0,4574,10075,com.qti.ltebc,broadcast,{com.qti.ltebc/com.qualcomm.ltebc.LTEBroadcastReceiver}]
03-14 03:51:18.536 1009 1195 I ActivityManager: Start proc 4574:com.qti.ltebc/u0a75 for broadcast {com.qti.ltebc/com.qualcomm.ltebc.LTEBroadcastReceiver}
01-01 08:00:47.260 0 0 I binder : 4574:4574 ioctl 40046210 7fd9aef714 returned -22
03-14 03:51:18.563 1009 1724 I am_proc_bound: [0,4574,com.qti.ltebc]
03-14 03:51:18.564 1009 1724 I am_uid_active: 10075
03-14 03:51:18.888 1009 2148 I ActivityManager: Process com.qti.ltebc (pid 4574) has died: fg RCVR
03-14 03:51:18.889 1009 2148 I am_proc_died: [0,4574,com.qti.ltebc,0,11]
03-14 03:51:18.890 1009 2148 I am_broadcast_discard_app: [0,211373379,android.intent.action.MEDIA_MOUNTED,2,ResolveInfo{d3558f0 com.qti.ltebc/com.qualcomm.ltebc.LTEBroadcastReceiver m=0x208000}]
03-14 03:51:18.890 1009 2148 I am_uid_stopped: 10075
03-14 03:51:18.892 1009 1194 W BroadcastQueue: Target SDK mismatch: receiver ActivityInfo{a702e69 org.qiyi.android.commonphonepad.pushmessage.QYPushMsgBootReceiver} targets 30 but delivery restricted to [0, 23] broadcasting Intent { act=android.net.conn.CONNECTIVITY_CHANGE flg=0x4200010 (has extras) } from android (pid=1009, uid=1000) to com.qiyi.video/org.qiyi.android.commonphonepad.pushmessage.QYPushMsgBootReceiver
03-14 03:51:18.892 1009 1194 W BroadcastQueue: Target SDK mismatch: receiver ActivityInfo{e1df0ee com.xiaomi.push.service.receivers.NetworkStatusReceiver} targets 28 but delivery restricted to [0, 23] broadcasting Intent { act=android.net.conn.CONNECTIVITY_CHANGE flg=0x4200010 (has extras) } from android (pid=1009, uid=1000) to cn.kuwo.player/com.xiaomi.push.service.receivers.NetworkStatusReceiver
03-14 03:51:18.892 1009 1194 W BroadcastQueue: Target SDK mismatch: receiver ActivityInfo{83c498f com.xiaomi.push.service.receivers.NetworkStatusReceiver} targets 30 but delivery restricted to [0, 23] broadcasting Intent { act=android.net.conn.CONNECTIVITY_CHANGE flg=0x4200010 (has extras) } from android (pid=1009, uid=1000) to com.qiyi.video/com.xiaomi.push.service.receivers.NetworkStatusReceiver
03-14 03:51:18.892 1009 1194 W BroadcastQueue: Target SDK mismatch: receiver ActivityInfo{3af141c com.xiaomi.push.service.receivers.NetworkStatusReceiver} targets 30 but delivery restricted to [0, 23] broadcasting Intent { act=android.net.conn.CONNECTIVITY_CHANGE flg=0x4200010 (has extras) } from android (pid=1009, uid=1000) to com.sohu.sohuvideo/com.xiaomi.push.service.receivers.NetworkStatusReceiver
03-14 03:51:18.892 1009 1194 W BroadcastQueue: Target SDK mismatch: receiver ActivityInfo{3544825 com.tencent.pandora.libtcloudupload.videoupload.impl.TVCNetWorkStateReceiver} targets 29 but delivery restricted to [0, 23] broadcasting Intent { act=android.net.conn.CONNECTIVITY_CHANGE flg=0x4200010 (has extras) } from android (pid=1009, uid=1000) to com.tencent.tmgp.sgame/com.tencent.pandora.libtcloudupload.videoupload.impl.TVCNetWorkStateReceiver
03-14 03:51:18.892 1009 1194 W BroadcastQueue: Target SDK mismatch: receiver ActivityInfo{a7c2dfa com.igexin.sdk.PushReceiver} targets 28 but delivery restricted to [0, 23] broadcasting Intent { act=android.net.conn.CONNECTIVITY_CHANGE flg=0x4200010 (has extras) } from android (pid=1009, uid=1000) to cn.kuwo.player/com.igexin.sdk.PushReceiver
03-14 03:51:18.892 1009 1194 W BroadcastQueue: Target SDK mismatch: receiver ActivityInfo{63defab org.qiyi.android.video.ui.phone.traffic.receiver.TrafficReceiver} targets 30 but delivery restricted to [0, 23] broadcasting Intent { act=android.net.conn.CONNECTIVITY_CHANGE flg=0x4200010 (has extras) } from android (pid=1009, uid=1000) to com.qiyi.video/org.qiyi.android.video.ui.phone.traffic.receiver.TrafficReceiver
03-14 03:51:18.893 1009 1194 W BroadcastQueue: Target SDK mismatch: receiver ActivityInfo{a75608 com.iqiyi.hcim.service.BroadcastCenter} targets 30 but delivery restricted to [0, 23] broadcasting Intent { act=android.net.conn.CONNECTIVITY_CHANGE flg=0x4200010 (has extras) } from android (pid=1009, uid=1000) to com.qiyi.video/com.iqiyi.hcim.service.BroadcastCenter
03-14 03:51:18.893 1009 1194 W BroadcastQueue: Target SDK mismatch: receiver ActivityInfo{5a641a1 cn.jpush.android.service.PushReceiver} targets 30 but delivery restricted to [0, 23] broadcasting Intent { act=android.net.conn.CONNECTIVITY_CHANGE flg=0x4200010 (has extras) } from android (pid=1009, uid=1000) to com.sohu.sohuvideo/cn.jpush.android.service.PushReceiver
03-14 03:51:18.893 1009 1194 W BroadcastQueue: Target SDK mismatch: receiver ActivityInfo{34f2fc6 com.igexin.sdk.PushReceiver} targets 30 but delivery restricted to [0, 23] broadcasting Intent { act=android.net.conn.CONNECTIVITY_CHANGE flg=0x4200010 (has extras) } from android (pid=1009, uid=1000) to com.sohu.sohuvideo/com.igexin.sdk.PushReceiver
03-14 03:51:18.893 1009 1194 W BroadcastQueue: Target SDK mismatch: receiver ActivityInfo{269db87 com.tencent.msdk.dns.HttpDnsCache$ConnectivityChangeReceiver} targets 29 but delivery restricted to [0, 23] broadcasting Intent { act=android.net.conn.CONNECTIVITY_CHANGE flg=0x4200010 (has extras) } from android (pid=1009, uid=1000) to com.tencent.tmgp.sgame/com.tencent.msdk.dns.HttpDnsCache$ConnectivityChangeReceiver
03-14 03:51:18.893 1009 1194 W BroadcastQueue: Target SDK mismatch: receiver ActivityInfo{95fcab4 com.tencent.special.httpdns.Cache$ConnectReceiver} targets 29 but delivery restricted to [0, 23] broadcasting Intent { act=android.net.conn.CONNECTIVITY_CHANGE flg=0x4200010 (has extras) } from android (pid=1009, uid=1000) to com.tencent.tmgp.sgame/com.tencent.special.httpdns.Cache$ConnectReceiver
03-14 03:51:18.895 1009 1194 D CompatibilityChangeReporter: Compat change id reported: 168419799; UID 10020; state: DISABLED
03-14 03:51:18.903 1009 1724 I am_uid_running: 10075
03-14 03:51:18.903 1009 1724 D CompatibilityChangeReporter: Compat change id reported: 135634846; UID 10075; state: DISABLED
03-14 03:51:18.903 1009 1724 D CompatibilityChangeReporter: Compat change id reported: 177438394; UID 10075; state: DISABLED
03-14 03:51:18.903 1009 1724 D CompatibilityChangeReporter: Compat change id reported: 135772972; UID 10075; state: DISABLED
03-14 03:51:18.903 1009 1724 D CompatibilityChangeReporter: Compat change id reported: 135754954; UID 10075; state: ENABLED
03-14 03:51:18.906 1009 1195 D CompatibilityChangeReporter: Compat change id reported: 143937733; UID 10075; state: ENABLED
03-14 03:51:18.924 1009 1195 I am_proc_start: [0,4597,10075,com.qti.ltebc,broadcast,{com.qti.ltebc/com.qualcomm.ltebc.LTEBroadcastAlarmReceiver}]
03-14 03:51:18.924 1009 1195 I ActivityManager: Start proc 4597:com.qti.ltebc/u0a75 for broadcast {com.qti.ltebc/com.qualcomm.ltebc.LTEBroadcastAlarmReceiver}
01-01 08:00:47.648 0 0 I binder : 4597:4597 ioctl 40046210 7fd9aef714 returned -22
03-14 03:51:18.953 1009 3054 I am_proc_bound: [0,4597,com.qti.ltebc]
03-14 03:51:18.957 1009 3054 I am_uid_active: 10075
03-14 03:51:18.967 0 0 I auditd : type=1400 audit(0.0:3212): avc: denied { kill } for comm="swapper/3" capability=5 scontext=u:r:kernel:s0 tcontext=u:r:kernel:s0 tclass=capability permissive=1
03-14 03:51:19.299 1009 1585 W BroadcastQueue: Target SDK mismatch: receiver ActivityInfo{1fc2113 com.tencent.mtt.browser.push.service.PushStatReceiver} targets 29 but delivery restricted to [0, 23] broadcasting Intent { act=android.net.conn.CONNECTIVITY_CHANGE flg=0x4200010 (has extras) } from android (pid=1009, uid=1000) to com.tencent.mtt/.browser.push.service.PushStatReceiver
03-14 03:51:19.318 1009 3054 I am_uid_running: 10056
03-14 03:51:19.319 1009 3054 D CompatibilityChangeReporter: Compat change id reported: 135634846; UID 10056; state: DISABLED
03-14 03:51:19.319 1009 3054 D CompatibilityChangeReporter: Compat change id reported: 177438394; UID 10056; state: DISABLED
03-14 03:51:19.319 1009 3054 D CompatibilityChangeReporter: Compat change id reported: 135772972; UID 10056; state: DISABLED
03-14 03:51:19.319 1009 3054 D CompatibilityChangeReporter: Compat change id reported: 135754954; UID 10056; state: DISABLED
03-14 03:51:19.319 1009 1195 D CompatibilityChangeReporter: Compat change id reported: 143937733; UID 10056; state: DISABLED
03-14 03:51:19.339 1009 1195 I am_proc_start: [0,4625,10056,com.qualcomm.qti.qms.service.trustzoneaccess,service,{com.qualcomm.qti.qms.service.trustzoneaccess/com.qualcomm.qti.qms.service.trustzoneaccess.TZAccessService}]
03-14 03:51:19.339 1009 1195 I ActivityManager: Start proc 4625:com.qualcomm.qti.qms.service.trustzoneaccess/u0a56 for service {com.qualcomm.qti.qms.service.trustzoneaccess/com.qualcomm.qti.qms.service.trustzoneaccess.TZAccessService}
01-01 08:00:48.066 0 0 I binder : 4625:4625 ioctl 40046210 7fd9aef714 returned -22
03-14 03:51:19.371 1009 3054 I am_proc_bound: [0,4625,com.qualcomm.qti.qms.service.trustzoneaccess]
03-14 03:51:19.374 1009 3054 D CompatibilityChangeReporter: Compat change id reported: 168419799; UID 10056; state: DISABLED
03-14 03:51:19.487 1009 3054 I ActivityManager: Process com.qti.ltebc (pid 4597) has died: cch+5 CEM
03-14 03:51:19.488 1009 3054 I am_proc_died: [0,4597,com.qti.ltebc,905,19]
03-14 03:51:19.489 1009 3054 I am_uid_stopped: 10075
03-14 03:51:19.967 0 0 I auditd : type=1400 audit(0.0:3213): avc: denied { kill } for comm="swapper/3" capability=5 scontext=u:r:kernel:s0 tcontext=u:r:kernel:s0 tclass=capability permissive=1
01-01 08:00:48.787 0 0 E thermal cooling_device4: DTC_Fan: ERROR, avg(0) out of range(1680, 2800)
at stat(1)
03-14 03:51:20.226 1009 1698 I GameModeConfig: isGameModeOn = false
03-14 03:51:20.227 1009 1698 I GameModeConfig: isGameModeOn = false
03-14 03:51:20.653 1009 1698 I GameModeConfig: isGameModeOn = false
03-14 03:51:20.654 1009 1698 I GameModeConfig: isGameModeOn = false
03-14 03:51:21.187 4229 4229 I auditd : type=1400 audit(0.0:3214): avc: denied { getattr } for comm="Shark-Looper-Ma" path="/proc/version" dev="proc" ino=4026532238 scontext=u:r:untrusted_app_29:s0:c93,c256,c512,c768 tcontext=u:object_r:proc_version:s0 tclass=file permissive=1 app=com.tencent.mtt
03-14 03:51:21.681 1009 1698 I GameModeConfig: isGameModeOn = false
03-14 03:51:21.681 1009 1698 I GameModeConfig: isGameModeOn = false
03-14 03:51:21.974 4229 4359 W PackageParsing: Unknown element under : meta-data at /data/user/0/com.tencent.mtt/tinker/patch-22209935/res/resources.apk Binary XML file line #140
03-14 03:51:22.001 4229 4359 W PackageParsing: No actions in intent-filter at /data/user/0/com.tencent.mtt/tinker/patch-22209935/res/resources.apk Binary XML file line #1551
03-14 03:51:22.282 1009 3054 W ActivityManager: Unable to start service Intent { act=com.tencent.soter.soterserver.ISoterService pkg=com.tencent.soter.soterserver } U=0: not found
03-14 03:51:22.524 1009 1194 I ActivityManager: Waited long enough for: ServiceRecord{2b9db52 u0 com.qti.diagservices/.QTIDiagServices}
03-14 03:51:22.902 1009 2102 I ntp_failure: [time.android.com/216.239.35.8,java.net.SocketTimeoutException: Poll timed out]
01-01 08:00:51.608 0 0 E DTC_ETH,link_delay_work_func: 3003, SQI=0, link=0
03-14 03:51:26.863 4229 4229 I auditd : type=1400 audit(0.0:3215): avc: denied { search } for comm="CoreTask" name="net" dev="sysfs" ino=46949 scontext=u:r:untrusted_app_29:s0:c93,c256,c512,c768 tcontext=u:object_r:sysfs_net:s0 tclass=dir permissive=1 app=com.tencent.mtt
03-14 03:51:26.863 4229 4229 I auditd : type=1400 audit(0.0:3216): avc: denied { read } for comm="CoreTask" name="address" dev="sysfs" ino=80846 scontext=u:r:untrusted_app_29:s0:c93,c256,c512,c768 tcontext=u:object_r:sysfs_net:s0 tclass=file permissive=1 app=com.tencent.mtt
03-14 03:51:26.863 4229 4229 I auditd : type=1400 audit(0.0:3217): avc: denied { open } for comm="CoreTask" path="/sys/devices/platform/soc/1c00000.qcom,pcie/pci0000:00/0000:00:00.0/0000:01:00.0/net/wlan0/address" dev="sysfs" ino=80846 scontext=u:r:untrusted_app_29:s0:c93,c256,c512,c768 tcontext=u:object_r:sysfs_net:s0 tclass=file permissive=1 app=com.tencent.mtt
03-14 03:51:26.863 4229 4229 I auditd : type=1400 audit(0.0:3218): avc: denied { getattr } for comm="CoreTask" path="/sys/devices/platform/soc/1c00000.qcom,pcie/pci0000:00/0000:00:00.0/0000:01:00.0/net/wlan0/address" dev="sysfs" ino=80846 scontext=u:r:untrusted_app_29:s0:c93,c256,c512,c768 tcontext=u:object_r:sysfs_net:s0 tclass=file permissive=1 app=com.tencent.mtt
03-14 03:51:26.965 1009 1188 I am_pss : [2843,10084,com.qualcomm.qtil.aptxui,7254016,5709824,0,91627520,0,19,6]
03-14 03:51:26.981 1009 1188 I am_pss : [2513,1000,com.android.settings,31503360,17395712,0,148082688,0,19,6]
03-14 03:51:26.987 1009 1188 I am_pss : [2533,10092,android.ext.services,6687744,4882432,0,95088640,0,5,5]
03-14 03:51:27.015 4229 4229 I auditd : type=1400 audit(0.0:3219): avc: denied { open } for comm="NetworkWup" path="/dev/__properties__/u:object_r:net_dns_prop:s0" dev="tmpfs" ino=3405 scontext=u:r:untrusted_app_29:s0:c93,c256,c512,c768 tcontext=u:object_r:net_dns_prop:s0 tclass=file permissive=1 app=com.tencent.mtt
03-14 03:51:27.015 4229 4229 I auditd : type=1400 audit(0.0:3220): avc: denied { getattr } for comm="NetworkWup" path="/dev/__properties__/u:object_r:net_dns_prop:s0" dev="tmpfs" ino=3405 scontext=u:r:untrusted_app_29:s0:c93,c256,c512,c768 tcontext=u:object_r:net_dns_prop:s0 tclass=file permissive=1 app=com.tencent.mtt
03-14 03:51:27.015 4229 4229 I auditd : type=1400 audit(0.0:3221): avc: denied { map } for comm="NetworkWup" path="/dev/__properties__/u:object_r:net_dns_prop:s0" dev="tmpfs" ino=3405 scontext=u:r:untrusted_app_29:s0:c93,c256,c512,c768 tcontext=u:object_r:net_dns_prop:s0 tclass=file permissive=1 app=com.tencent.mtt
01-01 08:00:55.740 0 0 W audit : audit_lost=3967 audit_rate_limit=5 audit_backlog_limit=64
01-01 08:00:55.740 0 0 E audit : rate limit exceeded
03-14 03:51:27.081 1009 3054 E PackageDexUsage: Unsupported context?
03-14 03:51:27.102 1009 3054 E PackageDexUsage: Unsupported context?
03-14 03:51:27.227 1009 1188 I am_pss : [3023,10071,com.qualcomm.location.XT,6355968,4644864,0,93970432,0,6,5]
03-14 03:51:27.233 1009 1188 I am_pss : [3059,10021,com.android.traceur,10089472,8429568,0,96698368,0,19,5]
01-01 08:00:56.023 0 0 I IRQ 5 : no longer affine to CPU4
03-14 03:51:27.423 1009 1194 I ActivityManager: Waited long enough for: ServiceRecord{9ef3892 u0 com.sohu.sohuvideo/.control.push.GexinPushService}
03-14 03:51:27.612 1009 1188 I am_pss : [2625,10074,com.android.launcher3,114826240,103796736,0,241213440,0,2,8]
03-14 03:51:27.623 1009 1188 I am_pss : [3265,10024,com.baidu.input,106789888,92995584,0,228515840,0,7,10]
03-14 03:51:27.718 1009 1194 I ActivityManager: Waited long enough for: ServiceRecord{96065f0 u0 com.sohu.sohuvideo/.control.push.GexinIntentService}
03-14 03:51:27.913 1009 2102 I ntp_failure: [time.android.com/216.239.35.4,java.net.SocketTimeoutException: Poll timed out]
01-01 08:00:56.723 0 0 E DTC_ETH,link_delay_work_func: 3003, SQI=0, link=0
03-14 03:51:28.830 1009 1194 W BroadcastQueue: Permission Denial: broadcasting Intent { act=android.net.conn.CONNECTIVITY_CHANGE flg=0x4200010 (has extras) } from null (pid=-1, uid=-1) requires com.tencent.mtt.broadcast due to registered receiver BroadcastFilter{cd53037 10093/u0 ReceiverList{9952936 4049 com.tencent.mtt:service/10093/u0 remote:d2b7ad1}}
03-14 03:51:29.113 1009 1724 E PackageDexUsage: Unsupported context?
03-14 03:51:29.128 1009 2148 E PackageDexUsage: Unsupported context?
03-14 03:51:29.153 1009 2148 D CompatibilityChangeReporter: Compat change id reported: 171306433; UID 10093; state: DISABLED
03-14 03:51:29.259 4049 4049 I auditd : type=1400 audit(0.0:3238): avc: granted { execute } for comm="CPUBound" path="/data/user/0/com.tencent.mtt/app_tbs/home/default/components/net/20010/libcronet.77.0.3865.120.so" dev="dm-10" ino=10289 scontext=u:r:untrusted_app_29:s0:c93,c256,c512,c768 tcontext=u:object_r:app_data_file:s0:c93,c256,c512,c768 tclass=file app=com.tencent.mtt
03-14 03:51:29.299 4049 4049 I auditd : type=1400 audit(0.0:3239): avc: granted { bind } for comm="ThreadPoolForeg" scontext=u:r:untrusted_app_29:s0:c93,c256,c512,c768 tcontext=u:r:untrusted_app_29:s0:c93,c256,c512,c768 tclass=netlink_route_socket app=com.tencent.mtt
03-14 03:51:29.299 4049 4049 I auditd : type=1400 audit(0.0:3240): avc: granted { nlmsg_readpriv } for comm="ThreadPoolForeg" scontext=u:r:untrusted_app_29:s0:c93,c256,c512,c768 tcontext=u:r:untrusted_app_29:s0:c93,c256,c512,c768 tclass=netlink_route_socket app=com.tencent.mtt
03-14 03:51:30.303 1009 1188 I am_pss : [3649,1000,com.android.dynsystem:dynsystem,5617664,3874816,0,91660288,0,19,10]
03-14 03:51:30.314 1009 1188 I am_pss : [3629,1000,com.android.dynsystem,5387264,3719168,0,90738688,0,19,9]
03-14 03:51:30.321 1009 1188 I am_pss : [3599,1000,com.android.localtransport,5407744,3784704,0,91340800,0,19,7]
03-14 03:51:30.329 1009 1188 I am_pss : [3263,1000,com.qti.diagservices,6073344,4071424,0,95420416,0,10,7]
03-14 03:51:30.417 1009 1188 I am_pss : [3686,10027,com.android.managedprovisioning,8882176,7262208,0,94625792,0,19,11]
03-14 03:51:30.523 1009 1188 I am_pss : [3708,10086,com.android.music,7383040,5246976,0,94584832,0,19,10]
03-14 03:51:30.591 1009 1188 I am_pss : [3726,10059,com.android.onetimeinitializer,5118976,3506176,0,90628096,0,19,10]
03-14 03:51:30.830 1009 1188 I am_pss : [3765,10090,com.android.permissioncontroller,11769856,10059776,0,99368960,0,19,8]
03-14 03:51:30.837 1009 1188 I am_pss : [3088,1000,com.android.keychain,8067072,6430720,0,94289920,0,19,6]
03-14 03:51:30.844 1009 1188 I am_pss : [3745,10029,com.android.packageinstaller,7133184,5591040,0,91451392,0,19,6]
03-14 03:51:31.091 1009 1188 I am_pss : [3810,2000,com.android.shell,5791744,4218880,0,90640384,0,19,10]
03-14 03:51:31.464 4229 4229 E ActivityThread: Failed to find provider info for com.tencent.mm.sdk.comm.provider
03-14 03:51:31.630 1009 1188 I am_pss : [3874,10058,com.qualcomm.qti.qms.service.connectionsecurity,11451392,3981312,0,76910592,0,19,4]
03-14 03:51:31.821 1009 1182 I commit_sys_config_file: [jobs,3]
03-14 03:51:32.923 1009 2102 I ntp_failure: [time.android.com/216.239.35.12,java.net.SocketTimeoutException: Poll timed out]
01-01 08:01:01.843 0 0 E DTC_ETH,link_delay_work_func: 3003, SQI=0, link=0
03-14 03:51:33.967 0 0 I auditd : type=1400 audit(0.0:3241): avc: denied { kill } for comm="swapper/3" capability=5 scontext=u:r:kernel:s0 tcontext=u:r:kernel:s0 tclass=capability permissive=1
01-01 08:01:04.590 0 0 I msm_vidc: high: 00000001: h264d: Closed video instance: 0000000000000000
01-01 08:01:04.633 0 0 I binder : undelivered transaction 86336, process died.
01-01 08:01:04.634 0 0 I init : Service 'bootanim' (pid 1155) exited with status 0 oneshot service took 34.703999 seconds in background
01-01 08:01:04.634 0 0 I init : Sending signal 9 to service 'bootanim' (pid 1155) process group...
01-01 08:01:04.634 0 0 I libprocessgroup: Successfully killed process cgroup uid 1003 pid 1155 in 0ms
01-01 08:01:06.101 0 0 I msm_vidc: err : ffffffff: .....: DBLP Set: status 0
03-14 03:51:37.713 1009 1587 I input_interaction: Interaction with: b68d17 com.android.launcher3/com.android.launcher3.uioverrides.QuickstepLauncher (server), 8c59581 com.android.systemui.ImageWallpaper (server), edge-swipe (server), swipe-up (server), PointerEventDispatcher0 (server),
03-14 03:51:37.863 1009 2148 W FreeFormWindowHelper: Current Display FreeFormTask is null
03-14 03:51:37.904 1009 1180 D AutofillManagerService: Close system dialogs
03-14 03:51:37.904 1009 1724 W FreeFormWindowHelper: Current Display FreeFormTask is null
03-14 03:51:37.906 2625 2625 I view_enqueue_input_event: [Motion - Cancel,com.android.launcher3/com.android.launcher3.uioverrides.QuickstepLauncher]
03-14 03:51:37.906 1009 1724 W FreeFormWindowHelper: Current Display FreeFormTask is null
03-14 03:51:37.906 1009 2148 W FreeFormWindowHelper: Current Display FreeFormTask is null
03-14 03:51:37.909 1009 1724 W FreeFormWindowHelper: Current Display FreeFormTask is null
03-14 03:51:37.911 1009 1724 W FreeFormWindowHelper: Current Display FreeFormTask is null
03-14 03:51:37.911 1009 1724 W FreeFormWindowHelper: Current Display FreeFormTask is null
03-14 03:51:37.914 1009 1587 I input_interaction: Interaction with: edge-swipe (server), swipe-up (server), PointerEventDispatcher0 (server),
03-14 03:51:37.954 1009 3054 W FreeFormWindowHelper: Current Display FreeFormTask is null
03-14 03:51:37.954 1009 1724 W FreeFormWindowHelper: Current Display FreeFormTask is null
03-14 03:51:37.970 1009 1724 W FreeFormWindowHelper: Current Display FreeFormTask is null
03-14 03:51:37.970 1009 1724 W FreeFormWindowHelper: Current Display FreeFormTask is null
03-14 03:51:38.003 1009 3054 W FreeFormWindowHelper: Current Display FreeFormTask is null
03-14 03:51:38.003 1009 3054 W FreeFormWindowHelper: Current Display FreeFormTask is null
03-14 03:51:38.014 1009 2148 W FreeFormWindowHelper: Current Display FreeFormTask is null
03-14 03:51:38.014 1009 3054 W FreeFormWindowHelper: Current Display FreeFormTask is null
03-14 03:51:38.023 1009 3054 W FreeFormWindowHelper: exitRecentTasks type=0
03-14 03:51:38.026 1009 3054 W FreeFormWindowHelper: Current Display FreeFormTask is null
03-14 03:51:38.026 1009 3054 W FreeFormWindowHelper: Current Display FreeFormTask is null
03-14 03:51:38.036 1009 3054 W FreeFormWindowHelper: Current Display FreeFormTask is null
03-14 03:51:38.037 1009 3054 W FreeFormWindowHelper: Current Display FreeFormTask is null
03-14 03:51:38.053 1009 2148 W FreeFormWindowHelper: Current Display FreeFormTask is null
03-14 03:51:38.053 1009 2148 W FreeFormWindowHelper: Current Display FreeFormTask is null
03-14 03:51:38.062 1009 1488 I commit_sys_config_file: [settings-1-0,2]
03-14 03:51:38.070 1009 2148 W FreeFormWindowHelper: Current Display FreeFormTask is null
03-14 03:51:38.070 1009 2148 W FreeFormWindowHelper: Current Display FreeFormTask is null
03-14 03:51:38.086 1009 2148 W FreeFormWindowHelper: Current Display FreeFormTask is null
03-14 03:51:38.086 1009 2148 W FreeFormWindowHelper: Current Display FreeFormTask is null
03-14 03:51:38.120 1009 1724 W FreeFormWindowHelper: Current Display FreeFormTask is null
03-14 03:51:38.120 1009 1724 W FreeFormWindowHelper: Current Display FreeFormTask is null
01-01 08:01:06.871 0 0 I IRQ 5 : no longer affine to CPU7
01-01 08:01:06.963 0 0 E DTC_ETH,link_delay_work_func: 3003, SQI=0, link=0
03-14 03:51:38.578 1009 1587 I input_interaction: Interaction with: b68d17 com.android.launcher3/com.android.launcher3.uioverrides.QuickstepLauncher (server), 8c59581 com.android.systemui.ImageWallpaper (server), edge-swipe (server), swipe-up (server), PointerEventDispatcher0 (server),
03-14 03:51:39.742 1009 3054 I thunderperf: PlatormCompat.setOverrides: Uid1=10074 Pid1=2625 Uid2=10074 Pid2=2625
03-14 03:51:39.743 1009 3054 I thunderperf: PlatormCompat.setOverrides: needCheck:false
03-14 03:51:39.744 1009 3054 I thunderperf: CompatConfig.addOverrideUnsafe: bef-state=0
03-14 03:51:39.744 1009 3054 I thunderperf: CompatConfig.addOverrideUnsafe: aft-state=0
03-14 03:51:39.745 1009 3054 I thunderperf: CompatConfig.addOverrideUnsafe: bef-state=0
03-14 03:51:39.745 1009 3054 I thunderperf: CompatConfig.addOverrideUnsafe: aft-state=0
03-14 03:51:39.746 1009 3054 I thunderperf: CompatConfig.addOverrideUnsafe: bef-state=0
03-14 03:51:39.746 1009 3054 I thunderperf: CompatConfig.addOverrideUnsafe: aft-state=0
03-14 03:51:39.747 1009 3054 I thunderperf: CompatConfig.addOverrideUnsafe: bef-state=0
03-14 03:51:39.747 1009 3054 I thunderperf: CompatConfig.addOverrideUnsafe: aft-state=0
03-14 03:51:39.747 1009 3054 I thunderperf: CompatConfig.addOverrideUnsafe: bef-state=0
03-14 03:51:39.747 1009 3054 I thunderperf: CompatConfig.addOverrideUnsafe: aft-state=0
03-14 03:51:39.748 1009 3054 I thunderperf: CompatConfig.addOverrideUnsafe: bef-state=0
03-14 03:51:39.748 1009 3054 I thunderperf: CompatConfig.addOverrideUnsafe: aft-state=0
03-14 03:51:39.748 1009 3054 I thunderperf: CompatConfig.addOverrideUnsafe: bef-state=0
03-14 03:51:39.748 1009 3054 I thunderperf: CompatConfig.addOverrideUnsafe: aft-state=0
03-14 03:51:39.749 1009 3054 I thunderperf: CompatConfig.addOverrideUnsafe: bef-state=0
03-14 03:51:39.749 1009 3054 I thunderperf: CompatConfig.addOverrideUnsafe: aft-state=0
03-14 03:51:39.750 1009 3054 I thunderperf: CompatConfig.addOverrideUnsafe: bef-state=0
03-14 03:51:39.750 1009 3054 I thunderperf: CompatConfig.addOverrideUnsafe: aft-state=0
03-14 03:51:39.750 1009 3054 I thunderperf: CompatConfig.addOverrideUnsafe: bef-state=0
03-14 03:51:39.750 1009 3054 I thunderperf: CompatConfig.addOverrideUnsafe: aft-state=0
03-14 03:51:39.751 1009 3054 I thunderperf: CompatConfig.addOverrideUnsafe: bef-state=0
03-14 03:51:39.751 1009 3054 I thunderperf: CompatConfig.addOverrideUnsafe: aft-state=0
03-14 03:51:39.752 1009 3054 I thunderperf: CompatConfig.addOverrideUnsafe: bef-state=0
03-14 03:51:39.752 1009 3054 I thunderperf: CompatConfig.addOverrideUnsafe: aft-state=0
03-14 03:51:39.752 1009 3054 I thunderperf: CompatConfig.addOverrideUnsafe: bef-state=0
03-14 03:51:39.752 1009 3054 I thunderperf: CompatConfig.addOverrideUnsafe: aft-state=0
03-14 03:51:39.753 1009 3054 I thunderperf: CompatConfig.addOverrideUnsafe: bef-state=0
03-14 03:51:39.753 1009 3054 I thunderperf: CompatConfig.addOverrideUnsafe: aft-state=0
03-14 03:51:39.762 1009 3054 I ActivityTaskManager: START u0 {act=android.intent.action.MAIN cat=[android.intent.category.LAUNCHER] flg=0x10200000 cmp=com.microsoft.emmx/com.microsoft.ruby.Main} from uid 10074
03-14 03:51:39.772 1009 3054 I wm_task_created: [128,-1]
03-14 03:51:39.772 1009 3054 W ActivityTaskManager: Can't find TaskDisplayArea to determine support for multi window. Task id=128 attached=false
03-14 03:51:39.773 1009 3054 D FreeFormWindowHelper: Add freeform task=Task{725780c #128 type=standard ?? U=0 visible=false mode=freeform translucent=true sz=0}
03-14 03:51:39.774 1009 3054 D CompatibilityChangeReporter: Compat change id reported: 174042980; UID 10033; state: DISABLED
03-14 03:51:39.774 1009 3054 D CompatibilityChangeReporter: Compat change id reported: 184838306; UID 10033; state: DISABLED
03-14 03:51:39.774 1009 3054 D CompatibilityChangeReporter: Compat change id reported: 185004937; UID 10033; state: DISABLED
03-14 03:51:39.774 1009 3054 D CompatibilityChangeReporter: Compat change id reported: 181136395; UID 10033; state: DISABLED
03-14 03:51:39.774 1009 3054 D CompatibilityChangeReporter: Compat change id reported: 174042936; UID 10033; state: DISABLED
03-14 03:51:39.775 1009 3054 I wm_task_moved: [128,1,6]
03-14 03:51:39.775 1009 3054 I wm_task_to_front: [0,128]
03-14 03:51:39.775 1009 3054 I wm_create_task: [0,128]
03-14 03:51:39.775 1009 3054 I wm_create_activity: [0,181400917,128,com.microsoft.emmx/com.microsoft.ruby.Main,android.intent.action.MAIN,NULL,NULL,270532608]
03-14 03:51:39.775 1009 3054 I wm_task_moved: [128,1,6]
03-14 03:51:39.776 1009 3054 D CompatibilityChangeReporter: Compat change id reported: 168419799; UID 10033; state: DISABLED
03-14 03:51:39.776 1009 3054 I ActivityTaskManager: FOREGROUND_APPLICATION_CHANGED to org.chromium.chrome.browser.ChromeTabbedActivity
03-14 03:51:39.778 2625 2625 I wm_on_top_resumed_lost_called: [196755772,com.android.launcher3.uioverrides.QuickstepLauncher,topStateChangedWhenResumed]
03-14 03:51:39.778 1009 1183 I am_uid_running: 10033
03-14 03:51:39.778 1009 1183 D CompatibilityChangeReporter: Compat change id reported: 135634846; UID 10033; state: DISABLED
03-14 03:51:39.778 1009 1183 D CompatibilityChangeReporter: Compat change id reported: 177438394; UID 10033; state: DISABLED
03-14 03:51:39.779 1009 1183 D CompatibilityChangeReporter: Compat change id reported: 135772972; UID 10033; state: DISABLED
03-14 03:51:39.779 1009 1183 D CompatibilityChangeReporter: Compat change id reported: 135754954; UID 10033; state: ENABLED
03-14 03:51:39.779 1009 1195 D CompatibilityChangeReporter: Compat change id reported: 143937733; UID 10033; state: ENABLED
03-14 03:51:39.784 1009 1195 I am_proc_start: [0,4977,10033,com.microsoft.emmx,top-activity,{com.microsoft.emmx/com.microsoft.ruby.Main}]
03-14 03:51:39.784 1009 1195 I ActivityManager: Start proc 4977:com.microsoft.emmx/u0a33 for top-activity {com.microsoft.emmx/com.microsoft.ruby.Main}
01-01 08:01:08.494 0 0 I binder : 4977:4977 ioctl 40046210 7fd9aef714 returned -22
03-14 03:51:39.787 1283 1283 I auditd : type=1400 audit(0.0:3242): avc: denied { read } for comm="traced_probes" name="format" dev="tracefs" ino=7440 scontext=u:r:traced_probes:s0 tcontext=u:object_r:debugfs_tracing_debug:s0 tclass=file permissive=1
03-14 03:51:39.787 1283 1283 I auditd : type=1400 audit(0.0:3243): avc: denied { open } for comm="traced_probes" path="/sys/kernel/tracing/events/block/block_bio_backmerge/format" dev="tracefs" ino=7440 scontext=u:r:traced_probes:s0 tcontext=u:object_r:debugfs_tracing_debug:s0 tclass=file permissive=1
03-14 03:51:39.787 1283 1283 I auditd : type=1400 audit(0.0:3244): avc: denied { getattr } for comm="traced_probes" path="/sys/kernel/tracing/events/block/block_bio_backmerge/format" dev="tracefs" ino=7440 scontext=u:r:traced_probes:s0 tcontext=u:object_r:debugfs_tracing_debug:s0 tclass=file permissive=1
03-14 03:51:39.794 1009 3054 I am_proc_bound: [0,4977,com.microsoft.emmx]
03-14 03:51:39.796 1009 3054 I ActivityTaskManager: clear resize flag in freeform mode
03-14 03:51:39.796 1009 3054 I ActivityTaskManager: The Process com.microsoft.emmx Already Exists in BG. So sending its PID: 4977
03-14 03:51:39.796 1009 3054 I wm_restart_activity: [0,181400917,128,com.microsoft.emmx/com.microsoft.ruby.Main]
03-14 03:51:39.797 1009 3054 I wm_set_resumed_activity: [0,com.microsoft.emmx/com.microsoft.ruby.Main,minimalResumeActivityLocked]
03-14 03:51:39.798 1009 3054 I am_uid_active: 10033
01-01 08:01:08.546 0 0 I binder : 1283:1283 ioctl 40046210 7fefc9b604 returned -22
01-01 08:01:08.553 0 0 W perfetto: enabled ftrace
03-14 03:51:39.906 1009 1188 I am_pss : [1009,1000,system,203917312,106000384,0,528105472,0,0,16]
03-14 03:51:39.939 4977 4977 I auditd : type=1400 audit(0.0:3245): avc: denied { open } for comm=43724173796E635461736B202334 path="/dev/__properties__/u:object_r:vendor_default_prop:s0" dev="tmpfs" ino=3509 scontext=u:r:priv_app:s0:c512,c768 tcontext=u:object_r:vendor_default_prop:s0 tclass=file permissive=1 app=com.microsoft.emmx
03-14 03:51:39.939 4977 4977 I auditd : type=1400 audit(0.0:3246): avc: denied { getattr } for comm=43724173796E635461736B202334 path="/dev/__properties__/u:object_r:vendor_default_prop:s0" dev="tmpfs" ino=3509 scontext=u:r:priv_app:s0:c512,c768 tcontext=u:object_r:vendor_default_prop:s0 tclass=file permissive=1 app=com.microsoft.emmx
03-14 03:51:39.939 4977 4977 I auditd : type=1400 audit(0.0:3247): avc: denied { map } for comm=43724173796E635461736B202334 path="/dev/__properties__/u:object_r:vendor_default_prop:s0" dev="tmpfs" ino=3509 scontext=u:r:priv_app:s0:c512,c768 tcontext=u:object_r:vendor_default_prop:s0 tclass=file permissive=1 app=com.microsoft.emmx
01-01 08:01:08.672 0 0 W audit : audit_lost=3983 audit_rate_limit=5 audit_backlog_limit=64
01-01 08:01:08.672 0 0 E audit : rate limit exceeded
03-14 03:51:40.029 4977 4977 I wm_on_create_called: [181400917,com.microsoft.ruby.Main,performCreate]
03-14 03:51:40.032 4977 4977 I wm_on_start_called: [181400917,com.microsoft.ruby.Main,handleStartActivity]
03-14 03:51:40.037 4977 4977 I wm_on_resume_called: [181400917,com.microsoft.ruby.Main,RESUME_ACTIVITY]
03-14 03:51:40.042 4977 4977 I wm_on_top_resumed_gained_called: [181400917,com.microsoft.ruby.Main,topStateChangedWhenResumed]
03-14 03:51:40.067 1009 1724 W WindowManager: updateScale : 0.79357797
03-14 03:51:40.068 1009 1184 I input_focus: [Focus request 24a02ed com.microsoft.emmx/com.microsoft.ruby.Main,reason=UpdateInputWindows]
01-01 08:01:08.785 0 0 I binder : 4977:5057 ioctl 40046210 6e7317a1f4 returned -22
03-14 03:51:40.091 1009 1587 I input_focus: [Focus leaving b68d17 com.android.launcher3/com.android.launcher3.uioverrides.QuickstepLauncher (server),reason=Waiting for window because NOT_VISIBLE]
03-14 03:51:40.125 1009 3054 I am_uid_running: 90000
03-14 03:51:40.125 1009 3054 D CompatibilityChangeReporter: Compat change id reported: 135634846; UID 10033; state: DISABLED
03-14 03:51:40.125 1009 3054 D CompatibilityChangeReporter: Compat change id reported: 177438394; UID 10033; state: DISABLED
03-14 03:51:40.125 1009 3054 D CompatibilityChangeReporter: Compat change id reported: 135772972; UID 10033; state: DISABLED
03-14 03:51:40.125 1009 3054 D CompatibilityChangeReporter: Compat change id reported: 135754954; UID 10033; state: ENABLED
03-14 03:51:40.125 1009 1195 D CompatibilityChangeReporter: Compat change id reported: 143937733; UID 10033; state: ENABLED
03-14 03:51:40.219 1009 1195 W ActivityManager: Slow operation: 93ms so far, now at startProcess: returned from zygote!
03-14 03:51:40.219 1009 1195 W ActivityManager: Slow operation: 94ms so far, now at startProcess: done updating battery stats
03-14 03:51:40.219 1009 1195 I am_proc_start: [0,5086,90000,com.microsoft.emmx:sandboxed_process0:org.chromium.content.app.SandboxedProcessService0:0,,{com.microsoft.emmx/org.chromium.content.app.SandboxedProcessService0:0}]
03-14 03:51:40.219 1009 1195 W ActivityManager: Slow operation: 94ms so far, now at startProcess: building log message
03-14 03:51:40.219 1009 1195 I ActivityManager: Start proc 5086:com.microsoft.emmx:sandboxed_process0:org.chromium.content.app.SandboxedProcessService0:0/u0ai0 for {com.microsoft.emmx/org.chromium.content.app.SandboxedProcessService0:0}
03-14 03:51:40.219 1009 1195 W ActivityManager: Slow operation: 94ms so far, now at startProcess: starting to update pids map
03-14 03:51:40.219 1009 1195 W ActivityManager: Slow operation: 94ms so far, now at startProcess: done updating pids map
01-01 08:01:08.925 0 0 I binder : 5086:5086 ioctl 40046210 7fd9aee984 returned -22
03-14 03:51:40.226 1009 3054 I am_proc_bound: [0,5086,com.microsoft.emmx:sandboxed_process0:org.chromium.content.app.SandboxedProcessService0:0]
03-14 03:51:40.227 1009 3054 I am_uid_active: 90000
03-14 03:51:40.242 512 512 I auditd : avc: denied { find } for pid=5086 uid=90000 name=content_capture scontext=u:r:isolated_app:s0:c512,c768 tcontext=u:object_r:content_capture_service:s0 tclass=service_manager permissive=1
03-14 03:51:40.284 1009 3054 D CompatibilityChangeReporter: Compat change id reported: 135634846; UID 10033; state: DISABLED
03-14 03:51:40.284 1009 3054 D CompatibilityChangeReporter: Compat change id reported: 177438394; UID 10033; state: DISABLED
03-14 03:51:40.284 1009 3054 D CompatibilityChangeReporter: Compat change id reported: 135772972; UID 10033; state: DISABLED
03-14 03:51:40.285 1009 3054 D CompatibilityChangeReporter: Compat change id reported: 135754954; UID 10033; state: ENABLED
03-14 03:51:40.285 1009 1195 D CompatibilityChangeReporter: Compat change id reported: 143937733; UID 10033; state: ENABLED
03-14 03:51:40.296 1009 1195 I am_proc_start: [0,5114,10033,com.microsoft.emmx:privileged_process0,service,{com.microsoft.emmx/org.chromium.content.app.PrivilegedProcessService0}]
03-14 03:51:40.296 1009 1195 I ActivityManager: Start proc 5114:com.microsoft.emmx:privileged_process0/u0a33 for service {com.microsoft.emmx/org.chromium.content.app.PrivilegedProcessService0}
01-01 08:01:09.006 0 0 I binder : 5114:5114 ioctl 40046210 7fd9aef714 returned -22
03-14 03:51:40.309 1009 3054 I am_proc_bound: [0,5114,com.microsoft.emmx:privileged_process0]
03-14 03:51:40.347 1009 2156 D CompatibilityChangeReporter: Compat change id reported: 149924527; UID 10033; state: ENABLED
03-14 03:51:40.347 1009 2156 D CompatibilityChangeReporter: Compat change id reported: 132649864; UID 10033; state: DISABLED
03-14 03:51:40.348 1009 3054 D CompatibilityChangeReporter: Compat change id reported: 182734110; UID 10033; state: ENABLED
03-14 03:51:40.350 1009 1188 I am_pss : [2999,10091,com.android.providers.media.module,18224128,14884864,0,123490304,0,0,6]
03-14 03:51:40.403 1009 3054 D AutofillManagerServiceImpl: Reset component for user 0:
03-14 03:51:40.403 1009 1181 D AutofillUI: destroySaveUiUiThread(): already destroyed
03-14 03:51:40.411 1009 1188 I am_pss : [2005,1002,com.android.bluetooth,27003904,22298624,0,138317824,0,0,7]
03-14 03:51:40.416 1009 1188 I am_pss : [2752,10070,com.qualcomm.location,9781248,7614464,0,102477824,0,0,5]
03-14 03:51:40.422 1009 1188 I am_pss : [2287,1073,com.android.networkstack.process,13624320,11214848,0,110104576,0,0,5]
03-14 03:51:40.429 1009 1188 I am_pss : [2222,1001,.dataservices,7879680,6238208,0,95354880,0,0,5]
03-14 03:51:40.441 1009 1188 I am_pss : [2029,10078,com.android.systemui,170501120,148451328,0,329101312,0,0,10]
01-01 08:01:09.182 0 0 I binder : 5114:5140 ioctl 40046210 6ea66e1ea4 returned -22
03-14 03:51:40.506 1009 2180 I am_uid_running: 90001
03-14 03:51:40.506 1009 2180 D CompatibilityChangeReporter: Compat change id reported: 135634846; UID 10033; state: DISABLED
03-14 03:51:40.506 1009 2180 D CompatibilityChangeReporter: Compat change id reported: 177438394; UID 10033; state: DISABLED
03-14 03:51:40.506 1009 2180 D CompatibilityChangeReporter: Compat change id reported: 135772972; UID 10033; state: DISABLED
03-14 03:51:40.506 1009 2180 D CompatibilityChangeReporter: Compat change id reported: 135754954; UID 10033; state: ENABLED
03-14 03:51:40.507 1009 1195 D CompatibilityChangeReporter: Compat change id reported: 143937733; UID 10033; state: ENABLED
03-14 03:51:40.513 1009 1195 I am_proc_start: [0,5182,90001,com.microsoft.emmx:sandboxed_process0:org.chromium.content.app.SandboxedProcessService0:1,,{com.microsoft.emmx/org.chromium.content.app.SandboxedProcessService0:1}]
03-14 03:51:40.513 1009 1195 I ActivityManager: Start proc 5182:com.microsoft.emmx:sandboxed_process0:org.chromium.content.app.SandboxedProcessService0:1/u0ai1 for {com.microsoft.emmx/org.chromium.content.app.SandboxedProcessService0:1}
01-01 08:01:09.223 0 0 I binder : 5182:5182 ioctl 40046210 7fd9aee984 returned -22
03-14 03:51:40.525 1009 2192 I am_proc_bound: [0,5182,com.microsoft.emmx:sandboxed_process0:org.chromium.content.app.SandboxedProcessService0:1]
03-14 03:51:40.526 1009 2192 I am_uid_active: 90001
03-14 03:51:40.606 1009 2153 W WindowManager: updateScale : 0.79357797
03-14 03:51:40.637 1009 1184 W WindowManager: updateScale : 0.79357797
03-14 03:51:40.639 1009 1184 W WindowManager: updateScale : 0.79357797
03-14 03:51:40.641 1009 1184 W WindowManager: updateScale : 0.79357797
03-14 03:51:40.643 1009 1587 I input_focus: [Focus entering 24a02ed com.microsoft.emmx/com.microsoft.ruby.Main (server),reason=Window became focusable. Previous reason: NOT_VISIBLE]
03-14 03:51:40.647 1009 1180 I sysui_multi_action: [319,877,322,876,325,66,757,761,758,7,759,2,806,com.microsoft.emmx,871,com.microsoft.ruby.Main,904,com.android.launcher3,905,0,945,33,1320,4,1321,2]
03-14 03:51:40.648 1009 1180 I wm_activity_launch_time: [0,181400917,com.microsoft.emmx/com.microsoft.ruby.Main,876]
03-14 03:51:40.652 1009 2192 W WindowManager: updateScale : 0.79357797
03-14 03:51:40.675 1009 2192 W WindowManager: updateScale : 0.79357797
03-14 03:51:40.677 1009 2192 W WindowManager: updateScale : 0.79357797
03-14 03:51:40.685 1009 2153 I am_uid_running: 90002
03-14 03:51:40.685 1009 2153 D CompatibilityChangeReporter: Compat change id reported: 135634846; UID 10033; state: DISABLED
03-14 03:51:40.685 1009 2153 D CompatibilityChangeReporter: Compat change id reported: 177438394; UID 10033; state: DISABLED
03-14 03:51:40.685 1009 2153 D CompatibilityChangeReporter: Compat change id reported: 135772972; UID 10033; state: DISABLED
03-14 03:51:40.685 1009 2153 D CompatibilityChangeReporter: Compat change id reported: 135754954; UID 10033; state: ENABLED
03-14 03:51:40.685 1009 1188 I am_pss : [4625,10056,com.qualcomm.qti.qms.service.trustzoneaccess,5382144,3784704,0,91947008,0,19,4]
03-14 03:51:40.686 1009 1195 D CompatibilityChangeReporter: Compat change id reported: 143937733; UID 10033; state: ENABLED
03-14 03:51:40.692 1009 1195 I am_proc_start: [0,5216,90002,com.microsoft.emmx:sandboxed_process0:org.chromium.content.app.SandboxedProcessService0:2,,{com.microsoft.emmx/org.chromium.content.app.SandboxedProcessService0:2}]
03-14 03:51:40.692 1009 1195 I ActivityManager: Start proc 5216:com.microsoft.emmx:sandboxed_process0:org.chromium.content.app.SandboxedProcessService0:2/u0ai2 for {com.microsoft.emmx/org.chromium.content.app.SandboxedProcessService0:2}
03-14 03:51:40.697 1009 1188 I am_pss : [3900,10101,com.sohu.sohuvideo,86141952,67067904,0,181280768,0,10,7]
03-14 03:51:40.704 1009 1188 I am_pss : [3787,10020,com.android.providers.calendar,6908928,5120000,0,98107392,0,19,4]
03-14 03:51:40.705 1009 2192 I am_proc_bound: [0,5216,com.microsoft.emmx:sandboxed_process0:org.chromium.content.app.SandboxedProcessService0:2]
01-01 08:01:09.404 0 0 I binder : 5216:5216 ioctl 40046210 7fd9aee984 returned -22
03-14 03:51:40.706 1009 2192 I am_uid_active: 90002
03-14 03:51:40.710 1009 2153 W WindowManager: updateScale : 0.79357797
03-14 03:51:40.712 1009 1188 I am_pss : [3103,10017,android.process.media,9808896,8007680,0,101064704,0,19,5]
03-14 03:51:40.718 1009 1188 I am_pss : [4503,10028,com.android.externalstorage,5313536,3809280,0,92065792,0,19,5]
03-14 03:51:40.723 1009 1188 I am_pss : [4046,10101,com.sohu.sohuvideo:pushservice,21863424,5820416,0,105009152,0,10,5]
03-14 03:51:40.728 1009 1188 I am_pss : [2668,10081,com.qualcomm.qti.qccauthmgr,6013952,4317184,0,95657984,0,19,5]
03-14 03:51:40.733 1009 2153 W ShortcutService: Clock rewound
03-14 03:51:40.735 1009 1188 I am_pss : [3316,10018,android.process.acore,12204032,9031680,0,116588544,0,19,6]
03-14 03:51:40.741 1009 1188 I am_pss : [2962,10082,com.qualcomm.qti.qccnetstat,5858304,4370432,0,91930624,0,0,4]
03-14 03:51:40.749 1009 1188 I am_pss : [2970,10079,com.qualcomm.qti.workloadclassifier,8124416,6656000,0,93675520,0,0,5]
03-14 03:51:40.756 1009 1188 I am_pss : [2937,10054,.pasr,5062656,3637248,0,89616384,0,0,6]
03-14 03:51:40.762 1009 1188 I am_pss : [2946,10069,com.qualcomm.qti.services.systemhelper:systemhelper_service,5987328,4419584,0,94011392,0,0,5]
03-14 03:51:40.767 1009 1188 I am_pss : [2556,10063,com.thundercomm.gamemode.provider,7536640,5881856,0,96313344,0,19,4]
03-14 03:51:40.772 1009 1188 I am_pss : [2884,10057,ts.car.uart,5896192,4472832,0,90656768,0,0,4]
03-14 03:51:40.777 1009 1188 I am_pss : [2888,1000,com.hryt.hiphishowfsecontrol,14118912,12255232,0,106123264,0,0,4]
03-14 03:51:40.782 1009 1188 I am_pss : [2880,10083,com.hht.lebocast,37564416,26611712,0,122630144,0,0,6]
03-14 03:51:40.787 1009 1188 I am_pss : [2490,1000,com.qualcomm.qti.qdma,9151488,6524928,0,105959424,0,0,5]
03-14 03:51:40.792 1009 1188 I am_pss : [3191,10061,com.qualcomm.qti.devicestatisticsservice,5037056,3608576,0,89468928,0,0,4]
03-14 03:51:40.797 1009 1188 I am_pss : [2425,1000,com.thundercomm.tcservice,7886848,6316032,0,95997952,0,0,4]
03-14 03:51:40.803 1009 1188 I am_pss : [2418,1000,com.thundercomm.remotecontrolservice,8896512,6938624,0,101502976,0,0,5]
03-14 03:51:40.807 1009 1188 I am_pss : [2357,1068,com.android.se,5483520,4009984,0,91815936,0,0,4]
03-14 03:51:40.812 1009 1188 I am_pss : [2285,1000,com.tc.logclient,7320576,5562368,0,99078144,0,0,4]
03-14 03:51:40.817 1009 1188 I am_pss : [2310,1000,vendor.qti.qesdk.sysservice,5232640,3751936,0,91545600,0,0,5]
03-14 03:51:40.822 1009 1188 I am_pss : [2297,1000,com.thundercomm.tcsetupwizard,6534144,5115904,0,91643904,0,0,4]
03-14 03:51:40.826 1009 1188 I am_pss : [2273,1000,com.thundercomm.tchttpserver,7609344,6074368,0,94593024,0,0,4]
03-14 03:51:40.831 1009 1188 I am_pss : [2335,10080,com.qti.qualcomm.mstatssystemservice,5149696,3731456,0,89980928,0,0,4]
03-14 03:51:40.835 1009 1188 I am_pss : [2224,10055,.qtidataservices,5621760,4149248,0,91623424,0,0,4]
03-14 03:51:40.840 1009 1188 I am_pss : [2211,1000,com.thundercomm.microservice,8630272,7077888,0,96055296,0,0,4]
03-14 03:51:40.845 1009 1188 I am_pss : [2216,1000,com.thundercomm.microsettings,18734080,9678848,0,115359744,0,0,4]
03-14 03:51:40.850 1009 1188 I am_pss : [2132,1000,com.thundercomm.gamemode,23718912,18632704,0,133525504,0,0,5]
03-14 03:51:40.910 1009 1184 W WindowManager: updateScale : 0.79357797
03-14 03:51:41.574 1009 1587 I input_interaction: Interaction with: 24a02ed com.microsoft.emmx/com.microsoft.ruby.Main (server), edge-swipe (server), swipe-up (server), PointerEventDispatcher0 (server),
03-14 03:51:41.764 1009 1587 I input_interaction: Interaction with: WindowManager (server), edge-swipe (server), swipe-up (server), PointerEventDispatcher0 (server),
03-14 03:51:41.764 4977 4977 I view_enqueue_input_event: [Motion - Cancel,com.microsoft.emmx/com.microsoft.ruby.Main]
03-14 03:51:41.780 1009 1184 D FreeFormWindowHelper: refreshTipWindow mTipWindowTitle : freeform_top_left_tip_window
03-14 03:51:41.781 1009 1184 I ActivityTaskManager: clear resize flag in freeform mode
03-14 03:51:41.782 1009 1184 W WindowManager: updateScale : 0.79357797
03-14 03:51:41.797 1009 1184 D FreeFormWindowHelper: refreshTipWindow mTipWindowTitle : freeform_top_left_tip_window
03-14 03:51:41.797 1009 1184 I ActivityTaskManager: clear resize flag in freeform mode
03-14 03:51:41.798 1009 1184 W WindowManager: updateScale : 0.79357797
03-14 03:51:41.803 1009 1184 W WindowManager: updateScale : 0.79357797
03-14 03:51:41.812 1009 2192 W WindowManager: updateScale : 0.79357797
03-14 03:51:41.813 1009 1184 D FreeFormWindowHelper: refreshTipWindow mTipWindowTitle : freeform_top_left_tip_window
03-14 03:51:41.814 1009 1184 I ActivityTaskManager: clear resize flag in freeform mode
03-14 03:51:41.814 1009 1184 W WindowManager: updateScale : 0.79357797
03-14 03:51:41.830 1009 1184 D FreeFormWindowHelper: refreshTipWindow mTipWindowTitle : freeform_top_left_tip_window
03-14 03:51:41.831 1009 1184 I ActivityTaskManager: clear resize flag in freeform mode
03-14 03:51:41.831 1009 1184 W WindowManager: updateScale : 0.79357797
03-14 03:51:41.847 1009 1184 D FreeFormWindowHelper: refreshTipWindow mTipWindowTitle : freeform_top_left_tip_window
03-14 03:51:41.847 1009 1184 I ActivityTaskManager: clear resize flag in freeform mode
03-14 03:51:41.847 1009 1184 W WindowManager: updateScale : 0.79357797
03-14 03:51:41.863 1009 1184 D FreeFormWindowHelper: refreshTipWindow mTipWindowTitle : freeform_top_left_tip_window
03-14 03:51:41.864 1009 1184 I ActivityTaskManager: clear resize flag in freeform mode
03-14 03:51:41.864 1009 1184 W WindowManager: updateScale : 0.79357797
03-14 03:51:41.880 1009 1184 D FreeFormWindowHelper: refreshTipWindow mTipWindowTitle : freeform_top_left_tip_window
03-14 03:51:41.881 1009 1184 I ActivityTaskManager: clear resize flag in freeform mode
03-14 03:51:41.881 1009 1184 W WindowManager: updateScale : 0.79357797
03-14 03:51:41.897 1009 1184 D FreeFormWindowHelper: refreshTipWindow mTipWindowTitle : freeform_top_left_tip_window
03-14 03:51:41.897 1009 1184 I ActivityTaskManager: clear resize flag in freeform mode
03-14 03:51:41.898 1009 1184 W WindowManager: updateScale : 0.79357797
03-14 03:51:41.914 1009 1184 D FreeFormWindowHelper: refreshTipWindow mTipWindowTitle : null
03-14 03:51:41.914 1009 1184 I ActivityTaskManager: clear resize flag in freeform mode
03-14 03:51:41.915 1009 1184 W WindowManager: updateScale : 0.79357797
03-14 03:51:41.930 1009 1184 D FreeFormWindowHelper: refreshTipWindow mTipWindowTitle : null
03-14 03:51:41.931 1009 1184 I ActivityTaskManager: clear resize flag in freeform mode
03-14 03:51:41.931 1009 1184 W WindowManager: updateScale : 0.79357797
03-14 03:51:41.947 1009 1184 D FreeFormWindowHelper: refreshTipWindow mTipWindowTitle : null
03-14 03:51:41.947 1009 1184 I ActivityTaskManager: clear resize flag in freeform mode
03-14 03:51:41.948 1009 1184 W WindowManager: updateScale : 0.79357797
03-14 03:51:41.964 1009 1184 D FreeFormWindowHelper: refreshTipWindow mTipWindowTitle : null
03-14 03:51:41.964 1009 1184 I ActivityTaskManager: clear resize flag in freeform mode
03-14 03:51:41.965 1009 1184 W WindowManager: updateScale : 0.79357797
03-14 03:51:41.966 1009 2180 W WindowManager: updateScale : 0.79357797
03-14 03:51:41.967 0 0 I auditd : type=1400 audit(0.0:3253): avc: denied { kill } for comm="swapper/4" capability=5 scontext=u:r:kernel:s0 tcontext=u:r:kernel:s0 tclass=capability permissive=1
03-14 03:51:41.981 1009 1184 D FreeFormWindowHelper: refreshTipWindow mTipWindowTitle : null
03-14 03:51:41.982 1009 1184 I ActivityTaskManager: clear resize flag in freeform mode
03-14 03:51:41.982 1009 1184 W WindowManager: updateScale : 0.79357797
