03-14 03:51:05.619 1009 1195 I am_proc_start: [0,2556,10063,com.thundercomm.gamemode.provider,content provider,{com.thundercomm.gamemode.provider/com.thundercomm.gamemode.provider.SettingsProvider}]
03-14 03:51:05.619 1009 1195 W ActivityManager: Slow operation: 276ms so far, now at startProcess: building log message
03-14 03:51:05.619 1009 1195 I ActivityManager: Start proc 2556:com.thundercomm.gamemode.provider/u0a63 for content provider {com.thundercomm.gamemode.provider/com.thundercomm.gamemode.provider.SettingsProvider}
03-14 03:51:05.619 1009 1195 W ActivityManager: Slow operation: 276ms so far, now at startProcess: starting to update pids map
03-14 03:51:05.619 1009 1195 W ActivityManager: Slow operation: 276ms so far, now at startProcess: done updating pids map
01-01 08:00:34.322 0 0 I binder : 2533:2533 ioctl 40046210 7fd9aef714 returned -22
01-01 08:00:34.323 0 0 I binder : 2425:2425 ioctl 40046210 7fd9aee284 returned -22
03-14 03:51:05.621 1009 2156 I am_proc_bound: [0,2513,com.android.settings]
03-14 03:51:05.623 1009 2156 D CompatibilityChangeReporter: Compat change id reported: 168419799; UID 1000; state: DISABLED
03-14 03:51:05.625 1009 2156 I wm_restart_activity: [0,181330145,4,com.android.settings/.FallbackHome]
03-14 03:51:05.627 1009 2156 I wm_set_resumed_activity: [0,com.android.settings/.FallbackHome,minimalResumeActivityLocked]
03-14 03:51:05.632 1009 2156 I am_proc_bound: [0,2533,android.ext.services]
03-14 03:51:05.633 1009 2156 D CompatibilityChangeReporter: Compat change id reported: 168419799; UID 10092; state: DISABLED
01-01 08:00:34.328 0 0 E init : Control message: Could not find 'vendor.qti.hardware.iop@2.0::IIop/default' for ctl.interface_start from pid: 513 (/system/bin/hwservicemanager)
03-14 03:51:05.634 1009 2156 I am_uid_active: 10092
03-14 03:51:05.637 2425 2425 W ContextImpl: Calling a method in the system process without a qualified user: android.app.ContextImpl.startService:1816 android.content.ContextWrapper.startService:774 com.thundercomm.tcservice.TCService.init:46 com.thundercomm.tcservice.TCService.onCreate:33 android.app.ActivityThread.handleCreateService:4488
03-14 03:51:05.647 1009 1009 W Looper : Slow dispatch took 171ms main h=android.app.ActivityThread$H c=android.app.LoadedApk$ReceiverDispatcher$Args$$ExternalSyntheticLambda0@cb9f696 m=0
03-14 03:51:05.648 1009 1009 D ConditionProviders.SCP: onSubscribe condition://android/schedule?days=1.2.3.4.5.6.7&start=22.0&end=7.0&exitAtAlarm=true
03-14 03:51:05.649 1009 1009 D ConditionProviders.SCP: setRegistered true
03-14 03:51:05.651 1009 1180 D UsbDeviceManager: push notification:正在通过 USB 为此设备充电
01-01 08:00:34.345 0 0 E init : Control message: Could not find 'vendor.qti.hardware.iop@2.0::IIop/default' for ctl.interface_start from pid: 513 (/system/bin/hwservicemanager)
03-14 03:51:05.662 1009 1009 D ConditionProviders.SCP: evaluateSubscriptionLocked cal=ScheduleCalendar[mDays={1, 2, 3, 4, 5, 6, 7}, mSchedule=ScheduleInfo{days=[1, 2, 3, 4, 5, 6, 7], startHour=22, startMinute=0, endHour=7, endMinute=0, exitAtAlarm=true, nextAlarm=Thu Jan 01 08:00:00 GMT+08:00 1970 (0)}], now=Tue Mar 14 03:51:05 GMT+08:00 2023 (1678737065649), nextUserAlarmTime=Thu Jan 01 08:00:00 GMT+08:00 1970 (0)
03-14 03:51:05.662 1009 1009 D ConditionProviders.SCP: notifyCondition condition://android/schedule?days=1.2.3.4.5.6.7&start=22.0&end=7.0&exitAtAlarm=true STATE_TRUE reason=meetsSchedule
03-14 03:51:05.662 1009 1699 W ActivityThread: Failed to find provider info for com.android.calendar (user not unlocked)
03-14 03:51:05.663 1009 1009 D ConditionProviders.SCP: Scheduling evaluate for Tue Mar 14 07:00:00 GMT+08:00 2023 (1678748400000), in +3h8m54s351ms, now=Tue Mar 14 03:51:05 GMT+08:00 2023 (1678737065649)
03-14 03:51:05.663 1009 1009 D CompatibilityChangeReporter: Compat change id reported: 171306433; UID 1000; state: ENABLED
03-14 03:51:05.664 1009 1699 W ActivityThread: Failed to find provider info for com.android.calendar (user not unlocked)
01-01 08:00:34.361 0 0 E init : Control message: Could not find 'vendor.qti.hardware.iop@2.0::IIop/default' for ctl.interface_start from pid: 513 (/system/bin/hwservicemanager)
01-01 08:00:34.367 0 0 I binder : 2556:2556 ioctl 40046210 7fd9aef714 returned -22
01-01 08:00:34.377 0 0 E init : Control message: Could not find 'vendor.qti.hardware.iop@2.0::IIop/default' for ctl.interface_start from pid: 513 (/system/bin/hwservicemanager)
03-14 03:51:05.679 1009 1009 W BluetoothManagerService: bindBluetoothProfileService:Trying to bind to profile: 1, while Bluetooth is disabled
03-14 03:51:05.683 1009 1009 I Telecom : SystemStateHelper: Registering broadcast receiver: android.content.IntentFilter@d20f251: TS.init@AAA
03-14 03:51:05.683 1009 1009 I Telecom : SystemStateHelper: Registering broadcast receiver: android.content.IntentFilter@16633b7: TS.init@AAA
03-14 03:51:05.683 1009 2596 I Telecom : BluetoothRouteManager: getBluetoothAudioConnectedDevice: no service available.
03-14 03:51:05.684 1009 2153 I am_proc_bound: [0,2556,com.thundercomm.gamemode.provider]
03-14 03:51:05.684 1009 2153 D CompatibilityChangeReporter: Compat change id reported: 168419799; UID 10063; state: DISABLED
03-14 03:51:05.685 1009 2153 I am_uid_active: 10063
03-14 03:51:05.689 1009 2599 I Telecom : Logging.Events: Non-call EVENT: AUDIO_ROUTE, Entering state QuiescentEarpieceRoute
03-14 03:51:05.690 1009 2599 I Telecom : BluetoothRouteManager: getBluetoothAudioConnectedDevice: no service available.
03-14 03:51:05.696 1009 2603 I Telecom : CallAudioModeStateMachine: Message received: null.: TS.init->CAMSM.pM_1@AAA
03-14 03:51:05.702 1009 1009 I Telecom : MissedCallNotifierImpl: reloadFromDatabase: Boot not yet complete -- call log db may not be available. Deferring loading until boot complete for user 0: TS.init@AAA
03-14 03:51:05.703 1009 1009 D TelephonyRegistry: listen oscl: mHasNotifySubscriptionInfoChangedOccurred==false no callback
03-14 03:51:05.705 1009 1009 I Telecom : MissedCallNotifierImpl: reloadFromDatabase: Boot not yet complete -- call log db may not be available. Deferring loading until boot complete for user 0: TS.init@AAA
01-01 08:00:34.393 0 0 E init : Control message: Could not find 'vendor.qti.hardware.iop@2.0::IIop/default' for ctl.interface_start from pid: 513 (/system/bin/hwservicemanager)
03-14 03:51:05.709 1009 1009 I Telecom : Class: TelecomSystem.INSTANCE being set
03-14 03:51:05.710 1009 1585 D CompatibilityChangeReporter: Compat change id reported: 182478738; UID 1073; state: DISABLED
03-14 03:51:05.711 1009 1009 D BluetoothManagerService: Bluetooth Adapter name changed to 高合娱乐副屏 by android
03-14 03:51:05.711 1009 1009 D BluetoothManagerService: Stored Bluetooth name: 高合娱乐副屏
03-14 03:51:05.712 1009 1009 D AutofillManagerService: Restriction did not change for user 0
03-14 03:51:05.714 1009 1009 D BluetoothManagerService: BluetoothServiceConnection: com.android.bluetooth.btservice.AdapterService
03-14 03:51:05.714 1009 1182 D BluetoothManagerService: MESSAGE_BLUETOOTH_SERVICE_CONNECTED: 1
03-14 03:51:05.715 1009 1009 I ConnectivityModuleConnector: Networking module service connected
03-14 03:51:05.717 1009 1009 D TelephonyRegistry: notifyCellLocationForSubscriber: subId=2147483647 cellIdentity=null
01-01 08:00:34.409 0 0 E init : Control message: Could not find 'vendor.qti.hardware.iop@2.0::IIop/default' for ctl.interface_start from pid: 513 (/system/bin/hwservicemanager)
01-01 08:00:34.416 0 0 I binder : 2490:2490 ioctl 40046210 7fd9aed6f4 returned -22
03-14 03:51:05.718 1009 1009 I notification_enqueue: [1000,1009,android,32,NULL,-1,Notification(channel=USB shortcut=null contentView=null vibrate=null sound=null tick defaults=0x0 flags=0x2 color=0x00000000 vis=PUBLIC),0]
03-14 03:51:05.718 1009 1009 I notification_enqueue: [10078,2029,com.android.systemui,1,empty_media,0,Notification(channel=empty_media_style_id shortcut=null contentView=null vibrate=null sound=null defaults=0x0 flags=0x20 color=0x00000000 category=transport groupKey=empty_media actions=4 vis=PRIVATE),0]
03-14 03:51:05.719 1009 1009 I Telecom : WiredHeadsetManager: ACTION_HEADSET_PLUG event, plugged in: false, : WHC.oADA@AAI
03-14 03:51:05.719 1009 1009 I ExplicitHealthCheckController: Explicit health check service is connected ComponentInfo{android.ext.services/android.ext.services.watchdog.ExplicitHealthCheckServiceImpl}
03-14 03:51:05.719 1009 1009 I ExplicitHealthCheckController: Service initialized, syncing requests
03-14 03:51:05.719 1009 1009 V NotificationAssistants: 0 notification assistant service connected: ComponentInfo{android.ext.services/android.ext.services.notification.Assistant}
03-14 03:51:05.720 1009 1182 D BluetoothManagerService: MESSAGE_INFORM_ADAPTER_SERVICE_UP
03-14 03:51:05.720 1009 1182 D BluetoothManagerService: Broadcasting onBluetoothServiceUp() to 3 receivers.
03-14 03:51:05.723 1009 1182 D BluetoothManagerService: MESSAGE_BLUETOOTH_STATE_CHANGE: OFF > BLE_TURNING_ON
03-14 03:51:05.723 1009 1182 D BluetoothManagerService: Sending BLE State Change: OFF > BLE_TURNING_ON
03-14 03:51:05.727 1009 1009 I notification_cancel_all: [1000,1009,com.android.systemui,0,0,0,20,NULL]
03-14 03:51:05.727 1009 1009 I ConnectivityModuleConnector: Networking module service connected
03-14 03:51:05.727 1009 1009 I sysui_multi_action: [757,1501,758,1,793,77,794,0,795,77,796,32,806,android,857,USB,858,1,947,0,1500,0]
03-14 03:51:05.727 1009 1009 I sysui_multi_action: [757,804,799,note_interruptive,801,0,802,1]
03-14 03:51:05.727 1009 1009 I GameModeConfig: isGameModeOn = false
03-14 03:51:05.729 1009 1009 W NotificationHistory: Attempted to add notif for locked/gone/disabled user 0
03-14 03:51:05.729 1009 1009 W Looper : Drained
03-14 03:51:05.729 1009 1009 I GameModeConfig: isGameModeOn = false
03-14 03:51:05.729 1009 1009 I sysui_multi_action: [757,1501,758,1,793,53,794,0,795,53,796,1,797,empty_media,806,com.android.systemui,857,empty_media_style_id,858,4,946,empty_media,947,0,1500,0,1641,transport,1745,1043716538]
03-14 03:51:05.730 1009 1009 I sysui_multi_action: [757,804,799,note_interruptive,801,0,802,1]
03-14 03:51:05.730 1009 1009 I GameModeConfig: isGameModeOn = false
03-14 03:51:05.732 1009 1009 W NotificationHistory: Attempted to add notif for locked/gone/disabled user 0
03-14 03:51:05.732 1009 1009 I PackageWatchdog: Syncing health check requests for packages: {}
03-14 03:51:05.732 1009 1009 D ExplicitHealthCheckController: Getting health check supported packages
03-14 03:51:05.732 1009 1009 D CompanionDeviceManagerService: Received BT state transition broadcast: OFF -> BLE_TURNING_ON
03-14 03:51:05.733 1009 2153 I ExplicitHealthCheckController: Explicit health check supported packages [PackageConfig{com.android.networkstack, 86400000}]
03-14 03:51:05.733 1009 2153 D PackageWatchdog: Received supported packages [PackageConfig{com.android.networkstack, 86400000}]
03-14 03:51:05.733 1009 2153 D ExplicitHealthCheckController: Getting health check requested packages
03-14 03:51:05.736 1009 2153 D CompatibilityChangeReporter: Compat change id reported: 168419799; UID 1002; state: DISABLED
01-01 08:00:34.427 0 0 E init : Control message: Could not find 'vendor.qti.hardware.iop@2.0::IIop/default' for ctl.interface_start from pid: 513 (/system/bin/hwservicemanager)
03-14 03:51:05.738 1009 2195 I am_uid_running: 10074
03-14 03:51:05.738 1009 2195 D CompatibilityChangeReporter: Compat change id reported: 135634846; UID 10074; state: DISABLED
03-14 03:51:05.738 1009 2195 D CompatibilityChangeReporter: Compat change id reported: 177438394; UID 10074; state: DISABLED
03-14 03:51:05.738 1009 2195 D CompatibilityChangeReporter: Compat change id reported: 135772972; UID 10074; state: DISABLED
03-14 03:51:05.738 1009 2195 D CompatibilityChangeReporter: Compat change id reported: 135754954; UID 10074; state: ENABLED
03-14 03:51:05.739 1009 1195 D CompatibilityChangeReporter: Compat change id reported: 143937733; UID 10074; state: ENABLED
03-14 03:51:05.744 1009 2153 I ExplicitHealthCheckController: Explicit health check requested packages []
03-14 03:51:05.744 1009 2153 I ExplicitHealthCheckController: No more health check requests, unbinding...
03-14 03:51:05.746 1009 2153 I ExplicitHealthCheckController: Explicit health check service is unbound
03-14 03:51:05.747 1009 1195 I am_proc_start: [0,2625,10074,com.android.launcher3,service,{com.android.launcher3/com.android.quickstep.TouchInteractionService}]
03-14 03:51:05.747 1009 1195 I ActivityManager: Start proc 2625:com.android.launcher3/u0a74 for service {com.android.launcher3/com.android.quickstep.TouchInteractionService}
01-01 08:00:34.444 0 0 E init : Control message: Could not find 'vendor.qti.hardware.iop@2.0::IIop/default' for ctl.interface_start from pid: 513 (/system/bin/hwservicemanager)
01-01 08:00:34.451 0 0 I binder : 2029:2621 ioctl 40046210 6e94a25124 returned -22
03-14 03:51:05.773 2513 2513 I wm_on_create_called: [181330145,com.android.settings.FallbackHome,performCreate]
03-14 03:51:05.773 2513 2513 I wm_on_start_called: [181330145,com.android.settings.FallbackHome,handleStartActivity]
03-14 03:51:05.774 2513 2513 I wm_on_resume_called: [181330145,com.android.settings.FallbackHome,RESUME_ACTIVITY]
01-01 08:00:34.460 0 0 E init : Control message: Could not find 'vendor.qti.hardware.iop@2.0::IIop/default' for ctl.interface_start from pid: 513 (/system/bin/hwservicemanager)
01-01 08:00:34.466 0 0 E bt_ioctl: BT_CMD_PWR_CTRL pwr_cntrl:0
03-14 03:51:05.781 2513 2513 I wm_on_top_resumed_gained_called: [181330145,com.android.settings.FallbackHome,topStateChangedWhenResumed]
01-01 08:00:34.480 0 0 E bt_ioctl: BT state already:0 no change done
01-01 08:00:34.487 0 0 I binder : 2625:2625 ioctl 40046210 7fd9aef714 returned -22
01-01 08:00:34.487 0 0 E bt_ioctl: BT_CMD_PWR_CTRL pwr_cntrl:1
03-14 03:51:05.788 1009 2195 I am_proc_bound: [0,2625,com.android.launcher3]
03-14 03:51:05.791 1009 2195 D CompatibilityChangeReporter: Compat change id reported: 168419799; UID 10074; state: DISABLED
01-01 08:00:34.492 0 0 I bt_power vendor: bt_qca6390: Linked as a consumer to regulator.9
01-01 08:00:34.493 0 0 E bt_vreg_enable: vreg_en successful for : qca,bt-vdd-aon
01-01 08:00:34.500 0 0 I bt_power vendor: bt_qca6390: Linked as a consumer to regulator.51
01-01 08:00:34.501 0 0 E bt_vreg_enable: vreg_en successful for : qca,bt-vdd-dig
03-14 03:51:05.802 1009 1184 I input_focus: [Focus request c3b326d com.android.settings/com.android.settings.FallbackHome,reason=UpdateInputWindows]
01-01 08:00:34.508 0 0 I bt_power vendor: bt_qca6390: Linked as a consumer to regulator.8
03-14 03:51:05.804 1009 2195 I am_uid_active: 10074
03-14 03:51:05.806 1009 1585 I am_uid_running: 10081
03-14 03:51:05.807 1009 1585 D CompatibilityChangeReporter: Compat change id reported: 135634846; UID 10081; state: DISABLED
03-14 03:51:05.807 1009 1585 D CompatibilityChangeReporter: Compat change id reported: 177438394; UID 10081; state: DISABLED
03-14 03:51:05.807 1009 1585 D CompatibilityChangeReporter: Compat change id reported: 135772972; UID 10081; state: DISABLED
03-14 03:51:05.807 1009 1585 D CompatibilityChangeReporter: Compat change id reported: 135754954; UID 10081; state: ENABLED
03-14 03:51:05.807 1009 1195 D CompatibilityChangeReporter: Compat change id reported: 143937733; UID 10081; state: ENABLED
03-14 03:51:05.810 2029 2623 I sysui_multi_action: [757,213,758,4,759,-1]
03-14 03:51:05.813 1009 1195 I am_proc_start: [0,2668,10081,com.qualcomm.qti.qccauthmgr,content provider,{com.qualcomm.qti.qccauthmgr/com.qualcomm.qti.qccauthmgr.providers.SMQContentProvider}]
03-14 03:51:05.813 1009 1195 I ActivityManager: Start proc 2668:com.qualcomm.qti.qccauthmgr/u0a81 for content provider {com.qualcomm.qti.qccauthmgr/com.qualcomm.qti.qccauthmgr.providers.SMQContentProvider}
01-01 08:00:34.509 0 0 E bt_vreg_enable: vreg_en successful for : qca,bt-vdd-rfa1
01-01 08:00:34.516 0 0 I bt_power vendor: bt_qca6390: Linked as a consumer to regulator.36
01-01 08:00:34.516 0 0 E bt_vreg_enable: vreg_en successful for : qca,bt-vdd-rfa2
01-01 08:00:34.523 0 0 I bt_power vendor: bt_qca6390: Linked as a consumer to regulator.27
01-01 08:00:34.524 0 0 E bt_vreg_enable: vreg_en successful for : qca,bt-vdd-asd
01-01 08:00:34.533 0 0 I binder : 2513:2633 ioctl 40046210 6ea9b0e1f4 returned -22
03-14 03:51:05.844 1009 1183 I ActivityManagerTiming: FinishBooting
03-14 03:51:05.844 1009 1183 I boot_progress_enable_screen: 32318
03-14 03:51:05.846 1009 1183 I screen_toggled: 1
03-14 03:51:05.846 1009 1183 W KeyguardServiceDelegate: onScreenTurningOn(): no keyguard service!
01-01 08:00:34.551 0 0 I binder : 2668:2668 ioctl 40046210 7fd9aef714 returned -22
03-14 03:51:05.852 1009 1724 I am_proc_bound: [0,2668,com.qualcomm.qti.qccauthmgr]
03-14 03:51:05.853 1009 1724 D CompatibilityChangeReporter: Compat change id reported: 168419799; UID 10081; state: DISABLED
03-14 03:51:05.854 1009 1724 I am_uid_active: 10081
03-14 03:51:05.861 2029 2029 W CarrierConfigManager: Error getting config for subId -1 ICarrierConfigLoader is null
03-14 03:51:05.867 1009 1585 D TelephonyRegistry: listen oscl: mHasNotifySubscriptionInfoChangedOccurred==false no callback
01-01 08:00:34.567 0 0 E init : Control message: Could not find 'vendor.qti.hardware.iop@2.0::IIop/default' for ctl.interface_start from pid: 513 (/system/bin/hwservicemanager)
01-01 08:00:34.582 0 0 I bt_configure_gpios: BTON:Turn Bt Off bt-reset-gpio(1121) value(0)
01-01 08:00:34.582 0 0 I bt_configure_gpios: BTON:Turn Bt Off
01-01 08:00:34.582 0 0 I bt_configure_gpios: bt-sw-ctrl-gpio(1224) value(1)
01-01 08:00:34.582 0 0 I bt_enable_bt_reset_gpios_safely: bt_enable_bt_reset_gpios_safely: BTON:Turn Bt On
01-01 08:00:34.582 0 0 I bt_enable_bt_reset_gpios_safely: bt_enable_bt_reset_gpios_safely: wl-reset-gpio(1120) value(1)
01-01 08:00:34.582 0 0 I bt_enable_bt_reset_gpios_safely: bt_enable_bt_reset_gpios_safely: BTON: Asserting BT_EN
01-01 08:00:34.590 0 0 E init : Control message: Could not find 'vendor.qti.hardware.iop@2.0::IIop/default' for ctl.interface_start from pid: 513 (/system/bin/hwservicemanager)
03-14 03:51:05.917 1009 2195 I StatusBarManagerService: registerStatusBar bar=com.android.internal.statusbar.IStatusBar$Stub$Proxy@35575d4
01-01 08:00:34.609 0 0 E init : Control message: Could not find 'vendor.qti.hardware.iop@2.0::IIop/default' for ctl.interface_start from pid: 513 (/system/bin/hwservicemanager)
03-14 03:51:05.930 1009 1488 I commit_sys_config_file: [settings-0-0,1]
01-01 08:00:34.638 0 0 I bt_configure_gpios: BTON:Turn Bt On bt-reset-gpio(1121) value(1)
01-01 08:00:34.638 0 0 I bt_configure_gpios: BTON:Turn Bt On
01-01 08:00:34.638 0 0 I bt_configure_gpios: bt-sw-ctrl-gpio(1224) value(1)
01-01 08:00:34.638 0 0 I bt_configure_gpios: bt_gpio= 1121 on: 1 is successful
03-14 03:51:05.955 813 813 I auditd : type=1400 audit(0.0:471): avc: denied { search } for comm="bluetooth@1.0-s" name="bluetooth" dev="sda2" ino=27 scontext=u:r:hal_bluetooth_default:s0 tcontext=u:object_r:mnt_product_file:s0 tclass=dir permissive=1
01-01 08:00:34.665 0 0 E bt_ioctl: unified Current SOC Version : 400a0200
03-14 03:51:05.970 1009 1182 I commit_sys_config_file: [notification-policy,2114]
03-14 03:51:06.059 1009 2180 D CompatibilityChangeReporter: Compat change id reported: 168419799; UID 10078; state: DISABLED
03-14 03:51:06.096 2029 2591 W ActivityThread: Failed to find provider info for com.android.contacts (user not unlocked)
03-14 03:51:06.182 2029 2615 W ActivityThread: Failed to find provider info for com.android.contacts (user not unlocked)
03-14 03:51:06.198 2029 2615 W ActivityThread: Failed to find provider info for com.android.contacts (user not unlocked)
03-14 03:51:06.205 2029 2615 W ActivityThread: Failed to find provider info for com.android.contacts (user not unlocked)
03-14 03:51:06.427 1009 1183 I wm_boot_animation_done: 32901
03-14 03:51:06.427 1009 1183 I ActivityManagerTiming: FinishBooting
03-14 03:51:06.428 1009 1183 I ActivityManager: About to commit checkpoint
03-14 03:51:06.428 1009 1183 W ActivityManager: FinishBooting sync begin
03-14 03:51:06.430 1009 1183 W ActivityManager: FinishBooting sync end
03-14 03:51:06.430 1009 1183 I SystemServiceManager: Starting phase 1000
03-14 03:51:06.430 1009 1183 I ActivityManagerTiming: OnBootPhase_1000
03-14 03:51:06.430 1009 1183 I ActivityManagerTiming: OnBootPhase_1000_com.android.server.security.FileIntegrityService
03-14 03:51:06.430 1009 1183 I ActivityManagerTiming: OnBootPhase_1000_com.android.server.pm.Installer
03-14 03:51:06.430 1009 1183 I ActivityManagerTiming: OnBootPhase_1000_com.android.server.os.DeviceIdentifiersPolicyService
03-14 03:51:06.430 1009 1183 I ActivityManagerTiming: OnBootPhase_1000_com.android.server.uri.UriGrantsManagerService$Lifecycle
03-14 03:51:06.430 1009 1183 I ActivityManagerTiming: OnBootPhase_1000_com.android.server.powerstats.PowerStatsService
03-14 03:51:06.430 1009 1183 E PowerStatsService: Failed to start PowerStatsService loggers
03-14 03:51:06.430 1009 1183 I ActivityManagerTiming: OnBootPhase_1000_com.android.server.wm.ActivityTaskManagerService$Lifecycle
03-14 03:51:06.430 1009 1183 I ActivityManagerTiming: OnBootPhase_1000_com.android.server.am.ActivityManagerService$Lifecycle
03-14 03:51:06.430 1009 1183 I ActivityManagerTiming: OnBootPhase_1000_com.android.server.pm.DataLoaderManagerService
03-14 03:51:06.430 1009 1183 I ActivityManagerTiming: OnBootPhase_1000_com.android.server.power.PowerManagerService
03-14 03:51:06.430 1009 1183 I ActivityManagerTiming: OnBootPhase_1000_com.android.server.power.ThermalManagerService
03-14 03:51:06.430 1009 1183 I ActivityManagerTiming: OnBootPhase_1000_com.android.server.power.hint.HintManagerService
03-14 03:51:06.430 1009 1183 I ActivityManagerTiming: OnBootPhase_1000_com.android.server.recoverysystem.RecoverySystemService$Lifecycle
03-14 03:51:06.430 1009 1183 I ActivityManagerTiming: OnBootPhase_1000_com.android.server.lights.LightsService
03-14 03:51:06.430 1009 1183 I ActivityManagerTiming: OnBootPhase_1000_com.android.server.display.DisplayManagerService
03-14 03:51:06.430 1009 1210 V DisplayPowerController[0]: Brightness [1.0] reason changing to: 'manual', previous reason: 'override'.
03-14 03:51:06.431 1009 1183 I ActivityManagerTiming: OnBootPhase_1000_com.android.server.pm.verify.domain.DomainVerificationService
03-14 03:51:06.431 1009 1183 I ActivityManagerTiming: OnBootPhase_1000_com.android.server.pm.PackageInstallerService$Lifecycle
03-14 03:51:06.431 1009 1183 I ActivityManagerTiming: OnBootPhase_1000_com.android.server.pm.UserManagerService$LifeCycle
03-14 03:51:06.431 1009 1183 I ActivityManagerTiming: OnBootPhase_1000_com.android.server.om.OverlayManagerService
03-14 03:51:06.431 1009 1183 I ActivityManagerTiming: OnBootPhase_1000_com.android.server.SensorPrivacyService
03-14 03:51:06.431 1009 1183 I ActivityManagerTiming: OnBootPhase_1000_com.android.server.thunderperf.ThunderBoostPerfService
03-14 03:51:06.431 1009 1183 I ActivityManagerTiming: OnBootPhase_1000_com.android.server.sensors.SensorService
03-14 03:51:06.431 1009 1183 I ActivityManagerTiming: OnBootPhase_1000_com.android.server.SystemConfigService
03-14 03:51:06.431 1009 1183 I ActivityManagerTiming: OnBootPhase_1000_com.android.server.BatteryService
03-14 03:51:06.431 1009 1183 I ActivityManagerTiming: OnBootPhase_1000_com.android.server.usage.UsageStatsService
03-14 03:51:06.431 1009 1183 I ActivityManagerTiming: OnBootPhase_1000_com.android.server.webkit.WebViewUpdateService
03-14 03:51:06.431 1009 1183 I ActivityManagerTiming: OnBootPhase_1000_com.android.server.CachedDeviceStateService
03-14 03:51:06.431 1009 1183 I ActivityManagerTiming: OnBootPhase_1000_com.android.server.BinderCallsStatsService$LifeCycle
03-14 03:51:06.431 1009 1183 I ActivityManagerTiming: OnBootPhase_1000_com.android.server.LooperStatsService$Lifecycle
03-14 03:51:06.431 1009 1183 I ActivityManagerTiming: OnBootPhase_1000_com.android.server.rollback.RollbackManagerService
03-14 03:51:06.431 1009 1183 I ActivityManagerTiming: OnBootPhase_1000_com.android.server.os.NativeTombstoneManagerService
03-14 03:51:06.431 1009 1183 I ActivityManagerTiming: OnBootPhase_1000_com.android.server.os.BugreportManagerService
03-14 03:51:06.431 1009 1183 I ActivityManagerTiming: OnBootPhase_1000_com.android.server.gpu.GpuService
03-14 03:51:06.431 1009 1385 D RollbackManager: mRollbackLifetimeDurationInMillis=1209600000
03-14 03:51:06.431 1009 1362 D AppStandbyController: Loading headless system app cache. appIdleEnabled=false
03-14 03:51:06.433 1009 1183 I ActivityManagerTiming: OnBootPhase_1000_com.android.server.security.KeyChainSystemService
03-14 03:51:06.433 1009 1183 I ActivityManagerTiming: OnBootPhase_1000_com.android.server.telecom.TelecomLoaderService
03-14 03:51:06.433 1009 1183 I ActivityManagerTiming: OnBootPhase_1000_com.android.server.accounts.AccountManagerService$Lifecycle
03-14 03:51:06.433 1009 1183 I ActivityManagerTiming: OnBootPhase_1000_com.android.server.content.ContentService$Lifecycle
03-14 03:51:06.433 1009 1183 I ActivityManagerTiming: OnBootPhase_1000_com.android.server.DropBoxManagerService
03-14 03:51:06.433 1009 1183 I ActivityManagerTiming: OnBootPhase_1000_com.android.role.RoleService
03-14 03:51:06.433 1009 1183 I ActivityManagerTiming: OnBootPhase_1000_com.android.server.vibrator.VibratorManagerService$Lifecycle
03-14 03:51:06.433 1009 1183 I ActivityManagerTiming: OnBootPhase_1000_com.android.server.alarm.AlarmManagerService
03-14 03:51:06.433 1009 1183 I ActivityManagerTiming: OnBootPhase_1000_com.android.server.devicestate.DeviceStateManagerService
03-14 03:51:06.433 1009 1183 I ActivityManagerTiming: OnBootPhase_1000_com.android.server.camera.CameraServiceProxy
03-14 03:51:06.435 1009 1183 I ActivityManagerTiming: OnBootPhase_1000_com.android.server.BluetoothService
03-14 03:51:06.435 1009 1183 I ActivityManagerTiming: OnBootPhase_1000_com.android.server.connectivity.IpConnectivityMetrics
03-14 03:51:06.435 1009 1183 I ActivityManagerTiming: OnBootPhase_1000_com.android.server.net.watchlist.NetworkWatchlistService$Lifecycle
03-14 03:51:06.435 1009 1183 I ActivityManagerTiming: OnBootPhase_1000_com.android.server.PinnerService
03-14 03:51:06.435 1009 1183 I ActivityManagerTiming: OnBootPhase_1000_com.google.android.startop.iorap.IorapForwardingService
03-14 03:51:06.435 1009 1183 I ActivityManagerTiming: OnBootPhase_1000_com.android.server.ActivityTriggerService
03-14 03:51:06.435 1009 1183 I ActivityManagerTiming: OnBootPhase_1000_com.android.server.integrity.AppIntegrityManagerService
03-14 03:51:06.435 1009 1183 I ActivityManagerTiming: OnBootPhase_1000_com.android.server.inputmethod.InputMethodManagerService$Lifecycle
03-14 03:51:06.435 1009 1183 I ActivityManagerTiming: OnBootPhase_1000_com.android.server.accessibility.AccessibilityManagerService$Lifecycle
03-14 03:51:06.435 1009 1183 I ActivityManagerTiming: OnBootPhase_1000_com.android.server.StorageManagerService$Lifecycle
03-14 03:51:06.435 1009 1183 I ActivityManagerTiming: OnBootPhase_1000_com.android.server.usage.StorageStatsService$Lifecycle
03-14 03:51:06.435 1009 1183 I ActivityManagerTiming: OnBootPhase_1000_com.android.server.UiModeManagerService
03-14 03:51:06.435 1009 1183 I ActivityManagerTiming: OnBootPhase_1000_com.android.server.locksettings.LockSettingsService$Lifecycle
03-14 03:51:06.435 1009 1618 D StorageManagerService: Thinking about init, mBootCompleted=true, mDaemonConnected=true
03-14 03:51:06.435 1009 1183 I ActivityManagerTiming: OnBootPhase_1000_com.android.server.PersistentDataBlockService
03-14 03:51:06.435 1009 1618 D StorageManagerService: Thinking about reset, mBootCompleted=true, mDaemonConnected=true
03-14 03:51:06.435 1009 1183 I ActivityManagerTiming: OnBootPhase_1000_com.android.server.testharness.TestHarnessModeService
03-14 03:51:06.435 1009 1183 D TestHarnessModeService: Completing Test Harness Mode setup.
03-14 03:51:06.436 1009 1618 I StorageSessionController: Started resetting external storage service...
03-14 03:51:06.436 1009 1618 I StorageSessionController: Finished resetting external storage service
03-14 03:51:06.436 1009 1618 I StorageManagerService: Resetting vold...
03-14 03:51:06.436 1009 1618 I StorageManagerService: Reset vold
03-14 03:51:06.436 563 563 I vold : onUserAdded: 0
03-14 03:51:06.453 1009 1183 I ActivityManagerTiming: OnBootPhase_1000_com.android.server.oemlock.OemLockService
03-14 03:51:06.453 1009 1183 I ActivityManagerTiming: OnBootPhase_1000_com.android.server.DeviceIdleController
03-14 03:51:06.453 1009 1183 I ActivityManagerTiming: OnBootPhase_1000_com.android.server.devicepolicy.DevicePolicyManagerService$Lifecycle
03-14 03:51:06.453 1009 1183 I ActivityManagerTiming: OnBootPhase_1000_com.android.server.texttospeech.TextToSpeechManagerService
03-14 03:51:06.453 1009 1183 I ActivityManagerTiming: OnBootPhase_1000_com.android.server.speech.SpeechRecognitionManagerService
03-14 03:51:06.453 1009 1183 I ActivityManagerTiming: OnBootPhase_1000_com.android.server.searchui.SearchUiManagerService
03-14 03:51:06.453 1009 1183 I ActivityManagerTiming: OnBootPhase_1000_com.android.server.smartspace.SmartspaceManagerService
03-14 03:51:06.453 1009 1183 I ActivityManagerTiming: OnBootPhase_1000_com.android.server.graphics.fonts.FontManagerService$Lifecycle
03-14 03:51:06.453 1009 1183 I ActivityManagerTiming: OnBootPhase_1000_com.android.server.textservices.TextServicesManagerService$Lifecycle
03-14 03:51:06.453 1009 1183 I ActivityManagerTiming: OnBootPhase_1000_com.android.server.textclassifier.TextClassificationManagerService$Lifecycle
03-14 03:51:06.453 1009 1183 I ActivityManagerTiming: OnBootPhase_1000_com.android.server.NetworkScoreService$Lifecycle
03-14 03:51:06.453 1009 1183 I ActivityManagerTiming: OnBootPhase_1000_com.android.server.wifi.WifiService
03-14 03:51:06.453 1009 1183 I ActivityManagerTiming: OnBootPhase_1000_com.android.server.wifi.scanner.WifiScanningService
03-14 03:51:06.453 1009 1183 I ActivityManagerTiming: OnBootPhase_1000_com.android.server.wifi.rtt.RttService
03-14 03:51:06.453 1009 1183 I ActivityManagerTiming: OnBootPhase_1000_com.android.server.wifi.aware.WifiAwareService
03-14 03:51:06.453 1009 1183 I ActivityManagerTiming: OnBootPhase_1000_com.android.server.wifi.p2p.WifiP2pService
03-14 03:51:06.454 1009 1183 I ActivityManagerTiming: OnBootPhase_1000_com.android.server.ethernet.EthernetService
03-14 03:51:06.454 1009 1183 I ActivityManagerTiming: OnBootPhase_1000_com.android.server.ConnectivityServiceInitializer
03-14 03:51:06.454 1009 1183 I ActivityManagerTiming: OnBootPhase_1000_com.android.server.notification.NotificationManagerService
03-14 03:51:06.454 1009 1183 I ActivityManagerTiming: OnBootPhase_1000_com.android.server.storage.DeviceStorageMonitorService
03-14 03:51:06.454 1009 1183 I ActivityManagerTiming: OnBootPhase_1000_com.android.server.location.LocationManagerService$Lifecycle
03-14 03:51:06.454 1009 1183 I ActivityManagerTiming: OnBootPhase_1000_com.android.server.timedetector.TimeDetectorService$Lifecycle
03-14 03:51:06.454 1009 1183 I ActivityManagerTiming: OnBootPhase_1000_com.android.server.timezonedetector.TimeZoneDetectorService$Lifecycle
03-14 03:51:06.454 1009 1183 I ActivityManagerTiming: OnBootPhase_1000_com.android.server.timezonedetector.location.LocationTimeZoneManagerService$Lifecycle
03-14 03:51:06.454 1009 1183 I ActivityManagerTiming: OnBootPhase_1000_com.android.server.search.SearchManagerService$Lifecycle
03-14 03:51:06.454 1009 1183 I ActivityManagerTiming: OnBootPhase_1000_com.android.server.wallpaper.WallpaperManagerService$Lifecycle
03-14 03:51:06.454 1009 1183 I ActivityManagerTiming: OnBootPhase_1000_com.android.server.audio.AudioService$Lifecycle
03-14 03:51:06.454 1009 1183 I ActivityManagerTiming: OnBootPhase_1000_com.android.server.soundtrigger_middleware.SoundTriggerMiddlewareService$Lifecycle
03-14 03:51:06.454 1009 1183 I ActivityManagerTiming: OnBootPhase_1000_com.android.server.DockObserver
03-14 03:51:06.454 1009 1183 I ActivityManagerTiming: OnBootPhase_1000_com.android.server.midi.MidiService$Lifecycle
03-14 03:51:06.454 1009 1183 I ActivityManagerTiming: OnBootPhase_1000_com.android.server.adb.AdbService$Lifecycle
03-14 03:51:06.454 1009 1183 I ActivityManagerTiming: OnBootPhase_1000_com.android.server.usb.UsbService$Lifecycle
03-14 03:51:06.454 1009 1183 I ActivityManagerTiming: OnBootPhase_1000_com.android.server.twilight.TwilightService
03-14 03:51:06.455 1009 1009 I notification_enqueue: [1000,1009,android,26,NULL,-1,Notification(channel=DEVELOPER_IMPORTANT shortcut=null contentView=null vibrate=null sound=null tick defaults=0x0 flags=0x2 color=0x00000000 vis=PUBLIC),0]
03-14 03:51:06.456 1009 1183 I ActivityManagerTiming: OnBootPhase_1000_com.android.server.display.color.ColorDisplayService
03-14 03:51:06.456 1009 1183 I ActivityManagerTiming: OnBootPhase_1000_com.android.server.job.JobSchedulerService
03-14 03:51:06.456 1009 1183 I ActivityManagerTiming: OnBootPhase_1000_com.android.server.soundtrigger.SoundTriggerService
03-14 03:51:06.456 1009 1183 D SoundTriggerService: onBootPhase: 1000 : false
03-14 03:51:06.456 1009 1183 I ActivityManagerTiming: OnBootPhase_1000_com.android.server.trust.TrustManagerService
03-14 03:51:06.456 1009 1183 I ActivityManagerTiming: OnBootPhase_1000_com.android.server.backup.BackupManagerService$Lifecycle
03-14 03:51:06.456 1009 1183 I ActivityManagerTiming: OnBootPhase_1000_com.android.server.appwidget.AppWidgetService
03-14 03:51:06.456 1009 1183 I ActivityManagerTiming: OnBootPhase_1000_com.android.server.voiceinteraction.VoiceInteractionManagerService
03-14 03:51:06.456 1009 1183 I ActivityManagerTiming: OnBootPhase_1000_com.android.server.apphibernation.AppHibernationService
03-14 03:51:06.456 1009 1183 I ActivityManagerTiming: OnBootPhase_1000_com.android.server.SensorNotificationService
03-14 03:51:06.457 1009 2739 I HibernationStateDiskStore: No hibernation file on disk for file /data/system/hibernation/states
03-14 03:51:06.457 1009 1183 D CompatibilityChangeReporter: Compat change id reported: 168936375; UID 1000; state: DISABLED
03-14 03:51:06.457 1009 1183 D CompatibilityChangeReporter: Compat change id reported: 168936375; UID 1000; state: ENABLED
03-14 03:51:06.459 1009 1183 D CompatibilityChangeReporter: Compat change id reported: 73144566; UID 1000; state: DISABLED
03-14 03:51:06.459 1009 1183 D CompatibilityChangeReporter: Compat change id reported: 73144566; UID 1000; state: ENABLED
03-14 03:51:06.459 1009 1183 I ActivityManagerTiming: OnBootPhase_1000_com.android.server.emergency.EmergencyAffordanceService
03-14 03:51:06.459 1009 1183 I ActivityManagerTiming: OnBootPhase_1000_com.android.server.blob.BlobStoreManagerService
03-14 03:51:06.459 1009 1183 I ActivityManagerTiming: OnBootPhase_1000_com.android.server.dreams.DreamManagerService
03-14 03:51:06.459 1009 1183 I ActivityManagerTiming: OnBootPhase_1000_com.android.server.companion.CompanionDeviceManagerService
03-14 03:51:06.459 1009 1183 I ActivityManagerTiming: OnBootPhase_1000_com.android.server.restrictions.RestrictionsManagerService
03-14 03:51:06.460 1009 1183 I ActivityManagerTiming: OnBootPhase_1000_com.android.server.media.MediaSessionService
03-14 03:51:06.460 1009 1183 I ActivityManagerTiming: OnBootPhase_1000_com.android.server.media.MediaResourceMonitorService
03-14 03:51:06.460 1009 1183 I ActivityManagerTiming: OnBootPhase_1000_com.android.server.biometrics.sensors.fingerprint.FingerprintService
03-14 03:51:06.460 1009 1183 I ActivityManagerTiming: OnBootPhase_1000_com.android.server.biometrics.BiometricService
03-14 03:51:06.460 1009 1183 I ActivityManagerTiming: OnBootPhase_1000_com.android.server.biometrics.AuthService
03-14 03:51:06.460 1009 1183 I ActivityManagerTiming: OnBootPhase_1000_com.android.server.pm.ShortcutService$Lifecycle
03-14 03:51:06.460 1009 1183 I ActivityManagerTiming: OnBootPhase_1000_com.android.server.pm.LauncherAppsService
03-14 03:51:06.460 1009 1183 I ActivityManagerTiming: OnBootPhase_1000_com.android.server.pm.CrossProfileAppsService
03-14 03:51:06.460 1009 1183 I ActivityManagerTiming: OnBootPhase_1000_com.android.server.people.PeopleService
03-14 03:51:06.460 1009 1183 I ActivityManagerTiming: OnBootPhase_1000_com.android.server.media.metrics.MediaMetricsManagerService
03-14 03:51:06.460 1009 1183 I ActivityManagerTiming: OnBootPhase_1000_com.android.server.media.projection.MediaProjectionManagerService
03-14 03:51:06.460 1009 1183 I ActivityManagerTiming: OnBootPhase_1000_com.android.server.slice.SliceManagerService$Lifecycle
03-14 03:51:06.460 1009 1183 I ActivityManagerTiming: OnBootPhase_1000_com.android.server.stats.StatsCompanion$Lifecycle
03-14 03:51:06.461 1009 1183 I ActivityManagerTiming: OnBootPhase_1000_com.android.server.scheduling.RebootReadinessManagerService$Lifecycle
03-14 03:51:06.461 1009 1183 I ActivityManagerTiming: OnBootPhase_1000_com.android.server.stats.pull.StatsPullAtomService
03-14 03:51:06.461 1009 1183 I ActivityManagerTiming: OnBootPhase_1000_com.android.server.incident.IncidentCompanionService
03-14 03:51:06.461 1009 1183 I ActivityManagerTiming: OnBootPhase_1000_com.android.server.MmsServiceBroker
03-14 03:51:06.461 1009 1183 I ActivityManagerTiming: OnBootPhase_1000_com.android.server.autofill.AutofillManagerService
03-14 03:51:06.461 1009 1183 I ActivityManagerTiming: OnBootPhase_1000_com.android.server.clipboard.ClipboardService
03-14 03:51:06.461 1009 1183 I ActivityManagerTiming: OnBootPhase_1000_com.android.server.appbinding.AppBindingService$Lifecycle
03-14 03:51:06.461 1009 1183 I ActivityManagerTiming: OnBootPhase_1000_com.android.server.tracing.TracingServiceProxy
03-14 03:51:06.461 1009 1183 I ActivityManagerTiming: OnBootPhase_1000_com.android.server.policy.PermissionPolicyService
03-14 03:51:06.461 1009 1183 I ActivityManagerTiming: OnBootPhase_1000_com.android.server.pm.StagingManager$Lifecycle
03-14 03:51:06.461 1009 1183 I ActivityManagerTiming: OnBootPhase_1000_com.android.server.app.GameManagerService$Lifecycle
03-14 03:51:06.461 1009 1183 D GameManagerService: onBootCompleted
03-14 03:51:06.461 1009 1183 I ActivityManagerTiming: OnBootPhase_1000_com.android.server.appsearch.AppSearchManagerService
03-14 03:51:06.461 1009 1183 I ActivityManagerTiming: OnBootPhase_1000_com.android.server.media.MediaCommunicationService
03-14 03:51:06.461 1009 1183 D ActivityManagerTiming: TotalBootTime took to complete: 5483ms
03-14 03:51:06.461 1009 1183 D SystemServerInitThreadPool: Shutdown requested
03-14 03:51:06.461 1009 1183 I SystemServerTiming: WaitInitThreadPoolShutdown
03-14 03:51:06.462 1009 1183 D SystemServerInitThreadPool: Shutdown successful
03-14 03:51:06.464 1009 1183 I uc_finish_user_boot: 0
03-14 03:51:06.464 1009 1183 I ActivityManager: User 0 state changed from BOOTING to RUNNING_LOCKED
03-14 03:51:06.464 1009 1183 I am_user_state_changed: [0,1]
03-14 03:51:06.464 1009 1183 W ActivityManager: UserLifecycleEvent 4 received without an active userJourneySession.
01-01 08:00:35.164 0 0 I init : processing action (sys.boot_completed=1) from (/system/etc/init/hw/init.rc:1163)
01-01 08:00:35.164 0 0 I init : starting service 'exec 28 (/bin/rm -rf /data/per_boot)'...
01-01 08:00:35.165 0 0 I init : SVC_EXEC service 'exec 28 (/bin/rm -rf /data/per_boot)' pid 2741 (uid 1000 gid 1000+0 context default) started; waiting...
03-14 03:51:06.464 1009 1183 I uc_send_user_broadcast: [0,android.intent.action.LOCKED_BOOT_COMPLETED]
03-14 03:51:06.465 1009 1183 D StorageManagerService: unlockUserKey: 0 isFileEncryptedNativeOrEmulated: true hasToken: false hasSecret: false
03-14 03:51:06.465 563 563 D vold : fscrypt_unlock_user_key 0 serial=0
03-14 03:51:06.466 563 563 D vold : Trying user CE key /data/misc/vold/user_keys/ce/0/current
01-01 08:00:35.170 0 0 I init : Service 'exec 28 (/bin/rm -rf /data/per_boot)' (pid 2741) exited with status 0 waiting took 0.005000 seconds
01-01 08:00:35.170 0 0 I init : Sending signal 9 to service 'exec 28 (/bin/rm -rf /data/per_boot)' (pid 2741) process group...
01-01 08:00:35.171 0 0 I libprocessgroup: Successfully killed process cgroup uid 1000 pid 2741 in 0ms
01-01 08:00:35.171 0 0 I init : Encryption policy of /data/per_boot set to 6d816c2b1344fa87d5e5fb560f76e1c7 v2 modes 1/4 flags 0xa
01-01 08:00:35.171 0 0 I init : processing action (sys.boot_completed=1) from (/vendor/etc/init/hw/init.qcom.rc:473)
03-14 03:51:06.473 563 563 D vold : Successfully retrieved key
01-01 08:00:35.171 0 0 W : Boot completed
01-01 08:00:35.174 0 0 I init : processing action (sys.boot_completed=1) from (/vendor/etc/init/hw/init.qcom.rc:737)
01-01 08:00:35.175 0 0 I init : starting service 'qcom-post-boot'...
01-01 08:00:35.177 0 0 I init : starting service 'qti-testscripts'...
03-14 03:51:06.482 563 563 D vold : Installed fscrypt key with ref 73855d831bed9e13be214eb89cf945d2 to /data
03-14 03:51:06.482 563 563 D vold : Added fscrypt-provisioning key for 73855d831bed9e13be214eb89cf945d2 to session keyring
03-14 03:51:06.482 563 563 D vold : Installed ce key for user 0
03-14 03:51:06.482 1009 1183 I uc_finish_user_unlocking: 0
03-14 03:51:06.482 1009 1183 W ActivityManager: UserLifecycleEvent 5 received without an active userJourneySession.
03-14 03:51:06.482 1009 1183 D ActivityManager: Started unlocking user 0
03-14 03:51:06.482 1009 1183 D ActivityManager: Unlocking user 0 progress 0
03-14 03:51:06.482 1009 1183 D ActivityManager: Unlocking user 0 progress 5
03-14 03:51:06.483 563 563 D vold : fscrypt_prepare_user_storage for volume null, user 0, serial 0, flags 2
03-14 03:51:06.483 563 563 D vold : Preparing: /data/system_ce/0
03-14 03:51:06.483 563 563 D vold : Preparing: /data/misc_ce/0
03-14 03:51:06.483 563 563 D vold : Preparing: /data/vendor_ce/0
03-14 03:51:06.484 563 563 D vold : Preparing: /data/media/0
03-14 03:51:06.484 563 563 D vold : Preparing: /data/data
03-14 03:51:06.484 563 563 I vold : Verified that /data/system_ce/0 has the encryption policy 73855d831bed9e13be214eb89cf945d2 v2 modes 1/4 flags 0xa
03-14 03:51:06.484 563 563 I vold : Verified that /data/misc_ce/0 has the encryption policy 73855d831bed9e13be214eb89cf945d2 v2 modes 1/4 flags 0xa
03-14 03:51:06.484 563 563 I vold : Verified that /data/vendor_ce/0 has the encryption policy 73855d831bed9e13be214eb89cf945d2 v2 modes 1/4 flags 0xa
03-14 03:51:06.484 563 563 I vold : Verified that /data/media/0 has the encryption policy 73855d831bed9e13be214eb89cf945d2 v2 modes 1/4 flags 0xa
03-14 03:51:06.484 563 563 I vold : Verified that /data/data has the encryption policy 73855d831bed9e13be214eb89cf945d2 v2 modes 1/4 flags 0xa
03-14 03:51:06.484 563 563 D vold : Starting restorecon of /data/system_ce/0
03-14 03:51:06.491 1009 1194 D CompatibilityChangeReporter: Compat change id reported: 168419799; UID 10080; state: DISABLED
01-01 08:00:35.180 0 0 F init : cannot setexeccon('u:r:qti-testscripts:s0') for qti-testscripts: Invalid argument
01-01 08:00:35.190 0 0 I init : processing action (sys.boot_completed=1) from (/vendor/etc/init/hw/init.qcom.rc:945)
01-01 08:00:35.194 0 0 I init : Sending signal 9 to service 'adbd' (pid 1278) process group...
03-14 03:51:06.493 2743 2743 F libc : Fatal signal 6 (SIGABRT), code -1 (SI_QUEUE) in tid 2743 (init), pid 2743 (init)
03-14 03:51:06.494 1009 1009 I notification_enqueue: [1000,1009,android,55,NULL,-1,Notification(channel=DEVELOPER shortcut=null contentView=null vibrate=null sound=null tick defaults=0x0 flags=0x2 color=0x00000000 vis=PUBLIC),0]
03-14 03:51:06.497 563 563 D vold : Finished restorecon of /data/system_ce/0
03-14 03:51:06.497 563 563 D vold : Starting restorecon of /data/vendor_ce/0
01-01 08:00:35.198 0 0 I selinux : SELinux: Skipping restorecon on directory(/data/system_ce/0)
01-01 08:00:35.198 0 0 I selinux :
03-14 03:51:06.497 1009 1183 D ColorDisplayService: setUp: currentUser=0
03-14 03:51:06.497 1009 2635 I am_uid_running: 10070
03-14 03:51:06.498 1009 2635 D CompatibilityChangeReporter: Compat change id reported: 135634846; UID 10070; state: DISABLED
03-14 03:51:06.498 1009 2635 D CompatibilityChangeReporter: Compat change id reported: 177438394; UID 10070; state: DISABLED
03-14 03:51:06.498 1009 2635 D CompatibilityChangeReporter: Compat change id reported: 135772972; UID 10070; state: DISABLED
03-14 03:51:06.498 1009 2635 D CompatibilityChangeReporter: Compat change id reported: 135754954; UID 10070; state: ENABLED
03-14 03:51:06.498 1009 1195 D CompatibilityChangeReporter: Compat change id reported: 143937733; UID 10070; state: ENABLED
01-01 08:00:35.199 0 0 I libprocessgroup: Successfully killed process cgroup uid 0 pid 1278 in 5ms
03-14 03:51:06.506 1009 1183 D ColorDisplayService: onNightDisplayAutoModeChanged: autoMode=0
03-14 03:51:06.506 1009 1183 I ColorDisplayService: Turning off night display
03-14 03:51:06.506 1009 1183 D ColorDisplayService: Setting bright color reduction level: 50
03-14 03:51:06.506 1009 1210 V DisplayPowerController[0]: Brightness [1.0] manual adjustment.
03-14 03:51:06.507 1009 1195 I am_proc_start: [0,2752,10070,com.qualcomm.location,broadcast,{com.qualcomm.location/com.qualcomm.location.LocationServiceReceiver}]
03-14 03:51:06.507 1009 1195 I ActivityManager: Start proc 2752:com.qualcomm.location/u0a70 for broadcast {com.qualcomm.location/com.qualcomm.location.LocationServiceReceiver}
03-14 03:51:06.508 563 563 D vold : Finished restorecon of /data/vendor_ce/0
03-14 03:51:06.508 563 563 D vold : Starting restorecon of /data/misc_ce/0
03-14 03:51:06.509 563 563 D vold : Finished restorecon of /data/misc_ce/0
03-14 03:51:06.509 563 563 D vold : /system/bin/vold_prepare_subdirs
03-14 03:51:06.509 563 563 D vold : prepare
03-14 03:51:06.509 563 563 D vold :
03-14 03:51:06.509 563 563 D vold : 0
03-14 03:51:06.509 563 563 D vold : 2
01-01 08:00:35.209 0 0 I selinux : SELinux: Skipping restorecon on directory(/data/vendor_ce/0)
01-01 08:00:35.209 0 0 I selinux :
01-01 08:00:35.210 0 0 I selinux : SELinux: Skipping restorecon on directory(/data/misc_ce/0)
01-01 08:00:35.210 0 0 I selinux :
03-14 03:51:06.507 2755 2755 I auditd : type=1400 audit(0.0:472): avc: denied { ptrace } for comm="crash_dump64" scontext=u:r:crash_dump:s0 tcontext=u:r:init:s0 tclass=process permissive=1
03-14 03:51:06.511 2755 2755 I auditd : type=1400 audit(0.0:473): avc: denied { search } for comm="crash_dump64" name="bootstrap" dev="dm-5" ino=2998 scontext=u:r:crash_dump:s0 tcontext=u:object_r:system_bootstrap_lib_file:s0 tclass=dir permissive=1
03-14 03:51:06.511 2755 2755 I auditd : type=1400 audit(0.0:474): avc: denied { read } for comm="crash_dump64" name="libc.so" dev="dm-5" ino=2999 scontext=u:r:crash_dump:s0 tcontext=u:object_r:system_bootstrap_lib_file:s0 tclass=file permissive=1
03-14 03:51:06.511 2755 2755 I auditd : type=1400 audit(0.0:475): avc: denied { open } for comm="crash_dump64" path="/system/lib64/bootstrap/libc.so" dev="dm-5" ino=2999 scontext=u:r:crash_dump:s0 tcontext=u:object_r:system_bootstrap_lib_file:s0 tclass=file permissive=1
03-14 03:51:06.511 2755 2755 I auditd : type=1400 audit(0.0:476): avc: denied { getattr } for comm="crash_dump64" path="/system/lib64/bootstrap/libc.so" dev="dm-5" ino=2999 scontext=u:r:crash_dump:s0 tcontext=u:object_r:system_bootstrap_lib_file:s0 tclass=file permissive=1
03-14 03:51:06.511 2755 2755 I auditd : type=1400 audit(0.0:477): avc: denied { map } for comm="crash_dump64" path="/system/lib64/bootstrap/libc.so" dev="dm-5" ino=2999 scontext=u:r:crash_dump:s0 tcontext=u:object_r:system_bootstrap_lib_file:s0 tclass=file permissive=1
03-14 03:51:06.519 1009 2635 D Fingerprint21: Daemon was null, reconnecting, current operation: null
03-14 03:51:06.519 1009 2635 D Fingerprint21: Fingerprint HAL ready, HAL ID: 5326416
03-14 03:51:06.520 1009 1009 D BiometricScheduler/Fingerprint21: [Added] {[0] FingerprintUpdateActiveUserClient, proto=1, owner=android, cookie=0, requestId=-1, userId=0}, new queue size: 1
03-14 03:51:06.520 1009 1009 D BiometricScheduler/Fingerprint21: [Polled] {[0] FingerprintUpdateActiveUserClient, proto=1, owner=android, cookie=0, requestId=-1, userId=0}, State: 0
03-14 03:51:06.520 1009 1009 D BiometricScheduler/Fingerprint21: [Starting] {[0] FingerprintUpdateActiveUserClient, proto=1, owner=android, cookie=0, requestId=-1, userId=0}, State: 0
03-14 03:51:06.520 1009 1009 D BiometricScheduler/Fingerprint21: [Started] {[0] FingerprintUpdateActiveUserClient, proto=1, owner=android, cookie=0, requestId=-1, userId=0}
01-01 08:00:35.222 0 0 D qbt : qbt_open: entry minor_no=0 fd_available=1
01-01 08:00:35.222 0 0 D qbt : qbt_open: exit : 0 fd_available=0
01-01 08:00:35.222 0 0 D qbt : qbt_open: entry minor_no=1 fd_available=0
01-01 08:00:35.222 0 0 D qbt : qbt_open: exit : 0 fd_available=0
01-01 08:00:35.222 0 0 D qbt : qbt_ioctl: cmd received 107
01-01 08:00:35.222 0 0 D qbt : qbt_ioctl: Acquiring wakelock
03-14 03:51:06.523 2755 2755 I auditd : type=1400 audit(0.0:478): avc: denied { ptrace } for comm="crash_dump64" scontext=u:r:crash_dump:s0 tcontext=u:r:init:s0 tclass=process permissive=1
03-14 03:51:06.523 2755 2755 I auditd : type=1400 audit(0.0:479): avc: denied { open } for comm="crash_dump64" path="/dev/__properties__/u:object_r:zram_control_prop:s0" dev="tmpfs" ino=3598 scontext=u:r:crash_dump:s0 tcontext=u:object_r:zram_control_prop:s0 tclass=file permissive=1
03-14 03:51:06.523 2755 2755 I auditd : type=1400 audit(0.0:480): avc: denied { getattr } for comm="crash_dump64" path="/dev/__properties__/u:object_r:zram_control_prop:s0" dev="tmpfs" ino=3598 scontext=u:r:crash_dump:s0 tcontext=u:object_r:zram_control_prop:s0 tclass=file permissive=1
03-14 03:51:06.523 2755 2755 I auditd : type=1400 audit(0.0:481): avc: denied { map } for comm="crash_dump64" path="/dev/__properties__/u:object_r:zram_control_prop:s0" dev="tmpfs" ino=3598 scontext=u:r:crash_dump:s0 tcontext=u:object_r:zram_control_prop:s0 tclass=file permissive=1
