03-14 03:56:04.557 1009 2156 I wm_task_removed: [140,removeChild:removeChild last r=ActivityRecord{28c2942 u0 com.android.music/.MusicBrowserActivity t-1 f}} in t=Task{419a8f9 #140 type=standard A=10086:android.task.music U=0 visible=false mode=freeform translucent=true sz=0}]
03-14 03:56:04.557 1009 2156 I wm_task_removed: [140,removeChild]
03-14 03:56:04.557 1009 2156 D FreeFormWindowHelper: Remove freefrom task=Task{419a8f9 #140 type=standard A=10086:android.task.music U=0 visible=false mode=freeform translucent=true sz=0}
03-14 03:56:04.571 1009 1698 I GameModeConfig: isGameModeOn = false
03-14 03:56:04.571 1009 1698 I GameModeConfig: isGameModeOn = false
03-14 03:56:04.571 1009 1698 I GameModeConfig: isGameModeOn = false
03-14 03:56:04.573 1009 1009 I notification_enqueue: [10078,2029,com.android.systemui,1,empty_media,0,Notification(channel=empty_media_style_id shortcut=null contentView=null vibrate=null sound=null defaults=0x0 flags=0x20 color=0x00000000 category=transport groupKey=empty_media actions=4 vis=PRIVATE),0]
03-14 03:56:04.631 1009 2153 W FreeFormWindowHelper: Current Display FreeFormTask is null
03-14 03:56:04.775 1009 1009 I sysui_multi_action: [757,1501,758,1,793,202,794,0,795,202,796,1,797,empty_media,806,com.android.systemui,857,empty_media_style_id,858,4,946,empty_media,947,0,1500,0,1641,transport,1688,1,1745,1043716538]
03-14 03:56:04.775 1009 1009 I sysui_multi_action: [757,804,799,note_interruptive,801,0,802,1]
03-14 03:56:04.776 1009 1009 I GameModeConfig: isGameModeOn = false
03-14 03:56:04.789 1009 1009 W NotificationHistory: Attempted to add notif for locked/gone/disabled user 0
03-14 03:56:05.402 1009 1587 I input_interaction: Interaction with: b68d17 com.android.launcher3/com.android.launcher3.uioverrides.QuickstepLauncher (server), 8c59581 com.android.systemui.ImageWallpaper (server), edge-swipe (server), swipe-up (server), PointerEventDispatcher0 (server),
03-14 03:56:05.404 1009 1009 I service_manager_stats: [100,57,25516]
03-14 03:56:06.303 594 594 E spcomlib: [spcom_wait_for_event] event [1] [nvm_ready] EVENT_STATUS_TIMEOUT
03-14 03:56:06.303 594 594 E spdaemon: spcom_wait_for_nvm_ready() failed. ret [-110] [Connection timed out].
03-14 03:56:06.303 594 594 E spdaemon: Initial SP initialization failed. ret [-110].
03-14 03:56:06.303 594 594 D spdaemon: going to sleep for a day.
01-01 08:05:34.995 0 0 E spss_utils [spss_wait_for_event]: wait for event [1] timeout [300] sec expired
03-14 03:56:06.465 1009 2148 I thunderperf: PlatormCompat.setOverrides: Uid1=10074 Pid1=2625 Uid2=10074 Pid2=2625
03-14 03:56:06.465 1009 2148 I thunderperf: PlatormCompat.setOverrides: needCheck:false
03-14 03:56:06.465 1009 2148 I thunderperf: CompatConfig.addOverrideUnsafe: bef-state=0
03-14 03:56:06.465 1009 2148 I thunderperf: CompatConfig.addOverrideUnsafe: aft-state=0
03-14 03:56:06.466 1009 2148 I thunderperf: CompatConfig.addOverrideUnsafe: bef-state=0
03-14 03:56:06.466 1009 2148 I thunderperf: CompatConfig.addOverrideUnsafe: aft-state=0
03-14 03:56:06.466 1009 2148 I thunderperf: CompatConfig.addOverrideUnsafe: bef-state=0
03-14 03:56:06.466 1009 2148 I thunderperf: CompatConfig.addOverrideUnsafe: aft-state=0
03-14 03:56:06.467 1009 2148 I thunderperf: CompatConfig.addOverrideUnsafe: bef-state=0
03-14 03:56:06.467 1009 2148 I thunderperf: CompatConfig.addOverrideUnsafe: aft-state=0
03-14 03:56:06.467 1009 2148 I thunderperf: CompatConfig.addOverrideUnsafe: bef-state=0
03-14 03:56:06.467 1009 2148 I thunderperf: CompatConfig.addOverrideUnsafe: aft-state=0
03-14 03:56:06.467 1009 2148 I thunderperf: CompatConfig.addOverrideUnsafe: bef-state=0
03-14 03:56:06.467 1009 2148 I thunderperf: CompatConfig.addOverrideUnsafe: aft-state=0
03-14 03:56:06.468 1009 2148 I thunderperf: CompatConfig.addOverrideUnsafe: bef-state=0
03-14 03:56:06.468 1009 2148 I thunderperf: CompatConfig.addOverrideUnsafe: aft-state=0
03-14 03:56:06.468 1009 2148 I thunderperf: CompatConfig.addOverrideUnsafe: bef-state=0
03-14 03:56:06.468 1009 2148 I thunderperf: CompatConfig.addOverrideUnsafe: aft-state=0
03-14 03:56:06.468 1009 2148 I thunderperf: CompatConfig.addOverrideUnsafe: bef-state=0
03-14 03:56:06.468 1009 2148 I thunderperf: CompatConfig.addOverrideUnsafe: aft-state=0
03-14 03:56:06.469 1009 2148 I thunderperf: CompatConfig.addOverrideUnsafe: bef-state=0
03-14 03:56:06.469 1009 2148 I thunderperf: CompatConfig.addOverrideUnsafe: aft-state=0
03-14 03:56:06.469 1009 2148 I thunderperf: CompatConfig.addOverrideUnsafe: bef-state=0
03-14 03:56:06.469 1009 2148 I thunderperf: CompatConfig.addOverrideUnsafe: aft-state=0
03-14 03:56:06.470 1009 2148 I thunderperf: CompatConfig.addOverrideUnsafe: bef-state=0
03-14 03:56:06.470 1009 2148 I thunderperf: CompatConfig.addOverrideUnsafe: aft-state=0
03-14 03:56:06.471 1009 2148 I thunderperf: CompatConfig.addOverrideUnsafe: bef-state=0
03-14 03:56:06.471 1009 2148 I thunderperf: CompatConfig.addOverrideUnsafe: aft-state=0
03-14 03:56:06.471 1009 2148 I thunderperf: CompatConfig.addOverrideUnsafe: bef-state=0
03-14 03:56:06.471 1009 2148 I thunderperf: CompatConfig.addOverrideUnsafe: aft-state=0
03-14 03:56:06.478 1009 2148 I ActivityTaskManager: START u0 {act=android.intent.action.MAIN cat=[android.intent.category.LAUNCHER] flg=0x10200000 cmp=com.android.music/.VideoBrowserActivity} from uid 10074
03-14 03:56:06.482 1009 2148 I wm_task_created: [141,-1]
03-14 03:56:06.482 1009 2148 W ActivityTaskManager: Can't find TaskDisplayArea to determine support for multi window. Task id=141 attached=false
03-14 03:56:06.483 1009 2148 D FreeFormWindowHelper: Add freeform task=Task{eb86310 #141 type=standard ?? U=0 visible=false mode=freeform translucent=true sz=0}
03-14 03:56:06.485 1009 2148 I wm_task_moved: [141,1,7]
03-14 03:56:06.485 1009 2148 I wm_task_to_front: [0,141]
03-14 03:56:06.485 1009 2148 I wm_create_task: [0,141]
03-14 03:56:06.485 1009 2148 I wm_create_activity: [0,116519471,141,com.android.music/.VideoBrowserActivity,android.intent.action.MAIN,NULL,NULL,270532608]
03-14 03:56:06.485 1009 2148 I wm_task_moved: [141,1,7]
03-14 03:56:06.486 1009 2148 I ActivityTaskManager: FOREGROUND_APPLICATION_CHANGED to com.android.music.VideoBrowserActivity
03-14 03:56:06.486 1009 2148 I ActivityTaskManager: The Process com.android.music Already Exists in BG. So sending its PID: 3708
03-14 03:56:06.486 1009 2148 W ActivityTaskManager: Tried to set launchTime (0) < mLastActivityLaunchTime (311059)
03-14 03:56:06.486 1009 2148 I wm_restart_activity: [0,116519471,141,com.android.music/.VideoBrowserActivity]
03-14 03:56:06.487 1009 2148 I wm_set_resumed_activity: [0,com.android.music/.VideoBrowserActivity,minimalResumeActivityLocked]
03-14 03:56:06.489 1009 2156 W ActivityManager: Receiver with filter android.content.IntentFilter@c28a03c already registered for pid 3708, callerPackage is com.android.music
03-14 03:56:06.491 2625 2625 I wm_on_top_resumed_lost_called: [196755772,com.android.launcher3.uioverrides.QuickstepLauncher,topStateChangedWhenResumed]
03-14 03:56:06.505 3708 3708 I wm_on_create_called: [116519471,com.android.music.VideoBrowserActivity,performCreate]
03-14 03:56:06.505 3708 3708 I wm_on_start_called: [116519471,com.android.music.VideoBrowserActivity,handleStartActivity]
03-14 03:56:06.506 3708 3708 I wm_on_resume_called: [116519471,com.android.music.VideoBrowserActivity,RESUME_ACTIVITY]
03-14 03:56:06.507 3708 3708 I wm_on_top_resumed_gained_called: [116519471,com.android.music.VideoBrowserActivity,topStateChangedWhenResumed]
03-14 03:56:06.515 1009 2178 W WindowManager: updateScale : 0.79357797
03-14 03:56:06.517 1009 1184 I input_focus: [Focus request 63b4ea0 com.android.music/com.android.music.VideoBrowserActivity,reason=UpdateInputWindows]
03-14 03:56:06.522 1009 1184 W WindowManager: updateScale : 0.79357797
03-14 03:56:06.524 1009 1184 W WindowManager: updateScale : 0.79357797
03-14 03:56:06.525 1009 1184 W WindowManager: updateScale : 0.79357797
03-14 03:56:06.525 1009 1180 I sysui_multi_action: [319,46,322,46,325,332,757,761,758,8,759,2,806,com.android.music,871,com.android.music.VideoBrowserActivity,904,com.android.launcher3,905,0,1320,4,1321,1]
03-14 03:56:06.525 1009 1180 I wm_activity_launch_time: [0,116519471,com.android.music/.VideoBrowserActivity,46]
03-14 03:56:06.532 1009 1587 I input_focus: [Focus leaving b68d17 com.android.launcher3/com.android.launcher3.uioverrides.QuickstepLauncher (server),reason=setFocusedWindow]
03-14 03:56:06.532 1009 1587 I input_focus: [Focus entering 63b4ea0 com.android.music/com.android.music.VideoBrowserActivity (server),reason=setFocusedWindow]
03-14 03:56:06.571 1009 1188 I am_pss : [7505,10064,com.android.gallery3d,35568640,29978624,0,158380032,0,16,6]
03-14 03:56:06.577 1009 1188 I am_pss : [7362,1000,system:ui,27329536,18239488,0,160301056,0,19,6]
03-14 03:56:06.691 6881 6881 I auditd : type=1400 audit(0.0:3371): avc: denied { open } for comm="HCDN_DownloadEn" path="/proc/stat" dev="proc" ino=4026532236 scontext=u:r:untrusted_app:s0:c102,c256,c512,c768 tcontext=u:object_r:proc_stat:s0 tclass=file permissive=1 app=com.qiyi.video
03-14 03:56:06.691 6881 6881 I auditd : type=1400 audit(0.0:3372): avc: denied { getattr } for comm="HCDN_DownloadEn" path="/proc/stat" dev="proc" ino=4026532236 scontext=u:r:untrusted_app:s0:c102,c256,c512,c768 tcontext=u:object_r:proc_stat:s0 tclass=file permissive=1 app=com.qiyi.video
03-14 03:56:06.799 1009 1184 W WindowManager: updateScale : 0.79357797
03-14 03:56:06.967 0 0 I auditd : type=1400 audit(0.0:3373): avc: denied { kill } for comm="swapper/0" capability=5 scontext=u:r:kernel:s0 tcontext=u:r:kernel:s0 tclass=capability permissive=1
03-14 03:56:07.284 1009 1587 I input_interaction: Interaction with: 63b4ea0 com.android.music/com.android.music.VideoBrowserActivity (server), edge-swipe (server), swipe-up (server), PointerEventDispatcher0 (server),
03-14 03:56:07.442 1009 2178 I ActivityTaskManager: START u0 {act=android.intent.action.VIEW dat=content://media/external/video/media/21 typ=video/mp4 cmp=android/com.android.internal.app.ResolverActivity (has extras)} from uid 10086
03-14 03:56:07.444 1009 2178 I wm_task_moved: [141,1,7]
03-14 03:56:07.444 1009 2178 I wm_set_resumed_activity: [0,com.android.music/.VideoBrowserActivity,positionChildAt]
03-14 03:56:07.444 1009 2178 I wm_create_activity: [0,101024682,141,android/com.android.internal.app.ResolverActivity,android.intent.action.VIEW,video/mp4,content://media/external/video/media/21,8388608]
03-14 03:56:07.444 1009 2178 I wm_pause_activity: [0,116519471,com.android.music/.VideoBrowserActivity,userLeaving=true,resumeTopActivityInnerLocked]
03-14 03:56:07.445 1009 2178 W WindowManager: updateScale : 0.79357797
03-14 03:56:07.447 3708 3708 I wm_on_top_resumed_lost_called: [116519471,com.android.music.VideoBrowserActivity,topStateChangedWhenResumed]
03-14 03:56:07.447 3708 3708 I wm_on_paused_called: [116519471,com.android.music.VideoBrowserActivity,performPause]
03-14 03:56:07.448 1009 2148 I ActivityTaskManager: FOREGROUND_APPLICATION_CHANGED to com.android.internal.app.ResolverActivity
03-14 03:56:07.448 1009 2148 I ActivityTaskManager: The Process system:ui Already Exists in BG. So sending its PID: 7362
03-14 03:56:07.448 1009 2148 W ActivityTaskManager: Tried to set launchTime (0) < mLastActivityLaunchTime (286823)
03-14 03:56:07.449 1009 2148 I wm_restart_activity: [0,101024682,141,android/com.android.internal.app.ResolverActivity]
03-14 03:56:07.450 1009 2148 I wm_set_resumed_activity: [0,android/com.android.internal.app.ResolverActivity,minimalResumeActivityLocked]
03-14 03:56:07.452 1009 1183 I sysui_multi_action: [757,803,799,window_time_0,802,2]
03-14 03:56:07.462 7362 7362 I sysui_multi_action: [757,453,758,4,806,android.intent.action.VIEW:video/mp4:]
03-14 03:56:07.462 7362 7362 I wm_on_create_called: [101024682,com.android.internal.app.ResolverActivity,performCreate]
03-14 03:56:07.464 7362 7362 I wm_on_start_called: [101024682,com.android.internal.app.ResolverActivity,handleStartActivity]
03-14 03:56:07.464 7362 7362 I wm_on_resume_called: [101024682,com.android.internal.app.ResolverActivity,RESUME_ACTIVITY]
03-14 03:56:07.466 7362 7362 I wm_on_top_resumed_gained_called: [101024682,com.android.internal.app.ResolverActivity,topStateChangedWhenResumed]
03-14 03:56:07.470 1009 2148 W WindowManager: updateScale : 0.79357797
03-14 03:56:07.470 1009 2148 W WindowManager: updateScale : 0.79357797
03-14 03:56:07.471 1009 1184 I input_focus: [Focus request cbe5950 android/com.android.internal.app.ResolverActivity,reason=UpdateInputWindows]
03-14 03:56:07.477 1009 1184 W WindowManager: updateScale : 0.79357797
03-14 03:56:07.477 1009 1184 W WindowManager: updateScale : 0.79357797
03-14 03:56:07.479 1009 1184 W WindowManager: updateScale : 0.79357797
03-14 03:56:07.479 1009 1184 W WindowManager: updateScale : 0.79357797
03-14 03:56:07.479 1009 1180 I sysui_multi_action: [319,36,322,36,325,333,757,761,758,8,759,2,806,android,871,com.android.internal.app.ResolverActivity,904,com.android.music,905,0,1320,12,1321,1]
03-14 03:56:07.480 1009 1180 I wm_activity_launch_time: [0,101024682,android/com.android.internal.app.ResolverActivity,36]
03-14 03:56:07.484 1009 1587 I input_focus: [Focus leaving 63b4ea0 com.android.music/com.android.music.VideoBrowserActivity (server),reason=setFocusedWindow]
03-14 03:56:07.484 1009 1587 I input_focus: [Focus entering cbe5950 android/com.android.internal.app.ResolverActivity (server),reason=setFocusedWindow]
03-14 03:56:07.552 1009 3052 W FreeFormWindowHelper: Current Display FreeFormTask is Task{eb86310 #141 type=standard A=10086:android.task.video U=0 visible=true mode=freeform translucent=false sz=2}
03-14 03:56:07.552 1009 3052 W FreeFormWindowHelper: Current Display FreeFormTask is Task{eb86310 #141 type=standard A=10086:android.task.video U=0 visible=true mode=freeform translucent=false sz=2}
03-14 03:56:08.068 1009 1184 W WindowManager: updateScale : 0.79357797
03-14 03:56:08.068 1009 1184 W WindowManager: updateScale : 0.79357797
03-14 03:56:08.565 1009 2881 E TaskPersister: File error accessing recents directory (directory doesn't exist?).
03-14 03:56:08.812 1009 1587 I input_interaction: Interaction with: cbe5950 android/com.android.internal.app.ResolverActivity (server), edge-swipe (server), swipe-up (server), PointerEventDispatcher0 (server),
03-14 03:56:08.935 1009 3052 I wm_finish_activity: [0,101024682,141,android/com.android.internal.app.ResolverActivity,app-request]
03-14 03:56:08.945 1009 3052 I wm_pause_activity: [0,101024682,android/com.android.internal.app.ResolverActivity,userLeaving=false,finish]
03-14 03:56:08.949 7362 7362 I wm_on_top_resumed_lost_called: [101024682,com.android.internal.app.ResolverActivity,topStateChangedWhenResumed]
03-14 03:56:08.952 7362 7362 I wm_on_paused_called: [101024682,com.android.internal.app.ResolverActivity,performPause]
03-14 03:56:08.954 1009 3052 I ActivityTaskManager: FOREGROUND_APPLICATION_CHANGED to com.android.music.VideoBrowserActivity
03-14 03:56:08.956 1009 3052 I wm_set_resumed_activity: [0,com.android.music/.VideoBrowserActivity,resumeTopActivityInnerLocked]
03-14 03:56:08.958 1009 3052 I wm_resume_activity: [0,116519471,141,com.android.music/.VideoBrowserActivity]
03-14 03:56:08.959 3708 3708 I wm_on_resume_called: [116519471,com.android.music.VideoBrowserActivity,RESUME_ACTIVITY]
03-14 03:56:08.959 3708 3708 I wm_on_top_resumed_gained_called: [116519471,com.android.music.VideoBrowserActivity,topWhenResuming]
03-14 03:56:08.960 1009 3052 W WindowManager: updateScale : 0.79357797
03-14 03:56:08.971 1009 3052 W WindowManager: updateScale : 0.79357797
03-14 03:56:08.973 1009 1587 I input_focus: [Focus leaving cbe5950 android/com.android.internal.app.ResolverActivity (server),reason=NO_WINDOW]
03-14 03:56:08.974 1009 1184 I input_focus: [Focus request 63b4ea0 com.android.music/com.android.music.VideoBrowserActivity,reason=UpdateInputWindows]
03-14 03:56:08.975 1009 1183 I sysui_multi_action: [757,803,799,window_time_2,802,2]
03-14 03:56:08.975 1009 2153 W WindowManager: updateScale : 0.79357797
03-14 03:56:08.989 1009 1587 I input_focus: [Focus entering 63b4ea0 com.android.music/com.android.music.VideoBrowserActivity (server),reason=setFocusedWindow]
03-14 03:56:09.062 1009 2148 W FreeFormWindowHelper: Current Display FreeFormTask is Task{eb86310 #141 type=standard A=10086:android.task.video U=0 visible=true mode=freeform translucent=false sz=2}
03-14 03:56:09.222 1009 1183 I wm_destroy_activity: [0,101024682,141,android/com.android.internal.app.ResolverActivity,finish-transit]
03-14 03:56:09.229 7362 7362 I wm_on_stop_called: [101024682,com.android.internal.app.ResolverActivity,LIFECYCLER_STOP_ACTIVITY]
03-14 03:56:09.231 7362 7362 I wm_on_destroy_called: [101024682,com.android.internal.app.ResolverActivity,performDestroy]
03-14 03:56:09.234 1009 2178 W WindowManager: updateScale : 0.79357797
03-14 03:56:09.238 1009 2178 W WindowManager: updateScale : 0.79357797
03-14 03:56:09.563 1009 1587 I input_interaction: Interaction with: 63b4ea0 com.android.music/com.android.music.VideoBrowserActivity (server), edge-swipe (server), swipe-up (server), PointerEventDispatcher0 (server),
01-01 08:05:38.323 0 0 E DTC_ETH,link_delay_work_func: 3003, SQI=0, link=0
03-14 03:56:10.083 1009 2178 I ActivityTaskManager: START u0 {act=android.intent.action.VIEW dat=content://media/external/video/media/21 typ=video/mp4 cmp=android/com.android.internal.app.ResolverActivity (has extras)} from uid 10086
03-14 03:56:10.087 1009 2178 I wm_task_moved: [141,1,7]
03-14 03:56:10.087 1009 2178 I wm_set_resumed_activity: [0,com.android.music/.VideoBrowserActivity,positionChildAt]
03-14 03:56:10.087 1009 2178 I wm_create_activity: [0,91697515,141,android/com.android.internal.app.ResolverActivity,android.intent.action.VIEW,video/mp4,content://media/external/video/media/21,8388608]
03-14 03:56:10.088 1009 2178 I wm_pause_activity: [0,116519471,com.android.music/.VideoBrowserActivity,userLeaving=true,resumeTopActivityInnerLocked]
03-14 03:56:10.089 1009 2178 W WindowManager: updateScale : 0.79357797
03-14 03:56:10.090 3708 3708 I wm_on_top_resumed_lost_called: [116519471,com.android.music.VideoBrowserActivity,topStateChangedWhenResumed]
03-14 03:56:10.090 3708 3708 I wm_on_paused_called: [116519471,com.android.music.VideoBrowserActivity,performPause]
03-14 03:56:10.091 1009 3052 I ActivityTaskManager: FOREGROUND_APPLICATION_CHANGED to com.android.internal.app.ResolverActivity
03-14 03:56:10.091 1009 3052 I ActivityTaskManager: The Process system:ui Already Exists in BG. So sending its PID: 7362
03-14 03:56:10.091 1009 3052 W ActivityTaskManager: Tried to set launchTime (0) < mLastActivityLaunchTime (333923)
03-14 03:56:10.092 1009 3052 I wm_restart_activity: [0,91697515,141,android/com.android.internal.app.ResolverActivity]
03-14 03:56:10.093 1009 3052 I wm_set_resumed_activity: [0,android/com.android.internal.app.ResolverActivity,minimalResumeActivityLocked]
03-14 03:56:10.095 1009 1183 I sysui_multi_action: [757,803,799,window_time_2,802,1]
03-14 03:56:10.106 7362 7362 I sysui_multi_action: [757,453,758,4,806,android.intent.action.VIEW:video/mp4:]
03-14 03:56:10.106 7362 7362 I wm_on_create_called: [91697515,com.android.internal.app.ResolverActivity,performCreate]
03-14 03:56:10.108 7362 7362 I wm_on_start_called: [91697515,com.android.internal.app.ResolverActivity,handleStartActivity]
03-14 03:56:10.108 7362 7362 I wm_on_resume_called: [91697515,com.android.internal.app.ResolverActivity,RESUME_ACTIVITY]
03-14 03:56:10.110 7362 7362 I wm_on_top_resumed_gained_called: [91697515,com.android.internal.app.ResolverActivity,topStateChangedWhenResumed]
03-14 03:56:10.126 1009 2178 W WindowManager: updateScale : 0.79357797
03-14 03:56:10.126 1009 2178 W WindowManager: updateScale : 0.79357797
03-14 03:56:10.127 1009 1184 I input_focus: [Focus request e7d3399 android/com.android.internal.app.ResolverActivity,reason=UpdateInputWindows]
03-14 03:56:10.132 1009 1184 W WindowManager: updateScale : 0.79357797
03-14 03:56:10.132 1009 1184 W WindowManager: updateScale : 0.79357797
03-14 03:56:10.134 1009 1184 W WindowManager: updateScale : 0.79357797
03-14 03:56:10.134 1009 1184 W WindowManager: updateScale : 0.79357797
03-14 03:56:10.134 1009 1180 I sysui_multi_action: [319,53,322,53,325,336,757,761,758,8,759,2,806,android,871,com.android.internal.app.ResolverActivity,904,com.android.music,905,0,1320,12,1321,1]
03-14 03:56:10.135 1009 1180 I wm_activity_launch_time: [0,91697515,android/com.android.internal.app.ResolverActivity,53]
03-14 03:56:10.142 1009 1587 I input_focus: [Focus leaving 63b4ea0 com.android.music/com.android.music.VideoBrowserActivity (server),reason=setFocusedWindow]
03-14 03:56:10.142 1009 1587 I input_focus: [Focus entering e7d3399 android/com.android.internal.app.ResolverActivity (server),reason=setFocusedWindow]
03-14 03:56:10.195 1009 2178 W FreeFormWindowHelper: Current Display FreeFormTask is Task{eb86310 #141 type=standard A=10086:android.task.video U=0 visible=true mode=freeform translucent=false sz=2}
03-14 03:56:10.732 1009 1184 W WindowManager: updateScale : 0.79357797
03-14 03:56:10.732 1009 1184 W WindowManager: updateScale : 0.79357797
03-14 03:56:11.200 1009 1587 I input_interaction: Interaction with: e7d3399 android/com.android.internal.app.ResolverActivity (server), edge-swipe (server), swipe-up (server), PointerEventDispatcher0 (server),
03-14 03:56:11.858 7362 7362 I sysui_multi_action: [757,1651,758,4,759,0]
03-14 03:56:12.928 1009 2153 I ActivityTaskManager: START u0 {act=android.intent.action.VIEW dat=content://media/external/video/media/21 typ=video/mp4 flg=0x3000000 cmp=com.android.gallery3d/.app.MovieActivity (has extras)} from uid 10086
03-14 03:56:12.934 1009 2153 I wm_task_moved: [141,1,7]
03-14 03:56:12.934 1009 2153 I wm_set_resumed_activity: [0,android/com.android.internal.app.ResolverActivity,positionChildAt]
03-14 03:56:12.934 1009 2153 I wm_create_activity: [0,257016139,141,com.android.gallery3d/.app.MovieActivity,android.intent.action.VIEW,video/mp4,content://media/external/video/media/21,50331648]
03-14 03:56:12.935 1009 2153 I wm_pause_activity: [0,91697515,android/com.android.internal.app.ResolverActivity,userLeaving=true,resumeTopActivityInnerLocked]
03-14 03:56:12.935 1009 2153 W WindowManager: updateScale : 0.79357797
03-14 03:56:12.935 1009 2153 W WindowManager: updateScale : 0.79357797
03-14 03:56:12.936 7362 7362 I sysui_multi_action: [757,455,758,4]
03-14 03:56:12.936 7362 7362 I sysui_multi_action: [757,454,758,4]
03-14 03:56:12.937 1009 2153 I wm_finish_activity: [0,91697515,141,android/com.android.internal.app.ResolverActivity,app-request]
03-14 03:56:12.941 7362 7362 I wm_on_top_resumed_lost_called: [91697515,com.android.internal.app.ResolverActivity,topStateChangedWhenResumed]
03-14 03:56:12.941 7362 7362 I wm_on_paused_called: [91697515,com.android.internal.app.ResolverActivity,performPause]
03-14 03:56:12.941 1009 2153 I wm_add_to_stopping: [0,91697515,android/com.android.internal.app.ResolverActivity,completeFinishing]
03-14 03:56:12.941 1009 2153 I ActivityTaskManager: FOREGROUND_APPLICATION_CHANGED to com.android.gallery3d.app.MovieActivity
03-14 03:56:12.942 1009 2153 I ActivityTaskManager: The Process com.android.gallery3d Already Exists in BG. So sending its PID: 7505
03-14 03:56:12.942 1009 2153 W ActivityTaskManager: Tried to set launchTime (0) < mLastActivityLaunchTime (193878)
03-14 03:56:12.942 1009 2153 I wm_restart_activity: [0,257016139,141,com.android.gallery3d/.app.MovieActivity]
03-14 03:56:12.943 1009 2153 I wm_set_resumed_activity: [0,com.android.gallery3d/.app.MovieActivity,minimalResumeActivityLocked]
03-14 03:56:12.944 1009 2153 W WindowManager: updateScale : 0.79357797
03-14 03:56:12.945 1009 1183 I sysui_multi_action: [757,803,799,window_time_2,802,3]
03-14 03:56:12.961 7505 7505 I wm_on_create_called: [257016139,com.android.gallery3d.app.MovieActivity,performCreate]
03-14 03:56:12.963 1009 1587 I input_focus: [Focus leaving e7d3399 android/com.android.internal.app.ResolverActivity (server),reason=NO_WINDOW]
03-14 03:56:12.963 7505 7505 I wm_on_start_called: [257016139,com.android.gallery3d.app.MovieActivity,handleStartActivity]
03-14 03:56:12.964 7505 7505 I wm_on_resume_called: [257016139,com.android.gallery3d.app.MovieActivity,RESUME_ACTIVITY]
03-14 03:56:12.965 1009 2178 W WindowManager: Failed looking up window session=Session{d5ac6aa 7505:u0a10064} callers=com.android.server.wm.WindowManagerService.windowForClientLocked:5628 com.android.server.wm.Session.insetsModified:629 android.view.IWindowSession$Stub.onTransact:1151
03-14 03:56:12.966 7505 7505 I wm_on_top_resumed_gained_called: [257016139,com.android.gallery3d.app.MovieActivity,topStateChangedWhenResumed]
03-14 03:56:12.981 1009 2178 W WindowManager: updateScale : 0.79357797
03-14 03:56:12.981 1009 2178 W WindowManager: updateScale : 0.79357797
03-14 03:56:12.982 1009 1184 I input_focus: [Focus request 1c87279 com.android.gallery3d/com.android.gallery3d.app.MovieActivity,reason=UpdateInputWindows]
03-14 03:56:12.996 1009 1184 W WindowManager: updateScale : 0.79357797
03-14 03:56:12.996 1009 1184 W WindowManager: updateScale : 0.79357797
03-14 03:56:13.011 1009 1184 W WindowManager: updateScale : 0.79357797
03-14 03:56:13.011 1009 1184 W WindowManager: updateScale : 0.79357797
03-14 03:56:13.015 1009 1184 W WindowManager: updateScale : 0.79357797
03-14 03:56:13.015 1009 1184 W WindowManager: updateScale : 0.79357797
03-14 03:56:13.016 1009 1180 I sysui_multi_action: [319,86,322,86,325,339,757,761,758,8,759,2,806,com.android.gallery3d,871,com.android.gallery3d.app.MovieActivity,904,com.android.music,905,0,1320,4,1321,1]
03-14 03:56:13.016 1009 1180 I wm_activity_launch_time: [0,257016139,com.android.gallery3d/.app.MovieActivity,86]
03-14 03:56:13.031 1009 1587 I input_focus: [Focus entering 1c87279 com.android.gallery3d/com.android.gallery3d.app.MovieActivity (server),reason=Window became focusable. Previous reason: NOT_VISIBLE]
03-14 03:56:13.048 1009 2156 W FreeFormWindowHelper: Current Display FreeFormTask is Task{eb86310 #141 type=standard A=10086:android.task.video U=0 visible=true mode=freeform translucent=false sz=3}
01-01 08:05:41.752 0 0 I msm_vidc: high: 00000001: ....d: Opening video instance: 0000000000000000, 1
01-01 08:05:41.753 0 0 I msm_vidc: err : 00000001: ....d: Failed to create debugfs for msm_vidc
03-14 03:56:13.219 5866 5866 I auditd : type=1400 audit(0.0:3374): avc: denied { open } for comm="HCDN_DownloadEn" path="/proc/stat" dev="proc" ino=4026532236 scontext=u:r:untrusted_app:s0:c102,c256,c512,c768 tcontext=u:object_r:proc_stat:s0 tclass=file permissive=1 app=com.qiyi.video
03-14 03:56:13.219 5866 5866 I auditd : type=1400 audit(0.0:3375): avc: denied { getattr } for comm="HCDN_DownloadEn" path="/proc/stat" dev="proc" ino=4026532236 scontext=u:r:untrusted_app:s0:c102,c256,c512,c768 tcontext=u:object_r:proc_stat:s0 tclass=file permissive=1 app=com.qiyi.video
03-14 03:56:13.234 1009 2178 W WindowManager: updateScale : 0.79357797
03-14 03:56:13.234 1009 2178 W WindowManager: updateScale : 0.79357797
03-14 03:56:13.300 1009 1184 W WindowManager: updateScale : 0.79357797
03-14 03:56:13.300 1009 1184 W WindowManager: updateScale : 0.79357797
03-14 03:56:13.303 1009 1183 I wm_destroy_activity: [0,91697515,141,android/com.android.internal.app.ResolverActivity,finish-imm:idle]
03-14 03:56:13.314 7362 7362 I wm_on_stop_called: [91697515,com.android.internal.app.ResolverActivity,LIFECYCLER_STOP_ACTIVITY]
03-14 03:56:13.318 7362 7362 I wm_on_destroy_called: [91697515,com.android.internal.app.ResolverActivity,performDestroy]
03-14 03:56:13.320 1009 2148 W WindowManager: updateScale : 0.79357797
03-14 03:56:13.320 1009 2148 W WindowManager: updateScale : 0.79357797
03-14 03:56:13.967 0 0 I auditd : type=1400 audit(0.0:3376): avc: denied { kill } for comm="swapper/7" capability=5 scontext=u:r:kernel:s0 tcontext=u:r:kernel:s0 tclass=capability permissive=1
03-14 03:56:14.011 1009 1587 I input_interaction: Interaction with: 1c87279 com.android.gallery3d/com.android.gallery3d.app.MovieActivity (server), edge-swipe (server), swipe-up (server), PointerEventDispatcher0 (server),
03-14 03:56:14.019 1009 2148 W WindowManager: updateScale : 0.79357797
03-14 03:56:14.020 1009 2148 W WindowManager: updateScale : 0.79357797
03-14 03:56:14.020 1009 2148 W WindowManager: updateScale : 0.79357797
03-14 03:56:14.020 1009 2148 W WindowManager: updateScale : 0.79357797
01-01 08:05:43.443 0 0 E DTC_ETH,link_delay_work_func: 3003, SQI=0, link=0
03-14 03:56:14.825 1009 1698 I GameModeConfig: isGameModeOn = false
01-01 08:05:44.117 0 0 I msm_vidc: err : ffffffff: .....: DBLP Set: status 0
03-14 03:56:15.552 1009 2148 W WindowManager: updateScale : 0.79357797
03-14 03:56:15.552 1009 2148 W WindowManager: updateScale : 0.79357797
03-14 03:56:15.941 1009 2881 E TaskPersister: File error accessing recents directory (directory doesn't exist?).
03-14 03:56:16.304 1009 2178 W WindowManager: updateScale : 0.79357797
03-14 03:56:16.304 1009 2178 W WindowManager: updateScale : 0.79357797
03-14 03:56:17.566 1009 2178 W WindowManager: updateScale : 0.79357797
03-14 03:56:17.566 1009 2178 W WindowManager: updateScale : 0.79357797
03-14 03:56:18.495 1009 2153 W WindowManager: updateScale : 0.79357797
03-14 03:56:18.495 1009 2153 W WindowManager: updateScale : 0.79357797
01-01 08:05:48.563 0 0 E DTC_ETH,link_delay_work_func: 3003, SQI=0, link=0
03-14 03:56:20.585 1009 1185 I ActivityTaskManager: clear resize flag in freeform mode
03-14 03:56:20.585 1009 1185 I ActivityTaskManager: clear resize flag in freeform mode
03-14 03:56:20.586 1009 1185 W WindowManager: updateScale : 0.7308869
03-14 03:56:20.586 1009 1185 W WindowManager: updateScale : 0.7308869
03-14 03:56:20.587 1009 1185 W WindowManager: updateScale : 0.7308869
03-14 03:56:20.587 1009 1185 W WindowManager: updateScale : 0.7308869
03-14 03:56:20.588 1009 2153 W ActivityManager: Receiver with filter android.content.IntentFilter@5e77df7 already registered for pid 3708, callerPackage is com.android.music
03-14 03:56:20.597 1009 2153 W WindowManager: updateScale : 0.7308869
03-14 03:56:20.597 1009 2153 W WindowManager: updateScale : 0.7308869
03-14 03:56:20.605 1009 1185 I ActivityTaskManager: clear resize flag in freeform mode
03-14 03:56:20.605 1009 1185 I ActivityTaskManager: clear resize flag in freeform mode
03-14 03:56:20.606 1009 1185 W WindowManager: updateScale : 0.675841
03-14 03:56:20.606 1009 1185 W WindowManager: updateScale : 0.675841
03-14 03:56:20.613 1009 2153 W WindowManager: updateScale : 0.675841
03-14 03:56:20.613 1009 2153 W WindowManager: updateScale : 0.675841
03-14 03:56:20.618 1009 2153 W ActivityManager: Receiver with filter android.content.IntentFilter@ffc1464 already registered for pid 3708, callerPackage is com.android.music
03-14 03:56:20.622 1009 1185 I ActivityTaskManager: clear resize flag in freeform mode
03-14 03:56:20.623 1009 1185 I ActivityTaskManager: clear resize flag in freeform mode
03-14 03:56:20.623 1009 1185 W WindowManager: updateScale : 0.6284404
03-14 03:56:20.623 1009 1185 W WindowManager: updateScale : 0.6284404
03-14 03:56:20.629 1009 2148 W WindowManager: updateScale : 0.6284404
03-14 03:56:20.629 1009 2148 W WindowManager: updateScale : 0.6284404
03-14 03:56:20.635 1009 2153 W ActivityManager: Receiver with filter android.content.IntentFilter@5e356cd already registered for pid 3708, callerPackage is com.android.music
03-14 03:56:20.636 1009 1185 I ActivityTaskManager: clear resize flag in freeform mode
03-14 03:56:20.636 1009 1185 I ActivityTaskManager: clear resize flag in freeform mode
03-14 03:56:20.637 1009 1185 W WindowManager: updateScale : 0.5902141
03-14 03:56:20.637 1009 1185 W WindowManager: updateScale : 0.5902141
03-14 03:56:20.642 1009 2153 W ActivityManager: Receiver with filter android.content.IntentFilter@5cc9b82 already registered for pid 3708, callerPackage is com.android.music
03-14 03:56:20.646 1009 2153 W WindowManager: updateScale : 0.5902141
03-14 03:56:20.646 1009 2153 W WindowManager: updateScale : 0.5902141
03-14 03:56:20.648 1009 2148 W WindowManager: updateScale : 0.5902141
03-14 03:56:20.648 1009 2148 W WindowManager: updateScale : 0.5902141
03-14 03:56:20.652 1009 1185 I ActivityTaskManager: clear resize flag in freeform mode
03-14 03:56:20.652 1009 1185 I ActivityTaskManager: clear resize flag in freeform mode
03-14 03:56:20.652 1009 1185 W WindowManager: updateScale : 0.56116205
03-14 03:56:20.652 1009 1185 W WindowManager: updateScale : 0.56116205
03-14 03:56:20.664 1009 2153 W WindowManager: updateScale : 0.56116205
03-14 03:56:20.664 1009 2153 W WindowManager: updateScale : 0.56116205
03-14 03:56:20.667 1009 2153 W ActivityManager: Receiver with filter android.content.IntentFilter@80c0293 already registered for pid 3708, callerPackage is com.android.music
03-14 03:56:20.669 1009 1185 I ActivityTaskManager: clear resize flag in freeform mode
03-14 03:56:20.669 1009 1185 I ActivityTaskManager: clear resize flag in freeform mode
03-14 03:56:20.669 1009 1185 W WindowManager: updateScale : 0.5351682
03-14 03:56:20.669 1009 1185 W WindowManager: updateScale : 0.5351682
03-14 03:56:20.675 1009 2153 W ActivityManager: Receiver with filter android.content.IntentFilter@69812d0 already registered for pid 3708, callerPackage is com.android.music
03-14 03:56:20.680 1009 2153 W WindowManager: updateScale : 0.5351682
03-14 03:56:20.680 1009 2153 W WindowManager: updateScale : 0.5351682
03-14 03:56:20.681 1009 2148 W WindowManager: updateScale : 0.5351682
03-14 03:56:20.681 1009 2148 W WindowManager: updateScale : 0.5351682
03-14 03:56:20.685 1009 1185 I ActivityTaskManager: clear resize flag in freeform mode
03-14 03:56:20.686 1009 1185 I ActivityTaskManager: clear resize flag in freeform mode
03-14 03:56:20.686 1009 1185 W WindowManager: updateScale : 0.5152905
03-14 03:56:20.686 1009 1185 W WindowManager: updateScale : 0.5152905
03-14 03:56:20.696 1009 2148 W WindowManager: updateScale : 0.5152905
03-14 03:56:20.696 1009 2148 W WindowManager: updateScale : 0.5152905
03-14 03:56:20.698 1009 2153 W ActivityManager: Receiver with filter android.content.IntentFilter@15b92c9 already registered for pid 3708, callerPackage is com.android.music
03-14 03:56:20.702 1009 1185 I ActivityTaskManager: clear resize flag in freeform mode
03-14 03:56:20.702 1009 1185 I ActivityTaskManager: clear resize flag in freeform mode
03-14 03:56:20.703 1009 1185 W WindowManager: updateScale : 0.5
03-14 03:56:20.703 1009 1185 W WindowManager: updateScale : 0.5
03-14 03:56:20.708 1009 2153 W ActivityManager: Receiver with filter android.content.IntentFilter@b2cedce already registered for pid 3708, callerPackage is com.android.music
03-14 03:56:20.713 1009 2153 W WindowManager: updateScale : 0.5
03-14 03:56:20.713 1009 2153 W WindowManager: updateScale : 0.5
03-14 03:56:20.719 1009 1185 I ActivityTaskManager: clear resize flag in freeform mode
03-14 03:56:20.719 1009 1185 I ActivityTaskManager: clear resize flag in freeform mode
03-14 03:56:20.719 1009 1185 W WindowManager: updateScale : 0.48776758
03-14 03:56:20.719 1009 1185 W WindowManager: updateScale : 0.48776758
03-14 03:56:20.722 1009 2153 W ActivityManager: Receiver with filter android.content.IntentFilter@dea34ef already registered for pid 3708, callerPackage is com.android.music
03-14 03:56:20.730 1009 2153 W WindowManager: updateScale : 0.48776758
03-14 03:56:20.730 1009 2153 W WindowManager: updateScale : 0.48776758
03-14 03:56:20.732 1009 2148 W WindowManager: updateScale : 0.48776758
03-14 03:56:20.732 1009 2148 W WindowManager: updateScale : 0.48776758
03-14 03:56:20.735 1009 1185 I ActivityTaskManager: clear resize flag in freeform mode
03-14 03:56:20.736 1009 1185 I ActivityTaskManager: clear resize flag in freeform mode
03-14 03:56:20.736 1009 1185 W WindowManager: updateScale : 0.47859326
03-14 03:56:20.736 1009 1185 W WindowManager: updateScale : 0.47859326
03-14 03:56:20.746 1009 2153 W WindowManager: updateScale : 0.47859326
03-14 03:56:20.746 1009 2153 W WindowManager: updateScale : 0.47859326
03-14 03:56:20.748 1009 2148 W ActivityManager: Receiver with filter android.content.IntentFilter@8b38bfc already registered for pid 3708, callerPackage is com.android.music
03-14 03:56:20.752 1009 1185 I ActivityTaskManager: clear resize flag in freeform mode
03-14 03:56:20.752 1009 1185 I ActivityTaskManager: clear resize flag in freeform mode
03-14 03:56:20.753 1009 1185 W WindowManager: updateScale : 0.470948
03-14 03:56:20.753 1009 1185 W WindowManager: updateScale : 0.470948
03-14 03:56:20.758 1009 2153 W ActivityManager: Receiver with filter android.content.IntentFilter@a019285 already registered for pid 3708, callerPackage is com.android.music
03-14 03:56:20.763 1009 2153 W WindowManager: updateScale : 0.470948
03-14 03:56:20.763 1009 2153 W WindowManager: updateScale : 0.470948
03-14 03:56:20.765 1009 2148 W WindowManager: updateScale : 0.470948
03-14 03:56:20.765 1009 2148 W WindowManager: updateScale : 0.470948
03-14 03:56:20.769 1009 1185 I ActivityTaskManager: clear resize flag in freeform mode
03-14 03:56:20.770 1009 1185 I ActivityTaskManager: clear resize flag in freeform mode
03-14 03:56:20.770 1009 1185 W WindowManager: updateScale : 0.46636087
03-14 03:56:20.770 1009 1185 W WindowManager: updateScale : 0.46636087
03-14 03:56:20.780 1009 2148 W WindowManager: updateScale : 0.46636087
03-14 03:56:20.780 1009 2148 W WindowManager: updateScale : 0.46636087
03-14 03:56:20.782 1009 2153 W ActivityManager: Receiver with filter android.content.IntentFilter@52e18da already registered for pid 3708, callerPackage is com.android.music
03-14 03:56:20.785 1009 1185 I ActivityTaskManager: clear resize flag in freeform mode
03-14 03:56:20.786 1009 1185 I ActivityTaskManager: clear resize flag in freeform mode
03-14 03:56:20.786 1009 1185 W WindowManager: updateScale : 0.4617737
03-14 03:56:20.786 1009 1185 W WindowManager: updateScale : 0.4617737
03-14 03:56:20.792 1009 2153 W ActivityManager: Receiver with filter android.content.IntentFilter@2cf310b already registered for pid 3708, callerPackage is com.android.music
03-14 03:56:20.797 1009 2153 W WindowManager: updateScale : 0.4617737
03-14 03:56:20.797 1009 2153 W WindowManager: updateScale : 0.4617737
03-14 03:56:20.799 1009 2148 W WindowManager: updateScale : 0.4617737
03-14 03:56:20.799 1009 2148 W WindowManager: updateScale : 0.4617737
03-14 03:56:20.802 1009 1185 I ActivityTaskManager: clear resize flag in freeform mode
03-14 03:56:20.803 1009 1185 I ActivityTaskManager: clear resize flag in freeform mode
03-14 03:56:20.803 1009 1185 W WindowManager: updateScale : 0.46024466
03-14 03:56:20.803 1009 1185 W WindowManager: updateScale : 0.46024466
03-14 03:56:20.813 1009 2153 W WindowManager: updateScale : 0.46024466
03-14 03:56:20.813 1009 2153 W WindowManager: updateScale : 0.46024466
03-14 03:56:20.816 1009 2148 W ActivityManager: Receiver with filter android.content.IntentFilter@cab6be8 already registered for pid 3708, callerPackage is com.android.music
03-14 03:56:20.819 1009 1185 I ActivityTaskManager: clear resize flag in freeform mode
03-14 03:56:20.819 1009 1185 I ActivityTaskManager: clear resize flag in freeform mode
03-14 03:56:20.819 1009 1185 W WindowManager: updateScale : 0.4587156
03-14 03:56:20.820 1009 1185 W WindowManager: updateScale : 0.4587156
03-14 03:56:20.825 1009 2148 W ActivityManager: Receiver with filter android.content.IntentFilter@d4dd201 already registered for pid 3708, callerPackage is com.android.music
03-14 03:56:20.830 1009 2148 W WindowManager: updateScale : 0.4587156
03-14 03:56:20.830 1009 2148 W WindowManager: updateScale : 0.4587156
03-14 03:56:20.832 1009 2153 W WindowManager: updateScale : 0.4587156
03-14 03:56:20.832 1009 2153 W WindowManager: updateScale : 0.4587156
03-14 03:56:20.835 1009 1185 I ActivityTaskManager: clear resize flag in freeform mode
03-14 03:56:20.835 1009 1185 I ActivityTaskManager: clear resize flag in freeform mode
03-14 03:56:20.836 1009 1185 W WindowManager: updateScale : 0.45718655
03-14 03:56:20.836 1009 1185 W WindowManager: updateScale : 0.45718655
03-14 03:56:20.847 1009 2153 W WindowManager: updateScale : 0.45718655
03-14 03:56:20.847 1009 2153 W WindowManager: updateScale : 0.45718655
03-14 03:56:20.849 1009 2148 W ActivityManager: Receiver with filter android.content.IntentFilter@de4e8a6 already registered for pid 3708, callerPackage is com.android.music
03-14 03:56:20.852 1009 1185 I ActivityTaskManager: clear resize flag in freeform mode
03-14 03:56:20.852 1009 1185 I ActivityTaskManager: clear resize flag in freeform mode
03-14 03:56:20.853 1009 1185 W WindowManager: updateScale : 0.45565748
03-14 03:56:20.853 1009 1185 W WindowManager: updateScale : 0.45565748
03-14 03:56:20.858 1009 2148 W ActivityManager: Receiver with filter android.content.IntentFilter@fbdd2e7 already registered for pid 3708, callerPackage is com.android.music
03-14 03:56:20.863 1009 2148 W WindowManager: updateScale : 0.45565748
03-14 03:56:20.864 1009 2148 W WindowManager: updateScale : 0.45565748
03-14 03:56:20.866 1009 2153 W WindowManager: updateScale : 0.45565748
03-14 03:56:20.866 1009 2153 W WindowManager: updateScale : 0.45565748
03-14 03:56:20.869 1009 1185 I ActivityTaskManager: clear resize flag in freeform mode
03-14 03:56:20.869 1009 1185 I ActivityTaskManager: clear resize flag in freeform mode
03-14 03:56:20.869 1009 1185 W WindowManager: updateScale : 0.45565748
03-14 03:56:20.870 1009 1185 W WindowManager: updateScale : 0.45565748
03-14 03:56:20.880 1009 2153 W WindowManager: updateScale : 0.45565748
03-14 03:56:20.880 1009 2153 W WindowManager: updateScale : 0.45565748
03-14 03:56:20.897 1009 2153 W WindowManager: updateScale : 0.45565748
03-14 03:56:20.897 1009 2153 W WindowManager: updateScale : 0.45565748
03-14 03:56:20.899 1009 2148 W WindowManager: updateScale : 0.45565748
03-14 03:56:20.899 1009 2148 W WindowManager: updateScale : 0.45565748
03-14 03:56:21.601 1009 2153 W WindowManager: updateScale : 0.45565748
03-14 03:56:21.601 1009 2153 W WindowManager: updateScale : 0.45565748
03-14 03:56:21.602 1009 2153 W WindowManager: updateScale : 0.45565748
03-14 03:56:21.602 1009 2153 W WindowManager: updateScale : 0.45565748
03-14 03:56:21.790 1009 2153 D FreeFormWindowHelper: Remove freefrom task=Task{eb86310 #141 type=standard A=10086:android.task.video U=0 visible=true mode=fullscreen translucent=false sz=2}
03-14 03:56:21.794 1009 2148 W ActivityManager: Receiver with filter android.content.IntentFilter@10ab683 already registered for pid 3708, callerPackage is com.android.music
03-14 03:56:21.813 1009 2153 I wm_relaunch_resume_activity: [0,257016139,141,com.android.gallery3d/.app.MovieActivity]
03-14 03:56:21.814 1009 2153 I wm_add_to_stopping: [0,116519471,com.android.music/.VideoBrowserActivity,makeInvisible]
03-14 03:56:21.814 1009 2153 I wm_add_to_stopping: [0,196755772,com.android.launcher3/.uioverrides.QuickstepLauncher,makeInvisible]
03-14 03:56:21.816 1009 1183 I wm_relaunch_activity: [0,116519471,141,com.android.music/.VideoBrowserActivity]
03-14 03:56:21.828 3708 3708 I wm_on_stop_called: [116519471,com.android.music.VideoBrowserActivity,handleRelaunchActivity]
03-14 03:56:21.829 1009 3052 W WindowManager: Attempted to set replacing window on app token with no content Token{4b66bd3 ActivityRecord{6f1f22f u0 com.android.music/.VideoBrowserActivity t141}}
03-14 03:56:21.832 3708 3708 I wm_on_destroy_called: [116519471,com.android.music.VideoBrowserActivity,performDestroy]
03-14 03:56:21.834 7505 7505 I wm_on_top_resumed_lost_called: [257016139,com.android.gallery3d.app.MovieActivity,pausing]
03-14 03:56:21.834 1009 2153 W WindowManager: Attempted to set replacing window on app token with no content Token{d5bc21a ActivityRecord{f51c14b u0 com.android.gallery3d/.app.MovieActivity t141}}
03-14 03:56:21.856 3708 3708 I wm_on_create_called: [116519471,com.android.music.VideoBrowserActivity,performCreate]
03-14 03:56:21.856 3708 3708 I wm_on_start_called: [116519471,com.android.music.VideoBrowserActivity,handleStartActivity]
03-14 03:56:21.858 3708 3708 I wm_on_resume_called: [116519471,com.android.music.VideoBrowserActivity,LIFECYCLER_RESUME_ACTIVITY]
03-14 03:56:21.859 3708 3708 I wm_on_paused_called: [116519471,com.android.music.VideoBrowserActivity,performPause]
01-01 08:05:50.570 0 0 I msm_vidc: high: 00000001: h264d: Closed video instance: 0000000000000000
03-14 03:56:21.875 1009 2153 I WindowManager: finishDrawing of relaunch: Window{63b4ea0 u0 com.android.music/com.android.music.VideoBrowserActivity} 60ms
03-14 03:56:21.876 7505 7505 I wm_on_paused_called: [257016139,com.android.gallery3d.app.MovieActivity,performPause]
03-14 03:56:21.877 7505 7505 I wm_on_stop_called: [257016139,com.android.gallery3d.app.MovieActivity,handleRelaunchActivity]
03-14 03:56:21.877 7505 7505 I wm_on_destroy_called: [257016139,com.android.gallery3d.app.MovieActivity,performDestroy]
03-14 03:56:21.896 7505 7505 I wm_on_create_called: [257016139,com.android.gallery3d.app.MovieActivity,performCreate]
03-14 03:56:21.898 7505 7505 I wm_on_start_called: [257016139,com.android.gallery3d.app.MovieActivity,handleStartActivity]
03-14 03:56:21.901 7505 7505 I wm_on_resume_called: [257016139,com.android.gallery3d.app.MovieActivity,RESUME_ACTIVITY]
03-14 03:56:21.901 7505 7505 I wm_on_top_resumed_gained_called: [257016139,com.android.gallery3d.app.MovieActivity,topWhenResuming]
03-14 03:56:21.932 1009 2153 I WindowManager: finishDrawing of relaunch: Window{1c87279 u0 com.android.gallery3d/com.android.gallery3d.app.MovieActivity} 120ms
03-14 03:56:21.967 1009 2178 I snet_event_log: [172655291,-1,]
01-01 08:05:50.694 0 0 I msm_vidc: high: 00000001: ....d: Opening video instance: 0000000000000000, 1
01-01 08:05:50.694 0 0 I msm_vidc: err : 00000001: ....d: Failed to create debugfs for msm_vidc
03-14 03:56:22.174 1009 1183 I wm_stop_activity: [0,196755772,com.android.launcher3/.uioverrides.QuickstepLauncher]
03-14 03:56:22.208 2625 2625 I wm_on_paused_called: [196755772,com.android.launcher3.uioverrides.QuickstepLauncher,performPause]
03-14 03:56:22.212 2625 2625 I wm_on_stop_called: [196755772,com.android.launcher3.uioverrides.QuickstepLauncher,STOP_ACTIVITY_ITEM]
03-14 03:56:22.983 1009 1218 I commit_sys_config_file: [package-user-0,8]
03-14 03:56:23.543 5866 5866 I auditd : type=1400 audit(0.0:3377): avc: denied { open } for comm="HCDN_DownloadEn" path="/proc/stat" dev="proc" ino=4026532236 scontext=u:r:untrusted_app:s0:c102,c256,c512,c768 tcontext=u:object_r:proc_stat:s0 tclass=file permissive=1 app=com.qiyi.video
03-14 03:56:23.543 5866 5866 I auditd : type=1400 audit(0.0:3378): avc: denied { getattr } for comm="HCDN_DownloadEn" path="/proc/stat" dev="proc" ino=4026532236 scontext=u:r:untrusted_app:s0:c102,c256,c512,c768 tcontext=u:object_r:proc_stat:s0 tclass=file permissive=1 app=com.qiyi.video
01-01 08:05:53.683 0 0 E DTC_ETH,link_delay_work_func: 3003, SQI=0, link=0
03-14 03:56:28.470 7505 7505 I view_enqueue_input_event: [Motion - Cancel,com.android.gallery3d/com.android.gallery3d.app.MovieActivity]
03-14 03:56:28.483 1009 1587 I input_interaction: Interaction with: edge-swipe (server), swipe-up (server), PointerEventDispatcher0 (server),
03-14 03:56:28.829 1009 3052 I sysui_multi_action: [757,803,799,key_back_press,802,1]
03-14 03:56:28.831 1009 1181 D AutofillManagerService: onBackKeyPressed()
03-14 03:56:28.831 1009 1587 I input_interaction: Interaction with: 1c87279 com.android.gallery3d/com.android.gallery3d.app.MovieActivity (server), PointerEventDispatcher0 (server),
03-14 03:56:28.835 1009 2178 I wm_finish_activity: [0,257016139,141,com.android.gallery3d/.app.MovieActivity,app-request]
03-14 03:56:28.845 1009 2178 I wm_pause_activity: [0,257016139,com.android.gallery3d/.app.MovieActivity,userLeaving=false,finish]
03-14 03:56:28.848 7505 7505 I wm_on_top_resumed_lost_called: [257016139,com.android.gallery3d.app.MovieActivity,topStateChangedWhenResumed]
03-14 03:56:28.869 1009 1587 I input_focus: [Focus leaving 1c87279 com.android.gallery3d/com.android.gallery3d.app.MovieActivity (server),reason=NO_WINDOW]
01-01 08:05:57.616 0 0 I msm_vidc: high: 00000001: h264d: Closed video instance: 0000000000000000
03-14 03:56:28.928 7505 7505 I wm_on_paused_called: [257016139,com.android.gallery3d.app.MovieActivity,performPause]
03-14 03:56:28.928 1009 2178 I wm_add_to_stopping: [0,257016139,com.android.gallery3d/.app.MovieActivity,completeFinishing]
03-14 03:56:28.929 1009 2178 I ActivityTaskManager: FOREGROUND_APPLICATION_CHANGED to com.android.music.VideoBrowserActivity
03-14 03:56:28.930 1009 2178 I wm_set_resumed_activity: [0,com.android.music/.VideoBrowserActivity,resumeTopActivityInnerLocked]
03-14 03:56:28.934 1009 2178 I wm_resume_activity: [0,116519471,141,com.android.music/.VideoBrowserActivity]
03-14 03:56:28.938 1009 1183 I sysui_multi_action: [757,803,799,window_time_2,802,16]
03-14 03:56:28.941 1009 1184 I input_focus: [Focus request 63b4ea0 com.android.music/com.android.music.VideoBrowserActivity,reason=UpdateInputWindows]
03-14 03:56:28.947 3708 3708 I wm_on_resume_called: [116519471,com.android.music.VideoBrowserActivity,RESUME_ACTIVITY]
03-14 03:56:28.948 3708 3708 I wm_on_top_resumed_gained_called: [116519471,com.android.music.VideoBrowserActivity,topWhenResuming]
03-14 03:56:28.970 1009 1587 I input_focus: [Focus entering 63b4ea0 com.android.music/com.android.music.VideoBrowserActivity (server),reason=Window became focusable. Previous reason: NOT_VISIBLE]
03-14 03:56:29.037 1009 2178 W FreeFormWindowHelper: Current Display FreeFormTask is null
03-14 03:56:29.037 1009 2148 W FreeFormWindowHelper: Current Display FreeFormTask is null
03-14 03:56:29.359 1009 1183 I wm_destroy_activity: [0,257016139,141,com.android.gallery3d/.app.MovieActivity,finish-imm:idle]
03-14 03:56:29.383 7505 7505 I wm_on_stop_called: [257016139,com.android.gallery3d.app.MovieActivity,LIFECYCLER_STOP_ACTIVITY]
