03-14 03:57:16.330 2005 3255 D HeadsetService: isScoOrCallActive(): Call Active:falseCall is Ringing:falseSCO is Active:false
03-14 03:57:16.330 2005 3255 D HeadsetService: isAudioOn: The number of audio connected devices 0
03-14 03:57:16.330 2005 3255 I Avrcp_ext: updatePlayStatusForDevice: device: null
03-14 03:57:16.330 2005 3255 V Avrcp_ext: updatePlaybackState (1): old=PlaybackState {state=2, position=4302, buffered position=0, speed=1.0, updated=399229, actions=516, custom actions=[], active item id=-1, error=null}(2), new=PlaybackState {state=2, position=4302, buffered position=0, speed=1.0, updated=402794, actions=516, custom actions=[], active item id=-1, error=null}(2)
03-14 03:57:16.330 2005 3255 I Avrcp_ext: Exit updatePlayStatusForDevice
03-14 03:57:16.330 2005 3255 D HeadsetService: isAudioOn: The number of audio connected devices 0
03-14 03:57:16.330 2005 3255 D HeadsetService: isScoOrCallActive(): Call Active:falseCall is Ringing:falseSCO is Active:false
03-14 03:57:16.330 2005 3255 D HeadsetService: isAudioOn: The number of audio connected devices 0
03-14 03:57:16.330 2005 3255 I Avrcp_ext: updatePlayStatusForDevice: device: null
03-14 03:57:16.330 2005 3255 V Avrcp_ext: updatePlaybackState (1): old=PlaybackState {state=2, position=4302, buffered position=0, speed=1.0, updated=399229, actions=516, custom actions=[], active item id=-1, error=null}(2), new=PlaybackState {state=2, position=4302, buffered position=0, speed=1.0, updated=402794, actions=516, custom actions=[], active item id=-1, error=null}(2)
03-14 03:57:16.330 2005 3255 I Avrcp_ext: Exit updatePlayStatusForDevice
03-14 03:57:16.330 2005 3255 D Avrcp_ext: Enter sendPlayPosNotificationRsp
03-14 03:57:16.331 2005 3255 D Avrcp_ext: sendPlayPosNotificationRsp: Not registered or requesting.
03-14 03:57:16.331 2005 3255 D Avrcp_ext: Enter sendPlayPosNotificationRsp
03-14 03:57:16.331 2005 3255 D Avrcp_ext: sendPlayPosNotificationRsp: Not registered or requesting.
03-14 03:57:16.331 2005 3255 D Avrcp_ext: Enter sendPlayPosNotificationRsp
03-14 03:57:16.331 2005 3255 D Avrcp_ext: sendPlayPosNotificationRsp: Not registered or requesting.
03-14 03:57:16.331 2005 3255 D Avrcp_ext: Enter sendPlayPosNotificationRsp
03-14 03:57:16.331 2005 3255 D Avrcp_ext: sendPlayPosNotificationRsp: Not registered or requesting.
03-14 03:57:16.331 2005 3255 D Avrcp_ext: Enter sendPlayPosNotificationRsp
03-14 03:57:16.331 2005 3255 D Avrcp_ext: sendPlayPosNotificationRsp: Not registered or requesting.
03-14 03:57:16.331 2005 3255 V Avrcp_ext: Exit updatePlayerStateAndPosition
03-14 03:57:16.331 2005 3255 V Avrcp_ext: onPlaybackStateChanged: state PlaybackState {state=2, position=4302, buffered position=0, speed=1.0, updated=402794, actions=516, custom actions=[], active item id=-1, error=null}
03-14 03:57:16.332 8885 8885 D MediaPlaybackActivity: onServiceConnected:
03-14 03:57:16.333 2005 3255 V Avrcp_ext: updateCurrentMediaState: mMediaController: MediaController (com.android.music@c77ec15) null, null, null
03-14 03:57:16.333 2005 3255 W Avrcp_ext: isMusicActive: true getBluetoothPlayState: 2 A2dp State: 11 mAudioPlaybackIsActive: false
03-14 03:57:16.334 2005 3255 D Avrcp_ext: isMusicActive = true mAudioPlaybackIsActive = false player state = PlaybackState {state=2, position=4302, buffered position=0, speed=1.0, updated=402794, actions=516, custom actions=[], active item id=-1, error=null}
03-14 03:57:16.335 2005 3255 D Avrcp_ext: overwrite album_artist :if album is blank
03-14 03:57:16.337 2005 3255 V Avrcp_ext: Media update: id -1➡-1? [MediaAttributes: - by (204434 1/0) - ] : [MediaAttributes: - by (204434 1/0) - ]
03-14 03:57:16.337 2005 3255 D Avrcp_ext: isPackageNameValid: browsedPackage = com.android.musicisValid = true
03-14 03:57:16.337 2005 3255 V Avrcp_ext: isBrowseSupported for com.android.music: false
03-14 03:57:16.337 2005 3255 V Avrcp_ext: updatePlaybackState, state: PlaybackState {state=2, position=4302, buffered position=0, speed=1.0, updated=402794, actions=516, custom actions=[], active item id=-1, error=null} device: null
03-14 03:57:16.337 2005 3255 V Avrcp_ext: Device: no name:
03-14 03:57:16.337 2005 3255 V Avrcp_ext: Device: no name:
03-14 03:57:16.337 2005 3255 V Avrcp_ext: Device: no name:
03-14 03:57:16.337 2005 3255 V Avrcp_ext: Device: no name:
03-14 03:57:16.337 2005 3255 V Avrcp_ext: Device: no name:
03-14 03:57:16.337 2005 3255 V Avrcp_ext: updatePlayerStateAndPosition, old=PlaybackState {state=2, position=4302, buffered position=0, speed=1.0, updated=402794, actions=516, custom actions=[], active item id=-1, error=null}, state=PlaybackState {state=2, position=4302, buffered position=0, speed=1.0, updated=402794, actions=516, custom actions=[], active item id=-1, error=null}
03-14 03:57:16.337 2005 3255 V Avrcp_ext: old state = PlaybackState {state=2, position=4302, buffered position=0, speed=1.0, updated=402794, actions=516, custom actions=[], active item id=-1, error=null}, new state= PlaybackState {state=2, position=4302, buffered position=0, speed=1.0, updated=402794, actions=516, custom actions=[], active item id=-1, error=null}
03-14 03:57:16.337 2005 3255 D HeadsetService: getHeadsetService(): returning com.android.bluetooth.hfp.HeadsetService@5276d44
03-14 03:57:16.337 2005 3255 D HeadsetService: isAudioOn: The number of audio connected devices 0
03-14 03:57:16.337 2005 3255 D HeadsetService: isScoOrCallActive(): Call Active:falseCall is Ringing:falseSCO is Active:false
03-14 03:57:16.337 2005 3255 D HeadsetService: isAudioOn: The number of audio connected devices 0
03-14 03:57:16.337 2005 3255 I Avrcp_ext: updatePlayStatusForDevice: device: null
03-14 03:57:16.337 8885 8885 D MediaPlaybackActivity: onServiceConnected: update MusicPanelLayout's mSlipState in onMeasure
03-14 03:57:16.337 2005 3255 V Avrcp_ext: updatePlaybackState (1): old=PlaybackState {state=2, position=4302, buffered position=0, speed=1.0, updated=402794, actions=516, custom actions=[], active item id=-1, error=null}(2), new=PlaybackState {state=2, position=4302, buffered position=0, speed=1.0, updated=402794, actions=516, custom actions=[], active item id=-1, error=null}(2)
03-14 03:57:16.338 2005 3255 I Avrcp_ext: Exit updatePlayStatusForDevice
03-14 03:57:16.338 2005 3255 D HeadsetService: isAudioOn: The number of audio connected devices 0
03-14 03:57:16.338 2005 3255 D HeadsetService: isScoOrCallActive(): Call Active:falseCall is Ringing:falseSCO is Active:false
03-14 03:57:16.338 2005 3255 D HeadsetService: isAudioOn: The number of audio connected devices 0
03-14 03:57:16.338 2005 3255 I Avrcp_ext: updatePlayStatusForDevice: device: null
03-14 03:57:16.338 2005 3255 V Avrcp_ext: updatePlaybackState (1): old=PlaybackState {state=2, position=4302, buffered position=0, speed=1.0, updated=402794, actions=516, custom actions=[], active item id=-1, error=null}(2), new=PlaybackState {state=2, position=4302, buffered position=0, speed=1.0, updated=402794, actions=516, custom actions=[], active item id=-1, error=null}(2)
03-14 03:57:16.338 2005 3255 I Avrcp_ext: Exit updatePlayStatusForDevice
03-14 03:57:16.338 2005 3255 D HeadsetService: isAudioOn: The number of audio connected devices 0
03-14 03:57:16.338 2005 3255 D HeadsetService: isScoOrCallActive(): Call Active:falseCall is Ringing:falseSCO is Active:false
03-14 03:57:16.338 2005 3255 D HeadsetService: isAudioOn: The number of audio connected devices 0
03-14 03:57:16.338 2005 3255 I Avrcp_ext: updatePlayStatusForDevice: device: null
03-14 03:57:16.338 2005 3255 V Avrcp_ext: updatePlaybackState (1): old=PlaybackState {state=2, position=4302, buffered position=0, speed=1.0, updated=402794, actions=516, custom actions=[], active item id=-1, error=null}(2), new=PlaybackState {state=2, position=4302, buffered position=0, speed=1.0, updated=402794, actions=516, custom actions=[], active item id=-1, error=null}(2)
03-14 03:57:16.338 2005 3255 I Avrcp_ext: Exit updatePlayStatusForDevice
03-14 03:57:16.338 2005 3255 D HeadsetService: isAudioOn: The number of audio connected devices 0
03-14 03:57:16.338 2005 3255 D HeadsetService: isScoOrCallActive(): Call Active:falseCall is Ringing:falseSCO is Active:false
03-14 03:57:16.338 2005 3255 D HeadsetService: isAudioOn: The number of audio connected devices 0
03-14 03:57:16.338 2005 3255 I Avrcp_ext: updatePlayStatusForDevice: device: null
03-14 03:57:16.338 2005 3255 V Avrcp_ext: updatePlaybackState (1): old=PlaybackState {state=2, position=4302, buffered position=0, speed=1.0, updated=402794, actions=516, custom actions=[], active item id=-1, error=null}(2), new=PlaybackState {state=2, position=4302, buffered position=0, speed=1.0, updated=402794, actions=516, custom actions=[], active item id=-1, error=null}(2)
03-14 03:57:16.338 2005 3255 I Avrcp_ext: Exit updatePlayStatusForDevice
03-14 03:57:16.338 2005 3255 D HeadsetService: isAudioOn: The number of audio connected devices 0
03-14 03:57:16.338 2005 3255 D HeadsetService: isScoOrCallActive(): Call Active:falseCall is Ringing:falseSCO is Active:false
03-14 03:57:16.338 2005 3255 D HeadsetService: isAudioOn: The number of audio connected devices 0
03-14 03:57:16.338 2005 3255 I Avrcp_ext: updatePlayStatusForDevice: device: null
03-14 03:57:16.338 2005 3255 V Avrcp_ext: updatePlaybackState (1): old=PlaybackState {state=2, position=4302, buffered position=0, speed=1.0, updated=402794, actions=516, custom actions=[], active item id=-1, error=null}(2), new=PlaybackState {state=2, position=4302, buffered position=0, speed=1.0, updated=402794, actions=516, custom actions=[], active item id=-1, error=null}(2)
03-14 03:57:16.338 2005 3255 I Avrcp_ext: Exit updatePlayStatusForDevice
03-14 03:57:16.338 2005 3255 D Avrcp_ext: Enter sendPlayPosNotificationRsp
03-14 03:57:16.338 2005 3255 D Avrcp_ext: sendPlayPosNotificationRsp: Not registered or requesting.
03-14 03:57:16.338 2005 3255 D Avrcp_ext: Enter sendPlayPosNotificationRsp
03-14 03:57:16.338 2005 3255 D Avrcp_ext: sendPlayPosNotificationRsp: Not registered or requesting.
03-14 03:57:16.338 2005 3255 D Avrcp_ext: Enter sendPlayPosNotificationRsp
03-14 03:57:16.338 2005 3255 D Avrcp_ext: sendPlayPosNotificationRsp: Not registered or requesting.
03-14 03:57:16.338 2005 3255 D Avrcp_ext: Enter sendPlayPosNotificationRsp
03-14 03:57:16.338 2005 3255 D Avrcp_ext: sendPlayPosNotificationRsp: Not registered or requesting.
03-14 03:57:16.338 2005 3255 D Avrcp_ext: Enter sendPlayPosNotificationRsp
03-14 03:57:16.338 2005 3255 D Avrcp_ext: sendPlayPosNotificationRsp: Not registered or requesting.
03-14 03:57:16.338 2005 3255 V Avrcp_ext: Exit updatePlayerStateAndPosition
03-14 03:57:16.338 2005 3255 V Avrcp_ext: Exit onPlaybackStateChanged
03-14 03:57:16.343 2625 2944 I OpenGLRenderer: Davey! duration=9223371634081ms; Flags=0, FrameTimelineVsyncId=23264, IntendedVsync=402772798753, Vsync=402772798753, InputEventId=0, HandleInputStart=402788547188, AnimationStart=402788551407, PerformTraversalsStart=402791571667, DrawStart=402791689480, FrameDeadline=402789465419, FrameInterval=402788536199, FrameStartTime=16666666, SyncQueued=402791923282, SyncStart=402792047761, IssueDrawCommandsStart=402792490521, SwapBuffers=402802194167, FrameCompleted=9223372036854775807, DequeueBufferDuration=33646, QueueBufferDuration=929896, GpuCompleted=9223372036854775807, SwapBuffersCompleted=402804154219, DisplayPresentTime=399046544950,
03-14 03:57:16.346 1009 2156 W WindowManager: updateScale : 0.79357797
03-14 03:57:16.497 6881 7014 W kcp_info: HCDN_LOG: [T:7014]Update: udp kcp size[0], timeout kcp size[0]
03-14 03:57:16.527 1009 1009 I GameModeConfig: isGameModeOn = false
03-14 03:57:16.528 1009 1009 I GameModeConfig: isGameModeOn = false
03-14 03:57:16.541 2029 2029 D InterruptionStateProvider: No alerting: filtered notification: 0|com.android.music|1|null|10086
03-14 03:57:16.542 2029 2029 D InterruptionStateProvider: No alerting: filtered notification: 0|com.android.music|1|null|10086
03-14 03:57:16.559 2029 2428 D PeopleSpaceWidgetMgr: Sbn doesn't contain valid PeopleTileKey: null/0/com.android.music
03-14 03:57:16.580 2029 2029 D InterruptionStateProvider: No alerting: filtered notification: 0|com.android.music|1|null|10086
03-14 03:57:16.582 2029 2029 D InterruptionStateProvider: No alerting: filtered notification: 0|com.android.music|1|null|10086
03-14 03:57:16.593 2029 2428 D PeopleSpaceWidgetMgr: Sbn doesn't contain valid PeopleTileKey: null/0/com.android.music
03-14 03:57:16.593 2029 2029 D NotificationMediaManager: onMediaDataLoaded Notification Key : 0|com.android.music|1|null|10086
03-14 03:57:16.596 2029 2029 W ConstraintSet: id unknown center_vertical_guideline
03-14 03:57:16.596 2029 2029 W ConstraintSet: id unknown center_horizontal_guideline
03-14 03:57:16.596 2029 2029 W ConstraintSet: id unknown media_action_barrier
03-14 03:57:16.596 2029 2029 W ConstraintSet: id unknown remove_text
03-14 03:57:16.596 2029 2029 W ConstraintSet: id unknown settings
03-14 03:57:16.596 2029 2029 W ConstraintSet: id unknown cancel
03-14 03:57:16.596 2029 2029 W ConstraintSet: id unknown dismiss
03-14 03:57:16.613 2029 2029 D NotificationMediaManager: onMediaDataLoaded Notification Key : 0|com.android.music|1|null|10086
03-14 03:57:16.615 2029 2029 W ConstraintSet: id unknown center_vertical_guideline
03-14 03:57:16.615 2029 2029 W ConstraintSet: id unknown center_horizontal_guideline
03-14 03:57:16.615 2029 2029 W ConstraintSet: id unknown media_action_barrier
03-14 03:57:16.615 2029 2029 W ConstraintSet: id unknown remove_text
03-14 03:57:16.615 2029 2029 W ConstraintSet: id unknown settings
03-14 03:57:16.615 2029 2029 W ConstraintSet: id unknown cancel
03-14 03:57:16.615 2029 2029 W ConstraintSet: id unknown dismiss
03-14 03:57:16.638 2029 2029 V NotificationMediaManager: DEBUG_MEDIA: found controller matching 0|com.android.music|1|null|10086
03-14 03:57:16.638 2029 2029 V NotificationMediaManager: DEBUG_MEDIA: updating album art for notification 0|com.android.music|1|null|10086 metadata=android.media.MediaMetadata@bd49e807 metaDataChanged=false state=0
03-14 03:57:16.640 2029 2029 V NotificationMediaManager: DEBUG_MEDIA: found controller matching 0|com.android.music|1|null|10086
03-14 03:57:16.640 2029 2029 V NotificationMediaManager: DEBUG_MEDIA: updating album art for notification 0|com.android.music|1|null|10086 metadata=android.media.MediaMetadata@bd49e807 metaDataChanged=false state=0
03-14 03:57:16.671 2625 2625 W OrientationEventListener: Cannot detect sensors. Invalid disable
03-14 03:57:16.760 5866 6748 W kcp_info: HCDN_LOG: [T:6748]Update: udp kcp size[0], timeout kcp size[0]
03-14 03:57:17.226 646 658 I mpu_uart: [MSG-P:RECV]:No message received in 1000 ms
03-14 03:57:17.455 646 657 I mpu_uart: [MSG-P:R]:recv sync frame timeout
03-14 03:57:17.480 1009 1587 I input_interaction: Interaction with: fb7cf4c com.android.music/com.android.music.MusicBrowserActivity (server), edge-swipe (server), swipe-up (server), PointerEventDispatcher0 (server),
03-14 03:57:17.534 6881 7014 W kcp_info: HCDN_LOG: [T:7014]Update: udp kcp size[0], timeout kcp size[0]
03-14 03:57:17.639 1009 1185 I ActivityTaskManager: clear resize flag in freeform mode
03-14 03:57:17.640 1009 1185 W WindowManager: updateScale : 0.7308869
03-14 03:57:17.641 1009 1185 W WindowManager: updateScale : 0.7308869
03-14 03:57:17.656 1009 1185 I ActivityTaskManager: clear resize flag in freeform mode
03-14 03:57:17.658 1009 1185 W WindowManager: updateScale : 0.675841
03-14 03:57:17.660 1009 2156 W ActivityManager: Receiver with filter android.content.IntentFilter@6067570 already registered for pid 8885, callerPackage is com.android.music
03-14 03:57:17.669 1009 2156 W WindowManager: updateScale : 0.675841
03-14 03:57:17.672 1009 1185 I ActivityTaskManager: clear resize flag in freeform mode
03-14 03:57:17.673 1009 1185 W WindowManager: updateScale : 0.6284404
03-14 03:57:17.681 1009 2156 W ActivityManager: Receiver with filter android.content.IntentFilter@d2850e9 already registered for pid 8885, callerPackage is com.android.music
03-14 03:57:17.685 1009 2156 W WindowManager: updateScale : 0.6284404
03-14 03:57:17.689 1009 1185 I ActivityTaskManager: clear resize flag in freeform mode
03-14 03:57:17.689 1009 1185 W WindowManager: updateScale : 0.59327215
03-14 03:57:17.704 1009 3052 W ActivityManager: Receiver with filter android.content.IntentFilter@7a16e already registered for pid 8885, callerPackage is com.android.music
03-14 03:57:17.706 1009 1185 I ActivityTaskManager: clear resize flag in freeform mode
03-14 03:57:17.706 1009 1185 W WindowManager: updateScale : 0.56116205
03-14 03:57:17.718 1009 3052 W WindowManager: updateScale : 0.56116205
03-14 03:57:17.722 1009 1185 I ActivityTaskManager: clear resize flag in freeform mode
03-14 03:57:17.722 1009 1185 W WindowManager: updateScale : 0.5351682
03-14 03:57:17.728 1009 3052 W ActivityManager: Receiver with filter android.content.IntentFilter@f83700f already registered for pid 8885, callerPackage is com.android.music
03-14 03:57:17.734 1009 3052 W WindowManager: updateScale : 0.5351682
03-14 03:57:17.739 1009 1185 I ActivityTaskManager: clear resize flag in freeform mode
03-14 03:57:17.739 1009 1185 W WindowManager: updateScale : 0.5152905
03-14 03:57:17.744 1009 3052 W ActivityManager: Receiver with filter android.content.IntentFilter@1b5789c already registered for pid 8885, callerPackage is com.android.music
03-14 03:57:17.750 1009 3052 W WindowManager: updateScale : 0.5152905
03-14 03:57:17.755 1009 1185 I ActivityTaskManager: clear resize flag in freeform mode
03-14 03:57:17.756 1009 1185 W WindowManager: updateScale : 0.5
03-14 03:57:17.760 1009 3052 W ActivityManager: Receiver with filter android.content.IntentFilter@9ac12a5 already registered for pid 8885, callerPackage is com.android.music
03-14 03:57:17.767 1009 3052 W WindowManager: updateScale : 0.5
03-14 03:57:17.770 5866 6748 W kcp_info: HCDN_LOG: [T:6748]Update: udp kcp size[0], timeout kcp size[0]
03-14 03:57:17.772 1009 1185 I ActivityTaskManager: clear resize flag in freeform mode
03-14 03:57:17.773 1009 1185 W WindowManager: updateScale : 0.48776758
03-14 03:57:17.778 1009 3052 W ActivityManager: Receiver with filter android.content.IntentFilter@c90667a already registered for pid 8885, callerPackage is com.android.music
03-14 03:57:17.784 1009 3052 W WindowManager: updateScale : 0.48776758
03-14 03:57:17.789 1009 1185 I ActivityTaskManager: clear resize flag in freeform mode
03-14 03:57:17.789 1009 1185 W WindowManager: updateScale : 0.47859326
03-14 03:57:17.794 1009 3052 W ActivityManager: Receiver with filter android.content.IntentFilter@510fe2b already registered for pid 8885, callerPackage is com.android.music
03-14 03:57:17.800 1009 3052 W WindowManager: updateScale : 0.47859326
03-14 03:57:17.805 1009 1185 I ActivityTaskManager: clear resize flag in freeform mode
03-14 03:57:17.806 1009 1185 W WindowManager: updateScale : 0.470948
03-14 03:57:17.810 1009 3052 W ActivityManager: Receiver with filter android.content.IntentFilter@5ef8288 already registered for pid 8885, callerPackage is com.android.music
03-14 03:57:17.817 1009 3052 W WindowManager: updateScale : 0.470948
03-14 03:57:17.822 1009 1185 I ActivityTaskManager: clear resize flag in freeform mode
03-14 03:57:17.823 1009 1185 W WindowManager: updateScale : 0.46636087
03-14 03:57:17.826 1009 3052 W ActivityManager: Receiver with filter android.content.IntentFilter@df03421 already registered for pid 8885, callerPackage is com.android.music
03-14 03:57:17.834 1009 3052 W WindowManager: updateScale : 0.46636087
03-14 03:57:17.839 1009 1185 I ActivityTaskManager: clear resize flag in freeform mode
03-14 03:57:17.840 1009 1185 W WindowManager: updateScale : 0.4617737
03-14 03:57:17.844 1009 3052 W ActivityManager: Receiver with filter android.content.IntentFilter@1ae7046 already registered for pid 8885, callerPackage is com.android.music
03-14 03:57:17.850 1009 3052 W WindowManager: updateScale : 0.4617737
03-14 03:57:17.856 1009 1185 I ActivityTaskManager: clear resize flag in freeform mode
03-14 03:57:17.856 1009 1185 W WindowManager: updateScale : 0.46024466
03-14 03:57:17.860 1009 3052 W ActivityManager: Receiver with filter android.content.IntentFilter@99f5207 already registered for pid 8885, callerPackage is com.android.music
03-14 03:57:17.867 1009 3052 W WindowManager: updateScale : 0.46024466
03-14 03:57:17.872 1009 1185 I ActivityTaskManager: clear resize flag in freeform mode
03-14 03:57:17.873 1009 1185 W WindowManager: updateScale : 0.4587156
03-14 03:57:17.889 1009 1185 I ActivityTaskManager: clear resize flag in freeform mode
03-14 03:57:17.889 1009 1185 W WindowManager: updateScale : 0.45718655
03-14 03:57:17.892 8885 9143 D skia : --- Failed to create image decoder with message 'unimplemented'
03-14 03:57:17.904 1009 2195 W ActivityManager: Receiver with filter android.content.IntentFilter@4cc9db8 already registered for pid 8885, callerPackage is com.android.music
03-14 03:57:17.906 1009 1185 I ActivityTaskManager: clear resize flag in freeform mode
03-14 03:57:17.907 1009 1185 W WindowManager: updateScale : 0.45565748
03-14 03:57:17.908 1009 2195 W WindowManager: updateScale : 0.45565748
03-14 03:57:17.919 1009 3052 W ActivityManager: Receiver with filter android.content.IntentFilter@25acaf7 already registered for pid 8885, callerPackage is com.android.music
03-14 03:57:17.921 1009 1698 I GameModeConfig: isGameModeOn = false
03-14 03:57:17.922 1009 1185 I ActivityTaskManager: clear resize flag in freeform mode
03-14 03:57:17.922 1009 1185 W WindowManager: updateScale : 0.45565748
03-14 03:57:17.922 1009 1698 I GameModeConfig: isGameModeOn = false
03-14 03:57:17.922 1009 1698 I GameModeConfig: isGameModeOn = false
03-14 03:57:17.922 1009 1698 I GameModeConfig: isGameModeOn = false
03-14 03:57:17.932 1009 1009 I notification_enqueue: [10086,8885,com.android.music,1,NULL,0,Notification(channel=Channel-music shortcut=null contentView=null vibrate=null sound=null defaults=0x0 flags=0x40 color=0x00000000 category=transport actions=4 vis=PRIVATE),1]
03-14 03:57:17.933 2005 3255 V Avrcp_ext: onMetadataChanged
03-14 03:57:17.935 2005 3255 V Avrcp_ext: updateCurrentMediaState: mMediaController: MediaController (com.android.music@c77ec15) null, null, null
03-14 03:57:17.935 2005 3255 W Avrcp_ext: isMusicActive: true getBluetoothPlayState: 2 A2dp State: 11 mAudioPlaybackIsActive: false
03-14 03:57:17.935 1009 1009 I notification_enqueue: [10086,8885,com.android.music,1,NULL,0,Notification(channel=Channel-music shortcut=null contentView=null vibrate=null sound=null defaults=0x0 flags=0x40 color=0x00000000 category=transport actions=4 vis=PRIVATE),1]
03-14 03:57:17.935 2005 3255 D Avrcp_ext: isMusicActive = true mAudioPlaybackIsActive = false player state = PlaybackState {state=2, position=4302, buffered position=0, speed=1.0, updated=404406, actions=516, custom actions=[], active item id=-1, error=null}
03-14 03:57:17.935 2029 2029 V NotificationMediaManager: DEBUG_MEDIA: onMetadataChanged: android.media.MediaMetadata@bd49e807
03-14 03:57:17.936 2029 2029 V NotificationMediaManager: DEBUG_MEDIA: updating album art for notification 0|com.android.music|1|null|10086 metadata=android.media.MediaMetadata@bd49e807 metaDataChanged=true state=0
03-14 03:57:17.936 2005 3255 D Avrcp_ext: overwrite album_artist :if album is blank
03-14 03:57:17.936 2029 2029 V MediaTimeout: processState 0|com.android.music|1|null|10086: PlaybackState {state=2, position=4302, buffered position=0, speed=1.0, updated=404406, actions=516, custom actions=[], active item id=-1, error=null}
03-14 03:57:17.936 2029 2029 V NotificationMediaManager: DEBUG_MEDIA: onPlaybackStateChanged: PlaybackState {state=2, position=4302, buffered position=0, speed=1.0, updated=404406, actions=516, custom actions=[], active item id=-1, error=null}
03-14 03:57:17.937 2005 3255 V Avrcp_ext: Media update: id -1➡-1? [MediaAttributes: - by (204434 1/0) - ] : [MediaAttributes: - by (204434 1/0) - ]
03-14 03:57:17.937 2005 3255 D Avrcp_ext: isPackageNameValid: browsedPackage = com.android.musicisValid = true
03-14 03:57:17.937 2005 3255 V Avrcp_ext: isBrowseSupported for com.android.music: false
03-14 03:57:17.937 2005 3255 V Avrcp_ext: updatePlaybackState, state: PlaybackState {state=2, position=4302, buffered position=0, speed=1.0, updated=404406, actions=516, custom actions=[], active item id=-1, error=null} device: null
03-14 03:57:17.937 2005 3255 V Avrcp_ext: Device: no name:
03-14 03:57:17.937 2005 3255 V Avrcp_ext: Device: no name:
03-14 03:57:17.937 2005 3255 V Avrcp_ext: Device: no name:
03-14 03:57:17.937 2005 3255 V Avrcp_ext: Device: no name:
03-14 03:57:17.937 2005 3255 V Avrcp_ext: Device: no name:
03-14 03:57:17.937 2005 3255 V Avrcp_ext: updatePlayerStateAndPosition, old=PlaybackState {state=2, position=4302, buffered position=0, speed=1.0, updated=402794, actions=516, custom actions=[], active item id=-1, error=null}, state=PlaybackState {state=2, position=4302, buffered position=0, speed=1.0, updated=404406, actions=516, custom actions=[], active item id=-1, error=null}
03-14 03:57:17.937 2005 3255 V Avrcp_ext: old state = PlaybackState {state=2, position=4302, buffered position=0, speed=1.0, updated=402794, actions=516, custom actions=[], active item id=-1, error=null}, new state= PlaybackState {state=2, position=4302, buffered position=0, speed=1.0, updated=404406, actions=516, custom actions=[], active item id=-1, error=null}
03-14 03:57:17.937 2005 3255 D HeadsetService: getHeadsetService(): returning com.android.bluetooth.hfp.HeadsetService@5276d44
03-14 03:57:17.937 2005 3255 D HeadsetService: isAudioOn: The number of audio connected devices 0
03-14 03:57:17.937 2005 3255 D HeadsetService: isScoOrCallActive(): Call Active:falseCall is Ringing:falseSCO is Active:false
03-14 03:57:17.937 2005 3255 D HeadsetService: isAudioOn: The number of audio connected devices 0
03-14 03:57:17.937 2005 3255 I Avrcp_ext: updatePlayStatusForDevice: device: null
03-14 03:57:17.937 2029 2029 V NotificationMediaManager: DEBUG_MEDIA: found controller matching 0|com.android.music|1|null|10086
03-14 03:57:17.937 2005 3255 V Avrcp_ext: updatePlaybackState (1): old=PlaybackState {state=2, position=4302, buffered position=0, speed=1.0, updated=402794, actions=516, custom actions=[], active item id=-1, error=null}(2), new=PlaybackState {state=2, position=4302, buffered position=0, speed=1.0, updated=404406, actions=516, custom actions=[], active item id=-1, error=null}(2)
03-14 03:57:17.937 2005 3255 I Avrcp_ext: Exit updatePlayStatusForDevice
03-14 03:57:17.937 2029 2029 V NotificationMediaManager: DEBUG_MEDIA: updating album art for notification 0|com.android.music|1|null|10086 metadata=android.media.MediaMetadata@bd49e807 metaDataChanged=false state=0
03-14 03:57:17.937 2005 3255 D HeadsetService: isAudioOn: The number of audio connected devices 0
03-14 03:57:17.938 2005 3255 D HeadsetService: isScoOrCallActive(): Call Active:falseCall is Ringing:falseSCO is Active:false
03-14 03:57:17.938 2005 3255 D HeadsetService: isAudioOn: The number of audio connected devices 0
03-14 03:57:17.938 2005 3255 I Avrcp_ext: updatePlayStatusForDevice: device: null
03-14 03:57:17.938 2005 3255 V Avrcp_ext: updatePlaybackState (1): old=PlaybackState {state=2, position=4302, buffered position=0, speed=1.0, updated=402794, actions=516, custom actions=[], active item id=-1, error=null}(2), new=PlaybackState {state=2, position=4302, buffered position=0, speed=1.0, updated=404406, actions=516, custom actions=[], active item id=-1, error=null}(2)
03-14 03:57:17.938 2005 3255 I Avrcp_ext: Exit updatePlayStatusForDevice
03-14 03:57:17.938 2005 3255 D HeadsetService: isAudioOn: The number of audio connected devices 0
03-14 03:57:17.938 2005 3255 D HeadsetService: isScoOrCallActive(): Call Active:falseCall is Ringing:falseSCO is Active:false
03-14 03:57:17.938 2005 3255 D HeadsetService: isAudioOn: The number of audio connected devices 0
03-14 03:57:17.938 2005 3255 I Avrcp_ext: updatePlayStatusForDevice: device: null
03-14 03:57:17.938 2005 3255 V Avrcp_ext: updatePlaybackState (1): old=PlaybackState {state=2, position=4302, buffered position=0, speed=1.0, updated=402794, actions=516, custom actions=[], active item id=-1, error=null}(2), new=PlaybackState {state=2, position=4302, buffered position=0, speed=1.0, updated=404406, actions=516, custom actions=[], active item id=-1, error=null}(2)
03-14 03:57:17.938 2005 3255 I Avrcp_ext: Exit updatePlayStatusForDevice
03-14 03:57:17.938 2005 3255 D HeadsetService: isAudioOn: The number of audio connected devices 0
03-14 03:57:17.938 2005 3255 D HeadsetService: isScoOrCallActive(): Call Active:falseCall is Ringing:falseSCO is Active:false
03-14 03:57:17.938 2005 3255 D HeadsetService: isAudioOn: The number of audio connected devices 0
03-14 03:57:17.939 2005 3255 I Avrcp_ext: updatePlayStatusForDevice: device: null
03-14 03:57:17.939 2005 3255 V Avrcp_ext: updatePlaybackState (1): old=PlaybackState {state=2, position=4302, buffered position=0, speed=1.0, updated=402794, actions=516, custom actions=[], active item id=-1, error=null}(2), new=PlaybackState {state=2, position=4302, buffered position=0, speed=1.0, updated=404406, actions=516, custom actions=[], active item id=-1, error=null}(2)
03-14 03:57:17.939 2005 3255 I Avrcp_ext: Exit updatePlayStatusForDevice
03-14 03:57:17.939 2005 3255 D HeadsetService: isAudioOn: The number of audio connected devices 0
03-14 03:57:17.939 2005 3255 D HeadsetService: isScoOrCallActive(): Call Active:falseCall is Ringing:falseSCO is Active:false
03-14 03:57:17.939 2005 3255 D HeadsetService: isAudioOn: The number of audio connected devices 0
03-14 03:57:17.939 2005 3255 I Avrcp_ext: updatePlayStatusForDevice: device: null
03-14 03:57:17.939 2005 3255 V Avrcp_ext: updatePlaybackState (1): old=PlaybackState {state=2, position=4302, buffered position=0, speed=1.0, updated=402794, actions=516, custom actions=[], active item id=-1, error=null}(2), new=PlaybackState {state=2, position=4302, buffered position=0, speed=1.0, updated=404406, actions=516, custom actions=[], active item id=-1, error=null}(2)
03-14 03:57:17.939 2005 3255 I Avrcp_ext: Exit updatePlayStatusForDevice
03-14 03:57:17.939 2005 3255 D Avrcp_ext: Enter sendPlayPosNotificationRsp
03-14 03:57:17.939 2005 3255 D Avrcp_ext: sendPlayPosNotificationRsp: Not registered or requesting.
03-14 03:57:17.939 2005 3255 D Avrcp_ext: Enter sendPlayPosNotificationRsp
03-14 03:57:17.939 2005 3255 D Avrcp_ext: sendPlayPosNotificationRsp: Not registered or requesting.
03-14 03:57:17.939 2005 3255 D Avrcp_ext: Enter sendPlayPosNotificationRsp
03-14 03:57:17.939 2005 3255 D Avrcp_ext: sendPlayPosNotificationRsp: Not registered or requesting.
03-14 03:57:17.939 2005 3255 D Avrcp_ext: Enter sendPlayPosNotificationRsp
03-14 03:57:17.939 2005 3255 D Avrcp_ext: sendPlayPosNotificationRsp: Not registered or requesting.
03-14 03:57:17.939 2005 3255 D Avrcp_ext: Enter sendPlayPosNotificationRsp
03-14 03:57:17.939 2005 3255 D Avrcp_ext: sendPlayPosNotificationRsp: Not registered or requesting.
03-14 03:57:17.939 2005 3255 V Avrcp_ext: Exit updatePlayerStateAndPosition
03-14 03:57:17.939 2005 3255 V Avrcp_ext: onPlaybackStateChanged: state PlaybackState {state=2, position=4302, buffered position=0, speed=1.0, updated=404406, actions=516, custom actions=[], active item id=-1, error=null}
03-14 03:57:17.941 2005 3255 V Avrcp_ext: updateCurrentMediaState: mMediaController: MediaController (com.android.music@c77ec15) null, null, null
03-14 03:57:17.941 2005 3255 W Avrcp_ext: isMusicActive: true getBluetoothPlayState: 2 A2dp State: 11 mAudioPlaybackIsActive: false
03-14 03:57:17.941 2005 3255 D Avrcp_ext: isMusicActive = true mAudioPlaybackIsActive = false player state = PlaybackState {state=2, position=4302, buffered position=0, speed=1.0, updated=404406, actions=516, custom actions=[], active item id=-1, error=null}
03-14 03:57:17.942 2005 3255 D Avrcp_ext: overwrite album_artist :if album is blank
03-14 03:57:17.943 2005 3255 V Avrcp_ext: Media update: id -1➡-1? [MediaAttributes: - by (204434 1/0) - ] : [MediaAttributes: - by (204434 1/0) - ]
03-14 03:57:17.943 2005 3255 D Avrcp_ext: isPackageNameValid: browsedPackage = com.android.musicisValid = true
03-14 03:57:17.943 2005 3255 V Avrcp_ext: isBrowseSupported for com.android.music: false
03-14 03:57:17.943 2005 3255 V Avrcp_ext: updatePlaybackState, state: PlaybackState {state=2, position=4302, buffered position=0, speed=1.0, updated=404406, actions=516, custom actions=[], active item id=-1, error=null} device: null
03-14 03:57:17.943 2005 3255 V Avrcp_ext: Device: no name:
03-14 03:57:17.943 2005 3255 V Avrcp_ext: Device: no name:
03-14 03:57:17.943 2005 3255 V Avrcp_ext: Device: no name:
03-14 03:57:17.943 2005 3255 V Avrcp_ext: Device: no name:
03-14 03:57:17.943 2005 3255 V Avrcp_ext: Device: no name:
03-14 03:57:17.943 2005 3255 V Avrcp_ext: updatePlayerStateAndPosition, old=PlaybackState {state=2, position=4302, buffered position=0, speed=1.0, updated=404406, actions=516, custom actions=[], active item id=-1, error=null}, state=PlaybackState {state=2, position=4302, buffered position=0, speed=1.0, updated=404406, actions=516, custom actions=[], active item id=-1, error=null}
03-14 03:57:17.943 2005 3255 V Avrcp_ext: old state = PlaybackState {state=2, position=4302, buffered position=0, speed=1.0, updated=404406, actions=516, custom actions=[], active item id=-1, error=null}, new state= PlaybackState {state=2, position=4302, buffered position=0, speed=1.0, updated=404406, actions=516, custom actions=[], active item id=-1, error=null}
03-14 03:57:17.943 2005 3255 D HeadsetService: getHeadsetService(): returning com.android.bluetooth.hfp.HeadsetService@5276d44
03-14 03:57:17.943 8885 8885 D android.widget.GridLayout: horizontal constraints: x2-x0>=72, x2-x1<=0, x1-x0<=0 are inconsistent; permanently removing: x2-x1<=0.
03-14 03:57:17.943 2005 3255 D HeadsetService: isAudioOn: The number of audio connected devices 0
03-14 03:57:17.943 2005 3255 D HeadsetService: isScoOrCallActive(): Call Active:falseCall is Ringing:falseSCO is Active:false
03-14 03:57:17.943 2005 3255 D HeadsetService: isAudioOn: The number of audio connected devices 0
03-14 03:57:17.943 2005 3255 I Avrcp_ext: updatePlayStatusForDevice: device: null
03-14 03:57:17.943 2005 3255 V Avrcp_ext: updatePlaybackState (1): old=PlaybackState {state=2, position=4302, buffered position=0, speed=1.0, updated=404406, actions=516, custom actions=[], active item id=-1, error=null}(2), new=PlaybackState {state=2, position=4302, buffered position=0, speed=1.0, updated=404406, actions=516, custom actions=[], active item id=-1, error=null}(2)
03-14 03:57:17.943 2005 3255 I Avrcp_ext: Exit updatePlayStatusForDevice
03-14 03:57:17.943 8885 8885 D android.widget.GridLayout: vertical constraints: y2-y0>=72, y2-y1<=0, y1-y0<=0 are inconsistent; permanently removing: y2-y1<=0.
03-14 03:57:17.943 2005 3255 D HeadsetService: isAudioOn: The number of audio connected devices 0
03-14 03:57:17.943 2005 3255 D HeadsetService: isScoOrCallActive(): Call Active:falseCall is Ringing:falseSCO is Active:false
03-14 03:57:17.943 2005 3255 D HeadsetService: isAudioOn: The number of audio connected devices 0
03-14 03:57:17.943 2005 3255 I Avrcp_ext: updatePlayStatusForDevice: device: null
03-14 03:57:17.943 2005 3255 V Avrcp_ext: updatePlaybackState (1): old=PlaybackState {state=2, position=4302, buffered position=0, speed=1.0, updated=404406, actions=516, custom actions=[], active item id=-1, error=null}(2), new=PlaybackState {state=2, position=4302, buffered position=0, speed=1.0, updated=404406, actions=516, custom actions=[], active item id=-1, error=null}(2)
03-14 03:57:17.943 2005 3255 I Avrcp_ext: Exit updatePlayStatusForDevice
03-14 03:57:17.943 2005 3255 D HeadsetService: isAudioOn: The number of audio connected devices 0
03-14 03:57:17.943 2005 3255 D HeadsetService: isScoOrCallActive(): Call Active:falseCall is Ringing:falseSCO is Active:false
03-14 03:57:17.943 2005 3255 D HeadsetService: isAudioOn: The number of audio connected devices 0
03-14 03:57:17.943 2005 3255 I Avrcp_ext: updatePlayStatusForDevice: device: null
03-14 03:57:17.943 2005 3255 V Avrcp_ext: updatePlaybackState (1): old=PlaybackState {state=2, position=4302, buffered position=0, speed=1.0, updated=404406, actions=516, custom actions=[], active item id=-1, error=null}(2), new=PlaybackState {state=2, position=4302, buffered position=0, speed=1.0, updated=404406, actions=516, custom actions=[], active item id=-1, error=null}(2)
03-14 03:57:17.943 2005 3255 I Avrcp_ext: Exit updatePlayStatusForDevice
03-14 03:57:17.943 2005 3255 D HeadsetService: isAudioOn: The number of audio connected devices 0
03-14 03:57:17.943 2005 3255 D HeadsetService: isScoOrCallActive(): Call Active:falseCall is Ringing:falseSCO is Active:false
03-14 03:57:17.943 2005 3255 D HeadsetService: isAudioOn: The number of audio connected devices 0
03-14 03:57:17.943 2005 3255 I Avrcp_ext: updatePlayStatusForDevice: device: null
03-14 03:57:17.943 2005 3255 V Avrcp_ext: updatePlaybackState (1): old=PlaybackState {state=2, position=4302, buffered position=0, speed=1.0, updated=404406, actions=516, custom actions=[], active item id=-1, error=null}(2), new=PlaybackState {state=2, position=4302, buffered position=0, speed=1.0, updated=404406, actions=516, custom actions=[], active item id=-1, error=null}(2)
03-14 03:57:17.943 2005 3255 I Avrcp_ext: Exit updatePlayStatusForDevice
03-14 03:57:17.943 2005 3255 D HeadsetService: isAudioOn: The number of audio connected devices 0
03-14 03:57:17.943 2005 3255 D HeadsetService: isScoOrCallActive(): Call Active:falseCall is Ringing:falseSCO is Active:false
03-14 03:57:17.943 2005 3255 D HeadsetService: isAudioOn: The number of audio connected devices 0
03-14 03:57:17.943 2005 3255 I Avrcp_ext: updatePlayStatusForDevice: device: null
03-14 03:57:17.943 2005 3255 V Avrcp_ext: updatePlaybackState (1): old=PlaybackState {state=2, position=4302, buffered position=0, speed=1.0, updated=404406, actions=516, custom actions=[], active item id=-1, error=null}(2), new=PlaybackState {state=2, position=4302, buffered position=0, speed=1.0, updated=404406, actions=516, custom actions=[], active item id=-1, error=null}(2)
03-14 03:57:17.943 2005 3255 I Avrcp_ext: Exit updatePlayStatusForDevice
03-14 03:57:17.943 2005 3255 D Avrcp_ext: Enter sendPlayPosNotificationRsp
03-14 03:57:17.943 2005 3255 D Avrcp_ext: sendPlayPosNotificationRsp: Not registered or requesting.
03-14 03:57:17.943 2005 3255 D Avrcp_ext: Enter sendPlayPosNotificationRsp
03-14 03:57:17.943 2005 3255 D Avrcp_ext: sendPlayPosNotificationRsp: Not registered or requesting.
03-14 03:57:17.943 2005 3255 D Avrcp_ext: Enter sendPlayPosNotificationRsp
03-14 03:57:17.943 2005 3255 D Avrcp_ext: sendPlayPosNotificationRsp: Not registered or requesting.
03-14 03:57:17.943 2005 3255 D Avrcp_ext: Enter sendPlayPosNotificationRsp
03-14 03:57:17.943 2005 3255 D Avrcp_ext: sendPlayPosNotificationRsp: Not registered or requesting.
03-14 03:57:17.943 2005 3255 D Avrcp_ext: Enter sendPlayPosNotificationRsp
03-14 03:57:17.943 2005 3255 D Avrcp_ext: sendPlayPosNotificationRsp: Not registered or requesting.
03-14 03:57:17.943 2005 3255 V Avrcp_ext: Exit updatePlayerStateAndPosition
03-14 03:57:17.943 2005 3255 V Avrcp_ext: Exit onPlaybackStateChanged
03-14 03:57:17.944 8885 8885 D android.widget.GridLayout: horizontal constraints: x2-x0>=72, x2-x1<=0, x1-x0<=0 are inconsistent; permanently removing: x2-x1<=0.
03-14 03:57:17.944 8885 8885 D android.widget.GridLayout: vertical constraints: y2-y0>=72, y2-y1<=0, y1-y0<=0 are inconsistent; permanently removing: y2-y1<=0.
03-14 03:57:17.951 1009 2195 W WindowManager: updateScale : 0.45565748
03-14 03:57:18.131 1509 1550 E tlogd : [TzLogger](isPathReadable) file /sys/kernel/debug/tzdbg/qsee_log isn't exist or no permission, err: No such file or directory
03-14 03:57:18.131 1509 1550 E tlogd : [TzLogger](saveTzlogAsync) /sys/kernel/debug/tzdbg/qsee_log can not read.
03-14 03:57:18.131 1509 1550 E tlogd : [TzLogger](isPathReadable) file /sys/kernel/debug/tzdbg/log isn't exist or no permission, err: No such file or directory
03-14 03:57:18.131 1509 1550 E tlogd : [TzLogger](saveTzlogAsync) /sys/kernel/debug/tzdbg/log can not read.
03-14 03:57:18.133 1009 1009 I GameModeConfig: isGameModeOn = false
03-14 03:57:18.136 1009 1009 I GameModeConfig: isGameModeOn = false
03-14 03:57:18.144 2029 2029 D InterruptionStateProvider: No alerting: filtered notification: 0|com.android.music|1|null|10086
03-14 03:57:18.146 2029 2029 D InterruptionStateProvider: No alerting: filtered notification: 0|com.android.music|1|null|10086
03-14 03:57:18.163 2029 2428 D PeopleSpaceWidgetMgr: Sbn doesn't contain valid PeopleTileKey: null/0/com.android.music
03-14 03:57:18.180 2029 2029 D InterruptionStateProvider: No alerting: filtered notification: 0|com.android.music|1|null|10086
03-14 03:57:18.181 2029 2029 D InterruptionStateProvider: No alerting: filtered notification: 0|com.android.music|1|null|10086
03-14 03:57:18.191 2029 2428 D PeopleSpaceWidgetMgr: Sbn doesn't contain valid PeopleTileKey: null/0/com.android.music
03-14 03:57:18.191 2029 2029 D NotificationMediaManager: onMediaDataLoaded Notification Key : 0|com.android.music|1|null|10086
03-14 03:57:18.195 2029 2029 W ConstraintSet: id unknown center_vertical_guideline
03-14 03:57:18.195 2029 2029 W ConstraintSet: id unknown center_horizontal_guideline
03-14 03:57:18.195 2029 2029 W ConstraintSet: id unknown media_action_barrier
03-14 03:57:18.195 2029 2029 W ConstraintSet: id unknown remove_text
03-14 03:57:18.195 2029 2029 W ConstraintSet: id unknown settings
03-14 03:57:18.195 2029 2029 W ConstraintSet: id unknown cancel
03-14 03:57:18.195 2029 2029 W ConstraintSet: id unknown dismiss
03-14 03:57:18.210 2029 2029 D NotificationMediaManager: onMediaDataLoaded Notification Key : 0|com.android.music|1|null|10086
03-14 03:57:18.212 2029 2029 W ConstraintSet: id unknown center_vertical_guideline
03-14 03:57:18.212 2029 2029 W ConstraintSet: id unknown center_horizontal_guideline
03-14 03:57:18.212 2029 2029 W ConstraintSet: id unknown media_action_barrier
03-14 03:57:18.212 2029 2029 W ConstraintSet: id unknown remove_text
03-14 03:57:18.212 2029 2029 W ConstraintSet: id unknown settings
03-14 03:57:18.212 2029 2029 W ConstraintSet: id unknown cancel
03-14 03:57:18.212 2029 2029 W ConstraintSet: id unknown dismiss
03-14 03:57:18.225 2029 2029 V NotificationMediaManager: DEBUG_MEDIA: found controller matching 0|com.android.music|1|null|10086
03-14 03:57:18.225 2029 2029 V NotificationMediaManager: DEBUG_MEDIA: updating album art for notification 0|com.android.music|1|null|10086 metadata=android.media.MediaMetadata@bd49e807 metaDataChanged=false state=0
03-14 03:57:18.226 2029 2029 V NotificationMediaManager: DEBUG_MEDIA: found controller matching 0|com.android.music|1|null|10086
03-14 03:57:18.226 2029 2029 V NotificationMediaManager: DEBUG_MEDIA: updating album art for notification 0|com.android.music|1|null|10086 metadata=android.media.MediaMetadata@bd49e807 metaDataChanged=false state=0
03-14 03:57:18.227 646 658 I mpu_uart: [MSG-P:RECV]:No message received in 1000 ms
03-14 03:57:18.230 8885 8885 D DecorView: onTouchEvent: action0
03-14 03:57:18.230 8885 8885 D DecorView: onTouchEvent: interval1678737438230
03-14 03:57:18.251 8885 8885 D DecorView: onTouchEvent: action2
03-14 03:57:18.296 8885 8885 D DecorView: onTouchEvent: action1
03-14 03:57:18.296 8885 8885 D DecorView: onTouchEvent: ACTION_UPfalse
03-14 03:57:18.538 6881 7014 W kcp_info: HCDN_LOG: [T:7014]Update: udp kcp size[0], timeout kcp size[0]
03-14 03:57:18.547 8885 8885 D DecorView: onTouchEvent mIsDoubleCLick:false
03-14 03:57:18.547 8885 8885 D DecorView: onTouchEvent: onConfigurationMiniChanged
03-14 03:57:18.575 1009 1185 I ActivityTaskManager: clear resize flag in freeform mode
03-14 03:57:18.576 1009 1185 W WindowManager: updateScale : 0.5214067
03-14 03:57:18.589 1009 3052 W ActivityManager: Receiver with filter android.content.IntentFilter@a50ee0b already registered for pid 8885, callerPackage is com.android.music
03-14 03:57:18.592 1009 1185 I ActivityTaskManager: clear resize flag in freeform mode
03-14 03:57:18.592 1009 1185 W WindowManager: updateScale : 0.5764526
03-14 03:57:18.609 1009 1185 I ActivityTaskManager: clear resize flag in freeform mode
03-14 03:57:18.610 1009 1185 W WindowManager: updateScale : 0.62079513
03-14 03:57:18.621 8885 9143 D skia : --- Failed to create image decoder with message 'unimplemented'
03-14 03:57:18.624 1009 1185 I ActivityTaskManager: clear resize flag in freeform mode
03-14 03:57:18.625 1009 1185 W WindowManager: updateScale : 0.6590214
03-14 03:57:18.637 1009 3052 W WindowManager: updateScale : 0.6590214
03-14 03:57:18.641 1009 1185 I ActivityTaskManager: clear resize flag in freeform mode
03-14 03:57:18.642 1009 1185 W WindowManager: updateScale : 0.68960243
03-14 03:57:18.658 1009 1185 I ActivityTaskManager: clear resize flag in freeform mode
03-14 03:57:18.658 1009 2195 W ActivityManager: Receiver with filter android.content.IntentFilter@aa95818 already registered for pid 8885, callerPackage is com.android.music
03-14 03:57:18.658 1009 1185 W WindowManager: updateScale : 0.7140673
03-14 03:57:18.659 1009 2195 W ActivityManager: Receiver with filter android.content.IntentFilter@d820271 already registered for pid 8885, callerPackage is com.android.music
03-14 03:57:18.664 1009 1698 I GameModeConfig: isGameModeOn = false
03-14 03:57:18.664 1009 1698 I GameModeConfig: isGameModeOn = false
03-14 03:57:18.664 1009 1698 I GameModeConfig: isGameModeOn = false
03-14 03:57:18.664 1009 1698 I GameModeConfig: isGameModeOn = false
03-14 03:57:18.674 1009 1185 I ActivityTaskManager: clear resize flag in freeform mode
03-14 03:57:18.674 1009 1185 W WindowManager: updateScale : 0.73394495
03-14 03:57:18.680 1009 1009 I notification_enqueue: [10086,8885,com.android.music,1,NULL,0,Notification(channel=Channel-music shortcut=null contentView=null vibrate=null sound=null defaults=0x0 flags=0x40 color=0x00000000 category=transport actions=4 vis=PRIVATE),1]
03-14 03:57:18.680 2005 3255 V Avrcp_ext: onMetadataChanged
03-14 03:57:18.682 1009 1009 I notification_enqueue: [10086,8885,com.android.music,1,NULL,0,Notification(channel=Channel-music shortcut=null contentView=null vibrate=null sound=null defaults=0x0 flags=0x40 color=0x00000000 category=transport actions=4 vis=PRIVATE),1]
03-14 03:57:18.684 2005 3255 V Avrcp_ext: updateCurrentMediaState: mMediaController: MediaController (com.android.music@c77ec15) null, null, null
03-14 03:57:18.684 2005 3255 W Avrcp_ext: isMusicActive: true getBluetoothPlayState: 2 A2dp State: 11 mAudioPlaybackIsActive: false
03-14 03:57:18.684 2005 3255 D Avrcp_ext: isMusicActive = true mAudioPlaybackIsActive = false player state = PlaybackState {state=2, position=4302, buffered position=0, speed=1.0, updated=405153, actions=516, custom actions=[], active item id=-1, error=null}
03-14 03:57:18.685 2029 2029 V MediaTimeout: processState 0|com.android.music|1|null|10086: PlaybackState {state=2, position=4302, buffered position=0, speed=1.0, updated=405153, actions=516, custom actions=[], active item id=-1, error=null}
03-14 03:57:18.685 2029 2029 V NotificationMediaManager: DEBUG_MEDIA: onMetadataChanged: android.media.MediaMetadata@bd49e807
03-14 03:57:18.685 2029 2029 V NotificationMediaManager: DEBUG_MEDIA: updating album art for notification 0|com.android.music|1|null|10086 metadata=android.media.MediaMetadata@bd49e807 metaDataChanged=true state=0
03-14 03:57:18.685 2005 3255 D Avrcp_ext: overwrite album_artist :if album is blank
03-14 03:57:18.686 2029 2029 V NotificationMediaManager: DEBUG_MEDIA: onPlaybackStateChanged: PlaybackState {state=2, position=4302, buffered position=0, speed=1.0, updated=405153, actions=516, custom actions=[], active item id=-1, error=null}
03-14 03:57:18.686 2005 3255 V Avrcp_ext: Media update: id -1➡-1? [MediaAttributes: - by (204434 1/0) - ] : [MediaAttributes: - by (204434 1/0) - ]
03-14 03:57:18.687 2005 3255 D Avrcp_ext: isPackageNameValid: browsedPackage = com.android.musicisValid = true
03-14 03:57:18.687 2005 3255 V Avrcp_ext: isBrowseSupported for com.android.music: false
03-14 03:57:18.687 2005 3255 V Avrcp_ext: updatePlaybackState, state: PlaybackState {state=2, position=4302, buffered position=0, speed=1.0, updated=405153, actions=516, custom actions=[], active item id=-1, error=null} device: null
03-14 03:57:18.687 2005 3255 V Avrcp_ext: Device: no name:
03-14 03:57:18.687 2005 3255 V Avrcp_ext: Device: no name:
03-14 03:57:18.687 2005 3255 V Avrcp_ext: Device: no name:
03-14 03:57:18.687 2005 3255 V Avrcp_ext: Device: no name:
03-14 03:57:18.687 2005 3255 V Avrcp_ext: Device: no name:
03-14 03:57:18.687 2005 3255 V Avrcp_ext: updatePlayerStateAndPosition, old=PlaybackState {state=2, position=4302, buffered position=0, speed=1.0, updated=404406, actions=516, custom actions=[], active item id=-1, error=null}, state=PlaybackState {state=2, position=4302, buffered position=0, speed=1.0, updated=405153, actions=516, custom actions=[], active item id=-1, error=null}
03-14 03:57:18.687 2005 3255 V Avrcp_ext: old state = PlaybackState {state=2, position=4302, buffered position=0, speed=1.0, updated=404406, actions=516, custom actions=[], active item id=-1, error=null}, new state= PlaybackState {state=2, position=4302, buffered position=0, speed=1.0, updated=405153, actions=516, custom actions=[], active item id=-1, error=null}
03-14 03:57:18.687 2005 3255 D HeadsetService: getHeadsetService(): returning com.android.bluetooth.hfp.HeadsetService@5276d44
03-14 03:57:18.687 2005 3255 D HeadsetService: isAudioOn: The number of audio connected devices 0
03-14 03:57:18.687 2005 3255 D HeadsetService: isScoOrCallActive(): Call Active:falseCall is Ringing:falseSCO is Active:false
