03-14 03:55:44.630 1009 1009 I notification_enqueue: [10086,3708,com.android.music,1,NULL,0,Notification(channel=Channel-music shortcut=null contentView=null vibrate=null sound=null defaults=0x0 flags=0x40 color=0x00000000 category=transport actions=4 vis=PRIVATE),0]
03-14 03:55:44.631 1009 1009 I notification_enqueue: [10086,3708,com.android.music,1,NULL,0,Notification(channel=Channel-music shortcut=null contentView=null vibrate=null sound=null defaults=0x0 flags=0x40 color=0x00000000 category=transport actions=4 vis=PRIVATE),0]
03-14 03:55:44.632 1009 1009 I notification_enqueue: [10086,3708,com.android.music,1,NULL,0,Notification(channel=Channel-music shortcut=null contentView=null vibrate=null sound=null defaults=0x0 flags=0x40 color=0x00000000 category=transport actions=4 vis=PRIVATE),0]
03-14 03:55:44.636 1009 1184 I input_focus: [Focus request b09f4ee com.android.music/com.android.music.MusicBrowserActivity,reason=UpdateInputWindows]
03-14 03:55:44.642 1009 1698 I GameModeConfig: isGameModeOn = false
03-14 03:55:44.642 1009 1698 I GameModeConfig: isGameModeOn = false
03-14 03:55:44.642 1009 1698 I GameModeConfig: isGameModeOn = false
03-14 03:55:44.642 1009 1698 I GameModeConfig: isGameModeOn = false
03-14 03:55:44.644 1009 1009 I notification_enqueue: [10086,3708,com.android.music,1,NULL,0,Notification(channel=Channel-music shortcut=null contentView=null vibrate=null sound=null defaults=0x0 flags=0x40 color=0x00000000 category=transport actions=4 vis=PRIVATE),0]
03-14 03:55:44.645 1009 1009 I notification_enqueue: [10086,3708,com.android.music,1,NULL,0,Notification(channel=Channel-music shortcut=null contentView=null vibrate=null sound=null defaults=0x0 flags=0x40 color=0x00000000 category=transport actions=4 vis=PRIVATE),0]
03-14 03:55:44.645 1009 1009 I sysui_multi_action: [757,128,758,5,759,8,793,18,794,0,795,18,796,1,806,com.android.music,857,Channel-music,858,2,947,0,1500,18,1641,transport,1688,1,1745,1043716538]
03-14 03:55:44.645 1009 1009 I notification_canceled: [0|com.android.music|1|null|10086,8,18,18,0,-1,-1,NULL]
03-14 03:55:44.646 1009 1180 I sysui_multi_action: [319,36,321,35,322,72,325,311,757,761,758,8,759,1,806,com.android.music,871,com.android.music.MusicBrowserActivity,904,com.android.launcher3,905,0,1320,4,1321,1]
03-14 03:55:44.646 1009 1180 I wm_activity_launch_time: [0,42740034,com.android.music/.MusicBrowserActivity,72]
03-14 03:55:44.647 2029 2213 D StartingSurfaceDrawer: Task start finish, remove starting surface for task 140
03-14 03:55:44.647 2029 2213 V StartingSurfaceDrawer: Removing splash screen window for task: 140
03-14 03:55:44.662 1009 1587 I input_focus: [Focus entering b09f4ee com.android.music/com.android.music.MusicBrowserActivity (server),reason=Window became focusable. Previous reason: NOT_VISIBLE]
03-14 03:55:44.686 1009 1585 W FreeFormWindowHelper: Current Display FreeFormTask is null
03-14 03:55:44.819 1009 1488 I commit_sys_config_file: [settings-2-0,2]
03-14 03:55:44.828 1009 1009 I NotificationService: Cannot find enqueued record for key: 0|com.android.music|1|null|10086
03-14 03:55:44.831 1009 1009 I NotificationService: Cannot find enqueued record for key: 0|com.android.music|1|null|10086
03-14 03:55:44.831 1009 1009 I NotificationService: Cannot find enqueued record for key: 0|com.android.music|1|null|10086
03-14 03:55:44.832 1009 1009 I NotificationService: Cannot find enqueued record for key: 0|com.android.music|1|null|10086
03-14 03:55:44.845 1009 1009 I NotificationService: Cannot find enqueued record for key: 0|com.android.music|1|null|10086
03-14 03:55:44.845 1009 1009 I NotificationService: Cannot find enqueued record for key: 0|com.android.music|1|null|10086
03-14 03:55:44.879 1009 1182 I commit_sys_config_file: [notification-policy,281022]
03-14 03:55:44.968 1009 1183 I wm_stop_activity: [0,196755772,com.android.launcher3/.uioverrides.QuickstepLauncher]
03-14 03:55:44.980 1009 1724 W FreeFormWindowHelper: exitRecentTasks type=0
03-14 03:55:44.983 2625 2625 I wm_on_stop_called: [196755772,com.android.launcher3.uioverrides.QuickstepLauncher,STOP_ACTIVITY_ITEM]
03-14 03:55:45.551 1009 1587 I input_interaction: Interaction with: b09f4ee com.android.music/com.android.music.MusicBrowserActivity (server), edge-swipe (server), swipe-up (server), PointerEventDispatcher0 (server),
03-14 03:55:45.554 1009 3052 W FreeFormWindowHelper: Current Display FreeFormTask is null
03-14 03:55:45.554 1009 3052 W FreeFormWindowHelper: Current Display FreeFormTask is null
03-14 03:55:45.555 1009 3052 W FreeFormWindowHelper: Current Display FreeFormTask is null
03-14 03:55:45.555 1009 1585 I wm_task_moved: [1,0,0]
03-14 03:55:45.555 1009 1585 I wm_task_moved: [1,0,6]
03-14 03:55:45.557 1009 3052 W FreeFormWindowHelper: Current Display FreeFormTask is null
03-14 03:55:45.564 2625 2625 I wm_on_restart_called: [196755772,com.android.launcher3.uioverrides.QuickstepLauncher,performRestartActivity]
03-14 03:55:45.564 1009 1585 W FreeFormWindowHelper: Current Display FreeFormTask is null
03-14 03:55:45.565 1009 1585 W FreeFormWindowHelper: Current Display FreeFormTask is null
03-14 03:55:45.565 1009 1585 W FreeFormWindowHelper: Current Display FreeFormTask is null
03-14 03:55:45.579 2625 2625 I wm_on_start_called: [196755772,com.android.launcher3.uioverrides.QuickstepLauncher,handleStartActivity]
03-14 03:55:45.580 1009 1585 W ActivityTaskManager: getTaskSnapshot: taskId=-179 not found
03-14 03:55:45.582 1009 2178 W ActivityTaskManager: getTaskSnapshot: taskId=-179 not found
03-14 03:55:45.583 1009 2178 W FreeFormWindowHelper: Current Display FreeFormTask is null
03-14 03:55:45.584 1009 2178 W FreeFormWindowHelper: Current Display FreeFormTask is null
03-14 03:55:45.589 1009 1180 I sysui_multi_action: [319,3,322,31,325,312,757,761,758,9,759,5,806,com.android.launcher3,871,com.android.launcher3.uioverrides.QuickstepLauncher,905,0,1320,4,1321,1]
03-14 03:55:45.598 1009 1585 W FreeFormWindowHelper: Current Display FreeFormTask is null
03-14 03:55:45.598 1009 1585 W FreeFormWindowHelper: Current Display FreeFormTask is null
03-14 03:55:45.632 3708 3708 I view_enqueue_input_event: [Motion - Cancel,com.android.music/com.android.music.MusicBrowserActivity]
03-14 03:55:45.633 1009 1180 D AutofillManagerService: Close system dialogs
03-14 03:55:45.633 2625 2625 I sysui_latency: [1,33]
03-14 03:55:45.634 1009 1184 I input_focus: [Focus request recents_animation_input_consumer,reason=UpdateInputWindows]
03-14 03:55:45.645 1009 1587 I input_interaction: Interaction with: edge-swipe (server), swipe-up (server), PointerEventDispatcher0 (server),
03-14 03:55:45.648 1009 2178 W FreeFormWindowHelper: Current Display FreeFormTask is null
03-14 03:55:45.649 1009 2178 W FreeFormWindowHelper: Current Display FreeFormTask is null
03-14 03:55:45.661 1009 1585 W ActivityTaskManager: getTaskSnapshot: taskId=-87 not found
03-14 03:55:45.662 1009 1585 W ActivityTaskManager: getTaskSnapshot: taskId=-87 not found
03-14 03:55:45.665 1009 1587 I input_focus: [Focus leaving b09f4ee com.android.music/com.android.music.MusicBrowserActivity (server),reason=NOT_FOCUSABLE]
03-14 03:55:45.665 1009 1587 I input_focus: [Focus entering recents_animation_input_consumer (server),reason=setFocusedWindow]
03-14 03:55:45.665 1009 2178 W FreeFormWindowHelper: Current Display FreeFormTask is null
03-14 03:55:45.665 1009 2178 W FreeFormWindowHelper: Current Display FreeFormTask is null
03-14 03:55:45.681 1009 2178 W FreeFormWindowHelper: Current Display FreeFormTask is null
03-14 03:55:45.681 1009 2178 W FreeFormWindowHelper: Current Display FreeFormTask is null
03-14 03:55:45.718 1009 2178 W FreeFormWindowHelper: exitRecentTasks type=0
03-14 03:55:45.731 1009 2178 W FreeFormWindowHelper: Current Display FreeFormTask is null
03-14 03:55:45.732 1009 2178 W FreeFormWindowHelper: Current Display FreeFormTask is null
03-14 03:55:45.779 1009 1488 I commit_sys_config_file: [settings-1-0,1]
03-14 03:55:45.888 1009 1188 I sysui_latency: [8,35]
03-14 03:55:46.382 1009 3052 W FreeFormWindowHelper: Current Display FreeFormTask is null
03-14 03:55:46.383 1009 3052 W FreeFormWindowHelper: Current Display FreeFormTask is null
03-14 03:55:46.386 1009 3052 I wm_task_moved: [1,1,7]
03-14 03:55:46.387 1009 3052 I wm_task_moved: [127,1,2147483647]
03-14 03:55:46.387 1009 3052 I wm_task_to_front: [0,127]
03-14 03:55:46.387 1009 3052 I wm_focused_root_task: [0,0,1,140,RecentsAnimation.onAnimationFinished()]
03-14 03:55:46.388 1009 3052 I wm_set_resumed_activity: [0,com.android.launcher3/.uioverrides.QuickstepLauncher,RecentsAnimation.onAnimationFinished()]
03-14 03:55:46.388 1009 3052 I wm_pause_activity: [0,42740034,com.android.music/.MusicBrowserActivity,userLeaving=true,pauseBackTasks]
03-14 03:55:46.389 1009 3052 I wm_add_to_stopping: [0,42740034,com.android.music/.MusicBrowserActivity,makeInvisible]
03-14 03:55:46.389 1009 3052 I ActivityTaskManager: FOREGROUND_APPLICATION_CHANGED to com.android.launcher3.uioverrides.QuickstepLauncher
03-14 03:55:46.389 1009 3052 I wm_set_resumed_activity: [0,com.android.launcher3/.uioverrides.QuickstepLauncher,resumeTopActivityInnerLocked]
03-14 03:55:46.391 1009 3052 I wm_resume_activity: [0,196755772,127,com.android.launcher3/.uioverrides.QuickstepLauncher]
03-14 03:55:46.391 2625 2625 I wm_on_resume_called: [196755772,com.android.launcher3.uioverrides.QuickstepLauncher,RESUME_ACTIVITY]
03-14 03:55:46.395 1009 1184 I input_focus: [Focus request b68d17 com.android.launcher3/com.android.launcher3.uioverrides.QuickstepLauncher,reason=UpdateInputWindows]
03-14 03:55:46.397 1009 1183 I wm_stop_activity: [0,42740034,com.android.music/.MusicBrowserActivity]
03-14 03:55:46.398 1009 1183 I sysui_multi_action: [757,803,799,window_time_0,802,1]
03-14 03:55:46.398 1009 1183 I sysui_multi_action: [757,803,799,window_time_0,802,0]
03-14 03:55:46.399 3708 3708 I wm_on_top_resumed_lost_called: [42740034,com.android.music.MusicBrowserActivity,topStateChangedWhenResumed]
03-14 03:55:46.401 1009 1587 I input_focus: [Focus leaving recents_animation_input_consumer (server),reason=NOT_VISIBLE]
03-14 03:55:46.403 3708 3708 I wm_on_paused_called: [42740034,com.android.music.MusicBrowserActivity,performPause]
03-14 03:55:46.404 2625 2625 I wm_on_top_resumed_gained_called: [196755772,com.android.launcher3.uioverrides.QuickstepLauncher,topStateChangedWhenResumed]
03-14 03:55:46.405 3708 3708 I wm_on_stop_called: [42740034,com.android.music.MusicBrowserActivity,STOP_ACTIVITY_ITEM]
03-14 03:55:46.417 1009 1587 I input_focus: [Focus entering b68d17 com.android.launcher3/com.android.launcher3.uioverrides.QuickstepLauncher (server),reason=setFocusedWindow]
03-14 03:55:46.495 1009 1724 W FreeFormWindowHelper: Current Display FreeFormTask is null
03-14 03:55:46.517 1009 1587 I input_interaction: Interaction with: b68d17 com.android.launcher3/com.android.launcher3.uioverrides.QuickstepLauncher (server), 8c59581 com.android.systemui.ImageWallpaper (server), edge-swipe (server), swipe-up (server), PointerEventDispatcher0 (server),
03-14 03:55:48.043 1009 3052 W FreeFormWindowHelper: Current Display FreeFormTask is null
03-14 03:55:48.044 1009 3052 W FreeFormWindowHelper: Current Display FreeFormTask is null
03-14 03:55:48.064 2625 2625 I view_enqueue_input_event: [Motion - Cancel,com.android.launcher3/com.android.launcher3.uioverrides.QuickstepLauncher]
03-14 03:55:48.065 1009 1585 W FreeFormWindowHelper: Current Display FreeFormTask is null
03-14 03:55:48.065 1009 1585 W FreeFormWindowHelper: Current Display FreeFormTask is null
03-14 03:55:48.065 1009 1180 D AutofillManagerService: Close system dialogs
03-14 03:55:48.066 1009 1585 W FreeFormWindowHelper: Current Display FreeFormTask is null
03-14 03:55:48.068 1009 1585 W FreeFormWindowHelper: Current Display FreeFormTask is null
03-14 03:55:48.070 1009 1585 W FreeFormWindowHelper: Current Display FreeFormTask is null
03-14 03:55:48.070 1009 1585 W FreeFormWindowHelper: Current Display FreeFormTask is null
03-14 03:55:48.070 1009 1587 I input_interaction: Interaction with: edge-swipe (server), swipe-up (server), PointerEventDispatcher0 (server),
03-14 03:55:48.074 1009 2178 W ActivityTaskManager: getTaskSnapshot: taskId=-668 not found
03-14 03:55:48.075 1009 2178 W ActivityTaskManager: getTaskSnapshot: taskId=-668 not found
03-14 03:55:48.077 1009 2178 W FreeFormWindowHelper: Current Display FreeFormTask is null
03-14 03:55:48.077 1009 2178 W FreeFormWindowHelper: Current Display FreeFormTask is null
03-14 03:55:48.088 1009 3052 W FreeFormWindowHelper: Current Display FreeFormTask is null
03-14 03:55:48.088 1009 3052 W FreeFormWindowHelper: Current Display FreeFormTask is null
03-14 03:55:48.247 1009 1488 I commit_sys_config_file: [settings-1-0,4]
03-14 03:55:48.422 1009 1585 W FreeFormWindowHelper: Current Display FreeFormTask is null
03-14 03:55:48.422 1009 1585 W FreeFormWindowHelper: Current Display FreeFormTask is null
03-14 03:55:48.444 1009 2178 W FreeFormWindowHelper: Current Display FreeFormTask is null
03-14 03:55:48.444 1009 2178 W FreeFormWindowHelper: Current Display FreeFormTask is null
03-14 03:55:48.460 1009 1585 W FreeFormWindowHelper: Current Display FreeFormTask is null
03-14 03:55:48.461 1009 1585 W FreeFormWindowHelper: Current Display FreeFormTask is null
03-14 03:55:48.475 1009 1585 W FreeFormWindowHelper: Current Display FreeFormTask is null
03-14 03:55:48.475 1009 1585 W FreeFormWindowHelper: Current Display FreeFormTask is null
03-14 03:55:48.497 1009 3052 W FreeFormWindowHelper: Current Display FreeFormTask is null
03-14 03:55:48.498 1009 3052 W FreeFormWindowHelper: Current Display FreeFormTask is null
03-14 03:55:48.514 1009 3052 W FreeFormWindowHelper: Current Display FreeFormTask is null
03-14 03:55:48.514 1009 3052 W FreeFormWindowHelper: Current Display FreeFormTask is null
03-14 03:55:48.532 1009 3052 W FreeFormWindowHelper: Current Display FreeFormTask is null
03-14 03:55:48.532 1009 3052 W FreeFormWindowHelper: Current Display FreeFormTask is null
03-14 03:55:48.547 1009 3052 W FreeFormWindowHelper: Current Display FreeFormTask is null
03-14 03:55:48.548 1009 3052 W FreeFormWindowHelper: Current Display FreeFormTask is null
03-14 03:55:48.566 1009 2178 W FreeFormWindowHelper: Current Display FreeFormTask is null
03-14 03:55:48.566 1009 2178 W FreeFormWindowHelper: Current Display FreeFormTask is null
03-14 03:55:48.581 1009 2178 W FreeFormWindowHelper: Current Display FreeFormTask is null
03-14 03:55:48.581 1009 2178 W FreeFormWindowHelper: Current Display FreeFormTask is null
03-14 03:55:48.590 1009 2881 E TaskPersister: File error accessing recents directory (directory doesn't exist?).
03-14 03:55:48.598 1009 3052 W FreeFormWindowHelper: Current Display FreeFormTask is null
03-14 03:55:48.598 1009 3052 W FreeFormWindowHelper: Current Display FreeFormTask is null
03-14 03:55:48.613 1009 1488 I commit_sys_config_file: [settings-1-0,9]
03-14 03:55:48.615 1009 3052 W FreeFormWindowHelper: Current Display FreeFormTask is null
03-14 03:55:48.615 1009 3052 W FreeFormWindowHelper: Current Display FreeFormTask is null
03-14 03:55:48.631 1009 2178 W FreeFormWindowHelper: Current Display FreeFormTask is null
03-14 03:55:48.631 1009 2178 W FreeFormWindowHelper: Current Display FreeFormTask is null
03-14 03:55:48.648 1009 3052 W FreeFormWindowHelper: Current Display FreeFormTask is null
03-14 03:55:48.648 1009 3052 W FreeFormWindowHelper: Current Display FreeFormTask is null
03-14 03:55:48.665 1009 1585 W FreeFormWindowHelper: Current Display FreeFormTask is null
03-14 03:55:48.666 1009 1585 W FreeFormWindowHelper: Current Display FreeFormTask is null
03-14 03:55:48.683 1009 3052 W FreeFormWindowHelper: Current Display FreeFormTask is null
03-14 03:55:48.683 1009 3052 W FreeFormWindowHelper: Current Display FreeFormTask is null
03-14 03:55:48.699 1009 3052 W FreeFormWindowHelper: Current Display FreeFormTask is null
03-14 03:55:48.699 1009 3052 W FreeFormWindowHelper: Current Display FreeFormTask is null
03-14 03:55:48.717 1009 1585 W FreeFormWindowHelper: Current Display FreeFormTask is null
03-14 03:55:48.717 1009 1585 W FreeFormWindowHelper: Current Display FreeFormTask is null
03-14 03:55:48.717 1009 3052 W FreeFormWindowHelper: Current Display FreeFormTask is null
03-14 03:55:48.740 1009 3052 W FreeFormWindowHelper: Current Display FreeFormTask is null
03-14 03:55:48.740 1009 3052 W FreeFormWindowHelper: Current Display FreeFormTask is null
01-01 08:05:17.800 0 0 I [schedu][0x16bb1a88b][03:55:49.098778] wlan: [3591:I:OSIF] scan start scan id 40962
01-01 08:05:17.843 0 0 E DTC_ETH,link_delay_work_func: 3003, SQI=0, link=0
03-14 03:55:49.242 1009 1587 I input_interaction: Interaction with: b68d17 com.android.launcher3/com.android.launcher3.uioverrides.QuickstepLauncher (server), 8c59581 com.android.systemui.ImageWallpaper (server), edge-swipe (server), swipe-up (server), PointerEventDispatcher0 (server),
03-14 03:55:49.650 2625 2625 I sysui_multi_action: [757,629,758,4,759,0]
01-01 08:05:19.360 0 0 I [schedu][0x16d7aa997][03:55:50.658686] wlan: [3591:I:OSIF] vdev 0, scan id 40962 type COMPLETED(1) reason COMPLETED(1) scan found 4 bss
03-14 03:55:50.717 1009 2178 I thunderperf: PlatormCompat.setOverrides: Uid1=10074 Pid1=2625 Uid2=10074 Pid2=2625
03-14 03:55:50.717 1009 2178 I thunderperf: PlatormCompat.setOverrides: needCheck:false
03-14 03:55:50.717 1009 2178 I thunderperf: CompatConfig.addOverrideUnsafe: bef-state=0
03-14 03:55:50.717 1009 2178 I thunderperf: CompatConfig.addOverrideUnsafe: aft-state=0
03-14 03:55:50.718 1009 2178 I thunderperf: CompatConfig.addOverrideUnsafe: bef-state=0
03-14 03:55:50.718 1009 2178 I thunderperf: CompatConfig.addOverrideUnsafe: aft-state=0
03-14 03:55:50.718 1009 2178 I thunderperf: CompatConfig.addOverrideUnsafe: bef-state=0
03-14 03:55:50.718 1009 2178 I thunderperf: CompatConfig.addOverrideUnsafe: aft-state=0
03-14 03:55:50.719 1009 2178 I thunderperf: CompatConfig.addOverrideUnsafe: bef-state=0
03-14 03:55:50.719 1009 2178 I thunderperf: CompatConfig.addOverrideUnsafe: aft-state=0
03-14 03:55:50.719 1009 2178 I thunderperf: CompatConfig.addOverrideUnsafe: bef-state=0
03-14 03:55:50.719 1009 2178 I thunderperf: CompatConfig.addOverrideUnsafe: aft-state=0
03-14 03:55:50.719 1009 2178 I thunderperf: CompatConfig.addOverrideUnsafe: bef-state=0
03-14 03:55:50.719 1009 2178 I thunderperf: CompatConfig.addOverrideUnsafe: aft-state=0
03-14 03:55:50.720 1009 2178 I thunderperf: CompatConfig.addOverrideUnsafe: bef-state=0
03-14 03:55:50.720 1009 2178 I thunderperf: CompatConfig.addOverrideUnsafe: aft-state=0
03-14 03:55:50.720 1009 2178 I thunderperf: CompatConfig.addOverrideUnsafe: bef-state=0
03-14 03:55:50.720 1009 2178 I thunderperf: CompatConfig.addOverrideUnsafe: aft-state=0
03-14 03:55:50.721 1009 2178 I thunderperf: CompatConfig.addOverrideUnsafe: bef-state=0
03-14 03:55:50.721 1009 2178 I thunderperf: CompatConfig.addOverrideUnsafe: aft-state=0
03-14 03:55:50.721 1009 2178 I thunderperf: CompatConfig.addOverrideUnsafe: bef-state=0
03-14 03:55:50.721 1009 2178 I thunderperf: CompatConfig.addOverrideUnsafe: aft-state=0
03-14 03:55:50.721 1009 2178 I thunderperf: CompatConfig.addOverrideUnsafe: bef-state=0
03-14 03:55:50.721 1009 2178 I thunderperf: CompatConfig.addOverrideUnsafe: aft-state=0
03-14 03:55:50.722 1009 2178 I thunderperf: CompatConfig.addOverrideUnsafe: bef-state=0
03-14 03:55:50.722 1009 2178 I thunderperf: CompatConfig.addOverrideUnsafe: aft-state=0
03-14 03:55:50.722 1009 2178 I thunderperf: CompatConfig.addOverrideUnsafe: bef-state=0
03-14 03:55:50.722 1009 2178 I thunderperf: CompatConfig.addOverrideUnsafe: aft-state=0
03-14 03:55:50.722 1009 2178 I thunderperf: CompatConfig.addOverrideUnsafe: bef-state=0
03-14 03:55:50.722 1009 2178 I thunderperf: CompatConfig.addOverrideUnsafe: aft-state=0
03-14 03:55:50.730 1009 2178 I ActivityTaskManager: START u0 {act=android.intent.action.MAIN cat=[android.intent.category.LAUNCHER] flg=0x10200000 cmp=com.android.music/.MusicBrowserActivity bnds=[2128,310][2314,510]} from uid 10074
03-14 03:55:50.731 1009 2178 I wm_task_moved: [140,1,7]
03-14 03:55:50.731 1009 2178 I wm_task_to_front: [0,140]
03-14 03:55:50.732 1009 2178 I wm_focused_root_task: [0,0,140,1,bringingFoundTaskToFront]
03-14 03:55:50.733 1009 2178 I wm_set_resumed_activity: [0,com.android.music/.MusicBrowserActivity,bringingFoundTaskToFront]
03-14 03:55:50.733 1009 2178 I wm_new_intent: [0,42740034,140,com.android.music/.MusicBrowserActivity,android.intent.action.MAIN,NULL,NULL,270532608]
03-14 03:55:50.735 1009 2178 I wm_pause_activity: [0,196755772,com.android.launcher3/.uioverrides.QuickstepLauncher,userLeaving=true,pauseBackTasks]
03-14 03:55:50.735 2029 2213 D PhoneStartingWindowTypeAlgorithm: preferredStartingWindowType newTask:false taskSwitch:true processRunning:true allowTaskSnapshot:true activityCreated:true useEmptySplashScreen:false legacySplashScreen:false topIsHome:false
03-14 03:55:50.735 2029 2213 D PhoneStartingWindowTypeAlgorithm: isSnapshotCompatible rotation 0 snapshot 0
03-14 03:55:50.739 1009 3052 W FreeFormWindowHelper: Current Display FreeFormTask is null
03-14 03:55:50.740 2625 2625 I wm_on_top_resumed_lost_called: [196755772,com.android.launcher3.uioverrides.QuickstepLauncher,topStateChangedWhenResumed]
03-14 03:55:50.743 2625 2625 I wm_on_paused_called: [196755772,com.android.launcher3.uioverrides.QuickstepLauncher,performPause]
03-14 03:55:50.745 1009 2178 I ActivityTaskManager: FOREGROUND_APPLICATION_CHANGED to com.android.music.MusicBrowserActivity
03-14 03:55:50.746 1009 2178 I wm_set_resumed_activity: [0,com.android.music/.MusicBrowserActivity,resumeTopActivityInnerLocked]
03-14 03:55:50.746 1009 2178 I wm_add_to_stopping: [0,196755772,com.android.launcher3/.uioverrides.QuickstepLauncher,makeInvisible]
03-14 03:55:50.757 1009 2178 I wm_resume_activity: [0,42740034,140,com.android.music/.MusicBrowserActivity]
03-14 03:55:50.761 1009 1183 I sysui_multi_action: [757,803,799,window_time_0,802,5]
03-14 03:55:50.769 3708 3708 I wm_on_restart_called: [42740034,com.android.music.MusicBrowserActivity,performRestartActivity]
03-14 03:55:50.773 3708 3708 I wm_on_start_called: [42740034,com.android.music.MusicBrowserActivity,handleStartActivity]
03-14 03:55:50.775 3708 3708 I wm_on_resume_called: [42740034,com.android.music.MusicBrowserActivity,RESUME_ACTIVITY]
03-14 03:55:50.775 3708 3708 I wm_on_top_resumed_gained_called: [42740034,com.android.music.MusicBrowserActivity,topWhenResuming]
03-14 03:55:50.779 1009 1587 I input_focus: [Focus leaving b68d17 com.android.launcher3/com.android.launcher3.uioverrides.QuickstepLauncher (server),reason=NO_WINDOW]
03-14 03:55:50.784 1009 1184 I input_focus: [Focus request b09f4ee com.android.music/com.android.music.MusicBrowserActivity,reason=UpdateInputWindows]
03-14 03:55:50.789 1009 1698 I GameModeConfig: isGameModeOn = false
03-14 03:55:50.790 1009 1698 I GameModeConfig: isGameModeOn = false
03-14 03:55:50.790 1009 1698 I GameModeConfig: isGameModeOn = false
03-14 03:55:50.790 1009 1698 I GameModeConfig: isGameModeOn = false
03-14 03:55:50.791 2029 2213 D StartingSurfaceDrawer: Task start finish, remove starting surface for task 140
03-14 03:55:50.795 1009 1587 I input_focus: [Focus entering b09f4ee com.android.music/com.android.music.MusicBrowserActivity (server),reason=setFocusedWindow]
03-14 03:55:50.796 1009 1009 I notification_enqueue: [10086,3708,com.android.music,1,NULL,0,Notification(channel=Channel-music shortcut=null contentView=null vibrate=null sound=null defaults=0x0 flags=0x40 color=0x00000000 category=transport actions=4 vis=PRIVATE),0]
03-14 03:55:50.801 1009 1009 I notification_enqueue: [10086,3708,com.android.music,1,NULL,0,Notification(channel=Channel-music shortcut=null contentView=null vibrate=null sound=null defaults=0x0 flags=0x40 color=0x00000000 category=transport actions=4 vis=PRIVATE),0]
03-14 03:55:50.806 1009 1180 I sysui_multi_action: [319,35,321,32,322,61,325,317,757,761,758,9,759,4,806,com.android.music,871,com.android.music.MusicBrowserActivity,904,com.android.launcher3,905,0,1320,4,1321,1]
03-14 03:55:50.859 1009 2178 W FreeFormWindowHelper: Current Display FreeFormTask is null
03-14 03:55:51.000 1009 1009 I sysui_multi_action: [757,1501,758,1,793,209,794,0,795,209,796,1,806,com.android.music,857,Channel-music,858,2,947,0,1500,0,1641,transport,1688,1,1745,1043716538]
03-14 03:55:51.000 1009 1009 I sysui_multi_action: [757,804,799,note_interruptive,801,0,802,1]
03-14 03:55:51.001 1009 1009 I GameModeConfig: isGameModeOn = false
03-14 03:55:51.003 1009 1009 W NotificationHistory: Attempted to add notif for locked/gone/disabled user 0
03-14 03:55:51.004 1009 1009 I GameModeConfig: isGameModeOn = false
03-14 03:55:51.045 1009 1009 I sysui_multi_action: [757,128,758,5,759,8,793,285369,794,0,795,285369,796,1,797,empty_media,806,com.android.systemui,857,empty_media_style_id,858,4,946,empty_media,947,0,1500,285316,1641,transport,1688,1,1745,1043716538]
03-14 03:55:51.045 1009 1009 I notification_canceled: [0|com.android.systemui|1|empty_media|10078,8,285369,285369,0,-1,-1,NULL]
03-14 03:55:51.046 1009 1009 D CompatibilityChangeReporter: Compat change id reported: 175319604; UID 10078; state: ENABLED
03-14 03:55:51.048 1009 1009 D CompatibilityChangeReporter: Compat change id reported: 175319604; UID 1000; state: DISABLED
03-14 03:55:51.048 1009 1009 D CompatibilityChangeReporter: Compat change id reported: 175319604; UID 1000; state: ENABLED
03-14 03:55:51.050 1009 1009 D CompatibilityChangeReporter: Compat change id reported: 175319604; UID 10092; state: DISABLED
03-14 03:55:51.112 1009 1183 I wm_stop_activity: [0,196755772,com.android.launcher3/.uioverrides.QuickstepLauncher]
03-14 03:55:51.117 1009 2156 W FreeFormWindowHelper: exitRecentTasks type=0
03-14 03:55:51.123 2625 2625 I wm_on_stop_called: [196755772,com.android.launcher3.uioverrides.QuickstepLauncher,STOP_ACTIVITY_ITEM]
03-14 03:55:51.790 1009 1587 I input_interaction: Interaction with: b09f4ee com.android.music/com.android.music.MusicBrowserActivity (server), edge-swipe (server), swipe-up (server), PointerEventDispatcher0 (server),
03-14 03:55:51.806 1009 1724 W FreeFormWindowHelper: Current Display FreeFormTask is null
03-14 03:55:51.806 1009 1585 I wm_task_moved: [1,0,0]
03-14 03:55:51.807 1009 1585 I wm_task_moved: [1,0,6]
03-14 03:55:51.810 1009 1724 W FreeFormWindowHelper: Current Display FreeFormTask is null
03-14 03:55:51.815 2625 2625 I wm_on_restart_called: [196755772,com.android.launcher3.uioverrides.QuickstepLauncher,performRestartActivity]
03-14 03:55:51.817 1009 2156 W FreeFormWindowHelper: Current Display FreeFormTask is null
03-14 03:55:51.817 1009 1585 W FreeFormWindowHelper: Current Display FreeFormTask is null
03-14 03:55:51.818 1009 1585 W FreeFormWindowHelper: Current Display FreeFormTask is null
03-14 03:55:51.838 2625 2625 I wm_on_start_called: [196755772,com.android.launcher3.uioverrides.QuickstepLauncher,handleStartActivity]
03-14 03:55:51.839 3708 3708 I view_enqueue_input_event: [Motion - Cancel,com.android.music/com.android.music.MusicBrowserActivity]
03-14 03:55:51.840 1009 1180 D AutofillManagerService: Close system dialogs
03-14 03:55:51.841 1009 1184 I input_focus: [Focus request recents_animation_input_consumer,reason=UpdateInputWindows]
03-14 03:55:51.844 1009 1587 I input_interaction: Interaction with: edge-swipe (server), swipe-up (server), PointerEventDispatcher0 (server),
03-14 03:55:51.845 1009 1724 W FreeFormWindowHelper: Current Display FreeFormTask is null
03-14 03:55:51.845 1009 1724 W FreeFormWindowHelper: Current Display FreeFormTask is null
03-14 03:55:51.846 2625 2625 I sysui_latency: [1,57]
03-14 03:55:51.847 1009 1585 W ActivityTaskManager: getTaskSnapshot: taskId=-926 not found
03-14 03:55:51.847 1009 1587 I input_focus: [Focus leaving b09f4ee com.android.music/com.android.music.MusicBrowserActivity (server),reason=NOT_FOCUSABLE]
03-14 03:55:51.847 1009 1587 I input_focus: [Focus entering recents_animation_input_consumer (server),reason=setFocusedWindow]
03-14 03:55:51.849 1009 1585 W ActivityTaskManager: getTaskSnapshot: taskId=-925 not found
03-14 03:55:51.850 1009 1724 W FreeFormWindowHelper: Current Display FreeFormTask is null
03-14 03:55:51.852 1009 1585 W FreeFormWindowHelper: Current Display FreeFormTask is null
03-14 03:55:51.852 1009 1180 I sysui_multi_action: [319,10,322,44,325,318,757,761,758,9,759,5,806,com.android.launcher3,871,com.android.launcher3.uioverrides.QuickstepLauncher,905,0,1320,4,1321,1]
03-14 03:55:51.854 1009 2156 W FreeFormWindowHelper: Current Display FreeFormTask is null
03-14 03:55:51.854 1009 2156 W FreeFormWindowHelper: Current Display FreeFormTask is null
03-14 03:55:51.861 1009 1585 W ActivityTaskManager: getTaskSnapshot: taskId=-884 not found
03-14 03:55:51.862 1009 1585 W ActivityTaskManager: getTaskSnapshot: taskId=-884 not found
03-14 03:55:51.863 1009 1585 W FreeFormWindowHelper: Current Display FreeFormTask is null
03-14 03:55:51.863 1009 2178 W FreeFormWindowHelper: Current Display FreeFormTask is null
03-14 03:55:51.880 1009 1585 W FreeFormWindowHelper: Current Display FreeFormTask is null
03-14 03:55:51.880 1009 1585 W FreeFormWindowHelper: Current Display FreeFormTask is null
03-14 03:55:51.992 1009 1585 W FreeFormWindowHelper: exitRecentTasks type=0
03-14 03:55:51.997 1009 1724 W FreeFormWindowHelper: Current Display FreeFormTask is null
03-14 03:55:51.997 1009 2178 W FreeFormWindowHelper: Current Display FreeFormTask is null
03-14 03:55:52.040 1009 1488 I commit_sys_config_file: [settings-1-0,3]
03-14 03:55:52.152 1009 1188 I sysui_latency: [8,56]
03-14 03:55:52.716 1009 2178 W FreeFormWindowHelper: Current Display FreeFormTask is null
03-14 03:55:52.717 1009 1724 W FreeFormWindowHelper: Current Display FreeFormTask is null
03-14 03:55:52.720 1009 1724 I wm_task_moved: [1,1,7]
03-14 03:55:52.721 1009 1724 I wm_task_moved: [127,1,2147483647]
03-14 03:55:52.721 1009 1724 I wm_task_to_front: [0,127]
03-14 03:55:52.721 1009 1724 I wm_focused_root_task: [0,0,1,140,RecentsAnimation.onAnimationFinished()]
03-14 03:55:52.721 1009 1724 I wm_set_resumed_activity: [0,com.android.launcher3/.uioverrides.QuickstepLauncher,RecentsAnimation.onAnimationFinished()]
03-14 03:55:52.722 3708 3708 I wm_on_top_resumed_lost_called: [42740034,com.android.music.MusicBrowserActivity,topStateChangedWhenResumed]
03-14 03:55:52.723 1009 1724 I wm_pause_activity: [0,42740034,com.android.music/.MusicBrowserActivity,userLeaving=true,pauseBackTasks]
03-14 03:55:52.724 1009 1724 I wm_add_to_stopping: [0,42740034,com.android.music/.MusicBrowserActivity,makeInvisible]
03-14 03:55:52.725 1009 1724 I ActivityTaskManager: FOREGROUND_APPLICATION_CHANGED to com.android.launcher3.uioverrides.QuickstepLauncher
03-14 03:55:52.725 1009 1724 I wm_set_resumed_activity: [0,com.android.launcher3/.uioverrides.QuickstepLauncher,resumeTopActivityInnerLocked]
03-14 03:55:52.729 1009 1724 I wm_resume_activity: [0,196755772,127,com.android.launcher3/.uioverrides.QuickstepLauncher]
03-14 03:55:52.731 2625 2625 I wm_on_resume_called: [196755772,com.android.launcher3.uioverrides.QuickstepLauncher,RESUME_ACTIVITY]
03-14 03:55:52.735 1009 1184 I input_focus: [Focus request b68d17 com.android.launcher3/com.android.launcher3.uioverrides.QuickstepLauncher,reason=UpdateInputWindows]
03-14 03:55:52.736 2625 2625 I wm_on_top_resumed_gained_called: [196755772,com.android.launcher3.uioverrides.QuickstepLauncher,topStateChangedWhenResumed]
03-14 03:55:52.736 3708 3708 I wm_on_paused_called: [42740034,com.android.music.MusicBrowserActivity,performPause]
03-14 03:55:52.746 1009 1183 I wm_stop_activity: [0,42740034,com.android.music/.MusicBrowserActivity]
03-14 03:55:52.755 1009 1587 I input_focus: [Focus leaving recents_animation_input_consumer (server),reason=NOT_VISIBLE]
03-14 03:55:52.756 1009 1183 I sysui_multi_action: [757,803,799,window_time_0,802,2]
03-14 03:55:52.756 1009 1587 I input_focus: [Focus entering b68d17 com.android.launcher3/com.android.launcher3.uioverrides.QuickstepLauncher (server),reason=setFocusedWindow]
03-14 03:55:52.763 3708 3708 I wm_on_stop_called: [42740034,com.android.music.MusicBrowserActivity,STOP_ACTIVITY_ITEM]
03-14 03:55:52.765 1009 1183 I sysui_multi_action: [757,803,799,window_time_0,802,0]
03-14 03:55:52.836 1009 1724 W FreeFormWindowHelper: Current Display FreeFormTask is null
03-14 03:55:53.040 1009 1587 I input_interaction: Interaction with: b68d17 com.android.launcher3/com.android.launcher3.uioverrides.QuickstepLauncher (server), 8c59581 com.android.systemui.ImageWallpaper (server), edge-swipe (server), swipe-up (server), PointerEventDispatcher0 (server),
03-14 03:55:53.754 1009 2881 E TaskPersister: File error accessing recents directory (directory doesn't exist?).
01-01 08:05:22.963 0 0 E DTC_ETH,link_delay_work_func: 3003, SQI=0, link=0
03-14 03:55:54.323 1009 2178 I thunderperf: PlatormCompat.setOverrides: Uid1=10074 Pid1=2625 Uid2=10074 Pid2=2625
03-14 03:55:54.323 1009 2178 I thunderperf: PlatormCompat.setOverrides: needCheck:false
03-14 03:55:54.323 1009 2178 I thunderperf: CompatConfig.addOverrideUnsafe: bef-state=0
03-14 03:55:54.323 1009 2178 I thunderperf: CompatConfig.addOverrideUnsafe: aft-state=0
03-14 03:55:54.324 1009 2178 I thunderperf: CompatConfig.addOverrideUnsafe: bef-state=0
03-14 03:55:54.324 1009 2178 I thunderperf: CompatConfig.addOverrideUnsafe: aft-state=0
03-14 03:55:54.325 1009 2178 I thunderperf: CompatConfig.addOverrideUnsafe: bef-state=0
03-14 03:55:54.325 1009 2178 I thunderperf: CompatConfig.addOverrideUnsafe: aft-state=0
03-14 03:55:54.325 1009 2178 I thunderperf: CompatConfig.addOverrideUnsafe: bef-state=0
03-14 03:55:54.325 1009 2178 I thunderperf: CompatConfig.addOverrideUnsafe: aft-state=0
03-14 03:55:54.326 1009 2178 I thunderperf: CompatConfig.addOverrideUnsafe: bef-state=0
03-14 03:55:54.326 1009 2178 I thunderperf: CompatConfig.addOverrideUnsafe: aft-state=0
03-14 03:55:54.326 1009 2178 I thunderperf: CompatConfig.addOverrideUnsafe: bef-state=0
03-14 03:55:54.326 1009 2178 I thunderperf: CompatConfig.addOverrideUnsafe: aft-state=0
03-14 03:55:54.326 1009 2178 I thunderperf: CompatConfig.addOverrideUnsafe: bef-state=0
03-14 03:55:54.326 1009 2178 I thunderperf: CompatConfig.addOverrideUnsafe: aft-state=0
03-14 03:55:54.327 1009 2178 I thunderperf: CompatConfig.addOverrideUnsafe: bef-state=0
03-14 03:55:54.327 1009 2178 I thunderperf: CompatConfig.addOverrideUnsafe: aft-state=0
03-14 03:55:54.328 1009 2178 I thunderperf: CompatConfig.addOverrideUnsafe: bef-state=0
03-14 03:55:54.328 1009 2178 I thunderperf: CompatConfig.addOverrideUnsafe: aft-state=0
03-14 03:55:54.328 1009 2178 I thunderperf: CompatConfig.addOverrideUnsafe: bef-state=0
03-14 03:55:54.328 1009 2178 I thunderperf: CompatConfig.addOverrideUnsafe: aft-state=0
03-14 03:55:54.329 1009 2178 I thunderperf: CompatConfig.addOverrideUnsafe: bef-state=0
03-14 03:55:54.329 1009 2178 I thunderperf: CompatConfig.addOverrideUnsafe: aft-state=0
03-14 03:55:54.329 1009 2178 I thunderperf: CompatConfig.addOverrideUnsafe: bef-state=0
03-14 03:55:54.329 1009 2178 I thunderperf: CompatConfig.addOverrideUnsafe: aft-state=0
03-14 03:55:54.330 1009 2178 I thunderperf: CompatConfig.addOverrideUnsafe: bef-state=0
03-14 03:55:54.330 1009 2178 I thunderperf: CompatConfig.addOverrideUnsafe: aft-state=0
03-14 03:55:54.330 1009 2178 I thunderperf: CompatConfig.addOverrideUnsafe: bef-state=0
03-14 03:55:54.331 1009 2178 I thunderperf: CompatConfig.addOverrideUnsafe: aft-state=0
03-14 03:55:54.338 1009 2178 I ActivityTaskManager: START u0 {act=android.intent.action.MAIN cat=[android.intent.category.LAUNCHER] flg=0x10200000 cmp=com.android.music/.MusicBrowserActivity} from uid 10074
03-14 03:55:54.340 1009 2178 I wm_task_moved: [140,1,7]
03-14 03:55:54.340 1009 2178 I wm_task_to_front: [0,140]
03-14 03:55:54.341 1009 2178 I wm_focused_root_task: [0,0,140,1,bringingFoundTaskToFront]
03-14 03:55:54.341 1009 2178 I wm_set_resumed_activity: [0,com.android.music/.MusicBrowserActivity,bringingFoundTaskToFront]
03-14 03:55:54.345 1009 2178 D FreeFormWindowHelper: Add freeform task=Task{419a8f9 #140 type=standard A=10086:android.task.music U=0 visible=true mode=freeform translucent=true sz=1}
03-14 03:55:54.345 1009 2178 I ActivityTaskManager: clear resize flag in freeform mode
03-14 03:55:54.346 1009 2178 I ActivityTaskManager: FOREGROUND_APPLICATION_CHANGED to com.android.music.MusicBrowserActivity
03-14 03:55:54.346 1009 2178 I wm_set_resumed_activity: [0,com.android.music/.MusicBrowserActivity,resumeTopActivityInnerLocked]
03-14 03:55:54.347 1009 2178 I wm_resume_activity: [0,42740034,140,com.android.music/.MusicBrowserActivity]
03-14 03:55:54.348 1009 2178 I wm_new_intent: [0,42740034,140,com.android.music/.MusicBrowserActivity,android.intent.action.MAIN,NULL,NULL,270532608]
03-14 03:55:54.354 2625 2625 I wm_on_top_resumed_lost_called: [196755772,com.android.launcher3.uioverrides.QuickstepLauncher,topStateChangedWhenResumed]
03-14 03:55:54.360 1009 2156 W WindowManager: updateScale : 0.79357797
03-14 03:55:54.364 1009 2178 W ActivityManager: Receiver with filter android.content.IntentFilter@db00ce2 already registered for pid 3708, callerPackage is com.android.music
03-14 03:55:54.370 3708 3708 I wm_on_restart_called: [42740034,com.android.music.MusicBrowserActivity,performRestartActivity]
03-14 03:55:54.373 3708 3708 I wm_on_start_called: [42740034,com.android.music.MusicBrowserActivity,handleStartActivity]
03-14 03:55:54.374 3708 3708 I wm_on_resume_called: [42740034,com.android.music.MusicBrowserActivity,RESUME_ACTIVITY]
03-14 03:55:54.375 3708 3708 I wm_on_paused_called: [42740034,com.android.music.MusicBrowserActivity,performPause]
03-14 03:55:54.378 3708 3708 I wm_on_resume_called: [42740034,com.android.music.MusicBrowserActivity,LIFECYCLER_RESUME_ACTIVITY]
03-14 03:55:54.378 3708 3708 I wm_on_top_resumed_gained_called: [42740034,com.android.music.MusicBrowserActivity,topStateChangedWhenResumed]
03-14 03:55:54.380 1009 2178 W WindowManager: updateScale : 0.79357797
03-14 03:55:54.382 1009 1184 I input_focus: [Focus request b09f4ee com.android.music/com.android.music.MusicBrowserActivity,reason=UpdateInputWindows]
03-14 03:55:54.392 1009 1698 I GameModeConfig: isGameModeOn = false
03-14 03:55:54.392 1009 1698 I GameModeConfig: isGameModeOn = false
03-14 03:55:54.392 1009 1698 I GameModeConfig: isGameModeOn = false
03-14 03:55:54.392 1009 1698 I GameModeConfig: isGameModeOn = false
03-14 03:55:54.394 1009 1009 I notification_enqueue: [10086,3708,com.android.music,1,NULL,0,Notification(channel=Channel-music shortcut=null contentView=null vibrate=null sound=null defaults=0x0 flags=0x40 color=0x00000000 category=transport actions=4 vis=PRIVATE),1]
03-14 03:55:54.394 1009 1184 W WindowManager: updateScale : 0.79357797
03-14 03:55:54.395 1009 1009 I notification_enqueue: [10086,3708,com.android.music,1,NULL,0,Notification(channel=Channel-music shortcut=null contentView=null vibrate=null sound=null defaults=0x0 flags=0x40 color=0x00000000 category=transport actions=4 vis=PRIVATE),1]
03-14 03:55:54.397 1009 1184 W WindowManager: updateScale : 0.79357797
03-14 03:55:54.398 1009 1184 W WindowManager: updateScale : 0.79357797
03-14 03:55:54.399 1009 1180 I sysui_multi_action: [319,58,322,58,325,320,757,761,758,9,759,2,806,com.android.music,871,com.android.music.MusicBrowserActivity,904,com.android.launcher3,905,0,1320,4,1321,1]
03-14 03:55:54.404 1009 1587 I input_focus: [Focus leaving b68d17 com.android.launcher3/com.android.launcher3.uioverrides.QuickstepLauncher (server),reason=setFocusedWindow]
03-14 03:55:54.404 1009 1587 I input_focus: [Focus entering b09f4ee com.android.music/com.android.music.MusicBrowserActivity (server),reason=setFocusedWindow]
03-14 03:55:54.596 1009 1009 I GameModeConfig: isGameModeOn = false
03-14 03:55:54.597 1009 1009 I GameModeConfig: isGameModeOn = false
03-14 03:55:54.671 1009 1184 W WindowManager: updateScale : 0.79357797
03-14 03:55:56.204 1009 1587 I input_interaction: Interaction with: b09f4ee com.android.music/com.android.music.MusicBrowserActivity (server), edge-swipe (server), swipe-up (server), PointerEventDispatcher0 (server),
03-14 03:55:57.332 1009 1188 I am_pss : [3708,10086,com.android.music,44576768,36458496,0,173940736,0,2,7]
03-14 03:55:57.340 1009 1698 I GameModeConfig: isGameModeOn = false
03-14 03:55:57.340 1009 1698 I GameModeConfig: isGameModeOn = false
03-14 03:55:57.340 1009 1698 I GameModeConfig: isGameModeOn = false
03-14 03:55:57.341 1009 1698 I GameModeConfig: isGameModeOn = false
03-14 03:55:57.342 1009 1009 I notification_enqueue: [10086,3708,com.android.music,1,NULL,0,Notification(channel=Channel-music shortcut=null contentView=null vibrate=null sound=null defaults=0x0 flags=0x40 color=0x00000000 category=transport actions=4 vis=PRIVATE),1]
03-14 03:55:57.343 1009 1009 I notification_enqueue: [10086,3708,com.android.music,1,NULL,0,Notification(channel=Channel-music shortcut=null contentView=null vibrate=null sound=null defaults=0x0 flags=0x40 color=0x00000000 category=transport actions=4 vis=PRIVATE),1]
03-14 03:55:57.351 1009 2178 W WindowManager: updateScale : 0.79357797
03-14 03:55:57.352 1009 2881 E TaskPersister: File error accessing recents directory (directory doesn't exist?).
03-14 03:55:57.361 1009 2178 W WindowManager: updateScale : 0.79357797
03-14 03:55:57.519 6881 6881 I auditd : type=1400 audit(0.0:3368): avc: denied { open } for comm="HCDN_DownloadEn" path="/proc/stat" dev="proc" ino=4026532236 scontext=u:r:untrusted_app:s0:c102,c256,c512,c768 tcontext=u:object_r:proc_stat:s0 tclass=file permissive=1 app=com.qiyi.video
03-14 03:55:57.519 6881 6881 I auditd : type=1400 audit(0.0:3369): avc: denied { getattr } for comm="HCDN_DownloadEn" path="/proc/stat" dev="proc" ino=4026532236 scontext=u:r:untrusted_app:s0:c102,c256,c512,c768 tcontext=u:object_r:proc_stat:s0 tclass=file permissive=1 app=com.qiyi.video
03-14 03:55:57.543 1009 1009 I GameModeConfig: isGameModeOn = false
03-14 03:55:57.544 1009 1009 I GameModeConfig: isGameModeOn = false
03-14 03:55:58.903 1009 1009 I notification_enqueue: [10086,3708,com.android.music,1,NULL,0,Notification(channel=Channel-music shortcut=null contentView=null vibrate=null sound=null defaults=0x0 flags=0x62 color=0x00000000 category=transport actions=4 vis=PRIVATE),1]
03-14 03:55:58.963 1009 1194 D CompatibilityChangeReporter: Compat change id reported: 168419799; UID 10032; state: DISABLED
03-14 03:55:59.053 1009 1698 I GameModeConfig: isGameModeOn = false
03-14 03:55:59.053 1009 1698 I GameModeConfig: isGameModeOn = false
03-14 03:55:59.053 1009 1698 I GameModeConfig: isGameModeOn = false
03-14 03:55:59.053 1009 1698 I GameModeConfig: isGameModeOn = false
03-14 03:55:59.063 1009 1009 I notification_enqueue: [10086,3708,com.android.music,1,NULL,0,Notification(channel=Channel-music shortcut=null contentView=null vibrate=null sound=null defaults=0x0 flags=0x2 color=0x00000000 category=transport actions=4 vis=PRIVATE),1]
03-14 03:55:59.105 1009 1009 I GameModeConfig: isGameModeOn = false
01-01 08:05:27.849 0 0 I afe_find_cal_topo_id_by_port: port id: 0x9000, dev_acdb_id: 0
01-01 08:05:27.849 0 0 I afe_find_cal_topo_id_by_port: top_id:112fc acdb_id:15 afe_port:0x9000
01-01 08:05:27.849 0 0 I afe_get_cal_topology_id: port_id = 0x9000 acdb_id = 15 topology_id = 0x112fc cal_type_index=8 ret=0
01-01 08:05:27.849 0 0 I afe_send_port_topology_id: AFE set topology id 0x112fc enable for port 0x9000 ret 0
01-01 08:05:27.849 0 0 I send_afe_cal_type: cal_index is 0
01-01 08:05:27.849 0 0 I send_afe_cal_type: dev_acdb_id[55] is 0
01-01 08:05:27.849 0 0 I send_afe_cal_type: Sending cal_index cal 0
01-01 08:05:27.849 0 0 E send_afe_cal_type: No cal sent for cal_index 0, port_id = 0x9000! ret -22
01-01 08:05:27.859 0 0 I afe_send_hw_delay: port_id 0x9000 rate 48000 delay_usec 474 status 0
03-14 03:55:59.161 1009 1194 D CompatibilityChangeReporter: Compat change id reported: 168419799; UID 10093; state: DISABLED
03-14 03:55:59.264 1009 1009 I sysui_multi_action: [757,1501,758,1,793,8471,794,0,795,202,796,1,806,com.android.music,857,Channel-music,858,2,947,0,1500,0,1641,transport,1688,1,1745,1043716538]
03-14 03:55:59.264 1009 1009 I sysui_multi_action: [757,804,799,note_interruptive,801,0,802,1]
03-14 03:55:59.264 1009 1009 I GameModeConfig: isGameModeOn = false
03-14 03:55:59.266 1009 1009 W NotificationHistory: Attempted to add notif for locked/gone/disabled user 0
03-14 03:55:59.320 1009 1698 I GameModeConfig: isGameModeOn = false
03-14 03:55:59.320 1009 1698 I GameModeConfig: isGameModeOn = false
03-14 03:55:59.320 1009 1698 I GameModeConfig: isGameModeOn = false
03-14 03:55:59.320 1009 1698 I GameModeConfig: isGameModeOn = false
03-14 03:55:59.338 1009 1009 I notification_enqueue: [10086,3708,com.android.music,1,NULL,0,Notification(channel=Channel-music shortcut=null contentView=null vibrate=null sound=null defaults=0x0 flags=0x2 color=0x00000000 category=transport actions=4 vis=PRIVATE),1]
01-01 08:05:28.083 0 0 E DTC_ETH,link_delay_work_func: 3003, SQI=0, link=0
03-14 03:55:59.475 1009 1698 I GameModeConfig: isGameModeOn = false
03-14 03:55:59.475 1009 1698 I GameModeConfig: isGameModeOn = false
03-14 03:55:59.475 1009 1698 I GameModeConfig: isGameModeOn = false
03-14 03:55:59.476 1009 1698 I GameModeConfig: isGameModeOn = false
03-14 03:55:59.502 1009 1009 I notification_enqueue: [10086,3708,com.android.music,1,NULL,0,Notification(channel=Channel-music shortcut=null contentView=null vibrate=null sound=null defaults=0x0 flags=0x2 color=0x00000000 category=transport actions=4 vis=PRIVATE),1]
03-14 03:55:59.540 1009 1009 I GameModeConfig: isGameModeOn = false
03-14 03:55:59.704 1009 1009 I GameModeConfig: isGameModeOn = false
01-01 08:05:31.187 0 0 W rpmh_rsc_send_data: 2 callbacks suppressed
01-01 08:05:31.187 0 0 I qcom_rpmh DRV: apps_rsc TCS Busy, retrying RPMH message send: addr=0x41b08
03-14 03:56:02.967 0 0 I auditd : type=1400 audit(0.0:3370): avc: denied { kill } for comm="swapper/0" capability=5 scontext=u:r:kernel:s0 tcontext=u:r:kernel:s0 tclass=capability permissive=1
03-14 03:56:03.816 1009 1698 I GameModeConfig: isGameModeOn = false
03-14 03:56:03.816 1009 1698 I GameModeConfig: isGameModeOn = false
03-14 03:56:03.816 1009 1698 I GameModeConfig: isGameModeOn = false
03-14 03:56:03.816 1009 1698 I GameModeConfig: isGameModeOn = false
03-14 03:56:03.851 1009 1009 I notification_enqueue: [10086,3708,com.android.music,1,NULL,0,Notification(channel=Channel-music shortcut=null contentView=null vibrate=null sound=null defaults=0x0 flags=0x0 color=0x00000000 category=transport actions=4 vis=PRIVATE),1]
03-14 03:56:03.870 1009 3052 I snet_event_log: [172655291,-1,]
03-14 03:56:04.053 1009 1009 I GameModeConfig: isGameModeOn = false
03-14 03:56:04.500 1009 2156 I wm_finish_activity: [0,42740034,140,com.android.music/.MusicBrowserActivity,finish-activity]
03-14 03:56:04.501 1009 2156 I wm_task_moved: [1,1,7]
03-14 03:56:04.507 1009 2156 I wm_set_resumed_activity: [0,com.android.launcher3/.uioverrides.QuickstepLauncher,positionChildAt]
03-14 03:56:04.507 1009 2156 I wm_task_moved: [127,1,2147483647]
03-14 03:56:04.507 1009 2156 I wm_task_to_front: [0,127]
03-14 03:56:04.507 1009 2156 I wm_focused_root_task: [0,0,1,-1,finish-top adjustFocusToNextFocusableTask]
03-14 03:56:04.507 1009 2156 I wm_set_resumed_activity: [0,com.android.launcher3/.uioverrides.QuickstepLauncher,finish-top]
03-14 03:56:04.508 1009 2156 I wm_pause_activity: [0,42740034,com.android.music/.MusicBrowserActivity,userLeaving=false,finish]
01-01 08:05:33.203 0 0 E DTC_ETH,link_delay_work_func: 3003, SQI=0, link=0
03-14 03:56:04.513 1009 2881 E TaskPersister: File error accessing recents directory (directory doesn't exist?).
03-14 03:56:04.513 1009 1587 I input_focus: [Focus leaving b09f4ee com.android.music/com.android.music.MusicBrowserActivity (server),reason=NOT_VISIBLE]
03-14 03:56:04.514 3708 3708 I wm_on_top_resumed_lost_called: [42740034,com.android.music.MusicBrowserActivity,topStateChangedWhenResumed]
03-14 03:56:04.515 1009 1184 I input_focus: [Focus request b68d17 com.android.launcher3/com.android.launcher3.uioverrides.QuickstepLauncher,reason=UpdateInputWindows]
03-14 03:56:04.516 2625 2625 I wm_on_top_resumed_gained_called: [196755772,com.android.launcher3.uioverrides.QuickstepLauncher,topStateChangedWhenResumed]
03-14 03:56:04.519 1009 1183 I sysui_multi_action: [757,803,799,window_time_0,802,11]
03-14 03:56:04.526 3708 3708 I wm_on_paused_called: [42740034,com.android.music.MusicBrowserActivity,performPause]
03-14 03:56:04.527 1009 2156 I ActivityTaskManager: FOREGROUND_APPLICATION_CHANGED to com.android.launcher3.uioverrides.QuickstepLauncher
03-14 03:56:04.528 1009 2156 I wm_destroy_activity: [0,42740034,140,com.android.music/.MusicBrowserActivity,finish-imm:completePausedLocked]
03-14 03:56:04.533 1009 1183 I sysui_multi_action: [757,803,799,window_time_0,802,1]
03-14 03:56:04.533 1009 1587 I input_focus: [Focus entering b68d17 com.android.launcher3/com.android.launcher3.uioverrides.QuickstepLauncher (server),reason=setFocusedWindow]
03-14 03:56:04.536 1009 1009 I sysui_multi_action: [757,128,758,5,759,8,793,13744,794,0,795,686,796,1,806,com.android.music,857,Channel-music,858,2,947,0,1500,686,1641,transport,1688,1,1745,1043716538]
03-14 03:56:04.536 1009 1009 I notification_canceled: [0|com.android.music|1|null|10086,8,13744,686,0,-1,-1,NULL]
03-14 03:56:04.545 1009 2153 W ActivityManager: Receiver with filter android.content.IntentFilter@9bfc955 already registered for pid 3708, callerPackage is com.android.music
03-14 03:56:04.548 3708 3708 I wm_on_stop_called: [42740034,com.android.music.MusicBrowserActivity,LIFECYCLER_STOP_ACTIVITY]
03-14 03:56:04.552 3708 3708 I wm_on_destroy_called: [42740034,com.android.music.MusicBrowserActivity,performDestroy]
