01-01 08:00:20.591 0 0 I init : Command 'mount_all /vendor/etc/fstab.qcom --early' action=fs (/vendor/etc/init/hw/init.target.rc:55) took 908ms and succeeded
01-01 08:00:18.355 544 544 I auditd : type=1400 audit(0.0:77): avc: denied { open } for comm="crash_dump64" path="/dev/__properties__/u:object_r:vendor_sys_video_prop:s0" dev="tmpfs" ino=3569 scontext=u:r:crash_dump:s0 tcontext=u:object_r:vendor_sys_video_prop:s0 tclass=file permissive=1
01-01 08:00:20.602 0 0 I init : processing action (fs) from (/system/etc/init/logd.rc:28)
01-01 08:00:18.355 544 544 I auditd : type=1400 audit(0.0:78): avc: denied { getattr } for comm="crash_dump64" path="/dev/__properties__/u:object_r:vendor_sys_video_prop:s0" dev="tmpfs" ino=3569 scontext=u:r:crash_dump:s0 tcontext=u:object_r:vendor_sys_video_prop:s0 tclass=file permissive=1
01-01 08:00:18.355 544 544 I auditd : type=1400 audit(0.0:79): avc: denied { map } for comm="crash_dump64" path="/dev/__properties__/u:object_r:vendor_sys_video_prop:s0" dev="tmpfs" ino=3569 scontext=u:r:crash_dump:s0 tcontext=u:object_r:vendor_sys_video_prop:s0 tclass=file permissive=1
01-01 08:00:20.628 0 0 I init : processing action (fs) from (/system/etc/init/wifi.rc:25)
01-01 08:00:18.355 544 544 I auditd : type=1400 audit(0.0:80): avc: denied { open } for comm="crash_dump64" path="/dev/__properties__/u:object_r:vendor_sxr_prop:s0" dev="tmpfs" ino=3568 scontext=u:r:crash_dump:s0 tcontext=u:object_r:vendor_sxr_prop:s0 tclass=file permissive=1
01-01 08:00:20.664 0 0 I init : processing action (post-fs) from (/system/etc/init/hw/init.rc:525)
01-01 08:00:18.355 544 544 I auditd : type=1400 audit(0.0:81): avc: denied { getattr } for comm="crash_dump64" path="/dev/__properties__/u:object_r:vendor_sxr_prop:s0" dev="tmpfs" ino=3568 scontext=u:r:crash_dump:s0 tcontext=u:object_r:vendor_sxr_prop:s0 tclass=file permissive=1
01-01 08:00:20.701 0 0 I init : starting service 'exec 6 (/system/bin/vdc checkpoint markBootAttempt)'...
01-01 08:00:20.733 0 0 I init : SVC_EXEC service 'exec 6 (/system/bin/vdc checkpoint markBootAttempt)' pid 572 (uid 1000 gid 1000+0 context default) started; waiting...
01-01 08:00:20.738 0 0 I binder : 572:572 ioctl 40046210 7fda40bcd4 returned -22
01-01 08:00:20.738 0 0 D ProcessState: Binder ioctl to enable oneway spam detection failed: Invalid argument
01-01 08:00:20.738 0 0 D vdc : Waited 0ms for vold
01-01 08:00:18.355 544 544 I auditd : type=1400 audit(0.0:82): avc: denied { map } for comm="crash_dump64" path="/dev/__properties__/u:object_r:vendor_sxr_prop:s0" dev="tmpfs" ino=3568 scontext=u:r:crash_dump:s0 tcontext=u:object_r:vendor_sxr_prop:s0 tclass=file permissive=1
01-01 08:00:18.355 544 544 I auditd : type=1400 audit(0.0:83): avc: denied { open } for comm="crash_dump64" path="/dev/__properties__/u:object_r:vendor_ssr_prop:s0" dev="tmpfs" ino=3567 scontext=u:r:crash_dump:s0 tcontext=u:object_r:vendor_ssr_prop:s0 tclass=file permissive=1
01-01 08:00:20.763 0 0 I init : Command 'exec - system system -- /system/bin/vdc checkpoint markBootAttempt' action=post-fs (/system/etc/init/hw/init.rc:526) took 62ms and succeeded
01-01 08:00:18.355 544 544 I auditd : type=1400 audit(0.0:84): avc: denied { getattr } for comm="crash_dump64" path="/dev/__properties__/u:object_r:vendor_ssr_prop:s0" dev="tmpfs" ino=3567 scontext=u:r:crash_dump:s0 tcontext=u:object_r:vendor_ssr_prop:s0 tclass=file permissive=1
01-01 08:00:18.355 544 544 I auditd : type=1400 audit(0.0:85): avc: denied { map } for comm="crash_dump64" path="/dev/__properties__/u:object_r:vendor_ssr_prop:s0" dev="tmpfs" ino=3567 scontext=u:r:crash_dump:s0 tcontext=u:object_r:vendor_ssr_prop:s0 tclass=file permissive=1
01-01 08:00:20.810 0 0 I init : Service 'exec 6 (/system/bin/vdc checkpoint markBootAttempt)' (pid 572) exited with status 0 waiting took 0.078000 seconds
01-01 08:00:18.355 544 544 I auditd : type=1400 audit(0.0:86): avc: denied { open } for comm="crash_dump64" path="/dev/__properties__/u:object_r:vendor_spcomlib_prop:s0" dev="tmpfs" ino=3566 scontext=u:r:crash_dump:s0 tcontext=u:object_r:vendor_spcomlib_prop:s0 tclass=file permissive=1
01-01 08:00:20.842 0 0 I init : Sending signal 9 to service 'exec 6 (/system/bin/vdc checkpoint markBootAttempt)' (pid 572) process group...
01-01 08:00:18.355 544 544 I auditd : type=1400 audit(0.0:87): avc: denied { getattr } for comm="crash_dump64" path="/dev/__properties__/u:object_r:vendor_spcomlib_prop:s0" dev="tmpfs" ino=3566 scontext=u:r:crash_dump:s0 tcontext=u:object_r:vendor_spcomlib_prop:s0 tclass=file permissive=1
01-01 08:00:20.873 0 0 I libprocessgroup: Successfully killed process cgroup uid 1000 pid 572 in 0ms
01-01 08:00:18.355 544 544 I auditd : type=1400 audit(0.0:88): avc: denied { map } for comm="crash_dump64" path="/dev/__properties__/u:object_r:vendor_spcomlib_prop:s0" dev="tmpfs" ino=3566 scontext=u:r:crash_dump:s0 tcontext=u:object_r:vendor_spcomlib_prop:s0 tclass=file permissive=1
01-01 08:00:20.895 0 0 E selinux : SELinux: Could not stat /sys/kernel/debug: No such file or directory.
01-01 08:00:20.932 0 0 E selinux :
01-01 08:00:18.355 544 544 I auditd : type=1400 audit(0.0:89): avc: denied { open } for comm="crash_dump64" path="/dev/__properties__/u:object_r:vendor_soc_name_prop:s0" dev="tmpfs" ino=3564 scontext=u:r:crash_dump:s0 tcontext=u:object_r:vendor_soc_name_prop:s0 tclass=file permissive=1
01-01 08:00:20.932 0 0 I init : Command 'chown system cache /cache' action=post-fs (/system/etc/init/hw/init.rc:541) took 0ms and failed: lchown() failed: Read-only file system
01-01 08:00:18.355 544 544 I auditd : type=1400 audit(0.0:90): avc: denied { getattr } for comm="crash_dump64" path="/dev/__properties__/u:object_r:vendor_soc_name_prop:s0" dev="tmpfs" ino=3564 scontext=u:r:crash_dump:s0 tcontext=u:object_r:vendor_soc_name_prop:s0 tclass=file permissive=1
01-01 08:00:20.978 0 0 I init : Command 'chmod 0770 /cache' action=post-fs (/system/etc/init/hw/init.rc:542) took 0ms and failed: fchmodat() failed: Read-only file system
01-01 08:00:18.355 544 544 I auditd : type=1400 audit(0.0:91): avc: denied { map } for comm="crash_dump64" path="/dev/__properties__/u:object_r:vendor_soc_name_prop:s0" dev="tmpfs" ino=3564 scontext=u:r:crash_dump:s0 tcontext=u:object_r:vendor_soc_name_prop:s0 tclass=file permissive=1
01-01 08:00:21.018 0 0 I selinux : SELinux: Skipping restorecon on directory(/metadata)
01-01 08:00:21.051 0 0 I selinux :
01-01 08:00:18.355 544 544 I auditd : type=1400 audit(0.0:92): avc: denied { open } for comm="crash_dump64" path="/dev/__properties__/u:object_r:vendor_soc_model_prop:s0" dev="tmpfs" ino=3563 scontext=u:r:crash_dump:s0 tcontext=u:object_r:vendor_soc_model_prop:s0 tclass=file permissive=1
01-01 08:00:21.056 0 0 I selinux : SELinux: Skipping restorecon on directory(/metadata/apex)
01-01 08:00:21.083 0 0 I selinux :
01-01 08:00:21.084 0 0 E DTC_ETH,link_delay_work_func: 3003, SQI=0, link=0
01-01 08:00:18.355 544 544 I auditd : type=1400 audit(0.0:93): avc: denied { getattr } for comm="crash_dump64" path="/dev/__properties__/u:object_r:vendor_soc_model_prop:s0" dev="tmpfs" ino=3563 scontext=u:r:crash_dump:s0 tcontext=u:object_r:vendor_soc_model_prop:s0 tclass=file permissive=1
01-01 08:00:18.355 544 544 I auditd : type=1400 audit(0.0:94): avc: denied { map } for comm="crash_dump64" path="/dev/__properties__/u:object_r:vendor_soc_model_prop:s0" dev="tmpfs" ino=3563 scontext=u:r:crash_dump:s0 tcontext=u:object_r:vendor_soc_model_prop:s0 tclass=file permissive=1
01-01 08:00:21.115 0 0 I init : Command 'restorecon_recursive /metadata/apex' action=post-fs (/system/etc/init/hw/init.rc:595) took 59ms and succeeded
01-01 08:00:18.355 544 544 I auditd : type=1400 audit(0.0:95): avc: denied { open } for comm="crash_dump64" path="/dev/__properties__/u:object_r:vendor_soc_id_prop:s0" dev="tmpfs" ino=3562 scontext=u:r:crash_dump:s0 tcontext=u:object_r:vendor_soc_id_prop:s0 tclass=file permissive=1
01-01 08:00:21.134 0 0 I init : processing action (post-fs) from (/vendor/etc/init/hw/init.qcom.rc:80)
01-01 08:00:18.355 544 544 I auditd : type=1400 audit(0.0:96): avc: denied { getattr } for comm="crash_dump64" path="/dev/__properties__/u:object_r:vendor_soc_id_prop:s0" dev="tmpfs" ino=3562 scontext=u:r:crash_dump:s0 tcontext=u:object_r:vendor_soc_id_prop:s0 tclass=file permissive=1
01-01 08:00:21.171 0 0 I init : processing action (post-fs) from (/vendor/etc/init/hw/init.target.rc:61)
01-01 08:00:21.202 0 0 I init : processing action (post-fs) from (/system/etc/init/gsid.rc:8)
01-01 08:00:21.202 0 0 W subsys-pil-tz soc: qcom,ipa_fws: Falling back to syfs fallback for: ipa_fws.mdt
01-01 08:00:21.203 0 0 I ueventd : firmware: loading 'ipa_fws.mdt' for '/devices/platform/soc/soc:qcom,ipa_fws/firmware/ipa_fws.mdt'
01-01 08:00:21.205 0 0 I subsys-pil-tz soc: qcom,ipa_fws: ipa_fws: loading from 0x0000000086810000 to 0x0000000086819000
01-01 08:00:21.205 0 0 I ueventd : loading /devices/platform/soc/soc:qcom,ipa_fws/firmware/ipa_fws.mdt took 1ms
01-01 08:00:21.207 0 0 W subsys-pil-tz soc: qcom,ipa_fws: Falling back to syfs fallback for: ipa_fws.b02
01-01 08:00:21.208 0 0 W subsys-pil-tz soc: qcom,ipa_fws: Falling back to syfs fallback for: ipa_fws.b03
01-01 08:00:21.208 0 0 I ueventd : firmware: loading 'ipa_fws.b02' for '/devices/platform/soc/soc:qcom,ipa_fws/firmware/ipa_fws.b02'
01-01 08:00:21.208 0 0 W subsys-pil-tz soc: qcom,ipa_fws: Falling back to syfs fallback for: ipa_fws.b04
01-01 08:00:21.209 0 0 I ueventd : firmware: loading 'ipa_fws.b03' for '/devices/platform/soc/soc:qcom,ipa_fws/firmware/ipa_fws.b03'
01-01 08:00:21.210 0 0 I ueventd : loading /devices/platform/soc/soc:qcom,ipa_fws/firmware/ipa_fws.b02 took 1ms
01-01 08:00:21.210 0 0 I ueventd : firmware: loading 'ipa_fws.b04' for '/devices/platform/soc/soc:qcom,ipa_fws/firmware/ipa_fws.b04'
01-01 08:00:21.210 0 0 I ueventd : loading /devices/platform/soc/soc:qcom,ipa_fws/firmware/ipa_fws.b03 took 1ms
01-01 08:00:21.210 0 0 I ueventd : loading /devices/platform/soc/soc:qcom,ipa_fws/firmware/ipa_fws.b04 took 0ms
01-01 08:00:21.213 0 0 I subsys-pil-tz soc: qcom,ipa_fws: ipa_fws: Brought out of reset
01-01 08:00:21.213 0 0 I : IPA FW loaded successfully
01-01 08:00:21.214 0 0 E gsi soc : qcom,msm_gsi: gsi_register_device:1203 GSI irq is wake enabled 34
01-01 08:00:21.220 0 0 I : IPA driver initialization was successful.
01-01 08:00:21.220 0 0 W subsys-pil-tz soc: qcom,ipa_uc: Falling back to syfs fallback for: ipa_uc.mdt
01-01 08:00:21.220 0 0 I : rmnet_ipa3 started initialization
01-01 08:00:21.220 0 0 I : IPA SSR support = True
01-01 08:00:21.220 0 0 I : IPA SG support = True
01-01 08:00:21.220 0 0 I : IPA Napi Enable = True
01-01 08:00:21.220 0 0 I : using default for wan-rx-desc-size = 256
01-01 08:00:21.220 0 0 E ipa-wan ipa3_wwan_probe: 2530 rmnet_ipa completed initialization
01-01 08:00:21.221 0 0 I ueventd : firmware: loading 'ipa_uc.mdt' for '/devices/platform/soc/soc:qcom,ipa_uc/firmware/ipa_uc.mdt'
01-01 08:00:21.222 0 0 I subsys-pil-tz soc: qcom,ipa_uc: ipa_uc: loading from 0x0000000086800000 to 0x0000000086810000
01-01 08:00:21.222 0 0 I ueventd : loading /devices/platform/soc/soc:qcom,ipa_uc/firmware/ipa_uc.mdt took 1ms
01-01 08:00:21.223 0 0 W subsys-pil-tz soc: qcom,ipa_uc: Falling back to syfs fallback for: ipa_uc.b02
01-01 08:00:21.224 0 0 I ueventd : firmware: loading 'ipa_uc.b02' for '/devices/platform/soc/soc:qcom,ipa_uc/firmware/ipa_uc.b02'
01-01 08:00:18.355 544 544 I auditd : type=1400 audit(0.0:97): avc: denied { map } for comm="crash_dump64" path="/dev/__properties__/u:object_r:vendor_soc_id_prop:s0" dev="tmpfs" ino=3562 scontext=u:r:crash_dump:s0 tcontext=u:object_r:vendor_soc_id_prop:s0 tclass=file permissive=1
01-01 08:00:21.225 0 0 I ueventd : loading /devices/platform/soc/soc:qcom,ipa_uc/firmware/ipa_uc.b02 took 1ms
01-01 08:00:21.227 0 0 I subsys-pil-tz soc: qcom,ipa_uc: ipa_uc: Brought out of reset
01-01 08:00:21.227 0 0 E ipa3_uc_wdi_event_log_info_handler: 351 WDI protocol missing 0x21
01-01 08:00:21.227 0 0 E ipa3_uc_ntn_event_log_info_handler: 34 NTN stats ofst=0x500e0
01-01 08:00:18.355 544 544 I auditd : type=1400 audit(0.0:98): avc: denied { open } for comm="crash_dump64" path="/dev/__properties__/u:object_r:vendor_slm_prop:s0" dev="tmpfs" ino=3561 scontext=u:r:crash_dump:s0 tcontext=u:object_r:vendor_slm_prop:s0 tclass=file permissive=1
01-01 08:00:21.228 0 0 I init : processing action (post-fs) from (/system/etc/init/recovery-refresh.rc:1)
01-01 08:00:18.355 544 544 I auditd : type=1400 audit(0.0:99): avc: denied { getattr } for comm="crash_dump64" path="/dev/__properties__/u:object_r:vendor_slm_prop:s0" dev="tmpfs" ino=3561 scontext=u:r:crash_dump:s0 tcontext=u:object_r:vendor_slm_prop:s0 tclass=file permissive=1
01-01 08:00:21.260 0 0 I init : starting service 'exec 7 (/system/bin/recovery-refresh)'...
01-01 08:00:18.355 544 544 I auditd : type=1400 audit(0.0:100): avc: denied { map } for comm="crash_dump64" path="/dev/__properties__/u:object_r:vendor_slm_prop:s0" dev="tmpfs" ino=3561 scontext=u:r:crash_dump:s0 tcontext=u:object_r:vendor_slm_prop:s0 tclass=file permissive=1
01-01 08:00:21.269 0 0 I init : processing action (post-fs) from (/vendor/etc/init/init.spdaemon_wait_spunvm.rc:1)
01-01 08:00:18.355 544 544 I auditd : type=1400 audit(0.0:101): avc: denied { open } for comm="crash_dump64" path="/dev/__properties__/u:object_r:vendor_sensors_prop:s0" dev="tmpfs" ino=3560 scontext=u:r:crash_dump:s0 tcontext=u:object_r:vendor_sensors_prop:s0 tclass=file permissive=1
01-01 08:00:18.355 544 544 I auditd : type=1400 audit(0.0:102): avc: denied { getattr } for comm="crash_dump64" path="/dev/__properties__/u:object_r:vendor_sensors_prop:s0" dev="tmpfs" ino=3560 scontext=u:r:crash_dump:s0 tcontext=u:object_r:vendor_sensors_prop:s0 tclass=file permissive=1
01-01 08:00:21.305 0 0 I init : wait for '/mnt/vendor/spunvm' took 0ms
01-01 08:00:18.355 544 544 I auditd : type=1400 audit(0.0:103): avc: denied { map } for comm="crash_dump64" path="/dev/__properties__/u:object_r:vendor_sensors_prop:s0" dev="tmpfs" ino=3560 scontext=u:r:crash_dump:s0 tcontext=u:object_r:vendor_sensors_prop:s0 tclass=file permissive=1
01-01 08:00:21.337 0 0 I init : Service 'exec 7 (/system/bin/recovery-refresh)' (pid 593) exited with status 254 oneshot service took 0.067000 seconds in background
01-01 08:00:21.369 0 0 I init : Sending signal 9 to service 'exec 7 (/system/bin/recovery-refresh)' (pid 593) process group...
01-01 08:00:18.355 544 544 I auditd : type=1400 audit(0.0:104): avc: denied { open } for comm="crash_dump64" path="/dev/__properties__/u:object_r:vendor_scroll_prop:s0" dev="tmpfs" ino=3558 scontext=u:r:crash_dump:s0 tcontext=u:object_r:vendor_scroll_prop:s0 tclass=file permissive=1
01-01 08:00:18.355 544 544 I auditd : type=1400 audit(0.0:105): avc: denied { getattr } for comm="crash_dump64" path="/dev/__properties__/u:object_r:vendor_scroll_prop:s0" dev="tmpfs" ino=3558 scontext=u:r:crash_dump:s0 tcontext=u:object_r:vendor_scroll_prop:s0 tclass=file permissive=1
01-01 08:00:21.400 0 0 I libprocessgroup: Successfully killed process cgroup uid 1000 pid 593 in 0ms
01-01 08:00:18.355 544 544 I auditd : type=1400 audit(0.0:106): avc: denied { map } for comm="crash_dump64" path="/dev/__properties__/u:object_r:vendor_scroll_prop:s0" dev="tmpfs" ino=3558 scontext=u:r:crash_dump:s0 tcontext=u:object_r:vendor_scroll_prop:s0 tclass=file permissive=1
01-01 08:00:21.420 0 0 I init : starting service 'vendor.spdaemon'...
01-01 08:00:18.355 544 544 I auditd : type=1400 audit(0.0:107): avc: denied { open } for comm="crash_dump64" path="/dev/__properties__/u:object_r:vendor_reschedule_service_prop:s0" dev="tmpfs" ino=3557 scontext=u:r:crash_dump:s0 tcontext=u:object_r:vendor_reschedule_service_prop:s0 tclass=file permissive=1
01-01 08:00:21.440 0 0 I init : processing action (late-fs) from (/system/etc/init/hw/init.rc:598)
01-01 08:00:21.450 0 0 I : SW_INIT_DONE - 2nd phase loading [spss] completed ok
01-01 08:00:21.450 0 0 I : PBL_DONE - 1st phase loading [spss] completed ok
01-01 08:00:21.452 0 0 E register_client_adhoc: find path.src 1 dest 589
01-01 08:00:21.452 0 0 E register_client_adhoc: Failed to find path.src 1 dest 589
01-01 08:00:21.453 0 0 E : [drm:dp_display_init_aux_switch][msm-dp-err][62 ]failed to register notifier (-22)
01-01 08:00:21.454 0 0 W audit_log_start: 1523 callbacks suppressed
01-01 08:00:21.454 0 0 W audit : audit_backlog=65 > audit_backlog_limit=64
01-01 08:00:21.454 0 0 W audit : audit_lost=510 audit_rate_limit=0 audit_backlog_limit=64
01-01 08:00:21.454 0 0 E audit : backlog limit exceeded
01-01 08:00:21.454 0 0 W audit : audit_backlog=65 > audit_backlog_limit=64
01-01 08:00:21.454 0 0 W audit : audit_lost=511 audit_rate_limit=0 audit_backlog_limit=64
01-01 08:00:21.454 0 0 E audit : backlog limit exceeded
01-01 08:00:21.454 0 0 W audit : audit_backlog=65 > audit_backlog_limit=64
01-01 08:00:21.454 0 0 W audit : audit_lost=512 audit_rate_limit=0 audit_backlog_limit=64
01-01 08:00:21.454 0 0 E audit : backlog limit exceeded
01-01 08:00:21.454 0 0 W audit : audit_backlog=65 > audit_backlog_limit=64
01-01 08:00:21.456 0 0 I init : starting service 'system_suspend'...
01-01 08:00:18.355 544 544 I auditd : type=1400 audit(0.0:108): avc: denied { getattr } for comm="crash_dump64" path="/dev/__properties__/u:object_r:vendor_reschedule_service_prop:s0" dev="tmpfs" ino=3557 scontext=u:r:crash_dump:s0 tcontext=u:object_r:vendor_reschedule_service_prop:s0 tclass=file permissive=1
01-01 08:00:21.476 0 0 I init : starting service 'keystore2'...
01-01 08:00:21.484 0 0 I binder : 596:596 ioctl 40046210 7ff1cb9fb4 returned -22
01-01 08:00:21.484 0 0 I binder : 596:596 ioctl 40046210 7ff1cb9ef4 returned -22
01-01 08:00:18.355 544 544 I auditd : type=1400 audit(0.0:109): avc: denied { map } for comm="crash_dump64" path="/dev/__properties__/u:object_r:vendor_reschedule_service_prop:s0" dev="tmpfs" ino=3557 scontext=u:r:crash_dump:s0 tcontext=u:object_r:vendor_reschedule_service_prop:s0 tclass=file permissive=1
01-01 08:00:18.355 544 544 I auditd : type=1400 audit(0.0:110): avc: denied { open } for comm="crash_dump64" path="/dev/__properties__/u:object_r:vendor_ramdump_prop:s0" dev="tmpfs" ino=3556 scontext=u:r:crash_dump:s0 tcontext=u:object_r:vendor_ramdump_prop:s0 tclass=file permissive=1
01-01 08:00:21.496 0 0 I init : starting service 'vendor.atrace-hal-1-0'...
01-01 08:00:18.355 544 544 I auditd : type=1400 audit(0.0:111): avc: denied { getattr } for comm="crash_dump64" path="/dev/__properties__/u:object_r:vendor_ramdump_prop:s0" dev="tmpfs" ino=3556 scontext=u:r:crash_dump:s0 tcontext=u:object_r:vendor_ramdump_prop:s0 tclass=file permissive=1
01-01 08:00:21.516 0 0 I init : starting service 'vendor.boot-hal-1-1'...
01-01 08:00:18.355 544 544 I auditd : type=1400 audit(0.0:112): avc: denied { map } for comm="crash_dump64" path="/dev/__properties__/u:object_r:vendor_ramdump_prop:s0" dev="tmpfs" ino=3556 scontext=u:r:crash_dump:s0 tcontext=u:object_r:vendor_ramdump_prop:s0 tclass=file permissive=1
01-01 08:00:21.533 0 0 I init : starting service 'gatekeeper-1-0'...
01-01 08:00:21.533 0 0 I binder : 599:599 ioctl 40046210 7fc4bd5e54 returned -22
01-01 08:00:21.537 0 0 I binder : 599:602 ioctl 40046210 7b5b42e154 returned -22
01-01 08:00:18.355 544 544 I auditd : type=1400 audit(0.0:113): avc: denied { open } for comm="crash_dump64" path="/dev/__properties__/u:object_r:vendor_radio_prop:s0" dev="tmpfs" ino=3555 scontext=u:r:crash_dump:s0 tcontext=u:object_r:vendor_radio_prop:s0 tclass=file permissive=1
01-01 08:00:21.544 0 0 I init : starting service 'vendor.sensors'...
01-01 08:00:18.355 544 544 I auditd : type=1400 audit(0.0:114): avc: denied { getattr } for comm="crash_dump64" path="/dev/__properties__/u:object_r:vendor_radio_prop:s0" dev="tmpfs" ino=3555 scontext=u:r:crash_dump:s0 tcontext=u:object_r:vendor_radio_prop:s0 tclass=file permissive=1
01-01 08:00:21.558 0 0 I init : Command 'class_start early_hal' action=late-fs (/system/etc/init/hw/init.rc:605) took 102ms and succeeded
01-01 08:00:18.355 544 544 I auditd : type=1400 audit(0.0:115): avc: denied { map } for comm="crash_dump64" path="/dev/__properties__/u:object_r:vendor_radio_prop:s0" dev="tmpfs" ino=3555 scontext=u:r:crash_dump:s0 tcontext=u:object_r:vendor_radio_prop:s0 tclass=file permissive=1
01-01 08:00:21.568 0 0 I init : starting service 'exec 8 (/system/bin/fsverity_init --load-verified-keys)'...
01-01 08:00:18.355 544 544 I auditd : type=1400 audit(0.0:116): avc: denied { open } for comm="crash_dump64" path="/dev/__properties__/u:object_r:vendor_qvrd_prop:s0" dev="tmpfs" ino=3554 scontext=u:r:crash_dump:s0 tcontext=u:object_r:vendor_qvrd_prop:s0 tclass=file permissive=1
01-01 08:00:21.578 0 0 I init : SVC_EXEC service 'exec 8 (/system/bin/fsverity_init --load-verified-keys)' pid 609 (uid 0 gid 0+0 context default) started; waiting...
01-01 08:00:18.355 544 544 I auditd : type=1400 audit(0.0:117): avc: denied { getattr } for comm="crash_dump64" path="/dev/__properties__/u:object_r:vendor_qvrd_prop:s0" dev="tmpfs" ino=3554 scontext=u:r:crash_dump:s0 tcontext=u:object_r:vendor_qvrd_prop:s0 tclass=file permissive=1
01-01 08:00:21.595 0 0 I init : Service 'exec 8 (/system/bin/fsverity_init --load-verified-keys)' (pid 609) exited with status 0 waiting took 0.017000 seconds
01-01 08:00:18.355 544 544 I auditd : type=1400 audit(0.0:118): avc: denied { map } for comm="crash_dump64" path="/dev/__properties__/u:object_r:vendor_qvrd_prop:s0" dev="tmpfs" ino=3554 scontext=u:r:crash_dump:s0 tcontext=u:object_r:vendor_qvrd_prop:s0 tclass=file permissive=1
01-01 08:00:21.613 0 0 I init : Sending signal 9 to service 'exec 8 (/system/bin/fsverity_init --load-verified-keys)' (pid 609) process group...
01-01 08:00:18.355 544 544 I auditd : type=1400 audit(0.0:119): avc: denied { open } for comm="crash_dump64" path="/dev/__properties__/u:object_r:vendor_qvrd_persist_prop:s0" dev="tmpfs" ino=3553 scontext=u:r:crash_dump:s0 tcontext=u:object_r:vendor_qvrd_persist_prop:s0 tclass=file permissive=1
01-01 08:00:21.632 0 0 I libprocessgroup: Successfully killed process cgroup uid 0 pid 609 in 0ms
01-01 08:00:18.355 544 544 I auditd : type=1400 audit(0.0:120): avc: denied { getattr } for comm="crash_dump64" path="/dev/__properties__/u:object_r:vendor_qvrd_persist_prop:s0" dev="tmpfs" ino=3553 scontext=u:r:crash_dump:s0 tcontext=u:object_r:vendor_qvrd_persist_prop:s0 tclass=file permissive=1
01-01 08:00:21.664 0 0 I init : processing action (ro.kernel.version=4.19 && late-fs) from (/system/etc/init/hw/init.rc:615)
01-01 08:00:21.679 0 0 I init : processing action (late-fs) from (/system/etc/init/hw/init.rc:619)
01-01 08:00:18.355 544 544 I auditd : type=1400 audit(0.0:121): avc: denied { map } for comm="crash_dump64" path="/dev/__properties__/u:object_r:vendor_qvrd_persist_prop:s0" dev="tmpfs" ino=3553 scontext=u:r:crash_dump:s0 tcontext=u:object_r:vendor_qvrd_persist_prop:s0 tclass=file permissive=1
01-01 08:00:21.695 0 0 I init : processing action (late-fs) from (/vendor/etc/init/hw/init.target.rc:66)
01-01 08:00:18.355 544 544 I auditd : type=1400 audit(0.0:122): avc: denied { open } for comm="crash_dump64" path="/dev/__properties__/u:object_r:vendor_qvr_prop:s0" dev="tmpfs" ino=3552 scontext=u:r:crash_dump:s0 tcontext=u:object_r:vendor_qvr_prop:s0 tclass=file permissive=1
01-01 08:00:21.725 0 0 I init : start_waiting_for_property("hwservicemanager.ready", "true"): already set
01-01 08:00:18.355 544 544 I auditd : type=1400 audit(0.0:123): avc: denied { getattr } for comm="crash_dump64" path="/dev/__properties__/u:object_r:vendor_qvr_prop:s0" dev="tmpfs" ino=3552 scontext=u:r:crash_dump:s0 tcontext=u:object_r:vendor_qvr_prop:s0 tclass=file permissive=1
01-01 08:00:18.355 544 544 I auditd : type=1400 audit(0.0:124): avc: denied { map } for comm="crash_dump64" path="/dev/__properties__/u:object_r:vendor_qvr_prop:s0" dev="tmpfs" ino=3552 scontext=u:r:crash_dump:s0 tcontext=u:object_r:vendor_qvr_prop:s0 tclass=file permissive=1
01-01 08:00:21.758 0 0 I init : starting service 'wait_for_keymaster'...
01-01 08:00:21.788 0 0 I init : SVC_EXEC service 'wait_for_keymaster' pid 610 (uid 0 gid 0+1 context default) started; waiting...
01-01 08:00:21.794 0 0 I wait_for_keymaster: Waiting for Keymaster device
01-01 08:00:21.794 0 0 I binder : 610:610 ioctl 40046210 7fc4aadaa4 returned -22
01-01 08:00:21.794 0 0 D ProcessState: Binder ioctl to enable oneway spam detection failed: Invalid argument
01-01 08:00:21.794 0 0 I wait_for_keymaster: Keymaster device ready
01-01 08:00:18.355 544 544 I auditd : type=1400 audit(0.0:125): avc: denied { open } for comm="crash_dump64" path="/dev/__properties__/u:object_r:vendor_qvr_persist_prop:s0" dev="tmpfs" ino=3551 scontext=u:r:crash_dump:s0 tcontext=u:object_r:vendor_qvr_persist_prop:s0 tclass=file permissive=1
01-01 08:00:18.355 544 544 I auditd : type=1400 audit(0.0:126): avc: denied { getattr } for comm="crash_dump64" path="/dev/__properties__/u:object_r:vendor_qvr_persist_prop:s0" dev="tmpfs" ino=3551 scontext=u:r:crash_dump:s0 tcontext=u:object_r:vendor_qvr_persist_prop:s0 tclass=file permissive=1
01-01 08:00:21.835 0 0 I init : Command 'exec_start wait_for_keymaster' action=late-fs (/vendor/etc/init/hw/init.target.rc:68) took 77ms and succeeded
01-01 08:00:18.355 544 544 I auditd : type=1400 audit(0.0:127): avc: denied { map } for comm="crash_dump64" path="/dev/__properties__/u:object_r:vendor_qvr_persist_prop:s0" dev="tmpfs" ino=3551 scontext=u:r:crash_dump:s0 tcontext=u:object_r:vendor_qvr_persist_prop:s0 tclass=file permissive=1
01-01 08:00:21.872 0 0 I init : Service 'wait_for_keymaster' (pid 610) exited with status 0 waiting took 0.084000 seconds
01-01 08:00:18.355 544 544 I auditd : type=1400 audit(0.0:128): avc: denied { open } for comm="crash_dump64" path="/dev/__properties__/u:object_r:vendor_qteeconnector_opti_prop:s0" dev="tmpfs" ino=3550 scontext=u:r:crash_dump:s0 tcontext=u:object_r:vendor_qteeconnector_opti_prop:s0 tclass=file permissive=1
01-01 08:00:21.906 0 0 I init : Sending signal 9 to service 'wait_for_keymaster' (pid 610) process group...
01-01 08:00:18.355 544 544 I auditd : type=1400 audit(0.0:129): avc: denied { getattr } for comm="crash_dump64" path="/dev/__properties__/u:object_r:vendor_qteeconnector_opti_prop:s0" dev="tmpfs" ino=3550 scontext=u:r:crash_dump:s0 tcontext=u:object_r:vendor_qteeconnector_opti_prop:s0 tclass=file permissive=1
01-01 08:00:21.938 0 0 I libprocessgroup: Successfully killed process cgroup uid 0 pid 610 in 0ms
01-01 08:00:18.355 544 544 I auditd : type=1400 audit(0.0:130): avc: denied { map } for comm="crash_dump64" path="/dev/__properties__/u:object_r:vendor_qteeconnector_opti_prop:s0" dev="tmpfs" ino=3550 scontext=u:r:crash_dump:s0 tcontext=u:object_r:vendor_qteeconnector_opti_prop:s0 tclass=file permissive=1
01-01 08:00:21.970 0 0 I init : Calling: /system/bin/vdc checkpoint needsCheckpoint
01-01 08:00:18.355 544 544 I auditd : type=1400 audit(0.0:131): avc: denied { open } for comm="crash_dump64" path="/dev/__properties__/u:object_r:vendor_qspm_prop:s0" dev="tmpfs" ino=3549 scontext=u:r:crash_dump:s0 tcontext=u:object_r:vendor_qspm_prop:s0 tclass=file permissive=1
01-01 08:00:22.007 0 0 I binder : 611:611 ioctl 40046210 7fe6a17ea4 returned -22
01-01 08:00:18.355 544 544 I auditd : type=1400 audit(0.0:132): avc: denied { getattr } for comm="crash_dump64" path="/dev/__properties__/u:object_r:vendor_qspm_prop:s0" dev="tmpfs" ino=3549 scontext=u:r:crash_dump:s0 tcontext=u:object_r:vendor_qspm_prop:s0 tclass=file permissive=1
01-01 08:00:22.015 0 0 D ProcessState: Binder ioctl to enable oneway spam detection failed: Invalid argument
01-01 08:00:18.355 544 544 I auditd : type=1400 audit(0.0:133): avc: denied { map } for comm="crash_dump64" path="/dev/__properties__/u:object_r:vendor_qspm_prop:s0" dev="tmpfs" ino=3549 scontext=u:r:crash_dump:s0 tcontext=u:object_r:vendor_qspm_prop:s0 tclass=file permissive=1
01-01 08:00:22.028 0 0 D vdc : Waited 0ms for vold
01-01 08:00:18.355 544 544 I auditd : type=1400 audit(0.0:134): avc: denied { open } for comm="crash_dump64" path="/dev/__properties__/u:object_r:vendor_qdcmss_prop:s0" dev="tmpfs" ino=3548 scontext=u:r:crash_dump:s0 tcontext=u:object_r:vendor_qdcmss_prop:s0 tclass=file permissive=1
01-01 08:00:22.044 0 0 I init : [libfs_mgr]Running /system/bin/resize.f2fs on /dev/block/bootdevice/by-name/userdata
01-01 08:00:18.355 544 544 I auditd : type=1400 audit(0.0:135): avc: denied { getattr } for comm="crash_dump64" path="/dev/__properties__/u:object_r:vendor_qdcmss_prop:s0" dev="tmpfs" ino=3548 scontext=u:r:crash_dump:s0 tcontext=u:object_r:vendor_qdcmss_prop:s0 tclass=file permissive=1
01-01 08:00:22.066 0 0 I init : [libfs_mgr]Invalid f2fs superblock on '/dev/block/bootdevice/by-name/userdata'
01-01 08:00:18.355 544 544 I auditd : type=1400 audit(0.0:136): avc: denied { map } for comm="crash_dump64" path="/dev/__properties__/u:object_r:vendor_qdcmss_prop:s0" dev="tmpfs" ino=3548 scontext=u:r:crash_dump:s0 tcontext=u:object_r:vendor_qdcmss_prop:s0 tclass=file permissive=1
01-01 08:00:22.076 0 0 E init : [libfs_mgr]mount_with_alternatives(): skipping mount due to invalid magic, mountpoint=/data blk_dev=/dev/block/sda15 rec[7].fs_type=f2fs
01-01 08:00:18.355 544 544 I auditd : type=1400 audit(0.0:137): avc: denied { open } for comm="crash_dump64" path="/dev/__properties__/u:object_r:vendor_qcc_prop:s0" dev="tmpfs" ino=3547 scontext=u:r:crash_dump:s0 tcontext=u:object_r:vendor_qcc_prop:s0 tclass=file permissive=1
01-01 08:00:22.090 0 0 I init : Calling: /system/bin/vdc cryptfs mountFstab /dev/block/bootdevice/by-name/userdata /data
01-01 08:00:18.355 544 544 I auditd : type=1400 audit(0.0:138): avc: denied { getattr } for comm="crash_dump64" path="/dev/__properties__/u:object_r:vendor_qcc_prop:s0" dev="tmpfs" ino=3547 scontext=u:r:crash_dump:s0 tcontext=u:object_r:vendor_qcc_prop:s0 tclass=file permissive=1
01-01 08:00:22.102 0 0 I binder : 613:613 ioctl 40046210 7fea4b80d4 returned -22
01-01 08:00:22.130 0 0 D ProcessState: Binder ioctl to enable oneway spam detection failed: Invalid argument
01-01 08:00:18.355 544 544 I auditd : type=1400 audit(0.0:139): avc: denied { map } for comm="crash_dump64" path="/dev/__properties__/u:object_r:vendor_qcc_prop:s0" dev="tmpfs" ino=3547 scontext=u:r:crash_dump:s0 tcontext=u:object_r:vendor_qcc_prop:s0 tclass=file permissive=1
01-01 08:00:18.355 544 544 I auditd : type=1400 audit(0.0:140): avc: denied { open } for comm="crash_dump64" path="/dev/__properties__/u:object_r:vendor_persist_tcm_prop:s0" dev="tmpfs" ino=3545 scontext=u:r:crash_dump:s0 tcontext=u:object_r:vendor_persist_tcm_prop:s0 tclass=file permissive=1
01-01 08:00:22.141 0 0 D vdc : Waited 0ms for vold
01-01 08:00:22.174 599 599 I auditd : SELinux: Loaded keystore2_key_contexts from:
01-01 08:00:22.174 599 599 I auditd : /system/etc/selinux/plat_keystore2_key_contexts
01-01 08:00:18.355 544 544 I auditd : type=1400 audit(0.0:141): avc: denied { getattr } for comm="crash_dump64" path="/dev/__properties__/u:object_r:vendor_persist_tcm_prop:s0" dev="tmpfs" ino=3545 scontext=u:r:crash_dump:s0 tcontext=u:object_r:vendor_persist_tcm_prop:s0 tclass=file permissive=1
01-01 08:00:22.188 0 0 I fsck.f2fs: Info: Fix the reported corruption.
01-01 08:00:18.355 544 544 I auditd : type=1400 audit(0.0:142): avc: denied { map } for comm="crash_dump64" path="/dev/__properties__/u:object_r:vendor_persist_tcm_prop:s0" dev="tmpfs" ino=3545 scontext=u:r:crash_dump:s0 tcontext=u:object_r:vendor_persist_tcm_prop:s0 tclass=file permissive=1
01-01 08:00:22.207 0 0 I fsck.f2fs: Info: No support kernel version!
01-01 08:00:22.236 0 0 I fsck.f2fs: Info: Segments per section = 1
01-01 08:00:18.355 544 544 I auditd : type=1400 audit(0.0:143): avc: denied { open } for comm="crash_dump64" path="/dev/__properties__/u:object_r:vendor_persist_rcs_prop:s0" dev="tmpfs" ino=3544 scontext=u:r:crash_dump:s0 tcontext=u:object_r:vendor_persist_rcs_prop:s0 tclass=file permissive=1
01-01 08:00:22.266 0 0 I fsck.f2fs: Info: Sections per zone = 1
01-01 08:00:18.355 544 544 I auditd : type=1400 audit(0.0:144): avc: denied { getattr } for comm="crash_dump64" path="/dev/__properties__/u:object_r:vendor_persist_rcs_prop:s0" dev="tmpfs" ino=3544 scontext=u:r:crash_dump:s0 tcontext=u:object_r:vendor_persist_rcs_prop:s0 tclass=file permissive=1
01-01 08:00:22.277 0 0 I fsck.f2fs: Info: sector size = 4096
01-01 08:00:18.355 544 544 I auditd : type=1400 audit(0.0:145): avc: denied { map } for comm="crash_dump64" path="/dev/__properties__/u:object_r:vendor_persist_rcs_prop:s0" dev="tmpfs" ino=3544 scontext=u:r:crash_dump:s0 tcontext=u:object_r:vendor_persist_rcs_prop:s0 tclass=file permissive=1
01-01 08:00:18.355 544 544 I auditd : type=1400 audit(0.0:146): avc: denied { open } for comm="crash_dump64" path="/dev/__properties__/u:object_r:vendor_persist_camera_prop:s0" dev="tmpfs" ino=3542 scontext=u:r:crash_dump:s0 tcontext=u:object_r:vendor_persist_camera_prop:s0 tclass=file permissive=1
01-01 08:00:22.313 0 0 I fsck.f2fs: Info: total sectors = 28958163 (113117 MB)
01-01 08:00:22.345 0 0 I fsck.f2fs: Info: MKFS version
01-01 08:00:18.355 544 544 I auditd : type=1400 audit(0.0:147): avc: denied { getattr } for comm="crash_dump64" path="/dev/__properties__/u:object_r:vendor_persist_camera_prop:s0" dev="tmpfs" ino=3542 scontext=u:r:crash_dump:s0 tcontext=u:object_r:vendor_persist_camera_prop:s0 tclass=file permissive=1
01-01 08:00:22.382 0 0 I fsck.f2fs: "4.15.0-197-generic #208-Ubuntu SMP Tue Nov 1 17:23:37 UTC 2022"
01-01 08:00:22.382 0 0 I fsck.f2fs: Info: FSCK version
01-01 08:00:18.355 544 544 I auditd : type=1400 audit(0.0:148): avc: denied { map } for comm="crash_dump64" path="/dev/__properties__/u:object_r:vendor_persist_camera_prop:s0" dev="tmpfs" ino=3542 scontext=u:r:crash_dump:s0 tcontext=u:object_r:vendor_persist_camera_prop:s0 tclass=file permissive=1
01-01 08:00:22.419 0 0 I fsck.f2fs: from "4.19.157-perf+"
01-01 08:00:22.419 0 0 I fsck.f2fs: to "4.19.157-perf+"
01-01 08:00:22.419 0 0 I fsck.f2fs: Info: version timestamp cur: 22, prev: 5726
01-01 08:00:22.419 0 0 I fsck.f2fs: [update_superblock: 706] Info: Done to update superblock
01-01 08:00:18.355 544 544 I auditd : type=1400 audit(0.0:149): avc: denied { open } for comm="crash_dump64" path="/dev/__properties__/u:object_r:vendor_per_mgr_state_prop:s0" dev="tmpfs" ino=3541 scontext=u:r:crash_dump:s0 tcontext=u:object_r:vendor_per_mgr_state_prop:s0 tclass=file permissive=1
01-01 08:00:22.454 0 0 I fsck.f2fs: Info: superblock features = 481 : encrypt verity quota_ino
01-01 08:00:18.355 544 544 I auditd : type=1400 audit(0.0:150): avc: denied { getattr } for comm="crash_dump64" path="/dev/__properties__/u:object_r:vendor_per_mgr_state_prop:s0" dev="tmpfs" ino=3541 scontext=u:r:crash_dump:s0 tcontext=u:object_r:vendor_per_mgr_state_prop:s0 tclass=file permissive=1
01-01 08:00:22.487 0 0 I fsck.f2fs: Info: superblock encrypt level = 0, salt = 00000000000000000000000000000000
01-01 08:00:22.487 0 0 I fsck.f2fs: Info: total FS sectors = 28958163 (113117 MB)
01-01 08:00:22.487 0 0 I fsck.f2fs: Info: CKPT version = 1fde8f85
01-01 08:00:22.487 0 0 I fsck.f2fs: Info: checkpoint state = 42 : crc orphan_inodes sudden-power-off
01-01 08:00:18.355 544 544 I auditd : type=1400 audit(0.0:151): avc: denied { map } for comm="crash_dump64" path="/dev/__properties__/u:object_r:vendor_per_mgr_state_prop:s0" dev="tmpfs" ino=3541 scontext=u:r:crash_dump:s0 tcontext=u:object_r:vendor_per_mgr_state_prop:s0 tclass=file permissive=1
01-01 08:00:22.522 0 0 I fsck.f2fs: Info: No error was reported
01-01 08:00:22.522 0 0 I fsck.f2fs:
01-01 08:00:22.522 0 0 I fsck.f2fs: c, u, RA, CH, CM, Repl=
01-01 08:00:22.522 0 0 I fsck.f2fs: 10000 2572 57877 55305 2572 0
01-01 08:00:18.355 544 544 I auditd : type=1400 audit(0.0:152): avc: denied { open } for comm="crash_dump64" path="/dev/__properties__/u:object_r:vendor_pd_locater_dbg_prop:s0" dev="tmpfs" ino=3540 scontext=u:r:crash_dump:s0 tcontext=u:object_r:vendor_pd_locater_dbg_prop:s0 tclass=file permissive=1
01-01 08:00:22.563 0 0 I F2FS-fs (dm-10): recover_inode: ino = 3935, name = , inline = 1
01-01 08:00:18.355 544 544 I auditd : type=1400 audit(0.0:153): avc: denied { getattr } for comm="crash_dump64" path="/dev/__properties__/u:object_r:vendor_pd_locater_dbg_prop:s0" dev="tmpfs" ino=3540 scontext=u:r:crash_dump:s0 tcontext=u:object_r:vendor_pd_locater_dbg_prop:s0 tclass=file permissive=1
01-01 08:00:22.587 0 0 I F2FS-fs (dm-10): recover_dentry: ino = 3935, name = , dir = c49, err = 0
01-01 08:00:22.618 0 0 I F2FS-fs (dm-10): recover_data: ino = 3935 (i_size: recover) recovered = 1, err = 0
01-01 08:00:18.355 544 544 I auditd : type=1400 audit(0.0:154): avc: denied { map } for comm="crash_dump64" path="/dev/__properties__/u:object_r:vendor_pd_locater_dbg_prop:s0" dev="tmpfs" ino=3540 scontext=u:r:crash_dump:s0 tcontext=u:object_r:vendor_pd_locater_dbg_prop:s0 tclass=file permissive=1
01-01 08:00:22.647 0 0 I F2FS-fs (dm-10): recover_inode: ino = 3936, name = , inline = 1
01-01 08:00:18.355 544 544 I auditd : type=1400 audit(0.0:155): avc: denied { open } for comm="crash_dump64" path="/dev/__properties__/u:object_r:vendor_pasr_prop:s0" dev="tmpfs" ino=3539 scontext=u:r:crash_dump:s0 tcontext=u:object_r:vendor_pasr_prop:s0 tclass=file permissive=1
01-01 08:00:22.682 0 0 I F2FS-fs (dm-10): recover_dentry: ino = 3936, name = , dir = c49, err = 0
01-01 08:00:18.355 544 544 I auditd : type=1400 audit(0.0:156): avc: denied { getattr } for comm="crash_dump64" path="/dev/__properties__/u:object_r:vendor_pasr_prop:s0" dev="tmpfs" ino=3539 scontext=u:r:crash_dump:s0 tcontext=u:object_r:vendor_pasr_prop:s0 tclass=file permissive=1
01-01 08:00:22.694 0 0 I F2FS-fs (dm-10): recover_data: ino = 3936 (i_size: recover) recovered = 1, err = 0
01-01 08:00:18.355 544 544 I auditd : type=1400 audit(0.0:157): avc: denied { map } for comm="crash_dump64" path="/dev/__properties__/u:object_r:vendor_pasr_prop:s0" dev="tmpfs" ino=3539 scontext=u:r:crash_dump:s0 tcontext=u:object_r:vendor_pasr_prop:s0 tclass=file permissive=1
01-01 08:00:18.355 544 544 I auditd : type=1400 audit(0.0:158): avc: denied { open } for comm="crash_dump64" path="/dev/__properties__/u:object_r:vendor_opengles_prop:s0" dev="tmpfs" ino=3538 scontext=u:r:crash_dump:s0 tcontext=u:object_r:vendor_opengles_prop:s0 tclass=file permissive=1
01-01 08:00:22.732 0 0 I F2FS-fs (dm-10): checkpoint: version = 1fde8f86
01-01 08:00:18.355 544 544 I auditd : type=1400 audit(0.0:159): avc: denied { getattr } for comm="crash_dump64" path="/dev/__properties__/u:object_r:vendor_opengles_prop:s0" dev="tmpfs" ino=3538 scontext=u:r:crash_dump:s0 tcontext=u:object_r:vendor_opengles_prop:s0 tclass=file permissive=1
01-01 08:00:22.762 0 0 I F2FS-fs (dm-10): Mounted with checkpoint version = 1fde8f86
01-01 08:00:18.355 544 544 I auditd : type=1400 audit(0.0:160): avc: denied { map } for comm="crash_dump64" path="/dev/__properties__/u:object_r:vendor_opengles_prop:s0" dev="tmpfs" ino=3538 scontext=u:r:crash_dump:s0 tcontext=u:object_r:vendor_opengles_prop:s0 tclass=file permissive=1
01-01 08:00:22.804 0 0 I init : Userdata mounted using /vendor/etc/fstab.qcom result : 7
01-01 08:00:18.355 544 544 I auditd : type=1400 audit(0.0:161): avc: denied { open } for comm="crash_dump64" path="/dev/__properties__/u:object_r:vendor_nfc_nq_prop:s0" dev="tmpfs" ino=3537 scontext=u:r:crash_dump:s0 tcontext=u:object_r:vendor_nfc_nq_prop:s0 tclass=file permissive=1
01-01 08:00:22.832 0 0 I init : Keyring created with id 1046115514 in process 1
01-01 08:00:22.866 0 0 I init : Command 'mount_all /vendor/etc/fstab.qcom --late' action=late-fs (/vendor/etc/init/hw/init.target.rc:69) took 896ms and succeeded
01-01 08:00:18.355 544 544 I auditd : type=1400 audit(0.0:162): avc: denied { getattr } for comm="crash_dump64" path="/dev/__properties__/u:object_r:vendor_nfc_nq_prop:s0" dev="tmpfs" ino=3537 scontext=u:r:crash_dump:s0 tcontext=u:object_r:vendor_nfc_nq_prop:s0 tclass=file permissive=1
01-01 08:00:18.355 544 544 I auditd : type=1400 audit(0.0:163): avc: denied { map } for comm="crash_dump64" path="/dev/__properties__/u:object_r:vendor_nfc_nq_prop:s0" dev="tmpfs" ino=3537 scontext=u:r:crash_dump:s0 tcontext=u:object_r:vendor_nfc_nq_prop:s0 tclass=file permissive=1
01-01 08:00:22.896 0 0 I init : processing action (late-fs) from (/vendor/etc/init/keymasterd.rc:5)
01-01 08:00:18.355 544 544 I auditd : type=1400 audit(0.0:164): avc: denied { open } for comm="crash_dump64" path="/dev/__properties__/u:object_r:vendor_mwqem_prop:s0" dev="tmpfs" ino=3536 scontext=u:r:crash_dump:s0 tcontext=u:object_r:vendor_mwqem_prop:s0 tclass=file permissive=1
01-01 08:00:22.926 0 0 I init : starting service 'vendor.keymasterd'...
01-01 08:00:22.973 0 0 I init : processing action (post-fs-data) from (/system/etc/init/hw/init.rc:633)
01-01 08:00:18.355 544 544 I auditd : type=1400 audit(0.0:165): avc: denied { getattr } for comm="crash_dump64" path="/dev/__properties__/u:object_r:vendor_mwqem_prop:s0" dev="tmpfs" ino=3536 scontext=u:r:crash_dump:s0 tcontext=u:object_r:vendor_mwqem_prop:s0 tclass=file permissive=1
01-01 08:00:23.006 0 0 I init : starting service 'exec 9 (/system/bin/vdc checkpoint prepareCheckpoint)'...
01-01 08:00:18.355 544 544 I auditd : type=1400 audit(0.0:166): avc: denied { map } for comm="crash_dump64" path="/dev/__properties__/u:object_r:vendor_mwqem_prop:s0" dev="tmpfs" ino=3536 scontext=u:r:crash_dump:s0 tcontext=u:object_r:vendor_mwqem_prop:s0 tclass=file permissive=1
01-01 08:00:23.039 0 0 I init : SVC_EXEC service 'exec 9 (/system/bin/vdc checkpoint prepareCheckpoint)' pid 620 (uid 1000 gid 1000+0 context default) started; waiting...
01-01 08:00:23.044 0 0 I binder : 620:620 ioctl 40046210 7fd9db55e4 returned -22
01-01 08:00:23.044 0 0 D ProcessState: Binder ioctl to enable oneway spam detection failed: Invalid argument
01-01 08:00:23.044 0 0 D vdc : Waited 0ms for vold
01-01 08:00:18.355 544 544 I auditd : type=1400 audit(0.0:167): avc: denied { open } for comm="crash_dump64" path="/dev/__properties__/u:object_r:vendor_mstatservice_prop:s0" dev="tmpfs" ino=3535 scontext=u:r:crash_dump:s0 tcontext=u:object_r:vendor_mstatservice_prop:s0 tclass=file permissive=1
01-01 08:00:18.355 544 544 I auditd : type=1400 audit(0.0:168): avc: denied { getattr } for comm="crash_dump64" path="/dev/__properties__/u:object_r:vendor_mstatservice_prop:s0" dev="tmpfs" ino=3535 scontext=u:r:crash_dump:s0 tcontext=u:object_r:vendor_mstatservice_prop:s0 tclass=file permissive=1
01-01 08:00:23.076 0 0 I init : Command 'exec - system system -- /system/bin/vdc checkpoint prepareCheckpoint' action=post-fs-data (/system/etc/init/hw/init.rc:638) took 69ms and succeeded
01-01 08:00:23.076 0 0 I init : Service 'exec 9 (/system/bin/vdc checkpoint prepareCheckpoint)' (pid 620) exited with status 0 waiting took 0.036000 seconds
01-01 08:00:23.109 0 0 I init : Sending signal 9 to service 'exec 9 (/system/bin/vdc checkpoint prepareCheckpoint)' (pid 620) process group...
01-01 08:00:18.355 544 544 I auditd : type=1400 audit(0.0:169): avc: denied { map } for comm="crash_dump64" path="/dev/__properties__/u:object_r:vendor_mstatservice_prop:s0" dev="tmpfs" ino=3535 scontext=u:r:crash_dump:s0 tcontext=u:object_r:vendor_mstatservice_prop:s0 tclass=file permissive=1
01-01 08:00:23.109 0 0 I libprocessgroup: Successfully killed process cgroup uid 1000 pid 620 in 0ms
01-01 08:00:18.355 544 544 I auditd : type=1400 audit(0.0:170): avc: denied { open } for comm="crash_dump64" path="/dev/__properties__/u:object_r:vendor_msm_irqbalance_prop:s0" dev="tmpfs" ino=3534 scontext=u:r:crash_dump:s0 tcontext=u:object_r:vendor_msm_irqbalance_prop:s0 tclass=file permissive=1
01-01 08:00:23.140 0 0 I init : starting service 'exec 10 (/system/bin/vdc --wait cryptfs enablefilecrypto)'...
01-01 08:00:23.188 0 0 I init : SVC_EXEC service 'exec 10 (/system/bin/vdc --wait cryptfs enablefilecrypto)' pid 622 (uid 0 gid 0+0 context default) started; waiting...
01-01 08:00:23.192 0 0 I binder : 622:622 ioctl 40046210 7fddd86254 returned -22
01-01 08:00:23.192 0 0 D ProcessState: Binder ioctl to enable oneway spam detection failed: Invalid argument
01-01 08:00:23.192 0 0 D vdc : Waited 0ms for vold
01-01 08:00:18.355 544 544 I auditd : type=1400 audit(0.0:171): avc: denied { getattr } for comm="crash_dump64" path="/dev/__properties__/u:object_r:vendor_msm_irqbalance_prop:s0" dev="tmpfs" ino=3534 scontext=u:r:crash_dump:s0 tcontext=u:object_r:vendor_msm_irqbalance_prop:s0 tclass=file permissive=1
01-01 08:00:23.218 0 0 I init : Command 'installkey /data' action=post-fs-data (/system/etc/init/hw/init.rc:647) took 79ms and succeeded
01-01 08:00:18.355 544 544 I auditd : type=1400 audit(0.0:172): avc: denied { map } for comm="crash_dump64" path="/dev/__properties__/u:object_r:vendor_msm_irqbalance_prop:s0" dev="tmpfs" ino=3534 scontext=u:r:crash_dump:s0 tcontext=u:object_r:vendor_msm_irqbalance_prop:s0 tclass=file permissive=1
01-01 08:00:18.355 544 544 I auditd : type=1400 audit(0.0:173): avc: denied { open } for comm="crash_dump64" path="/dev/__properties__/u:object_r:vendor_mpctl_prop:s0" dev="tmpfs" ino=3533 scontext=u:r:crash_dump:s0 tcontext=u:object_r:vendor_mpctl_prop:s0 tclass=file permissive=1
01-01 08:00:23.248 0 0 I init : Service 'exec 10 (/system/bin/vdc --wait cryptfs enablefilecrypto)' (pid 622) exited with status 0 waiting took 0.059000 seconds
01-01 08:00:18.355 544 544 I auditd : type=1400 audit(0.0:174): avc: denied { getattr } for comm="crash_dump64" path="/dev/__properties__/u:object_r:vendor_mpctl_prop:s0" dev="tmpfs" ino=3533 scontext=u:r:crash_dump:s0 tcontext=u:object_r:vendor_mpctl_prop:s0 tclass=file permissive=1
01-01 08:00:23.278 0 0 I init : Sending signal 9 to service 'exec 10 (/system/bin/vdc --wait cryptfs enablefilecrypto)' (pid 622) process group...
01-01 08:00:18.355 544 544 I auditd : type=1400 audit(0.0:175): avc: denied { map } for comm="crash_dump64" path="/dev/__properties__/u:object_r:vendor_mpctl_prop:s0" dev="tmpfs" ino=3533 scontext=u:r:crash_dump:s0 tcontext=u:object_r:vendor_mpctl_prop:s0 tclass=file permissive=1
01-01 08:00:23.307 0 0 I libprocessgroup: Successfully killed process cgroup uid 0 pid 622 in 0ms
01-01 08:00:18.355 544 544 I auditd : type=1400 audit(0.0:176): avc: denied { open } for comm="crash_dump64" path="/dev/__properties__/u:object_r:vendor_modem_diag_prop:s0" dev="tmpfs" ino=3532 scontext=u:r:crash_dump:s0 tcontext=u:object_r:vendor_modem_diag_prop:s0 tclass=file permissive=1
01-01 08:00:23.338 0 0 I fscrypt : AES-256-CTS-CBC using implementation "cts(cbc-aes-ce)"
01-01 08:00:18.355 544 544 I auditd : type=1400 audit(0.0:177): avc: denied { getattr } for comm="crash_dump64" path="/dev/__properties__/u:object_r:vendor_modem_diag_prop:s0" dev="tmpfs" ino=3532 scontext=u:r:crash_dump:s0 tcontext=u:object_r:vendor_modem_diag_prop:s0 tclass=file permissive=1
01-01 08:00:23.368 0 0 I init : Verified that /data/bootchart has the encryption policy e5730e07b4a373c576a2ed08c7887d3c v2 modes 1/4 flags 0xa
01-01 08:00:23.397 0 0 I init : Command 'mkdir /data/bootchart 0755 shell shell encryption=Require' action=post-fs-data (/system/etc/init/hw/init.rc:651) took 60ms and succeeded
01-01 08:00:18.355 544 544 I auditd : type=1400 audit(0.0:178): avc: denied { map } for comm="crash_dump64" path="/dev/__properties__/u:object_r:vendor_modem_diag_prop:s0" dev="tmpfs" ino=3532 scontext=u:r:crash_dump:s0 tcontext=u:object_r:vendor_modem_diag_prop:s0 tclass=file permissive=1
01-01 08:00:23.402 0 0 I init : Verified that /data/vendor has the encryption policy e5730e07b4a373c576a2ed08c7887d3c v2 modes 1/4 flags 0xa
01-01 08:00:23.410 0 0 I init : Not setting encryption policy on: /data/vendor_ce
01-01 08:00:18.355 544 544 I auditd : type=1400 audit(0.0:179): avc: denied { open } for comm="crash_dump64" path="/dev/__properties__/u:object_r:vendor_mmi_prop:s0" dev="tmpfs" ino=3531 scontext=u:r:crash_dump:s0 tcontext=u:object_r:vendor_mmi_prop:s0 tclass=file permissive=1
01-01 08:00:18.355 544 544 I auditd : type=1400 audit(0.0:180): avc: denied { getattr } for comm="crash_dump64" path="/dev/__properties__/u:object_r:vendor_mmi_prop:s0" dev="tmpfs" ino=3531 scontext=u:r:crash_dump:s0 tcontext=u:object_r:vendor_mmi_prop:s0 tclass=file permissive=1
01-01 08:00:23.440 0 0 I init : Not setting encryption policy on: /data/vendor_de
01-01 08:00:18.355 544 544 I auditd : type=1400 audit(0.0:181): avc: denied { map } for comm="crash_dump64" path="/dev/__properties__/u:object_r:vendor_mmi_prop:s0" dev="tmpfs" ino=3531 scontext=u:r:crash_dump:s0 tcontext=u:object_r:vendor_mmi_prop:s0 tclass=file permissive=1
01-01 08:00:23.451 0 0 I init : Verified that /data/anr has the encryption policy e5730e07b4a373c576a2ed08c7887d3c v2 modes 1/4 flags 0xa
01-01 08:00:18.355 544 544 I auditd : type=1400 audit(0.0:182): avc: denied { open } for comm="crash_dump64" path="/dev/__properties__/u:object_r:vendor_mm_video_prop:s0" dev="tmpfs" ino=3530 scontext=u:r:crash_dump:s0 tcontext=u:object_r:vendor_mm_video_prop:s0 tclass=file permissive=1
01-01 08:00:23.484 0 0 I init : Verified that /data/tombstones has the encryption policy e5730e07b4a373c576a2ed08c7887d3c v2 modes 1/4 flags 0xa
01-01 08:00:18.355 544 544 I auditd : type=1400 audit(0.0:183): avc: denied { getattr } for comm="crash_dump64" path="/dev/__properties__/u:object_r:vendor_mm_video_prop:s0" dev="tmpfs" ino=3530 scontext=u:r:crash_dump:s0 tcontext=u:object_r:vendor_mm_video_prop:s0 tclass=file permissive=1
01-01 08:00:23.517 0 0 I init : starting service 'tombstoned'...
01-01 08:00:23.531 0 0 I init : Created socket '/dev/socket/tombstoned_crash', mode 666, user 1000, group 1000
01-01 08:00:18.355 544 544 I auditd : type=1400 audit(0.0:184): avc: denied { map } for comm="crash_dump64" path="/dev/__properties__/u:object_r:vendor_mm_video_prop:s0" dev="tmpfs" ino=3530 scontext=u:r:crash_dump:s0 tcontext=u:object_r:vendor_mm_video_prop:s0 tclass=file permissive=1
