03-14 03:51:04.075 828 828 I auditd : type=1400 audit(0.0:450): avc: denied { read } for comm="health@2.1-serv" name="online" dev="sysfs" ino=63642 scontext=u:r:hal_health_default:s0 tcontext=u:object_r:sysfs:s0 tclass=file permissive=1
03-14 03:51:04.075 828 828 I auditd : type=1400 audit(0.0:451): avc: denied { open } for comm="health@2.1-serv" path="/sys/devices/platform/soc/884000.i2c/i2c-3/3-0025/power_supply/wireless/online" dev="sysfs" ino=63642 scontext=u:r:hal_health_default:s0 tcontext=u:object_r:sysfs:s0 tclass=file permissive=1
01-01 08:00:32.822 0 0 I init : processing action (khungtask.enable=false) from (/system/etc/init/llkd.rc:31)
03-14 03:51:04.075 828 828 I auditd : type=1400 audit(0.0:452): avc: denied { getattr } for comm="health@2.1-serv" path="/sys/devices/platform/soc/884000.i2c/i2c-3/3-0025/power_supply/wireless/online" dev="sysfs" ino=63642 scontext=u:r:hal_health_default:s0 tcontext=u:object_r:sysfs:s0 tclass=file permissive=1
01-01 08:00:32.864 0 0 I IPv6 : ADDRCONF(NETDEV_UP): vlan11: link is not ready
01-01 08:00:32.900 0 0 E msm-dwc3 a600000.ssusb: Could not get usb psy
03-14 03:51:04.211 1772 1772 I auditd : type=1400 audit(0.0:453): avc: denied { read } for comm="ip" name="rt_tables" dev="dm-10" ino=344 scontext=u:r:ethernet:s0 tcontext=u:object_r:net_data_file:s0 tclass=file permissive=1
01-01 08:00:32.988 0 0 I android_work: sent uevent USB_STATE=CONNECTED
03-14 03:51:04.211 1772 1772 I auditd : type=1400 audit(0.0:454): avc: denied { open } for comm="ip" path="/data/misc/net/rt_tables" dev="dm-10" ino=344 scontext=u:r:ethernet:s0 tcontext=u:object_r:net_data_file:s0 tclass=file permissive=1
01-01 08:00:33.011 0 0 E msm-dwc3 a600000.ssusb: Could not get usb psy
01-01 08:00:33.029 0 0 I init : Service 'ethernet' (pid 1349) exited with status 0 oneshot service took 1.607000 seconds in background
01-01 08:00:33.029 0 0 I init : Sending signal 9 to service 'ethernet' (pid 1349) process group...
01-01 08:00:33.029 0 0 I libprocessgroup: Successfully killed process cgroup uid 0 pid 1349 in 0ms
01-01 08:00:33.030 0 0 I configfs-gadget gadget: high-speed config #1: b
01-01 08:00:33.030 0 0 I android_work: sent uevent USB_STATE=CONFIGURED
01-01 08:00:33.036 0 0 E msm-dwc3 a600000.ssusb: Could not get usb psy
03-14 03:51:04.211 1772 1772 I auditd : type=1400 audit(0.0:455): avc: denied { getattr } for comm="ip" path="/data/misc/net/rt_tables" dev="dm-10" ino=344 scontext=u:r:ethernet:s0 tcontext=u:object_r:net_data_file:s0 tclass=file permissive=1
01-01 08:00:33.279 0 0 I : acc_open
03-14 03:51:04.215 1349 1349 I auditd : type=1400 audit(0.0:456): avc: denied { write } for comm="sh" name="ip_forward" dev="proc" ino=1759 scontext=u:r:ethernet:s0 tcontext=u:object_r:proc_net:s0 tclass=file permissive=1
01-01 08:00:33.288 0 0 I : acc_release
03-14 03:51:04.215 1349 1349 I auditd : type=1400 audit(0.0:457): avc: denied { open } for comm="sh" path="/proc/sys/net/ipv4/ip_forward" dev="proc" ino=1759 scontext=u:r:ethernet:s0 tcontext=u:object_r:proc_net:s0 tclass=file permissive=1
03-14 03:51:04.219 1776 1776 I auditd : type=1400 audit(0.0:458): avc: denied { getattr } for comm="echo" path="/proc/sys/net/ipv4/ip_forward" dev="proc" ino=1759 scontext=u:r:ethernet:s0 tcontext=u:object_r:proc_net:s0 tclass=file permissive=1
03-14 03:51:04.595 1009 1009 I auditd : type=1400 audit(0.0:459): avc: denied { read } for comm="system_server" name="u:object_r:vendor_default_prop:s0" dev="tmpfs" ino=3509 scontext=u:r:system_server:s0 tcontext=u:object_r:vendor_default_prop:s0 tclass=file permissive=1
03-14 03:51:04.595 1009 1009 I auditd : type=1400 audit(0.0:460): avc: denied { open } for comm="system_server" path="/dev/__properties__/u:object_r:vendor_default_prop:s0" dev="tmpfs" ino=3509 scontext=u:r:system_server:s0 tcontext=u:object_r:vendor_default_prop:s0 tclass=file permissive=1
03-14 03:51:04.595 1009 1009 I auditd : type=1400 audit(0.0:461): avc: denied { getattr } for comm="system_server" path="/dev/__properties__/u:object_r:vendor_default_prop:s0" dev="tmpfs" ino=3509 scontext=u:r:system_server:s0 tcontext=u:object_r:vendor_default_prop:s0 tclass=file permissive=1
03-14 03:51:04.595 1009 1009 I auditd : type=1400 audit(0.0:462): avc: denied { map } for comm="system_server" path="/dev/__properties__/u:object_r:vendor_default_prop:s0" dev="tmpfs" ino=3509 scontext=u:r:system_server:s0 tcontext=u:object_r:vendor_default_prop:s0 tclass=file permissive=1
03-14 03:51:04.632 1009 1844 I stream_devices_changed: [3,0,2]
03-14 03:51:04.642 1009 1844 I stream_devices_changed: [6,0,1]
03-14 03:51:04.647 1009 1194 I am_wtf : [0,1009,system_server,-1,LazyAlarmStore,Removed TIME_TICK alarm]
01-01 08:00:33.354 0 0 I msm_vidc: high: 00000001: ....e: Opening video instance: 0000000000000000, 0
01-01 08:00:33.354 0 0 I msm_vidc: err : 00000001: ....e: Failed to create debugfs for msm_vidc
01-01 08:00:33.358 0 0 I msm_vidc: high: 00000001: h265e: Closed video instance: 0000000000000000
03-14 03:51:04.663 1009 1009 I configuration_changed: 512
01-01 08:00:33.369 0 0 I msm_vidc: high: 00000001: ....d: Opening video instance: 0000000000000000, 1
01-01 08:00:33.369 0 0 I msm_vidc: err : 00000001: ....d: Failed to create debugfs for msm_vidc
01-01 08:00:33.374 0 0 I msm_vidc: high: 00000001: h264d: Closed video instance: 0000000000000000
01-01 08:00:33.380 0 0 I msm_vidc: high: 00000001: ....d: Opening video instance: 0000000000000000, 1
01-01 08:00:33.380 0 0 I msm_vidc: err : 00000001: ....d: Failed to create debugfs for msm_vidc
01-01 08:00:33.386 0 0 I msm_vidc: high: 00000001: h264d: Closed video instance: 0000000000000000
01-01 08:00:33.400 0 0 I : Wifi Turning On from UI
01-01 08:00:33.406 0 0 I msm_vidc: high: 00000001: ....d: Opening video instance: 0000000000000000, 1
01-01 08:00:33.406 0 0 I msm_vidc: err : 00000001: ....d: Failed to create debugfs for msm_vidc
01-01 08:00:33.411 0 0 I msm_vidc: high: 00000001: h265d: Closed video instance: 0000000000000000
01-01 08:00:33.416 0 0 I msm_vidc: high: 00000001: ....d: Opening video instance: 0000000000000000, 1
01-01 08:00:33.416 0 0 I msm_vidc: err : 00000001: ....d: Failed to create debugfs for msm_vidc
01-01 08:00:33.421 0 0 I msm_vidc: high: 00000001: h265d: Closed video instance: 0000000000000000
01-01 08:00:33.436 0 0 I msm_vidc: high: 00000001: ....d: Opening video instance: 0000000000000000, 1
01-01 08:00:33.436 0 0 I msm_vidc: err : 00000001: ....d: Failed to create debugfs for msm_vidc
01-01 08:00:33.439 0 0 I msm_vidc: high: 00000001: mpg2d: Closed video instance: 0000000000000000
03-14 03:51:04.742 1009 1009 I commit_sys_config_file: [package-session,0]
01-01 08:00:33.444 0 0 I msm_vidc: high: 00000001: ....d: Opening video instance: 0000000000000000, 1
01-01 08:00:33.444 0 0 I msm_vidc: err : 00000001: ....d: Failed to create debugfs for msm_vidc
01-01 08:00:33.447 0 0 I msm_vidc: high: 00000001: mpg2d: Closed video instance: 0000000000000000
01-01 08:00:33.458 0 0 I msm_vidc: high: 00000001: ....d: Opening video instance: 0000000000000000, 1
01-01 08:00:33.458 0 0 I msm_vidc: err : 00000001: ....d: Failed to create debugfs for msm_vidc
01-01 08:00:33.461 0 0 I msm_vidc: high: 00000001: vp8d: Closed video instance: 0000000000000000
03-14 03:51:04.759 1009 1009 I auditd : type=1400 audit(0.0:463): avc: denied { read } for comm="android.display" name="u:object_r:vendor_wfd_sys_debug_prop:s0" dev="tmpfs" ino=3576 scontext=u:r:system_server:s0 tcontext=u:object_r:vendor_wfd_sys_debug_prop:s0 tclass=file permissive=1
03-14 03:51:04.759 1009 1009 I auditd : type=1400 audit(0.0:464): avc: denied { open } for comm="android.display" path="/dev/__properties__/u:object_r:vendor_wfd_sys_debug_prop:s0" dev="tmpfs" ino=3576 scontext=u:r:system_server:s0 tcontext=u:object_r:vendor_wfd_sys_debug_prop:s0 tclass=file permissive=1
03-14 03:51:04.759 1009 1009 I auditd : type=1400 audit(0.0:465): avc: denied { getattr } for comm="android.display" path="/dev/__properties__/u:object_r:vendor_wfd_sys_debug_prop:s0" dev="tmpfs" ino=3576 scontext=u:r:system_server:s0 tcontext=u:object_r:vendor_wfd_sys_debug_prop:s0 tclass=file permissive=1
03-14 03:51:04.759 1009 1009 I auditd : type=1400 audit(0.0:466): avc: denied { map } for comm="android.display" path="/dev/__properties__/u:object_r:vendor_wfd_sys_debug_prop:s0" dev="tmpfs" ino=3576 scontext=u:r:system_server:s0 tcontext=u:object_r:vendor_wfd_sys_debug_prop:s0 tclass=file permissive=1
01-01 08:00:33.474 0 0 I msm_vidc: high: 00000001: ....d: Opening video instance: 0000000000000000, 1
01-01 08:00:33.474 0 0 I msm_vidc: err : 00000001: ....d: Failed to create debugfs for msm_vidc
03-14 03:51:04.776 1009 1009 I boot_progress_ams_ready: 31250
01-01 08:00:33.478 0 0 I msm_vidc: high: 00000001: vp9d: Closed video instance: 0000000000000000
03-14 03:51:04.782 1009 1009 I configuration_changed: 268435456
01-01 08:00:33.484 0 0 I msm_vidc: high: 00000001: ....d: Opening video instance: 0000000000000000, 1
01-01 08:00:33.484 0 0 I msm_vidc: err : 00000001: ....d: Failed to create debugfs for msm_vidc
01-01 08:00:33.487 0 0 I msm_vidc: high: 00000001: vp9d: Closed video instance: 0000000000000000
01-01 08:00:33.497 0 0 I msm_vidc: high: 00000001: ....e: Opening video instance: 0000000000000000, 0
01-01 08:00:33.497 0 0 I msm_vidc: err : 00000001: ....e: Failed to create debugfs for msm_vidc
01-01 08:00:33.500 0 0 I msm_vidc: high: 00000001: h264e: Closed video instance: 0000000000000000
03-14 03:51:04.805 1009 1449 I commit_sys_config_file: [log-files,3]
03-14 03:51:04.810 1009 1449 I commit_sys_config_file: [log-files,7]
03-14 03:51:04.811 1009 1449 I commit_sys_config_file: [log-files,8]
03-14 03:51:04.816 1009 1449 I commit_sys_config_file: [log-files,13]
01-01 08:00:33.527 0 0 I msm_vidc: high: 00000001: ....e: Opening video instance: 0000000000000000, 0
01-01 08:00:33.527 0 0 I msm_vidc: err : 00000001: ....e: Failed to create debugfs for msm_vidc
01-01 08:00:33.530 0 0 I msm_vidc: high: 00000001: h265e: Closed video instance: 0000000000000000
01-01 08:00:33.538 0 0 I msm_vidc: high: 00000001: ....e: Opening video instance: 0000000000000000, 0
01-01 08:00:33.538 0 0 I msm_vidc: err : 00000001: ....e: Failed to create debugfs for msm_vidc
01-01 08:00:33.541 0 0 I msm_vidc: high: 00000001: h265e: Closed video instance: 0000000000000000
03-14 03:51:04.847 1009 1182 I am_uid_running: 1002
03-14 03:51:04.856 1009 1195 I am_proc_start: [0,2005,1002,com.android.bluetooth,service,{com.android.bluetooth/com.android.bluetooth.btservice.AdapterService}]
01-01 08:00:33.560 0 0 I msm_vidc: high: 00000001: ....e: Opening video instance: 0000000000000000, 0
01-01 08:00:33.560 0 0 I msm_vidc: err : 00000001: ....e: Failed to create debugfs for msm_vidc
01-01 08:00:33.560 0 0 I msm_vidc: err : 00000001: ....e: msm_vidc_comm_update_ctrl: failed: control name Ltr Count, min 0, max 0, step 0, default_value 0
01-01 08:00:33.563 0 0 I msm_vidc: high: 00000001: vp8e: Closed video instance: 0000000000000000
03-14 03:51:04.870 1009 1009 I am_uid_running: 10078
01-01 08:00:33.577 0 0 I binder : 2005:2005 ioctl 40046210 7fd9aef714 returned -22
03-14 03:51:04.889 1009 1195 I am_proc_start: [0,2029,10078,com.android.systemui,service,{com.android.systemui/com.android.systemui.ImageWallpaper}]
03-14 03:51:04.892 1009 1724 I am_proc_bound: [0,2005,com.android.bluetooth]
01-01 08:00:33.601 0 0 I binder : 2029:2029 ioctl 40046210 7fd9aef714 returned -22
03-14 03:51:04.907 1009 1724 I am_uid_active: 1002
03-14 03:51:04.908 1009 1585 I am_proc_bound: [0,2029,com.android.systemui]
03-14 03:51:04.910 1009 1585 I am_uid_active: 10078
03-14 03:51:04.916 1009 1187 I am_uid_running: 1037
03-14 03:51:04.922 1009 1662 I commit_sys_config_file: [net-policy,0]
03-14 03:51:04.938 1009 1662 D TelephonyRegistry: listen oscl: mHasNotifySubscriptionInfoChangedOccurred==false no callback
03-14 03:51:04.939 1009 1661 D TelephonyRegistry: listen oscl: mHasNotifySubscriptionInfoChangedOccurred==false no callback
03-14 03:51:04.943 1009 1009 D TelephonyRegistry: listen oscl: mHasNotifySubscriptionInfoChangedOccurred==false no callback
03-14 03:51:04.972 1009 1009 D TelephonyRegistry: listen oscl: mHasNotifySubscriptionInfoChangedOccurred==false no callback
03-14 03:51:04.987 1009 1180 W CarrierConfigManager: Error getting config for subId -1 ICarrierConfigLoader is null
03-14 03:51:04.995 1009 1195 I am_proc_start: [0,2063,1037,WebViewLoader-armeabi-v7a,NULL,]
03-14 03:51:05.000 1009 1195 I am_proc_start: [0,2064,1037,WebViewLoader-arm64-v8a,NULL,]
01-01 08:00:33.708 0 0 I binder : 2063:2063 ioctl 40046210 ffaa2348 returned -22 --------- beginning of system
03-14 03:51:05.011 1009 1009 I SystemServerTiming: OnBootPhase_600_com.android.server.media.MediaSessionService
03-14 03:51:05.011 1009 1009 I SystemServerTiming: OnBootPhase_600_com.android.server.media.MediaResourceMonitorService
03-14 03:51:05.011 1009 1009 I SystemServerTiming: OnBootPhase_600_com.android.server.biometrics.sensors.fingerprint.FingerprintService
03-14 03:51:05.011 1009 1009 I SystemServerTiming: OnBootPhase_600_com.android.server.biometrics.BiometricService
03-14 03:51:05.011 1009 1009 I SystemServerTiming: OnBootPhase_600_com.android.server.biometrics.AuthService
03-14 03:51:05.011 1009 1009 I SystemServerTiming: OnBootPhase_600_com.android.server.pm.ShortcutService$Lifecycle
03-14 03:51:05.011 1009 1009 I SystemServerTiming: OnBootPhase_600_com.android.server.pm.LauncherAppsService
03-14 03:51:05.011 1009 1009 I SystemServerTiming: OnBootPhase_600_com.android.server.pm.CrossProfileAppsService
03-14 03:51:05.011 1009 1009 I SystemServerTiming: OnBootPhase_600_com.android.server.people.PeopleService
03-14 03:51:05.012 1009 1009 I SystemServerTiming: OnBootPhase_600_com.android.server.media.metrics.MediaMetricsManagerService
03-14 03:51:05.012 1009 1009 I SystemServerTiming: OnBootPhase_600_com.android.server.media.projection.MediaProjectionManagerService
03-14 03:51:05.012 1009 1009 I SystemServerTiming: OnBootPhase_600_com.android.server.slice.SliceManagerService$Lifecycle
03-14 03:51:05.012 1009 1009 I SystemServerTiming: OnBootPhase_600_com.android.server.stats.StatsCompanion$Lifecycle
03-14 03:51:05.014 1009 1037 I am_proc_bound: [0,2063,WebViewLoader-armeabi-v7a]
03-14 03:51:05.014 1009 1037 I am_uid_active: 1037
01-01 08:00:33.722 0 0 I binder : 2064:2064 ioctl 40046210 7fd9aef714 returned -22
03-14 03:51:05.023 1009 1009 I SystemServerTiming: OnBootPhase_600_com.android.server.scheduling.RebootReadinessManagerService$Lifecycle
03-14 03:51:05.023 1009 1009 I SystemServerTiming: OnBootPhase_600_com.android.server.stats.pull.StatsPullAtomService
03-14 03:51:05.023 1009 1009 I SystemServerTiming: OnBootPhase_600_com.android.server.incident.IncidentCompanionService
03-14 03:51:05.023 1009 1009 I SystemServerTiming: OnBootPhase_600_com.android.server.MmsServiceBroker
03-14 03:51:05.023 1009 1009 I SystemServerTiming: OnBootPhase_600_com.android.server.autofill.AutofillManagerService
03-14 03:51:05.023 1009 1188 D StatsPullAtomService: Registering NetworkStats pullers with statsd
03-14 03:51:05.024 1009 1009 I SystemServerTiming: OnBootPhase_600_com.android.server.clipboard.ClipboardService
03-14 03:51:05.024 1009 1009 I SystemServerTiming: OnBootPhase_600_com.android.server.appbinding.AppBindingService$Lifecycle
03-14 03:51:05.025 1009 1009 I SystemServerTiming: OnBootPhase_600_com.android.server.tracing.TracingServiceProxy
03-14 03:51:05.025 1009 1009 I SystemServerTiming: OnBootPhase_600_com.android.server.policy.PermissionPolicyService
03-14 03:51:05.025 1009 1009 I SystemServerTiming: OnBootPhase_600_com.android.server.pm.StagingManager$Lifecycle
03-14 03:51:05.025 1009 1009 I SystemServerTiming: OnBootPhase_600_com.android.server.app.GameManagerService$Lifecycle
03-14 03:51:05.025 1009 1009 I SystemServerTiming: OnBootPhase_600_com.android.server.appsearch.AppSearchManagerService
03-14 03:51:05.025 1009 1009 I SystemServerTiming: OnBootPhase_600_com.android.server.media.MediaCommunicationService
03-14 03:51:05.025 1009 1009 I SystemServerTiming: StartNetworkStack
03-14 03:51:05.025 1009 1009 D ConnectivityModuleConnector: Starting networking module android.net.INetworkStackConnector
03-14 03:51:05.026 1009 1009 D ConnectivityModuleConnector: Starting networking module in network_stack process
03-14 03:51:05.028 1009 1009 I am_uid_running: 1073
03-14 03:51:05.031 1009 1009 D CompatibilityChangeReporter: Compat change id reported: 135634846; UID 1073; state: DISABLED
03-14 03:51:05.031 1009 1009 D CompatibilityChangeReporter: Compat change id reported: 177438394; UID 1073; state: DISABLED
03-14 03:51:05.031 1009 1009 D CompatibilityChangeReporter: Compat change id reported: 135772972; UID 1073; state: DISABLED
03-14 03:51:05.031 1009 1009 D CompatibilityChangeReporter: Compat change id reported: 135754954; UID 1073; state: ENABLED
03-14 03:51:05.031 1009 1009 D ConnectivityModuleConnector: Networking module service start requested
03-14 03:51:05.031 1009 1037 I am_proc_bound: [0,2064,WebViewLoader-arm64-v8a]
03-14 03:51:05.031 1009 1009 I SystemServerTiming: StartTethering
03-14 03:51:05.032 1009 1009 D ConnectivityModuleConnector: Starting networking module android.net.ITetheringConnector
03-14 03:51:05.033 1009 1009 D ConnectivityModuleConnector: Starting networking module in network_stack process
03-14 03:51:05.036 1009 1009 D ConnectivityModuleConnector: Networking module service start requested
03-14 03:51:05.036 1009 1009 I SystemServerTiming: MakeCountryDetectionServiceReady
03-14 03:51:05.036 1009 1195 I am_proc_start: [0,2101,1073,com.android.networkstack.process,service,{com.android.networkstack/com.android.server.NetworkStackService}]
03-14 03:51:05.036 1009 1195 I ActivityManager: Start proc 2101:com.android.networkstack.process/1073 for service {com.android.networkstack/com.android.server.NetworkStackService}
03-14 03:51:05.036 1009 1009 I SystemServerTiming: MakeNetworkTimeUpdateReady
03-14 03:51:05.037 1009 1585 W PackageManager: Loading a package that does not exist for the calling user. package=null, user=0
03-14 03:51:05.039 1009 1009 I SystemServerTiming: MakeInputManagerServiceReady
03-14 03:51:05.040 1009 1009 I configuration_changed: 16384
03-14 03:51:05.040 1009 1009 I ActivityTaskManager: Config changes=4000 {1.0 ?mcc?mnc [zh_CN] ldltr sw680dp w1586dp h612dp 240dpi lrg long hdr land finger -keyb/v/h -nav/h winConfig={ mBounds=Rect(0, 0 - 2380, 1020) mAppBounds=Rect(0, 0 - 2380, 954) mMaxBounds=Rect(0, 0 - 2380, 1020) mWindowingMode=fullscreen mDisplayWindowingMode=fullscreen mActivityType=undefined mAlwaysOnTop=undefined mRotation=ROTATION_0} s.10 fontWeightAdjustment=0}
03-14 03:51:05.047 1009 1009 I WindowManager: Override config changes=4000 {1.0 ?mcc?mnc [zh_CN] ldltr sw680dp w1586dp h612dp 240dpi lrg long hdr land finger -keyb/v/h -nav/h winConfig={ mBounds=Rect(0, 0 - 2380, 1020) mAppBounds=Rect(0, 0 - 2380, 954) mMaxBounds=Rect(0, 0 - 2380, 1020) mWindowingMode=fullscreen mDisplayWindowingMode=fullscreen mActivityType=undefined mAlwaysOnTop=undefined mRotation=ROTATION_0} s.10 fontWeightAdjustment=0} for displayId=0
03-14 03:51:05.047 1009 1585 W PackageManager: Loading a package that does not exist for the calling user. package=null, user=0
03-14 03:51:05.047 1009 1188 I netstats_mobile_sample: [0,0,0,0,0,0,0,0,0,0,0,0,1678737065047]
03-14 03:51:05.047 1009 1188 I netstats_wifi_sample: [0,0,0,0,0,0,0,0,0,0,0,0,1678737065047]
03-14 03:51:05.052 1009 1009 I SystemServerTiming: MakeTelephonyRegistryReady
03-14 03:51:05.052 1009 1009 D TelephonyRegistry: systemRunning register for intents
03-14 03:51:05.052 1009 1009 I SystemServerTiming: MakeMediaRouterServiceReady
03-14 03:51:05.053 1009 1009 I SystemServerTiming: MakeMmsServiceReady
03-14 03:51:05.053 1009 1009 I MmsServiceBroker: Delay connecting to MmsService until an API is called
03-14 03:51:05.053 1009 1009 I SystemServerTiming: IncidentDaemonReady
03-14 03:51:05.055 1009 1009 I SystemServerTiming: MakeIncrementalServiceReady
03-14 03:51:05.055 1009 1009 I SystemServerTiming: getCurrentUser
03-14 03:51:05.055 1009 1009 I ActivityManager: Current user:0
03-14 03:51:05.055 1009 1009 I SystemServerTiming: ActivityManagerStartApps
03-14 03:51:05.055 1009 1009 I ssm_user_starting: 0
03-14 03:51:05.055 1009 1009 I SystemServerTiming: ssm.StartUser-0
03-14 03:51:05.055 1009 1009 I SystemServiceManager: Calling onStartUser 0
03-14 03:51:05.055 1009 1009 I SystemServerTiming: ssm.onStartUser-0_com.android.server.security.FileIntegrityService
03-14 03:51:05.055 1009 1009 I SystemServerTiming: ssm.onStartUser-0_com.android.server.pm.Installer
03-14 03:51:05.055 1009 1009 I SystemServerTiming: ssm.onStartUser-0_com.android.server.os.DeviceIdentifiersPolicyService
03-14 03:51:05.055 1009 1009 I SystemServerTiming: ssm.onStartUser-0_com.android.server.uri.UriGrantsManagerService$Lifecycle
03-14 03:51:05.055 1009 1009 I SystemServerTiming: ssm.onStartUser-0_com.android.server.powerstats.PowerStatsService
03-14 03:51:05.055 1009 1009 I SystemServerTiming: ssm.onStartUser-0_com.android.server.wm.ActivityTaskManagerService$Lifecycle
03-14 03:51:05.055 1009 1009 I SystemServerTiming: ssm.onStartUser-0_com.android.server.am.ActivityManagerService$Lifecycle
03-14 03:51:05.055 1009 1009 I SystemServerTiming: ssm.onStartUser-0_com.android.server.pm.DataLoaderManagerService
03-14 03:51:05.055 1009 1009 I SystemServerTiming: ssm.onStartUser-0_com.android.server.power.PowerManagerService
03-14 03:51:05.055 1009 1009 I SystemServerTiming: ssm.onStartUser-0_com.android.server.power.ThermalManagerService
03-14 03:51:05.055 1009 1009 I SystemServerTiming: ssm.onStartUser-0_com.android.server.power.hint.HintManagerService
03-14 03:51:05.055 1009 1009 I SystemServerTiming: ssm.onStartUser-0_com.android.server.recoverysystem.RecoverySystemService$Lifecycle
03-14 03:51:05.055 1009 1009 I SystemServerTiming: ssm.onStartUser-0_com.android.server.lights.LightsService
03-14 03:51:05.055 1009 1009 I SystemServerTiming: ssm.onStartUser-0_com.android.server.display.DisplayManagerService
03-14 03:51:05.055 1009 1009 I SystemServerTiming: ssm.onStartUser-0_com.android.server.pm.verify.domain.DomainVerificationService
03-14 03:51:05.055 1009 1009 I SystemServerTiming: ssm.onStartUser-0_com.android.server.pm.PackageInstallerService$Lifecycle
03-14 03:51:05.055 1009 1009 I SystemServerTiming: ssm.onStartUser-0_com.android.server.pm.UserManagerService$LifeCycle
03-14 03:51:05.055 1009 1009 I SystemServerTiming: ssm.onStartUser-0_com.android.server.om.OverlayManagerService
03-14 03:51:05.055 1009 1009 I SystemServerTiming: ssm.onStartUser-0_com.android.server.SensorPrivacyService
03-14 03:51:05.055 1009 1009 I SystemServerTiming: ssm.onStartUser-0_com.android.server.thunderperf.ThunderBoostPerfService
03-14 03:51:05.055 1009 1009 I SystemServerTiming: ssm.onStartUser-0_com.android.server.sensors.SensorService
03-14 03:51:05.055 1009 1009 I SystemServerTiming: ssm.onStartUser-0_com.android.server.SystemConfigService
03-14 03:51:05.055 1009 1009 I SystemServerTiming: ssm.onStartUser-0_com.android.server.BatteryService
03-14 03:51:05.055 1009 1009 I SystemServerTiming: ssm.onStartUser-0_com.android.server.usage.UsageStatsService
03-14 03:51:05.055 1009 1009 I SystemServerTiming: ssm.onStartUser-0_com.android.server.webkit.WebViewUpdateService
03-14 03:51:05.055 1009 1009 I SystemServerTiming: ssm.onStartUser-0_com.android.server.CachedDeviceStateService
03-14 03:51:05.055 1009 1009 I SystemServerTiming: ssm.onStartUser-0_com.android.server.BinderCallsStatsService$LifeCycle
03-14 03:51:05.055 1009 1009 I SystemServerTiming: ssm.onStartUser-0_com.android.server.LooperStatsService$Lifecycle
03-14 03:51:05.055 1009 1009 I SystemServerTiming: ssm.onStartUser-0_com.android.server.rollback.RollbackManagerService
03-14 03:51:05.055 1009 1009 I SystemServerTiming: ssm.onStartUser-0_com.android.server.os.NativeTombstoneManagerService
03-14 03:51:05.055 1009 1009 I SystemServerTiming: ssm.onStartUser-0_com.android.server.os.BugreportManagerService
03-14 03:51:05.055 1009 1009 I SystemServerTiming: ssm.onStartUser-0_com.android.server.gpu.GpuService
03-14 03:51:05.055 1009 1009 I SystemServerTiming: ssm.onStartUser-0_com.android.server.security.KeyChainSystemService
03-14 03:51:05.055 1009 1009 I SystemServerTiming: ssm.onStartUser-0_com.android.server.telecom.TelecomLoaderService
03-14 03:51:05.055 1009 1009 I SystemServerTiming: ssm.onStartUser-0_com.android.server.accounts.AccountManagerService$Lifecycle
03-14 03:51:05.055 1009 1009 I SystemServerTiming: ssm.onStartUser-0_com.android.server.content.ContentService$Lifecycle
03-14 03:51:05.056 1009 1009 I SystemServerTiming: ssm.onStartUser-0_com.android.server.DropBoxManagerService
03-14 03:51:05.056 1009 1009 I SystemServerTiming: ssm.onStartUser-0_com.android.role.RoleService
03-14 03:51:05.057 1009 1188 I netstats_mobile_sample: [0,0,0,0,0,0,0,0,0,0,0,0,1678737065057]
03-14 03:51:05.057 1009 1188 I netstats_wifi_sample: [0,0,0,0,0,0,0,0,0,0,0,0,1678737065057]
03-14 03:51:05.057 1009 1009 I SystemServerTiming: ssm.onStartUser-0_com.android.server.vibrator.VibratorManagerService$Lifecycle
03-14 03:51:05.057 1009 1009 I SystemServerTiming: ssm.onStartUser-0_com.android.server.alarm.AlarmManagerService
03-14 03:51:05.057 1009 1009 I SystemServerTiming: ssm.onStartUser-0_com.android.server.devicestate.DeviceStateManagerService
03-14 03:51:05.057 1009 1009 I SystemServerTiming: ssm.onStartUser-0_com.android.server.camera.CameraServiceProxy
03-14 03:51:05.058 1009 1009 I SystemServerTiming: ssm.onStartUser-0_com.android.server.BluetoothService
03-14 03:51:05.059 1009 1009 I SystemServerTiming: ssm.onStartUser-0_com.android.server.connectivity.IpConnectivityMetrics
03-14 03:51:05.059 1009 1009 I SystemServerTiming: ssm.onStartUser-0_com.android.server.net.watchlist.NetworkWatchlistService$Lifecycle
03-14 03:51:05.059 1009 1009 I SystemServerTiming: ssm.onStartUser-0_com.android.server.PinnerService
03-14 03:51:05.059 1009 1009 I SystemServerTiming: ssm.onStartUser-0_com.google.android.startop.iorap.IorapForwardingService
03-14 03:51:05.059 1009 1009 I SystemServerTiming: ssm.onStartUser-0_com.android.server.ActivityTriggerService
03-14 03:51:05.059 1009 1009 I SystemServerTiming: ssm.onStartUser-0_com.android.server.integrity.AppIntegrityManagerService
03-14 03:51:05.059 1009 1009 I SystemServerTiming: ssm.onStartUser-0_com.android.server.inputmethod.InputMethodManagerService$Lifecycle
03-14 03:51:05.059 1009 1009 I SystemServerTiming: ssm.onStartUser-0_com.android.server.accessibility.AccessibilityManagerService$Lifecycle
03-14 03:51:05.059 1009 1009 I SystemServerTiming: ssm.onStartUser-0_com.android.server.StorageManagerService$Lifecycle
03-14 03:51:05.059 1009 1009 V StorageManagerService: Package com.sohu.inputmethod.sogou.car has legacy storage
03-14 03:51:05.059 1009 1009 V StorageManagerService: Package android.frameworkres.overlay does not have legacy storage
03-14 03:51:05.059 1009 1009 V StorageManagerService: Package com.android.cts.priv.ctsshim does not have legacy storage
03-14 03:51:05.059 1009 1009 V StorageManagerService: Package com.thundercomm.gamemode.provider does not have legacy storage
03-14 03:51:05.059 1009 1009 V StorageManagerService: Package com.thundercomm.gamemode does not have legacy storage
03-14 03:51:05.059 1009 1009 V StorageManagerService: Package com.thundercomm.microservice does not have legacy storage
03-14 03:51:05.059 1009 1009 V StorageManagerService: Package com.android.dynsystem does not have legacy storage
03-14 03:51:05.059 1009 1009 V StorageManagerService: Package com.hht.lebocast does not have legacy storage
03-14 03:51:05.059 1009 1009 V StorageManagerService: Package com.android.providers.calendar does not have legacy storage
03-14 03:51:05.060 1009 1009 V StorageManagerService: Package com.android.providers.media does not have legacy storage
03-14 03:51:05.060 1009 1009 V StorageManagerService: Package com.tencent.tmgp.sgame has legacy storage
03-14 03:51:05.060 1009 1009 V StorageManagerService: Package com.qiyi.video does not have legacy storage
03-14 03:51:05.060 1009 1009 V StorageManagerService: Package com.android.internal.systemui.navbar.gestural_wide_back does not have legacy storage
03-14 03:51:05.060 1009 1009 V StorageManagerService: Package com.android.wallpapercropper does not have legacy storage
03-14 03:51:05.060 1009 1009 V StorageManagerService: Package com.thundercomm.microsettings does not have legacy storage
03-14 03:51:05.060 1009 1009 V StorageManagerService: Package com.huawei.appmarket does not have legacy storage
03-14 03:51:05.060 1009 1009 V StorageManagerService: Package com.qualcomm.qti.gpudrivers.kona.api30 does not have legacy storage
03-14 03:51:05.060 1009 1009 V StorageManagerService: Package com.android.documentsui does not have legacy storage
03-14 03:51:05.060 1009 1009 V StorageManagerService: Package com.android.externalstorage does not have legacy storage
03-14 03:51:05.060 1009 1009 V StorageManagerService: Package com.android.htmlviewer does not have legacy storage
03-14 03:51:05.060 1009 1009 V StorageManagerService: Package com.qualcomm.qti.uceShimService does not have legacy storage
03-14 03:51:05.060 1009 1009 V StorageManagerService: Package com.android.companiondevicemanager does not have legacy storage
03-14 03:51:05.060 1009 1009 V StorageManagerService: Package com.qualcomm.qti.qms.service.connectionsecurity does not have legacy storage
03-14 03:51:05.061 1009 1009 V StorageManagerService: Package com.android.providers.downloads does not have legacy storage
03-14 03:51:05.061 1009 1009 V StorageManagerService: Package com.android.internal.systemui.onehanded.gestural does not have legacy storage
03-14 03:51:05.061 1009 1009 V StorageManagerService: Package vendor.qti.hardware.cacert.server does not have legacy storage
03-14 03:51:05.061 1009 1009 V StorageManagerService: Package com.thundercomm.tchttpserver does not have legacy storage
03-14 03:51:05.061 1009 1009 V StorageManagerService: Package vendor.qti.iwlan does not have legacy storage
03-14 03:51:05.061 1009 1009 V StorageManagerService: Package com.tc.logclient does not have legacy storage
03-14 03:51:05.061 1009 1009 V StorageManagerService: Package android.qvaoverlay.common does not have legacy storage
03-14 03:51:05.061 1009 1009 V StorageManagerService: Package com.android.providers.downloads.ui does not have legacy storage
03-14 03:51:05.061 1009 1009 V StorageManagerService: Package com.android.pacprocessor does not have legacy storage
03-14 03:51:05.061 1009 1009 V StorageManagerService: Package com.android.networkstack does not have legacy storage
03-14 03:51:05.061 1009 1009 V StorageManagerService: Package android.overlay.common does not have legacy storage
03-14 03:51:05.061 1009 1009 V StorageManagerService: Package com.android.connectivity.resources does not have legacy storage
03-14 03:51:05.061 1009 1009 V StorageManagerService: Package com.android.modulemetadata does not have legacy storage
03-14 03:51:05.061 1009 1009 V StorageManagerService: Package com.android.certinstaller does not have legacy storage
03-14 03:51:05.061 1009 1009 V StorageManagerService: Package android does not have legacy storage
03-14 03:51:05.062 1009 1009 V StorageManagerService: Package com.qualcomm.wfd.service does not have legacy storage
03-14 03:51:05.062 1009 1009 V StorageManagerService: Package com.thundercomm.tcsetupwizard does not have legacy storage
03-14 03:51:05.062 1009 1009 V StorageManagerService: Package ts.car.uart does not have legacy storage
03-14 03:51:05.062 1009 1009 V StorageManagerService: Package com.android.egg does not have legacy storage
03-14 03:51:05.062 1009 1009 V StorageManagerService: Package com.android.mtp does not have legacy storage
03-14 03:51:05.062 1009 1009 V StorageManagerService: Package com.android.nfc does not have legacy storage
03-14 03:51:05.062 1009 1009 V StorageManagerService: Package com.android.launcher3 does not have legacy storage
03-14 03:51:05.062 1009 1009 V StorageManagerService: Package com.android.backupconfirm does not have legacy storage
03-14 03:51:05.062 1009 1009 V StorageManagerService: Package vendor.qti.qesdk.sysservice does not have legacy storage
03-14 03:51:05.062 1009 1009 V StorageManagerService: Package com.hryt.hiphishowfsecontrol does not have legacy storage
03-14 03:51:05.062 1009 1009 V StorageManagerService: Package com.android.provision does not have legacy storage
03-14 03:51:05.062 1009 1009 V StorageManagerService: Package com.thundercomm.debugtools does not have legacy storage
03-14 03:51:05.062 1009 1009 V StorageManagerService: Package android.overlay.target does not have legacy storage
03-14 03:51:05.062 1009 1009 V StorageManagerService: Package com.microsoft.emmx does not have legacy storage
03-14 03:51:05.062 1009 1009 V StorageManagerService: Package com.qti.pasrservice does not have legacy storage
03-14 03:51:05.062 1009 1009 V StorageManagerService: Package com.android.settings.intelligence does not have legacy storage
03-14 03:51:05.062 1009 1009 V StorageManagerService: Package com.android.internal.systemui.navbar.gestural_extra_wide_back does not have legacy storage
03-14 03:51:05.062 1009 1009 V StorageManagerService: Package com.qualcomm.qti.dynamicddsservice does not have legacy storage
03-14 03:51:05.062 1009 1009 V StorageManagerService: Package com.qualcomm.qti.xrvd.service does not have legacy storage
03-14 03:51:05.062 1009 1009 V StorageManagerService: Package com.android.providers.settings does not have legacy storage
03-14 03:51:05.062 1009 1009 V StorageManagerService: Package com.android.sharedstoragebackup does not have legacy storage
03-14 03:51:05.062 1009 1009 V StorageManagerService: Package com.android.printspooler does not have legacy storage
03-14 03:51:05.062 1009 1009 V StorageManagerService: Package com.qti.qualcomm.mstatssystemservice does not have legacy storage
03-14 03:51:05.062 1009 1009 V StorageManagerService: Package com.qualcomm.qti.services.systemhelper does not have legacy storage
03-14 03:51:05.062 1009 1009 V StorageManagerService: Package com.android.wifi.resources.overlay.common does not have legacy storage
03-14 03:51:05.062 1009 1009 V StorageManagerService: Package com.android.dreams.basic does not have legacy storage
03-14 03:51:05.062 1009 1009 V StorageManagerService: Package com.android.webview does not have legacy storage
03-14 03:51:05.062 1009 1009 V StorageManagerService: Package com.android.se does not have legacy storage
03-14 03:51:05.062 1009 1009 V StorageManagerService: Package com.android.inputdevices does not have legacy storage
03-14 03:51:05.062 1009 1009 V StorageManagerService: Package com.tencent.mtt has legacy storage
03-14 03:51:05.062 1009 1009 V StorageManagerService: Package com.android.bips does not have legacy storage
03-14 03:51:05.065 1009 1009 V StorageManagerService: Package com.qti.dpmserviceapp does not have legacy storage
03-14 03:51:05.065 1009 1009 V StorageManagerService: Package com.thundercomm.remotecontrolservice does not have legacy storage
03-14 03:51:05.065 1009 1009 V StorageManagerService: Package com.android.musicfx does not have legacy storage
03-14 03:51:05.065 1009 1009 V StorageManagerService: Package com.android.settings.overlay.common does not have legacy storage
03-14 03:51:05.065 1009 1009 V StorageManagerService: Package com.qualcomm.qti.qccnetstat does not have legacy storage
03-14 03:51:05.065 1009 1009 V StorageManagerService: Package android.ext.shared does not have legacy storage
03-14 03:51:05.065 1009 1009 V StorageManagerService: Package com.android.onetimeinitializer does not have legacy storage
03-14 03:51:05.065 1009 1009 V StorageManagerService: Package com.android.server.telecom does not have legacy storage
03-14 03:51:05.065 1009 1009 V StorageManagerService: Package com.android.keychain does not have legacy storage
03-14 03:51:05.065 1009 1009 V StorageManagerService: Package com.qti.snapdragon.qdcm_ff does not have legacy storage
03-14 03:51:05.065 1009 1009 V StorageManagerService: Package com.android.wifi.resources.overlay.target does not have legacy storage
03-14 03:51:05.065 1009 1009 V StorageManagerService: Package com.android.printservice.recommendation does not have legacy storage
03-14 03:51:05.066 1009 1009 V StorageManagerService: Package com.android.gallery3d has legacy storage
03-14 03:51:05.066 1009 1009 V StorageManagerService: Package com.sohu.sohuvideo does not have legacy storage
03-14 03:51:05.066 1009 1009 V StorageManagerService: Package android.ext.services does not have legacy storage
03-14 03:51:05.066 1009 1009 V StorageManagerService: Package com.android.wifi.resources does not have legacy storage
03-14 03:51:05.066 1009 1009 V StorageManagerService: Package com.baidu.input does not have legacy storage
03-14 03:51:05.066 1009 1009 V StorageManagerService: Package com.android.systemui.overlay.common does not have legacy storage
03-14 03:51:05.066 1009 1009 V StorageManagerService: Package com.android.cameraextensions does not have legacy storage
03-14 03:51:05.066 1009 1009 V StorageManagerService: Package com.thundercomm.tcservice does not have legacy storage
03-14 03:51:05.066 1009 1009 V StorageManagerService: Package com.ss.android.lark does not have legacy storage
03-14 03:51:05.066 1009 1009 V StorageManagerService: Package com.android.localtransport does not have legacy storage
03-14 03:51:05.066 1009 1009 V StorageManagerService: Package com.android.packageinstaller does not have legacy storage
03-14 03:51:05.066 1009 1009 V StorageManagerService: Package com.qualcomm.qti.devicestatisticsservice does not have legacy storage
03-14 03:51:05.066 1009 1009 V StorageManagerService: Package com.android.theme.font.notoserifsource does not have legacy storage
03-14 03:51:05.066 1009 1009 V StorageManagerService: Package com.android.proxyhandler does not have legacy storage
03-14 03:51:05.066 1009 1009 V StorageManagerService: Package com.android.internal.display.cutout.emulation.waterfall does not have legacy storage
03-14 03:51:05.066 1009 1009 V StorageManagerService: Package com.qualcomm.qti.workloadclassifier does not have legacy storage
03-14 03:51:05.066 1009 1009 V StorageManagerService: Package com.android.inputmethod.latin does not have legacy storage
03-14 03:51:05.066 1009 1009 V StorageManagerService: Package com.android.providers.settings.overlay does not have legacy storage
03-14 03:51:05.066 1009 1009 V StorageManagerService: Package com.android.managedprovisioning does not have legacy storage
03-14 03:51:05.067 1009 1009 V StorageManagerService: Package com.android.networkstack.tethering does not have legacy storage
03-14 03:51:05.067 1009 1009 V StorageManagerService: Package com.android.soundpicker does not have legacy storage
03-14 03:51:05.067 1009 1009 V StorageManagerService: Package com.android.dreams.phototable does not have legacy storage
03-14 03:51:05.067 1009 1009 V StorageManagerService: Package com.thundercomm.screensaver does not have legacy storage
03-14 03:51:05.067 1009 1009 V StorageManagerService: Package com.android.wallpaper.livepicker does not have legacy storage
03-14 03:51:05.067 1009 1009 V StorageManagerService: Package com.android.apps.tag does not have legacy storage
03-14 03:51:05.067 1009 1009 V StorageManagerService: Package com.android.storagemanager does not have legacy storage
03-14 03:51:05.067 1009 1009 V StorageManagerService: Package com.android.bookmarkprovider does not have legacy storage
03-14 03:51:05.067 1009 1009 V StorageManagerService: Package com.android.settings does not have legacy storage
03-14 03:51:05.067 1009 1009 V StorageManagerService: Package com.android.networkstack.permissionconfig does not have legacy storage
03-14 03:51:05.067 1009 1009 V StorageManagerService: Package com.qualcomm.location does not have legacy storage
03-14 03:51:05.067 1009 1009 V StorageManagerService: Package com.android.cts.ctsshim does not have legacy storage
03-14 03:51:05.067 1009 1009 V StorageManagerService: Package cn.kuwo.player has legacy storage
03-14 03:51:05.067 1009 1009 V StorageManagerService: Package com.qti.diagservices does not have legacy storage
03-14 03:51:05.067 1009 1009 V StorageManagerService: Package com.android.vpndialogs does not have legacy storage
03-14 03:51:05.067 1009 1009 V StorageManagerService: Package com.qualcomm.location.XT does not have legacy storage
03-14 03:51:05.068 1009 1009 V StorageManagerService: Package com.android.music does not have legacy storage
03-14 03:51:05.068 1009 1009 V StorageManagerService: Package com.android.shell does not have legacy storage
03-14 03:51:05.068 1009 1009 V StorageManagerService: Package com.android.wallpaperbackup does not have legacy storage
03-14 03:51:05.068 1009 1009 V StorageManagerService: Package com.android.providers.userdictionary does not have legacy storage
03-14 03:51:05.068 1009 1009 V StorageManagerService: Package com.android.providers.media.module does not have legacy storage
03-14 03:51:05.068 1009 1009 V StorageManagerService: Package com.android.emergency does not have legacy storage
03-14 03:51:05.068 1009 1009 V StorageManagerService: Package com.android.hotspot2.osulogin does not have legacy storage
03-14 03:51:05.068 1009 1009 V StorageManagerService: Package com.qualcomm.qti.qdma does not have legacy storage
03-14 03:51:05.068 1009 1009 V StorageManagerService: Package com.qualcomm.qti.xrcb does not have legacy storage
03-14 03:51:05.068 1009 1009 V StorageManagerService: Package com.android.internal.systemui.navbar.gestural does not have legacy storage
03-14 03:51:05.068 1009 1009 V StorageManagerService: Package com.android.location.fused does not have legacy storage
03-14 03:51:05.068 1009 1009 V StorageManagerService: Package com.android.systemui does not have legacy storage
03-14 03:51:05.068 1009 1009 V StorageManagerService: Package com.android.bluetoothmidiservice does not have legacy storage
03-14 03:51:05.068 1009 1009 V StorageManagerService: Package com.qti.ltebc does not have legacy storage
03-14 03:51:05.068 1009 1009 V StorageManagerService: Package com.android.permissioncontroller does not have legacy storage
03-14 03:51:05.068 1009 1009 V StorageManagerService: Package com.android.traceur does not have legacy storage
03-14 03:51:05.068 1009 1009 V StorageManagerService: Package com.qualcomm.qti.qccauthmgr does not have legacy storage
03-14 03:51:05.069 1009 1009 V StorageManagerService: Package com.qualcomm.qti.qms.service.trustzoneaccess does not have legacy storage
03-14 03:51:05.069 1009 1009 V StorageManagerService: Package com.qualcomm.qtil.aptxui does not have legacy storage
03-14 03:51:05.069 1009 1009 V StorageManagerService: Package com.android.bluetooth does not have legacy storage
03-14 03:51:05.069 1009 1009 V StorageManagerService: Package com.qualcomm.timeservice does not have legacy storage
03-14 03:51:05.069 1009 1009 V StorageManagerService: Package com.qualcomm.embms does not have legacy storage
03-14 03:51:05.069 1009 1009 V StorageManagerService: Package com.android.providers.contacts does not have legacy storage
03-14 03:51:05.069 1009 1009 V StorageManagerService: Package com.android.captiveportallogin does not have legacy storage
03-14 03:51:05.069 1009 1009 V StorageManagerService: Package com.android.internal.systemui.navbar.gestural_narrow_back does not have legacy storage
03-14 03:51:05.069 1009 1009 V StorageManagerService: Package com.android.cellbroadcastreceiver.overlay.common does not have legacy storage
03-14 03:51:05.069 1009 1009 I SystemServerTiming: ssm.onStartUser-0_com.android.server.usage.StorageStatsService$Lifecycle
03-14 03:51:05.069 1009 1009 I SystemServerTiming: ssm.onStartUser-0_com.android.server.UiModeManagerService
03-14 03:51:05.069 1009 1009 I SystemServerTiming: ssm.onStartUser-0_com.android.server.locksettings.LockSettingsService$Lifecycle
03-14 03:51:05.069 1009 1009 I SystemServerTiming: ssm.onStartUser-0_com.android.server.PersistentDataBlockService
03-14 03:51:05.069 1009 1009 I SystemServerTiming: ssm.onStartUser-0_com.android.server.testharness.TestHarnessModeService
03-14 03:51:05.069 1009 1009 I SystemServerTiming: ssm.onStartUser-0_com.android.server.oemlock.OemLockService
03-14 03:51:05.069 1009 1009 I SystemServerTiming: ssm.onStartUser-0_com.android.server.DeviceIdleController
03-14 03:51:05.070 1009 1009 I SystemServerTiming: ssm.onStartUser-0_com.android.server.devicepolicy.DevicePolicyManagerService$Lifecycle
03-14 03:51:05.070 1009 1009 I SystemServerTiming: ssm.onStartUser-0_com.android.server.texttospeech.TextToSpeechManagerService
03-14 03:51:05.070 1009 1009 I SystemServerTiming: ssm.onStartUser-0_com.android.server.speech.SpeechRecognitionManagerService
03-14 03:51:05.070 1009 1009 I SystemServerTiming: ssm.onStartUser-0_com.android.server.searchui.SearchUiManagerService
03-14 03:51:05.070 1009 1009 I SystemServerTiming: ssm.onStartUser-0_com.android.server.smartspace.SmartspaceManagerService
03-14 03:51:05.070 1009 1009 I SystemServerTiming: ssm.onStartUser-0_com.android.server.graphics.fonts.FontManagerService$Lifecycle
03-14 03:51:05.070 1009 1009 I SystemServerTiming: ssm.onStartUser-0_com.android.server.textservices.TextServicesManagerService$Lifecycle
03-14 03:51:05.070 1009 1009 I SystemServerTiming: ssm.onStartUser-0_com.android.server.textclassifier.TextClassificationManagerService$Lifecycle
03-14 03:51:05.071 1009 1009 I SystemServerTiming: ssm.onStartUser-0_com.android.server.NetworkScoreService$Lifecycle
03-14 03:51:05.071 1009 1009 I SystemServerTiming: ssm.onStartUser-0_com.android.server.wifi.WifiService
03-14 03:51:05.071 1009 1009 I SystemServerTiming: ssm.onStartUser-0_com.android.server.wifi.scanner.WifiScanningService
03-14 03:51:05.071 1009 1009 I SystemServerTiming: ssm.onStartUser-0_com.android.server.wifi.rtt.RttService
03-14 03:51:05.071 1009 1009 I SystemServerTiming: ssm.onStartUser-0_com.android.server.wifi.aware.WifiAwareService
03-14 03:51:05.071 1009 1009 I SystemServerTiming: ssm.onStartUser-0_com.android.server.wifi.p2p.WifiP2pService
03-14 03:51:05.071 1009 1009 I SystemServerTiming: ssm.onStartUser-0_com.android.server.ethernet.EthernetService
03-14 03:51:05.071 1009 1009 I SystemServerTiming: ssm.onStartUser-0_com.android.server.ConnectivityServiceInitializer
03-14 03:51:05.071 1009 1009 I SystemServerTiming: ssm.onStartUser-0_com.android.server.notification.NotificationManagerService
03-14 03:51:05.071 1009 1009 I SystemServerTiming: ssm.onStartUser-0_com.android.server.storage.DeviceStorageMonitorService
03-14 03:51:05.071 1009 1009 I SystemServerTiming: ssm.onStartUser-0_com.android.server.location.LocationManagerService$Lifecycle
03-14 03:51:05.071 1009 1009 I SystemServerTiming: ssm.onStartUser-0_com.android.server.timedetector.TimeDetectorService$Lifecycle
03-14 03:51:05.071 1009 1009 I SystemServerTiming: ssm.onStartUser-0_com.android.server.timezonedetector.TimeZoneDetectorService$Lifecycle
03-14 03:51:05.071 1009 1009 I SystemServerTiming: ssm.onStartUser-0_com.android.server.timezonedetector.location.LocationTimeZoneManagerService$Lifecycle
03-14 03:51:05.071 1009 1009 I SystemServerTiming: ssm.onStartUser-0_com.android.server.search.SearchManagerService$Lifecycle
03-14 03:51:05.071 1009 1009 I SystemServerTiming: ssm.onStartUser-0_com.android.server.wallpaper.WallpaperManagerService$Lifecycle
03-14 03:51:05.071 1009 1009 I SystemServerTiming: ssm.onStartUser-0_com.android.server.audio.AudioService$Lifecycle
03-14 03:51:05.071 1009 1009 I SystemServerTiming: ssm.onStartUser-0_com.android.server.soundtrigger_middleware.SoundTriggerMiddlewareService$Lifecycle
03-14 03:51:05.071 1009 1009 I SystemServerTiming: ssm.onStartUser-0_com.android.server.DockObserver
03-14 03:51:05.071 1009 1009 I SystemServerTiming: ssm.onStartUser-0_com.android.server.midi.MidiService$Lifecycle
03-14 03:51:05.071 1009 1009 I SystemServerTiming: ssm.onStartUser-0_com.android.server.adb.AdbService$Lifecycle
03-14 03:51:05.071 1009 1009 I SystemServerTiming: ssm.onStartUser-0_com.android.server.usb.UsbService$Lifecycle
03-14 03:51:05.071 1009 1009 I SystemServerTiming: ssm.onStartUser-0_com.android.server.twilight.TwilightService
03-14 03:51:05.071 1009 1009 I SystemServerTiming: ssm.onStartUser-0_com.android.server.display.color.ColorDisplayService
03-14 03:51:05.071 1009 1009 I SystemServerTiming: ssm.onStartUser-0_com.android.server.job.JobSchedulerService
03-14 03:51:05.072 1009 1009 I SystemServerTiming: ssm.onStartUser-0_com.android.server.soundtrigger.SoundTriggerService
03-14 03:51:05.072 1009 1009 I SystemServerTiming: ssm.onStartUser-0_com.android.server.trust.TrustManagerService
03-14 03:51:05.072 1009 1009 I SystemServerTiming: ssm.onStartUser-0_com.android.server.backup.BackupManagerService$Lifecycle
03-14 03:51:05.072 1009 1009 I SystemServerTiming: ssm.onStartUser-0_com.android.server.appwidget.AppWidgetService
03-14 03:51:05.072 1009 1009 I SystemServerTiming: ssm.onStartUser-0_com.android.server.voiceinteraction.VoiceInteractionManagerService
03-14 03:51:05.073 1009 1009 W VoiceInteractionManager: no available voice recognition services found for user 0
03-14 03:51:05.073 1009 1009 I SystemServerTiming: ssm.onStartUser-0_com.android.server.apphibernation.AppHibernationService
03-14 03:51:05.073 1009 1009 I SystemServerTiming: ssm.onStartUser-0_com.android.server.SensorNotificationService
03-14 03:51:05.073 1009 1009 I SystemServerTiming: ssm.onStartUser-0_com.android.server.emergency.EmergencyAffordanceService
03-14 03:51:05.073 1009 1009 I SystemServerTiming: ssm.onStartUser-0_com.android.server.blob.BlobStoreManagerService
03-14 03:51:05.073 1009 1188 I netstats_mobile_sample: [0,0,0,0,0,0,0,0,0,0,0,0,1678737065073]
03-14 03:51:05.073 1009 1009 I SystemServerTiming: ssm.onStartUser-0_com.android.server.dreams.DreamManagerService
