03-14 03:51:06.789 1009 1194 W CompanionDeviceManagerService: at android.os.HandlerThread.run(HandlerThread.java:67)
03-14 03:51:06.789 1009 1194 W CompanionDeviceManagerService: at com.android.server.ServiceThread.run(ServiceThread.java:44)
03-14 03:51:06.790 1009 1194 W CompanionDeviceManagerService: Failed to parse
03-14 03:51:06.790 1009 1194 W CompanionDeviceManagerService: java.lang.NumberFormatException: null
03-14 03:51:06.790 1009 1194 W CompanionDeviceManagerService: at java.lang.Long.parseLong(Long.java:557)
03-14 03:51:06.790 1009 1194 W CompanionDeviceManagerService: at java.lang.Long.parseLong(Long.java:636)
03-14 03:51:06.790 1009 1194 W CompanionDeviceManagerService: at com.android.server.companion.CompanionDeviceManagerService.parseLongOrDefault(CompanionDeviceManagerService.java:1486)
03-14 03:51:06.790 1009 1194 W CompanionDeviceManagerService: at com.android.server.companion.CompanionDeviceManagerService.readAllAssociations(CompanionDeviceManagerService.java:1106)
03-14 03:51:06.790 1009 1194 W CompanionDeviceManagerService: at com.android.server.companion.CompanionDeviceManagerService.getAllAssociations(CompanionDeviceManagerService.java:1039)
03-14 03:51:06.790 1009 1194 W CompanionDeviceManagerService: at com.android.server.companion.CompanionDeviceManagerService.onUserUnlocking(CompanionDeviceManagerService.java:326)
03-14 03:51:06.790 1009 1194 W CompanionDeviceManagerService: at com.android.server.SystemServiceManager.onUser(SystemServiceManager.java:409)
03-14 03:51:06.790 1009 1194 W CompanionDeviceManagerService: at com.android.server.SystemServiceManager.onUser(SystemServiceManager.java:364)
03-14 03:51:06.790 1009 1194 W CompanionDeviceManagerService: at com.android.server.SystemServiceManager.onUserUnlocking(SystemServiceManager.java:304)
03-14 03:51:06.790 1009 1194 W CompanionDeviceManagerService: at com.android.server.am.UserController.handleMessage(UserController.java:2664)
03-14 03:51:06.790 1009 1194 W CompanionDeviceManagerService: at android.os.Handler.dispatchMessage(Handler.java:102)
03-14 03:51:06.790 1009 1194 W CompanionDeviceManagerService: at android.os.Looper.loopOnce(Looper.java:201)
03-14 03:51:06.790 1009 1194 W CompanionDeviceManagerService: at android.os.Looper.loop(Looper.java:288)
03-14 03:51:06.790 1009 1194 W CompanionDeviceManagerService: at android.os.HandlerThread.run(HandlerThread.java:67)
03-14 03:51:06.790 1009 1194 W CompanionDeviceManagerService: at com.android.server.ServiceThread.run(ServiceThread.java:44)
03-14 03:51:06.790 1009 1194 I CompanionDeviceManagerService: Read associations from disk: {0=[]}
03-14 03:51:06.790 1009 1194 I SystemServerTimingAsync: ssm.onUnlockingUser-0_com.android.server.restrictions.RestrictionsManagerService
03-14 03:51:06.790 1009 1194 I SystemServerTimingAsync: ssm.onUnlockingUser-0_com.android.server.media.MediaSessionService
03-14 03:51:06.790 1009 1194 I SystemServerTimingAsync: ssm.onUnlockingUser-0_com.android.server.media.MediaResourceMonitorService
03-14 03:51:06.790 1009 1194 I SystemServerTimingAsync: ssm.onUnlockingUser-0_com.android.server.biometrics.sensors.fingerprint.FingerprintService
03-14 03:51:06.790 1009 1194 I SystemServerTimingAsync: ssm.onUnlockingUser-0_com.android.server.biometrics.BiometricService
03-14 03:51:06.790 1009 1194 I SystemServerTimingAsync: ssm.onUnlockingUser-0_com.android.server.biometrics.AuthService
03-14 03:51:06.790 1009 1194 I SystemServerTimingAsync: ssm.onUnlockingUser-0_com.android.server.pm.ShortcutService$Lifecycle
03-14 03:51:06.791 1009 2195 D CompatibilityChangeReporter: Compat change id reported: 168419799; UID 10084; state: DISABLED
03-14 03:51:06.791 1009 1194 I SystemServerTimingAsync: ssm.onUnlockingUser-0_com.android.server.pm.LauncherAppsService
03-14 03:51:06.791 1009 1194 I SystemServerTimingAsync: ssm.onUnlockingUser-0_com.android.server.pm.CrossProfileAppsService
03-14 03:51:06.791 1009 1194 I SystemServerTimingAsync: ssm.onUnlockingUser-0_com.android.server.people.PeopleService
03-14 03:51:06.791 1009 1194 I SystemServerTimingAsync: ssm.onUnlockingUser-0_com.android.server.media.metrics.MediaMetricsManagerService
03-14 03:51:06.791 1009 1194 I SystemServerTimingAsync: ssm.onUnlockingUser-0_com.android.server.media.projection.MediaProjectionManagerService
03-14 03:51:06.791 1009 1194 I SystemServerTimingAsync: ssm.onUnlockingUser-0_com.android.server.slice.SliceManagerService$Lifecycle
03-14 03:51:06.791 1009 1194 I SystemServerTimingAsync: ssm.onUnlockingUser-0_com.android.server.stats.StatsCompanion$Lifecycle
03-14 03:51:06.791 1009 1194 I SystemServerTimingAsync: ssm.onUnlockingUser-0_com.android.server.scheduling.RebootReadinessManagerService$Lifecycle
03-14 03:51:06.791 1009 1194 I SystemServerTimingAsync: ssm.onUnlockingUser-0_com.android.server.stats.pull.StatsPullAtomService
03-14 03:51:06.791 1009 1194 I SystemServerTimingAsync: ssm.onUnlockingUser-0_com.android.server.incident.IncidentCompanionService
03-14 03:51:06.791 1009 1194 I SystemServerTimingAsync: ssm.onUnlockingUser-0_com.android.server.MmsServiceBroker
03-14 03:51:06.791 1009 1194 I SystemServerTimingAsync: ssm.onUnlockingUser-0_com.android.server.autofill.AutofillManagerService
03-14 03:51:06.791 1009 1181 D AutofillUI: destroySaveUiUiThread(): already destroyed
03-14 03:51:06.791 1009 1194 D AutofillManagerServiceImpl: Reset component for user 0:
03-14 03:51:06.792 1009 1194 D FieldClassificationStrategy: reset(): service is not bound. Do nothing.
03-14 03:51:06.792 1009 1194 I SystemServerTimingAsync: ssm.onUnlockingUser-0_com.android.server.clipboard.ClipboardService
03-14 03:51:06.792 1009 1194 I SystemServerTimingAsync: ssm.onUnlockingUser-0_com.android.server.appbinding.AppBindingService$Lifecycle
03-14 03:51:06.793 1009 1194 W AppBindingService: [Default SMS app] u0 Target package not found
03-14 03:51:06.793 1009 1194 I SystemServerTimingAsync: ssm.onUnlockingUser-0_com.android.server.tracing.TracingServiceProxy
03-14 03:51:06.793 1009 1194 I SystemServerTimingAsync: ssm.onUnlockingUser-0_com.android.server.policy.PermissionPolicyService
03-14 03:51:06.793 1009 1194 I SystemServerTimingAsync: ssm.onUnlockingUser-0_com.android.server.pm.StagingManager$Lifecycle
03-14 03:51:06.793 1009 1194 I SystemServerTimingAsync: ssm.onUnlockingUser-0_com.android.server.app.GameManagerService$Lifecycle
03-14 03:51:06.793 1009 1194 I SystemServerTimingAsync: ssm.onUnlockingUser-0_com.android.server.appsearch.AppSearchManagerService
03-14 03:51:06.793 1009 2195 I am_uid_active: 10084
03-14 03:51:06.794 563 563 I vold : Mounting emulated fuse volume
03-14 03:51:06.795 1009 1194 I SystemServerTimingAsync: ssm.onUnlockingUser-0_com.android.server.media.MediaCommunicationService
03-14 03:51:06.795 1009 1180 I ActivityTaskManager: Loading recents for user 0 into memory.
03-14 03:51:06.795 1009 1194 W ActivityManager: UserLifecycleEvent 5 received without an active userJourneySession.
03-14 03:51:06.795 1009 1194 W ActivityManager: UserLifecycleEvent 6 received without an active userJourneySession.
03-14 03:51:06.795 1009 1194 I uc_finish_user_unlocked: 0
03-14 03:51:06.795 1009 1194 I ActivityManager: User 0 state changed from RUNNING_UNLOCKING to RUNNING_UNLOCKED
03-14 03:51:06.795 1009 1194 I am_user_state_changed: [0,3]
03-14 03:51:06.796 1009 1180 I wm_task_created: [115,-1]
03-14 03:51:06.797 1009 1180 I wm_task_created: [117,-1]
03-14 03:51:06.797 1009 1194 D SystemServerTiming: SystemUserUnlock took to complete: 313ms
03-14 03:51:06.797 1009 1180 I wm_task_created: [119,-1]
03-14 03:51:06.798 1009 1180 I wm_task_created: [120,-1]
03-14 03:51:06.799 563 563 I vold : Bind mounting /mnt/runtime/full/emulated to /mnt/pass_through/0/emulated
03-14 03:51:06.800 1009 1180 I wm_task_created: [121,-1]
03-14 03:51:06.800 1009 2178 D TelephonyRegistry: listen oscl: mHasNotifySubscriptionInfoChangedOccurred==false no callback
03-14 03:51:06.800 1009 1180 I wm_task_created: [123,-1]
03-14 03:51:06.801 1009 1180 I wm_task_created: [125,-1]
03-14 03:51:06.801 1009 1180 I wm_task_created: [126,-1]
03-14 03:51:06.802 1009 1180 V PackageConfigPersister: loadPackages: empty list files from /data/system_ce/0/package_configs
03-14 03:51:06.802 1009 1618 I StorageSessionController: On volume mount VolumeInfo{emulated;0}:
03-14 03:51:06.802 1009 1618 I StorageSessionController: type=EMULATED diskId=null partGuid= mountFlags=PRIMARY|VISIBLE
03-14 03:51:06.802 1009 1618 I StorageSessionController: mountUserId=0 state=CHECKING
03-14 03:51:06.802 1009 1618 I StorageSessionController: fsType=null fsUuid=null fsLabel=null
03-14 03:51:06.802 1009 1618 I StorageSessionController: path=/storage/emulated internalPath=/data/media
03-14 03:51:06.803 1009 1618 I StorageSessionController: Creating connection for user: 0
03-14 03:51:06.803 1009 1194 I am_uid_running: 10083
03-14 03:51:06.803 1009 1618 I StorageSessionController: Creating and starting session with id: emulated;0
03-14 03:51:06.804 1009 1618 I StorageUserConnection: Binding to the ExternalStorageService for user 0
01-01 08:00:35.508 0 0 I : Adding 4194300k swap on /dev/block/zram0. Priority:32758 extents:1 across:4194300k SS
03-14 03:51:06.804 1009 1194 D CompatibilityChangeReporter: Compat change id reported: 135634846; UID 10083; state: DISABLED
03-14 03:51:06.804 1009 1195 D CompatibilityChangeReporter: Compat change id reported: 143937733; UID 10083; state: ENABLED
03-14 03:51:06.804 1009 1194 I am_uid_running: 10057
03-14 03:51:06.805 1009 1194 D CompatibilityChangeReporter: Compat change id reported: 135634846; UID 10057; state: DISABLED
03-14 03:51:06.805 1009 1194 D CompatibilityChangeReporter: Compat change id reported: 177438394; UID 10057; state: DISABLED
03-14 03:51:06.805 1009 1194 D CompatibilityChangeReporter: Compat change id reported: 135772972; UID 10057; state: DISABLED
03-14 03:51:06.805 1009 1194 D CompatibilityChangeReporter: Compat change id reported: 135754954; UID 10057; state: ENABLED
03-14 03:51:06.806 1009 1194 D CompatibilityChangeReporter: Compat change id reported: 135634846; UID 1000; state: DISABLED
03-14 03:51:06.806 1009 1194 D CompatibilityChangeReporter: Compat change id reported: 177438394; UID 1000; state: DISABLED
03-14 03:51:06.806 1009 1194 D CompatibilityChangeReporter: Compat change id reported: 135772972; UID 1000; state: DISABLED
03-14 03:51:06.806 1009 1194 D CompatibilityChangeReporter: Compat change id reported: 135754954; UID 1000; state: ENABLED
03-14 03:51:06.807 1009 1194 I am_uid_running: 10054
03-14 03:51:06.809 1009 1859 E BackupPasswordManager: Unable to read backup pw version
03-14 03:51:06.809 1009 1859 E BackupPasswordManager: Unable to read saved backup pw hash
03-14 03:51:06.810 1009 1194 D CompatibilityChangeReporter: Compat change id reported: 135634846; UID 10054; state: DISABLED
03-14 03:51:06.810 1009 1194 D CompatibilityChangeReporter: Compat change id reported: 177438394; UID 10054; state: DISABLED
03-14 03:51:06.810 1009 1194 D CompatibilityChangeReporter: Compat change id reported: 135772972; UID 10054; state: DISABLED
03-14 03:51:06.810 1009 1194 D CompatibilityChangeReporter: Compat change id reported: 135754954; UID 10054; state: ENABLED
03-14 03:51:06.810 1009 1194 I am_uid_running: 10069
03-14 03:51:06.811 1009 1194 D CompatibilityChangeReporter: Compat change id reported: 135634846; UID 10069; state: DISABLED
03-14 03:51:06.811 1009 1194 D CompatibilityChangeReporter: Compat change id reported: 177438394; UID 10069; state: DISABLED
03-14 03:51:06.811 1009 1194 D CompatibilityChangeReporter: Compat change id reported: 135772972; UID 10069; state: DISABLED
03-14 03:51:06.811 1009 1194 D CompatibilityChangeReporter: Compat change id reported: 135754954; UID 10069; state: DISABLED
03-14 03:51:06.811 1009 1194 I am_uid_running: 10082
03-14 03:51:06.811 1009 1194 D CompatibilityChangeReporter: Compat change id reported: 135634846; UID 10082; state: DISABLED
03-14 03:51:06.811 1009 1194 D CompatibilityChangeReporter: Compat change id reported: 177438394; UID 10082; state: DISABLED
03-14 03:51:06.811 1009 1194 D CompatibilityChangeReporter: Compat change id reported: 135772972; UID 10082; state: DISABLED
03-14 03:51:06.811 1009 1194 D CompatibilityChangeReporter: Compat change id reported: 135754954; UID 10082; state: ENABLED
03-14 03:51:06.811 1009 1194 I am_uid_running: 10079
03-14 03:51:06.812 1009 1194 D CompatibilityChangeReporter: Compat change id reported: 135634846; UID 10079; state: DISABLED
03-14 03:51:06.812 1009 1194 D CompatibilityChangeReporter: Compat change id reported: 177438394; UID 10079; state: DISABLED
03-14 03:51:06.812 1009 1194 D CompatibilityChangeReporter: Compat change id reported: 135772972; UID 10079; state: DISABLED
03-14 03:51:06.812 1009 1194 D CompatibilityChangeReporter: Compat change id reported: 135754954; UID 10079; state: ENABLED
03-14 03:51:06.814 1009 1194 I uc_send_user_broadcast: [0,android.intent.action.USER_UNLOCKED]
03-14 03:51:06.814 1009 1618 I am_uid_running: 10091
03-14 03:51:06.814 1009 1618 D CompatibilityChangeReporter: Compat change id reported: 135634846; UID 10091; state: DISABLED
03-14 03:51:06.814 1009 1618 D CompatibilityChangeReporter: Compat change id reported: 177438394; UID 10091; state: DISABLED
03-14 03:51:06.815 1009 1618 D CompatibilityChangeReporter: Compat change id reported: 135772972; UID 10091; state: DISABLED
03-14 03:51:06.815 1009 1618 D CompatibilityChangeReporter: Compat change id reported: 135754954; UID 10091; state: ENABLED
03-14 03:51:06.816 1009 1618 I StorageUserConnection: Bound to the ExternalStorageService for user 0
03-14 03:51:06.820 1009 1195 I am_proc_start: [0,2880,10083,com.hht.lebocast,added application,com.hht.lebocast]
03-14 03:51:06.820 1009 1195 I ActivityManager: Start proc 2880:com.hht.lebocast/u0a83 for added application com.hht.lebocast
03-14 03:51:06.820 1009 1195 D CompatibilityChangeReporter: Compat change id reported: 143937733; UID 10057; state: ENABLED
03-14 03:51:06.825 1009 1194 I uc_finish_user_unlocked_completed: 0
03-14 03:51:06.825 1009 1194 I ActivityManager: Posting BOOT_COMPLETED user #0
03-14 03:51:06.828 1009 1194 I ssm_user_unlocked: 0
03-14 03:51:06.828 1009 1194 I SystemServerTimingAsync: ssm.UnlockedUser-0
03-14 03:51:06.828 1009 1194 I SystemServiceManager: Calling onUnlockedUser 0
03-14 03:51:06.828 1009 1194 I SystemServerTimingAsync: ssm.onUnlockedUser-0_com.android.server.security.FileIntegrityService
03-14 03:51:06.828 1009 1194 I SystemServerTimingAsync: ssm.onUnlockedUser-0_com.android.server.pm.Installer
03-14 03:51:06.828 1009 1194 I SystemServerTimingAsync: ssm.onUnlockedUser-0_com.android.server.os.DeviceIdentifiersPolicyService
03-14 03:51:06.828 1009 1194 I SystemServerTimingAsync: ssm.onUnlockedUser-0_com.android.server.uri.UriGrantsManagerService$Lifecycle
03-14 03:51:06.828 1009 1194 I SystemServerTimingAsync: ssm.onUnlockedUser-0_com.android.server.powerstats.PowerStatsService
03-14 03:51:06.828 1009 1194 I SystemServerTimingAsync: ssm.onUnlockedUser-0_com.android.server.wm.ActivityTaskManagerService$Lifecycle
03-14 03:51:06.828 1009 2195 W StorageManagerService: Reporting emulated;0 unmounted due to system locked
03-14 03:51:06.828 1009 1194 I LaunchParamsPersister: Didn't find launch param folder for user 0
03-14 03:51:06.828 1009 1194 I SystemServerTimingAsync: ssm.onUnlockedUser-0_com.android.server.am.ActivityManagerService$Lifecycle
03-14 03:51:06.828 1009 1194 I SystemServerTimingAsync: ssm.onUnlockedUser-0_com.android.server.pm.DataLoaderManagerService
03-14 03:51:06.828 1009 1194 I SystemServerTimingAsync: ssm.onUnlockedUser-0_com.android.server.power.PowerManagerService
03-14 03:51:06.828 1009 1194 I SystemServerTimingAsync: ssm.onUnlockedUser-0_com.android.server.power.ThermalManagerService
03-14 03:51:06.828 1009 1194 I SystemServerTimingAsync: ssm.onUnlockedUser-0_com.android.server.power.hint.HintManagerService
03-14 03:51:06.828 1009 1194 I SystemServerTimingAsync: ssm.onUnlockedUser-0_com.android.server.recoverysystem.RecoverySystemService$Lifecycle
03-14 03:51:06.828 1009 1194 I SystemServerTimingAsync: ssm.onUnlockedUser-0_com.android.server.lights.LightsService
03-14 03:51:06.828 1009 1194 I SystemServerTimingAsync: ssm.onUnlockedUser-0_com.android.server.display.DisplayManagerService
03-14 03:51:06.828 1009 1194 I SystemServerTimingAsync: ssm.onUnlockedUser-0_com.android.server.pm.verify.domain.DomainVerificationService
03-14 03:51:06.828 1009 1194 I SystemServerTimingAsync: ssm.onUnlockedUser-0_com.android.server.pm.PackageInstallerService$Lifecycle
03-14 03:51:06.828 1009 1194 I SystemServerTimingAsync: ssm.onUnlockedUser-0_com.android.server.pm.UserManagerService$LifeCycle
03-14 03:51:06.828 1009 1194 I SystemServerTimingAsync: ssm.onUnlockedUser-0_com.android.server.om.OverlayManagerService
03-14 03:51:06.828 1009 1194 I SystemServerTimingAsync: ssm.onUnlockedUser-0_com.android.server.SensorPrivacyService
03-14 03:51:06.828 1009 1194 I SystemServerTimingAsync: ssm.onUnlockedUser-0_com.android.server.thunderperf.ThunderBoostPerfService
03-14 03:51:06.828 1009 1194 I SystemServerTimingAsync: ssm.onUnlockedUser-0_com.android.server.sensors.SensorService
03-14 03:51:06.828 1009 1194 I SystemServerTimingAsync: ssm.onUnlockedUser-0_com.android.server.SystemConfigService
03-14 03:51:06.828 1009 1194 I SystemServerTimingAsync: ssm.onUnlockedUser-0_com.android.server.BatteryService
03-14 03:51:06.828 1009 1194 I SystemServerTimingAsync: ssm.onUnlockedUser-0_com.android.server.usage.UsageStatsService
03-14 03:51:06.828 1009 1194 I SystemServerTimingAsync: ssm.onUnlockedUser-0_com.android.server.webkit.WebViewUpdateService
03-14 03:51:06.828 1009 1194 I SystemServerTimingAsync: ssm.onUnlockedUser-0_com.android.server.CachedDeviceStateService
03-14 03:51:06.828 1009 1194 I SystemServerTimingAsync: ssm.onUnlockedUser-0_com.android.server.BinderCallsStatsService$LifeCycle
03-14 03:51:06.828 1009 1194 I SystemServerTimingAsync: ssm.onUnlockedUser-0_com.android.server.LooperStatsService$Lifecycle
03-14 03:51:06.828 1009 1194 I SystemServerTimingAsync: ssm.onUnlockedUser-0_com.android.server.rollback.RollbackManagerService
03-14 03:51:06.828 1009 1194 I SystemServerTimingAsync: ssm.onUnlockedUser-0_com.android.server.os.NativeTombstoneManagerService
03-14 03:51:06.828 1009 1194 I SystemServerTimingAsync: ssm.onUnlockedUser-0_com.android.server.os.BugreportManagerService
03-14 03:51:06.828 1009 1194 I SystemServerTimingAsync: ssm.onUnlockedUser-0_com.android.server.gpu.GpuService
03-14 03:51:06.828 1009 1194 I SystemServerTimingAsync: ssm.onUnlockedUser-0_com.android.server.security.KeyChainSystemService
03-14 03:51:06.828 1009 1194 I SystemServerTimingAsync: ssm.onUnlockedUser-0_com.android.server.telecom.TelecomLoaderService
03-14 03:51:06.828 1009 1194 I SystemServerTimingAsync: ssm.onUnlockedUser-0_com.android.server.accounts.AccountManagerService$Lifecycle
03-14 03:51:06.828 1009 1194 I SystemServerTimingAsync: ssm.onUnlockedUser-0_com.android.server.content.ContentService$Lifecycle
03-14 03:51:06.828 1009 1194 I SystemServerTimingAsync: ssm.onUnlockedUser-0_com.android.server.DropBoxManagerService
03-14 03:51:06.828 1009 1194 I SystemServerTimingAsync: ssm.onUnlockedUser-0_com.android.role.RoleService
01-01 08:00:35.539 0 0 W QSEECOM : __qseecom_unload_app: App (7) is unloaded
01-01 08:00:35.540 0 0 D qbt : qbt_release: entry minor_no=0 fd_available=0
01-01 08:00:35.540 0 0 D qbt : qbt_release: Releasing wakelock
01-01 08:00:35.540 0 0 D qbt : qbt_release: exit : fd_available=1
01-01 08:00:35.540 0 0 D qbt : qbt_release: entry minor_no=1 fd_available=1
01-01 08:00:35.540 0 0 D qbt : qbt_release: exit : fd_available=1
03-14 03:51:06.828 1009 1194 I SystemServerTimingAsync: ssm.onUnlockedUser-0_com.android.server.vibrator.VibratorManagerService$Lifecycle
03-14 03:51:06.828 1009 1194 I SystemServerTimingAsync: ssm.onUnlockedUser-0_com.android.server.alarm.AlarmManagerService
03-14 03:51:06.828 1009 1194 I SystemServerTimingAsync: ssm.onUnlockedUser-0_com.android.server.devicestate.DeviceStateManagerService
03-14 03:51:06.828 1009 1194 I SystemServerTimingAsync: ssm.onUnlockedUser-0_com.android.server.camera.CameraServiceProxy
03-14 03:51:06.828 1009 1194 I SystemServerTimingAsync: ssm.onUnlockedUser-0_com.android.server.BluetoothService
03-14 03:51:06.828 1009 1194 I SystemServerTimingAsync: ssm.onUnlockedUser-0_com.android.server.connectivity.IpConnectivityMetrics
03-14 03:51:06.828 1009 1194 I SystemServerTimingAsync: ssm.onUnlockedUser-0_com.android.server.net.watchlist.NetworkWatchlistService$Lifecycle
03-14 03:51:06.828 1009 1194 I SystemServerTimingAsync: ssm.onUnlockedUser-0_com.android.server.PinnerService
03-14 03:51:06.828 1009 1194 I SystemServerTimingAsync: ssm.onUnlockedUser-0_com.google.android.startop.iorap.IorapForwardingService
03-14 03:51:06.828 1009 1194 I SystemServerTimingAsync: ssm.onUnlockedUser-0_com.android.server.ActivityTriggerService
03-14 03:51:06.828 1009 1194 I SystemServerTimingAsync: ssm.onUnlockedUser-0_com.android.server.integrity.AppIntegrityManagerService
03-14 03:51:06.828 1009 1194 I SystemServerTimingAsync: ssm.onUnlockedUser-0_com.android.server.inputmethod.InputMethodManagerService$Lifecycle
03-14 03:51:06.828 1009 1194 I SystemServerTimingAsync: ssm.onUnlockedUser-0_com.android.server.accessibility.AccessibilityManagerService$Lifecycle
03-14 03:51:06.828 1009 1194 I SystemServerTimingAsync: ssm.onUnlockedUser-0_com.android.server.StorageManagerService$Lifecycle
03-14 03:51:06.828 1009 1194 I SystemServerTimingAsync: ssm.onUnlockedUser-0_com.android.server.usage.StorageStatsService$Lifecycle
03-14 03:51:06.828 1009 1194 I SystemServerTimingAsync: ssm.onUnlockedUser-0_com.android.server.UiModeManagerService
03-14 03:51:06.828 1009 1194 I SystemServerTimingAsync: ssm.onUnlockedUser-0_com.android.server.locksettings.LockSettingsService$Lifecycle
03-14 03:51:06.828 1009 1194 I SystemServerTimingAsync: ssm.onUnlockedUser-0_com.android.server.PersistentDataBlockService
03-14 03:51:06.828 1009 1194 I SystemServerTimingAsync: ssm.onUnlockedUser-0_com.android.server.testharness.TestHarnessModeService
03-14 03:51:06.828 1009 1194 I SystemServerTimingAsync: ssm.onUnlockedUser-0_com.android.server.oemlock.OemLockService
03-14 03:51:06.828 1009 1194 I SystemServerTimingAsync: ssm.onUnlockedUser-0_com.android.server.DeviceIdleController
03-14 03:51:06.828 1009 1194 I SystemServerTimingAsync: ssm.onUnlockedUser-0_com.android.server.devicepolicy.DevicePolicyManagerService$Lifecycle
03-14 03:51:06.828 1009 1194 I SystemServerTimingAsync: ssm.onUnlockedUser-0_com.android.server.texttospeech.TextToSpeechManagerService
03-14 03:51:06.828 1009 1194 I SystemServerTimingAsync: ssm.onUnlockedUser-0_com.android.server.speech.SpeechRecognitionManagerService
03-14 03:51:06.828 1009 1194 I SystemServerTimingAsync: ssm.onUnlockedUser-0_com.android.server.searchui.SearchUiManagerService
03-14 03:51:06.828 1009 1194 I SystemServerTimingAsync: ssm.onUnlockedUser-0_com.android.server.smartspace.SmartspaceManagerService
03-14 03:51:06.828 1009 1194 I SystemServerTimingAsync: ssm.onUnlockedUser-0_com.android.server.graphics.fonts.FontManagerService$Lifecycle
03-14 03:51:06.828 1009 1194 I SystemServerTimingAsync: ssm.onUnlockedUser-0_com.android.server.textservices.TextServicesManagerService$Lifecycle
03-14 03:51:06.828 1009 1194 I SystemServerTimingAsync: ssm.onUnlockedUser-0_com.android.server.textclassifier.TextClassificationManagerService$Lifecycle
03-14 03:51:06.828 1009 1194 I SystemServerTimingAsync: ssm.onUnlockedUser-0_com.android.server.NetworkScoreService$Lifecycle
03-14 03:51:06.829 1009 1194 I SystemServerTimingAsync: ssm.onUnlockedUser-0_com.android.server.wifi.WifiService
03-14 03:51:06.829 1009 1194 I SystemServerTimingAsync: ssm.onUnlockedUser-0_com.android.server.wifi.scanner.WifiScanningService
03-14 03:51:06.829 1009 1194 I SystemServerTimingAsync: ssm.onUnlockedUser-0_com.android.server.wifi.rtt.RttService
03-14 03:51:06.829 1009 1194 I SystemServerTimingAsync: ssm.onUnlockedUser-0_com.android.server.wifi.aware.WifiAwareService
03-14 03:51:06.829 1009 1194 I SystemServerTimingAsync: ssm.onUnlockedUser-0_com.android.server.wifi.p2p.WifiP2pService
03-14 03:51:06.829 1009 1194 I SystemServerTimingAsync: ssm.onUnlockedUser-0_com.android.server.ethernet.EthernetService
03-14 03:51:06.829 1009 1194 I SystemServerTimingAsync: ssm.onUnlockedUser-0_com.android.server.ConnectivityServiceInitializer
03-14 03:51:06.829 1009 1194 I SystemServerTimingAsync: ssm.onUnlockedUser-0_com.android.server.notification.NotificationManagerService
03-14 03:51:06.829 1009 1194 I SystemServerTimingAsync: ssm.onUnlockedUser-0_com.android.server.storage.DeviceStorageMonitorService
03-14 03:51:06.829 1009 1194 I SystemServerTimingAsync: ssm.onUnlockedUser-0_com.android.server.location.LocationManagerService$Lifecycle
03-14 03:51:06.829 1009 1194 I SystemServerTimingAsync: ssm.onUnlockedUser-0_com.android.server.timedetector.TimeDetectorService$Lifecycle
03-14 03:51:06.829 1009 1194 I SystemServerTimingAsync: ssm.onUnlockedUser-0_com.android.server.timezonedetector.TimeZoneDetectorService$Lifecycle
03-14 03:51:06.829 1009 1194 I SystemServerTimingAsync: ssm.onUnlockedUser-0_com.android.server.timezonedetector.location.LocationTimeZoneManagerService$Lifecycle
03-14 03:51:06.829 1009 1194 I SystemServerTimingAsync: ssm.onUnlockedUser-0_com.android.server.search.SearchManagerService$Lifecycle
03-14 03:51:06.829 1009 1194 I SystemServerTimingAsync: ssm.onUnlockedUser-0_com.android.server.wallpaper.WallpaperManagerService$Lifecycle
03-14 03:51:06.829 1009 1194 I SystemServerTimingAsync: ssm.onUnlockedUser-0_com.android.server.audio.AudioService$Lifecycle
03-14 03:51:06.829 1009 1194 I SystemServerTimingAsync: ssm.onUnlockedUser-0_com.android.server.soundtrigger_middleware.SoundTriggerMiddlewareService$Lifecycle
03-14 03:51:06.829 1009 1194 I SystemServerTimingAsync: ssm.onUnlockedUser-0_com.android.server.DockObserver
03-14 03:51:06.829 1009 1194 I SystemServerTimingAsync: ssm.onUnlockedUser-0_com.android.server.midi.MidiService$Lifecycle
03-14 03:51:06.829 1009 1194 I SystemServerTimingAsync: ssm.onUnlockedUser-0_com.android.server.adb.AdbService$Lifecycle
03-14 03:51:06.829 1009 1194 I SystemServerTimingAsync: ssm.onUnlockedUser-0_com.android.server.usb.UsbService$Lifecycle
03-14 03:51:06.829 1009 1194 I SystemServerTimingAsync: ssm.onUnlockedUser-0_com.android.server.twilight.TwilightService
03-14 03:51:06.829 1009 1194 I SystemServerTimingAsync: ssm.onUnlockedUser-0_com.android.server.display.color.ColorDisplayService
03-14 03:51:06.829 1009 1194 I SystemServerTimingAsync: ssm.onUnlockedUser-0_com.android.server.job.JobSchedulerService
03-14 03:51:06.829 1009 1194 I SystemServerTimingAsync: ssm.onUnlockedUser-0_com.android.server.soundtrigger.SoundTriggerService
03-14 03:51:06.829 1009 1194 I SystemServerTimingAsync: ssm.onUnlockedUser-0_com.android.server.trust.TrustManagerService
03-14 03:51:06.829 1009 1194 I SystemServerTimingAsync: ssm.onUnlockedUser-0_com.android.server.backup.BackupManagerService$Lifecycle
03-14 03:51:06.829 1009 1194 I SystemServerTimingAsync: ssm.onUnlockedUser-0_com.android.server.appwidget.AppWidgetService
03-14 03:51:06.829 1009 1194 I SystemServerTimingAsync: ssm.onUnlockedUser-0_com.android.server.voiceinteraction.VoiceInteractionManagerService
03-14 03:51:06.829 1009 1194 I SystemServerTimingAsync: ssm.onUnlockedUser-0_com.android.server.apphibernation.AppHibernationService
03-14 03:51:06.829 1009 1194 I SystemServerTimingAsync: ssm.onUnlockedUser-0_com.android.server.SensorNotificationService
03-14 03:51:06.829 1009 1194 I SystemServerTimingAsync: ssm.onUnlockedUser-0_com.android.server.emergency.EmergencyAffordanceService
03-14 03:51:06.829 1009 1194 I SystemServerTimingAsync: ssm.onUnlockedUser-0_com.android.server.blob.BlobStoreManagerService
03-14 03:51:06.829 1009 1194 I SystemServerTimingAsync: ssm.onUnlockedUser-0_com.android.server.dreams.DreamManagerService
03-14 03:51:06.829 1009 1194 I SystemServerTimingAsync: ssm.onUnlockedUser-0_com.android.server.companion.CompanionDeviceManagerService
03-14 03:51:06.829 1009 1194 I SystemServerTimingAsync: ssm.onUnlockedUser-0_com.android.server.restrictions.RestrictionsManagerService
03-14 03:51:06.829 1009 1194 I SystemServerTimingAsync: ssm.onUnlockedUser-0_com.android.server.media.MediaSessionService
03-14 03:51:06.829 1009 1194 I SystemServerTimingAsync: ssm.onUnlockedUser-0_com.android.server.media.MediaResourceMonitorService
03-14 03:51:06.829 1009 1194 I SystemServerTimingAsync: ssm.onUnlockedUser-0_com.android.server.biometrics.sensors.fingerprint.FingerprintService
03-14 03:51:06.829 1009 1194 I SystemServerTimingAsync: ssm.onUnlockedUser-0_com.android.server.biometrics.BiometricService
03-14 03:51:06.829 1009 1194 I SystemServerTimingAsync: ssm.onUnlockedUser-0_com.android.server.biometrics.AuthService
03-14 03:51:06.829 1009 1194 I SystemServerTimingAsync: ssm.onUnlockedUser-0_com.android.server.pm.ShortcutService$Lifecycle
03-14 03:51:06.829 1009 1194 I SystemServerTimingAsync: ssm.onUnlockedUser-0_com.android.server.pm.LauncherAppsService
03-14 03:51:06.829 1009 1194 I SystemServerTimingAsync: ssm.onUnlockedUser-0_com.android.server.pm.CrossProfileAppsService
03-14 03:51:06.829 1009 1194 I SystemServerTimingAsync: ssm.onUnlockedUser-0_com.android.server.people.PeopleService
03-14 03:51:06.829 1009 1194 I SystemServerTimingAsync: ssm.onUnlockedUser-0_com.android.server.media.metrics.MediaMetricsManagerService
03-14 03:51:06.829 1009 1194 I SystemServerTimingAsync: ssm.onUnlockedUser-0_com.android.server.media.projection.MediaProjectionManagerService
03-14 03:51:06.829 1009 1194 I SystemServerTimingAsync: ssm.onUnlockedUser-0_com.android.server.slice.SliceManagerService$Lifecycle
03-14 03:51:06.829 1009 1194 I SystemServerTimingAsync: ssm.onUnlockedUser-0_com.android.server.stats.StatsCompanion$Lifecycle
03-14 03:51:06.829 1009 1194 I SystemServerTimingAsync: ssm.onUnlockedUser-0_com.android.server.scheduling.RebootReadinessManagerService$Lifecycle
03-14 03:51:06.829 1009 1194 I SystemServerTimingAsync: ssm.onUnlockedUser-0_com.android.server.stats.pull.StatsPullAtomService
03-14 03:51:06.829 1009 1194 I SystemServerTimingAsync: ssm.onUnlockedUser-0_com.android.server.incident.IncidentCompanionService
03-14 03:51:06.829 1009 1194 I SystemServerTimingAsync: ssm.onUnlockedUser-0_com.android.server.MmsServiceBroker
03-14 03:51:06.829 1009 1194 I SystemServerTimingAsync: ssm.onUnlockedUser-0_com.android.server.autofill.AutofillManagerService
03-14 03:51:06.829 1009 1194 I SystemServerTimingAsync: ssm.onUnlockedUser-0_com.android.server.clipboard.ClipboardService
03-14 03:51:06.829 1009 1194 I SystemServerTimingAsync: ssm.onUnlockedUser-0_com.android.server.appbinding.AppBindingService$Lifecycle
03-14 03:51:06.829 1009 1194 I SystemServerTimingAsync: ssm.onUnlockedUser-0_com.android.server.tracing.TracingServiceProxy
03-14 03:51:06.829 1009 1194 I SystemServerTimingAsync: ssm.onUnlockedUser-0_com.android.server.policy.PermissionPolicyService
03-14 03:51:06.829 1009 1194 I SystemServerTimingAsync: ssm.onUnlockedUser-0_com.android.server.pm.StagingManager$Lifecycle
03-14 03:51:06.829 1009 1194 I SystemServerTimingAsync: ssm.onUnlockedUser-0_com.android.server.app.GameManagerService$Lifecycle
03-14 03:51:06.829 1009 1194 I SystemServerTimingAsync: ssm.onUnlockedUser-0_com.android.server.appsearch.AppSearchManagerService
03-14 03:51:06.829 1009 1194 I SystemServerTimingAsync: ssm.onUnlockedUser-0_com.android.server.media.MediaCommunicationService
03-14 03:51:06.829 1009 1194 W ActivityManager: UserLifecycleEvent 6 received without an active userJourneySession.
03-14 03:51:06.831 1009 2195 I wm_finish_activity: [0,181330145,4,com.android.settings/.FallbackHome,app-request]
01-01 08:00:35.552 0 0 E init : Control message: Could not find 'vendor.qti.hardware.iop@2.0::IIop/default' for ctl.interface_start from pid: 513 (/system/bin/hwservicemanager)
01-01 08:00:35.557 0 0 I binder : 2880:2880 ioctl 40046210 ffaa2348 returned -22
03-14 03:51:06.832 1009 2195 I wm_pause_activity: [0,181330145,com.android.settings/.FallbackHome,userLeaving=false,finish]
03-14 03:51:06.834 2513 2513 I wm_on_top_resumed_lost_called: [181330145,com.android.settings.FallbackHome,topStateChangedWhenResumed]
03-14 03:51:06.834 1009 1195 I am_proc_start: [0,2884,10057,ts.car.uart,added application,ts.car.uart]
03-14 03:51:06.834 1009 1195 I ActivityManager: Start proc 2884:ts.car.uart/u0a57 for added application ts.car.uart
03-14 03:51:06.834 1009 1183 I sysui_multi_action: [757,1144,758,7,806,com.android.settings,871,com.android.settings.FallbackHome]
03-14 03:51:06.836 2513 2513 I wm_on_paused_called: [181330145,com.android.settings.FallbackHome,performPause]
03-14 03:51:06.837 1009 2178 I ActivityTaskManager: START u0 {act=android.intent.action.MAIN cat=[android.intent.category.HOME] flg=0x10000100 cmp=com.android.launcher3/.uioverrides.QuickstepLauncher (has extras)} from uid 0
03-14 03:51:06.838 1009 1180 I AppWidgetServiceImpl: Processing of handleUserUnlocked u0 took 12 ms
03-14 03:51:06.838 1009 1180 I uc_send_user_broadcast: [0,android.intent.action.BOOT_COMPLETED]
03-14 03:51:06.839 1009 1009 W Looper : Slow dispatch took 319ms main h=android.os.Handler c=com.android.server.biometrics.sensors.fingerprint.hidl.Fingerprint21$$ExternalSyntheticLambda2@631f912 m=0
03-14 03:51:06.839 1009 1009 D BiometricScheduler/Fingerprint21: [Added] {[1] FingerprintUpdateActiveUserClient, proto=1, owner=android, cookie=0, requestId=-1, userId=0}, new queue size: 1
03-14 03:51:06.839 1009 1009 V BiometricScheduler/Fingerprint21: Not idle, current operation: {[0] FingerprintUpdateActiveUserClient, proto=1, owner=android, cookie=0, requestId=-1, userId=0}, State: 2
03-14 03:51:06.839 1009 1009 D BiometricScheduler/Fingerprint21: [Added] {[2] FingerprintInternalCleanupClient, proto=7, owner=android, cookie=0, requestId=-1, userId=0}, new queue size: 2
03-14 03:51:06.839 1009 1009 V BiometricScheduler/Fingerprint21: Not idle, current operation: {[0] FingerprintUpdateActiveUserClient, proto=1, owner=android, cookie=0, requestId=-1, userId=0}, State: 2
03-14 03:51:06.839 1009 1009 W Looper : Slow delivery took 319ms main h=android.os.Handler c=com.android.server.biometrics.sensors.fingerprint.hidl.Fingerprint21$$ExternalSyntheticLambda12@f9412e0 m=0
03-14 03:51:06.841 1009 2178 D CompatibilityChangeReporter: Compat change id reported: 184838306; UID 10074; state: DISABLED
03-14 03:51:06.841 1009 1009 I sysui_multi_action: [757,1501,758,1,793,386,794,0,795,386,796,26,806,android,857,DEVELOPER_IMPORTANT,858,4,947,0,1500,0]
03-14 03:51:06.841 1009 1009 I sysui_multi_action: [757,804,799,note_interruptive,801,0,802,1]
03-14 03:51:06.841 1009 1009 I GameModeConfig: isGameModeOn = false
03-14 03:51:06.841 1009 1188 I UsageStatsService: User[0] Rollover scheduled @ 2023-03-15 03:51:06(1678823466804)
03-14 03:51:06.842 1009 1009 W NotificationHistory: Attempted to add notif for locked/gone/disabled user 0
03-14 03:51:06.843 1009 1009 I sysui_multi_action: [757,1501,758,1,793,351,794,0,795,351,796,55,806,android,857,DEVELOPER,858,2,947,0,1500,0]
03-14 03:51:06.843 1009 1009 I sysui_multi_action: [757,804,799,note_interruptive,801,0,802,1]
03-14 03:51:06.843 1009 1009 I GameModeConfig: isGameModeOn = false
03-14 03:51:06.843 1009 2178 D CompatibilityChangeReporter: Compat change id reported: 185004937; UID 10074; state: DISABLED
03-14 03:51:06.843 1009 1009 W NotificationHistory: Attempted to add notif for locked/gone/disabled user 0
03-14 03:51:06.845 1009 2178 D CompatibilityChangeReporter: Compat change id reported: 181136395; UID 10074; state: DISABLED
03-14 03:51:06.846 1009 2178 D CompatibilityChangeReporter: Compat change id reported: 174042936; UID 10074; state: DISABLED
03-14 03:51:06.846 1009 2178 D CompatibilityChangeReporter: Compat change id reported: 174042980; UID 10074; state: DISABLED
03-14 03:51:06.849 1009 2178 I wm_task_created: [127,-1]
03-14 03:51:06.849 1009 2178 I wm_task_moved: [127,1,2147483647]
03-14 03:51:06.850 1009 2178 I wm_task_moved: [1,1,5]
03-14 03:51:06.850 1009 2178 I wm_create_task: [0,127]
03-14 03:51:06.850 1009 2178 I wm_create_activity: [0,196755772,127,com.android.launcher3/.uioverrides.QuickstepLauncher,android.intent.action.MAIN,NULL,NULL,268435712]
01-01 08:00:35.571 0 0 I binder : 2884:2884 ioctl 40046210 7fd9aef714 returned -22
03-14 03:51:06.850 1009 2178 I wm_task_moved: [1,1,5]
03-14 03:51:06.850 1009 2178 I wm_task_moved: [127,1,2147483647]
03-14 03:51:06.850 1009 2178 I wm_task_to_front: [0,127]
01-01 08:00:35.573 0 0 E msm-dwc3 a600000.ssusb: Could not get usb psy
03-14 03:51:06.852 1009 2178 D CompatibilityChangeReporter: Compat change id reported: 168419799; UID 10074; state: DISABLED
01-01 08:00:35.575 0 0 I binder : 2888:2888 ioctl 40046210 7fd9aef714 returned -22
01-01 08:00:35.585 0 0 E init : Control message: Could not find 'vendor.qti.hardware.iop@2.0::IIop/default' for ctl.interface_start from pid: 513 (/system/bin/hwservicemanager)
03-14 03:51:06.853 1009 2178 I ActivityTaskManager: FOREGROUND_APPLICATION_CHANGED to com.android.launcher3.uioverrides.QuickstepLauncher
03-14 03:51:06.853 1009 1188 I UsageStatsService: Time changed in by 1678737031 seconds
03-14 03:51:06.861 1009 2178 I ActivityTaskManager: The Process com.android.launcher3 Already Exists in BG. So sending its PID: 2625
03-14 03:51:06.862 1009 2178 I wm_restart_activity: [0,196755772,127,com.android.launcher3/.uioverrides.QuickstepLauncher]
03-14 03:51:06.863 1009 2178 I wm_set_resumed_activity: [0,com.android.launcher3/.uioverrides.QuickstepLauncher,minimalResumeActivityLocked]
03-14 03:51:06.863 1009 1859 V BackupManagerService: [UserID:0] No ancestral data
03-14 03:51:06.868 1009 2856 V BackupManagerConstants: getKeyValueBackupIntervalMilliseconds(...) returns 14400000
03-14 03:51:06.868 1009 2856 V BackupManagerConstants: getKeyValueBackupFuzzMilliseconds(...) returns 600000
03-14 03:51:06.868 1009 2856 V BackupManagerConstants: getKeyValueBackupRequiredNetworkType(...) returns 1
03-14 03:51:06.868 1009 2856 V BackupManagerConstants: getKeyValueBackupRequireCharging(...) returns true
03-14 03:51:06.868 1009 2856 V KeyValueBackupJob: Scheduling k/v pass in 242 minutes
03-14 03:51:06.869 1009 2881 E TaskPersister: File error accessing recents directory (directory doesn't exist?).
03-14 03:51:06.871 1009 1195 W ActivityManager: Slow operation: 67ms so far, now at startProcess: done updating battery stats
03-14 03:51:06.871 1009 1195 I am_proc_start: [0,2888,1000,com.hryt.hiphishowfsecontrol,added application,com.hryt.hiphishowfsecontrol]
03-14 03:51:06.871 1009 1195 W ActivityManager: Slow operation: 67ms so far, now at startProcess: building log message
03-14 03:51:06.871 1009 1195 I ActivityManager: Start proc 2888:com.hryt.hiphishowfsecontrol/1000 for added application com.hryt.hiphishowfsecontrol
03-14 03:51:06.871 1009 1195 W ActivityManager: Slow operation: 67ms so far, now at startProcess: starting to update pids map
03-14 03:51:06.872 1009 1195 W ActivityManager: Slow operation: 68ms so far, now at startProcess: done updating pids map
03-14 03:51:06.872 1009 1195 W ActivityManager: Slow operation: 63ms so far, now at startProcess: asking zygote to start proc
03-14 03:51:06.872 1009 1195 D CompatibilityChangeReporter: Compat change id reported: 143937733; UID 10054; state: ENABLED
03-14 03:51:06.876 1009 2635 I am_proc_bound: [0,2880,com.hht.lebocast]
03-14 03:51:06.883 1009 2635 D CompatibilityChangeReporter: Compat change id reported: 168419799; UID 10083; state: DISABLED
03-14 03:51:06.885 1009 1195 W ActivityManager: Slow operation: 75ms so far, now at startProcess: returned from zygote!
03-14 03:51:06.886 1009 2635 I am_uid_active: 10083
03-14 03:51:06.887 1009 2195 I am_proc_bound: [0,2888,com.hryt.hiphishowfsecontrol]
03-14 03:51:06.889 1009 1188 I UsageStatsService: User[0] Flushing usage stats to disk
03-14 03:51:06.892 1009 1183 I sysui_multi_action: [757,803,799,window_time_0,802,5]
03-14 03:51:06.893 1009 1195 W ActivityManager: Slow operation: 83ms so far, now at startProcess: done updating battery stats
03-14 03:51:06.893 1009 1195 I am_proc_start: [0,2937,10054,.pasr,added application,.pasr]
03-14 03:51:06.893 1009 1195 W ActivityManager: Slow operation: 83ms so far, now at startProcess: building log message
03-14 03:51:06.893 1009 1195 I ActivityManager: Start proc 2937:.pasr/u0a54 for added application .pasr
03-14 03:51:06.893 1009 1195 W ActivityManager: Slow operation: 83ms so far, now at startProcess: starting to update pids map
03-14 03:51:06.893 1009 1195 W ActivityManager: Slow operation: 83ms so far, now at startProcess: done updating pids map
03-14 03:51:06.893 1009 1195 W ActivityManager: Slow operation: 82ms so far, now at startProcess: asking zygote to start proc
03-14 03:51:06.893 1009 1195 D CompatibilityChangeReporter: Compat change id reported: 143937733; UID 10069; state: DISABLED
03-14 03:51:06.895 1009 2178 I am_uid_running: 10071
03-14 03:51:06.896 1009 2178 D CompatibilityChangeReporter: Compat change id reported: 135634846; UID 10071; state: DISABLED
03-14 03:51:06.896 1009 2178 D CompatibilityChangeReporter: Compat change id reported: 177438394; UID 10071; state: DISABLED
03-14 03:51:06.896 1009 2178 D CompatibilityChangeReporter: Compat change id reported: 135772972; UID 10071; state: DISABLED
03-14 03:51:06.896 1009 2178 D CompatibilityChangeReporter: Compat change id reported: 135754954; UID 10071; state: ENABLED
03-14 03:51:06.899 1009 1009 I NotificationHistory: Attempted to unlock gone/disabled user 0
01-01 08:00:35.621 0 0 E init : Control message: Could not find 'vendor.qti.hardware.iop@2.0::IIop/default' for ctl.interface_start from pid: 513 (/system/bin/hwservicemanager)
03-14 03:51:06.904 1009 1195 W ActivityManager: Slow operation: 93ms so far, now at startProcess: returned from zygote!
03-14 03:51:06.904 1009 1195 W ActivityManager: Slow operation: 93ms so far, now at startProcess: done updating battery stats
03-14 03:51:06.904 1009 1195 I am_proc_start: [0,2946,10069,com.qualcomm.qti.services.systemhelper:systemhelper_service,added application,com.qualcomm.qti.services.systemhelper:systemhelper_service]
03-14 03:51:06.904 1009 1195 W ActivityManager: Slow operation: 94ms so far, now at startProcess: building log message
03-14 03:51:06.904 1009 1195 I ActivityManager: Start proc 2946:com.qualcomm.qti.services.systemhelper:systemhelper_service/u0a69 for added application com.qualcomm.qti.services.systemhelper:systemhelper_service
03-14 03:51:06.904 1009 1195 W ActivityManager: Slow operation: 94ms so far, now at startProcess: starting to update pids map
03-14 03:51:06.904 1009 1195 W ActivityManager: Slow operation: 94ms so far, now at startProcess: done updating pids map
03-14 03:51:06.904 1009 1195 W ActivityManager: Slow operation: 93ms so far, now at startProcess: asking zygote to start proc
03-14 03:51:06.904 1009 1195 D CompatibilityChangeReporter: Compat change id reported: 143937733; UID 10082; state: ENABLED
03-14 03:51:06.906 1009 1009 V NotificationAssistants: disabling notification assistant for user 0: ComponentInfo{android.ext.services/android.ext.services.notification.Assistant}
03-14 03:51:06.906 1009 1009 D NotificationListeners: Removing active service ComponentInfo{android.ext.services/android.ext.services.notification.Assistant}
03-14 03:51:06.908 1009 2180 I am_proc_bound: [0,2884,ts.car.uart]
03-14 03:51:06.908 1009 2180 D CompatibilityChangeReporter: Compat change id reported: 168419799; UID 10057; state: DISABLED
03-14 03:51:06.912 1009 2180 I am_uid_active: 10057
03-14 03:51:06.917 1009 1009 V NotificationAssistants: enabling notification assistant for 0: ComponentInfo{android.ext.services/android.ext.services.notification.Assistant}
03-14 03:51:06.917 1009 1195 W ActivityManager: Slow operation: 106ms so far, now at startProcess: returned from zygote!
03-14 03:51:06.917 1009 1009 V NotificationAssistants: binding: Intent { act=android.service.notification.NotificationAssistantService cmp=android.ext.services/.notification.Assistant (has extras) }
03-14 03:51:06.917 1009 1195 W ActivityManager: Slow operation: 106ms so far, now at startProcess: done updating battery stats
03-14 03:51:06.917 1009 1195 I am_proc_start: [0,2962,10082,com.qualcomm.qti.qccnetstat,added application,com.qualcomm.qti.qccnetstat]
03-14 03:51:06.917 1009 1195 W ActivityManager: Slow operation: 106ms so far, now at startProcess: building log message
03-14 03:51:06.917 1009 1195 I ActivityManager: Start proc 2962:com.qualcomm.qti.qccnetstat/u0a82 for added application com.qualcomm.qti.qccnetstat
03-14 03:51:06.917 1009 1195 W ActivityManager: Slow operation: 106ms so far, now at startProcess: starting to update pids map
03-14 03:51:06.918 1009 1195 W ActivityManager: Slow operation: 106ms so far, now at startProcess: done updating pids map
03-14 03:51:06.918 1009 1195 W ActivityManager: Slow operation: 106ms so far, now at startProcess: asking zygote to start proc
03-14 03:51:06.918 1009 1195 D CompatibilityChangeReporter: Compat change id reported: 143937733; UID 10079; state: ENABLED
03-14 03:51:06.923 1009 2178 D CompatibilityChangeReporter: Compat change id reported: 168419799; UID 10055; state: DISABLED
03-14 03:51:06.923 1009 1195 W ActivityManager: Slow operation: 112ms so far, now at startProcess: returned from zygote!
03-14 03:51:06.930 1009 1009 D CompatibilityChangeReporter: Compat change id reported: 168419799; UID 10092; state: DISABLED
03-14 03:51:06.932 1009 1195 W ActivityManager: Slow operation: 120ms so far, now at startProcess: done updating battery stats
01-01 08:00:35.628 0 0 I binder : 2946:2946 ioctl 40046210 7fd9aef714 returned -22
01-01 08:00:35.635 0 0 I binder : 2224:2224 ioctl 40046210 7fd9aef0a4 returned -22
01-01 08:00:35.638 0 0 I binder : 2937:2937 ioctl 40046210 7fd9aef714 returned -22
03-14 03:51:06.932 1009 1195 I am_proc_start: [0,2970,10079,com.qualcomm.qti.workloadclassifier,added application,com.qualcomm.qti.workloadclassifier]
03-14 03:51:06.932 1009 1195 W ActivityManager: Slow operation: 120ms so far, now at startProcess: building log message
03-14 03:51:06.932 1009 1195 I ActivityManager: Start proc 2970:com.qualcomm.qti.workloadclassifier/u0a79 for added application com.qualcomm.qti.workloadclassifier
03-14 03:51:06.932 1009 1195 W ActivityManager: Slow operation: 120ms so far, now at startProcess: starting to update pids map
03-14 03:51:06.932 1009 1195 W ActivityManager: Slow operation: 120ms so far, now at startProcess: done updating pids map
03-14 03:51:06.932 1009 1195 W ActivityManager: Slow operation: 118ms so far, now at startProcess: asking zygote to start proc
03-14 03:51:06.932 1009 1195 D CompatibilityChangeReporter: Compat change id reported: 143937733; UID 10091; state: ENABLED
03-14 03:51:06.934 1009 2180 D CompatibilityChangeReporter: Compat change id reported: 168419799; UID 1000; state: DISABLED
03-14 03:51:06.938 2310 2310 W ContextImpl: Calling a method in the system process without a qualified user: android.app.ContextImpl.startService:1816 android.content.ContextWrapper.startService:774 android.content.ContextWrapper.startService:774 vendor.qti.qesdk.sysservice.QesdkSysReceiver.onReceive:42 android.app.ActivityThread.handleReceiver:4309
01-01 08:00:35.644 0 0 I binder : 2970:2970 ioctl 40046210 7fd9aef714 returned -22
03-14 03:51:06.948 1009 2195 I am_uid_running: 10021
03-14 03:51:06.948 1009 2195 D CompatibilityChangeReporter: Compat change id reported: 135634846; UID 10021; state: DISABLED
03-14 03:51:06.948 1009 2195 D CompatibilityChangeReporter: Compat change id reported: 177438394; UID 10021; state: DISABLED
03-14 03:51:06.948 1009 2195 D CompatibilityChangeReporter: Compat change id reported: 135772972; UID 10021; state: DISABLED
03-14 03:51:06.948 1009 2195 D CompatibilityChangeReporter: Compat change id reported: 135754954; UID 10021; state: ENABLED
03-14 03:51:06.949 1009 2195 I am_proc_bound: [0,2946,com.qualcomm.qti.services.systemhelper:systemhelper_service]
01-01 08:00:35.663 0 0 I binder : 2962:2962 ioctl 40046210 7fd9aef714 returned -22
03-14 03:51:06.951 1009 1195 W ActivityManager: Slow operation: 138ms so far, now at startProcess: returned from zygote!
03-14 03:51:06.954 1009 2148 D CompatibilityChangeReporter: Compat change id reported: 157233955; UID 10070; state: DISABLED
03-14 03:51:06.955 1009 2195 D CompatibilityChangeReporter: Compat change id reported: 168419799; UID 10069; state: DISABLED
03-14 03:51:06.957 1009 2195 I am_uid_active: 10069
03-14 03:51:06.959 1009 1195 W ActivityManager: Slow operation: 145ms so far, now at startProcess: done updating battery stats
03-14 03:51:06.959 1009 1195 I am_proc_start: [0,2999,10091,com.android.providers.media.module,service,{com.android.providers.media.module/com.android.providers.media.fuse.ExternalStorageServiceImpl}]
03-14 03:51:06.959 1009 1195 I Watchdog: Interesting Java process com.android.providers.media.module started. Pid 2999
03-14 03:51:06.959 1009 1195 W ActivityManager: Slow operation: 146ms so far, now at startProcess: building log message
03-14 03:51:06.959 1009 1195 I ActivityManager: Start proc 2999:com.android.providers.media.module/u0a91 for service {com.android.providers.media.module/com.android.providers.media.fuse.ExternalStorageServiceImpl}
03-14 03:51:06.959 1009 1195 W ActivityManager: Slow operation: 146ms so far, now at startProcess: starting to update pids map
03-14 03:51:06.959 1009 1195 W ActivityManager: Slow operation: 146ms so far, now at startProcess: done updating pids map
03-14 03:51:06.959 1009 1195 W ActivityManager: Slow operation: 64ms so far, now at startProcess: asking zygote to start proc
03-14 03:51:06.959 1009 1195 D CompatibilityChangeReporter: Compat change id reported: 143937733; UID 10071; state: ENABLED
03-14 03:51:06.966 1009 2180 I am_proc_bound: [0,2937,.pasr]
