01-01 08:00:37.052 0 0 I init : Sending signal 9 to service 'exec 21 (/vendor/bin/modprobe -a -d /vendor/lib/modules/ qca_cld3_qca6390 qca_cld3_qca6490)' (pid 1173) process group...
01-01 08:00:37.052 0 0 I libprocessgroup: Successfully killed process cgroup uid 0 pid 1173 in 0ms
03-14 03:51:08.422 1009 1724 D CompatibilityChangeReporter: Compat change id reported: 172100307; UID 10091; state: DISABLED
03-14 03:51:08.554 1009 1724 E PackageDexUsage: Unsupported context?
01-01 08:00:37.297 0 0 I init : Service 'ethernet' (pid 2816) exited with status 0 oneshot service took 1.915000 seconds in background
01-01 08:00:37.297 0 0 I init : Sending signal 9 to service 'ethernet' (pid 2816) process group...
01-01 08:00:37.297 0 0 I libprocessgroup: Successfully killed process cgroup uid 0 pid 2816 in 0ms
03-14 03:51:08.601 1009 2148 D CompatibilityChangeReporter: Compat change id reported: 171306433; UID 10024; state: DISABLED
03-14 03:51:08.641 3265 3532 E ActivityThread: Failed to find provider info for telephony
03-14 03:51:08.748 1009 3054 W ActivityTaskManager: Current config: {1.0 ?mcc?mnc [zh_CN] ldltr sw680dp w1586dp h612dp 240dpi lrg long hdr land finger -keyb/v/h -nav/h winConfig={ mBounds=Rect(0, 0 - 2380, 1020) mAppBounds=Rect(0, 0 - 2380, 954) mMaxBounds=Rect(0, 0 - 2380, 1020) mWindowingMode=fullscreen mDisplayWindowingMode=fullscreen mActivityType=undefined mAlwaysOnTop=undefined mRotation=ROTATION_0} s.10 fontWeightAdjustment=0} unchanged for IME proc com.baidu.input
03-14 03:51:08.748 1009 3054 W ActivityTaskManager: Current config: {1.0 ?mcc?mnc [zh_CN] ldltr sw680dp w1586dp h612dp 240dpi lrg long hdr land finger -keyb/v/h -nav/h winConfig={ mBounds=Rect(0, 0 - 2380, 1020) mAppBounds=Rect(0, 0 - 2380, 954) mMaxBounds=Rect(0, 0 - 2380, 1020) mWindowingMode=fullscreen mDisplayWindowingMode=fullscreen mActivityType=undefined mAlwaysOnTop=undefined mRotation=ROTATION_0} s.10 fontWeightAdjustment=0} unchanged for IME proc com.baidu.input
03-14 03:51:08.783 1009 1182 I commit_sys_config_file: [jobs,2]
03-14 03:51:08.827 3265 3550 W PackageParser: No actions in intent filter at /system/priv-app/baidu_ime-mainLine-release/baidu_ime-mainLine-release.apk Binary XML file line #1529
03-14 03:51:08.871 3571 3571 I auditd : type=1400 audit(0.0:926): avc: denied { read } for comm="ps" name="pid_max" dev="proc" ino=48352 scontext=u:r:priv_app:s0:c512,c768 tcontext=u:object_r:proc_pid_max:s0 tclass=file permissive=1 app=com.baidu.input
03-14 03:51:08.871 3571 3571 I auditd : type=1400 audit(0.0:927): avc: denied { open } for comm="ps" path="/proc/sys/kernel/pid_max" dev="proc" ino=48352 scontext=u:r:priv_app:s0:c512,c768 tcontext=u:object_r:proc_pid_max:s0 tclass=file permissive=1 app=com.baidu.input
01-01 08:00:37.589 0 0 I logd : start watching /data/system/packages.list ...
01-01 08:00:37.590 0 0 I logd : ReadPackageList, total packages: 107
01-01 08:00:37.735 0 0 I IRQ 5 : no longer affine to CPU4
01-01 08:00:37.820 0 0 W cnss-daemon: DMS thread joined succesfully
01-01 08:00:37.820 0 0 W cnss-daemon: wlfw_stop: Stop done: 0
01-01 08:00:37.820 0 0 W cnss-daemon: wlfw_start: Starting
01-01 08:00:37.820 0 0 W cnss-daemon: wlfw_service_request: Start the pthread: 0x0K
01-01 08:00:37.823 0 0 W cnss-daemon: ro.baseband : [apq]
01-01 08:00:37.824 0 0 W cnss-daemon: Hardware supports external modem
01-01 08:00:37.828 0 0 W cnss-daemon: pm_release_vote: pm_handle is NULL
01-01 08:00:37.828 0 0 W cnss-daemon: pm_release_vote: pm_handle is NULL
01-01 08:00:37.828 0 0 W cnss-daemon: wlfw_build_cal_table: not read /data/vendor/wifi/wlfw_cal_00.bin
01-01 08:00:37.829 0 0 W cnss-daemon: wlfw_build_cal_table: not read /data/vendor/wifi/wlfw_cal_02.bin
01-01 08:00:37.829 0 0 W cnss-daemon: wlfw_build_cal_table: not read /data/vendor/wifi/wlfw_cal_03.bin
01-01 08:00:37.829 0 0 W cnss-daemon: wlfw_build_cal_table: not read /data/vendor/wifi/wlfw_cal_04.bin
01-01 08:00:37.835 0 0 D cnss : Received QMI WLFW request memory indication
01-01 08:00:37.835 0 0 D cnss : FW requests for memory, size: 0x5e0000, type: 1
01-01 08:00:37.835 0 0 D cnss : FW requests for memory, size: 0xd8000, type: 4
01-01 08:00:37.835 0 0 D cnss : Posting event: REQUEST_MEM(2), state: 0x11 flags: 0x0
01-01 08:00:37.835 0 0 D cnss : PM stay awake, state: 0x11, count: 1
01-01 08:00:37.835 0 0 D cnss : PM relax, state: 0x11, count: 0
01-01 08:00:37.835 0 0 D cnss : PM stay awake, state: 0x11, count: 1
01-01 08:00:37.835 0 0 D cnss : Processing driver event: REQUEST_MEM(2), state: 0x11
01-01 08:00:37.835 0 0 D cnss : Sending respond memory message, state: 0x11
01-01 08:00:37.835 0 0 D cnss : Memory for FW, va: 0x0000000000000000, pa: 0x00000000a1000000, size: 0x5e0000, type: 1
01-01 08:00:37.835 0 0 D cnss : Memory for FW, va: 0x0000000000000000, pa: 0x00000000a1600000, size: 0xd8000, type: 4
01-01 08:00:37.838 0 0 D cnss : PM relax, state: 0x11, count: 0
01-01 08:00:37.838 0 0 W cnss-daemon: wlfw_qmi_ind_cb: Receive Ind : 0x37
01-01 08:00:37.839 0 0 D cnss : Received QMI WLFW FW memory ready indication
01-01 08:00:37.839 0 0 D cnss : Posting event: FW_MEM_READY(3), state: 0x11 flags: 0x0
01-01 08:00:37.839 0 0 D cnss : PM stay awake, state: 0x11, count: 1
01-01 08:00:37.839 0 0 D cnss : PM relax, state: 0x11, count: 0
01-01 08:00:37.839 0 0 D cnss : PM stay awake, state: 0x11, count: 1
01-01 08:00:37.839 0 0 D cnss : Processing driver event: FW_MEM_READY(3), state: 0x11
01-01 08:00:37.839 0 0 D cnss : Sending target capability message, state: 0x13
01-01 08:00:37.850 0 0 D cnss : Voltage for CPR: 948mV
01-01 08:00:37.850 0 0 D cnss : Update TCS CMD data address 0x000000000b2e5844 with voltage 950mV
01-01 08:00:37.850 0 0 D cnss : Device frequency is 24000000 HZ
01-01 08:00:37.850 0 0 D cnss : Target capability: chip_id: 0x0, chip_family: 0xb, board_id: 0xff, soc_id: 0xffffffff, fw_version: 0x101a0521, fw_build_timestamp: 2021-12-20 07:54, fw_build_id: QC_IMAGE_VERSION_STRING=WLAN.HST.1.0.1.r1-01313-QCAHSTSWPL_SILICONZ-1, otp_version: 0x480020
01-01 08:00:37.850 0 0 D cnss : Sending BDF download message, state: 0x13, type: 4
01-01 08:00:37.850 0 0 D cnss : FW name added with prefix: qca6390/regdb.bin
01-01 08:00:37.850 0 0 W cnss2 b0000000.qcom,cnss-qca6390: Falling back to syfs fallback for: qca6390/regdb.bin
01-01 08:00:37.857 0 0 I ueventd : firmware: loading 'qca6390/regdb.bin' for '/devices/platform/soc/b0000000.qcom,cnss-qca6390/firmware/qca6390!regdb.bin'
01-01 08:00:37.858 0 0 E ueventd : firmware: could not find firmware for qca6390/regdb.bin
01-01 08:00:37.866 0 0 E ueventd : firmware: attempted /etc/firmware/qca6390/regdb.bin, open failed: No such file or directory
01-01 08:00:37.876 0 0 E ueventd : firmware: attempted /odm/firmware/qca6390/regdb.bin, open failed: No such file or directory
01-01 08:00:37.887 0 0 E ueventd : firmware: attempted /vendor/firmware/qca6390/regdb.bin, open failed: No such file or directory
01-01 08:00:37.898 0 0 E ueventd : firmware: attempted /firmware/image/qca6390/regdb.bin, open failed: No such file or directory
01-01 08:00:37.909 0 0 E ueventd : firmware: attempted /vendor/firmware_mnt/image/qca6390/regdb.bin, open failed: No such file or directory
01-01 08:00:37.920 0 0 I ueventd : loading /devices/platform/soc/b0000000.qcom,cnss-qca6390/firmware/qca6390!regdb.bin took 63ms
01-01 08:00:37.921 0 0 E cnss : Failed to load BDF: qca6390/regdb.bin
01-01 08:00:37.927 0 0 D cnss : Sending BDF download message, state: 0x13, type: 1
01-01 08:00:37.927 0 0 D cnss : FW name added with prefix: qca6390/bdwlan.elf
01-01 08:00:37.927 0 0 W cnss2 b0000000.qcom,cnss-qca6390: Falling back to syfs fallback for: qca6390/bdwlan.elf
01-01 08:00:37.933 0 0 I ueventd : firmware: loading 'qca6390/bdwlan.elf' for '/devices/platform/soc/b0000000.qcom,cnss-qca6390/firmware/qca6390!bdwlan.elf'
01-01 08:00:37.933 0 0 I ueventd : loading /devices/platform/soc/b0000000.qcom,cnss-qca6390/firmware/qca6390!bdwlan.elf took 0ms
01-01 08:00:37.934 0 0 D cnss : Downloading BDF: qca6390/bdwlan.elf, size: 57908
01-01 08:00:37.962 0 0 D cnss : Sending M3 information message, state: 0x13
01-01 08:00:37.962 0 0 D cnss : M3 memory, va: 0x0000000000000000, pa: 0x00000000a1800000, size: 0x411bc
01-01 08:00:37.964 0 0 D cnss : PM relax, state: 0x13, count: 0
01-01 08:00:37.964 0 0 D cnss : Received QMI WLFW FW initialization done indication
01-01 08:00:37.964 0 0 D cnss : Posting event: FW_READY(4), state: 0x13 flags: 0x0
01-01 08:00:37.964 0 0 D cnss : PM stay awake, state: 0x13, count: 1
01-01 08:00:37.964 0 0 D cnss : PM relax, state: 0x13, count: 0
01-01 08:00:37.964 0 0 D cnss : PM stay awake, state: 0x13, count: 1
01-01 08:00:37.964 0 0 D cnss : Processing driver event: FW_READY(4), state: 0x13
01-01 08:00:37.964 0 0 D cnss : PCIE Gen speed not setup
01-01 08:00:37.980 0 0 W : (NULL device *): Falling back to syfs fallback for: wlan/qca_cld/qca6390/WCNSS_qcom_cfg.ini
01-01 08:00:37.988 0 0 I ueventd : firmware: loading 'wlan/qca_cld/qca6390/WCNSS_qcom_cfg.ini' for '/devices/virtual/firmware/wlan!qca_cld!qca6390!WCNSS_qcom_cfg.ini'
01-01 08:00:37.991 0 0 I ueventd : loading /devices/virtual/firmware/wlan!qca_cld!qca6390!WCNSS_qcom_cfg.ini took 3ms
01-01 08:00:37.997 0 0 I [kworke][0x2b7c5574][03:51:09.296497] wlan: [875:I:HDD] hdd_pm_qos_add_request: 9360: Set cpu_mask 0f for affine_cores
01-01 08:00:37.997 0 0 I [kworke][0x2b7c5642][03:51:09.296508] wlan: [875:I:HDD] hdd_pm_qos_add_request: 9362: Set cpu_mask 0f for affine_cores
01-01 08:00:37.997 0 0 D cnss : Sending ini sync request, state: 0x17, fw_log_mode: 1
01-01 08:00:38.005 0 0 I [kworke][0x2b7e8e94][03:51:09.304086] wlan: [875:I:HIF] Initializing Runtime PM wakelock &sc->prevent_linkdown_lock
01-01 08:00:38.005 0 0 I [kworke][0x2b7e8fed][03:51:09.304104] wlan: [875:I:HIF] hif_pci_enable_bus: con_mode = 0x0, WLAN_SOC_device_id = 0x1101
01-01 08:00:38.005 0 0 I [kworke][0x2b7e90b2][03:51:09.304114] wlan: [875:I:HIF] hif_pci_enable_bus: hif_enable_pci done
01-01 08:00:38.006 0 0 I [kworke][0x2b7eb76d][03:51:09.304630] wlan: [875:I:HIF] *********** QCA6390 *************
01-01 08:00:38.006 0 0 I [kworke][0x2b7eb7f5][03:51:09.304637] wlan: [875:I:HIF] hif_pci_enable_bus: hif_type = 0x12, target_type = 0x17
01-01 08:00:38.006 0 0 I [kworke][0x2b7eb871][03:51:09.304644] wlan: [875:I:HIF] hif_register_tbl_attach: HIF_TYPE_QCA6390
01-01 08:00:38.006 0 0 I [kworke][0x2b7eb8e2][03:51:09.304650] wlan: [875:I:HIF] hif_target_register_tbl_attach: TARGET_TYPE_QCA6390
01-01 08:00:38.006 0 0 I [kworke][0x2b7eb94d][03:51:09.304655] wlan: [875:I:HIF] hif_pci_enable_bus:Skip tgt_wake up for srng devices
01-01 08:00:38.007 0 0 E [kworke][0x2b7f10c5][03:51:09.305821] wlan: [875:E:TXRX] hif_print_hal_shadow_register_cfg: num_config 28
01-01 08:00:38.018 0 0 I [kworke][0x2b8258ba][03:51:09.317021] wlan: [875:I:TXRX] hif_print_hal_shadow_register_cfg: i 0, val a3b034
01-01 08:00:38.018 0 0 I [kworke][0x2b825955][03:51:09.317029] wlan: [875:I:TXRX] hif_print_hal_shadow_register_cfg: i 1, val a3b03c
01-01 08:00:38.018 0 0 I [kworke][0x2b8259c8][03:51:09.317035] wlan: [875:I:TXRX] hif_print_hal_shadow_register_cfg: i 2, val a3b044
01-01 08:00:38.018 0 0 I [kworke][0x2b825a31][03:51:09.317040] wlan: [875:I:TXRX] hif_print_hal_shadow_register_cfg: i 3, val a3b04c
01-01 08:00:38.018 0 0 I [kworke][0x2b825a9a][03:51:09.317046] wlan: [875:I:TXRX] hif_print_hal_shadow_register_cfg: i 4, val a3b054
01-01 08:00:38.018 0 0 I [kworke][0x2b825afe][03:51:09.317051] wlan: [875:I:TXRX] hif_print_hal_shadow_register_cfg: i 5, val a3b028
01-01 08:00:38.018 0 0 I [kworke][0x2b825b61][03:51:09.317056] wlan: [875:I:TXRX] hif_print_hal_shadow_register_cfg: i 6, val a3b020
01-01 08:00:38.018 0 0 I [kworke][0x2b825bc5][03:51:09.317061] wlan: [875:I:TXRX] hif_print_hal_shadow_register_cfg: i 7, val a3b06c
01-01 08:00:38.018 0 0 I [kworke][0x2b825c28][03:51:09.317067] wlan: [875:I:TXRX] hif_print_hal_shadow_register_cfg: i 8, val a46000
01-01 08:00:38.018 0 0 I [kworke][0x2b825c8b][03:51:09.317072] wlan: [875:I:TXRX] hif_print_hal_shadow_register_cfg: i 9, val a46008
01-01 08:00:38.018 0 0 I [kworke][0x2b825cef][03:51:09.317077] wlan: [875:I:TXRX] hif_print_hal_shadow_register_cfg: i 10, val a46010
01-01 08:00:38.018 0 0 I [kworke][0x2b825d53][03:51:09.317082] wlan: [875:I:TXRX] hif_print_hal_shadow_register_cfg: i 11, val a46018
01-01 08:00:38.018 0 0 I [kworke][0x2b825db9][03:51:09.317088] wlan: [875:I:TXRX] hif_print_hal_shadow_register_cfg: i 12, val a46034
01-01 08:00:38.018 0 0 I [kworke][0x2b825e1d][03:51:09.317093] wlan: [875:I:TXRX] hif_print_hal_shadow_register_cfg: i 13, val a370b0
01-01 08:00:38.018 0 0 I [kworke][0x2b825e81][03:51:09.317098] wlan: [875:I:TXRX] hif_print_hal_shadow_register_cfg: i 14, val a37018
01-01 08:00:38.018 0 0 I [kworke][0x2b825ee5][03:51:09.317103] wlan: [875:I:TXRX] hif_print_hal_shadow_register_cfg: i 15, val a370c4
01-01 08:00:38.018 0 0 I [kworke][0x2b825f4c][03:51:09.317109] wlan: [875:I:TXRX] hif_print_hal_shadow_register_cfg: i 16, val a370cc
01-01 08:00:38.018 0 0 I [kworke][0x2b825fb0][03:51:09.317114] wlan: [875:I:TXRX] hif_print_hal_shadow_register_cfg: i 17, val a370d4
01-01 08:00:38.018 0 0 I [kworke][0x2b82610d][03:51:09.317132] wlan: [875:I:TXRX] hif_print_hal_shadow_register_cfg: i 18, val a370dc
01-01 08:00:38.018 0 0 I [kworke][0x2b826179][03:51:09.317138] wlan: [875:I:TXRX] hif_print_hal_shadow_register_cfg: i 19, val a00400
01-01 08:00:38.018 0 0 I [kworke][0x2b8261e5][03:51:09.317143] wlan: [875:I:TXRX] hif_print_hal_shadow_register_cfg: i 20, val a03400
01-01 08:00:38.018 0 0 I [kworke][0x2b826250][03:51:09.317149] wlan: [875:I:TXRX] hif_print_hal_shadow_register_cfg: i 21, val a0340c
01-01 08:00:38.018 0 0 I [kworke][0x2b8262b6][03:51:09.317154] wlan: [875:I:TXRX] hif_print_hal_shadow_register_cfg: i 22, val a05400
01-01 08:00:38.018 0 0 I [kworke][0x2b82631c][03:51:09.317159] wlan: [875:I:TXRX] hif_print_hal_shadow_register_cfg: i 23, val a0540c
01-01 08:00:38.018 0 0 I [kworke][0x2b826382][03:51:09.317165] wlan: [875:I:TXRX] hif_print_hal_shadow_register_cfg: i 24, val a06400
01-01 08:00:38.018 0 0 I [kworke][0x2b8263e7][03:51:09.317170] wlan: [875:I:TXRX] hif_print_hal_shadow_register_cfg: i 25, val a08400
01-01 08:00:38.018 0 0 I [kworke][0x2b82644c][03:51:09.317175] wlan: [875:I:TXRX] hif_print_hal_shadow_register_cfg: i 26, val a0b400
01-01 08:00:38.018 0 0 I [kworke][0x2b8264b0][03:51:09.317180] wlan: [875:I:TXRX] hif_print_hal_shadow_register_cfg: i 27, val a0b40c
01-01 08:00:38.018 0 0 D cnss : Mode: 0, config: 0000000000000000, host_version: 5.2.022.10G
01-01 08:00:38.018 0 0 D cnss : Sending WLAN config message, state: 0x17
01-01 08:00:38.020 0 0 D cnss : Sending mode message, mode: MISSION(0), state: 0x17
01-01 08:00:38.044 0 0 D cnss : Received QMI WLFW pin connect result indication
01-01 08:00:38.044 0 0 D cnss : Pin connect Result: pwr_pin: 0x1 phy_io_pin: 0x0 rf_io_pin: 0x0
01-01 08:00:38.044 0 0 D cnss : Assign MSI to user: CE, num_vectors: 10, user_base_data: 803, base_vector: 3
01-01 08:00:38.044 0 0 I [kworke][0x2b8a1836][03:51:09.343467] wlan: [875:I:HIF] ce_srng_dest_ring_setup: ce_id 1
01-01 08:00:38.044 0 0 D cnss : Assign MSI to user: CE, num_vectors: 10, user_base_data: 803, base_vector: 3
01-01 08:00:38.044 0 0 I [kworke][0x2b8a2126][03:51:09.343587] wlan: [875:I:HIF] ce_srng_status_ring_setup: ce_id 1
01-01 08:00:38.044 0 0 D cnss : Assign MSI to user: CE, num_vectors: 10, user_base_data: 803, base_vector: 3
01-01 08:00:38.045 0 0 I [kworke][0x2b8a27c5][03:51:09.343675] wlan: [875:I:HIF] ce_srng_dest_ring_setup: ce_id 2
01-01 08:00:38.045 0 0 D cnss : Assign MSI to user: CE, num_vectors: 10, user_base_data: 803, base_vector: 3
01-01 08:00:38.045 0 0 I [kworke][0x2b8a2f11][03:51:09.343772] wlan: [875:I:HIF] ce_srng_status_ring_setup: ce_id 2
01-01 08:00:38.045 0 0 D cnss : Assign MSI to user: CE, num_vectors: 10, user_base_data: 803, base_vector: 3
01-01 08:00:38.045 0 0 D cnss : Assign MSI to user: CE, num_vectors: 10, user_base_data: 803, base_vector: 3
01-01 08:00:38.045 0 0 I [kworke][0x2b8a4126][03:51:09.344013] wlan: [875:I:HIF] ce_srng_dest_ring_setup: ce_id 5
01-01 08:00:38.045 0 0 D cnss : Assign MSI to user: CE, num_vectors: 10, user_base_data: 803, base_vector: 3
01-01 08:00:38.045 0 0 I [kworke][0x2b8a488e][03:51:09.344112] wlan: [875:I:HIF] ce_srng_status_ring_setup: ce_id 5
01-01 08:00:38.045 0 0 D cnss : Assign MSI to user: CE, num_vectors: 10, user_base_data: 803, base_vector: 3
01-01 08:00:38.045 0 0 I [kworke][0x2b8a5047][03:51:09.344215] wlan: [875:I:HIF] hif_configure_irq: E
01-01 08:00:38.045 0 0 D cnss : Assign MSI to user: WAKE, num_vectors: 1, user_base_data: 813, base_vector: 13
01-01 08:00:38.045 0 0 D cnss : Get IRQ number 365 for vector index 13
01-01 08:00:38.045 0 0 D cnss : Assign MSI to user: CE, num_vectors: 10, user_base_data: 803, base_vector: 3
01-01 08:00:38.045 0 0 D cnss : Get IRQ number 355 for vector index 3
01-01 08:00:38.045 0 0 D cnss : Get IRQ number 356 for vector index 4
01-01 08:00:38.045 0 0 D cnss : Get IRQ number 357 for vector index 5
01-01 08:00:38.045 0 0 D cnss : Get IRQ number 358 for vector index 6
01-01 08:00:38.045 0 0 D cnss : Get IRQ number 360 for vector index 8
01-01 08:00:38.045 0 0 D cnss : Get IRQ number 361 for vector index 9
01-01 08:00:38.045 0 0 D cnss : Get IRQ number 363 for vector index 11
01-01 08:00:38.045 0 0 E [kworke][0x2b8a6d0e][03:51:09.344599] wlan: [875:E:mlme] mlme_init_reg_cfg: 2374: null pdev
01-01 08:00:38.057 0 0 E [kworke][0x2b8da8e5][03:51:09.355636] wlan: [875:E:WMI] WMI handle is NULL
01-01 08:00:38.065 0 0 I [kworke][0x2b901a18][03:51:09.363972] wlan: [875:I:HIF] Initializing Runtime PM wakelock &p2p_soc_obj->roc_runtime_lock
01-01 08:00:38.065 0 0 D cnss : Platform cap_flag is 0x4
01-01 08:00:38.065 0 0 E [kworke][0x2b901c47][03:51:09.364002] wlan: [875:E:QDF] cds_get_context: 1486: Module ID 66 context is Null
01-01 08:00:38.078 0 0 E [kworke][0x2b93fd23][03:51:09.377240] wlan: [875:E:QDF] cds_get_context: 1486: Module ID 66 context is Null
01-01 08:00:38.096 0 0 I [kworke][0x2b9918e4][03:51:09.394677] wlan: [875:I:HIF] Initializing Runtime PM wakelock &psoc_wakelock->wmi_cmd_rsp_runtime_lock
01-01 08:00:38.096 0 0 F [kworke][0x2b991e7c][03:51:09.394751] wlan: [875:F:WMA] WMA --> wmi_unified_attach - success
01-01 08:00:38.106 0 0 I [kworke][0x2b9c039a][03:51:09.404633] wlan: [875:I:HIF] Initializing Runtime PM wakelock &vdev->vdev_set_key_runtime_wakelock
01-01 08:00:38.106 0 0 I [kworke][0x2b9c1506][03:51:09.404865] wlan: [875:I:HIF] Initializing Runtime PM wakelock &vdev->vdev_set_key_runtime_wakelock
01-01 08:00:38.106 0 0 I [kworke][0x2b9c1bcd][03:51:09.404955] wlan: [875:I:HIF] Initializing Runtime PM wakelock &vdev->vdev_set_key_runtime_wakelock
01-01 08:00:38.106 0 0 I [kworke][0x2b9c2277][03:51:09.405044] wlan: [875:I:HIF] Initializing Runtime PM wakelock &vdev->vdev_set_key_runtime_wakelock
01-01 08:00:38.106 0 0 I [kworke][0x2b9c28b0][03:51:09.405127] wlan: [875:I:HIF] Initializing Runtime PM wakelock &vdev->vdev_set_key_runtime_wakelock
01-01 08:00:38.106 0 0 I [kworke][0x2b9c2f65][03:51:09.405217] wlan: [875:I:HIF] Initializing Runtime PM wakelock &vdev->vdev_set_key_runtime_wakelock
01-01 08:00:38.106 0 0 I [kworke][0x2b9c3b2e][03:51:09.405374] wlan: [875:I:HIF] Initializing Runtime PM wakelock &wma_handle->wmi_cmd_rsp_runtime_lock
01-01 08:00:38.106 0 0 I [kworke][0x2b9c3b89][03:51:09.405378] wlan: [875:I:HIF] Initializing Runtime PM wakelock &wma_handle->sap_prevent_runtime_pm_lock
01-01 08:00:38.107 0 0 E [kworke][0x2b9c858b][03:51:09.406365] wlan: [875:E:QDF] htc_wait_target: 684: Target Ready! TX resource : 1 size:2176, MaxMsgsPerHTCBundle = 1
01-01 08:00:38.121 0 0 E [kworke][0x2ba0ad5f][03:51:09.420549] wlan: [875:E:QDF] htc_setup_target_buffer_assignments: 576: SVS Index : 1 TX : 0x100 : alloc:1
01-01 08:00:38.135 0 0 D cnss : Assign MSI to user: DP, num_vectors: 18, user_base_data: 814, base_vector: 14
01-01 08:00:38.135 0 0 I [kworke][0x2ba49fb5][03:51:09.434021] wlan: [875:I:HIF] +hif_update_pipe_callback pipeid 5
01-01 08:00:38.135 0 0 I [kworke][0x2ba4a004][03:51:09.434025] wlan: [875:I:HIF] -hif_update_pipe_callback
01-01 08:00:38.135 0 0 D cnss : Assign MSI to user: DP, num_vectors: 18, user_base_data: 814, base_vector: 14
01-01 08:00:38.135 0 0 E [kworke][0x2ba4ba9e][03:51:09.434379] wlan: [875:E:DP] dp_srng_get_str_from_hal_ring_type: 7726: Invalid ring type
01-01 08:00:38.147 0 0 D cnss : Assign MSI to user: DP, num_vectors: 18, user_base_data: 814, base_vector: 14
01-01 08:00:38.147 0 0 D cnss : Assign MSI to user: DP, num_vectors: 18, user_base_data: 814, base_vector: 14
01-01 08:00:38.147 0 0 D cnss : Assign MSI to user: DP, num_vectors: 18, user_base_data: 814, base_vector: 14
01-01 08:00:38.147 0 0 D cnss : Assign MSI to user: DP, num_vectors: 18, user_base_data: 814, base_vector: 14
01-01 08:00:38.147 0 0 D cnss : Assign MSI to user: DP, num_vectors: 18, user_base_data: 814, base_vector: 14
01-01 08:00:38.147 0 0 D cnss : Assign MSI to user: DP, num_vectors: 18, user_base_data: 814, base_vector: 14
01-01 08:00:38.147 0 0 D cnss : Assign MSI to user: DP, num_vectors: 18, user_base_data: 814, base_vector: 14
01-01 08:00:38.148 0 0 D cnss : Assign MSI to user: DP, num_vectors: 18, user_base_data: 814, base_vector: 14
01-01 08:00:38.148 0 0 I [kworke][0x2ba855ab][03:51:09.446687] wlan: [875:I:DP] dp_tx_soc_attach Tx Desc Alloc num_pool = 4, descs = 4096
01-01 08:00:38.148 0 0 I [kworke][0x2ba861a3][03:51:09.446846] wlan: [875:I:DP] dp_tx_soc_attach MSDU Ext Desc Alloc 4, descs = 4096
01-01 08:00:38.148 0 0 I [kworke][0x2ba87700][03:51:09.447131] wlan: [875:I:DP] dp_tx_soc_attach HAL Tx init Success
01-01 08:00:38.148 0 0 D cnss : Assign MSI to user: DP, num_vectors: 18, user_base_data: 814, base_vector: 14
01-01 08:00:38.148 0 0 D cnss : Assign MSI to user: DP, num_vectors: 18, user_base_data: 814, base_vector: 14
01-01 08:00:38.148 0 0 I [kworke][0x2ba87f50][03:51:09.447242] wlan: [875:I:DP] dp_soc_cmn_setup: 3274: num_reo_dest_rings 4
01-01 08:00:38.148 0 0 D cnss : Assign MSI to user: DP, num_vectors: 18, user_base_data: 814, base_vector: 14
01-01 08:00:38.148 0 0 D cnss : Assign MSI to user: DP, num_vectors: 18, user_base_data: 814, base_vector: 14
01-01 08:00:38.148 0 0 D cnss : Assign MSI to user: DP, num_vectors: 18, user_base_data: 814, base_vector: 14
01-01 08:00:38.148 0 0 D cnss : Assign MSI to user: DP, num_vectors: 18, user_base_data: 814, base_vector: 14
01-01 08:00:38.148 0 0 D cnss : Assign MSI to user: DP, num_vectors: 18, user_base_data: 814, base_vector: 14
01-01 08:00:38.148 0 0 D cnss : Assign MSI to user: DP, num_vectors: 18, user_base_data: 814, base_vector: 14
01-01 08:00:38.148 0 0 D cnss : Assign MSI to user: DP, num_vectors: 18, user_base_data: 814, base_vector: 14
01-01 08:00:38.148 0 0 D cnss : Assign MSI to user: DP, num_vectors: 18, user_base_data: 814, base_vector: 14
01-01 08:00:38.149 0 0 D cnss : Assign MSI to user: DP, num_vectors: 18, user_base_data: 814, base_vector: 14
01-01 08:00:38.149 0 0 D cnss : Assign MSI to user: DP, num_vectors: 18, user_base_data: 814, base_vector: 14
01-01 08:00:38.149 0 0 D cnss : Assign MSI to user: DP, num_vectors: 18, user_base_data: 814, base_vector: 14
01-01 08:00:38.149 0 0 I [kworke][0x2ba8acde][03:51:09.447849] wlan: [875:I:HAL] hal_reo_set_err_dst_remap_6390: 1024: HWIO_REO_R0_ERROR_DESTINATION_MAPPING_IX_0 0x28005b6d
01-01 08:00:38.149 0 0 D cnss : Assign MSI to user: DP, num_vectors: 18, user_base_data: 814, base_vector: 14
01-01 08:00:38.149 0 0 D cnss : Assign MSI to user: DP, num_vectors: 18, user_base_data: 814, base_vector: 14
01-01 08:00:38.149 0 0 D cnss : Assign MSI to user: DP, num_vectors: 18, user_base_data: 814, base_vector: 14
01-01 08:00:38.149 0 0 D cnss : Assign MSI to user: DP, num_vectors: 18, user_base_data: 814, base_vector: 14
01-01 08:00:38.149 0 0 D cnss : Assign MSI to user: DP, num_vectors: 18, user_base_data: 814, base_vector: 14
01-01 08:00:38.149 0 0 D cnss : Assign MSI to user: DP, num_vectors: 18, user_base_data: 814, base_vector: 14
01-01 08:00:38.151 0 0 I [kworke][0x2ba974c4][03:51:09.450515] wlan: [875:I:DP] Peer pool init
01-01 08:00:38.152 0 0 W [kworke][0x2ba97c38][03:51:09.450614] wlan: [875:W:DP] dp_rx_pdev_mon_attach: pdev attach id=0
01-01 08:00:38.153 0 0 D cnss : Assign MSI to user: DP, num_vectors: 18, user_base_data: 814, base_vector: 14
01-01 08:00:38.153 0 0 D cnss : Get IRQ number 366 for vector index 14
01-01 08:00:38.153 0 0 D cnss : Assign MSI to user: DP, num_vectors: 18, user_base_data: 814, base_vector: 14
01-01 08:00:38.153 0 0 D cnss : Get IRQ number 367 for vector index 15
01-01 08:00:38.153 0 0 D cnss : Assign MSI to user: DP, num_vectors: 18, user_base_data: 814, base_vector: 14
01-01 08:00:38.153 0 0 D cnss : Get IRQ number 368 for vector index 16
01-01 08:00:38.153 0 0 D cnss : Assign MSI to user: DP, num_vectors: 18, user_base_data: 814, base_vector: 14
01-01 08:00:38.153 0 0 D cnss : Get IRQ number 369 for vector index 17
01-01 08:00:38.153 0 0 D cnss : Assign MSI to user: DP, num_vectors: 18, user_base_data: 814, base_vector: 14
01-01 08:00:38.153 0 0 D cnss : Assign MSI to user: DP, num_vectors: 18, user_base_data: 814, base_vector: 14
01-01 08:00:38.153 0 0 D cnss : Get IRQ number 371 for vector index 19
01-01 08:00:38.153 0 0 D cnss : Assign MSI to user: DP, num_vectors: 18, user_base_data: 814, base_vector: 14
01-01 08:00:38.153 0 0 D cnss : Get IRQ number 372 for vector index 20
01-01 08:00:38.155 0 0 I [kworke][0x2baa76d0][03:51:09.453955] wlan: [457:I:WMA] wma_rx_service_ready_event: Firmware build version : 101a0521
01-01 08:00:38.155 0 0 I [kworke][0x2baa77b6][03:51:09.453967] wlan: [457:I:WMA] wma_rx_service_ready_event: Board id: 0, Board version: 8 0 0 0 6
01-01 08:00:38.163 0 0 I [kworke][0x2bacef2b][03:51:09.462387] wlan: [457:I:WMA] wma_is_dbs_mandatory: 5417: MAC0 does not support both bands 2 DBS is mandatory
01-01 08:00:38.164 0 0 E [kworke][0x2bad00d8][03:51:09.462622] wlan: [457:E:QDF] copy_fw_abi_version_tlv: 6979: copy_fw_abi_version_tlv: INIT_CMD version: 1, 0, 0x5f414351, 0x4c4d, 0x0, 0x0
03-14 03:51:09.523 1009 1183 D ColorDisplayService: NightDisplayTintController Animation cancelled: false to matrix:
03-14 03:51:09.523 1009 1183 D ColorDisplayService: 1.000000 0.000000 0.000000 0.000000 0.000000 1.000000 0.000000 0.000000 0.000000 0.000000 1.000000 0.000000 0.000000 0.000000 0.000000 1.000000 min matrix coefficients:
03-14 03:51:09.523 1009 1183 D ColorDisplayService: 1.000000 0.000000 0.000000 0.000000 0.000000 1.000000 0.000000 0.000000 0.000000 0.000000 1.000000 0.000000 0.000000 0.000000 0.000000 1.000000 max matrix coefficients:
03-14 03:51:09.523 1009 1183 D ColorDisplayService: 1.000000 0.000000 0.000000 0.000000 0.000000 1.000000 0.000000 0.000000 0.000000 0.000000 1.000000 0.000000 0.000000 0.000000 0.000000 1.000000
01-01 08:00:38.247 0 0 I IRQ 5 : no longer affine to CPU6
01-01 08:00:38.366 0 0 E [kworke][0x2be85a82][03:51:09.665205] wlan: [873:E:QDF] ready_extract_init_status_tlv: 8884: ready_extract_init_status_tlv:0
01-01 08:00:38.379 0 0 E [kworke][0x2bec2f77][03:51:09.678284] wlan: [873:E:QDF] cds_get_context: 1486: Module ID 65 context is Null
01-01 08:00:38.391 0 0 F [kworke][0x2bef81b6][03:51:09.689621] wlan: [873:F:DP] cdp_ipa_set_uc_tx_partition_base invalid instance
01-01 08:00:38.402 0 0 I [kworke][0x2bf2bb3a][03:51:09.700628] wlan: [873:I:WMA] wma_he_update_tgt_services: 996: 11ax is enabled
01-01 08:00:38.403 0 0 I [kworke][0x2bf32668][03:51:09.702057] wlan: [873:I:HIF] Initializing Runtime PM wakelock &mgmt_txrx_pdev_ctx->wakelock_tx_runtime_cmp
01-01 08:00:38.403 0 0 I [kworke][0x2bf32dbe][03:51:09.702154] wlan: [873:I:dfs] WLAN_DEBUG_DFS_ALWAYS : wlan_dfs_pdev_obj_create_notification: 421: dfs_offload 1
01-01 08:00:38.403 0 0 I [kworke][0x2bf32e85][03:51:09.702165] wlan: [873:I:SPECTRAL] null_get_capability: 1715: SPECTRAL : get_capability not registered
01-01 08:00:38.403 0 0 I [kworke][0x2bf32ee8][03:51:09.702170] wlan: [873:I:SPECTRAL] target_if_pdev_spectral_init: 2249: HAL_CAP_PHYDIAG : Capable
01-01 08:00:38.403 0 0 I [kworke][0x2bf32f4e][03:51:09.702175] wlan: [873:I:SPECTRAL] null_get_capability: 1715: SPECTRAL : get_capability not registered
01-01 08:00:38.403 0 0 I [kworke][0x2bf32fad][03:51:09.702180] wlan: [873:I:SPECTRAL] target_if_pdev_spectral_init: 2253: HAL_CAP_RADAR : Capable
01-01 08:00:38.403 0 0 I [kworke][0x2bf33010][03:51:09.702185] wlan: [873:I:SPECTRAL] null_get_capability: 1715: SPECTRAL : get_capability not registered
01-01 08:00:38.403 0 0 I [kworke][0x2bf3306e][03:51:09.702190] wlan: [873:I:SPECTRAL] target_if_pdev_spectral_init: 2258: HAL_CAP_SPECTRAL_SCAN : Capable
01-01 08:00:38.403 0 0 I [kworke][0x2bf330c9][03:51:09.702195] wlan: [873:I:SPECTRAL] null_get_tsf64: 1703: SPECTRAL : get_tsf64 not registered
01-01 08:00:38.403 0 0 I [kworke][0x2bf33145][03:51:09.702202] wlan: [873:I:GREEN_AP] wlan_green_ap_pdev_obj_create_notification: 106: Green AP creation successful, green ap ctx: 0000000000000000, pdev: 0000000000000000
01-01 08:00:38.403 0 0 I [kworke][0x2bf332ca][03:51:09.702222] wlan: [873:I:IPA] wlan_ipa_wdi_init: 540: ipa_over_gsi: 1, is_smmu_enabled: 1
01-01 08:00:38.404 0 0 I [kworke][0x2bf377cf][03:51:09.703142] wlan: [873:I:REGULATORY] reg_set_band: 483: set band bitmap: 3
01-01 08:00:38.404 0 0 I [kworke][0x2bf3819e][03:51:09.703273] wlan: [873:I:HIF] Initializing Runtime PM wakelock &ctx->dfs
01-01 08:00:38.404 0 0 I [kworke][0x2bf381df][03:51:09.703276] wlan: [873:I:HIF] Initializing Runtime PM wakelock &ctx->connect
01-01 08:00:38.404 0 0 I [kworke][0x2bf38216][03:51:09.703279] wlan: [873:I:HIF] Initializing Runtime PM wakelock &ctx->user
01-01 08:00:38.404 0 0 I [kworke][0x2bf38254][03:51:09.703282] wlan: [873:I:HIF] Initializing Runtime PM wakelock &scan_priv->runtime_pm_lock
01-01 08:00:38.404 0 0 I [kworke][0x2bf3834d][03:51:09.703295] wlan: [873:I:GREEN_AP] target_if_green_ap_register_egap_event_handler: 131: Set the Enhance Green AP event handler
01-01 08:00:38.404 0 0 E [kworke][0x2bf383d8][03:51:09.703303] wlan: [873:E:QDF] dp_peer_map_attach_wifi3: 10048: dp_peer_map_attach_wifi3 max_peers 55, max_ast_index: 144
01-01 08:00:38.420 0 0 I [kworke][0x2bf839e6][03:51:09.719384] wlan: [873:I:DP]
01-01 08:00:38.420 0 0 I : <=== cfg max peer id 55 ====>
01-01 08:00:38.420 0 0 I [kworke][0x2bf83a7e][03:51:09.719391] wlan: [873:I:DP]
01-01 08:00:38.420 0 0 I : <=== cfg max ast idx 144 ====>
01-01 08:00:38.420 0 0 I [kworke][0x2bf83ab8][03:51:09.719394] wlan: [873:I:DP] ast hash_elems: 512, max_ast_idx: 144
01-01 08:00:38.420 0 0 I [kworke][0x2bf83e4c][03:51:09.719442] wlan: [875:I:WMA] wma_wait_for_ready_event: 6926: FW ready event received
01-01 08:00:38.421 0 0 E [kworke][0x2bf870c2][03:51:09.720115] wlan: [875:E:WMI] send_action_oui_cmd_tlv: 220: Invalid action id
01-01 08:00:38.432 0 0 E [kworke][0x2bfb95f7][03:51:09.730851] wlan: [875:E:action_oui] ucfg_action_oui_send: 160: Failed to send: 7
01-01 08:00:38.443 0 0 E [kworke][0x2bfed493][03:51:09.741925] wlan: [875:E:WMI] send_action_oui_cmd_tlv: 220: Invalid action id
01-01 08:00:38.454 0 0 E [kworke][0x2c01f82a][03:51:09.752640] wlan: [875:E:action_oui] ucfg_action_oui_send: 160: Failed to send: 9
01-01 08:00:38.465 0 0 E [kworke][0x2c0536f6][03:51:09.763717] wlan: [875:E:HDD] hdd_action_oui_send: 13281: Failed to send one or all action_ouis
01-01 08:00:38.478 0 0 D cnss : dma-coherent is enabled
01-01 08:00:38.478 0 0 D cnss : IOMMU map: iova b0000000, len 4096
01-01 08:00:38.478 0 0 D cnss : IOMMU map: iova_addr b0000040
01-01 08:00:38.478 0 0 D cnss : dma-coherent is enabled
01-01 08:00:38.478 0 0 D cnss : IOMMU map: iova b0001000, len 4096
01-01 08:00:38.478 0 0 D cnss : IOMMU map: iova_addr b0001018
01-01 08:00:38.478 0 0 I [kworke][0x2c0933e5][03:51:09.777330] wlan: [875:I:SYS] Creating periodic timer for OLBC UPDATE CACHE TIMEOUT
01-01 08:00:38.478 0 0 E [kworke][0x2c09384f][03:51:09.777389] wlan: [875:E:TXRX] dp_rxdma_ring_config: 5022: DBS enabled max_mac_rings 2
01-01 08:00:38.490 0 0 E [kworke][0x2c0c99b2][03:51:09.788927] wlan: [875:E:TXRX] dp_rxdma_ring_config: 5033: pdev_id 0 max_mac_rings 2
01-01 08:00:38.501 0 0 E [kworke][0x2c0fecb3][03:51:09.800274] wlan: [875:E:TXRX] dp_rxdma_ring_config: 5050: mac_id 0
01-01 08:00:38.511 0 0 E [kworke][0x2c12d05a][03:51:09.810136] wlan: [875:E:TXRX] dp_rxdma_ring_config: 5050: mac_id 1
01-01 08:00:38.521 0 0 I [kworke][0x2c15b859][03:51:09.820056] wlan: [875:I:POLICY_MGR] policy_mgr_update_5g_scc_prefer: 398: overwrite pm_second_connection_pcl_dbs_2x2_table, index 2 mode 3 system prefer 0 new pcl 6
01-01 08:00:38.521 0 0 I [kworke][0x2c15b87f][03:51:09.820058] wlan: [875:I:POLICY_MGR] policy_mgr_update_5g_scc_prefer: 404: overwrite pm_second_connection_pcl_dbs_2x2_table, index 3 mode 3 system prefer 0 new pcl 6
01-01 08:00:38.521 0 0 E [kworke][0x2c15be7d][03:51:09.820138] wlan: [875:E:REGULATORY] reg_freq_width_to_chan_op_class: 512: no op class for frequency 5745
01-01 08:00:38.534 0 0 I [kworke][0x2c19a612][03:51:09.833465] wlan: [875:I:HIF] hif_pm_runtime_start: Enabling RUNTIME PM, Delay: 500 ms
01-01 08:00:38.535 0 0 E cnss_utils: WLAN MAC address is not set, type 0
01-01 08:00:38.541 0 0 W cnss_pci 0000: 01:00.0: Falling back to syfs fallback for: wlan/qca_cld/qca6390/wlan_mac.bin
03-14 03:51:09.841 1009 3054 W ActivityManager: Receiver with filter android.content.IntentFilter@5e4b618 already registered for pid 3265, callerPackage is com.baidu.input
01-01 08:00:38.543 0 0 I ueventd : firmware: loading 'wlan/qca_cld/qca6390/wlan_mac.bin' for '/devices/platform/soc/1c00000.qcom,pcie/pci0000:00/0000:00:00.0/0000:01:00.0/firmware/wlan!qca_cld!qca6390!wlan_mac.bin'
01-01 08:00:38.544 0 0 E ueventd : firmware: could not find firmware for wlan/qca_cld/qca6390/wlan_mac.bin
01-01 08:00:38.553 0 0 E ueventd : firmware: attempted /etc/firmware/wlan/qca_cld/qca6390/wlan_mac.bin, open failed: No such file or directory
03-14 03:51:09.875 1009 2856 D CompatibilityChangeReporter: Compat change id reported: 135634846; UID 1000; state: DISABLED
03-14 03:51:09.875 1009 2856 D CompatibilityChangeReporter: Compat change id reported: 177438394; UID 1000; state: DISABLED
01-01 08:00:38.565 0 0 E ueventd : firmware: attempted /odm/firmware/wlan/qca_cld/qca6390/wlan_mac.bin, open failed: No such file or directory
03-14 03:51:09.875 1009 2856 D CompatibilityChangeReporter: Compat change id reported: 135772972; UID 1000; state: DISABLED
03-14 03:51:09.875 1009 2856 D CompatibilityChangeReporter: Compat change id reported: 135754954; UID 1000; state: ENABLED
03-14 03:51:09.876 1009 2856 I backup_transport_lifecycle: [com.android.localtransport/.LocalTransportService,1]
01-01 08:00:38.577 0 0 E ueventd : firmware: attempted /vendor/firmware/wlan/qca_cld/qca6390/wlan_mac.bin, open failed: No such file or directory
03-14 03:51:09.883 1009 1195 I am_proc_start: [0,3599,1000,com.android.localtransport,service,{com.android.localtransport/com.android.localtransport.LocalTransportService}]
03-14 03:51:09.883 1009 1195 I ActivityManager: Start proc 3599:com.android.localtransport/1000 for service {com.android.localtransport/com.android.localtransport.LocalTransportService}
01-01 08:00:38.589 0 0 E ueventd : firmware: attempted /firmware/image/wlan/qca_cld/qca6390/wlan_mac.bin, open failed: No such file or directory
01-01 08:00:38.601 0 0 E ueventd : firmware: attempted /vendor/firmware_mnt/image/wlan/qca_cld/qca6390/wlan_mac.bin, open failed: No such file or directory
01-01 08:00:38.613 0 0 I binder : 3599:3599 ioctl 40046210 7fd9aef714 returned -22
01-01 08:00:38.614 0 0 I ueventd : loading /devices/platform/soc/1c00000.qcom,pcie/pci0000:00/0000:00:00.0/0000:01:00.0/firmware/wlan!qca_cld!qca6390!wlan_mac.bin took 71ms
01-01 08:00:38.614 0 0 I [kworke][0x2c310bc3][03:51:09.913328] wlan: [875:I:HDD] hdd_initialize_mac_address: 12589: using default MAC address
01-01 08:00:38.618 0 0 W cnss-daemon: no interop issues ap currently
01-01 08:00:38.620 0 0 D cnss : Host time = 38620440 us, device time = 2192900 us, offset = 36427540 us
03-14 03:51:09.917 868 868 I android.hardware.wifi@1.0-service: Wifi HAL started
03-14 03:51:09.922 1009 3054 I am_proc_bound: [0,3599,com.android.localtransport]
01-01 08:00:38.620 0 0 D cnss : Updated time sync regs [0x984] = 0x22bd714, [0x988] = 0x0
01-01 08:00:38.620 0 0 D cnss : Removing vote for Regulator vdd-wlan-rfa2
01-01 08:00:38.620 0 0 D cnss : Removing vote for Regulator vdd-wlan-rfa1
01-01 08:00:38.620 0 0 D cnss : Removing vote for Regulator vdd-wlan-dig
01-01 08:00:38.620 0 0 D cnss : Removing vote for Regulator vdd-wlan-aon
01-01 08:00:38.620 0 0 D cnss : Removing vote for Regulator vdd-wlan-io
01-01 08:00:38.620 0 0 D cnss : PM relax, state: 0x107, count: 0
01-01 08:00:38.621 0 0 I : Wifi Turning On from UI
01-01 08:00:38.622 0 0 I [wifi@1][0x2c33651c][03:51:09.921346] wlan: [868:I:DP] dp_vdev_attach_wifi3: wlan_cfg_ap_bridge_enabled 0
01-01 08:00:38.622 0 0 I [wifi@1][0x2c33686b][03:51:09.921390] wlan: [868:I:DP] 00000000: 1f 94 70 4f 79 49 e6 3c 43 9b 2d 95 f5 b7 7c c0
01-01 08:00:38.622 0 0 I [wifi@1][0x2c3368d8][03:51:09.921396] wlan: [868:I:DP] 00000010: 20 11 3f 13
01-01 08:00:38.622 0 0 I [wifi@1][0x2c336984][03:51:09.921405] wlan: [868:I:DP] 00000000: b3 7a 78 59 2d 11 ef 29 d0 fc f8 59 74 3b 0d 89
01-01 08:00:38.622 0 0 I [wifi@1][0x2c3369fb][03:51:09.921411] wlan: [868:I:DP] 00000010: 38 32 61 bf fa 5b 9a e6 b6 88 2d 48 d8 df 87 5d
01-01 08:00:38.622 0 0 I [wifi@1][0x2c336a64][03:51:09.921416] wlan: [868:I:DP] 00000020: 3c e9 6f 03 4b b8 d9 fd c9 7f b5 f7
03-14 03:51:09.925 1009 3054 D CompatibilityChangeReporter: Compat change id reported: 168419799; UID 1000; state: DISABLED
01-01 08:00:38.628 0 0 I IPv6 : ADDRCONF(NETDEV_UP): wlan0: link is not ready
01-01 08:00:38.632 0 0 I [lowi-s][0x2c361de7][03:51:09.930637] wlan: [1576:I:wifipos] wifi_pos_get_ch_info: 461: num channels: 26
01-01 08:00:38.633 0 0 E [wifi@1][0x2c36934c][03:51:09.932202] wlan: [3617:E:wifipos] wifi_pos_process_app_reg_req: 608: Received App Req Req pid(1283457892), len(16)
03-14 03:51:09.932 868 868 I android.hardware.wifi@1.0-service: Adding interface handle for p2p0
03-14 03:51:09.932 868 868 I android.hardware.wifi@1.0-service: Adding interface handle for wifi-aware0
03-14 03:51:09.932 868 868 I android.hardware.wifi@1.0-service: Adding interface handle for wlan0
03-14 03:51:09.932 868 868 W android.hardware.wifi@1.0-service: No active wlan interfaces in use! Using default
03-14 03:51:09.932 868 868 W android.hardware.wifi@1.0-service: No active wlan interfaces in use! Using default
01-01 08:00:38.647 0 0 I [wifi@1][0x2c3ac9c9][03:51:09.946582] wlan: [3617:I:wifipos] wifi_pos_get_ch_info: 461: num channels: 26
01-01 08:00:38.648 0 0 I [wifi@1][0x2c3ad64e][03:51:09.946750] wlan: [3617:I:wifipos] wifi_pos_get_ch_info: 461: num channels: 26
03-14 03:51:09.949 868 868 I android.hardware.wifi@1.0-service: Configured chip in mode 3
03-14 03:51:09.949 868 868 W android.hardware.wifi@1.0-service: No active wlan interfaces in use! Using default
03-14 03:51:09.950 1009 1661 I netstats_mobile_sample: [0,0,0,0,0,0,0,0,0,0,0,0,1678737069950]
03-14 03:51:09.950 1009 1661 I netstats_wifi_sample: [0,0,0,0,0,0,0,0,0,0,0,0,1678737069950]
03-14 03:51:09.952 1009 1009 I backup_transport_connection: [com.android.localtransport/.LocalTransportService,1]
03-14 03:51:09.952 1009 1009 I TransportClient: LocalTransportService#0: Notifying [TransportManager.registerTransport()] transport = IBackupTransport
03-14 03:51:09.953 1009 2856 D BackupTransportManager: Transport com.android.localtransport/.LocalTransportService registered
03-14 03:51:09.953 1009 2856 D BackupManagerService: [UserID:0] Transport com.android.localtransport/.LocalTransport registered 3093ms after first request (delay = 3000ms)
03-14 03:51:09.954 1009 2856 I backup_transport_lifecycle: [com.android.localtransport/.LocalTransportService,0]
03-14 03:51:09.954 1009 2856 I backup_transport_connection: [com.android.localtransport/.LocalTransportService,0]
03-14 03:51:09.955 1009 2856 I BackupManagerService: [UserID:0] Found 2 stale backup journal(s), scheduling.
03-14 03:51:09.956 1009 2856 V BackupManagerConstants: getKeyValueBackupIntervalMilliseconds(...) returns 14400000
03-14 03:51:09.956 1009 2856 V BackupManagerConstants: getKeyValueBackupFuzzMilliseconds(...) returns 600000
03-14 03:51:09.956 1009 2856 V BackupManagerConstants: getKeyValueBackupRequiredNetworkType(...) returns 1
03-14 03:51:09.956 1009 2856 V BackupManagerConstants: getKeyValueBackupRequireCharging(...) returns true
03-14 03:51:09.956 1009 2856 V KeyValueBackupJob: Scheduling k/v pass in 249 minutes
01-01 08:00:38.651 0 0 I [wifi@1][0x2c3bc811][03:51:09.949972] wlan: [868:I:DP] dp_vdev_attach_wifi3: wlan_cfg_ap_bridge_enabled 1
01-01 08:00:38.651 0 0 E [wifi@1][0x2c3bcf7f][03:51:09.950071] wlan: [868:E:PMO] pmo_register_wow_wakeup_events: 88: Skipping wake event configuration for vdev_opmode 16
01-01 08:00:38.665 0 0 E [wifi@1][0x2c400e69][03:51:09.964563] wlan: [868:E:SME] sme_get_nss_chain_shift: 4045: Device mode 16 invalid
03-14 03:51:09.963 1009 2856 I BackupManagerService: [UserID:0] Stale backup journals: Scheduled 8 package(s) total
03-14 03:51:09.967 1009 1661 I netstats_mobile_sample: [0,0,0,0,0,0,0,0,0,0,0,0,1678737069967]
03-14 03:51:09.967 1009 1661 I netstats_wifi_sample: [0,0,0,0,0,0,0,0,0,0,0,0,1678737069967]
03-14 03:51:09.975 1009 1188 I sysui_multi_action: [757,1717,758,1,759,0]
03-14 03:51:09.975 1009 1188 I sysui_multi_action: [757,1717,758,2,759,0]
03-14 03:51:09.975 1009 1188 I sysui_multi_action: [757,1717,758,3,759,0]
01-01 08:00:38.677 0 0 E [wifi@1][0x2c435fd8][03:51:09.975889] wlan: [868:E:SME] sme_get_nss_chain_shift: 4045: Device mode 16 invalid
01-01 08:00:38.689 0 0 I IPv6 : ADDRCONF(NETDEV_UP): wifi-aware0: link is not ready
03-14 03:51:09.994 1009 1920 D CompatibilityChangeReporter: Compat change id reported: 171306433; UID 1000; state: ENABLED
03-14 03:51:10.002 1343 1343 I wificond: createClientInterface: wiphy_index 0 iface_name wlan0
03-14 03:51:10.003 1343 1343 I wificond: create scanner for interface with index: 17
03-14 03:51:10.004 1343 1343 I wificond: subscribe scan result for interface with index: 17
03-14 03:51:10.005 1343 1343 I wificond: add channel type 0 support at wiphy index: 0
03-14 03:51:10.005 1343 1343 I wificond: add channel type 1 support at wiphy index: 0
03-14 03:51:10.044 1009 1201 W BatteryExternalStatsWorker: error reading modem stats:ERROR_PHONE_NOT_AVAILABLE
03-14 03:51:10.050 1009 1009 I Telecom : DefaultDialerCache: Refreshing default dialer for user 0: now null: DDC.oR@ABA
03-14 03:51:10.050 1009 1009 I Telecom : MissedCallNotifierImpl: reloadAfterBootComplete: user=0: TSBCR.oR@ABE
03-14 03:51:10.050 1009 1009 I Telecom : MissedCallNotifierImpl: reloadAfterBootComplete: user=0: TSBCR.oR@ABE
03-14 03:51:10.051 1009 1009 D CompatibilityChangeReporter: Compat change id reported: 135634846; UID 1000; state: DISABLED
03-14 03:51:10.051 1009 1009 D CompatibilityChangeReporter: Compat change id reported: 177438394; UID 1000; state: DISABLED
03-14 03:51:10.051 1009 1009 D CompatibilityChangeReporter: Compat change id reported: 135772972; UID 1000; state: DISABLED
03-14 03:51:10.051 1009 1009 D CompatibilityChangeReporter: Compat change id reported: 135754954; UID 1000; state: ENABLED
03-14 03:51:10.053 1009 1201 E KernelCpuSpeedReader: Failed to read cpu-freq: /sys/devices/system/cpu/cpu4/cpufreq/stats/time_in_state: open failed: ENOENT (No such file or directory)
03-14 03:51:10.053 1009 1201 E KernelCpuSpeedReader: Failed to read cpu-freq: /sys/devices/system/cpu/cpu0/cpufreq/stats/time_in_state: open failed: ENOENT (No such file or directory)
03-14 03:51:10.054 1009 1201 W BatteryStatsImpl: Attempted to remove untracked isolated uid (1037)
01-01 08:00:38.756 0 0 I init : starting service 'wpa_supplicant'...
01-01 08:00:38.756 0 0 I init : Created socket '/dev/socket/vendor_wpa_wlan0', mode 660, user 1010, group 1010
01-01 08:00:38.758 0 0 I init : Control message: Processed ctl.interface_start for 'android.hardware.wifi.supplicant@1.0::ISupplicant/default' from pid: 513 (/system/bin/hwservicemanager)
03-14 03:51:10.059 1009 1195 I am_proc_start: [0,3629,1000,com.android.dynsystem,broadcast,{com.android.dynsystem/com.android.dynsystem.BootCompletedReceiver}]
03-14 03:51:10.059 1009 1195 I ActivityManager: Start proc 3629:com.android.dynsystem/1000 for broadcast {com.android.dynsystem/com.android.dynsystem.BootCompletedReceiver}
01-01 08:00:38.779 0 0 I binder : 3629:3629 ioctl 40046210 7fd9aef714 returned -22
03-14 03:51:10.081 1009 2156 I am_proc_bound: [0,3629,com.android.dynsystem]
03-14 03:51:10.083 1009 2156 D CompatibilityChangeReporter: Compat change id reported: 168419799; UID 1000; state: DISABLED
03-14 03:51:10.097 1009 2156 W BluetoothManagerService: psc is not null in bindBluetoothProfileService
03-14 03:51:10.133 1009 2156 D CompatibilityChangeReporter: Compat change id reported: 135634846; UID 1000; state: DISABLED
03-14 03:51:10.134 1009 2156 D CompatibilityChangeReporter: Compat change id reported: 177438394; UID 1000; state: DISABLED
03-14 03:51:10.134 1009 2156 D CompatibilityChangeReporter: Compat change id reported: 135772972; UID 1000; state: DISABLED
03-14 03:51:10.134 1009 2156 D CompatibilityChangeReporter: Compat change id reported: 135754954; UID 1000; state: ENABLED
03-14 03:51:10.139 1009 1724 I am_uid_running: 10067
03-14 03:51:10.140 1009 1724 D CompatibilityChangeReporter: Compat change id reported: 135634846; UID 10067; state: DISABLED
03-14 03:51:10.140 1009 1724 D CompatibilityChangeReporter: Compat change id reported: 177438394; UID 10067; state: DISABLED
03-14 03:51:10.140 1009 1724 D CompatibilityChangeReporter: Compat change id reported: 135772972; UID 10067; state: DISABLED
03-14 03:51:10.140 1009 1724 D CompatibilityChangeReporter: Compat change id reported: 135754954; UID 10067; state: ENABLED
03-14 03:51:10.141 1009 1195 I am_proc_start: [0,3649,1000,com.android.dynsystem:dynsystem,service,{com.android.dynsystem/com.android.dynsystem.DynamicSystemInstallationService}]
03-14 03:51:10.141 1009 1195 I ActivityManager: Start proc 3649:com.android.dynsystem:dynsystem/1000 for service {com.android.dynsystem/com.android.dynsystem.DynamicSystemInstallationService}
03-14 03:51:10.142 1009 1195 D CompatibilityChangeReporter: Compat change id reported: 143937733; UID 10067; state: ENABLED
03-14 03:51:10.149 1009 1195 I am_proc_start: [0,3650,10067,com.android.inputmethod.latin,broadcast,{com.android.inputmethod.latin/com.android.inputmethod.latin.SystemBroadcastReceiver}]
03-14 03:51:10.149 1009 1195 I ActivityManager: Start proc 3650:com.android.inputmethod.latin/u0a67 for broadcast {com.android.inputmethod.latin/com.android.inputmethod.latin.SystemBroadcastReceiver}
01-01 08:00:38.855 0 0 I binder : 3649:3649 ioctl 40046210 7fd9aef714 returned -22
03-14 03:51:10.163 1009 1585 I am_proc_bound: [0,3649,com.android.dynsystem:dynsystem]
01-01 08:00:38.865 0 0 I binder : 3650:3650 ioctl 40046210 7fd9aef714 returned -22
03-14 03:51:10.168 1009 1585 I am_proc_bound: [0,3650,com.android.inputmethod.latin]
03-14 03:51:10.169 1009 1585 D CompatibilityChangeReporter: Compat change id reported: 168419799; UID 10067; state: DISABLED
03-14 03:51:10.173 1009 1585 I am_uid_active: 10067
03-14 03:51:10.212 2029 2029 I sysui_multi_action: [757,803,799,note_peek,802,1]
03-14 03:51:10.212 1009 1698 I GameModeConfig: isGameModeOn = false
03-14 03:51:10.212 1009 1698 I GameModeConfig: isGameModeOn = false
03-14 03:51:10.212 1009 1698 I GameModeConfig: isGameModeOn = false
03-14 03:51:10.212 1009 1698 I GameModeConfig: isGameModeOn = false
03-14 03:51:10.215 1009 2192 I sysui_multi_action: [757,127,758,1]
03-14 03:51:10.215 1009 2192 I sysui_multi_action: [757,804,799,note_load,801,1,802,1]
03-14 03:51:10.215 1009 2192 I notification_panel_revealed: 1
03-14 03:51:10.216 2029 2029 I sysui_heads_up_status: [-1|android|26|null|1000,1]
03-14 03:51:10.220 1009 2192 I sysui_multi_action: [757,128,758,1,793,4570,794,0,795,4570,796,32,798,1,806,android,857,USB,858,1,947,0,1395,2,1500,4493,1688,1]
03-14 03:51:10.220 1009 2192 I sysui_multi_action: [757,804,799,note_freshness,801,4570,802,1]
03-14 03:51:10.220 1009 2192 I notification_visibility: [-1|android|32|null|1000,1,4570,4570,0,1]
03-14 03:51:10.221 1009 2192 I DynamicSystemService: isInstalled(): false
03-14 03:51:10.278 1009 2156 I ActivityManager: Process com.android.inputmethod.latin (pid 3650) has died: fg RCVR
03-14 03:51:10.279 1009 2156 I am_proc_died: [0,3650,com.android.inputmethod.latin,0,11]
03-14 03:51:10.280 1009 2156 I am_broadcast_discard_app: [0,209029139,android.intent.action.BOOT_COMPLETED,15,ResolveInfo{6f39c9b com.android.inputmethod.latin/.SystemBroadcastReceiver m=0x108000}]
03-14 03:51:10.281 1009 2156 I am_uid_stopped: 10067
03-14 03:51:10.284 1009 1194 I am_uid_running: 10027
03-14 03:51:10.285 1009 1194 I ActivityManager: com.android.managedprovisioning is exempt from freezer
03-14 03:51:10.285 1009 1194 D CompatibilityChangeReporter: Compat change id reported: 135634846; UID 10027; state: DISABLED
03-14 03:51:10.285 1009 1194 D CompatibilityChangeReporter: Compat change id reported: 177438394; UID 10027; state: DISABLED
03-14 03:51:10.286 1009 1194 D CompatibilityChangeReporter: Compat change id reported: 135772972; UID 10027; state: DISABLED
03-14 03:51:10.286 1009 1194 D CompatibilityChangeReporter: Compat change id reported: 135754954; UID 10027; state: ENABLED
03-14 03:51:10.286 1009 1195 D CompatibilityChangeReporter: Compat change id reported: 143937733; UID 10027; state: ENABLED
03-14 03:51:10.292 1009 1195 I am_proc_start: [0,3686,10027,com.android.managedprovisioning,broadcast,{com.android.managedprovisioning/com.android.managedprovisioning.BootReminder}]
