03-14 03:56:29.384 7505 7505 I wm_on_destroy_called: [257016139,com.android.gallery3d.app.MovieActivity,performDestroy]
03-14 03:56:29.461 1009 1587 I input_interaction: Interaction with: 63b4ea0 com.android.music/com.android.music.VideoBrowserActivity (server), edge-swipe (server), swipe-up (server), PointerEventDispatcher0 (server),
01-01 08:05:58.803 0 0 E DTC_ETH,link_delay_work_func: 3003, SQI=0, link=0
01-01 08:05:59.124 0 0 I msm_vidc: err : ffffffff: .....: DBLP Set: status 0
03-14 03:56:30.967 0 0 I auditd : type=1400 audit(0.0:3379): avc: denied { kill } for comm="swapper/2" capability=5 scontext=u:r:kernel:s0 tcontext=u:r:kernel:s0 tclass=capability permissive=1
03-14 03:56:31.089 1009 2148 W FreeFormWindowHelper: Current Display FreeFormTask is null
03-14 03:56:31.089 1009 2148 W FreeFormWindowHelper: Current Display FreeFormTask is null
03-14 03:56:31.093 1009 3052 W FreeFormWindowHelper: Current Display FreeFormTask is null
03-14 03:56:31.094 1009 2148 I wm_task_moved: [1,0,0]
03-14 03:56:31.094 1009 2148 I wm_task_moved: [1,0,6]
03-14 03:56:31.098 1009 3052 W FreeFormWindowHelper: Current Display FreeFormTask is null
03-14 03:56:31.107 2625 2625 I wm_on_restart_called: [196755772,com.android.launcher3.uioverrides.QuickstepLauncher,performRestartActivity]
03-14 03:56:31.108 1009 2148 W FreeFormWindowHelper: Current Display FreeFormTask is null
03-14 03:56:31.108 1009 2156 W FreeFormWindowHelper: Current Display FreeFormTask is null
03-14 03:56:31.132 2625 2625 I wm_on_start_called: [196755772,com.android.launcher3.uioverrides.QuickstepLauncher,handleStartActivity]
03-14 03:56:31.136 1009 1724 W FreeFormWindowHelper: Current Display FreeFormTask is null
03-14 03:56:31.136 1009 1724 W FreeFormWindowHelper: Current Display FreeFormTask is null
03-14 03:56:31.142 1009 1724 W ActivityTaskManager: getTaskSnapshot: taskId=-636 not found
03-14 03:56:31.144 1009 1724 W ActivityTaskManager: getTaskSnapshot: taskId=-636 not found
03-14 03:56:31.151 1009 1180 I sysui_multi_action: [319,11,322,54,325,357,757,761,758,9,759,5,806,com.android.launcher3,871,com.android.launcher3.uioverrides.QuickstepLauncher,905,0,1320,4,1321,1]
03-14 03:56:31.151 3708 3708 I view_enqueue_input_event: [Motion - Cancel,com.android.music/com.android.music.VideoBrowserActivity]
03-14 03:56:31.152 2625 2625 I sysui_latency: [1,73]
03-14 03:56:31.153 1009 1180 D AutofillManagerService: Close system dialogs
03-14 03:56:31.157 1009 1184 I input_focus: [Focus request recents_animation_input_consumer,reason=UpdateInputWindows]
03-14 03:56:31.157 1009 1585 W FreeFormWindowHelper: Current Display FreeFormTask is null
03-14 03:56:31.157 1009 1585 W FreeFormWindowHelper: Current Display FreeFormTask is null
03-14 03:56:31.158 1009 1585 W FreeFormWindowHelper: Current Display FreeFormTask is null
03-14 03:56:31.159 1009 1724 W FreeFormWindowHelper: Current Display FreeFormTask is null
03-14 03:56:31.165 1009 1587 I input_interaction: Interaction with: edge-swipe (server), swipe-up (server), PointerEventDispatcher0 (server),
03-14 03:56:31.174 1009 2153 W FreeFormWindowHelper: Current Display FreeFormTask is null
03-14 03:56:31.174 1009 1587 I input_focus: [Focus leaving 63b4ea0 com.android.music/com.android.music.VideoBrowserActivity (server),reason=NOT_FOCUSABLE]
03-14 03:56:31.175 1009 1587 I input_focus: [Focus entering recents_animation_input_consumer (server),reason=setFocusedWindow]
03-14 03:56:31.175 1009 2153 W FreeFormWindowHelper: Current Display FreeFormTask is null
03-14 03:56:31.224 1009 1724 W FreeFormWindowHelper: Current Display FreeFormTask is null
03-14 03:56:31.224 1009 2153 W FreeFormWindowHelper: Current Display FreeFormTask is null
03-14 03:56:31.231 1009 1585 W ActivityTaskManager: getTaskSnapshot: taskId=-576 not found
03-14 03:56:31.233 1009 1724 W ActivityTaskManager: getTaskSnapshot: taskId=-576 not found
03-14 03:56:31.241 1009 1585 W FreeFormWindowHelper: Current Display FreeFormTask is null
03-14 03:56:31.241 1009 1724 W FreeFormWindowHelper: Current Display FreeFormTask is null
03-14 03:56:31.258 1009 2153 W FreeFormWindowHelper: Current Display FreeFormTask is null
03-14 03:56:31.258 1009 2153 W FreeFormWindowHelper: Current Display FreeFormTask is null
03-14 03:56:31.334 1009 1488 I commit_sys_config_file: [settings-1-0,4]
03-14 03:56:31.449 1009 1188 I sysui_latency: [8,75]
03-14 03:56:31.555 1009 1724 W FreeFormWindowHelper: Current Display FreeFormTask is null
03-14 03:56:31.555 1009 2153 W FreeFormWindowHelper: Current Display FreeFormTask is null
03-14 03:56:31.556 1009 1585 W FreeFormWindowHelper: Current Display FreeFormTask is null
03-14 03:56:31.869 1009 1585 I wm_task_moved: [1,1,7]
03-14 03:56:31.873 1009 1585 I wm_focused_root_task: [0,0,1,141,RecentsAnimation.onAnimationFinished()]
03-14 03:56:31.873 3708 3708 I wm_on_top_resumed_lost_called: [116519471,com.android.music.VideoBrowserActivity,topStateChangedWhenResumed]
03-14 03:56:31.874 1009 1585 I service_manager_stats: [100,62,26471]
03-14 03:56:31.876 1009 1585 I wm_pause_activity: [0,116519471,com.android.music/.VideoBrowserActivity,userLeaving=false,pauseBackTasks]
03-14 03:56:31.877 1009 1585 I ActivityTaskManager: FOREGROUND_APPLICATION_CHANGED to com.android.launcher3.uioverrides.QuickstepLauncher
03-14 03:56:31.878 1009 1585 I wm_set_resumed_activity: [0,com.android.launcher3/.uioverrides.QuickstepLauncher,resumeTopActivityInnerLocked]
03-14 03:56:31.880 1009 1585 I wm_resume_activity: [0,196755772,127,com.android.launcher3/.uioverrides.QuickstepLauncher]
03-14 03:56:31.880 1009 1585 I wm_add_to_stopping: [0,116519471,com.android.music/.VideoBrowserActivity,makeInvisible]
03-14 03:56:31.881 2625 2625 I wm_on_resume_called: [196755772,com.android.launcher3.uioverrides.QuickstepLauncher,RESUME_ACTIVITY]
03-14 03:56:31.888 1009 1184 I input_focus: [Focus request b68d17 com.android.launcher3/com.android.launcher3.uioverrides.QuickstepLauncher,reason=UpdateInputWindows]
03-14 03:56:31.888 1009 1183 I sysui_multi_action: [757,803,799,window_time_0,802,3]
03-14 03:56:31.891 1009 1585 W FreeFormWindowHelper: Current Display FreeFormTask is null
03-14 03:56:31.891 1009 3052 W FreeFormWindowHelper: Current Display FreeFormTask is null
03-14 03:56:31.892 3708 3708 I wm_on_paused_called: [116519471,com.android.music.VideoBrowserActivity,performPause]
03-14 03:56:31.893 1009 2156 W FreeFormWindowHelper: Current Display FreeFormTask is null
03-14 03:56:31.894 1009 1587 I input_focus: [Focus leaving recents_animation_input_consumer (server),reason=NOT_VISIBLE]
03-14 03:56:31.894 1009 1587 I input_focus: [Focus entering b68d17 com.android.launcher3/com.android.launcher3.uioverrides.QuickstepLauncher (server),reason=setFocusedWindow]
03-14 03:56:31.894 1009 3052 I wm_stop_activity: [0,116519471,com.android.music/.VideoBrowserActivity]
03-14 03:56:31.901 1009 1183 I sysui_multi_action: [757,803,799,window_time_0,802,0]
03-14 03:56:31.916 1009 1585 W FreeFormWindowHelper: Current Display FreeFormTask is null
03-14 03:56:31.916 1009 1585 W FreeFormWindowHelper: Current Display FreeFormTask is null
03-14 03:56:31.920 2625 2625 I wm_on_top_resumed_gained_called: [196755772,com.android.launcher3.uioverrides.QuickstepLauncher,topStateChangedWhenResumed]
03-14 03:56:31.920 3708 3708 I wm_on_stop_called: [116519471,com.android.music.VideoBrowserActivity,STOP_ACTIVITY_ITEM]
03-14 03:56:31.990 1009 3052 W FreeFormWindowHelper: Current Display FreeFormTask is null
03-14 03:56:32.109 1009 1488 I commit_sys_config_file: [settings-1-0,4]
03-14 03:56:32.313 1009 1587 I input_interaction: Interaction with: b68d17 com.android.launcher3/com.android.launcher3.uioverrides.QuickstepLauncher (server), 8c59581 com.android.systemui.ImageWallpaper (server), edge-swipe (server), swipe-up (server), PointerEventDispatcher0 (server),
03-14 03:56:32.400 1009 2881 E TaskPersister: File error accessing recents directory (directory doesn't exist?).
03-14 03:56:32.506 1009 2178 W FreeFormWindowHelper: Current Display FreeFormTask is null
01-01 08:06:01.363 0 0 E msm_pcm_playback_close: CMD_EOS failed, cmd_pending 0x8
03-14 03:56:32.822 1009 2156 W FreeFormWindowHelper: Current Display FreeFormTask is null
03-14 03:56:32.913 1009 2156 W ActivityTaskManager: Request to remove task ignored for non-existent task 137
03-14 03:56:32.914 1009 2156 I wm_finish_activity: [0,237468208,139,com.android.gallery3d/.app.GalleryActivity,recent-task-trimmed]
03-14 03:56:32.916 1009 2156 I wm_destroy_activity: [0,237468208,139,com.android.gallery3d/.app.GalleryActivity,finish-imm:finishIfPossible]
03-14 03:56:32.918 1009 2156 W ActivityTaskManager: Request to remove task ignored for non-existent task 140
03-14 03:56:32.918 1009 2156 I wm_finish_activity: [0,116519471,141,com.android.music/.VideoBrowserActivity,recent-task-trimmed]
03-14 03:56:32.919 1009 2156 I wm_destroy_activity: [0,116519471,141,com.android.music/.VideoBrowserActivity,finish-imm:finishIfPossible]
03-14 03:56:32.923 3708 3708 I wm_on_destroy_called: [116519471,com.android.music.VideoBrowserActivity,performDestroy]
03-14 03:56:32.927 1009 1183 I ActivityManager: Killing 7505:com.android.gallery3d/u0a64 (adj 0): remove task
03-14 03:56:32.927 7505 7505 I wm_on_destroy_called: [237468208,com.android.gallery3d.app.GalleryActivity,performDestroy]
03-14 03:56:32.928 1009 1183 I am_kill : [0,7505,com.android.gallery3d,0,remove task]
03-14 03:56:32.933 1009 1183 I sysui_multi_action: [757,803,799,window_time_0,802,1]
03-14 03:56:32.935 1009 1183 I ActivityManager: Killing 3708:com.android.music/u0a86 (adj 0): remove task
03-14 03:56:32.935 1009 1183 I am_kill : [0,3708,com.android.music,0,remove task]
03-14 03:56:32.935 1009 1585 I wm_task_removed: [141,removeChild:removeChild last r=ActivityRecord{6f1f22f u0 com.android.music/.VideoBrowserActivity t-1 f}} in t=Task{eb86310 #141 type=standard A=10086:android.task.video U=0 visible=false mode=fullscreen translucent=true sz=0}]
03-14 03:56:32.935 1009 1585 I wm_task_removed: [141,removeChild]
03-14 03:56:32.942 1009 1183 I sysui_multi_action: [757,803,799,window_time_0,802,0]
03-14 03:56:32.943 1009 1184 W ActivityTaskManager: Can't find TaskDisplayArea to determine support for multi window. Task id=141 attached=false
03-14 03:56:32.943 1009 1184 W ActivityTaskManager: Can't find TaskDisplayArea to determine support for multi window. Task id=141 attached=false
03-14 03:56:32.945 1009 1188 W UsageStatsService: Unexpected activity event reported! (com.android.music/com.android.music.VideoBrowserActivity event : 23 instanceId : 79064019)
03-14 03:56:32.948 1009 2881 E TaskPersister: File error accessing recents directory (directory doesn't exist?).
03-14 03:56:32.982 1009 1037 I WindowManager: WIN DEATH: Window{c8c65c7 u0 com.android.gallery3d/com.android.gallery3d.app.GalleryActivity}
03-14 03:56:32.985 1009 1585 I am_proc_died: [0,7505,com.android.gallery3d,0,10]
03-14 03:56:32.985 1009 1585 I am_uid_stopped: 10064
03-14 03:56:32.988 1009 1585 I wm_task_removed: [139,removeChild:removeChild last r=ActivityRecord{e277a30 u0 com.android.gallery3d/.app.GalleryActivity t-1 f}} in t=Task{2061be2 #139 type=standard A=10064:com.android.gallery3d U=0 visible=false mode=fullscreen translucent=true sz=0}]
03-14 03:56:32.988 1009 1585 I wm_task_removed: [139,removeChild]
03-14 03:56:32.990 1009 1184 W ActivityTaskManager: Can't find TaskDisplayArea to determine support for multi window. Task id=139 attached=false
03-14 03:56:32.990 1009 1184 W ActivityTaskManager: Can't find TaskDisplayArea to determine support for multi window. Task id=139 attached=false
03-14 03:56:32.992 1009 3052 I am_proc_died: [0,3708,com.android.music,0,10]
03-14 03:56:32.993 1009 3052 W ActivityManager: Scheduling restart of crashed service com.android.music/.MediaPlaybackService in 1000ms for start-requested
03-14 03:56:32.993 1009 3052 I am_schedule_service_restart: [0,com.android.music/.MediaPlaybackService,1000]
03-14 03:56:32.993 1009 3052 I am_uid_stopped: 10086
03-14 03:56:32.994 1009 1183 W ActivityManager: setHasOverlayUi called on unknown pid: 3708
03-14 03:56:32.996 1009 1183 W ActivityManager: setHasOverlayUi called on unknown pid: 7505
03-14 03:56:32.997 1009 1188 W UsageStatsService: Unexpected activity event reported! (com.android.gallery3d/com.android.gallery3d.app.GalleryActivity event : 23 instanceId : 200101974)
03-14 03:56:33.000 1009 1183 I am_uid_running: 10086
03-14 03:56:33.001 1009 1183 D CompatibilityChangeReporter: Compat change id reported: 135634846; UID 10086; state: DISABLED
03-14 03:56:33.001 1009 1183 D CompatibilityChangeReporter: Compat change id reported: 177438394; UID 10086; state: DISABLED
03-14 03:56:33.001 1009 1183 D CompatibilityChangeReporter: Compat change id reported: 135772972; UID 10086; state: DISABLED
03-14 03:56:33.001 1009 1183 D CompatibilityChangeReporter: Compat change id reported: 135754954; UID 10086; state: ENABLED
03-14 03:56:33.002 1009 1183 I am_uid_running: 10064
03-14 03:56:33.002 1009 1183 D CompatibilityChangeReporter: Compat change id reported: 135634846; UID 10064; state: DISABLED
03-14 03:56:33.002 1009 1183 D CompatibilityChangeReporter: Compat change id reported: 177438394; UID 10064; state: DISABLED
03-14 03:56:33.002 1009 1183 D CompatibilityChangeReporter: Compat change id reported: 135772972; UID 10064; state: DISABLED
03-14 03:56:33.002 1009 1183 D CompatibilityChangeReporter: Compat change id reported: 135754954; UID 10064; state: DISABLED
03-14 03:56:33.002 1009 1195 D CompatibilityChangeReporter: Compat change id reported: 143937733; UID 10086; state: ENABLED
03-14 03:56:33.010 1009 1195 I am_proc_start: [0,8885,10086,com.android.music,NULL,]
03-14 03:56:33.010 1009 1195 I ActivityManager: Start proc 8885:com.android.music/u0a86 for null
03-14 03:56:33.010 1009 1195 D CompatibilityChangeReporter: Compat change id reported: 143937733; UID 10064; state: DISABLED
03-14 03:56:33.018 1009 1195 I am_proc_start: [0,8886,10064,com.android.gallery3d,NULL,]
03-14 03:56:33.018 1009 1195 I ActivityManager: Start proc 8886:com.android.gallery3d/u0a64 for null
03-14 03:56:33.024 1009 1585 W FreeFormWindowHelper: Current Display FreeFormTask is null
01-01 08:06:01.742 0 0 I binder : 8885:8885 ioctl 40046210 7fd9aef714 returned -22
01-01 08:06:01.743 0 0 I binder : 8886:8886 ioctl 40046210 7fd9aef714 returned -22
03-14 03:56:33.047 1009 3052 I am_proc_bound: [0,8886,com.android.gallery3d]
03-14 03:56:33.053 1009 1585 I am_proc_bound: [0,8885,com.android.music]
01-01 08:06:02.003 0 0 E msm_pcm_playback_close: CMD_EOS failed, cmd_pending 0x8
03-14 03:56:33.321 1009 3052 D CompatibilityChangeReporter: Compat change id reported: 149924527; UID 10086; state: ENABLED
03-14 03:56:33.322 1009 3052 D CompatibilityChangeReporter: Compat change id reported: 132649864; UID 10086; state: DISABLED
03-14 03:56:33.322 1009 3052 D CompatibilityChangeReporter: Compat change id reported: 182734110; UID 10086; state: ENABLED
03-14 03:56:33.331 6881 6881 I auditd : type=1400 audit(0.0:3380): avc: denied { open } for comm="HCDN_DownloadEn" path="/proc/stat" dev="proc" ino=4026532236 scontext=u:r:untrusted_app:s0:c102,c256,c512,c768 tcontext=u:object_r:proc_stat:s0 tclass=file permissive=1 app=com.qiyi.video
03-14 03:56:33.331 6881 6881 I auditd : type=1400 audit(0.0:3381): avc: denied { getattr } for comm="HCDN_DownloadEn" path="/proc/stat" dev="proc" ino=4026532236 scontext=u:r:untrusted_app:s0:c102,c256,c512,c768 tcontext=u:object_r:proc_stat:s0 tclass=file permissive=1 app=com.qiyi.video
03-14 03:56:33.394 1009 3052 I ActivityManager: Killing 3316:android.process.acore/u0a18 (adj 995): empty #31
03-14 03:56:33.395 1009 3052 I am_kill : [0,3316,android.process.acore,995,empty #31]
03-14 03:56:33.422 1009 2635 D CountryDetector: No listener is left
03-14 03:56:33.423 1009 2156 I am_proc_died: [0,3316,android.process.acore,995,19]
03-14 03:56:33.424 1009 2156 I am_uid_stopped: 10018
03-14 03:56:33.436 1009 1698 I GameModeConfig: isGameModeOn = false
03-14 03:56:33.437 1009 1698 I GameModeConfig: isGameModeOn = false
03-14 03:56:33.437 1009 1698 I GameModeConfig: isGameModeOn = false
03-14 03:56:33.437 1009 1698 I GameModeConfig: isGameModeOn = false
03-14 03:56:33.471 1009 1009 I notification_enqueue: [10086,8885,com.android.music,1,NULL,0,Notification(channel=Channel-music shortcut=null contentView=null vibrate=null sound=null defaults=0x0 flags=0x0 color=0x00000000 category=transport actions=4 vis=PRIVATE),0]
03-14 03:56:33.472 1009 2635 W ActivityManager: Foreground service started from background can not have location/camera/microphone access: service com.android.music/.MediaPlaybackService
03-14 03:56:33.472 1009 2635 I ActivityManager: Background started FGS: Allowed [callingPackage: com.android.music; callingUid: 10086; uidState: SVC ; intent: Intent { cmp=com.android.music/.MediaPlaybackService }; code:SYSTEM_ALERT_WINDOW_PERMISSION; tempAllowListReason:<,reasonCode:SYSTEM_ALLOW_LISTED,duration:9223372036854775807,callingUid:-1>; targetSdkVersion:31; callerTargetSdkVersion:31; startForegroundCount:1; bindFromPackage:null]
03-14 03:56:33.474 1009 2635 I am_uid_active: 10086
03-14 03:56:33.479 1009 1009 I sysui_multi_action: [757,128,758,5,759,8,793,10,794,0,795,10,796,1,806,com.android.music,857,Channel-music,858,2,947,0,1500,10,1641,transport,1688,1,1745,1043716538]
03-14 03:56:33.479 1009 1009 I notification_canceled: [0|com.android.music|1|null|10086,8,10,10,0,-1,-1,NULL]
03-14 03:56:33.479 1009 1009 I notification_enqueue: [10086,8885,com.android.music,1,NULL,0,Notification(channel=Channel-music shortcut=null contentView=null vibrate=null sound=null defaults=0x0 flags=0x40 color=0x00000000 category=transport actions=4 vis=PRIVATE),0]
03-14 03:56:33.672 1009 1009 I sysui_multi_action: [757,1501,758,1,793,196,794,0,795,196,796,1,806,com.android.music,857,Channel-music,858,2,947,0,1500,0,1641,transport,1688,1,1745,1043716538]
03-14 03:56:33.672 1009 1009 I sysui_multi_action: [757,804,799,note_interruptive,801,0,802,1]
03-14 03:56:33.673 1009 1009 I GameModeConfig: isGameModeOn = false
03-14 03:56:33.675 1009 1009 W NotificationHistory: Attempted to add notif for locked/gone/disabled user 0
03-14 03:56:33.681 1009 1009 I NotificationService: Cannot find enqueued record for key: 0|com.android.music|1|null|10086
03-14 03:56:33.713 1009 1009 I sysui_multi_action: [757,128,758,5,759,8,793,29141,794,0,795,29141,796,1,797,empty_media,806,com.android.systemui,857,empty_media_style_id,858,4,946,empty_media,947,0,1500,28939,1641,transport,1688,1,1745,1043716538]
03-14 03:56:33.714 1009 1009 I notification_canceled: [0|com.android.systemui|1|empty_media|10078,8,29141,29141,0,-1,-1,NULL]
03-14 03:56:33.784 1009 2156 W FreeFormWindowHelper: exitRecentTasks type=0
03-14 03:56:33.967 0 0 I auditd : type=1400 audit(0.0:3382): avc: denied { kill } for comm="swapper/2" capability=5 scontext=u:r:kernel:s0 tcontext=u:r:kernel:s0 tclass=capability permissive=1
03-14 03:56:34.967 0 0 I auditd : type=1400 audit(0.0:3383): avc: denied { kill } for comm="swapper/2" capability=5 scontext=u:r:kernel:s0 tcontext=u:r:kernel:s0 tclass=capability permissive=1
01-01 08:06:03.923 0 0 E DTC_ETH,link_delay_work_func: 3003, SQI=0, link=0
03-14 03:56:35.990 1009 2881 E TaskPersister: File error accessing recents directory (directory doesn't exist?).
01-01 08:06:09.043 0 0 E DTC_ETH,link_delay_work_func: 3003, SQI=0, link=0
03-14 03:56:40.384 1009 2156 I am_uid_running: 90000
03-14 03:56:40.384 1009 2156 D CompatibilityChangeReporter: Compat change id reported: 135634846; UID 10033; state: DISABLED
03-14 03:56:40.384 1009 2156 D CompatibilityChangeReporter: Compat change id reported: 177438394; UID 10033; state: DISABLED
03-14 03:56:40.385 1009 2156 D CompatibilityChangeReporter: Compat change id reported: 135772972; UID 10033; state: DISABLED
03-14 03:56:40.385 1009 2156 D CompatibilityChangeReporter: Compat change id reported: 135754954; UID 10033; state: ENABLED
03-14 03:56:40.385 1009 1195 D CompatibilityChangeReporter: Compat change id reported: 143937733; UID 10033; state: ENABLED
03-14 03:56:40.538 1009 1195 W ActivityManager: Slow operation: 154ms so far, now at startProcess: returned from zygote!
03-14 03:56:40.538 1009 1195 W ActivityManager: Slow operation: 155ms so far, now at startProcess: done updating battery stats
03-14 03:56:40.538 1009 1195 I am_proc_start: [0,8946,90000,com.microsoft.emmx:sandboxed_process0:org.chromium.content.app.SandboxedProcessService0:3,,{com.microsoft.emmx/org.chromium.content.app.SandboxedProcessService0:3}]
03-14 03:56:40.538 1009 1195 W ActivityManager: Slow operation: 155ms so far, now at startProcess: building log message
03-14 03:56:40.538 1009 1195 I ActivityManager: Start proc 8946:com.microsoft.emmx:sandboxed_process0:org.chromium.content.app.SandboxedProcessService0:3/u0ai0 for {com.microsoft.emmx/org.chromium.content.app.SandboxedProcessService0:3}
03-14 03:56:40.538 1009 1195 W ActivityManager: Slow operation: 155ms so far, now at startProcess: starting to update pids map
03-14 03:56:40.539 1009 1195 W ActivityManager: Slow operation: 155ms so far, now at startProcess: done updating pids map
01-01 08:06:09.264 0 0 I binder : 8946:8946 ioctl 40046210 7fd9aee984 returned -22
03-14 03:56:40.570 1009 2156 I am_proc_bound: [0,8946,com.microsoft.emmx:sandboxed_process0:org.chromium.content.app.SandboxedProcessService0:3]
03-14 03:56:40.572 1009 2156 D CompatibilityChangeReporter: Compat change id reported: 168419799; UID 10033; state: DISABLED
03-14 03:56:40.583 6881 6881 I auditd : type=1400 audit(0.0:3384): avc: denied { open } for comm="HCDN_DownloadEn" path="/proc/stat" dev="proc" ino=4026532236 scontext=u:r:untrusted_app:s0:c102,c256,c512,c768 tcontext=u:object_r:proc_stat:s0 tclass=file permissive=1 app=com.qiyi.video
03-14 03:56:40.583 6881 6881 I auditd : type=1400 audit(0.0:3385): avc: denied { getattr } for comm="HCDN_DownloadEn" path="/proc/stat" dev="proc" ino=4026532236 scontext=u:r:untrusted_app:s0:c102,c256,c512,c768 tcontext=u:object_r:proc_stat:s0 tclass=file permissive=1 app=com.qiyi.video
03-14 03:56:40.967 0 0 I auditd : type=1400 audit(0.0:3386): avc: denied { kill } for comm="swapper/2" capability=5 scontext=u:r:kernel:s0 tcontext=u:r:kernel:s0 tclass=capability permissive=1
01-01 08:06:14.163 0 0 E DTC_ETH,link_delay_work_func: 3003, SQI=0, link=0
03-14 03:56:46.222 1009 1188 I ActivityManager: Killing 3629:com.android.dynsystem/1000 (adj 995): empty #31
03-14 03:56:46.222 1009 1188 I am_kill : [0,3629,com.android.dynsystem,995,empty #31]
03-14 03:56:46.245 1009 1037 I am_proc_died: [0,3629,com.android.dynsystem,995,19]
03-14 03:56:46.255 1009 1188 I am_pss : [8885,10086,com.android.music,10591232,7843840,0,106594304,0,4,7]
03-14 03:56:48.471 1009 2156 I thunderperf: PlatormCompat.setOverrides: Uid1=10074 Pid1=2625 Uid2=10074 Pid2=2625
03-14 03:56:48.471 1009 2156 I thunderperf: PlatormCompat.setOverrides: needCheck:false
03-14 03:56:48.471 1009 2156 I thunderperf: CompatConfig.addOverrideUnsafe: bef-state=0
03-14 03:56:48.471 1009 2156 I thunderperf: CompatConfig.addOverrideUnsafe: aft-state=0
03-14 03:56:48.472 1009 2156 I thunderperf: CompatConfig.addOverrideUnsafe: bef-state=0
03-14 03:56:48.472 1009 2156 I thunderperf: CompatConfig.addOverrideUnsafe: aft-state=0
03-14 03:56:48.472 1009 2156 I thunderperf: CompatConfig.addOverrideUnsafe: bef-state=0
03-14 03:56:48.472 1009 2156 I thunderperf: CompatConfig.addOverrideUnsafe: aft-state=0
03-14 03:56:48.472 1009 2156 I thunderperf: CompatConfig.addOverrideUnsafe: bef-state=0
03-14 03:56:48.472 1009 2156 I thunderperf: CompatConfig.addOverrideUnsafe: aft-state=0
03-14 03:56:48.473 1009 2156 I thunderperf: CompatConfig.addOverrideUnsafe: bef-state=0
03-14 03:56:48.473 1009 2156 I thunderperf: CompatConfig.addOverrideUnsafe: aft-state=0
03-14 03:56:48.473 1009 2156 I thunderperf: CompatConfig.addOverrideUnsafe: bef-state=0
03-14 03:56:48.473 1009 2156 I thunderperf: CompatConfig.addOverrideUnsafe: aft-state=0
03-14 03:56:48.473 1009 2156 I thunderperf: CompatConfig.addOverrideUnsafe: bef-state=0
03-14 03:56:48.473 1009 2156 I thunderperf: CompatConfig.addOverrideUnsafe: aft-state=0
03-14 03:56:48.474 1009 2156 I thunderperf: CompatConfig.addOverrideUnsafe: bef-state=0
03-14 03:56:48.474 1009 2156 I thunderperf: CompatConfig.addOverrideUnsafe: aft-state=0
03-14 03:56:48.474 1009 2156 I thunderperf: CompatConfig.addOverrideUnsafe: bef-state=0
03-14 03:56:48.474 1009 2156 I thunderperf: CompatConfig.addOverrideUnsafe: aft-state=0
03-14 03:56:48.474 1009 2156 I thunderperf: CompatConfig.addOverrideUnsafe: bef-state=0
03-14 03:56:48.474 1009 2156 I thunderperf: CompatConfig.addOverrideUnsafe: aft-state=0
03-14 03:56:48.475 1009 2156 I thunderperf: CompatConfig.addOverrideUnsafe: bef-state=0
03-14 03:56:48.475 1009 2156 I thunderperf: CompatConfig.addOverrideUnsafe: aft-state=0
03-14 03:56:48.475 1009 2156 I thunderperf: CompatConfig.addOverrideUnsafe: bef-state=0
03-14 03:56:48.475 1009 2156 I thunderperf: CompatConfig.addOverrideUnsafe: aft-state=0
03-14 03:56:48.475 1009 2156 I thunderperf: CompatConfig.addOverrideUnsafe: bef-state=0
03-14 03:56:48.475 1009 2156 I thunderperf: CompatConfig.addOverrideUnsafe: aft-state=0
03-14 03:56:48.476 1009 2156 I thunderperf: CompatConfig.addOverrideUnsafe: bef-state=0
03-14 03:56:48.476 1009 2156 I thunderperf: CompatConfig.addOverrideUnsafe: aft-state=0
03-14 03:56:48.482 1009 2156 I ActivityTaskManager: START u0 {act=android.intent.action.MAIN cat=[android.intent.category.LAUNCHER] flg=0x10200000 cmp=com.android.documentsui/.LauncherActivity} from uid 10074
03-14 03:56:48.487 1009 2156 I wm_task_created: [142,-1]
03-14 03:56:48.487 1009 2156 W ActivityTaskManager: Can't find TaskDisplayArea to determine support for multi window. Task id=142 attached=false
03-14 03:56:48.487 1009 2156 D FreeFormWindowHelper: Add freeform task=Task{cf066a4 #142 type=standard ?? U=0 visible=false mode=freeform translucent=true sz=0}
03-14 03:56:48.489 1009 2156 I wm_task_moved: [142,1,6]
03-14 03:56:48.489 1009 2156 I wm_task_to_front: [0,142]
03-14 03:56:48.489 1009 2156 I wm_create_task: [0,142]
03-14 03:56:48.489 1009 2156 I wm_create_activity: [0,142203917,142,com.android.documentsui/.LauncherActivity,android.intent.action.MAIN,NULL,NULL,270532608]
03-14 03:56:48.490 1009 2156 I wm_task_moved: [142,1,6]
03-14 03:56:48.490 1009 2156 V SplashScreenExceptionList: SplashScreen checking exception for package com.android.documentsui (target sdk:30) -> false
03-14 03:56:48.490 1009 2156 I ActivityTaskManager: FOREGROUND_APPLICATION_CHANGED to com.android.documentsui.files.LauncherActivity
03-14 03:56:48.490 1009 2156 I ActivityTaskManager: The Process com.android.documentsui Already Exists in BG. So sending its PID: 7628
03-14 03:56:48.490 1009 2156 W ActivityTaskManager: Tried to set launchTime (0) < mLastActivityLaunchTime (136681)
03-14 03:56:48.491 1009 2156 I wm_restart_activity: [0,142203917,142,com.android.documentsui/.LauncherActivity]
03-14 03:56:48.491 1009 2156 I wm_set_resumed_activity: [0,com.android.documentsui/.LauncherActivity,minimalResumeActivityLocked]
03-14 03:56:48.493 1009 1183 I am_uid_active: 10023
03-14 03:56:48.495 2625 2625 I wm_on_top_resumed_lost_called: [196755772,com.android.launcher3.uioverrides.QuickstepLauncher,topStateChangedWhenResumed]
03-14 03:56:48.498 1009 1585 I thunderperf: PlatormCompat.setOverrides: Uid1=10023 Pid1=7628 Uid2=10023 Pid2=7628
03-14 03:56:48.498 1009 1585 I thunderperf: PlatormCompat.setOverrides: needCheck:false
03-14 03:56:48.498 1009 1585 I thunderperf: CompatConfig.addOverrideUnsafe: bef-state=0
03-14 03:56:48.498 1009 1585 I thunderperf: CompatConfig.addOverrideUnsafe: aft-state=0
03-14 03:56:48.498 1009 1585 I thunderperf: CompatConfig.addOverrideUnsafe: bef-state=0
03-14 03:56:48.498 1009 1585 I thunderperf: CompatConfig.addOverrideUnsafe: aft-state=0
03-14 03:56:48.498 1009 1585 I thunderperf: CompatConfig.addOverrideUnsafe: bef-state=0
03-14 03:56:48.498 1009 1585 I thunderperf: CompatConfig.addOverrideUnsafe: aft-state=0
03-14 03:56:48.498 1009 1585 I thunderperf: CompatConfig.addOverrideUnsafe: bef-state=0
03-14 03:56:48.498 1009 1585 I thunderperf: CompatConfig.addOverrideUnsafe: aft-state=0
03-14 03:56:48.498 1009 1585 I thunderperf: CompatConfig.addOverrideUnsafe: bef-state=0
03-14 03:56:48.498 1009 1585 I thunderperf: CompatConfig.addOverrideUnsafe: aft-state=0
03-14 03:56:48.499 1009 1585 I thunderperf: CompatConfig.addOverrideUnsafe: bef-state=0
03-14 03:56:48.499 1009 1585 I thunderperf: CompatConfig.addOverrideUnsafe: aft-state=0
03-14 03:56:48.499 1009 1585 I thunderperf: CompatConfig.addOverrideUnsafe: bef-state=0
03-14 03:56:48.499 1009 1585 I thunderperf: CompatConfig.addOverrideUnsafe: aft-state=0
03-14 03:56:48.499 1009 1585 I thunderperf: CompatConfig.addOverrideUnsafe: bef-state=0
03-14 03:56:48.499 1009 1585 I thunderperf: CompatConfig.addOverrideUnsafe: aft-state=0
03-14 03:56:48.499 1009 1585 I thunderperf: CompatConfig.addOverrideUnsafe: bef-state=0
03-14 03:56:48.499 1009 1585 I thunderperf: CompatConfig.addOverrideUnsafe: aft-state=0
03-14 03:56:48.499 1009 1585 I thunderperf: CompatConfig.addOverrideUnsafe: bef-state=0
03-14 03:56:48.499 1009 1585 I thunderperf: CompatConfig.addOverrideUnsafe: aft-state=0
03-14 03:56:48.499 1009 1585 I thunderperf: CompatConfig.addOverrideUnsafe: bef-state=0
03-14 03:56:48.499 1009 1585 I thunderperf: CompatConfig.addOverrideUnsafe: aft-state=0
03-14 03:56:48.500 1009 1585 I thunderperf: CompatConfig.addOverrideUnsafe: bef-state=0
03-14 03:56:48.500 1009 1585 I thunderperf: CompatConfig.addOverrideUnsafe: aft-state=0
03-14 03:56:48.500 1009 1585 I thunderperf: CompatConfig.addOverrideUnsafe: bef-state=0
03-14 03:56:48.500 1009 1585 I thunderperf: CompatConfig.addOverrideUnsafe: aft-state=0
03-14 03:56:48.500 1009 1585 I thunderperf: CompatConfig.addOverrideUnsafe: bef-state=0
03-14 03:56:48.500 1009 1585 I thunderperf: CompatConfig.addOverrideUnsafe: aft-state=0
03-14 03:56:48.502 1009 1585 I ActivityTaskManager: START u0 {dat=//com.android.documentsui.launchControl flg=0x10200000 cmp=com.android.documentsui/.files.FilesActivity (has extras)} from uid 10023
03-14 03:56:48.503 1009 1585 I wm_task_created: [143,-1]
03-14 03:56:48.503 1009 1585 W ActivityTaskManager: Can't find TaskDisplayArea to determine support for multi window. Task id=143 attached=false
03-14 03:56:48.504 1009 1585 D FreeFormWindowHelper: finish old freeform task = ActivityRecord{879dc0d u0 com.android.documentsui/.LauncherActivity t142}
03-14 03:56:48.504 1009 1585 I wm_finish_activity: [0,142203917,142,com.android.documentsui/.LauncherActivity,app-request]
03-14 03:56:48.504 1009 1585 I wm_task_moved: [1,1,7]
03-14 03:56:48.504 1009 1585 I wm_set_resumed_activity: [0,com.android.launcher3/.uioverrides.QuickstepLauncher,positionChildAt]
03-14 03:56:48.504 1009 1585 I wm_task_moved: [127,1,2147483647]
03-14 03:56:48.504 1009 1585 I wm_task_to_front: [0,127]
03-14 03:56:48.504 1009 1585 I wm_focused_root_task: [0,0,1,-1,finish-top adjustFocusToNextFocusableTask]
03-14 03:56:48.504 1009 1585 I wm_set_resumed_activity: [0,com.android.launcher3/.uioverrides.QuickstepLauncher,finish-top]
03-14 03:56:48.504 1009 1585 I wm_pause_activity: [0,142203917,com.android.documentsui/.LauncherActivity,userLeaving=false,finish]
03-14 03:56:48.504 1009 1585 D FreeFormWindowHelper: Add freeform task=Task{c9a902f #143 type=standard ?? U=0 visible=false mode=freeform translucent=true sz=0}
03-14 03:56:48.506 1009 1585 I wm_task_moved: [143,1,7]
03-14 03:56:48.506 1009 1585 I wm_task_to_front: [0,143]
03-14 03:56:48.506 1009 1585 I wm_focused_root_task: [0,0,143,1,reuseOrNewTask]
03-14 03:56:48.506 1009 1585 I wm_create_task: [0,143]
03-14 03:56:48.506 1009 1585 I wm_create_activity: [0,152561212,143,com.android.documentsui/.files.FilesActivity,NULL,NULL,//com.android.documentsui.launchControl,271056896]
03-14 03:56:48.506 1009 1585 I wm_task_moved: [143,1,7]
03-14 03:56:48.507 1009 1585 V SplashScreenExceptionList: SplashScreen checking exception for package com.android.documentsui (target sdk:30) -> false
03-14 03:56:48.507 1009 2156 W ActivityTaskManager: Finishing task with all activities already finished
03-14 03:56:48.507 1009 2156 W ActivityTaskManager: Duplicate finish request for r=ActivityRecord{879dc0d u0 com.android.documentsui/.LauncherActivity t142 f}}
03-14 03:56:48.508 7628 7628 I wm_on_create_called: [142203917,com.android.documentsui.LauncherActivity,performCreate]
03-14 03:56:48.508 1009 1184 I input_focus: [Focus request b68d17 com.android.launcher3/com.android.launcher3.uioverrides.QuickstepLauncher,reason=UpdateInputWindows]
03-14 03:56:48.511 1009 2195 I wm_add_to_stopping: [0,142203917,com.android.documentsui/.LauncherActivity,completeFinishing]
03-14 03:56:48.511 1009 2195 I ActivityTaskManager: FOREGROUND_APPLICATION_CHANGED to com.android.documentsui.files.FilesActivity
03-14 03:56:48.511 1009 2195 I ActivityTaskManager: The Process com.android.documentsui Already Exists in BG. So sending its PID: 7628
03-14 03:56:48.511 1009 2195 W ActivityTaskManager: Tried to set launchTime (0) < mLastActivityLaunchTime (374965)
03-14 03:56:48.512 1009 2195 I wm_restart_activity: [0,152561212,143,com.android.documentsui/.files.FilesActivity]
03-14 03:56:48.512 1009 2195 I wm_set_resumed_activity: [0,com.android.documentsui/.files.FilesActivity,minimalResumeActivityLocked]
03-14 03:56:48.513 1009 1183 I wm_destroy_activity: [0,142203917,142,com.android.documentsui/.LauncherActivity,finish-imm:idle]
03-14 03:56:48.516 1009 1183 I sysui_multi_action: [757,803,799,window_time_0,802,15]
03-14 03:56:48.542 7628 7628 I wm_on_create_called: [152561212,com.android.documentsui.files.FilesActivity,performCreate]
03-14 03:56:48.543 7628 7628 I wm_on_start_called: [152561212,com.android.documentsui.files.FilesActivity,handleStartActivity]
03-14 03:56:48.543 7628 7628 I wm_on_resume_called: [152561212,com.android.documentsui.files.FilesActivity,RESUME_ACTIVITY]
03-14 03:56:48.545 1009 2195 I am_uid_active: 10028
03-14 03:56:48.551 7628 7628 I wm_on_top_resumed_gained_called: [152561212,com.android.documentsui.files.FilesActivity,topStateChangedWhenResumed]
03-14 03:56:48.552 7628 7628 I wm_on_destroy_called: [142203917,com.android.documentsui.LauncherActivity,performDestroy]
03-14 03:56:48.552 1009 2156 I wm_task_removed: [142,removeChild:removeChild last r=ActivityRecord{879dc0d u0 com.android.documentsui/.LauncherActivity t-1 f}} in t=Task{cf066a4 #142 type=standard A=10023:com.android.documentsui U=0 visible=false mode=freeform translucent=true sz=0}]
03-14 03:56:48.552 1009 2156 I wm_task_removed: [142,removeChild]
03-14 03:56:48.553 1009 2195 I am_uid_active: 10017
03-14 03:56:48.559 1009 2156 W WindowManager: updateScale : 0.79357797
03-14 03:56:48.560 1009 1184 I input_focus: [Focus request d4a004b com.android.documentsui/com.android.documentsui.files.FilesActivity,reason=UpdateInputWindows]
03-14 03:56:48.578 1009 1184 W WindowManager: updateScale : 0.79357797
03-14 03:56:48.580 1009 1184 W WindowManager: updateScale : 0.79357797
03-14 03:56:48.581 1009 1184 W WindowManager: updateScale : 0.79357797
03-14 03:56:48.581 1009 1180 I sysui_multi_action: [319,97,322,97,325,374,757,761,758,8,759,2,806,com.android.documentsui,871,com.android.documentsui.files.FilesActivity,904,com.android.documentsui,905,0,1320,4,1321,1]
03-14 03:56:48.581 1009 1180 I wm_activity_launch_time: [0,152561212,com.android.documentsui/.files.FilesActivity,97]
03-14 03:56:48.582 1009 2156 W WindowManager: updateScale : 0.79357797
03-14 03:56:48.584 1009 1587 I input_focus: [Focus leaving b68d17 com.android.launcher3/com.android.launcher3.uioverrides.QuickstepLauncher (server),reason=setFocusedWindow]
03-14 03:56:48.584 1009 1587 I input_focus: [Focus entering d4a004b com.android.documentsui/com.android.documentsui.files.FilesActivity (server),reason=setFocusedWindow]
03-14 03:56:48.598 1009 2156 W WindowManager: updateScale : 0.79357797
03-14 03:56:48.614 1009 2635 W FreeFormWindowHelper: Current Display FreeFormTask is Task{c9a902f #143 type=standard A=10023:com.android.documentsui U=0 visible=true mode=freeform translucent=false sz=1}
03-14 03:56:48.614 1009 2635 W FreeFormWindowHelper: Current Display FreeFormTask is Task{c9a902f #143 type=standard A=10023:com.android.documentsui U=0 visible=true mode=freeform translucent=false sz=1}
03-14 03:56:48.615 1009 8883 W FreeFormWindowHelper: Current Display FreeFormTask is Task{c9a902f #143 type=standard A=10023:com.android.documentsui U=0 visible=true mode=freeform translucent=false sz=1}
03-14 03:56:48.617 1009 2156 W FreeFormWindowHelper: Current Display FreeFormTask is Task{c9a902f #143 type=standard A=10023:com.android.documentsui U=0 visible=true mode=freeform translucent=false sz=1}
03-14 03:56:48.618 1009 2156 W FreeFormWindowHelper: Current Display FreeFormTask is Task{c9a902f #143 type=standard A=10023:com.android.documentsui U=0 visible=true mode=freeform translucent=false sz=1}
03-14 03:56:48.619 1009 2156 W WindowManager: updateScale : 0.79357797
03-14 03:56:48.632 1009 2156 W WindowManager: updateScale : 0.79357797
03-14 03:56:48.652 1009 2156 W WindowManager: updateScale : 0.79357797
03-14 03:56:48.666 1009 2156 W WindowManager: updateScale : 0.79357797
03-14 03:56:48.682 1009 2156 W WindowManager: updateScale : 0.79357797
03-14 03:56:48.695 6881 6881 I auditd : type=1400 audit(0.0:3387): avc: denied { open } for comm="HCDN_DownloadEn" path="/proc/stat" dev="proc" ino=4026532236 scontext=u:r:untrusted_app:s0:c102,c256,c512,c768 tcontext=u:object_r:proc_stat:s0 tclass=file permissive=1 app=com.qiyi.video
03-14 03:56:48.695 6881 6881 I auditd : type=1400 audit(0.0:3388): avc: denied { getattr } for comm="HCDN_DownloadEn" path="/proc/stat" dev="proc" ino=4026532236 scontext=u:r:untrusted_app:s0:c102,c256,c512,c768 tcontext=u:object_r:proc_stat:s0 tclass=file permissive=1 app=com.qiyi.video
03-14 03:56:48.850 1009 1184 W WindowManager: updateScale : 0.79357797
03-14 03:56:49.702 1009 1587 I input_interaction: Interaction with: d4a004b com.android.documentsui/com.android.documentsui.files.FilesActivity (server), edge-swipe (server), swipe-up (server), PointerEventDispatcher0 (server),
03-14 03:56:49.838 1009 2635 D FreeFormWindowHelper: Remove freefrom task=Task{c9a902f #143 type=standard A=10023:com.android.documentsui U=0 visible=true mode=fullscreen translucent=false sz=1}
03-14 03:56:49.842 1009 2635 I wm_relaunch_resume_activity: [0,152561212,143,com.android.documentsui/.files.FilesActivity]
03-14 03:56:49.843 1009 2635 I wm_add_to_stopping: [0,196755772,com.android.launcher3/.uioverrides.QuickstepLauncher,makeInvisible]
03-14 03:56:49.848 7628 7628 I wm_on_top_resumed_lost_called: [152561212,com.android.documentsui.files.FilesActivity,pausing]
03-14 03:56:49.848 1009 2195 W WindowManager: Attempted to set replacing window on app token with no content Token{51f4910 ActivityRecord{917e63c u0 com.android.documentsui/.files.FilesActivity t143}}
03-14 03:56:49.848 7628 7628 I wm_on_paused_called: [152561212,com.android.documentsui.files.FilesActivity,performPause]
03-14 03:56:49.849 7628 7628 I wm_on_stop_called: [152561212,com.android.documentsui.files.FilesActivity,handleRelaunchActivity]
03-14 03:56:49.850 7628 7628 I wm_on_destroy_called: [152561212,com.android.documentsui.files.FilesActivity,performDestroy]
03-14 03:56:49.872 7628 7628 I wm_on_create_called: [152561212,com.android.documentsui.files.FilesActivity,performCreate]
03-14 03:56:49.878 7628 7628 I wm_on_start_called: [152561212,com.android.documentsui.files.FilesActivity,handleStartActivity]
03-14 03:56:49.878 7628 7628 I wm_on_resume_called: [152561212,com.android.documentsui.files.FilesActivity,RESUME_ACTIVITY]
03-14 03:56:49.879 7628 7628 I wm_on_top_resumed_gained_called: [152561212,com.android.documentsui.files.FilesActivity,topWhenResuming]
03-14 03:56:49.935 1009 1037 I WindowManager: finishDrawing of relaunch: Window{d4a004b u0 com.android.documentsui/com.android.documentsui.files.FilesActivity} 93ms
03-14 03:56:50.286 1009 1183 I wm_stop_activity: [0,196755772,com.android.launcher3/.uioverrides.QuickstepLauncher]
03-14 03:56:50.305 2625 2625 I wm_on_paused_called: [196755772,com.android.launcher3.uioverrides.QuickstepLauncher,performPause]
03-14 03:56:50.306 2625 2625 I wm_on_stop_called: [196755772,com.android.launcher3.uioverrides.QuickstepLauncher,STOP_ACTIVITY_ITEM]
01-01 08:06:19.283 0 0 E DTC_ETH,link_delay_work_func: 3003, SQI=0, link=0
03-14 03:56:51.075 1009 1037 W FreeFormWindowHelper: Current Display FreeFormTask is null
03-14 03:56:51.076 1009 1037 W FreeFormWindowHelper: Current Display FreeFormTask is null
03-14 03:56:51.078 1009 1037 W FreeFormWindowHelper: Current Display FreeFormTask is null
03-14 03:56:51.079 1009 1037 I wm_task_moved: [1,0,0]
03-14 03:56:51.080 1009 1037 I wm_task_moved: [1,0,5]
03-14 03:56:51.082 1009 1585 W FreeFormWindowHelper: Current Display FreeFormTask is null
03-14 03:56:51.089 2625 2625 I wm_on_restart_called: [196755772,com.android.launcher3.uioverrides.QuickstepLauncher,performRestartActivity]
03-14 03:56:51.090 1009 2195 W FreeFormWindowHelper: Current Display FreeFormTask is null
03-14 03:56:51.090 1009 2635 W FreeFormWindowHelper: Current Display FreeFormTask is null
03-14 03:56:51.090 1009 1037 W FreeFormWindowHelper: Current Display FreeFormTask is null
03-14 03:56:51.111 2625 2625 I wm_on_start_called: [196755772,com.android.launcher3.uioverrides.QuickstepLauncher,handleStartActivity]
03-14 03:56:51.111 1009 2195 W ActivityTaskManager: getTaskSnapshot: taskId=-654 not found
03-14 03:56:51.112 7628 7628 I view_enqueue_input_event: [Motion - Cancel,com.android.documentsui/com.android.documentsui.files.FilesActivity]
03-14 03:56:51.112 1009 1180 D AutofillManagerService: Close system dialogs
03-14 03:56:51.113 1009 1585 W ActivityTaskManager: getTaskSnapshot: taskId=-654 not found
03-14 03:56:51.113 1009 1585 W ActivityTaskManager: getTaskSnapshot: taskId=-654 not found
03-14 03:56:51.113 1009 1585 W ActivityTaskManager: getTaskSnapshot: taskId=-654 not found
03-14 03:56:51.113 1009 1585 W ActivityTaskManager: getTaskSnapshot: taskId=-653 not found
03-14 03:56:51.114 1009 1184 I input_focus: [Focus request recents_animation_input_consumer,reason=UpdateInputWindows]
03-14 03:56:51.119 1009 1585 W FreeFormWindowHelper: Current Display FreeFormTask is null
03-14 03:56:51.119 1009 1585 W FreeFormWindowHelper: Current Display FreeFormTask is null
03-14 03:56:51.120 1009 1587 I input_interaction: Interaction with: edge-swipe (server), swipe-up (server), PointerEventDispatcher0 (server),
03-14 03:56:51.121 2625 2625 I sysui_latency: [1,65]
03-14 03:56:51.124 1009 1587 I input_focus: [Focus leaving d4a004b com.android.documentsui/com.android.documentsui.files.FilesActivity (server),reason=NOT_FOCUSABLE]
03-14 03:56:51.124 1009 1587 I input_focus: [Focus entering recents_animation_input_consumer (server),reason=setFocusedWindow]
03-14 03:56:51.125 1009 2195 W FreeFormWindowHelper: Current Display FreeFormTask is null
03-14 03:56:51.126 1009 1585 W FreeFormWindowHelper: Current Display FreeFormTask is null
03-14 03:56:51.128 1009 2156 W FreeFormWindowHelper: Current Display FreeFormTask is null
03-14 03:56:51.128 1009 2156 W FreeFormWindowHelper: Current Display FreeFormTask is null
03-14 03:56:51.132 1009 2195 W ActivityTaskManager: getTaskSnapshot: taskId=-609 not found
03-14 03:56:51.134 1009 2195 W ActivityTaskManager: getTaskSnapshot: taskId=-609 not found
03-14 03:56:51.134 1009 2195 W ActivityTaskManager: getTaskSnapshot: taskId=-609 not found
03-14 03:56:51.135 1009 2195 W ActivityTaskManager: getTaskSnapshot: taskId=-609 not found
03-14 03:56:51.135 1009 1180 I sysui_multi_action: [319,9,322,48,325,377,757,761,758,9,759,5,806,com.android.launcher3,871,com.android.launcher3.uioverrides.QuickstepLauncher,905,0,1320,4,1321,1]
03-14 03:56:51.135 1009 2195 W ActivityTaskManager: getTaskSnapshot: taskId=-609 not found
03-14 03:56:51.139 1009 2156 W FreeFormWindowHelper: Current Display FreeFormTask is null
03-14 03:56:51.139 1009 2156 W FreeFormWindowHelper: Current Display FreeFormTask is null
03-14 03:56:51.156 1009 2156 W FreeFormWindowHelper: Current Display FreeFormTask is null
03-14 03:56:51.156 1009 2156 W FreeFormWindowHelper: Current Display FreeFormTask is null
03-14 03:56:51.314 1009 1488 I commit_sys_config_file: [settings-1-0,4]
03-14 03:56:51.429 1009 1188 I sysui_latency: [8,61]
03-14 03:56:51.536 1009 2195 W FreeFormWindowHelper: Current Display FreeFormTask is null
03-14 03:56:51.536 1009 2195 W FreeFormWindowHelper: Current Display FreeFormTask is null
03-14 03:56:51.538 1009 2195 W FreeFormWindowHelper: Current Display FreeFormTask is null
03-14 03:56:51.841 1009 2195 I wm_task_moved: [1,1,6]
03-14 03:56:51.842 1009 2195 I wm_focused_root_task: [0,0,1,143,RecentsAnimation.onAnimationFinished()]
03-14 03:56:51.842 1009 2195 I wm_pause_activity: [0,152561212,com.android.documentsui/.files.FilesActivity,userLeaving=false,pauseBackTasks]
03-14 03:56:51.842 7628 7628 I wm_on_top_resumed_lost_called: [152561212,com.android.documentsui.files.FilesActivity,topStateChangedWhenResumed]
03-14 03:56:51.842 1009 2195 I ActivityTaskManager: FOREGROUND_APPLICATION_CHANGED to com.android.launcher3.uioverrides.QuickstepLauncher
03-14 03:56:51.843 1009 2195 I wm_set_resumed_activity: [0,com.android.launcher3/.uioverrides.QuickstepLauncher,resumeTopActivityInnerLocked]
03-14 03:56:51.845 1009 2195 I wm_resume_activity: [0,196755772,127,com.android.launcher3/.uioverrides.QuickstepLauncher]
03-14 03:56:51.845 1009 2195 I wm_add_to_stopping: [0,152561212,com.android.documentsui/.files.FilesActivity,makeInvisible]
03-14 03:56:51.846 2625 2625 I wm_on_resume_called: [196755772,com.android.launcher3.uioverrides.QuickstepLauncher,RESUME_ACTIVITY]
03-14 03:56:51.850 1009 1184 I input_focus: [Focus request b68d17 com.android.launcher3/com.android.launcher3.uioverrides.QuickstepLauncher,reason=UpdateInputWindows]
03-14 03:56:51.853 1009 1183 I sysui_multi_action: [757,803,799,window_time_2,802,4]
03-14 03:56:51.854 1009 2156 I wm_stop_activity: [0,152561212,com.android.documentsui/.files.FilesActivity]
03-14 03:56:51.855 1009 1183 I sysui_multi_action: [757,803,799,window_time_0,802,0]
03-14 03:56:51.855 7628 7628 I wm_on_paused_called: [152561212,com.android.documentsui.files.FilesActivity,performPause]
03-14 03:56:51.856 1009 2195 W FreeFormWindowHelper: Current Display FreeFormTask is null
03-14 03:56:51.856 1009 1585 W FreeFormWindowHelper: Current Display FreeFormTask is null
03-14 03:56:51.857 1009 1585 W FreeFormWindowHelper: Current Display FreeFormTask is null
03-14 03:56:51.857 7628 7628 I wm_on_stop_called: [152561212,com.android.documentsui.files.FilesActivity,STOP_ACTIVITY_ITEM]
03-14 03:56:51.859 1009 1587 I input_focus: [Focus leaving recents_animation_input_consumer (server),reason=NOT_VISIBLE]
03-14 03:56:51.871 1009 2195 W FreeFormWindowHelper: Current Display FreeFormTask is null
03-14 03:56:51.872 1009 2195 W FreeFormWindowHelper: Current Display FreeFormTask is null
03-14 03:56:51.875 2625 2625 I wm_on_top_resumed_gained_called: [196755772,com.android.launcher3.uioverrides.QuickstepLauncher,topStateChangedWhenResumed]
03-14 03:56:51.875 1009 1587 I input_focus: [Focus entering b68d17 com.android.launcher3/com.android.launcher3.uioverrides.QuickstepLauncher (server),reason=setFocusedWindow]
03-14 03:56:51.952 1009 1037 W FreeFormWindowHelper: Current Display FreeFormTask is null
03-14 03:56:52.069 1009 1488 I commit_sys_config_file: [settings-1-0,4]
03-14 03:56:52.505 1009 2881 E TaskPersister: File error accessing recents directory (directory doesn't exist?).
03-14 03:56:52.836 1009 1587 I input_interaction: Interaction with: b68d17 com.android.launcher3/com.android.launcher3.uioverrides.QuickstepLauncher (server), 8c59581 com.android.systemui.ImageWallpaper (server), edge-swipe (server), swipe-up (server), PointerEventDispatcher0 (server),
03-14 03:56:52.962 1009 2156 D FreeFormWindowHelper: Add freeform task=Task{c9a902f #143 type=standard A=10023:com.android.documentsui U=0 visible=false mode=freeform translucent=true sz=1}
03-14 03:56:52.963 1009 2156 I ActivityTaskManager: clear resize flag in freeform mode
03-14 03:56:52.966 1009 2156 I wm_task_moved: [1,1,6]
03-14 03:56:52.966 1009 2156 I wm_set_resumed_activity: [0,com.android.launcher3/.uioverrides.QuickstepLauncher,positionChildAt]
03-14 03:56:52.966 1009 2156 I wm_task_moved: [143,1,6]
03-14 03:56:52.967 1009 2156 I wm_focused_root_task: [0,0,143,1,moveTaskToFront findTaskToMoveToFront]
03-14 03:56:52.967 1009 2156 I wm_set_resumed_activity: [0,com.android.documentsui/.files.FilesActivity,moveTaskToFront findTaskToMoveToFront]
03-14 03:56:52.968 1009 2156 I ActivityTaskManager: FOREGROUND_APPLICATION_CHANGED to com.android.documentsui.files.FilesActivity
03-14 03:56:52.969 1009 2156 I wm_set_resumed_activity: [0,com.android.documentsui/.files.FilesActivity,resumeTopActivityInnerLocked]
03-14 03:56:52.970 1009 2156 I wm_resume_activity: [0,152561212,143,com.android.documentsui/.files.FilesActivity]
03-14 03:56:52.967 0 0 I auditd : type=1400 audit(0.0:3389): avc: denied { kill } for comm="swapper/2" capability=5 scontext=u:r:kernel:s0 tcontext=u:r:kernel:s0 tclass=capability permissive=1
03-14 03:56:52.985 2625 2625 I wm_on_top_resumed_lost_called: [196755772,com.android.launcher3.uioverrides.QuickstepLauncher,topStateChangedWhenResumed]
03-14 03:56:52.990 7628 7628 I wm_on_restart_called: [152561212,com.android.documentsui.files.FilesActivity,performRestartActivity]
03-14 03:56:52.993 7628 7628 I wm_on_start_called: [152561212,com.android.documentsui.files.FilesActivity,handleStartActivity]
03-14 03:56:52.996 7628 7628 I wm_on_resume_called: [152561212,com.android.documentsui.files.FilesActivity,RESUME_ACTIVITY]
03-14 03:56:52.996 1009 2195 W FreeFormWindowHelper: exitRecentTasks type=1
