03-14 03:52:32.810 7505 7505 I wm_on_stop_called: [245437945,com.android.gallery3d.app.GalleryActivity,LIFECYCLER_STOP_ACTIVITY]
03-14 03:52:32.816 7505 7505 I wm_on_destroy_called: [245437945,com.android.gallery3d.app.GalleryActivity,performDestroy]
03-14 03:52:33.132 1009 1587 I input_interaction: Interaction with: 192705 com.android.documentsui/com.android.documentsui.files.FilesActivity (server), edge-swipe (server), swipe-up (server), PointerEventDispatcher0 (server),
03-14 03:52:33.155 1009 2148 W FreeFormWindowHelper: Current Display FreeFormTask is null
03-14 03:52:33.156 1009 2148 W FreeFormWindowHelper: Current Display FreeFormTask is null
03-14 03:52:33.163 1009 1585 W FreeFormWindowHelper: Current Display FreeFormTask is null
03-14 03:52:33.164 1009 2148 I wm_task_moved: [1,0,0]
03-14 03:52:33.164 1009 2148 I wm_task_moved: [1,0,5]
03-14 03:52:33.167 1009 1585 W FreeFormWindowHelper: Current Display FreeFormTask is null
03-14 03:52:33.180 1009 1180 D AutofillManagerService: Close system dialogs
03-14 03:52:33.180 7223 7223 I view_enqueue_input_event: [Motion - Cancel,com.android.documentsui/com.android.documentsui.files.FilesActivity]
03-14 03:52:33.181 1009 1184 I input_focus: [Focus request recents_animation_input_consumer,reason=UpdateInputWindows]
03-14 03:52:33.186 1009 1587 I input_interaction: Interaction with: edge-swipe (server), swipe-up (server), PointerEventDispatcher0 (server),
03-14 03:52:33.187 1009 1587 I input_focus: [Focus leaving 192705 com.android.documentsui/com.android.documentsui.files.FilesActivity (server),reason=NOT_FOCUSABLE]
03-14 03:52:33.187 1009 1587 I input_focus: [Focus entering recents_animation_input_consumer (server),reason=setFocusedWindow]
03-14 03:52:33.188 2625 2625 I wm_on_restart_called: [196755772,com.android.launcher3.uioverrides.QuickstepLauncher,performRestartActivity]
03-14 03:52:33.189 1009 2180 W FreeFormWindowHelper: Current Display FreeFormTask is null
03-14 03:52:33.190 1009 2180 W FreeFormWindowHelper: Current Display FreeFormTask is null
03-14 03:52:33.218 2625 2625 I wm_on_start_called: [196755772,com.android.launcher3.uioverrides.QuickstepLauncher,handleStartActivity]
03-14 03:52:33.218 1009 1585 W FreeFormWindowHelper: Current Display FreeFormTask is null
03-14 03:52:33.219 1009 1585 W FreeFormWindowHelper: Current Display FreeFormTask is null
03-14 03:52:33.233 1009 2180 W FreeFormWindowHelper: Current Display FreeFormTask is null
03-14 03:52:33.233 1009 2148 W FreeFormWindowHelper: Current Display FreeFormTask is null
03-14 03:52:33.236 2625 2625 I sysui_latency: [1,102]
03-14 03:52:33.249 1009 1180 I sysui_multi_action: [319,9,322,79,325,119,757,761,758,9,759,5,806,com.android.launcher3,871,com.android.launcher3.uioverrides.QuickstepLauncher,905,0,1320,4,1321,1]
03-14 03:52:33.253 1009 3052 W FreeFormWindowHelper: Current Display FreeFormTask is null
03-14 03:52:33.253 1009 3052 W FreeFormWindowHelper: Current Display FreeFormTask is null
03-14 03:52:33.270 1009 1585 W FreeFormWindowHelper: Current Display FreeFormTask is null
03-14 03:52:33.270 1009 1585 W FreeFormWindowHelper: Current Display FreeFormTask is null
03-14 03:52:33.287 1009 1585 W FreeFormWindowHelper: Current Display FreeFormTask is null
03-14 03:52:33.287 1009 1585 W FreeFormWindowHelper: Current Display FreeFormTask is null
03-14 03:52:33.303 1009 1585 W FreeFormWindowHelper: Current Display FreeFormTask is null
03-14 03:52:33.304 1009 1585 W FreeFormWindowHelper: Current Display FreeFormTask is null
03-14 03:52:33.320 1009 1585 W FreeFormWindowHelper: Current Display FreeFormTask is null
03-14 03:52:33.320 1009 1585 W FreeFormWindowHelper: Current Display FreeFormTask is null
03-14 03:52:33.424 1009 1488 I commit_sys_config_file: [settings-1-0,8]
03-14 03:52:33.454 1009 3052 W FreeFormWindowHelper: Current Display FreeFormTask is null
03-14 03:52:33.455 1009 2180 W FreeFormWindowHelper: Current Display FreeFormTask is null
03-14 03:52:33.455 1009 2180 W FreeFormWindowHelper: Current Display FreeFormTask is null
03-14 03:52:33.544 1009 1188 I sysui_latency: [8,106]
03-14 03:52:33.840 1009 2153 I wm_task_moved: [1,1,6]
03-14 03:52:33.843 1009 2153 I wm_focused_root_task: [0,0,1,132,RecentsAnimation.onAnimationFinished()]
03-14 03:52:33.843 7223 7223 I wm_on_top_resumed_lost_called: [264921891,com.android.documentsui.files.FilesActivity,topStateChangedWhenResumed]
03-14 03:52:33.847 1009 2153 I wm_pause_activity: [0,264921891,com.android.documentsui/.files.FilesActivity,userLeaving=false,pauseBackTasks]
03-14 03:52:33.848 1009 2153 I ActivityTaskManager: FOREGROUND_APPLICATION_CHANGED to com.android.launcher3.uioverrides.QuickstepLauncher
03-14 03:52:33.850 1009 2153 I wm_set_resumed_activity: [0,com.android.launcher3/.uioverrides.QuickstepLauncher,resumeTopActivityInnerLocked]
03-14 03:52:33.853 1009 2153 I wm_resume_activity: [0,196755772,127,com.android.launcher3/.uioverrides.QuickstepLauncher]
03-14 03:52:33.854 1009 2153 I wm_add_to_stopping: [0,264921891,com.android.documentsui/.files.FilesActivity,makeInvisible]
03-14 03:52:33.859 2625 2625 I wm_on_resume_called: [196755772,com.android.launcher3.uioverrides.QuickstepLauncher,RESUME_ACTIVITY]
03-14 03:52:33.864 1009 1184 I input_focus: [Focus request b68d17 com.android.launcher3/com.android.launcher3.uioverrides.QuickstepLauncher,reason=UpdateInputWindows]
03-14 03:52:33.865 7223 7223 I wm_on_paused_called: [264921891,com.android.documentsui.files.FilesActivity,performPause]
03-14 03:52:33.867 1009 1183 I sysui_multi_action: [757,803,799,window_time_0,802,2]
03-14 03:52:33.869 1009 1183 I wm_stop_activity: [0,264921891,com.android.documentsui/.files.FilesActivity]
03-14 03:52:33.870 1009 1183 I sysui_multi_action: [757,803,799,window_time_0,802,0]
03-14 03:52:33.870 1009 1724 W FreeFormWindowHelper: Current Display FreeFormTask is null
03-14 03:52:33.870 1009 1724 W FreeFormWindowHelper: Current Display FreeFormTask is null
03-14 03:52:33.871 1009 1587 I input_focus: [Focus leaving recents_animation_input_consumer (server),reason=NOT_VISIBLE]
03-14 03:52:33.871 1009 1587 I input_focus: [Focus entering b68d17 com.android.launcher3/com.android.launcher3.uioverrides.QuickstepLauncher (server),reason=setFocusedWindow]
03-14 03:52:33.873 1009 2180 W FreeFormWindowHelper: Current Display FreeFormTask is null
03-14 03:52:33.877 7223 7223 I wm_on_stop_called: [264921891,com.android.documentsui.files.FilesActivity,STOP_ACTIVITY_ITEM]
03-14 03:52:33.893 2625 2625 I wm_on_top_resumed_gained_called: [196755772,com.android.launcher3.uioverrides.QuickstepLauncher,topStateChangedWhenResumed]
03-14 03:52:33.895 1009 2180 W FreeFormWindowHelper: Current Display FreeFormTask is null
03-14 03:52:33.895 1009 2180 W FreeFormWindowHelper: Current Display FreeFormTask is null
03-14 03:52:33.939 5866 5866 I auditd : type=1400 audit(0.0:3342): avc: denied { open } for comm="HCDN_DownloadEn" path="/proc/stat" dev="proc" ino=4026532236 scontext=u:r:untrusted_app:s0:c102,c256,c512,c768 tcontext=u:object_r:proc_stat:s0 tclass=file permissive=1 app=com.qiyi.video
03-14 03:52:33.939 5866 5866 I auditd : type=1400 audit(0.0:3343): avc: denied { getattr } for comm="HCDN_DownloadEn" path="/proc/stat" dev="proc" ino=4026532236 scontext=u:r:untrusted_app:s0:c102,c256,c512,c768 tcontext=u:object_r:proc_stat:s0 tclass=file permissive=1 app=com.qiyi.video
03-14 03:52:33.971 1009 2148 W FreeFormWindowHelper: Current Display FreeFormTask is null
03-14 03:52:34.091 1009 1488 I commit_sys_config_file: [settings-1-0,5]
03-14 03:52:34.371 1009 2881 E TaskPersister: File error accessing recents directory (directory doesn't exist?).
01-01 08:02:03.283 0 0 E DTC_ETH,link_delay_work_func: 3003, SQI=0, link=0
03-14 03:52:34.599 1009 1587 I input_interaction: Interaction with: b68d17 com.android.launcher3/com.android.launcher3.uioverrides.QuickstepLauncher (server), 8c59581 com.android.systemui.ImageWallpaper (server), edge-swipe (server), swipe-up (server), PointerEventDispatcher0 (server),
03-14 03:52:34.710 1009 2148 W FreeFormWindowHelper: Current Display FreeFormTask is null
03-14 03:52:35.035 1009 1724 W FreeFormWindowHelper: Current Display FreeFormTask is null
03-14 03:52:35.124 1009 1724 W ActivityTaskManager: Request to remove task ignored for non-existent task 117
03-14 03:52:35.125 1009 1724 W ActivityTaskManager: Request to remove task ignored for non-existent task 119
03-14 03:52:35.125 1009 1724 W ActivityTaskManager: Request to remove task ignored for non-existent task 120
03-14 03:52:35.125 1009 1724 W ActivityTaskManager: Request to remove task ignored for non-existent task 121
03-14 03:52:35.125 1009 1724 W ActivityTaskManager: Request to remove task ignored for non-existent task 126
03-14 03:52:35.125 1009 1724 W ActivityTaskManager: Request to remove task ignored for non-existent task 128
03-14 03:52:35.125 1009 1724 W ActivityTaskManager: Request to remove task ignored for non-existent task 130
03-14 03:52:35.126 1009 1724 I wm_finish_activity: [0,264921891,132,com.android.documentsui/.files.FilesActivity,recent-task-trimmed]
03-14 03:52:35.127 1009 1724 I wm_destroy_activity: [0,264921891,132,com.android.documentsui/.files.FilesActivity,finish-imm:finishIfPossible]
03-14 03:52:35.131 1009 1183 I ActivityManager: Killing 7223:com.android.documentsui/u0a23 (adj 905): remove task
03-14 03:52:35.131 1009 1183 I am_kill : [0,7223,com.android.documentsui,905,remove task]
03-14 03:52:35.134 1009 1183 I sysui_multi_action: [757,803,799,window_time_0,802,1]
03-14 03:52:35.139 1009 2881 E TaskPersister: File error accessing recents directory (directory doesn't exist?).
03-14 03:52:35.174 1009 2178 I WindowManager: WIN DEATH: Window{192705 u0 com.android.documentsui/com.android.documentsui.files.FilesActivity}
03-14 03:52:35.175 1009 2148 I am_proc_died: [0,7223,com.android.documentsui,905,19]
03-14 03:52:35.177 1009 2148 I am_uid_stopped: 10023
03-14 03:52:35.183 1009 2148 I wm_task_removed: [132,removeChild:removeChild last r=ActivityRecord{fca6323 u0 com.android.documentsui/.files.FilesActivity t-1 f}} in t=Task{9645f11 #132 type=standard A=10023:com.android.documentsui U=0 visible=false mode=fullscreen translucent=true sz=0}]
03-14 03:52:35.183 1009 2148 I wm_task_removed: [132,removeChild]
03-14 03:52:35.185 1009 1184 W ActivityTaskManager: Can't find TaskDisplayArea to determine support for multi window. Task id=132 attached=false
03-14 03:52:35.186 1009 1184 W ActivityTaskManager: Can't find TaskDisplayArea to determine support for multi window. Task id=132 attached=false
03-14 03:52:35.186 1009 1183 W ActivityManager: setHasOverlayUi called on unknown pid: 7223
03-14 03:52:35.187 1009 1188 W UsageStatsService: Unexpected activity event reported! (com.android.documentsui/com.android.documentsui.files.FilesActivity event : 23 instanceId : 178969780)
03-14 03:52:35.189 1009 1183 I am_uid_running: 10023
03-14 03:52:35.192 1009 1183 D CompatibilityChangeReporter: Compat change id reported: 135634846; UID 10023; state: DISABLED
03-14 03:52:35.192 1009 1183 D CompatibilityChangeReporter: Compat change id reported: 177438394; UID 10023; state: DISABLED
03-14 03:52:35.192 1009 1183 D CompatibilityChangeReporter: Compat change id reported: 135772972; UID 10023; state: DISABLED
03-14 03:52:35.192 1009 1183 D CompatibilityChangeReporter: Compat change id reported: 135754954; UID 10023; state: ENABLED
03-14 03:52:35.192 1009 1195 D CompatibilityChangeReporter: Compat change id reported: 143937733; UID 10023; state: ENABLED
03-14 03:52:35.202 1009 1195 I am_proc_start: [0,7628,10023,com.android.documentsui,NULL,]
03-14 03:52:35.202 1009 1195 I ActivityManager: Start proc 7628:com.android.documentsui/u0a23 for null
03-14 03:52:35.208 1009 2178 W FreeFormWindowHelper: exitRecentTasks type=0
01-01 08:02:03.917 0 0 I binder : 7628:7628 ioctl 40046210 7fd9aef714 returned -22
03-14 03:52:35.219 1009 2178 I am_proc_bound: [0,7628,com.android.documentsui]
03-14 03:52:35.232 1009 2156 W FreeFormWindowHelper: Current Display FreeFormTask is null
01-01 08:02:04.547 0 0 W perfetto: disabled ftrace
03-14 03:52:35.855 1282 7501 I iorapd : Perfetto TraceBuffer saved to file: /data/misc/iorapd/com.android.gallery3d/40030/com.android.gallery3d.app.GalleryActivity/raw_traces/1678737155854286318.perfetto_trace.pb
03-14 03:52:35.967 0 0 I auditd : type=1400 audit(0.0:3344): avc: denied { kill } for comm="swapper/1" capability=5 scontext=u:r:kernel:s0 tcontext=u:r:kernel:s0 tclass=capability permissive=1
03-14 03:52:37.915 6881 6881 I auditd : type=1400 audit(0.0:3345): avc: denied { open } for comm="HCDN_DownloadEn" path="/proc/stat" dev="proc" ino=4026532236 scontext=u:r:untrusted_app:s0:c102,c256,c512,c768 tcontext=u:object_r:proc_stat:s0 tclass=file permissive=1 app=com.qiyi.video
03-14 03:52:37.915 6881 6881 I auditd : type=1400 audit(0.0:3346): avc: denied { getattr } for comm="HCDN_DownloadEn" path="/proc/stat" dev="proc" ino=4026532236 scontext=u:r:untrusted_app:s0:c102,c256,c512,c768 tcontext=u:object_r:proc_stat:s0 tclass=file permissive=1 app=com.qiyi.video
03-14 03:52:38.186 1009 2881 E TaskPersister: File error accessing recents directory (directory doesn't exist?).
03-14 03:52:38.432 1009 2156 W ShortcutService: Clock rewound
03-14 03:52:38.537 1009 1218 I commit_sys_config_file: [package-user-0,9]
03-14 03:52:39.674 1009 1188 I am_pss : [5866,10102,com.qiyi.video,402974720,365391872,0,559886336,0,10,35]
03-14 03:52:39.683 1009 1188 I am_pss : [6881,10102,com.qiyi.video:downloader,42907648,21024768,0,160944128,0,10,8]
03-14 03:52:39.691 1009 1188 I am_pss : [6245,10102,com.qiyi.video:plugin1,39072768,18665472,0,159735808,0,10,7]
01-01 08:02:08.403 0 0 E DTC_ETH,link_delay_work_func: 3003, SQI=0, link=0
03-14 03:52:39.968 1009 2156 I thunderperf: PlatormCompat.setOverrides: Uid1=10074 Pid1=2625 Uid2=10074 Pid2=2625
03-14 03:52:39.968 1009 2156 I thunderperf: PlatormCompat.setOverrides: needCheck:false
03-14 03:52:39.968 1009 2156 I thunderperf: CompatConfig.addOverrideUnsafe: bef-state=0
03-14 03:52:39.968 1009 2156 I thunderperf: CompatConfig.addOverrideUnsafe: aft-state=0
03-14 03:52:39.969 1009 2156 I thunderperf: CompatConfig.addOverrideUnsafe: bef-state=0
03-14 03:52:39.969 1009 2156 I thunderperf: CompatConfig.addOverrideUnsafe: aft-state=0
03-14 03:52:39.969 1009 2156 I thunderperf: CompatConfig.addOverrideUnsafe: bef-state=0
03-14 03:52:39.969 1009 2156 I thunderperf: CompatConfig.addOverrideUnsafe: aft-state=0
03-14 03:52:39.970 1009 2156 I thunderperf: CompatConfig.addOverrideUnsafe: bef-state=0
03-14 03:52:39.970 1009 2156 I thunderperf: CompatConfig.addOverrideUnsafe: aft-state=0
03-14 03:52:39.970 1009 2156 I thunderperf: CompatConfig.addOverrideUnsafe: bef-state=0
03-14 03:52:39.970 1009 2156 I thunderperf: CompatConfig.addOverrideUnsafe: aft-state=0
03-14 03:52:39.971 1009 2156 I thunderperf: CompatConfig.addOverrideUnsafe: bef-state=0
03-14 03:52:39.971 1009 2156 I thunderperf: CompatConfig.addOverrideUnsafe: aft-state=0
03-14 03:52:39.971 1009 2156 I thunderperf: CompatConfig.addOverrideUnsafe: bef-state=0
03-14 03:52:39.971 1009 2156 I thunderperf: CompatConfig.addOverrideUnsafe: aft-state=0
03-14 03:52:39.972 1009 2156 I thunderperf: CompatConfig.addOverrideUnsafe: bef-state=0
03-14 03:52:39.972 1009 2156 I thunderperf: CompatConfig.addOverrideUnsafe: aft-state=0
03-14 03:52:39.972 1009 2156 I thunderperf: CompatConfig.addOverrideUnsafe: bef-state=0
03-14 03:52:39.972 1009 2156 I thunderperf: CompatConfig.addOverrideUnsafe: aft-state=0
03-14 03:52:39.973 1009 2156 I thunderperf: CompatConfig.addOverrideUnsafe: bef-state=0
03-14 03:52:39.973 1009 2156 I thunderperf: CompatConfig.addOverrideUnsafe: aft-state=0
03-14 03:52:39.973 1009 2156 I thunderperf: CompatConfig.addOverrideUnsafe: bef-state=0
03-14 03:52:39.973 1009 2156 I thunderperf: CompatConfig.addOverrideUnsafe: aft-state=0
03-14 03:52:39.974 1009 2156 I thunderperf: CompatConfig.addOverrideUnsafe: bef-state=0
03-14 03:52:39.974 1009 2156 I thunderperf: CompatConfig.addOverrideUnsafe: aft-state=0
03-14 03:52:39.974 1009 2156 I thunderperf: CompatConfig.addOverrideUnsafe: bef-state=0
03-14 03:52:39.974 1009 2156 I thunderperf: CompatConfig.addOverrideUnsafe: aft-state=0
03-14 03:52:39.975 1009 2156 I thunderperf: CompatConfig.addOverrideUnsafe: bef-state=0
03-14 03:52:39.975 1009 2156 I thunderperf: CompatConfig.addOverrideUnsafe: aft-state=0
03-14 03:52:39.983 1009 2156 I ActivityTaskManager: START u0 {act=android.intent.action.MAIN cat=[android.intent.category.LAUNCHER] flg=0x10200000 cmp=com.android.gallery3d/.app.GalleryActivity} from uid 10074
03-14 03:52:39.989 1009 2156 I wm_task_created: [133,-1]
03-14 03:52:39.989 1009 2156 W ActivityTaskManager: Can't find TaskDisplayArea to determine support for multi window. Task id=133 attached=false
03-14 03:52:39.989 1009 2156 D FreeFormWindowHelper: Add freeform task=Task{e8b9a18 #133 type=standard ?? U=0 visible=false mode=freeform translucent=true sz=0}
03-14 03:52:39.990 1009 2156 D CompatibilityChangeReporter: Compat change id reported: 174042980; UID 10064; state: DISABLED
03-14 03:52:39.991 1009 2156 D CompatibilityChangeReporter: Compat change id reported: 184838306; UID 10064; state: DISABLED
03-14 03:52:39.991 1009 2156 D CompatibilityChangeReporter: Compat change id reported: 185004937; UID 10064; state: DISABLED
03-14 03:52:39.991 1009 2156 D CompatibilityChangeReporter: Compat change id reported: 181136395; UID 10064; state: DISABLED
03-14 03:52:39.991 1009 2156 D CompatibilityChangeReporter: Compat change id reported: 174042936; UID 10064; state: DISABLED
03-14 03:52:39.992 1009 2156 I wm_task_moved: [133,1,6]
03-14 03:52:39.992 1009 2156 I wm_task_to_front: [0,133]
03-14 03:52:39.992 1009 2156 I wm_create_task: [0,133]
03-14 03:52:39.992 1009 2156 I wm_create_activity: [0,15998065,133,com.android.gallery3d/.app.GalleryActivity,android.intent.action.MAIN,NULL,NULL,270532608]
03-14 03:52:39.992 1009 2156 I wm_task_moved: [133,1,6]
03-14 03:52:39.992 1009 2156 D CompatibilityChangeReporter: Compat change id reported: 168419799; UID 10064; state: DISABLED
03-14 03:52:39.992 1009 2156 V SplashScreenExceptionList: SplashScreen checking exception for package com.android.gallery3d (target sdk:29) -> false
03-14 03:52:39.993 1009 2156 I ActivityTaskManager: FOREGROUND_APPLICATION_CHANGED to com.android.gallery3d.app.GalleryActivity
03-14 03:52:39.993 1009 2156 I ActivityTaskManager: The Process com.android.gallery3d Already Exists in BG. So sending its PID: 7505
03-14 03:52:39.993 1009 2156 W ActivityTaskManager: Tried to set launchTime (0) < mLastActivityLaunchTime (117332)
03-14 03:52:39.993 1009 2156 I wm_restart_activity: [0,15998065,133,com.android.gallery3d/.app.GalleryActivity]
03-14 03:52:39.994 1009 2156 I wm_set_resumed_activity: [0,com.android.gallery3d/.app.GalleryActivity,minimalResumeActivityLocked]
03-14 03:52:39.996 2625 2625 I wm_on_top_resumed_lost_called: [196755772,com.android.launcher3.uioverrides.QuickstepLauncher,topStateChangedWhenResumed]
03-14 03:52:40.009 7505 7505 I wm_on_create_called: [15998065,com.android.gallery3d.app.GalleryActivity,performCreate]
03-14 03:52:40.010 7505 7505 I wm_on_start_called: [15998065,com.android.gallery3d.app.GalleryActivity,handleStartActivity]
03-14 03:52:40.012 7505 7505 I wm_on_resume_called: [15998065,com.android.gallery3d.app.GalleryActivity,RESUME_ACTIVITY]
03-14 03:52:40.013 1009 2148 D CompatibilityChangeReporter: Compat change id reported: 149924527; UID 10064; state: ENABLED
03-14 03:52:40.013 1009 2148 D CompatibilityChangeReporter: Compat change id reported: 132649864; UID 10064; state: DISABLED
03-14 03:52:40.013 7505 7505 I wm_on_top_resumed_gained_called: [15998065,com.android.gallery3d.app.GalleryActivity,topStateChangedWhenResumed]
03-14 03:52:40.014 1009 1585 D CompatibilityChangeReporter: Compat change id reported: 182734110; UID 10064; state: DISABLED
03-14 03:52:40.019 1009 2148 W WindowManager: updateScale : 0.79357797
03-14 03:52:40.021 1009 1184 I input_focus: [Focus request 14b2dcf com.android.gallery3d/com.android.gallery3d.app.GalleryActivity,reason=UpdateInputWindows]
03-14 03:52:40.052 1009 1184 W WindowManager: updateScale : 0.79357797
03-14 03:52:40.052 1009 1587 I input_focus: [Focus leaving b68d17 com.android.launcher3/com.android.launcher3.uioverrides.QuickstepLauncher (server),reason=Waiting for window because NOT_VISIBLE]
03-14 03:52:40.054 1009 1184 W WindowManager: updateScale : 0.79357797
03-14 03:52:40.055 1009 1184 W WindowManager: updateScale : 0.79357797
03-14 03:52:40.055 1009 1180 I sysui_multi_action: [319,70,322,70,325,126,757,761,758,8,759,2,806,com.android.gallery3d,871,com.android.gallery3d.app.GalleryActivity,904,com.android.launcher3,905,0,1320,4,1321,1]
03-14 03:52:40.055 1009 1180 I wm_activity_launch_time: [0,15998065,com.android.gallery3d/.app.GalleryActivity,70]
03-14 03:52:40.069 1009 1587 I input_focus: [Focus entering 14b2dcf com.android.gallery3d/com.android.gallery3d.app.GalleryActivity (server),reason=Window became focusable. Previous reason: NOT_VISIBLE]
03-14 03:52:40.098 1009 1188 I am_pss : [4977,10033,com.microsoft.emmx,169210880,129273856,0,340484096,0,19,11]
03-14 03:52:40.105 1009 1188 I am_pss : [5114,10033,com.microsoft.emmx:privileged_process0,63396864,28286976,0,202600448,0,19,7]
03-14 03:52:40.336 1009 1184 W WindowManager: updateScale : 0.79357797
03-14 03:52:40.696 1009 1009 I service_manager_stats: [100,47,22760]
03-14 03:52:40.967 0 0 I auditd : type=1400 audit(0.0:3347): avc: denied { kill } for comm="swapper/0" capability=5 scontext=u:r:kernel:s0 tcontext=u:r:kernel:s0 tclass=capability permissive=1
03-14 03:52:41.744 1009 1585 I thunderperf: PlatormCompat.setOverrides: Uid1=10074 Pid1=2625 Uid2=10074 Pid2=2625
03-14 03:52:41.744 1009 1585 I thunderperf: PlatormCompat.setOverrides: needCheck:false
03-14 03:52:41.744 1009 1585 I thunderperf: CompatConfig.addOverrideUnsafe: bef-state=0
03-14 03:52:41.744 1009 1585 I thunderperf: CompatConfig.addOverrideUnsafe: aft-state=0
03-14 03:52:41.744 1009 1585 I thunderperf: CompatConfig.addOverrideUnsafe: bef-state=0
03-14 03:52:41.744 1009 1585 I thunderperf: CompatConfig.addOverrideUnsafe: aft-state=0
03-14 03:52:41.744 1009 1585 I thunderperf: CompatConfig.addOverrideUnsafe: bef-state=0
03-14 03:52:41.744 1009 1585 I thunderperf: CompatConfig.addOverrideUnsafe: aft-state=0
03-14 03:52:41.744 1009 1585 I thunderperf: CompatConfig.addOverrideUnsafe: bef-state=0
03-14 03:52:41.744 1009 1585 I thunderperf: CompatConfig.addOverrideUnsafe: aft-state=0
03-14 03:52:41.744 1009 1585 I thunderperf: CompatConfig.addOverrideUnsafe: bef-state=0
03-14 03:52:41.744 1009 1585 I thunderperf: CompatConfig.addOverrideUnsafe: aft-state=0
03-14 03:52:41.745 1009 1585 I thunderperf: CompatConfig.addOverrideUnsafe: bef-state=0
03-14 03:52:41.745 1009 1585 I thunderperf: CompatConfig.addOverrideUnsafe: aft-state=0
03-14 03:52:41.745 1009 1585 I thunderperf: CompatConfig.addOverrideUnsafe: bef-state=0
03-14 03:52:41.745 1009 1585 I thunderperf: CompatConfig.addOverrideUnsafe: aft-state=0
03-14 03:52:41.745 1009 1585 I thunderperf: CompatConfig.addOverrideUnsafe: bef-state=0
03-14 03:52:41.745 1009 1585 I thunderperf: CompatConfig.addOverrideUnsafe: aft-state=0
03-14 03:52:41.745 1009 1585 I thunderperf: CompatConfig.addOverrideUnsafe: bef-state=0
03-14 03:52:41.745 1009 1585 I thunderperf: CompatConfig.addOverrideUnsafe: aft-state=0
03-14 03:52:41.745 1009 1585 I thunderperf: CompatConfig.addOverrideUnsafe: bef-state=0
03-14 03:52:41.745 1009 1585 I thunderperf: CompatConfig.addOverrideUnsafe: aft-state=0
03-14 03:52:41.745 1009 1585 I thunderperf: CompatConfig.addOverrideUnsafe: bef-state=0
03-14 03:52:41.745 1009 1585 I thunderperf: CompatConfig.addOverrideUnsafe: aft-state=0
03-14 03:52:41.746 1009 1585 I thunderperf: CompatConfig.addOverrideUnsafe: bef-state=0
03-14 03:52:41.746 1009 1585 I thunderperf: CompatConfig.addOverrideUnsafe: aft-state=0
03-14 03:52:41.746 1009 1585 I thunderperf: CompatConfig.addOverrideUnsafe: bef-state=0
03-14 03:52:41.746 1009 1585 I thunderperf: CompatConfig.addOverrideUnsafe: aft-state=0
03-14 03:52:41.746 1009 1585 I thunderperf: CompatConfig.addOverrideUnsafe: bef-state=0
03-14 03:52:41.746 1009 1585 I thunderperf: CompatConfig.addOverrideUnsafe: aft-state=0
03-14 03:52:41.748 1009 1585 I ActivityTaskManager: START u0 {act=android.intent.action.MAIN cat=[android.intent.category.LAUNCHER] flg=0x10200000 cmp=com.android.music/.MusicBrowserActivity} from uid 10074
03-14 03:52:41.749 1009 1585 I wm_task_created: [134,-1]
03-14 03:52:41.749 1009 1585 W ActivityTaskManager: Can't find TaskDisplayArea to determine support for multi window. Task id=134 attached=false
03-14 03:52:41.750 1009 1585 D FreeFormWindowHelper: finish old freeform task = ActivityRecord{f41c71 u0 com.android.gallery3d/.app.GalleryActivity t133}
03-14 03:52:41.750 1009 1585 I wm_finish_activity: [0,15998065,133,com.android.gallery3d/.app.GalleryActivity,app-request]
03-14 03:52:41.750 1009 1585 I wm_task_moved: [1,1,7]
03-14 03:52:41.751 7505 7505 I wm_on_top_resumed_lost_called: [15998065,com.android.gallery3d.app.GalleryActivity,topStateChangedWhenResumed]
03-14 03:52:41.751 1009 1585 I wm_set_resumed_activity: [0,com.android.launcher3/.uioverrides.QuickstepLauncher,positionChildAt]
03-14 03:52:41.751 1009 1585 I wm_task_moved: [127,1,2147483647]
03-14 03:52:41.751 1009 1585 I wm_task_to_front: [0,127]
03-14 03:52:41.751 1009 1585 I wm_focused_root_task: [0,0,1,-1,finish-top adjustFocusToNextFocusableTask]
03-14 03:52:41.751 1009 1585 I wm_set_resumed_activity: [0,com.android.launcher3/.uioverrides.QuickstepLauncher,finish-top]
03-14 03:52:41.754 1009 1585 I wm_pause_activity: [0,15998065,com.android.gallery3d/.app.GalleryActivity,userLeaving=false,finish]
03-14 03:52:41.754 1009 1585 D FreeFormWindowHelper: Add freeform task=Task{aa6a7cb #134 type=standard ?? U=0 visible=false mode=freeform translucent=true sz=0}
03-14 03:52:41.756 1009 1585 I wm_task_moved: [134,1,7]
03-14 03:52:41.756 1009 1585 I wm_task_to_front: [0,134]
03-14 03:52:41.756 1009 1585 I wm_focused_root_task: [0,0,134,1,reuseOrNewTask]
03-14 03:52:41.756 1009 1585 I wm_create_task: [0,134]
03-14 03:52:41.756 1009 1585 I wm_create_activity: [0,35093416,134,com.android.music/.MusicBrowserActivity,android.intent.action.MAIN,NULL,NULL,270532608]
03-14 03:52:41.756 1009 1585 I wm_task_moved: [134,1,7]
03-14 03:52:41.758 1009 1184 I input_focus: [Focus request b68d17 com.android.launcher3/com.android.launcher3.uioverrides.QuickstepLauncher,reason=UpdateInputWindows]
03-14 03:52:41.761 7505 7505 I wm_on_paused_called: [15998065,com.android.gallery3d.app.GalleryActivity,performPause]
03-14 03:52:41.763 1009 1585 I wm_add_to_stopping: [0,15998065,com.android.gallery3d/.app.GalleryActivity,completeFinishing]
03-14 03:52:41.763 1009 1585 I ActivityTaskManager: FOREGROUND_APPLICATION_CHANGED to com.android.music.MusicBrowserActivity
03-14 03:52:41.763 1009 1585 I ActivityTaskManager: The Process com.android.music Already Exists in BG. So sending its PID: 3708
03-14 03:52:41.763 1009 1585 W ActivityTaskManager: Tried to set launchTime (0) < mLastActivityLaunchTime (115021)
03-14 03:52:41.764 1009 1585 I wm_restart_activity: [0,35093416,134,com.android.music/.MusicBrowserActivity]
03-14 03:52:41.764 1009 1585 I wm_set_resumed_activity: [0,com.android.music/.MusicBrowserActivity,minimalResumeActivityLocked]
03-14 03:52:41.767 1009 1183 I sysui_multi_action: [757,803,799,window_time_0,802,7]
03-14 03:52:41.773 1009 2156 D CompatibilityChangeReporter: Compat change id reported: 149924527; UID 10086; state: ENABLED
03-14 03:52:41.773 1009 1587 I input_focus: [Focus leaving 14b2dcf com.android.gallery3d/com.android.gallery3d.app.GalleryActivity (server),reason=NO_WINDOW]
03-14 03:52:41.773 1009 2156 D CompatibilityChangeReporter: Compat change id reported: 132649864; UID 10086; state: DISABLED
03-14 03:52:41.773 1009 1587 I input_focus: [Focus entering b68d17 com.android.launcher3/com.android.launcher3.uioverrides.QuickstepLauncher (server),reason=setFocusedWindow]
03-14 03:52:41.773 1009 2178 D CompatibilityChangeReporter: Compat change id reported: 182734110; UID 10086; state: ENABLED
03-14 03:52:41.792 3708 3708 I wm_on_create_called: [35093416,com.android.music.MusicBrowserActivity,performCreate]
03-14 03:52:41.799 3708 3708 I wm_on_start_called: [35093416,com.android.music.MusicBrowserActivity,handleStartActivity]
03-14 03:52:41.800 3708 3708 I wm_on_resume_called: [35093416,com.android.music.MusicBrowserActivity,RESUME_ACTIVITY]
03-14 03:52:41.801 3708 3708 I wm_on_top_resumed_gained_called: [35093416,com.android.music.MusicBrowserActivity,topStateChangedWhenResumed]
03-14 03:52:41.820 1009 1698 I GameModeConfig: isGameModeOn = false
03-14 03:52:41.820 1009 1698 I GameModeConfig: isGameModeOn = false
03-14 03:52:41.820 1009 1698 I GameModeConfig: isGameModeOn = false
03-14 03:52:41.820 1009 1698 I GameModeConfig: isGameModeOn = false
03-14 03:52:41.822 1009 1009 I notification_enqueue: [10086,3708,com.android.music,1,NULL,0,Notification(channel=Channel-music shortcut=null contentView=null vibrate=null sound=null defaults=0x0 flags=0x0 color=0x00000000 category=transport actions=4 vis=PRIVATE),0]
03-14 03:52:41.823 1009 1698 I GameModeConfig: isGameModeOn = false
03-14 03:52:41.823 1009 1698 I GameModeConfig: isGameModeOn = false
03-14 03:52:41.823 1009 1698 I GameModeConfig: isGameModeOn = false
03-14 03:52:41.823 1009 1698 I GameModeConfig: isGameModeOn = false
03-14 03:52:41.823 1009 1009 I notification_enqueue: [10086,3708,com.android.music,1,NULL,0,Notification(channel=Channel-music shortcut=null contentView=null vibrate=null sound=null defaults=0x0 flags=0x40 color=0x00000000 category=transport actions=4 vis=PRIVATE),0]
03-14 03:52:41.824 1009 1009 I notification_enqueue: [10086,3708,com.android.music,1,NULL,0,Notification(channel=Channel-music shortcut=null contentView=null vibrate=null sound=null defaults=0x0 flags=0x40 color=0x00000000 category=transport actions=4 vis=PRIVATE),0]
03-14 03:52:41.825 1009 1009 I notification_enqueue: [10086,3708,com.android.music,1,NULL,0,Notification(channel=Channel-music shortcut=null contentView=null vibrate=null sound=null defaults=0x0 flags=0x40 color=0x00000000 category=transport actions=4 vis=PRIVATE),0]
03-14 03:52:41.826 1009 1698 I GameModeConfig: isGameModeOn = false
03-14 03:52:41.826 1009 1698 I GameModeConfig: isGameModeOn = false
03-14 03:52:41.826 1009 1698 I GameModeConfig: isGameModeOn = false
03-14 03:52:41.826 1009 1698 I GameModeConfig: isGameModeOn = false
03-14 03:52:41.828 1009 1009 I notification_enqueue: [10086,3708,com.android.music,1,NULL,0,Notification(channel=Channel-music shortcut=null contentView=null vibrate=null sound=null defaults=0x0 flags=0x40 color=0x00000000 category=transport actions=4 vis=PRIVATE),0]
03-14 03:52:41.828 1009 1009 I notification_enqueue: [10086,3708,com.android.music,1,NULL,0,Notification(channel=Channel-music shortcut=null contentView=null vibrate=null sound=null defaults=0x0 flags=0x40 color=0x00000000 category=transport actions=4 vis=PRIVATE),0]
03-14 03:52:41.834 1009 2148 W WindowManager: updateScale : 0.79357797
03-14 03:52:41.835 1009 1184 I input_focus: [Focus request bdc5a52 com.android.music/com.android.music.MusicBrowserActivity,reason=UpdateInputWindows]
03-14 03:52:41.848 1009 1184 W WindowManager: updateScale : 0.79357797
03-14 03:52:41.849 1009 1009 I sysui_multi_action: [757,128,758,5,759,8,793,28,794,0,795,28,796,1,806,com.android.music,857,Channel-music,858,2,947,0,1500,28,1641,transport,1688,1,1745,1043716538]
03-14 03:52:41.849 1009 1009 I notification_canceled: [0|com.android.music|1|null|10086,8,28,28,0,-1,-1,NULL]
03-14 03:52:41.850 1009 1184 W WindowManager: updateScale : 0.79357797
03-14 03:52:41.851 1009 1184 W WindowManager: updateScale : 0.79357797
03-14 03:52:41.852 1009 1180 I sysui_multi_action: [319,102,322,101,325,128,757,761,758,8,759,2,806,com.android.music,871,com.android.music.MusicBrowserActivity,904,com.android.launcher3,905,0,1320,4,1321,1]
03-14 03:52:41.852 1009 1180 I wm_activity_launch_time: [0,35093416,com.android.music/.MusicBrowserActivity,101]
03-14 03:52:41.857 1009 1587 I input_focus: [Focus leaving b68d17 com.android.launcher3/com.android.launcher3.uioverrides.QuickstepLauncher (server),reason=setFocusedWindow]
03-14 03:52:41.857 1009 1587 I input_focus: [Focus entering bdc5a52 com.android.music/com.android.music.MusicBrowserActivity (server),reason=setFocusedWindow]
03-14 03:52:41.866 1009 2148 W FreeFormWindowHelper: Current Display FreeFormTask is Task{aa6a7cb #134 type=standard A=10086:android.task.music U=0 visible=true mode=freeform translucent=false sz=1}
03-14 03:52:41.866 1009 2148 W FreeFormWindowHelper: Current Display FreeFormTask is Task{aa6a7cb #134 type=standard A=10086:android.task.music U=0 visible=true mode=freeform translucent=false sz=1}
03-14 03:52:41.866 1009 2178 W FreeFormWindowHelper: Current Display FreeFormTask is Task{aa6a7cb #134 type=standard A=10086:android.task.music U=0 visible=true mode=freeform translucent=false sz=1}
03-14 03:52:41.872 1009 2178 W FreeFormWindowHelper: Current Display FreeFormTask is Task{aa6a7cb #134 type=standard A=10086:android.task.music U=0 visible=true mode=freeform translucent=false sz=1}
03-14 03:52:41.873 1009 2178 W FreeFormWindowHelper: Current Display FreeFormTask is Task{aa6a7cb #134 type=standard A=10086:android.task.music U=0 visible=true mode=freeform translucent=false sz=1}
03-14 03:52:42.006 1009 1488 I commit_sys_config_file: [settings-2-0,2]
03-14 03:52:42.022 1009 1009 I NotificationService: Cannot find enqueued record for key: 0|com.android.music|1|null|10086
03-14 03:52:42.023 1009 1009 I NotificationService: Cannot find enqueued record for key: 0|com.android.music|1|null|10086
03-14 03:52:42.024 1009 1009 I NotificationService: Cannot find enqueued record for key: 0|com.android.music|1|null|10086
03-14 03:52:42.024 1009 1009 I NotificationService: Cannot find enqueued record for key: 0|com.android.music|1|null|10086
03-14 03:52:42.027 1009 1009 I NotificationService: Cannot find enqueued record for key: 0|com.android.music|1|null|10086
03-14 03:52:42.027 1009 1009 I NotificationService: Cannot find enqueued record for key: 0|com.android.music|1|null|10086
03-14 03:52:42.123 1009 1183 I wm_destroy_activity: [0,15998065,133,com.android.gallery3d/.app.GalleryActivity,finish-imm:idle]
03-14 03:52:42.124 1009 1184 W WindowManager: updateScale : 0.79357797
03-14 03:52:42.142 1009 2178 W WindowManager: updateScale : 0.79357797
03-14 03:52:42.144 7505 7505 I wm_on_stop_called: [15998065,com.android.gallery3d.app.GalleryActivity,LIFECYCLER_STOP_ACTIVITY]
03-14 03:52:42.146 7505 7505 I wm_on_destroy_called: [15998065,com.android.gallery3d.app.GalleryActivity,performDestroy]
03-14 03:52:42.147 1009 2178 W WindowManager: updateScale : 0.79357797
03-14 03:52:42.148 1009 2178 I wm_task_removed: [133,removeChild:removeChild last r=ActivityRecord{f41c71 u0 com.android.gallery3d/.app.GalleryActivity t-1 f}} in t=Task{e8b9a18 #133 type=standard A=10064:com.android.gallery3d U=0 visible=false mode=freeform translucent=true sz=0}]
03-14 03:52:42.148 1009 2178 I wm_task_removed: [133,removeChild]
03-14 03:52:42.346 1009 1188 I sysui_multi_action: [757,1717,758,1,759,0]
03-14 03:52:42.346 1009 1188 I sysui_multi_action: [757,1717,758,2,759,0]
03-14 03:52:42.346 1009 1188 I sysui_multi_action: [757,1717,758,3,759,0]
03-14 03:52:43.276 1009 2178 I thunderperf: PlatormCompat.setOverrides: Uid1=10074 Pid1=2625 Uid2=10074 Pid2=2625
03-14 03:52:43.276 1009 2178 I thunderperf: PlatormCompat.setOverrides: needCheck:false
03-14 03:52:43.276 1009 2178 I thunderperf: CompatConfig.addOverrideUnsafe: bef-state=0
03-14 03:52:43.276 1009 2178 I thunderperf: CompatConfig.addOverrideUnsafe: aft-state=0
03-14 03:52:43.276 1009 2178 I thunderperf: CompatConfig.addOverrideUnsafe: bef-state=0
03-14 03:52:43.276 1009 2178 I thunderperf: CompatConfig.addOverrideUnsafe: aft-state=0
03-14 03:52:43.276 1009 2178 I thunderperf: CompatConfig.addOverrideUnsafe: bef-state=0
03-14 03:52:43.276 1009 2178 I thunderperf: CompatConfig.addOverrideUnsafe: aft-state=0
03-14 03:52:43.277 1009 2178 I thunderperf: CompatConfig.addOverrideUnsafe: bef-state=0
03-14 03:52:43.277 1009 2178 I thunderperf: CompatConfig.addOverrideUnsafe: aft-state=0
03-14 03:52:43.277 1009 2178 I thunderperf: CompatConfig.addOverrideUnsafe: bef-state=0
03-14 03:52:43.277 1009 2178 I thunderperf: CompatConfig.addOverrideUnsafe: aft-state=0
03-14 03:52:43.277 1009 2178 I thunderperf: CompatConfig.addOverrideUnsafe: bef-state=0
03-14 03:52:43.277 1009 2178 I thunderperf: CompatConfig.addOverrideUnsafe: aft-state=0
03-14 03:52:43.277 1009 2178 I thunderperf: CompatConfig.addOverrideUnsafe: bef-state=0
03-14 03:52:43.277 1009 2178 I thunderperf: CompatConfig.addOverrideUnsafe: aft-state=0
03-14 03:52:43.277 1009 2178 I thunderperf: CompatConfig.addOverrideUnsafe: bef-state=0
03-14 03:52:43.277 1009 2178 I thunderperf: CompatConfig.addOverrideUnsafe: aft-state=0
03-14 03:52:43.277 1009 2178 I thunderperf: CompatConfig.addOverrideUnsafe: bef-state=0
03-14 03:52:43.277 1009 2178 I thunderperf: CompatConfig.addOverrideUnsafe: aft-state=0
03-14 03:52:43.277 1009 2178 I thunderperf: CompatConfig.addOverrideUnsafe: bef-state=0
03-14 03:52:43.277 1009 2178 I thunderperf: CompatConfig.addOverrideUnsafe: aft-state=0
03-14 03:52:43.278 1009 2178 I thunderperf: CompatConfig.addOverrideUnsafe: bef-state=0
03-14 03:52:43.278 1009 2178 I thunderperf: CompatConfig.addOverrideUnsafe: aft-state=0
03-14 03:52:43.278 1009 2178 I thunderperf: CompatConfig.addOverrideUnsafe: bef-state=0
03-14 03:52:43.278 1009 2178 I thunderperf: CompatConfig.addOverrideUnsafe: aft-state=0
03-14 03:52:43.278 1009 2178 I thunderperf: CompatConfig.addOverrideUnsafe: bef-state=0
03-14 03:52:43.278 1009 2178 I thunderperf: CompatConfig.addOverrideUnsafe: aft-state=0
03-14 03:52:43.278 1009 2178 I thunderperf: CompatConfig.addOverrideUnsafe: bef-state=0
03-14 03:52:43.278 1009 2178 I thunderperf: CompatConfig.addOverrideUnsafe: aft-state=0
03-14 03:52:43.280 1009 2178 I ActivityTaskManager: START u0 {act=android.intent.action.MAIN cat=[android.intent.category.LAUNCHER] flg=0x10200000 cmp=com.android.music/.VideoBrowserActivity} from uid 10074
03-14 03:52:43.281 1009 2178 I wm_task_created: [135,-1]
03-14 03:52:43.281 1009 2178 W ActivityTaskManager: Can't find TaskDisplayArea to determine support for multi window. Task id=135 attached=false
03-14 03:52:43.282 1009 2178 D FreeFormWindowHelper: finish old freeform task = ActivityRecord{2177ba8 u0 com.android.music/.MusicBrowserActivity t134}
03-14 03:52:43.282 1009 2178 I wm_finish_activity: [0,35093416,134,com.android.music/.MusicBrowserActivity,app-request]
03-14 03:52:43.282 1009 2178 I wm_task_moved: [1,1,7]
03-14 03:52:43.283 3708 3708 I wm_on_top_resumed_lost_called: [35093416,com.android.music.MusicBrowserActivity,topStateChangedWhenResumed]
03-14 03:52:43.283 1009 2178 I wm_set_resumed_activity: [0,com.android.launcher3/.uioverrides.QuickstepLauncher,positionChildAt]
03-14 03:52:43.283 1009 2178 I wm_task_moved: [127,1,2147483647]
03-14 03:52:43.283 1009 2178 I wm_task_to_front: [0,127]
03-14 03:52:43.283 1009 2178 I wm_focused_root_task: [0,0,1,-1,finish-top adjustFocusToNextFocusableTask]
03-14 03:52:43.283 1009 2178 I wm_set_resumed_activity: [0,com.android.launcher3/.uioverrides.QuickstepLauncher,finish-top]
03-14 03:52:43.285 1009 2178 I wm_pause_activity: [0,35093416,com.android.music/.MusicBrowserActivity,userLeaving=false,finish]
03-14 03:52:43.285 1009 2178 D FreeFormWindowHelper: Add freeform task=Task{1f16b09 #135 type=standard ?? U=0 visible=false mode=freeform translucent=true sz=0}
03-14 03:52:43.287 1009 2178 I wm_task_moved: [135,1,7]
03-14 03:52:43.287 1009 2178 I wm_task_to_front: [0,135]
03-14 03:52:43.287 1009 2178 I wm_focused_root_task: [0,0,135,1,reuseOrNewTask]
03-14 03:52:43.287 1009 2178 I wm_create_task: [0,135]
03-14 03:52:43.287 1009 2178 I wm_create_activity: [0,73236750,135,com.android.music/.VideoBrowserActivity,android.intent.action.MAIN,NULL,NULL,270532608]
03-14 03:52:43.288 1009 2178 I wm_task_moved: [135,1,7]
03-14 03:52:43.290 1009 1184 I input_focus: [Focus request b68d17 com.android.launcher3/com.android.launcher3.uioverrides.QuickstepLauncher,reason=UpdateInputWindows]
03-14 03:52:43.290 3708 3708 I wm_on_paused_called: [35093416,com.android.music.MusicBrowserActivity,performPause]
03-14 03:52:43.290 1009 2148 I wm_add_to_stopping: [0,35093416,com.android.music/.MusicBrowserActivity,completeFinishing]
03-14 03:52:43.290 1009 2148 I ActivityTaskManager: FOREGROUND_APPLICATION_CHANGED to com.android.music.VideoBrowserActivity
03-14 03:52:43.291 1009 2148 I ActivityTaskManager: The Process com.android.music Already Exists in BG. So sending its PID: 3708
03-14 03:52:43.291 1009 2148 W ActivityTaskManager: Tried to set launchTime (0) < mLastActivityLaunchTime (128238)
03-14 03:52:43.291 1009 2148 I wm_restart_activity: [0,73236750,135,com.android.music/.VideoBrowserActivity]
03-14 03:52:43.292 1009 2148 I wm_set_resumed_activity: [0,com.android.music/.VideoBrowserActivity,minimalResumeActivityLocked]
03-14 03:52:43.295 1009 1587 I input_focus: [Focus leaving bdc5a52 com.android.music/com.android.music.MusicBrowserActivity (server),reason=NO_WINDOW]
03-14 03:52:43.295 1009 1587 I input_focus: [Focus entering b68d17 com.android.launcher3/com.android.launcher3.uioverrides.QuickstepLauncher (server),reason=setFocusedWindow]
03-14 03:52:43.296 1009 1183 I sysui_multi_action: [757,803,799,window_time_2,802,1]
03-14 03:52:43.308 3708 3708 I wm_on_create_called: [73236750,com.android.music.VideoBrowserActivity,performCreate]
03-14 03:52:43.308 3708 3708 I wm_on_start_called: [73236750,com.android.music.VideoBrowserActivity,handleStartActivity]
03-14 03:52:43.309 3708 3708 I wm_on_resume_called: [73236750,com.android.music.VideoBrowserActivity,RESUME_ACTIVITY]
03-14 03:52:43.311 3708 3708 I wm_on_top_resumed_gained_called: [73236750,com.android.music.VideoBrowserActivity,topStateChangedWhenResumed]
03-14 03:52:43.313 1009 1585 W WindowManager: updateScale : 0.79357797
03-14 03:52:43.315 1009 1184 I input_focus: [Focus request bcfabd4 com.android.music/com.android.music.VideoBrowserActivity,reason=UpdateInputWindows]
03-14 03:52:43.319 1009 1184 W WindowManager: updateScale : 0.79357797
03-14 03:52:43.321 1009 1180 I wm_activity_launch_time: [0,73236750,com.android.music/.VideoBrowserActivity,41]
03-14 03:52:43.321 1009 1184 W WindowManager: updateScale : 0.79357797
03-14 03:52:43.323 1009 1184 W WindowManager: updateScale : 0.79357797
03-14 03:52:43.328 1009 1587 I input_focus: [Focus leaving b68d17 com.android.launcher3/com.android.launcher3.uioverrides.QuickstepLauncher (server),reason=setFocusedWindow]
03-14 03:52:43.328 1009 1587 I input_focus: [Focus entering bcfabd4 com.android.music/com.android.music.VideoBrowserActivity (server),reason=setFocusedWindow]
03-14 03:52:43.395 1009 2178 W FreeFormWindowHelper: Current Display FreeFormTask is Task{1f16b09 #135 type=standard A=10086:android.task.video U=0 visible=true mode=freeform translucent=false sz=1}
03-14 03:52:43.594 1009 1184 W WindowManager: updateScale : 0.79357797
03-14 03:52:43.595 1009 1183 I wm_destroy_activity: [0,35093416,134,com.android.music/.MusicBrowserActivity,finish-imm:idle]
03-14 03:52:43.612 3708 3708 I wm_on_stop_called: [35093416,com.android.music.MusicBrowserActivity,LIFECYCLER_STOP_ACTIVITY]
03-14 03:52:43.613 3708 3708 I wm_on_destroy_called: [35093416,com.android.music.MusicBrowserActivity,performDestroy]
03-14 03:52:43.614 1009 2178 W WindowManager: updateScale : 0.79357797
03-14 03:52:43.615 1009 2178 I wm_task_removed: [134,removeChild:removeChild last r=ActivityRecord{2177ba8 u0 com.android.music/.MusicBrowserActivity t-1 f}} in t=Task{aa6a7cb #134 type=standard A=10086:android.task.music U=0 visible=false mode=freeform translucent=true sz=0}]
03-14 03:52:43.615 1009 2178 I wm_task_removed: [134,removeChild]
03-14 03:52:43.616 1009 1194 I am_uid_running: 10032
03-14 03:52:43.616 1009 1194 D CompatibilityChangeReporter: Compat change id reported: 135634846; UID 10032; state: DISABLED
03-14 03:52:43.616 1009 1194 D CompatibilityChangeReporter: Compat change id reported: 177438394; UID 10032; state: DISABLED
03-14 03:52:43.616 1009 1194 D CompatibilityChangeReporter: Compat change id reported: 135772972; UID 10032; state: DISABLED
03-14 03:52:43.616 1009 1194 D CompatibilityChangeReporter: Compat change id reported: 135754954; UID 10032; state: ENABLED
03-14 03:52:43.617 1009 1195 D CompatibilityChangeReporter: Compat change id reported: 143937733; UID 10032; state: ENABLED
03-14 03:52:43.623 1009 1009 I notification_cancel_all: [1000,1009,com.android.music,0,0,0,20,NULL]
03-14 03:52:43.623 1009 1585 I sysui_multi_action: [757,856,758,2,806,com.android.music,857,Channel-music,858,2]
03-14 03:52:43.623 1009 1585 W NotificationHistory: Attempted to remove channel for locked/gone/disabled user 0
03-14 03:52:43.624 1009 1195 I am_proc_start: [0,7790,10032,com.android.musicfx,broadcast,{com.android.musicfx/com.android.musicfx.ControlPanelReceiver}]
03-14 03:52:43.624 1009 1195 I ActivityManager: Start proc 7790:com.android.musicfx/u0a32 for broadcast {com.android.musicfx/com.android.musicfx.ControlPanelReceiver}
01-01 08:02:12.333 0 0 I binder : 7790:7790 ioctl 40046210 7fd9aef714 returned -22
03-14 03:52:43.634 1009 2153 I am_proc_bound: [0,7790,com.android.musicfx]
03-14 03:52:43.634 1009 2153 D CompatibilityChangeReporter: Compat change id reported: 168419799; UID 10032; state: DISABLED
03-14 03:52:43.659 1009 2178 W BroadcastQueue: Background execution not allowed: receiving Intent { act=com.android.music.updatewidget flg=0x10 } to com.android.music/.MediaAppWidgetProvider
03-14 03:52:43.659 1009 1194 W BroadcastQueue: Background execution not allowed: receiving Intent { act=com.android.music.updatewidget flg=0x10 } to com.android.music/.MediaAppWidgetProviderLarge
03-14 03:52:43.874 1009 1182 I commit_sys_config_file: [notification-policy,100018]
03-14 03:52:43.967 0 0 I auditd : type=1400 audit(0.0:3348): avc: denied { kill } for comm="swapper/7" capability=5 scontext=u:r:kernel:s0 tcontext=u:r:kernel:s0 tclass=capability permissive=1
03-14 03:52:44.055 6881 6881 I auditd : type=1400 audit(0.0:3349): avc: denied { open } for comm="HCDN_DownloadEn" path="/proc/stat" dev="proc" ino=4026532236 scontext=u:r:untrusted_app:s0:c102,c256,c512,c768 tcontext=u:object_r:proc_stat:s0 tclass=file permissive=1 app=com.qiyi.video
03-14 03:52:44.055 6881 6881 I auditd : type=1400 audit(0.0:3350): avc: denied { getattr } for comm="HCDN_DownloadEn" path="/proc/stat" dev="proc" ino=4026532236 scontext=u:r:untrusted_app:s0:c102,c256,c512,c768 tcontext=u:object_r:proc_stat:s0 tclass=file permissive=1 app=com.qiyi.video
01-01 08:02:13.523 0 0 E DTC_ETH,link_delay_work_func: 3003, SQI=0, link=0
03-14 03:52:45.002 1009 2881 E TaskPersister: File error accessing recents directory (directory doesn't exist?).
03-14 03:52:45.893 1009 1587 I input_interaction: Interaction with: bcfabd4 com.android.music/com.android.music.VideoBrowserActivity (server), edge-swipe (server), swipe-up (server), PointerEventDispatcher0 (server),
03-14 03:52:46.003 3708 3708 I view_enqueue_input_event: [Motion - Cancel,com.android.music/com.android.music.VideoBrowserActivity]
03-14 03:52:46.011 1009 1587 I input_interaction: Interaction with: WindowManager (server), edge-swipe (server), swipe-up (server), PointerEventDispatcher0 (server),
03-14 03:52:46.018 1009 1184 D FreeFormWindowHelper: refreshTipWindow mTipWindowTitle : freeform_top_left_tip_window
03-14 03:52:46.019 1009 1184 I ActivityTaskManager: clear resize flag in freeform mode
03-14 03:52:46.020 1009 1184 W WindowManager: updateScale : 0.79357797
03-14 03:52:46.031 1009 2148 W WindowManager: updateScale : 0.79357797
03-14 03:52:46.034 1009 1184 D FreeFormWindowHelper: refreshTipWindow mTipWindowTitle : freeform_top_left_tip_window
03-14 03:52:46.035 1009 1184 I ActivityTaskManager: clear resize flag in freeform mode
03-14 03:52:46.035 1009 1184 W WindowManager: updateScale : 0.79357797
03-14 03:52:46.063 6881 6881 I auditd : type=1400 audit(0.0:3351): avc: denied { open } for comm="HCDN_DownloadEn" path="/proc/stat" dev="proc" ino=4026532236 scontext=u:r:untrusted_app:s0:c102,c256,c512,c768 tcontext=u:object_r:proc_stat:s0 tclass=file permissive=1 app=com.qiyi.video
03-14 03:52:46.063 6881 6881 I auditd : type=1400 audit(0.0:3352): avc: denied { getattr } for comm="HCDN_DownloadEn" path="/proc/stat" dev="proc" ino=4026532236 scontext=u:r:untrusted_app:s0:c102,c256,c512,c768 tcontext=u:object_r:proc_stat:s0 tclass=file permissive=1 app=com.qiyi.video
03-14 03:52:46.068 1009 1184 D FreeFormWindowHelper: refreshTipWindow mTipWindowTitle : freeform_top_left_tip_window
03-14 03:52:46.068 1009 1184 I ActivityTaskManager: clear resize flag in freeform mode
03-14 03:52:46.068 1009 1184 W WindowManager: updateScale : 0.79357797
03-14 03:52:46.081 1009 2148 W WindowManager: updateScale : 0.79357797
03-14 03:52:46.084 1009 1184 D FreeFormWindowHelper: refreshTipWindow mTipWindowTitle : freeform_top_left_tip_window
03-14 03:52:46.085 1009 1184 I ActivityTaskManager: clear resize flag in freeform mode
03-14 03:52:46.085 1009 1184 W WindowManager: updateScale : 0.79357797
03-14 03:52:46.101 1009 1184 D FreeFormWindowHelper: refreshTipWindow mTipWindowTitle : null
03-14 03:52:46.102 1009 1184 I ActivityTaskManager: clear resize flag in freeform mode
03-14 03:52:46.102 1009 1184 W WindowManager: updateScale : 0.79357797
03-14 03:52:46.114 1009 2148 W WindowManager: updateScale : 0.79357797
03-14 03:52:46.118 1009 1184 D FreeFormWindowHelper: refreshTipWindow mTipWindowTitle : null
03-14 03:52:46.118 1009 1184 I ActivityTaskManager: clear resize flag in freeform mode
