01-01 08:00:29.861 1088 1088 I auditd : type=1400 audit(0.0:397): avc: denied { create } for comm="init.qcom.usb.s" name="streaming_maxpacket" scontext=u:r:vendor_qti_init_shell:s0 tcontext=u:object_r:configfs:s0 tclass=file permissive=1
01-01 08:00:29.895 0 0 I msm_vidc: err : 00000001: ....e: Failed to create debugfs for msm_vidc
01-01 08:00:29.869 1125 1125 I auditd : type=1400 audit(0.0:398): avc: denied { create } for comm="mkdir" name="h" scontext=u:r:vendor_qti_init_shell:s0 tcontext=u:object_r:configfs:s0 tclass=dir permissive=1
01-01 08:00:29.915 0 0 W kona-asoc-snd soc: qcom,msm-audio-apr:qcom,q6core-audio:sound: msm_init_aux_dev: Max WSA devices is 0 for this target?
01-01 08:00:29.915 0 0 I msm_vidc: high: 00000001: h265e: Closed video instance: 0000000000000000
01-01 08:00:29.918 0 0 I msm_vidc: high: 00000001: ....e: Opening video instance: 0000000000000000, 0
01-01 08:00:29.918 0 0 I msm_vidc: err : 00000001: ....e: Failed to create debugfs for msm_vidc
01-01 08:00:29.918 0 0 I msm_vidc: err : 00000001: ....e: msm_vidc_comm_update_ctrl: failed: control name Ltr Count, min 0, max 0, step 0, default_value 0
01-01 08:00:29.922 0 0 I msm_vidc: high: 00000001: vp8e: Closed video instance: 0000000000000000
01-01 08:00:29.924 0 0 W kgsl-3d0: Falling back to syfs fallback for: a650_sqe.fw
01-01 08:00:29.927 0 0 E kona-asoc-snd soc: qcom,msm-audio-apr:qcom,q6core-audio:sound: ASoC: CODEC DAI wsa_macro_vifeedback not registered
01-01 08:00:29.927 0 0 I ueventd : firmware: loading 'a650_sqe.fw' for '/devices/platform/soc/3d00000.qcom,kgsl-3d0/kgsl/kgsl-3d0/a650_sqe.fw'
01-01 08:00:29.929 0 0 I init : starting service 'bootanim'...
01-01 08:00:29.929 0 0 W kgsl-3d0: Falling back to syfs fallback for: a650_gmu.bin
01-01 08:00:29.929 0 0 I ueventd : loading /devices/platform/soc/3d00000.qcom,kgsl-3d0/kgsl/kgsl-3d0/a650_sqe.fw took 1ms
01-01 08:00:29.930 0 0 I init : Control message: Processed ctl.start for 'bootanim' from pid: 1058 (/system/bin/surfaceflinger)
01-01 08:00:29.877 1127 1127 I auditd : type=1400 audit(0.0:399): avc: denied { create } for comm="ln" name="h" scontext=u:r:vendor_qti_init_shell:s0 tcontext=u:object_r:configfs:s0 tclass=lnk_file permissive=1
01-01 08:00:29.931 0 0 I ueventd : firmware: loading 'a650_gmu.bin' for '/devices/platform/soc/3d00000.qcom,kgsl-3d0/kgsl/kgsl-3d0/a650_gmu.bin'
01-01 08:00:29.940 0 0 E qcom-lpi-pinctrl soc: qcom,msm-audio-apr:qcom,q6core-audio:lpi_pinctrl@33c0000: snd_event_notify: No snd dev entry found
01-01 08:00:29.947 0 0 I platform soc: qcom,msm-audio-apr:qcom,voice-mhi-audio: assigned reserved memory node mailbox_region
01-01 08:00:29.948 0 0 I ueventd : loading /devices/platform/soc/3d00000.qcom,kgsl-3d0/kgsl/kgsl-3d0/a650_gmu.bin took 16ms
01-01 08:00:29.929 1088 1088 I auditd : type=1400 audit(0.0:400): avc: denied { create } for comm="init.qcom.usb.s" name="wWidth" scontext=u:r:vendor_qti_init_shell:s0 tcontext=u:object_r:configfs:s0 tclass=file permissive=1
01-01 08:00:29.993 0 0 I binder : 1155:1155 ioctl 40046210 7fc9588c54 returned -22
01-01 08:00:29.994 0 0 I init : Service 'exec 20 (/vendor/bin/init.qcom.usb.sh)' (pid 1088) exited with status 0 waiting took 0.229000 seconds
01-01 08:00:29.994 0 0 I init : Sending signal 9 to service 'exec 20 (/vendor/bin/init.qcom.usb.sh)' (pid 1088) process group...
01-01 08:00:29.994 0 0 I libprocessgroup: Successfully killed process cgroup uid 0 pid 1088 in 0ms
01-01 08:00:29.995 0 0 I init : Command 'setprop sys.usb.config ${persist.vendor.usb.config}' action=boot (/vendor/etc/init/hw/init.qcom.usb.rc:115) took 0ms and failed: property 'persist.vendor.usb.config' doesn't exist while expanding '${persist.vendor.usb.config}'
01-01 08:00:29.996 0 0 E register_client_adhoc: find path.src 1 dest 589
01-01 08:00:29.996 0 0 E register_client_adhoc: Failed to find path.src 1 dest 589
01-01 08:00:29.996 0 0 E : [drm:dp_display_init_aux_switch][msm-dp-err][46 ]failed to register notifier (-22)
01-01 08:00:29.997 0 0 W kona-asoc-snd soc: qcom,msm-audio-apr:qcom,q6core-audio:sound: msm_init_aux_dev: Max WSA devices is 0 for this target?
01-01 08:00:29.997 0 0 E kona-asoc-snd soc: qcom,msm-audio-apr:qcom,q6core-audio:sound: ASoC: CODEC DAI wsa_macro_vifeedback not registered
01-01 08:00:29.998 0 0 W : bolero-clk-rsc-mngr bolero-clk-rsc-mngr: DMA mask not set
01-01 08:00:29.998 0 0 W tx_macro tx-macro: DMA mask not set
01-01 08:00:29.998 0 0 E tx_macro tx-macro: tx_macro_probe: va-macro not registered yet, defer
01-01 08:00:29.998 0 0 W rx_macro rx-macro: DMA mask not set
01-01 08:00:29.998 0 0 E rx_macro rx-macro: rx_macro_probe: va-macro not registered yet, defer
01-01 08:00:29.998 0 0 W wsa_macro wsa-macro: DMA mask not set
01-01 08:00:29.998 0 0 E wsa_macro wsa-macro: wsa_macro_probe: va-macro not registered yet, defer
01-01 08:00:29.998 0 0 W va_macro va-macro: DMA mask not set
01-01 08:00:29.998 0 0 E msm_cdc_pinctrl_get_gpiodata: device node is null
01-01 08:00:29.998 0 0 I va_macro va-macro: Linked as a consumer to regulator.7
01-01 08:00:29.998 0 0 I va_macro va-macro: bolero_register_macro: register macro successful:3
01-01 08:00:29.998 0 0 W wcd938x_codec wcd938x-codec: DMA mask not set
01-01 08:00:29.998 0 0 I wcd938x_codec wcd938x-codec: msm_cdc_dt_parse_vreg_info: cdc-vdd-rxtx: vol=[1800000 1800000]uV, curr=[30000]uA, ond 0 lpm 0
01-01 08:00:29.998 0 0 I wcd938x_codec wcd938x-codec: msm_cdc_dt_parse_vreg_info: cdc-vddio: vol=[1800000 1800000]uV, curr=[30000]uA, ond 0 lpm 0
01-01 08:00:29.998 0 0 I wcd938x_codec wcd938x-codec: msm_cdc_dt_parse_vreg_info: cdc-vdd-buck: vol=[1800000 1800000]uV, curr=[650000]uA, ond 0 lpm 0
01-01 08:00:29.998 0 0 I wcd938x_codec wcd938x-codec: msm_cdc_dt_parse_vreg_info: cdc-vdd-mic-bias: vol=[3296000 3296000]uV, curr=[30000]uA, ond 0 lpm 0
01-01 08:00:29.998 0 0 I wcd938x_codec wcd938x-codec: Linked as a consumer to regulator.7
01-01 08:00:29.998 0 0 I wcd938x_codec wcd938x-codec: Linked as a consumer to regulator.48
01-01 08:00:29.999 0 0 E register_client_adhoc: find path.src 1 dest 589
01-01 08:00:29.999 0 0 E register_client_adhoc: Failed to find path.src 1 dest 589
01-01 08:00:29.999 0 0 E : [drm:dp_display_init_aux_switch][msm-dp-err][1105]failed to register notifier (-22)
01-01 08:00:29.999 0 0 W kona-asoc-snd soc: qcom,msm-audio-apr:qcom,q6core-audio:sound: msm_init_aux_dev: Max WSA devices is 0 for this target?
01-01 08:00:30.000 0 0 E kona-asoc-snd soc: qcom,msm-audio-apr:qcom,q6core-audio:sound: ASoC: CODEC DAI wsa_macro_vifeedback not registered
01-01 08:00:30.000 0 0 I tx_macro tx-macro: bolero_register_macro: register macro successful:0
01-01 08:00:30.000 0 0 I rx_macro rx-macro: bolero_register_macro: register macro successful:1
01-01 08:00:30.000 0 0 I wsa_macro wsa-macro: bolero_register_macro: register macro successful:2
01-01 08:00:30.000 0 0 E register_client_adhoc: find path.src 1 dest 589
01-01 08:00:30.000 0 0 E register_client_adhoc: Failed to find path.src 1 dest 589
01-01 08:00:30.000 0 0 E : [drm:dp_display_init_aux_switch][msm-dp-err][1105]failed to register notifier (-22)
01-01 08:00:30.001 0 0 W kona-asoc-snd soc: qcom,msm-audio-apr:qcom,q6core-audio:sound: msm_init_aux_dev: Max WSA devices is 0 for this target?
01-01 08:00:30.012 0 0 I init : processing action (boot) from (/vendor/etc/init/hw/init.target.rc:79)
01-01 08:00:30.024 0 0 W swr-wcd tx_swr_ctrl: DMA mask not set
01-01 08:00:30.030 0 0 I init : starting service 'exec 21 (/vendor/bin/modprobe -a -d /vendor/lib/modules/ qca_cld3_qca6390 qca_cld3_qca6490)'...
01-01 08:00:30.033 0 0 W swr-wcd rx_swr_ctrl: DMA mask not set
01-01 08:00:30.045 0 0 I init : processing action (boot) from (/system/etc/init/dumpstate.rc:1)
01-01 08:00:30.053 0 0 W swr-wcd wsa_swr_ctrl: DMA mask not set
01-01 08:00:30.059 0 0 I init : processing action (boot) from (/system/etc/init/gsid.rc:25)
01-01 08:00:30.077 0 0 E msm-pcm-routing soc: qcom,msm-pcm-routing: ASoC: no source widget found for AUDIO_REF_EC_UL30 MUX
01-01 08:00:30.081 0 0 I init : starting service 'exec 22 (/system/bin/gsid run-startup-tasks)'...
01-01 08:00:30.081 0 0 W subsys-pil-tz soc: qcom,kgsl-hyp: Falling back to syfs fallback for: a650_zap.mdt
01-01 08:00:30.083 0 0 I ueventd : firmware: loading 'a650_zap.mdt' for '/devices/platform/soc/soc:qcom,kgsl-hyp/firmware/a650_zap.mdt'
01-01 08:00:30.084 0 0 I ueventd : loading /devices/platform/soc/soc:qcom,kgsl-hyp/firmware/a650_zap.mdt took 1ms
01-01 08:00:30.095 0 0 E msm-pcm-routing soc: qcom,msm-pcm-routing: ASoC: Failed to add route AUDIO_REF_EC_UL30 MUX -> direct -> MM_UL30
01-01 08:00:30.111 0 0 I init : processing action (boot) from (/vendor/etc/init/init.thundercomm.touchscreen.rc:5)
01-01 08:00:30.123 0 0 E msm-pcm-routing soc: qcom,msm-pcm-routing: ASoC: no source widget found for AUX_PCM_TX
01-01 08:00:30.127 0 0 I init : Service 'exec 22 (/system/bin/gsid run-startup-tasks)' (pid 1179) exited with status 0 oneshot service took 0.016000 seconds in background
01-01 08:00:30.135 0 0 E swr-wcd wsa_swr_ctrl: swrm_get_logical_dev_num: device 0x1020170211 is not ready
01-01 08:00:30.145 0 0 I init : Sending signal 9 to service 'exec 22 (/system/bin/gsid run-startup-tasks)' (pid 1179) process group...
01-01 08:00:30.155 0 0 E msm-pcm-routing soc: qcom,msm-pcm-routing: ASoC: Failed to add route AUX_PCM_TX -> AUX_PCM_UL_TX -> VoLTE Stub Tx Mixer
01-01 08:00:30.164 0 0 I libprocessgroup: Successfully killed process cgroup uid 0 pid 1179 in 0ms
01-01 08:00:30.173 0 0 E swr-wcd rx_swr_ctrl: swrm_get_logical_dev_num: device 0xd01170224 is not ready
01-01 08:00:30.179 0 0 I init : processing action (boot) from (/vendor/etc/init/netmgrd.rc:6)
01-01 08:00:30.185 0 0 E swr_get_logical_dev_num: Error -22 to get logical addr for device 1020170211
01-01 08:00:30.185 0 0 W wsa881x : probe of wsa881x.1020170211 failed with error -22
01-01 08:00:30.187 0 0 E wlan : Loading driver v5.2.022.10G; 2023-03-14T05:02:22Z; cld:; cmn:;
01-01 08:00:30.195 0 0 I init : starting service 'exec 23 (/vendor/bin/modprobe -a -d /vendor/lib/modules rmnet_ctl)'...
01-01 08:00:30.204 0 0 E swr_get_logical_dev_num: Error -22 to get logical addr for device d01170224
01-01 08:00:30.207 0 0 I binder : 1009:1009 ioctl 40046210 7fd9aef154 returned -22
01-01 08:00:30.210 0 0 E ipa3_uc_reg_rdyCB: 2973 bad parm. inout=0000000000000000
01-01 08:00:30.210 0 0 I : wlan_hdd_state wlan major(476) initialized
01-01 08:00:30.210 0 0 I init : SVC_EXEC service 'exec 23 (/vendor/bin/modprobe -a -d /vendor/lib/modules rmnet_ctl)' pid 1192 (uid 0 gid 0+0 context u:r:vendor_modprobe:s0) started; waiting...
01-01 08:00:30.215 0 0 I init : Service 'exec 23 (/vendor/bin/modprobe -a -d /vendor/lib/modules rmnet_ctl)' (pid 1192) exited with status 1 waiting took 0.005000 seconds
01-01 08:00:30.215 0 0 I init : Sending signal 9 to service 'exec 23 (/vendor/bin/modprobe -a -d /vendor/lib/modules rmnet_ctl)' (pid 1192) process group...
01-01 08:00:30.215 0 0 I libprocessgroup: Successfully killed process cgroup uid 0 pid 1192 in 0ms
01-01 08:00:30.216 0 0 I init : starting service 'exec 24 (/vendor/bin/modprobe -a -d /vendor/lib/modules rmnet_core)'...
01-01 08:00:30.216 0 0 I init : SVC_EXEC service 'exec 24 (/vendor/bin/modprobe -a -d /vendor/lib/modules rmnet_core)' pid 1193 (uid 0 gid 0+0 context u:r:vendor_modprobe:s0) started; waiting...
01-01 08:00:30.218 0 0 E msm-pcm-routing soc: qcom,msm-pcm-routing: ASoC: no source widget found for AUX_PCM_RX
01-01 08:00:30.218 0 0 E msm-pcm-routing soc: qcom,msm-pcm-routing: ASoC: Failed to add route AUX_PCM_RX -> direct -> BE_OUT
01-01 08:00:30.219 0 0 W msm-pcm-routing soc: qcom,msm-pcm-routing: ASoC: no dapm match for MM_DL23 --> MultiMedia23 --> QUIN_TDM_RX_1 Audio Mixer
01-01 08:00:30.219 0 0 E msm-pcm-routing soc: qcom,msm-pcm-routing: ASoC: Failed to add route MM_DL23 -> MultiMedia23 -> QUIN_TDM_RX_1 Audio Mixer
01-01 08:00:30.219 0 0 W msm-pcm-routing soc: qcom,msm-pcm-routing: ASoC: no dapm match for MM_DL24 --> MultiMedia24 --> QUIN_TDM_RX_1 Audio Mixer
01-01 08:00:30.219 0 0 E msm-pcm-routing soc: qcom,msm-pcm-routing: ASoC: Failed to add route MM_DL24 -> MultiMedia24 -> QUIN_TDM_RX_1 Audio Mixer
01-01 08:00:30.219 0 0 W msm-pcm-routing soc: qcom,msm-pcm-routing: ASoC: no dapm match for MM_DL25 --> MultiMedia25 --> QUIN_TDM_RX_1 Audio Mixer
01-01 08:00:30.219 0 0 E msm-pcm-routing soc: qcom,msm-pcm-routing: ASoC: Failed to add route MM_DL25 -> MultiMedia25 -> QUIN_TDM_RX_1 Audio Mixer
01-01 08:00:30.227 0 0 D cnss : Start to wait for calibration to complete
01-01 08:00:30.227 0 0 E swr-wcd rx_swr_ctrl: swrm_get_logical_dev_num: device 0xd01170224 is not ready
01-01 08:00:30.227 0 0 E swr_get_logical_dev_num: Error -22 to get logical addr for device d01170224
01-01 08:00:30.227 0 0 E swr-wcd rx_swr_ctrl: swrm_get_logical_dev_num: device 0xd01170224 is not ready
01-01 08:00:30.227 0 0 E swr_get_logical_dev_num: Error -22 to get logical addr for device d01170224
01-01 08:00:30.228 0 0 E swr-wcd rx_swr_ctrl: swrm_get_logical_dev_num: device 0xd01170224 is not ready
01-01 08:00:30.228 0 0 E swr_get_logical_dev_num: Error -22 to get logical addr for device d01170224
01-01 08:00:30.228 0 0 E swr-wcd rx_swr_ctrl: swrm_get_logical_dev_num: device 0xd01170224 is not ready
01-01 08:00:30.228 0 0 E swr_get_logical_dev_num: Error -22 to get logical addr for device d01170224
01-01 08:00:30.228 0 0 E wcd938x_codec wcd938x-codec: wcd938x_bind: Slave bind failed, ret = -517
01-01 08:00:30.231 0 0 E msm-pcm-routing soc: qcom,msm-pcm-routing: ASoC: no source widget found for AUX_PCM_TX
01-01 08:00:30.231 0 0 E msm-pcm-routing soc: qcom,msm-pcm-routing: ASoC: Failed to add route AUX_PCM_TX -> AUX_PCM_UL_TX -> SLIMBUS_0_RX Port Mixer
01-01 08:00:30.231 0 0 E msm-pcm-routing soc: qcom,msm-pcm-routing: ASoC: no source widget found for SEC_AUX_PCM_TX
01-01 08:00:30.231 0 0 E msm-pcm-routing soc: qcom,msm-pcm-routing: ASoC: Failed to add route SEC_AUX_PCM_TX -> SEC_AUX_PCM_UL_TX -> SLIMBUS_0_RX Port Mixer
01-01 08:00:30.231 0 0 E msm-pcm-routing soc: qcom,msm-pcm-routing: ASoC: no source widget found for TERT_AUX_PCM_TX
01-01 08:00:30.231 0 0 E msm-pcm-routing soc: qcom,msm-pcm-routing: ASoC: Failed to add route TERT_AUX_PCM_TX -> TERT_AUXPCM_UL_TX -> SLIMBUS_0_RX Port Mixer
01-01 08:00:30.231 0 0 E msm-pcm-routing soc: qcom,msm-pcm-routing: ASoC: no source widget found for QUAT_AUX_PCM_TX
01-01 08:00:30.231 0 0 E msm-pcm-routing soc: qcom,msm-pcm-routing: ASoC: Failed to add route QUAT_AUX_PCM_TX -> QUAT_AUXPCM_UL_TX -> SLIMBUS_0_RX Port Mixer
01-01 08:00:30.232 0 0 E msm-pcm-routing soc: qcom,msm-pcm-routing: ASoC: no source widget found for QUIN_AUX_PCM_TX
01-01 08:00:30.232 0 0 E msm-pcm-routing soc: qcom,msm-pcm-routing: ASoC: Failed to add route QUIN_AUX_PCM_TX -> QUIN_AUXPCM_UL_TX -> SLIMBUS_0_RX Port Mixer
01-01 08:00:30.232 0 0 E msm-pcm-routing soc: qcom,msm-pcm-routing: ASoC: no source widget found for SEN_AUX_PCM_TX
01-01 08:00:30.232 0 0 E msm-pcm-routing soc: qcom,msm-pcm-routing: ASoC: Failed to add route SEN_AUX_PCM_TX -> SEN_AUXPCM_UL_TX -> SLIMBUS_0_RX Port Mixer
01-01 08:00:30.232 0 0 E swr-wcd wsa_swr_ctrl: swrm_get_logical_dev_num: device 0x1020170212 is not ready
01-01 08:00:30.232 0 0 E swr_get_logical_dev_num: Error -22 to get logical addr for device 1020170212
01-01 08:00:30.232 0 0 W wsa881x : probe of wsa881x.1020170212 failed with error -22
01-01 08:00:30.237 0 0 I init : Service 'exec 24 (/vendor/bin/modprobe -a -d /vendor/lib/modules rmnet_core)' (pid 1193) exited with status 1 waiting took 0.020000 seconds
01-01 08:00:30.237 0 0 E swr-wcd wsa_swr_ctrl: swrm_get_logical_dev_num: device 0x1021170213 is not ready
01-01 08:00:30.237 0 0 E swr_get_logical_dev_num: Error -22 to get logical addr for device 1021170213
01-01 08:00:30.237 0 0 W wsa881x : probe of wsa881x.1021170213 failed with error -22
01-01 08:00:30.243 0 0 E swr-wcd wsa_swr_ctrl: swrm_get_logical_dev_num: device 0x1021170214 is not ready
01-01 08:00:30.243 0 0 E swr_get_logical_dev_num: Error -22 to get logical addr for device 1021170214
01-01 08:00:30.243 0 0 W wsa881x : probe of wsa881x.1021170214 failed with error -22
01-01 08:00:30.257 1009 1188 I commit_sys_config_file: [batterystats-daily,1]
01-01 08:00:30.257 596 596 I auditd : type=1400 audit(0.0:401): avc: denied { read } for comm="Binder:596_2" name="wakeup58" dev="sysfs" ino=71282 scontext=u:r:system_suspend:s0 tcontext=u:object_r:sysfs:s0 tclass=dir permissive=1
01-01 08:00:30.271 0 0 I init : Sending signal 9 to service 'exec 24 (/vendor/bin/modprobe -a -d /vendor/lib/modules rmnet_core)' (pid 1193) process group...
01-01 08:00:30.271 0 0 I libprocessgroup: Successfully killed process cgroup uid 0 pid 1193 in 0ms
01-01 08:00:30.290 1009 1188 I commit_sys_config_file: [batterystats,2]
01-01 08:00:30.290 1009 1188 I commit_sys_config_file: [batterystats,0]
01-01 08:00:30.257 596 596 I auditd : type=1400 audit(0.0:402): avc: denied { open } for comm="Binder:596_2" path="/sys/devices/virtual/misc/msm_g711alaw/wakeup58" dev="sysfs" ino=71282 scontext=u:r:system_suspend:s0 tcontext=u:object_r:sysfs:s0 tclass=dir permissive=1
01-01 08:00:30.285 0 0 I init : starting service 'exec 25 (/vendor/bin/modprobe -a -d /vendor/lib/modules/5.4-gki rmnet_ctl)'...
01-01 08:00:30.300 1009 1009 I service_manager_stats: [100,17,28073]
01-01 08:00:30.257 596 596 I auditd : type=1400 audit(0.0:403): avc: denied { read } for comm="Binder:596_2" name="event_count" dev="sysfs" ino=71289 scontext=u:r:system_suspend:s0 tcontext=u:object_r:sysfs:s0 tclass=file permissive=1
01-01 08:00:30.309 0 0 I init : SVC_EXEC service 'exec 25 (/vendor/bin/modprobe -a -d /vendor/lib/modules/5.4-gki rmnet_ctl)' pid 1202 (uid 0 gid 0+0 context u:r:vendor_modprobe:s0) started; waiting...
01-01 08:00:30.257 596 596 I auditd : type=1400 audit(0.0:404): avc: denied { open } for comm="Binder:596_2" path="/sys/devices/virtual/misc/msm_g711alaw/wakeup58/event_count" dev="sysfs" ino=71289 scontext=u:r:system_suspend:s0 tcontext=u:object_r:sysfs:s0 tclass=file permissive=1
01-01 08:00:30.320 0 0 I init : Service 'exec 25 (/vendor/bin/modprobe -a -d /vendor/lib/modules/5.4-gki rmnet_ctl)' (pid 1202) exited with status 1 waiting took 0.011000 seconds
01-01 08:00:30.336 1009 1009 I rescue_note: [0,1,28109]
01-01 08:00:30.257 596 596 I auditd : type=1400 audit(0.0:405): avc: denied { getattr } for comm="Binder:596_2" path="/sys/devices/virtual/misc/msm_g711alaw/wakeup58/event_count" dev="sysfs" ino=71289 scontext=u:r:system_suspend:s0 tcontext=u:object_r:sysfs:s0 tclass=file permissive=1
01-01 08:00:30.341 0 0 I init : Sending signal 9 to service 'exec 25 (/vendor/bin/modprobe -a -d /vendor/lib/modules/5.4-gki rmnet_ctl)' (pid 1202) process group...
01-01 08:00:30.352 1009 1183 I am_wtf : [0,1009,system_server,-1,DisplayDeviceConfig,requesting nits when no mapping exists.]
01-01 08:00:30.353 1009 1183 I am_wtf : [0,1009,system_server,-1,DisplayDeviceConfig,requesting nits when no mapping exists.]
01-01 08:00:30.358 1009 1009 I boot_progress_pms_start: 28131
01-01 08:00:30.404 0 0 E msm-dai-fe soc: qcom,msm-dai-fe: ASoC: no sink widget found for AUXPCM_DL_HL
01-01 08:00:30.408 0 0 I libprocessgroup: Successfully killed process cgroup uid 0 pid 1202 in 0ms
01-01 08:00:30.415 0 0 E msm-dai-fe soc: qcom,msm-dai-fe: ASoC: Failed to add route AUXPCM_HOSTLESS Playback -> direct -> AUXPCM_DL_HL
01-01 08:00:30.415 0 0 E msm-dai-fe soc: qcom,msm-dai-fe: ASoC: no source widget found for AUXPCM_UL_HL
01-01 08:00:30.424 0 0 I init : starting service 'exec 26 (/vendor/bin/modprobe -a -d /vendor/lib/modules/5.4-gki rmnet_core)'...
01-01 08:00:30.434 0 0 E msm-dai-fe soc: qcom,msm-dai-fe: ASoC: Failed to add route AUXPCM_UL_HL -> direct -> AUXPCM_HOSTLESS Capture
01-01 08:00:30.437 0 0 E msm-auxpcm-dev soc: qcom,msm-pri-auxpcm: ASoC: no source widget found for AUX_PCM_RX
01-01 08:00:30.446 0 0 I init : SVC_EXEC service 'exec 26 (/vendor/bin/modprobe -a -d /vendor/lib/modules/5.4-gki rmnet_core)' pid 1219 (uid 0 gid 0+0 context u:r:vendor_modprobe:s0) started; waiting...
01-01 08:00:30.454 0 0 E msm-auxpcm-dev soc: qcom,msm-pri-auxpcm: ASoC: Failed to add route AUX_PCM_RX -> direct -> AUX PCM Playback
01-01 08:00:30.454 0 0 E msm-auxpcm-dev soc: qcom,msm-pri-auxpcm: ASoC: no sink widget found for AUX_PCM_TX
01-01 08:00:30.463 0 0 I init : Service 'exec 26 (/vendor/bin/modprobe -a -d /vendor/lib/modules/5.4-gki rmnet_core)' (pid 1219) exited with status 1 waiting took 0.017000 seconds
01-01 08:00:30.475 0 0 E msm-auxpcm-dev soc: qcom,msm-pri-auxpcm: ASoC: Failed to add route AUX PCM Capture -> direct -> AUX_PCM_TX
01-01 08:00:30.475 0 0 E msm-auxpcm-dev soc: qcom,msm-sec-auxpcm: ASoC: no source widget found for SEC_AUX_PCM_RX
01-01 08:00:30.484 0 0 I init : Sending signal 9 to service 'exec 26 (/vendor/bin/modprobe -a -d /vendor/lib/modules/5.4-gki rmnet_core)' (pid 1219) process group...
01-01 08:00:30.489 1009 1009 I boot_progress_pms_system_scan_start: 28262
01-01 08:00:30.484 0 0 I libprocessgroup: Successfully killed process cgroup uid 0 pid 1219 in 0ms
01-01 08:00:30.492 0 0 E msm-auxpcm-dev soc: qcom,msm-sec-auxpcm: ASoC: Failed to add route SEC_AUX_PCM_RX -> direct -> Sec AUX PCM Playback
01-01 08:00:30.492 0 0 E msm-auxpcm-dev soc: qcom,msm-sec-auxpcm: ASoC: no sink widget found for SEC_AUX_PCM_TX
01-01 08:00:30.501 0 0 I init : processing action (boot) from (/vendor/etc/init/port-bridge.rc:6)
01-01 08:00:30.508 0 0 E msm-auxpcm-dev soc: qcom,msm-sec-auxpcm: ASoC: Failed to add route Sec AUX PCM Capture -> direct -> SEC_AUX_PCM_TX
01-01 08:00:30.508 0 0 E msm-auxpcm-dev soc: qcom,msm-tert-auxpcm: ASoC: no source widget found for TERT_AUX_PCM_RX
01-01 08:00:30.515 0 0 I init : processing action (boot) from (/vendor/etc/init/qmipriod.debug.rc:5)
01-01 08:00:30.524 0 0 E msm-auxpcm-dev soc: qcom,msm-tert-auxpcm: ASoC: Failed to add route TERT_AUX_PCM_RX -> direct -> Tert AUX PCM Playback
01-01 08:00:30.524 0 0 E msm-auxpcm-dev soc: qcom,msm-tert-auxpcm: ASoC: no sink widget found for TERT_AUX_PCM_TX
01-01 08:00:30.535 0 0 I init : processing action (boot) from (/vendor/etc/init/qvrd_vndr.rc:19)
01-01 08:00:30.546 0 0 E msm-auxpcm-dev soc: qcom,msm-tert-auxpcm: ASoC: Failed to add route Tert AUX PCM Capture -> direct -> TERT_AUX_PCM_TX
01-01 08:00:30.546 0 0 E msm-auxpcm-dev soc: qcom,msm-quat-auxpcm: ASoC: no source widget found for QUAT_AUX_PCM_RX
01-01 08:00:30.559 0 0 I init : processing action (boot) from (/vendor/etc/init/shsusrd.rc:6)
01-01 08:00:30.571 0 0 E msm-auxpcm-dev soc: qcom,msm-quat-auxpcm: ASoC: Failed to add route QUAT_AUX_PCM_RX -> direct -> Quat AUX PCM Playback
01-01 08:00:30.571 0 0 E msm-auxpcm-dev soc: qcom,msm-quat-auxpcm: ASoC: no sink widget found for QUAT_AUX_PCM_TX
01-01 08:00:30.580 0 0 I init : processing action (boot) from (/vendor/etc/init/vendor.qti.hardware.charger_monitor@1.0-service.rc:21)
01-01 08:00:30.587 0 0 E msm-auxpcm-dev soc: qcom,msm-quat-auxpcm: ASoC: Failed to add route Quat AUX PCM Capture -> direct -> QUAT_AUX_PCM_TX
01-01 08:00:30.588 0 0 E msm-auxpcm-dev soc: qcom,msm-quin-auxpcm: ASoC: no source widget found for QUIN_AUX_PCM_RX
01-01 08:00:30.596 0 0 I init : starting service 'vendor.qti-chg-policy-sh'...
01-01 08:00:30.604 0 0 E msm-auxpcm-dev soc: qcom,msm-quin-auxpcm: ASoC: Failed to add route QUIN_AUX_PCM_RX -> direct -> Quin AUX PCM Playback
01-01 08:00:30.604 0 0 E msm-auxpcm-dev soc: qcom,msm-quin-auxpcm: ASoC: no sink widget found for QUIN_AUX_PCM_TX
01-01 08:00:30.615 0 0 I init : processing action (enable_property_trigger) from (:0)
01-01 08:00:30.621 0 0 E msm-auxpcm-dev soc: qcom,msm-quin-auxpcm: ASoC: Failed to add route Quin AUX PCM Capture -> direct -> QUIN_AUX_PCM_TX
01-01 08:00:30.621 0 0 E msm-auxpcm-dev soc: qcom,msm-sen-auxpcm: ASoC: no source widget found for SEN_AUX_PCM_RX
01-01 08:00:30.630 0 0 I init : processing action (apexd.status=ready && ro.product.cpu.abilist32=*) from (/system/etc/init/hw/init.rc:98)
01-01 08:00:30.638 0 0 E msm-auxpcm-dev soc: qcom,msm-sen-auxpcm: ASoC: Failed to add route SEN_AUX_PCM_RX -> direct -> Sen AUX PCM Playback
01-01 08:00:30.647 0 0 I init : starting service 'boringssl_self_test_apex32'...
01-01 08:00:30.655 0 0 E msm-auxpcm-dev soc: qcom,msm-sen-auxpcm: ASoC: no sink widget found for SEN_AUX_PCM_TX
01-01 08:00:30.668 0 0 I init : SVC_EXEC service 'boringssl_self_test_apex32' pid 1235 (uid 0 gid 0+0 context default) started; waiting...
01-01 08:00:30.677 0 0 E msm-auxpcm-dev soc: qcom,msm-sen-auxpcm: ASoC: Failed to add route Sen AUX PCM Capture -> direct -> SEN_AUX_PCM_TX
01-01 08:00:30.690 0 0 I init : Service 'boringssl_self_test_apex32' (pid 1235) exited with status 0 waiting took 0.021000 seconds
01-01 08:00:30.699 0 0 W msm-dai-q6-hdmi soc: qcom,msm-dai-q6-dp: DAI driver id is not set
01-01 08:00:30.713 0 0 I init : Sending signal 9 to service 'boringssl_self_test_apex32' (pid 1235) process group...
01-01 08:00:30.808 0 0 E bolero-codec soc: qcom,msm-audio-apr:qcom,q6core-audio:bolero-cdc: ASoC: unknown pin WSA AIF VI
01-01 08:00:30.816 0 0 I libprocessgroup: Successfully killed process cgroup uid 0 pid 1235 in 0ms
01-01 08:00:30.828 0 0 E kona-asoc-snd soc: qcom,msm-audio-apr:qcom,q6core-audio:sound: ASoC: no source widget found for MIC BIAS1
01-01 08:00:30.835 0 0 I init : processing action (apexd.status=ready && ro.product.cpu.abilist64=*) from (/system/etc/init/hw/init.rc:100)
01-01 08:00:30.841 0 0 E kona-asoc-snd soc: qcom,msm-audio-apr:qcom,q6core-audio:sound: ASoC: Failed to add route MIC BIAS1 -> direct -> AMIC1
01-01 08:00:30.841 0 0 E kona-asoc-snd soc: qcom,msm-audio-apr:qcom,q6core-audio:sound: ASoC: no sink widget found for MIC BIAS1
01-01 08:00:30.852 0 0 I init : starting service 'boringssl_self_test_apex64'...
01-01 08:00:30.861 0 0 E kona-asoc-snd soc: qcom,msm-audio-apr:qcom,q6core-audio:sound: ASoC: Failed to add route Analog Mic1 -> direct -> MIC BIAS1
01-01 08:00:30.861 0 0 E kona-asoc-snd soc: qcom,msm-audio-apr:qcom,q6core-audio:sound: ASoC: no source widget found for MIC BIAS2
01-01 08:00:30.881 0 0 I init : SVC_EXEC service 'boringssl_self_test_apex64' pid 1277 (uid 0 gid 0+0 context default) started; waiting...
01-01 08:00:30.892 0 0 E kona-asoc-snd soc: qcom,msm-audio-apr:qcom,q6core-audio:sound: ASoC: Failed to add route MIC BIAS2 -> direct -> AMIC2
01-01 08:00:30.892 0 0 E kona-asoc-snd soc: qcom,msm-audio-apr:qcom,q6core-audio:sound: ASoC: no sink widget found for MIC BIAS2
01-01 08:00:30.900 0 0 I init : Service 'vendor.qti-chg-policy-sh' (pid 1224) exited with status 0 oneshot service took 0.287000 seconds in background
01-01 08:00:30.911 0 0 E kona-asoc-snd soc: qcom,msm-audio-apr:qcom,q6core-audio:sound: ASoC: Failed to add route Analog Mic2 -> direct -> MIC BIAS2
01-01 08:00:30.911 0 0 E kona-asoc-snd soc: qcom,msm-audio-apr:qcom,q6core-audio:sound: ASoC: no source widget found for MIC BIAS3
01-01 08:00:30.921 0 0 I init : Sending signal 9 to service 'vendor.qti-chg-policy-sh' (pid 1224) process group...
01-01 08:00:30.932 0 0 E kona-asoc-snd soc: qcom,msm-audio-apr:qcom,q6core-audio:sound: ASoC: Failed to add route MIC BIAS3 -> direct -> AMIC3
01-01 08:00:30.942 0 0 I : mv2112_setup_forced
01-01 08:00:30.942 0 0 I libprocessgroup: Successfully killed process cgroup uid 0 pid 1224 in 0ms
01-01 08:00:30.942 0 0 I init : Service 'boringssl_self_test_apex64' (pid 1277) exited with status 0 waiting took 0.069000 seconds
01-01 08:00:30.942 0 0 I init : Sending signal 9 to service 'boringssl_self_test_apex64' (pid 1277) process group...
01-01 08:00:30.942 0 0 I libprocessgroup: Successfully killed process cgroup uid 0 pid 1277 in 0ms
01-01 08:00:30.942 0 0 I init : processing action (net.tcp_def_init_rwnd=*) from (/system/etc/init/hw/init.rc:1181)
01-01 08:00:30.942 0 0 I init : processing action (security.perf_harden=1 && sys.init.perf_lsm_hooks=) from (/system/etc/init/hw/init.rc:1196)
01-01 08:00:30.942 0 0 I init : processing action (security.perf_harden=1) from (/system/etc/init/hw/init.rc:1206)
01-01 08:00:30.943 0 0 I init : processing action (ro.debuggable=1) from (/system/etc/init/hw/init.rc:1241)
01-01 08:00:30.941 1 1 I auditd : type=1400 audit(0.0:406): avc: denied { add_name } for comm="init" name="enable" scontext=u:r:init:s0 tcontext=u:object_r:sysfs_android_usb:s0 tclass=dir permissive=1
01-01 08:00:30.941 1 1 I auditd : type=1400 audit(0.0:407): avc: denied { create } for comm="init" name="enable" scontext=u:r:init:s0 tcontext=u:object_r:sysfs_android_usb:s0 tclass=file permissive=1
01-01 08:00:30.943 0 0 I init : processing action (sys.usb.config=adb && sys.usb.configfs=0) from (/system/etc/init/hw/init.usb.rc:40)
01-01 08:00:30.943 0 0 I init : Command 'write /sys/class/android_usb/android0/enable 0' action=sys.usb.config=adb && sys.usb.configfs=0 (/system/etc/init/hw/init.usb.rc:41) took 0ms and failed: Unable to write to file '/sys/class/android_usb/android0/enable': open() failed: Permission denied
01-01 08:00:30.943 0 0 I init : Command 'write /sys/class/android_usb/android0/idVendor 18d1' action=sys.usb.config=adb && sys.usb.configfs=0 (/system/etc/init/hw/init.usb.rc:42) took 0ms and failed: Unable to write to file '/sys/class/android_usb/android0/idVendor': open() failed: Permission denied
01-01 08:00:30.943 0 0 I init : Command 'write /sys/class/android_usb/android0/idProduct 4EE7' action=sys.usb.config=adb && sys.usb.configfs=0 (/system/etc/init/hw/init.usb.rc:43) took 0ms and failed: Unable to write to file '/sys/class/android_usb/android0/idProduct': open() failed: Permission denied
01-01 08:00:30.943 0 0 I init : Command 'write /sys/class/android_usb/android0/functions ${sys.usb.config}' action=sys.usb.config=adb && sys.usb.configfs=0 (/system/etc/init/hw/init.usb.rc:44) took 0ms and failed: Unable to write to file '/sys/class/android_usb/android0/functions': open() failed: Permission denied
01-01 08:00:30.943 0 0 I init : Command 'write /sys/class/android_usb/android0/enable 1' action=sys.usb.config=adb && sys.usb.configfs=0 (/system/etc/init/hw/init.usb.rc:45) took 0ms and failed: Unable to write to file '/sys/class/android_usb/android0/enable': open() failed: Permission denied
01-01 08:00:30.953 0 0 E kona-asoc-snd soc: qcom,msm-audio-apr:qcom,q6core-audio:sound: ASoC: no sink widget found for MIC BIAS3
01-01 08:00:30.953 0 0 I init : starting service 'adbd'...
01-01 08:00:30.953 0 0 I init : Created socket '/dev/socket/adbd', mode 660, user 1000, group 1000
01-01 08:00:30.955 0 0 I init : processing action (persist.vendor.qcomsysd.enabled=1) from (/vendor/etc/init/hw/init.qcom.rc:415)
01-01 08:00:30.955 0 0 I init : processing action (persist.vendor.radio.atfwd.start=false) from (/vendor/etc/init/hw/init.qcom.rc:486)
01-01 08:00:30.955 0 0 I init : processing action (vendor.media.target_variant=*) from (/vendor/etc/init/hw/init.qcom.rc:503)
01-01 08:00:30.956 0 0 I init : processing action (vendor.opengles.version=*) from (/vendor/etc/init/hw/init.qcom.rc:927)
01-01 08:00:30.956 0 0 E init : Unable to set property 'ro.opengles.version' from uid:0 gid:0 pid:477: Read-only property was already set
01-01 08:00:30.956 0 0 I init : processing action (vendor.gpu.available_frequencies=*) from (/vendor/etc/init/hw/init.qcom.rc:931)
01-01 08:00:30.957 0 0 I init : processing action (vendor.usb.controller=*) from (/vendor/etc/init/hw/init.qcom.usb.rc:125)
01-01 08:00:30.957 0 0 I init : processing action (vendor.display.lcd_density=640) from (/vendor/etc/init/hw/init.target.rc:102)
01-01 08:00:30.957 0 0 I init : processing action (init.svc.vendor.per_mgr=running) from (/vendor/etc/init/hw/init.target.rc:147)
01-01 08:00:30.957 0 0 I init : starting service 'vendor.per_proxy'...
01-01 08:00:30.958 0 0 I init : processing action (init.svc.audioserver=running) from (/system/etc/init/audioserver.rc:38)
01-01 08:00:30.958 0 0 I init : Command 'start vendor.audio-hal-4-0-msd' action=init.svc.audioserver=running (/system/etc/init/audioserver.rc:40) took 0ms and failed: service vendor.audio-hal-4-0-msd not found
01-01 08:00:30.958 0 0 I init : Command 'start audio_proxy_service' action=init.svc.audioserver=running (/system/etc/init/audioserver.rc:41) took 0ms and failed: service audio_proxy_service not found
01-01 08:00:30.958 0 0 I init : Command 'start vendor.audio-hal-2-0' action=init.svc.audioserver=running (/system/etc/init/audioserver.rc:43) took 0ms and failed: service vendor.audio-hal-2-0 not found
01-01 08:00:30.958 0 0 I init : Command 'start audio-hal-2-0' action=init.svc.audioserver=running (/system/etc/init/audioserver.rc:44) took 0ms and failed: service audio-hal-2-0 not found
01-01 08:00:30.958 0 0 I init : processing action (ro.persistent_properties.ready=true) from (/system/etc/init/bootstat.rc:67)
01-01 08:00:30.958 0 0 I init : processing action (ro.persistent_properties.ready=true) from (/system/etc/init/bootstat.rc:71)
01-01 08:00:30.958 0 0 I init : starting service 'exec 27 (/system/bin/bootstat --set_system_boot_reason)'...
01-01 08:00:30.959 0 0 I init : processing action (drm.service.enabled=true) from (/system/etc/init/drmserver.rc:8)
01-01 08:00:30.959 0 0 I init : starting service 'drm'...
01-01 08:00:30.960 0 0 I init : processing action (persist.heapprofd.enable= && traced.lazy.heapprofd=) from (/system/etc/init/heapprofd.rc:49)
01-01 08:00:30.960 0 0 I init : processing action (persist.device_config.runtime_native_boot.iorap_perfetto_enable=true && ro.iorapd.enable=true) from (/system/etc/init/iorapd.rc:34)
01-01 08:00:30.960 0 0 I init : starting service 'iorapd'...
01-01 08:00:30.962 0 0 I init : processing action (ro.debuggable=*) from (/system/etc/init/llkd.rc:2)
01-01 08:00:30.962 0 0 I init : processing action (debug.atrace.user_initiated= && persist.traced.enable=1) from (/system/etc/init/perfetto.rc:47)
01-01 08:00:30.962 0 0 I init : starting service 'traced_probes'...
01-01 08:00:30.962 0 0 I init : Opened file '/dev/kmsg', flags 1
01-01 08:00:30.963 0 0 I init : processing action (persist.traced.enable=1) from (/system/etc/init/perfetto.rc:50)
01-01 08:00:30.976 0 0 E kona-asoc-snd soc: qcom,msm-audio-apr:qcom,q6core-audio:sound: ASoC: Failed to add route Analog Mic3 -> direct -> MIC BIAS3
01-01 08:00:30.981 0 0 I : read descriptors
01-01 08:00:30.981 0 0 I : read strings
01-01 08:00:30.982 0 0 I binder : 1281:1281 ioctl 40046210 ffacdbd8 returned -22
01-01 08:00:30.984 0 0 I init : Service 'exec 27 (/system/bin/bootstat --set_system_boot_reason)' (pid 1280) exited with status 0 oneshot service took 0.025000 seconds in background
01-01 08:00:30.996 0 0 E kona-asoc-snd soc: qcom,msm-audio-apr:qcom,q6core-audio:sound: ASoC: no source widget found for MIC BIAS3
01-01 08:00:31.005 0 0 I init : Sending signal 9 to service 'exec 27 (/system/bin/bootstat --set_system_boot_reason)' (pid 1280) process group...
01-01 08:00:31.017 0 0 E kona-asoc-snd soc: qcom,msm-audio-apr:qcom,q6core-audio:sound: ASoC: Failed to add route MIC BIAS3 -> direct -> AMIC4
01-01 08:00:31.017 0 0 E kona-asoc-snd soc: qcom,msm-audio-apr:qcom,q6core-audio:sound: ASoC: no sink widget found for MIC BIAS3
01-01 08:00:31.024 0 0 I binder : 1282:1282 ioctl 40046210 7ff073d294 returned -22
01-01 08:00:31.027 0 0 I libprocessgroup: Successfully killed process cgroup uid 1000 pid 1280 in 0ms
01-01 08:00:31.038 0 0 E kona-asoc-snd soc: qcom,msm-audio-apr:qcom,q6core-audio:sound: ASoC: Failed to add route Analog Mic4 -> direct -> MIC BIAS3
01-01 08:00:31.038 0 0 E kona-asoc-snd soc: qcom,msm-audio-apr:qcom,q6core-audio:sound: ASoC: no source widget found for MIC BIAS4
01-01 08:00:31.049 0 0 I init : starting service 'traced'...
01-01 08:00:31.060 0 0 E kona-asoc-snd soc: qcom,msm-audio-apr:qcom,q6core-audio:sound: ASoC: Failed to add route MIC BIAS4 -> direct -> AMIC5
01-01 08:00:31.060 0 0 E kona-asoc-snd soc: qcom,msm-audio-apr:qcom,q6core-audio:sound: ASoC: no sink widget found for MIC BIAS4
01-01 08:00:31.069 0 0 I init : Created socket '/dev/socket/traced_consumer', mode 666, user 0, group 0
01-01 08:00:31.081 0 0 E kona-asoc-snd soc: qcom,msm-audio-apr:qcom,q6core-audio:sound: ASoC: Failed to add route Analog Mic5 -> direct -> MIC BIAS4
01-01 08:00:31.081 0 0 E kona-asoc-snd soc: qcom,msm-audio-apr:qcom,q6core-audio:sound: ASoC: no source widget found for MIC BIAS3
01-01 08:00:31.090 0 0 I init : Created socket '/dev/socket/traced_producer', mode 666, user 0, group 0
01-01 08:00:31.102 0 0 E kona-asoc-snd soc: qcom,msm-audio-apr:qcom,q6core-audio:sound: ASoC: Failed to add route MIC BIAS3 -> direct -> TX DMIC0
01-01 08:00:31.112 0 0 I init : Command 'start traced' action=persist.traced.enable=1 (/system/etc/init/perfetto.rc:65) took 63ms and succeeded
01-01 08:00:31.123 0 0 E kona-asoc-snd soc: qcom,msm-audio-apr:qcom,q6core-audio:sound: ASoC: no sink widget found for MIC BIAS3
01-01 08:00:31.123 0 0 E DTC_ETH,link_delay_work_func: 3003, SQI=0, link=0
01-01 08:00:31.143 1009 1009 I boot_progress_pms_data_scan_start: 28916
01-01 08:00:31.133 0 0 I init : processing action (persist.traced_perf.enable= && sys.init.perf_lsm_hooks=) from (/system/etc/init/traced_perf.rc:39)
01-01 08:00:31.143 0 0 E kona-asoc-snd soc: qcom,msm-audio-apr:qcom,q6core-audio:sound: ASoC: Failed to add route Digital Mic0 -> direct -> MIC BIAS3
01-01 08:00:31.144 0 0 E kona-asoc-snd soc: qcom,msm-audio-apr:qcom,q6core-audio:sound: ASoC: no source widget found for MIC BIAS3
01-01 08:00:31.156 0 0 I init : processing action (ro.boot.slot_suffix=*) from (/system/etc/init/update_engine.rc:8)
01-01 08:00:31.166 0 0 E kona-asoc-snd soc: qcom,msm-audio-apr:qcom,q6core-audio:sound: ASoC: Failed to add route MIC BIAS3 -> direct -> TX DMIC1
01-01 08:00:31.166 0 0 E kona-asoc-snd soc: qcom,msm-audio-apr:qcom,q6core-audio:sound: ASoC: no sink widget found for MIC BIAS3
01-01 08:00:31.178 0 0 I init : processing action (persist.vendor.dpm.feature=*) from (/system_ext/etc/init/dpmd.rc:20)
01-01 08:00:31.189 0 0 E kona-asoc-snd soc: qcom,msm-audio-apr:qcom,q6core-audio:sound: ASoC: Failed to add route Digital Mic1 -> direct -> MIC BIAS3
01-01 08:00:31.201 0 0 I init : starting service 'dpmd'...
01-01 08:00:31.212 0 0 E kona-asoc-snd soc: qcom,msm-audio-apr:qcom,q6core-audio:sound: ASoC: no source widget found for MIC BIAS1
01-01 08:00:31.224 0 0 I init : Created socket '/dev/socket/dpmd', mode 660, user 0, group 1001
01-01 08:00:31.235 0 0 E kona-asoc-snd soc: qcom,msm-audio-apr:qcom,q6core-audio:sound: ASoC: Failed to add route MIC BIAS1 -> direct -> TX DMIC2
01-01 08:00:31.235 0 0 E kona-asoc-snd soc: qcom,msm-audio-apr:qcom,q6core-audio:sound: ASoC: no sink widget found for MIC BIAS1
01-01 08:00:31.247 0 0 I init : Created socket '/dev/socket/tcm', mode 660, user 0, group 3003
01-01 08:00:31.257 0 0 E kona-asoc-snd soc: qcom,msm-audio-apr:qcom,q6core-audio:sound: ASoC: Failed to add route Digital Mic2 -> direct -> MIC BIAS1
01-01 08:00:31.252 1009 1009 I boot_progress_pms_scan_end: 29025
01-01 08:00:31.258 0 0 E kona-asoc-snd soc: qcom,msm-audio-apr:qcom,q6core-audio:sound: ASoC: no source widget found for MIC BIAS1
01-01 08:00:31.269 0 0 I init : Created socket '/dev/socket/dpmwrapper', mode 660, user 0, group 3003
01-01 08:00:31.281 0 0 E kona-asoc-snd soc: qcom,msm-audio-apr:qcom,q6core-audio:sound: ASoC: Failed to add route MIC BIAS1 -> direct -> TX DMIC3
01-01 08:00:31.283 1009 1009 I commit_sys_config_file: [package-user-0,0]
01-01 08:00:31.283 1009 1009 I commit_sys_config_file: [package,17]
01-01 08:00:31.283 1009 1009 I boot_progress_pms_ready: 29056
01-01 08:00:31.281 0 0 E kona-asoc-snd soc: qcom,msm-audio-apr:qcom,q6core-audio:sound: ASoC: no sink widget found for MIC BIAS1
01-01 08:00:31.301 1009 1009 I am_uid_running: 1000
01-01 08:00:31.302 1009 1009 I am_uid_active: 1000
01-01 08:00:31.293 0 0 I init : Command 'start dpmd' action=persist.vendor.dpm.feature=* (/system_ext/etc/init/dpmd.rc:21) took 92ms and succeeded
01-01 08:00:31.304 0 0 E kona-asoc-snd soc: qcom,msm-audio-apr:qcom,q6core-audio:sound: ASoC: Failed to add route Digital Mic3 -> direct -> MIC BIAS1
01-01 08:00:31.301 1298 1298 I auditd : type=1400 audit(0.0:408): avc: denied { read write } for comm="dpmd" name="diag" dev="tmpfs" ino=2176 scontext=u:r:vendor_dpmd:s0 tcontext=u:object_r:vendor_diag_device:s0 tclass=chr_file permissive=1
01-01 08:00:31.301 1298 1298 I auditd : type=1400 audit(0.0:409): avc: denied { open } for comm="dpmd" path="/dev/diag" dev="tmpfs" ino=2176 scontext=u:r:vendor_dpmd:s0 tcontext=u:object_r:vendor_diag_device:s0 tclass=chr_file permissive=1
01-01 08:00:31.301 1298 1298 I auditd : type=1400 audit(0.0:410): avc: denied { ioctl } for comm="dpmd" path="/dev/diag" dev="tmpfs" ino=2176 ioctlcmd=0x2d scontext=u:r:vendor_dpmd:s0 tcontext=u:object_r:vendor_diag_device:s0 tclass=chr_file permissive=1
01-01 08:00:31.311 0 0 I binder : 1300:1300 ioctl 40046210 7ffb1edb54 returned -22
01-01 08:00:31.315 0 0 I init : starting service 'idmap2d'...
01-01 08:00:31.327 0 0 E kona-asoc-snd soc: qcom,msm-audio-apr:qcom,q6core-audio:sound: ASoC: no source widget found for MIC BIAS4
01-01 08:00:31.339 0 0 I init : Control message: Processed ctl.start for 'idmap2d' from pid: 1009 (system_server)
01-01 08:00:31.346 0 0 I binder : 1308:1308 ioctl 40046210 7fc5a305c4 returned -22
01-01 08:00:31.350 0 0 E kona-asoc-snd soc: qcom,msm-audio-apr:qcom,q6core-audio:sound: ASoC: Failed to add route MIC BIAS4 -> direct -> TX DMIC4
01-01 08:00:31.361 0 0 I init : processing action (persist.vendor.dpmhalservice.enable=*) from (/vendor/etc/init/dpmQmiMgr.rc:13)
01-01 08:00:31.377 1009 1009 I commit_sys_config_file: [overlays,1]
01-01 08:00:31.381 828 828 I auditd : type=1400 audit(0.0:411): avc: denied { read } for comm="health@2.1-serv" name="online" dev="sysfs" ino=63642 scontext=u:r:hal_health_default:s0 tcontext=u:object_r:sysfs:s0 tclass=file permissive=1
01-01 08:00:31.381 828 828 I auditd : type=1400 audit(0.0:412): avc: denied { open } for comm="health@2.1-serv" path="/sys/devices/platform/soc/884000.i2c/i2c-3/3-0025/power_supply/wireless/online" dev="sysfs" ino=63642 scontext=u:r:hal_health_default:s0 tcontext=u:object_r:sysfs:s0 tclass=file permissive=1
01-01 08:00:31.381 828 828 I auditd : type=1400 audit(0.0:413): avc: denied { getattr } for comm="health@2.1-serv" path="/sys/devices/platform/soc/884000.i2c/i2c-3/3-0025/power_supply/wireless/online" dev="sysfs" ino=63642 scontext=u:r:hal_health_default:s0 tcontext=u:object_r:sysfs:s0 tclass=file permissive=1
01-01 08:00:31.373 0 0 E kona-asoc-snd soc: qcom,msm-audio-apr:qcom,q6core-audio:sound: ASoC: no sink widget found for MIC BIAS4
01-01 08:00:31.383 0 0 E HL6111R : is_dc_online: DC psy unavailable
01-01 08:00:31.383 1009 1189 I battery_status: [1,1,0,0,]
01-01 08:00:31.384 0 0 E HL6111R : is_dc_online: DC psy unavailable
01-01 08:00:31.384 0 0 I init : starting service 'dpmQmiMgr'...
01-01 08:00:31.385 0 0 I init : Control message: Processed ctl.interface_start for 'com.qualcomm.qti.dpm.api@1.0::IdpmQmi/dpmQmiService' from pid: 513 (/system/bin/hwservicemanager)
01-01 08:00:31.385 0 0 I init : processing action (init.svc.vendor.qti.hardware.display.composer=running) from (/vendor/etc/init/feature_enabler_client.rc:15)
01-01 08:00:31.385 0 0 I init : starting service 'feature_enabler_client'...
01-01 08:00:31.386 0 0 I init : Control message: Processed ctl.interface_start for 'com.qualcomm.qti.dpm.api@1.0::IdpmQmi/dpmQmiService' from pid: 513 (/system/bin/hwservicemanager)
01-01 08:00:31.386 0 0 I init : processing action (ro.baseband=apq) from (/vendor/etc/init/netmgrd.rc:44)
01-01 08:00:31.386 0 0 I init : processing action (nonencrypted) from (/system/etc/init/hw/init.rc:1117)
01-01 08:00:31.386 0 0 E init : Could not start service 'qcomsysd' as part of class 'main': Cannot find '/system/vendor/bin/qcom-system-daemon': No such file or directory
01-01 08:00:31.386 0 0 I init : starting service 'qcom-c_main-sh'...
01-01 08:00:31.387 0 0 E init : Could not start service 'ptt_socket_app' as part of class 'main': Cannot find '/system/vendor/bin/ptt_socket_app': No such file or directory
01-01 08:00:31.387 0 0 I init : starting service 'vendor.cnss_diag'...
01-01 08:00:31.388 0 0 I init : starting service 'cameraserver'...
01-01 08:00:31.396 0 0 E kona-asoc-snd soc: qcom,msm-audio-apr:qcom,q6core-audio:sound: ASoC: Failed to add route Digital Mic4 -> direct -> MIC BIAS4
01-01 08:00:31.396 0 0 E kona-asoc-snd soc: qcom,msm-audio-apr:qcom,q6core-audio:sound: ASoC: no source widget found for MIC BIAS4
01-01 08:00:31.407 0 0 W healthd : battery none chg=
01-01 08:00:31.407 0 0 I init : starting service 'hht_ota_mgr_service'...
01-01 08:00:31.408 0 0 I init : starting service 'incidentd'...
01-01 08:00:31.409 0 0 I init : starting service 'installd'...
01-01 08:00:31.410 0 0 I init : starting service 'mediaextractor'...
01-01 08:00:31.411 0 0 I init : starting service 'mediametrics'...
01-01 08:00:31.412 0 0 I init : starting service 'media'...
01-01 08:00:31.412 0 0 E kona-asoc-snd soc: qcom,msm-audio-apr:qcom,q6core-audio:sound: ASoC: Failed to add route MIC BIAS4 -> direct -> TX DMIC5
01-01 08:00:31.412 0 0 E kona-asoc-snd soc: qcom,msm-audio-apr:qcom,q6core-audio:sound: ASoC: no sink widget found for MIC BIAS4
01-01 08:00:31.412 0 0 E kona-asoc-snd soc: qcom,msm-audio-apr:qcom,q6core-audio:sound: ASoC: Failed to add route Digital Mic5 -> direct -> MIC BIAS4
01-01 08:00:31.412 0 0 E kona-asoc-snd soc: qcom,msm-audio-apr:qcom,q6core-audio:sound: ASoC: no sink widget found for IN1_HPHL
01-01 08:00:31.412 0 0 E kona-asoc-snd soc: qcom,msm-audio-apr:qcom,q6core-audio:sound: ASoC: Failed to add route HPHL_OUT -> direct -> IN1_HPHL
01-01 08:00:31.412 0 0 E kona-asoc-snd soc: qcom,msm-audio-apr:qcom,q6core-audio:sound: ASoC: no sink widget found for IN2_HPHR
01-01 08:00:31.413 0 0 I init : starting service 'selfinstaller'...
01-01 08:00:31.414 0 0 I init : starting service 'storaged'...
01-01 08:00:31.414 0 0 I init : Could not open file '/d/mmc0/mmc0:0001/ext_csd': Failed to open file '/d/mmc0/mmc0:0001/ext_csd': No such file or directory
01-01 08:00:31.415 0 0 I init : starting service 'tlogdPersist'...
01-01 08:00:31.416 0 0 I init : Created socket '/dev/socket/tlogd_persist', mode 666, user 1000, group 1000
01-01 08:00:31.417 0 0 I init : starting service 'wificond'...
01-01 08:00:31.417 0 0 I init : starting service 'vendor.perfservice'...
01-01 08:00:31.418 0 0 I init : starting service 'wfdhdcphalservice'...
01-01 08:00:31.419 0 0 I init : starting service 'vendor.media.omx'...
01-01 08:00:31.420 0 0 I init : starting service 'vendor.cnd'...
01-01 08:00:31.421 0 0 I init : starting service 'wifidisplayhalservice'...
01-01 08:00:31.421 0 0 I init : starting service 'ethernet'...
01-01 08:00:31.422 0 0 I init : starting service 'vendor.ims_rtp_daemon'...
01-01 08:00:31.423 0 0 I init : starting service 'vendor.imsqmidaemon'...
01-01 08:00:31.423 0 0 I init : Created socket '/dev/socket/ims_qmid', mode 660, user 1000, group 1001
01-01 08:00:31.424 0 0 I init : starting service 'vendor.imsrcsservice'...
01-01 08:00:31.426 0 0 E HL6111R : is_dc_online: DC psy unavailable
01-01 08:00:31.426 0 0 I init : starting service 'thermal-engine'...
01-01 08:00:31.426 0 0 I init : Created socket '/dev/socket/thermal-send-client', mode 660, user 1000, group 2907
01-01 08:00:31.426 0 0 I init : Created socket '/dev/socket/thermal-recv-client', mode 660, user 1000, group 2907
01-01 08:00:31.426 0 0 I init : Created socket '/dev/socket/thermal-recv-passive-client', mode 660, user 1000, group 2907
01-01 08:00:31.426 0 0 I init : Created socket '/dev/socket/thermal-send-rule', mode 660, user 1000, group 2907
01-01 08:00:31.433 0 0 I init : starting service 'vendor.ipacm-diag'...
01-01 08:00:31.433 0 0 I init : Created socket '/dev/socket/ipacm_log_file', mode 660, user 1001, group 1001
01-01 08:00:31.436 0 0 E kona-asoc-snd soc: qcom,msm-audio-apr:qcom,q6core-audio:sound: ASoC: Failed to add route HPHR_OUT -> direct -> IN2_HPHR
01-01 08:00:31.436 0 0 E kona-asoc-snd soc: qcom,msm-audio-apr:qcom,q6core-audio:sound: ASoC: no sink widget found for IN3_AUX
01-01 08:00:31.439 0 0 I init : starting service 'vendor.mutualex'...
01-01 08:00:31.443 0 0 I init : starting service 'vendor.port-bridge'...
01-01 08:00:31.444 0 0 I binder : 1335:1335 ioctl 40046210 7fdae298c4 returned -22
01-01 08:00:31.445 0 0 E init : Could not start service 'poweropt-service' as part of class 'main': File /vendor/bin/poweropt-service(labeled "u:object_r:vendor_file:s0") has incorrect label or no domain transition from u:r:init:s0 to another SELinux domain defined. Have you configured your service correctly? https://source.android.com/security/selinux/device-policy#label_new_services_and_address_denials. Note: this error shows up even in permissive mode in order to make auditing denials possible.
01-01 08:00:31.445 0 0 I init : starting service 'vendor.adsprpcd'...
01-01 08:00:31.447 0 0 I init : starting service 'vendor.adsprpcd_audiopd'...
01-01 08:00:31.449 0 0 I binder : 1334:1334 ioctl 40046210 7fd81b02a4 returned -22
01-01 08:00:31.455 0 0 I binder : 1337:1337 ioctl 40046210 7fdbe40e64 returned -22
01-01 08:00:31.456 0 0 I init : starting service 'vendor.cdsprpcd'...
01-01 08:00:31.472 0 0 E init : Could not start service 'vendor_flash_recovery' as part of class 'main': Cannot find '/vendor/bin/install-recovery.sh': No such file or directory
01-01 08:00:31.484 0 0 I binder : 1343:1343 ioctl 40046210 7fee8b09f4 returned -22
01-01 08:00:31.493 0 0 E kona-asoc-snd soc: qcom,msm-audio-apr:qcom,q6core-audio:sound: ASoC: Failed to add route AUX_OUT -> direct -> IN3_AUX
01-01 08:00:31.493 0 0 E kona-asoc-snd soc: qcom,msm-audio-apr:qcom,q6core-audio:sound: ASoC: no source widget found for ADC1_OUTPUT
01-01 08:00:31.493 0 0 E kona-asoc-snd soc: qcom,msm-audio-apr:qcom,q6core-audio:sound: ASoC: Failed to add route ADC1_OUTPUT -> direct -> TX SWR_ADC0
01-01 08:00:31.493 0 0 E kona-asoc-snd soc: qcom,msm-audio-apr:qcom,q6core-audio:sound: ASoC: no source widget found for ADC2_OUTPUT
