03-14 03:57:22.474 1009 1009 I notification_enqueue: [10086,8885,com.android.music,1,NULL,0,Notification(channel=Channel-music shortcut=null contentView=null vibrate=null sound=null defaults=0x0 flags=0x40 color=0x00000000 category=transport actions=4 vis=PRIVATE),1]
03-14 03:57:22.475 2005 3255 V Avrcp_ext: Media update: id -1➡-1? [MediaAttributes: - by (204434 1/0) - ] : [MediaAttributes: - by (204434 1/0) - ]
03-14 03:57:22.475 2005 3255 D Avrcp_ext: isPackageNameValid: browsedPackage = com.android.musicisValid = true
03-14 03:57:22.475 2005 3255 V Avrcp_ext: isBrowseSupported for com.android.music: false
03-14 03:57:22.475 2005 3255 V Avrcp_ext: updatePlaybackState, state: PlaybackState {state=2, position=4302, buffered position=0, speed=1.0, updated=408944, actions=516, custom actions=[], active item id=-1, error=null} device: null
03-14 03:57:22.475 2005 3255 V Avrcp_ext: Device: no name:
03-14 03:57:22.475 2005 3255 V Avrcp_ext: Device: no name:
03-14 03:57:22.475 2005 3255 V Avrcp_ext: Device: no name:
03-14 03:57:22.475 2005 3255 V Avrcp_ext: Device: no name:
03-14 03:57:22.475 2005 3255 V Avrcp_ext: Device: no name:
03-14 03:57:22.475 2005 3255 V Avrcp_ext: updatePlayerStateAndPosition, old=PlaybackState {state=2, position=4302, buffered position=0, speed=1.0, updated=406867, actions=516, custom actions=[], active item id=-1, error=null}, state=PlaybackState {state=2, position=4302, buffered position=0, speed=1.0, updated=408944, actions=516, custom actions=[], active item id=-1, error=null}
03-14 03:57:22.475 2005 3255 V Avrcp_ext: old state = PlaybackState {state=2, position=4302, buffered position=0, speed=1.0, updated=406867, actions=516, custom actions=[], active item id=-1, error=null}, new state= PlaybackState {state=2, position=4302, buffered position=0, speed=1.0, updated=408944, actions=516, custom actions=[], active item id=-1, error=null}
03-14 03:57:22.475 2005 3255 D HeadsetService: getHeadsetService(): returning com.android.bluetooth.hfp.HeadsetService@5276d44
03-14 03:57:22.475 2005 3255 D HeadsetService: isAudioOn: The number of audio connected devices 0
03-14 03:57:22.475 2005 3255 D HeadsetService: isScoOrCallActive(): Call Active:falseCall is Ringing:falseSCO is Active:false
03-14 03:57:22.475 2005 3255 D HeadsetService: isAudioOn: The number of audio connected devices 0
03-14 03:57:22.475 2005 3255 I Avrcp_ext: updatePlayStatusForDevice: device: null
03-14 03:57:22.475 2005 3255 V Avrcp_ext: updatePlaybackState (1): old=PlaybackState {state=2, position=4302, buffered position=0, speed=1.0, updated=406867, actions=516, custom actions=[], active item id=-1, error=null}(2), new=PlaybackState {state=2, position=4302, buffered position=0, speed=1.0, updated=408944, actions=516, custom actions=[], active item id=-1, error=null}(2)
03-14 03:57:22.475 2005 3255 I Avrcp_ext: Exit updatePlayStatusForDevice
03-14 03:57:22.475 2005 3255 D HeadsetService: isAudioOn: The number of audio connected devices 0
03-14 03:57:22.475 2005 3255 D HeadsetService: isScoOrCallActive(): Call Active:falseCall is Ringing:falseSCO is Active:false
03-14 03:57:22.475 2029 2029 V NotificationMediaManager: DEBUG_MEDIA: found controller matching 0|com.android.music|1|null|10086
03-14 03:57:22.475 2005 3255 D HeadsetService: isAudioOn: The number of audio connected devices 0
03-14 03:57:22.475 2005 3255 I Avrcp_ext: updatePlayStatusForDevice: device: null
03-14 03:57:22.475 2005 3255 V Avrcp_ext: updatePlaybackState (1): old=PlaybackState {state=2, position=4302, buffered position=0, speed=1.0, updated=406867, actions=516, custom actions=[], active item id=-1, error=null}(2), new=PlaybackState {state=2, position=4302, buffered position=0, speed=1.0, updated=408944, actions=516, custom actions=[], active item id=-1, error=null}(2)
03-14 03:57:22.475 2005 3255 I Avrcp_ext: Exit updatePlayStatusForDevice
03-14 03:57:22.475 2005 3255 D HeadsetService: isAudioOn: The number of audio connected devices 0
03-14 03:57:22.475 2029 2029 V NotificationMediaManager: DEBUG_MEDIA: updating album art for notification 0|com.android.music|1|null|10086 metadata=android.media.MediaMetadata@bd49e807 metaDataChanged=false state=0
03-14 03:57:22.475 2005 3255 D HeadsetService: isScoOrCallActive(): Call Active:falseCall is Ringing:falseSCO is Active:false
03-14 03:57:22.475 2005 3255 D HeadsetService: isAudioOn: The number of audio connected devices 0
03-14 03:57:22.475 1009 3052 W ActivityManager: Receiver with filter android.content.IntentFilter@1d5496f already registered for pid 8885, callerPackage is com.android.music
03-14 03:57:22.475 2005 3255 I Avrcp_ext: updatePlayStatusForDevice: device: null
03-14 03:57:22.475 2005 3255 V Avrcp_ext: updatePlaybackState (1): old=PlaybackState {state=2, position=4302, buffered position=0, speed=1.0, updated=406867, actions=516, custom actions=[], active item id=-1, error=null}(2), new=PlaybackState {state=2, position=4302, buffered position=0, speed=1.0, updated=408944, actions=516, custom actions=[], active item id=-1, error=null}(2)
03-14 03:57:22.475 2005 3255 I Avrcp_ext: Exit updatePlayStatusForDevice
03-14 03:57:22.475 2005 3255 D HeadsetService: isAudioOn: The number of audio connected devices 0
03-14 03:57:22.475 2005 3255 D HeadsetService: isScoOrCallActive(): Call Active:falseCall is Ringing:falseSCO is Active:false
03-14 03:57:22.475 2005 3255 D HeadsetService: isAudioOn: The number of audio connected devices 0
03-14 03:57:22.475 2005 3255 I Avrcp_ext: updatePlayStatusForDevice: device: null
03-14 03:57:22.475 2005 3255 V Avrcp_ext: updatePlaybackState (1): old=PlaybackState {state=2, position=4302, buffered position=0, speed=1.0, updated=406867, actions=516, custom actions=[], active item id=-1, error=null}(2), new=PlaybackState {state=2, position=4302, buffered position=0, speed=1.0, updated=408944, actions=516, custom actions=[], active item id=-1, error=null}(2)
03-14 03:57:22.475 2005 3255 I Avrcp_ext: Exit updatePlayStatusForDevice
03-14 03:57:22.475 2005 3255 D HeadsetService: isAudioOn: The number of audio connected devices 0
03-14 03:57:22.475 2005 3255 D HeadsetService: isScoOrCallActive(): Call Active:falseCall is Ringing:falseSCO is Active:false
03-14 03:57:22.475 2005 3255 D HeadsetService: isAudioOn: The number of audio connected devices 0
03-14 03:57:22.475 2005 3255 I Avrcp_ext: updatePlayStatusForDevice: device: null
03-14 03:57:22.475 2005 3255 V Avrcp_ext: updatePlaybackState (1): old=PlaybackState {state=2, position=4302, buffered position=0, speed=1.0, updated=406867, actions=516, custom actions=[], active item id=-1, error=null}(2), new=PlaybackState {state=2, position=4302, buffered position=0, speed=1.0, updated=408944, actions=516, custom actions=[], active item id=-1, error=null}(2)
03-14 03:57:22.475 2005 3255 I Avrcp_ext: Exit updatePlayStatusForDevice
03-14 03:57:22.475 2005 3255 D Avrcp_ext: Enter sendPlayPosNotificationRsp
03-14 03:57:22.475 2005 3255 D Avrcp_ext: sendPlayPosNotificationRsp: Not registered or requesting.
03-14 03:57:22.475 2005 3255 D Avrcp_ext: Enter sendPlayPosNotificationRsp
03-14 03:57:22.475 2005 3255 D Avrcp_ext: sendPlayPosNotificationRsp: Not registered or requesting.
03-14 03:57:22.475 2005 3255 D Avrcp_ext: Enter sendPlayPosNotificationRsp
03-14 03:57:22.475 2005 3255 D Avrcp_ext: sendPlayPosNotificationRsp: Not registered or requesting.
03-14 03:57:22.476 2005 3255 D Avrcp_ext: Enter sendPlayPosNotificationRsp
03-14 03:57:22.476 2005 3255 D Avrcp_ext: sendPlayPosNotificationRsp: Not registered or requesting.
03-14 03:57:22.476 2005 3255 D Avrcp_ext: Enter sendPlayPosNotificationRsp
03-14 03:57:22.476 2005 3255 D Avrcp_ext: sendPlayPosNotificationRsp: Not registered or requesting.
03-14 03:57:22.476 2005 3255 V Avrcp_ext: Exit updatePlayerStateAndPosition
03-14 03:57:22.476 2005 3255 V Avrcp_ext: onPlaybackStateChanged: state PlaybackState {state=2, position=4302, buffered position=0, speed=1.0, updated=408944, actions=516, custom actions=[], active item id=-1, error=null}
03-14 03:57:22.476 2029 2029 V MediaTimeout: processState 0|com.android.music|1|null|10086: PlaybackState {state=2, position=4302, buffered position=0, speed=1.0, updated=408944, actions=516, custom actions=[], active item id=-1, error=null}
03-14 03:57:22.476 1009 1009 I notification_enqueue: [10086,8885,com.android.music,1,NULL,0,Notification(channel=Channel-music shortcut=null contentView=null vibrate=null sound=null defaults=0x0 flags=0x40 color=0x00000000 category=transport actions=4 vis=PRIVATE),1]
03-14 03:57:22.477 1009 3052 W WindowManager: updateScale : 0.7140673
03-14 03:57:22.479 2005 3255 V Avrcp_ext: updateCurrentMediaState: mMediaController: MediaController (com.android.music@c77ec15) null, null, null
03-14 03:57:22.479 2005 3255 W Avrcp_ext: isMusicActive: true getBluetoothPlayState: 2 A2dp State: 11 mAudioPlaybackIsActive: false
03-14 03:57:22.479 2005 3255 D Avrcp_ext: isMusicActive = true mAudioPlaybackIsActive = false player state = PlaybackState {state=2, position=4302, buffered position=0, speed=1.0, updated=408944, actions=516, custom actions=[], active item id=-1, error=null}
03-14 03:57:22.480 2005 3255 D Avrcp_ext: overwrite album_artist :if album is blank
03-14 03:57:22.481 2005 3255 V Avrcp_ext: Media update: id -1➡-1? [MediaAttributes: - by (204434 1/0) - ] : [MediaAttributes: - by (204434 1/0) - ]
03-14 03:57:22.481 2005 3255 D Avrcp_ext: isPackageNameValid: browsedPackage = com.android.musicisValid = true
03-14 03:57:22.481 2005 3255 V Avrcp_ext: isBrowseSupported for com.android.music: false
03-14 03:57:22.481 2005 3255 V Avrcp_ext: updatePlaybackState, state: PlaybackState {state=2, position=4302, buffered position=0, speed=1.0, updated=408944, actions=516, custom actions=[], active item id=-1, error=null} device: null
03-14 03:57:22.481 2005 3255 V Avrcp_ext: Device: no name:
03-14 03:57:22.481 2005 3255 V Avrcp_ext: Device: no name:
03-14 03:57:22.481 2005 3255 V Avrcp_ext: Device: no name:
03-14 03:57:22.481 2005 3255 V Avrcp_ext: Device: no name:
03-14 03:57:22.481 2005 3255 V Avrcp_ext: Device: no name:
03-14 03:57:22.482 2005 3255 V Avrcp_ext: updatePlayerStateAndPosition, old=PlaybackState {state=2, position=4302, buffered position=0, speed=1.0, updated=408944, actions=516, custom actions=[], active item id=-1, error=null}, state=PlaybackState {state=2, position=4302, buffered position=0, speed=1.0, updated=408944, actions=516, custom actions=[], active item id=-1, error=null}
03-14 03:57:22.482 2005 3255 V Avrcp_ext: old state = PlaybackState {state=2, position=4302, buffered position=0, speed=1.0, updated=408944, actions=516, custom actions=[], active item id=-1, error=null}, new state= PlaybackState {state=2, position=4302, buffered position=0, speed=1.0, updated=408944, actions=516, custom actions=[], active item id=-1, error=null}
03-14 03:57:22.482 2005 3255 D HeadsetService: getHeadsetService(): returning com.android.bluetooth.hfp.HeadsetService@5276d44
03-14 03:57:22.482 2005 3255 D HeadsetService: isAudioOn: The number of audio connected devices 0
03-14 03:57:22.482 2005 3255 D HeadsetService: isScoOrCallActive(): Call Active:falseCall is Ringing:falseSCO is Active:false
03-14 03:57:22.482 2005 3255 D HeadsetService: isAudioOn: The number of audio connected devices 0
03-14 03:57:22.482 2005 3255 I Avrcp_ext: updatePlayStatusForDevice: device: null
03-14 03:57:22.482 2005 3255 V Avrcp_ext: updatePlaybackState (1): old=PlaybackState {state=2, position=4302, buffered position=0, speed=1.0, updated=408944, actions=516, custom actions=[], active item id=-1, error=null}(2), new=PlaybackState {state=2, position=4302, buffered position=0, speed=1.0, updated=408944, actions=516, custom actions=[], active item id=-1, error=null}(2)
03-14 03:57:22.482 2005 3255 I Avrcp_ext: Exit updatePlayStatusForDevice
03-14 03:57:22.482 2005 3255 D HeadsetService: isAudioOn: The number of audio connected devices 0
03-14 03:57:22.482 2005 3255 D HeadsetService: isScoOrCallActive(): Call Active:falseCall is Ringing:falseSCO is Active:false
03-14 03:57:22.482 2005 3255 D HeadsetService: isAudioOn: The number of audio connected devices 0
03-14 03:57:22.482 2005 3255 I Avrcp_ext: updatePlayStatusForDevice: device: null
03-14 03:57:22.482 2005 3255 V Avrcp_ext: updatePlaybackState (1): old=PlaybackState {state=2, position=4302, buffered position=0, speed=1.0, updated=408944, actions=516, custom actions=[], active item id=-1, error=null}(2), new=PlaybackState {state=2, position=4302, buffered position=0, speed=1.0, updated=408944, actions=516, custom actions=[], active item id=-1, error=null}(2)
03-14 03:57:22.482 2005 3255 I Avrcp_ext: Exit updatePlayStatusForDevice
03-14 03:57:22.482 2005 3255 D HeadsetService: isAudioOn: The number of audio connected devices 0
03-14 03:57:22.482 2005 3255 D HeadsetService: isScoOrCallActive(): Call Active:falseCall is Ringing:falseSCO is Active:false
03-14 03:57:22.482 2005 3255 D HeadsetService: isAudioOn: The number of audio connected devices 0
03-14 03:57:22.482 2005 3255 I Avrcp_ext: updatePlayStatusForDevice: device: null
03-14 03:57:22.482 2005 3255 V Avrcp_ext: updatePlaybackState (1): old=PlaybackState {state=2, position=4302, buffered position=0, speed=1.0, updated=408944, actions=516, custom actions=[], active item id=-1, error=null}(2), new=PlaybackState {state=2, position=4302, buffered position=0, speed=1.0, updated=408944, actions=516, custom actions=[], active item id=-1, error=null}(2)
03-14 03:57:22.482 2005 3255 I Avrcp_ext: Exit updatePlayStatusForDevice
03-14 03:57:22.482 2005 3255 D HeadsetService: isAudioOn: The number of audio connected devices 0
03-14 03:57:22.482 2005 3255 D HeadsetService: isScoOrCallActive(): Call Active:falseCall is Ringing:falseSCO is Active:false
03-14 03:57:22.482 2005 3255 D HeadsetService: isAudioOn: The number of audio connected devices 0
03-14 03:57:22.482 2005 3255 I Avrcp_ext: updatePlayStatusForDevice: device: null
03-14 03:57:22.482 2005 3255 V Avrcp_ext: updatePlaybackState (1): old=PlaybackState {state=2, position=4302, buffered position=0, speed=1.0, updated=408944, actions=516, custom actions=[], active item id=-1, error=null}(2), new=PlaybackState {state=2, position=4302, buffered position=0, speed=1.0, updated=408944, actions=516, custom actions=[], active item id=-1, error=null}(2)
03-14 03:57:22.482 2005 3255 I Avrcp_ext: Exit updatePlayStatusForDevice
03-14 03:57:22.482 2005 3255 D HeadsetService: isAudioOn: The number of audio connected devices 0
03-14 03:57:22.482 2005 3255 D HeadsetService: isScoOrCallActive(): Call Active:falseCall is Ringing:falseSCO is Active:false
03-14 03:57:22.483 2005 3255 D HeadsetService: isAudioOn: The number of audio connected devices 0
03-14 03:57:22.483 2005 3255 I Avrcp_ext: updatePlayStatusForDevice: device: null
03-14 03:57:22.483 2005 3255 V Avrcp_ext: updatePlaybackState (1): old=PlaybackState {state=2, position=4302, buffered position=0, speed=1.0, updated=408944, actions=516, custom actions=[], active item id=-1, error=null}(2), new=PlaybackState {state=2, position=4302, buffered position=0, speed=1.0, updated=408944, actions=516, custom actions=[], active item id=-1, error=null}(2)
03-14 03:57:22.483 2005 3255 I Avrcp_ext: Exit updatePlayStatusForDevice
03-14 03:57:22.483 2005 3255 D Avrcp_ext: Enter sendPlayPosNotificationRsp
03-14 03:57:22.483 2005 3255 D Avrcp_ext: sendPlayPosNotificationRsp: Not registered or requesting.
03-14 03:57:22.483 2005 3255 D Avrcp_ext: Enter sendPlayPosNotificationRsp
03-14 03:57:22.483 2005 3255 D Avrcp_ext: sendPlayPosNotificationRsp: Not registered or requesting.
03-14 03:57:22.483 2005 3255 D Avrcp_ext: Enter sendPlayPosNotificationRsp
03-14 03:57:22.483 2005 3255 D Avrcp_ext: sendPlayPosNotificationRsp: Not registered or requesting.
03-14 03:57:22.483 2005 3255 D Avrcp_ext: Enter sendPlayPosNotificationRsp
03-14 03:57:22.483 2005 3255 D Avrcp_ext: sendPlayPosNotificationRsp: Not registered or requesting.
03-14 03:57:22.483 2005 3255 D Avrcp_ext: Enter sendPlayPosNotificationRsp
03-14 03:57:22.483 2005 3255 D Avrcp_ext: sendPlayPosNotificationRsp: Not registered or requesting.
03-14 03:57:22.483 2005 3255 V Avrcp_ext: Exit updatePlayerStateAndPosition
03-14 03:57:22.483 2005 3255 V Avrcp_ext: Exit onPlaybackStateChanged
03-14 03:57:22.483 8885 8885 D android.widget.GridLayout: horizontal constraints: x2-x0>=72, x2-x1<=0, x1-x0<=0 are inconsistent; permanently removing: x2-x1<=0.
03-14 03:57:22.483 1009 1185 I ActivityTaskManager: clear resize flag in freeform mode
03-14 03:57:22.483 8885 8885 D android.widget.GridLayout: vertical constraints: y2-y0>=72, y2-y1<=0, y1-y0<=0 are inconsistent; permanently removing: y2-y1<=0.
03-14 03:57:22.483 1009 1185 W WindowManager: updateScale : 0.73394495
03-14 03:57:22.484 8885 8885 D android.widget.GridLayout: horizontal constraints: x2-x0>=72, x2-x1<=0, x1-x0<=0 are inconsistent; permanently removing: x2-x1<=0.
03-14 03:57:22.484 8885 8885 D android.widget.GridLayout: vertical constraints: y2-y0>=72, y2-y1<=0, y1-y0<=0 are inconsistent; permanently removing: y2-y1<=0.
03-14 03:57:22.487 1009 3052 W ActivityManager: Receiver with filter android.content.IntentFilter@f0a467c already registered for pid 8885, callerPackage is com.android.music
03-14 03:57:22.489 1009 3052 W WindowManager: updateScale : 0.73394495
03-14 03:57:22.499 1009 1185 I ActivityTaskManager: clear resize flag in freeform mode
03-14 03:57:22.500 1009 1185 W WindowManager: updateScale : 0.74923545
03-14 03:57:22.503 8885 9143 D skia : --- Failed to create image decoder with message 'unimplemented'
03-14 03:57:22.512 1009 1585 W ActivityManager: Receiver with filter android.content.IntentFilter@fddc0b9 already registered for pid 8885, callerPackage is com.android.music
03-14 03:57:22.516 1009 1185 I ActivityTaskManager: clear resize flag in freeform mode
03-14 03:57:22.517 1009 1185 W WindowManager: updateScale : 0.7614679
03-14 03:57:22.517 1009 1585 W WindowManager: updateScale : 0.7614679
03-14 03:57:22.527 1009 1585 W ActivityManager: Receiver with filter android.content.IntentFilter@2aa46ac already registered for pid 8885, callerPackage is com.android.music
03-14 03:57:22.530 1009 1698 I GameModeConfig: isGameModeOn = false
03-14 03:57:22.530 1009 1698 I GameModeConfig: isGameModeOn = false
03-14 03:57:22.531 1009 1698 I GameModeConfig: isGameModeOn = false
03-14 03:57:22.531 1009 1698 I GameModeConfig: isGameModeOn = false
03-14 03:57:22.533 1009 1185 I ActivityTaskManager: clear resize flag in freeform mode
03-14 03:57:22.533 1009 1185 W WindowManager: updateScale : 0.7706422
03-14 03:57:22.542 1009 1009 I notification_enqueue: [10086,8885,com.android.music,1,NULL,0,Notification(channel=Channel-music shortcut=null contentView=null vibrate=null sound=null defaults=0x0 flags=0x40 color=0x00000000 category=transport actions=4 vis=PRIVATE),1]
03-14 03:57:22.544 2005 3255 V Avrcp_ext: onMetadataChanged
03-14 03:57:22.546 1009 1009 I notification_enqueue: [10086,8885,com.android.music,1,NULL,0,Notification(channel=Channel-music shortcut=null contentView=null vibrate=null sound=null defaults=0x0 flags=0x40 color=0x00000000 category=transport actions=4 vis=PRIVATE),1]
03-14 03:57:22.546 2005 3255 V Avrcp_ext: updateCurrentMediaState: mMediaController: MediaController (com.android.music@c77ec15) null, null, null
03-14 03:57:22.546 2005 3255 W Avrcp_ext: isMusicActive: true getBluetoothPlayState: 2 A2dp State: 11 mAudioPlaybackIsActive: false
03-14 03:57:22.547 2005 3255 D Avrcp_ext: isMusicActive = true mAudioPlaybackIsActive = false player state = PlaybackState {state=2, position=4302, buffered position=0, speed=1.0, updated=409015, actions=516, custom actions=[], active item id=-1, error=null}
03-14 03:57:22.547 2029 2029 V MediaTimeout: processState 0|com.android.music|1|null|10086: PlaybackState {state=2, position=4302, buffered position=0, speed=1.0, updated=409015, actions=516, custom actions=[], active item id=-1, error=null}
03-14 03:57:22.547 2029 2029 V NotificationMediaManager: DEBUG_MEDIA: onMetadataChanged: android.media.MediaMetadata@bd49e807
03-14 03:57:22.547 2029 2029 V NotificationMediaManager: DEBUG_MEDIA: updating album art for notification 0|com.android.music|1|null|10086 metadata=android.media.MediaMetadata@bd49e807 metaDataChanged=true state=0
03-14 03:57:22.548 2005 3255 D Avrcp_ext: overwrite album_artist :if album is blank
03-14 03:57:22.548 8885 8885 D android.widget.GridLayout: horizontal constraints: x2-x0>=72, x2-x1<=0, x1-x0<=0 are inconsistent; permanently removing: x2-x1<=0.
03-14 03:57:22.548 2005 3255 V Avrcp_ext: Media update: id -1➡-1? [MediaAttributes: - by (204434 1/0) - ] : [MediaAttributes: - by (204434 1/0) - ]
03-14 03:57:22.548 2005 3255 D Avrcp_ext: isPackageNameValid: browsedPackage = com.android.musicisValid = true
03-14 03:57:22.548 2005 3255 V Avrcp_ext: isBrowseSupported for com.android.music: false
03-14 03:57:22.548 2005 3255 V Avrcp_ext: updatePlaybackState, state: PlaybackState {state=2, position=4302, buffered position=0, speed=1.0, updated=409015, actions=516, custom actions=[], active item id=-1, error=null} device: null
03-14 03:57:22.548 8885 8885 D android.widget.GridLayout: vertical constraints: y2-y0>=72, y2-y1<=0, y1-y0<=0 are inconsistent; permanently removing: y2-y1<=0.
03-14 03:57:22.548 2005 3255 V Avrcp_ext: Device: no name:
03-14 03:57:22.548 2005 3255 V Avrcp_ext: Device: no name:
03-14 03:57:22.548 2005 3255 V Avrcp_ext: Device: no name:
03-14 03:57:22.548 2005 3255 V Avrcp_ext: Device: no name:
03-14 03:57:22.548 2005 3255 V Avrcp_ext: Device: no name:
03-14 03:57:22.548 2005 3255 V Avrcp_ext: updatePlayerStateAndPosition, old=PlaybackState {state=2, position=4302, buffered position=0, speed=1.0, updated=408944, actions=516, custom actions=[], active item id=-1, error=null}, state=PlaybackState {state=2, position=4302, buffered position=0, speed=1.0, updated=409015, actions=516, custom actions=[], active item id=-1, error=null}
03-14 03:57:22.548 2005 3255 V Avrcp_ext: old state = PlaybackState {state=2, position=4302, buffered position=0, speed=1.0, updated=408944, actions=516, custom actions=[], active item id=-1, error=null}, new state= PlaybackState {state=2, position=4302, buffered position=0, speed=1.0, updated=409015, actions=516, custom actions=[], active item id=-1, error=null}
03-14 03:57:22.548 2005 3255 D HeadsetService: getHeadsetService(): returning com.android.bluetooth.hfp.HeadsetService@5276d44
03-14 03:57:22.549 2005 3255 D HeadsetService: isAudioOn: The number of audio connected devices 0
03-14 03:57:22.549 2005 3255 D HeadsetService: isScoOrCallActive(): Call Active:falseCall is Ringing:falseSCO is Active:false
03-14 03:57:22.549 2005 3255 D HeadsetService: isAudioOn: The number of audio connected devices 0
03-14 03:57:22.549 2005 3255 I Avrcp_ext: updatePlayStatusForDevice: device: null
03-14 03:57:22.549 2005 3255 V Avrcp_ext: updatePlaybackState (1): old=PlaybackState {state=2, position=4302, buffered position=0, speed=1.0, updated=408944, actions=516, custom actions=[], active item id=-1, error=null}(2), new=PlaybackState {state=2, position=4302, buffered position=0, speed=1.0, updated=409015, actions=516, custom actions=[], active item id=-1, error=null}(2)
03-14 03:57:22.549 2005 3255 I Avrcp_ext: Exit updatePlayStatusForDevice
03-14 03:57:22.549 2005 3255 D HeadsetService: isAudioOn: The number of audio connected devices 0
03-14 03:57:22.549 2005 3255 D HeadsetService: isScoOrCallActive(): Call Active:falseCall is Ringing:falseSCO is Active:false
03-14 03:57:22.549 2005 3255 D HeadsetService: isAudioOn: The number of audio connected devices 0
03-14 03:57:22.549 2005 3255 I Avrcp_ext: updatePlayStatusForDevice: device: null
03-14 03:57:22.549 2005 3255 V Avrcp_ext: updatePlaybackState (1): old=PlaybackState {state=2, position=4302, buffered position=0, speed=1.0, updated=408944, actions=516, custom actions=[], active item id=-1, error=null}(2), new=PlaybackState {state=2, position=4302, buffered position=0, speed=1.0, updated=409015, actions=516, custom actions=[], active item id=-1, error=null}(2)
03-14 03:57:22.549 2005 3255 I Avrcp_ext: Exit updatePlayStatusForDevice
03-14 03:57:22.549 2005 3255 D HeadsetService: isAudioOn: The number of audio connected devices 0
03-14 03:57:22.549 2029 2029 V NotificationMediaManager: DEBUG_MEDIA: onPlaybackStateChanged: PlaybackState {state=2, position=4302, buffered position=0, speed=1.0, updated=409015, actions=516, custom actions=[], active item id=-1, error=null}
03-14 03:57:22.549 2005 3255 D HeadsetService: isScoOrCallActive(): Call Active:falseCall is Ringing:falseSCO is Active:false
03-14 03:57:22.549 2005 3255 D HeadsetService: isAudioOn: The number of audio connected devices 0
03-14 03:57:22.549 2005 3255 I Avrcp_ext: updatePlayStatusForDevice: device: null
03-14 03:57:22.549 2005 3255 V Avrcp_ext: updatePlaybackState (1): old=PlaybackState {state=2, position=4302, buffered position=0, speed=1.0, updated=408944, actions=516, custom actions=[], active item id=-1, error=null}(2), new=PlaybackState {state=2, position=4302, buffered position=0, speed=1.0, updated=409015, actions=516, custom actions=[], active item id=-1, error=null}(2)
03-14 03:57:22.549 2005 3255 I Avrcp_ext: Exit updatePlayStatusForDevice
03-14 03:57:22.549 2005 3255 D HeadsetService: isAudioOn: The number of audio connected devices 0
03-14 03:57:22.549 2005 3255 D HeadsetService: isScoOrCallActive(): Call Active:falseCall is Ringing:falseSCO is Active:false
03-14 03:57:22.549 2005 3255 D HeadsetService: isAudioOn: The number of audio connected devices 0
03-14 03:57:22.549 2005 3255 I Avrcp_ext: updatePlayStatusForDevice: device: null
03-14 03:57:22.549 2005 3255 V Avrcp_ext: updatePlaybackState (1): old=PlaybackState {state=2, position=4302, buffered position=0, speed=1.0, updated=408944, actions=516, custom actions=[], active item id=-1, error=null}(2), new=PlaybackState {state=2, position=4302, buffered position=0, speed=1.0, updated=409015, actions=516, custom actions=[], active item id=-1, error=null}(2)
03-14 03:57:22.549 2005 3255 I Avrcp_ext: Exit updatePlayStatusForDevice
03-14 03:57:22.549 2005 3255 D HeadsetService: isAudioOn: The number of audio connected devices 0
03-14 03:57:22.549 2005 3255 D HeadsetService: isScoOrCallActive(): Call Active:falseCall is Ringing:falseSCO is Active:false
03-14 03:57:22.549 2005 3255 D HeadsetService: isAudioOn: The number of audio connected devices 0
03-14 03:57:22.549 2005 3255 I Avrcp_ext: updatePlayStatusForDevice: device: null
03-14 03:57:22.549 2005 3255 V Avrcp_ext: updatePlaybackState (1): old=PlaybackState {state=2, position=4302, buffered position=0, speed=1.0, updated=408944, actions=516, custom actions=[], active item id=-1, error=null}(2), new=PlaybackState {state=2, position=4302, buffered position=0, speed=1.0, updated=409015, actions=516, custom actions=[], active item id=-1, error=null}(2)
03-14 03:57:22.549 2005 3255 I Avrcp_ext: Exit updatePlayStatusForDevice
03-14 03:57:22.549 2005 3255 D Avrcp_ext: Enter sendPlayPosNotificationRsp
03-14 03:57:22.549 2005 3255 D Avrcp_ext: sendPlayPosNotificationRsp: Not registered or requesting.
03-14 03:57:22.549 2005 3255 D Avrcp_ext: Enter sendPlayPosNotificationRsp
03-14 03:57:22.549 2005 3255 D Avrcp_ext: sendPlayPosNotificationRsp: Not registered or requesting.
03-14 03:57:22.549 2005 3255 D Avrcp_ext: Enter sendPlayPosNotificationRsp
03-14 03:57:22.549 8885 8885 D android.widget.GridLayout: horizontal constraints: x2-x0>=72, x2-x1<=0, x1-x0<=0 are inconsistent; permanently removing: x2-x1<=0.
03-14 03:57:22.549 2005 3255 D Avrcp_ext: sendPlayPosNotificationRsp: Not registered or requesting.
03-14 03:57:22.549 2005 3255 D Avrcp_ext: Enter sendPlayPosNotificationRsp
03-14 03:57:22.549 2005 3255 D Avrcp_ext: sendPlayPosNotificationRsp: Not registered or requesting.
03-14 03:57:22.549 2005 3255 D Avrcp_ext: Enter sendPlayPosNotificationRsp
03-14 03:57:22.549 2005 3255 D Avrcp_ext: sendPlayPosNotificationRsp: Not registered or requesting.
03-14 03:57:22.549 2005 3255 V Avrcp_ext: Exit updatePlayerStateAndPosition
03-14 03:57:22.549 2005 3255 V Avrcp_ext: onPlaybackStateChanged: state PlaybackState {state=2, position=4302, buffered position=0, speed=1.0, updated=409015, actions=516, custom actions=[], active item id=-1, error=null}
03-14 03:57:22.549 8885 8885 D android.widget.GridLayout: vertical constraints: y2-y0>=72, y2-y1<=0, y1-y0<=0 are inconsistent; permanently removing: y2-y1<=0.
03-14 03:57:22.550 1009 1185 I ActivityTaskManager: clear resize flag in freeform mode
03-14 03:57:22.550 1009 1185 W WindowManager: updateScale : 0.7782875
03-14 03:57:22.550 2029 2029 V NotificationMediaManager: DEBUG_MEDIA: found controller matching 0|com.android.music|1|null|10086
03-14 03:57:22.551 2029 2029 V NotificationMediaManager: DEBUG_MEDIA: updating album art for notification 0|com.android.music|1|null|10086 metadata=android.media.MediaMetadata@bd49e807 metaDataChanged=false state=0
03-14 03:57:22.551 2005 3255 V Avrcp_ext: updateCurrentMediaState: mMediaController: MediaController (com.android.music@c77ec15) null, null, null
03-14 03:57:22.551 2005 3255 W Avrcp_ext: isMusicActive: true getBluetoothPlayState: 2 A2dp State: 11 mAudioPlaybackIsActive: false
03-14 03:57:22.551 1009 3052 W ActivityManager: Receiver with filter android.content.IntentFilter@41c582d already registered for pid 8885, callerPackage is com.android.music
03-14 03:57:22.551 2005 3255 D Avrcp_ext: isMusicActive = true mAudioPlaybackIsActive = false player state = PlaybackState {state=2, position=4302, buffered position=0, speed=1.0, updated=409015, actions=516, custom actions=[], active item id=-1, error=null}
03-14 03:57:22.552 2005 3255 D Avrcp_ext: overwrite album_artist :if album is blank
03-14 03:57:22.552 2005 3255 V Avrcp_ext: Media update: id -1➡-1? [MediaAttributes: - by (204434 1/0) - ] : [MediaAttributes: - by (204434 1/0) - ]
03-14 03:57:22.552 2005 3255 D Avrcp_ext: isPackageNameValid: browsedPackage = com.android.musicisValid = true
03-14 03:57:22.552 2005 3255 V Avrcp_ext: isBrowseSupported for com.android.music: false
03-14 03:57:22.553 2005 3255 V Avrcp_ext: updatePlaybackState, state: PlaybackState {state=2, position=4302, buffered position=0, speed=1.0, updated=409015, actions=516, custom actions=[], active item id=-1, error=null} device: null
03-14 03:57:22.553 2005 3255 V Avrcp_ext: Device: no name:
03-14 03:57:22.553 2005 3255 V Avrcp_ext: Device: no name:
03-14 03:57:22.553 2005 3255 V Avrcp_ext: Device: no name:
03-14 03:57:22.553 2005 3255 V Avrcp_ext: Device: no name:
03-14 03:57:22.553 2005 3255 V Avrcp_ext: Device: no name:
03-14 03:57:22.553 2005 3255 V Avrcp_ext: updatePlayerStateAndPosition, old=PlaybackState {state=2, position=4302, buffered position=0, speed=1.0, updated=409015, actions=516, custom actions=[], active item id=-1, error=null}, state=PlaybackState {state=2, position=4302, buffered position=0, speed=1.0, updated=409015, actions=516, custom actions=[], active item id=-1, error=null}
03-14 03:57:22.553 2005 3255 V Avrcp_ext: old state = PlaybackState {state=2, position=4302, buffered position=0, speed=1.0, updated=409015, actions=516, custom actions=[], active item id=-1, error=null}, new state= PlaybackState {state=2, position=4302, buffered position=0, speed=1.0, updated=409015, actions=516, custom actions=[], active item id=-1, error=null}
03-14 03:57:22.553 2005 3255 D HeadsetService: getHeadsetService(): returning com.android.bluetooth.hfp.HeadsetService@5276d44
03-14 03:57:22.553 2005 3255 D HeadsetService: isAudioOn: The number of audio connected devices 0
03-14 03:57:22.553 2005 3255 D HeadsetService: isScoOrCallActive(): Call Active:falseCall is Ringing:falseSCO is Active:false
03-14 03:57:22.553 2005 3255 D HeadsetService: isAudioOn: The number of audio connected devices 0
03-14 03:57:22.553 2005 3255 I Avrcp_ext: updatePlayStatusForDevice: device: null
03-14 03:57:22.553 2005 3255 V Avrcp_ext: updatePlaybackState (1): old=PlaybackState {state=2, position=4302, buffered position=0, speed=1.0, updated=409015, actions=516, custom actions=[], active item id=-1, error=null}(2), new=PlaybackState {state=2, position=4302, buffered position=0, speed=1.0, updated=409015, actions=516, custom actions=[], active item id=-1, error=null}(2)
03-14 03:57:22.553 2005 3255 I Avrcp_ext: Exit updatePlayStatusForDevice
03-14 03:57:22.553 2005 3255 D HeadsetService: isAudioOn: The number of audio connected devices 0
03-14 03:57:22.553 2005 3255 D HeadsetService: isScoOrCallActive(): Call Active:falseCall is Ringing:falseSCO is Active:false
03-14 03:57:22.553 2005 3255 D HeadsetService: isAudioOn: The number of audio connected devices 0
03-14 03:57:22.553 2005 3255 I Avrcp_ext: updatePlayStatusForDevice: device: null
03-14 03:57:22.553 2005 3255 V Avrcp_ext: updatePlaybackState (1): old=PlaybackState {state=2, position=4302, buffered position=0, speed=1.0, updated=409015, actions=516, custom actions=[], active item id=-1, error=null}(2), new=PlaybackState {state=2, position=4302, buffered position=0, speed=1.0, updated=409015, actions=516, custom actions=[], active item id=-1, error=null}(2)
03-14 03:57:22.553 2005 3255 I Avrcp_ext: Exit updatePlayStatusForDevice
03-14 03:57:22.553 2005 3255 D HeadsetService: isAudioOn: The number of audio connected devices 0
03-14 03:57:22.553 2005 3255 D HeadsetService: isScoOrCallActive(): Call Active:falseCall is Ringing:falseSCO is Active:false
03-14 03:57:22.553 2005 3255 D HeadsetService: isAudioOn: The number of audio connected devices 0
03-14 03:57:22.553 2005 3255 I Avrcp_ext: updatePlayStatusForDevice: device: null
03-14 03:57:22.553 2005 3255 V Avrcp_ext: updatePlaybackState (1): old=PlaybackState {state=2, position=4302, buffered position=0, speed=1.0, updated=409015, actions=516, custom actions=[], active item id=-1, error=null}(2), new=PlaybackState {state=2, position=4302, buffered position=0, speed=1.0, updated=409015, actions=516, custom actions=[], active item id=-1, error=null}(2)
03-14 03:57:22.553 2005 3255 I Avrcp_ext: Exit updatePlayStatusForDevice
03-14 03:57:22.553 2005 3255 D HeadsetService: isAudioOn: The number of audio connected devices 0
03-14 03:57:22.553 2005 3255 D HeadsetService: isScoOrCallActive(): Call Active:falseCall is Ringing:falseSCO is Active:false
03-14 03:57:22.553 2005 3255 D HeadsetService: isAudioOn: The number of audio connected devices 0
03-14 03:57:22.553 2005 3255 I Avrcp_ext: updatePlayStatusForDevice: device: null
03-14 03:57:22.553 2005 3255 V Avrcp_ext: updatePlaybackState (1): old=PlaybackState {state=2, position=4302, buffered position=0, speed=1.0, updated=409015, actions=516, custom actions=[], active item id=-1, error=null}(2), new=PlaybackState {state=2, position=4302, buffered position=0, speed=1.0, updated=409015, actions=516, custom actions=[], active item id=-1, error=null}(2)
03-14 03:57:22.553 2005 3255 I Avrcp_ext: Exit updatePlayStatusForDevice
03-14 03:57:22.553 2005 3255 D HeadsetService: isAudioOn: The number of audio connected devices 0
03-14 03:57:22.553 2005 3255 D HeadsetService: isScoOrCallActive(): Call Active:falseCall is Ringing:falseSCO is Active:false
03-14 03:57:22.553 2005 3255 D HeadsetService: isAudioOn: The number of audio connected devices 0
03-14 03:57:22.553 2005 3255 I Avrcp_ext: updatePlayStatusForDevice: device: null
03-14 03:57:22.553 2005 3255 V Avrcp_ext: updatePlaybackState (1): old=PlaybackState {state=2, position=4302, buffered position=0, speed=1.0, updated=409015, actions=516, custom actions=[], active item id=-1, error=null}(2), new=PlaybackState {state=2, position=4302, buffered position=0, speed=1.0, updated=409015, actions=516, custom actions=[], active item id=-1, error=null}(2)
03-14 03:57:22.553 2005 3255 I Avrcp_ext: Exit updatePlayStatusForDevice
03-14 03:57:22.553 2005 3255 D Avrcp_ext: Enter sendPlayPosNotificationRsp
03-14 03:57:22.553 2005 3255 D Avrcp_ext: sendPlayPosNotificationRsp: Not registered or requesting.
03-14 03:57:22.553 2005 3255 D Avrcp_ext: Enter sendPlayPosNotificationRsp
03-14 03:57:22.553 2005 3255 D Avrcp_ext: sendPlayPosNotificationRsp: Not registered or requesting.
03-14 03:57:22.553 2005 3255 D Avrcp_ext: Enter sendPlayPosNotificationRsp
03-14 03:57:22.553 2005 3255 D Avrcp_ext: sendPlayPosNotificationRsp: Not registered or requesting.
03-14 03:57:22.553 2005 3255 D Avrcp_ext: Enter sendPlayPosNotificationRsp
03-14 03:57:22.553 2005 3255 D Avrcp_ext: sendPlayPosNotificationRsp: Not registered or requesting.
03-14 03:57:22.553 2005 3255 D Avrcp_ext: Enter sendPlayPosNotificationRsp
03-14 03:57:22.553 2005 3255 D Avrcp_ext: sendPlayPosNotificationRsp: Not registered or requesting.
03-14 03:57:22.553 2005 3255 V Avrcp_ext: Exit updatePlayerStateAndPosition
03-14 03:57:22.553 2005 3255 V Avrcp_ext: Exit onPlaybackStateChanged
03-14 03:57:22.562 1009 2156 W WindowManager: updateScale : 0.7782875
03-14 03:57:22.566 1009 1185 I ActivityTaskManager: clear resize flag in freeform mode
03-14 03:57:22.567 1009 1185 W WindowManager: updateScale : 0.78287464
03-14 03:57:22.578 1009 2156 W WindowManager: updateScale : 0.78287464
03-14 03:57:22.583 1009 1185 I ActivityTaskManager: clear resize flag in freeform mode
03-14 03:57:22.583 1009 1185 W WindowManager: updateScale : 0.78746176
03-14 03:57:22.585 1009 2195 W ActivityManager: Receiver with filter android.content.IntentFilter@2bd7162 already registered for pid 8885, callerPackage is com.android.music
03-14 03:57:22.595 1009 2156 W WindowManager: updateScale : 0.78746176
03-14 03:57:22.600 1009 1185 I ActivityTaskManager: clear resize flag in freeform mode
03-14 03:57:22.600 1009 1185 W WindowManager: updateScale : 0.78899086
03-14 03:57:22.604 1009 2156 W ActivityManager: Receiver with filter android.content.IntentFilter@70152f3 already registered for pid 8885, callerPackage is com.android.music
03-14 03:57:22.612 1009 2156 W WindowManager: updateScale : 0.78899086
03-14 03:57:22.617 1009 1185 I ActivityTaskManager: clear resize flag in freeform mode
03-14 03:57:22.618 1009 1185 W WindowManager: updateScale : 0.7905199
03-14 03:57:22.629 1009 2156 W WindowManager: updateScale : 0.7905199
03-14 03:57:22.634 1009 1185 I ActivityTaskManager: clear resize flag in freeform mode
03-14 03:57:22.634 1009 1185 W WindowManager: updateScale : 0.79204893
03-14 03:57:22.642 1009 2156 W ActivityManager: Receiver with filter android.content.IntentFilter@dc88bb0 already registered for pid 8885, callerPackage is com.android.music
03-14 03:57:22.645 1009 2156 W WindowManager: updateScale : 0.79204893
03-14 03:57:22.647 6881 7014 W kcp_info: HCDN_LOG: [T:7014]Update: udp kcp size[0], timeout kcp size[0]
03-14 03:57:22.650 1009 1185 I ActivityTaskManager: clear resize flag in freeform mode
03-14 03:57:22.650 1009 1185 W WindowManager: updateScale : 0.79357797
03-14 03:57:22.658 1009 2156 W ActivityManager: Receiver with filter android.content.IntentFilter@3134a29 already registered for pid 8885, callerPackage is com.android.music
03-14 03:57:22.662 1009 2156 W WindowManager: updateScale : 0.79357797
03-14 03:57:22.667 1009 1185 I ActivityTaskManager: clear resize flag in freeform mode
03-14 03:57:22.667 1009 1185 W WindowManager: updateScale : 0.79357797
03-14 03:57:22.675 1009 1009 I GameModeConfig: isGameModeOn = false
03-14 03:57:22.676 1009 1009 I GameModeConfig: isGameModeOn = false
03-14 03:57:22.679 1009 2156 W WindowManager: updateScale : 0.79357797
03-14 03:57:22.687 2029 2029 D InterruptionStateProvider: No alerting: filtered notification: 0|com.android.music|1|null|10086
03-14 03:57:22.688 2029 2029 D InterruptionStateProvider: No alerting: filtered notification: 0|com.android.music|1|null|10086
03-14 03:57:22.695 1009 2195 W WindowManager: updateScale : 0.79357797
03-14 03:57:22.709 2029 2428 D PeopleSpaceWidgetMgr: Sbn doesn't contain valid PeopleTileKey: null/0/com.android.music
03-14 03:57:22.710 2029 2029 D InterruptionStateProvider: No alerting: filtered notification: 0|com.android.music|1|null|10086
03-14 03:57:22.711 2029 2029 D InterruptionStateProvider: No alerting: filtered notification: 0|com.android.music|1|null|10086
03-14 03:57:22.719 2029 2428 D PeopleSpaceWidgetMgr: Sbn doesn't contain valid PeopleTileKey: null/0/com.android.music
03-14 03:57:22.727 2029 2029 D NotificationMediaManager: onMediaDataLoaded Notification Key : 0|com.android.music|1|null|10086
03-14 03:57:22.730 2029 2029 W ConstraintSet: id unknown center_vertical_guideline
03-14 03:57:22.730 2029 2029 W ConstraintSet: id unknown center_horizontal_guideline
03-14 03:57:22.730 2029 2029 W ConstraintSet: id unknown media_action_barrier
03-14 03:57:22.730 2029 2029 W ConstraintSet: id unknown remove_text
03-14 03:57:22.730 2029 2029 W ConstraintSet: id unknown settings
03-14 03:57:22.730 2029 2029 W ConstraintSet: id unknown cancel
03-14 03:57:22.730 2029 2029 W ConstraintSet: id unknown dismiss
03-14 03:57:22.743 1009 1009 I GameModeConfig: isGameModeOn = false
03-14 03:57:22.747 1009 1009 I GameModeConfig: isGameModeOn = false
03-14 03:57:22.750 2029 2029 D NotificationMediaManager: onMediaDataLoaded Notification Key : 0|com.android.music|1|null|10086
03-14 03:57:22.752 2029 2029 W ConstraintSet: id unknown center_vertical_guideline
03-14 03:57:22.752 2029 2029 W ConstraintSet: id unknown center_horizontal_guideline
03-14 03:57:22.752 2029 2029 W ConstraintSet: id unknown media_action_barrier
03-14 03:57:22.752 2029 2029 W ConstraintSet: id unknown remove_text
03-14 03:57:22.752 2029 2029 W ConstraintSet: id unknown settings
03-14 03:57:22.752 2029 2029 W ConstraintSet: id unknown cancel
03-14 03:57:22.752 2029 2029 W ConstraintSet: id unknown dismiss
03-14 03:57:22.764 2029 2029 V NotificationMediaManager: DEBUG_MEDIA: found controller matching 0|com.android.music|1|null|10086
03-14 03:57:22.764 2029 2029 V NotificationMediaManager: DEBUG_MEDIA: updating album art for notification 0|com.android.music|1|null|10086 metadata=android.media.MediaMetadata@bd49e807 metaDataChanged=false state=0
03-14 03:57:22.765 2029 2029 V NotificationMediaManager: DEBUG_MEDIA: found controller matching 0|com.android.music|1|null|10086
03-14 03:57:22.765 2029 2029 V NotificationMediaManager: DEBUG_MEDIA: updating album art for notification 0|com.android.music|1|null|10086 metadata=android.media.MediaMetadata@bd49e807 metaDataChanged=false state=0
03-14 03:57:22.771 2029 2029 D InterruptionStateProvider: No alerting: filtered notification: 0|com.android.music|1|null|10086
03-14 03:57:22.772 2029 2029 D InterruptionStateProvider: No alerting: filtered notification: 0|com.android.music|1|null|10086
03-14 03:57:22.776 2029 2428 D PeopleSpaceWidgetMgr: Sbn doesn't contain valid PeopleTileKey: null/0/com.android.music
03-14 03:57:22.778 2029 2029 D InterruptionStateProvider: No alerting: filtered notification: 0|com.android.music|1|null|10086
03-14 03:57:22.778 2029 2029 D InterruptionStateProvider: No alerting: filtered notification: 0|com.android.music|1|null|10086
03-14 03:57:22.781 2029 2428 D PeopleSpaceWidgetMgr: Sbn doesn't contain valid PeopleTileKey: null/0/com.android.music
03-14 03:57:22.785 2029 2029 D NotificationMediaManager: onMediaDataLoaded Notification Key : 0|com.android.music|1|null|10086
03-14 03:57:22.786 2029 2029 W ConstraintSet: id unknown center_vertical_guideline
03-14 03:57:22.786 2029 2029 W ConstraintSet: id unknown center_horizontal_guideline
03-14 03:57:22.786 2029 2029 W ConstraintSet: id unknown media_action_barrier
03-14 03:57:22.786 2029 2029 W ConstraintSet: id unknown remove_text
03-14 03:57:22.786 2029 2029 W ConstraintSet: id unknown settings
03-14 03:57:22.786 2029 2029 W ConstraintSet: id unknown cancel
03-14 03:57:22.786 2029 2029 W ConstraintSet: id unknown dismiss
03-14 03:57:22.797 2029 2029 D NotificationMediaManager: onMediaDataLoaded Notification Key : 0|com.android.music|1|null|10086
03-14 03:57:22.799 2029 2029 W ConstraintSet: id unknown center_vertical_guideline
03-14 03:57:22.799 2029 2029 W ConstraintSet: id unknown center_horizontal_guideline
03-14 03:57:22.799 2029 2029 W ConstraintSet: id unknown media_action_barrier
03-14 03:57:22.799 2029 2029 W ConstraintSet: id unknown remove_text
03-14 03:57:22.799 2029 2029 W ConstraintSet: id unknown settings
03-14 03:57:22.799 2029 2029 W ConstraintSet: id unknown cancel
03-14 03:57:22.799 2029 2029 W ConstraintSet: id unknown dismiss
03-14 03:57:22.805 2029 2029 V NotificationMediaManager: DEBUG_MEDIA: found controller matching 0|com.android.music|1|null|10086
03-14 03:57:22.805 2029 2029 V NotificationMediaManager: DEBUG_MEDIA: updating album art for notification 0|com.android.music|1|null|10086 metadata=android.media.MediaMetadata@bd49e807 metaDataChanged=false state=0
03-14 03:57:22.805 2029 2029 V NotificationMediaManager: DEBUG_MEDIA: found controller matching 0|com.android.music|1|null|10086
03-14 03:57:22.805 2029 2029 V NotificationMediaManager: DEBUG_MEDIA: updating album art for notification 0|com.android.music|1|null|10086 metadata=android.media.MediaMetadata@bd49e807 metaDataChanged=false state=0
03-14 03:57:22.869 5866 6748 W kcp_info: HCDN_LOG: [T:6748]Update: udp kcp size[0], timeout kcp size[0]
03-14 03:57:23.132 1509 1550 E tlogd : [TzLogger](isPathReadable) file /sys/kernel/debug/tzdbg/qsee_log isn't exist or no permission, err: No such file or directory
03-14 03:57:23.132 1509 1550 E tlogd : [TzLogger](saveTzlogAsync) /sys/kernel/debug/tzdbg/qsee_log can not read.
03-14 03:57:23.132 1509 1550 E tlogd : [TzLogger](isPathReadable) file /sys/kernel/debug/tzdbg/log isn't exist or no permission, err: No such file or directory
03-14 03:57:23.132 1509 1550 E tlogd : [TzLogger](saveTzlogAsync) /sys/kernel/debug/tzdbg/log can not read.
03-14 03:57:23.228 646 658 I mpu_uart: [MSG-P:RECV]:No message received in 1000 ms
03-14 03:57:23.460 646 657 I mpu_uart: [MSG-P:R]:recv sync frame timeout
03-14 03:57:23.652 6881 7014 W kcp_info: HCDN_LOG: [T:7014]Update: udp kcp size[0], timeout kcp size[0]
03-14 03:57:23.914 5866 6748 W kcp_info: HCDN_LOG: [T:6748]Update: udp kcp size[0], timeout kcp size[0]
03-14 03:57:24.231 646 658 I mpu_uart: [MSG-P:RECV]:No message received in 1000 ms
03-14 03:57:24.690 6881 7014 W kcp_info: HCDN_LOG: [T:7014]Update: udp kcp size[0], timeout kcp size[0]
03-14 03:57:24.945 5866 6748 W kcp_info: HCDN_LOG: [T:6748]Update: udp kcp size[0], timeout kcp size[0]
01-01 08:06:53.669 0 0 I [schedu][0x1d9684659][03:57:24.967763] wlan: [3591:I:WMA] [03:57:24.901000] [ROAM_TRIGGER]: VDEV[0] Reason: "LOW RSSI" Cur_Rssi threshold:86 Current AP RSSI: 76
01-01 08:06:53.669 0 0 I [schedu][0x1d968494f][03:57:24.967802] wlan: [3591:I:WMA] [03:57:24.901000] [ROAM_SCAN]: VDEV[0] Scan_type: PARTIAL next_rssi_threshold: 81 dBm {2412 }
01-01 08:06:53.669 0 0 I [schedu][0x1d9684a83][03:57:24.967818] wlan: [3591:I:WMA] ============================================================================================================================
01-01 08:06:53.669 0 0 I [schedu][0x1d9684c1d][03:57:24.967839] wlan: [3591:I:WMA] AP BSSID TSTAMP CH TY ETP RSSI/SCR CU%/SCR TOT_SCR BL_RSN BL_SRC BL_TSTAMP BL_TIMEOUT(ms)
01-01 08:06:53.669 0 0 I [schedu][0x1d9684d44][03:57:24.967855] wlan: [3591:I:WMA] ============================================================================================================================
01-01 08:06:53.669 0 0 I [schedu][0x1d9684f69][03:57:24.967883] wlan: [3591:I:WMA] d6:44:3b:15:39:91 [03:57:24.901000] 2412 P_AP 0 76/0 0/0 1557 0 0 [00:00:00.000000] 0
01-01 08:06:53.669 0 0 I [schedu][0x1d9685114][03:57:24.967906] wlan: [3591:I:WMA] [03:57:24.960000] [ROAM_RESULT]: VDEV[0] FAILED Reason: NO AP FOUND
03-14 03:57:25.121 1009 1689 D ConnectivityService: NetReassign [no changes]
03-14 03:57:25.231 646 658 I mpu_uart: [MSG-P:RECV]:No message received in 1000 ms
03-14 03:57:25.699 6881 7014 W kcp_info: HCDN_LOG: [T:7014]Update: udp kcp size[0], timeout kcp size[0]
03-14 03:57:25.986 5866 6748 W kcp_info: HCDN_LOG: [T:6748]Update: udp kcp size[0], timeout kcp size[0]
03-14 03:57:26.231 646 658 I mpu_uart: [MSG-P:RECV]:No message received in 1000 ms
01-01 08:06:55.123 0 0 E DTC_ETH,link_delay_work_func: 3003, SQI=0, link=0
03-14 03:57:26.461 646 657 I mpu_uart: [MSG-P:R]:recv sync frame timeout
03-14 03:57:26.739 6881 7014 W kcp_info: HCDN_LOG: [T:7014]Update: udp kcp size[0], timeout kcp size[0]
03-14 03:57:26.812 8885 8885 I view_enqueue_input_event: [Motion - Cancel,com.android.music/com.android.music.MusicBrowserActivity]
03-14 03:57:26.820 1009 1587 I input_interaction: Interaction with: WindowManager (server), edge-swipe (server), swipe-up (server), PointerEventDispatcher0 (server),
03-14 03:57:26.826 1009 1184 D FreeFormWindowHelper: refreshTipWindow mTipWindowTitle : freeform_top_left_tip_window
03-14 03:57:26.828 1009 1184 I ActivityTaskManager: clear resize flag in freeform mode
03-14 03:57:26.830 1009 1184 W WindowManager: updateScale : 0.79357797
03-14 03:57:26.843 1009 1184 D FreeFormWindowHelper: refreshTipWindow mTipWindowTitle : freeform_top_left_tip_window
03-14 03:57:26.843 1009 1184 I ActivityTaskManager: clear resize flag in freeform mode
03-14 03:57:26.844 1009 1184 W WindowManager: updateScale : 0.79357797
03-14 03:57:26.859 1009 1184 D FreeFormWindowHelper: refreshTipWindow mTipWindowTitle : freeform_top_left_tip_window
03-14 03:57:26.860 1009 1184 I ActivityTaskManager: clear resize flag in freeform mode
03-14 03:57:26.861 1009 1184 W WindowManager: updateScale : 0.79357797
03-14 03:57:26.873 1009 3052 W WindowManager: updateScale : 0.79357797
03-14 03:57:26.876 1009 1184 D FreeFormWindowHelper: refreshTipWindow mTipWindowTitle : freeform_top_left_tip_window
03-14 03:57:26.877 1009 1184 I ActivityTaskManager: clear resize flag in freeform mode
03-14 03:57:26.877 1009 1184 W WindowManager: updateScale : 0.79357797
03-14 03:57:26.889 1009 3052 W WindowManager: updateScale : 0.79357797
