03-14 03:57:20.228 2005 3255 D HeadsetService: isAudioOn: The number of audio connected devices 0
03-14 03:57:20.228 2005 3255 D HeadsetService: isScoOrCallActive(): Call Active:falseCall is Ringing:falseSCO is Active:false
03-14 03:57:20.228 2005 3255 D HeadsetService: isAudioOn: The number of audio connected devices 0
03-14 03:57:20.228 2005 3255 I Avrcp_ext: updatePlayStatusForDevice: device: null
03-14 03:57:20.228 2005 3255 V Avrcp_ext: updatePlaybackState (1): old=PlaybackState {state=2, position=4302, buffered position=0, speed=1.0, updated=405153, actions=516, custom actions=[], active item id=-1, error=null}(2), new=PlaybackState {state=2, position=4302, buffered position=0, speed=1.0, updated=406694, actions=516, custom actions=[], active item id=-1, error=null}(2)
03-14 03:57:20.228 2005 3255 I Avrcp_ext: Exit updatePlayStatusForDevice
03-14 03:57:20.228 2005 3255 D Avrcp_ext: Enter sendPlayPosNotificationRsp
03-14 03:57:20.228 2005 3255 D Avrcp_ext: sendPlayPosNotificationRsp: Not registered or requesting.
03-14 03:57:20.228 2005 3255 D Avrcp_ext: Enter sendPlayPosNotificationRsp
03-14 03:57:20.228 2005 3255 D Avrcp_ext: sendPlayPosNotificationRsp: Not registered or requesting.
03-14 03:57:20.228 2005 3255 D Avrcp_ext: Enter sendPlayPosNotificationRsp
03-14 03:57:20.228 2005 3255 D Avrcp_ext: sendPlayPosNotificationRsp: Not registered or requesting.
03-14 03:57:20.228 2005 3255 D Avrcp_ext: Enter sendPlayPosNotificationRsp
03-14 03:57:20.228 2005 3255 D Avrcp_ext: sendPlayPosNotificationRsp: Not registered or requesting.
03-14 03:57:20.228 2005 3255 D Avrcp_ext: Enter sendPlayPosNotificationRsp
03-14 03:57:20.228 2005 3255 D Avrcp_ext: sendPlayPosNotificationRsp: Not registered or requesting.
03-14 03:57:20.228 2005 3255 V Avrcp_ext: Exit updatePlayerStateAndPosition
03-14 03:57:20.228 2005 3255 V Avrcp_ext: onPlaybackStateChanged: state PlaybackState {state=2, position=4302, buffered position=0, speed=1.0, updated=406694, actions=516, custom actions=[], active item id=-1, error=null}
03-14 03:57:20.228 1009 1185 I ActivityTaskManager: clear resize flag in freeform mode
03-14 03:57:20.228 1009 1185 W WindowManager: updateScale : 0.5
03-14 03:57:20.229 2029 2029 V NotificationMediaManager: DEBUG_MEDIA: onPlaybackStateChanged: PlaybackState {state=2, position=4302, buffered position=0, speed=1.0, updated=406694, actions=516, custom actions=[], active item id=-1, error=null}
03-14 03:57:20.230 2005 3255 V Avrcp_ext: updateCurrentMediaState: mMediaController: MediaController (com.android.music@c77ec15) null, null, null
03-14 03:57:20.230 2005 3255 W Avrcp_ext: isMusicActive: true getBluetoothPlayState: 2 A2dp State: 11 mAudioPlaybackIsActive: false
03-14 03:57:20.230 2029 2029 V NotificationMediaManager: DEBUG_MEDIA: found controller matching 0|com.android.music|1|null|10086
03-14 03:57:20.230 2005 3255 D Avrcp_ext: isMusicActive = true mAudioPlaybackIsActive = false player state = PlaybackState {state=2, position=4302, buffered position=0, speed=1.0, updated=406694, actions=516, custom actions=[], active item id=-1, error=null}
03-14 03:57:20.230 2029 2029 V NotificationMediaManager: DEBUG_MEDIA: updating album art for notification 0|com.android.music|1|null|10086 metadata=android.media.MediaMetadata@bd49e807 metaDataChanged=false state=0
03-14 03:57:20.231 8885 8885 D android.widget.GridLayout: horizontal constraints: x2-x0>=72, x2-x1<=0, x1-x0<=0 are inconsistent; permanently removing: x2-x1<=0.
03-14 03:57:20.231 8885 8885 D android.widget.GridLayout: vertical constraints: y2-y0>=72, y2-y1<=0, y1-y0<=0 are inconsistent; permanently removing: y2-y1<=0.
03-14 03:57:20.231 2005 3255 D Avrcp_ext: overwrite album_artist :if album is blank
03-14 03:57:20.232 8885 8885 D android.widget.GridLayout: horizontal constraints: x2-x0>=72, x2-x1<=0, x1-x0<=0 are inconsistent; permanently removing: x2-x1<=0.
03-14 03:57:20.232 8885 8885 D android.widget.GridLayout: vertical constraints: y2-y0>=72, y2-y1<=0, y1-y0<=0 are inconsistent; permanently removing: y2-y1<=0.
03-14 03:57:20.232 2005 3255 V Avrcp_ext: Media update: id -1➡-1? [MediaAttributes: - by (204434 1/0) - ] : [MediaAttributes: - by (204434 1/0) - ]
03-14 03:57:20.232 2005 3255 D Avrcp_ext: isPackageNameValid: browsedPackage = com.android.musicisValid = true
03-14 03:57:20.232 2005 3255 V Avrcp_ext: isBrowseSupported for com.android.music: false
03-14 03:57:20.232 2005 3255 V Avrcp_ext: updatePlaybackState, state: PlaybackState {state=2, position=4302, buffered position=0, speed=1.0, updated=406694, actions=516, custom actions=[], active item id=-1, error=null} device: null
03-14 03:57:20.232 2005 3255 V Avrcp_ext: Device: no name:
03-14 03:57:20.232 2005 3255 V Avrcp_ext: Device: no name:
03-14 03:57:20.232 2005 3255 V Avrcp_ext: Device: no name:
03-14 03:57:20.232 2005 3255 V Avrcp_ext: Device: no name:
03-14 03:57:20.232 2005 3255 V Avrcp_ext: Device: no name:
03-14 03:57:20.232 2005 3255 V Avrcp_ext: updatePlayerStateAndPosition, old=PlaybackState {state=2, position=4302, buffered position=0, speed=1.0, updated=406694, actions=516, custom actions=[], active item id=-1, error=null}, state=PlaybackState {state=2, position=4302, buffered position=0, speed=1.0, updated=406694, actions=516, custom actions=[], active item id=-1, error=null}
03-14 03:57:20.232 2005 3255 V Avrcp_ext: old state = PlaybackState {state=2, position=4302, buffered position=0, speed=1.0, updated=406694, actions=516, custom actions=[], active item id=-1, error=null}, new state= PlaybackState {state=2, position=4302, buffered position=0, speed=1.0, updated=406694, actions=516, custom actions=[], active item id=-1, error=null}
03-14 03:57:20.232 2005 3255 D HeadsetService: getHeadsetService(): returning com.android.bluetooth.hfp.HeadsetService@5276d44
03-14 03:57:20.232 2029 2029 V MediaTimeout: processState 0|com.android.music|1|null|10086: PlaybackState {state=2, position=4302, buffered position=0, speed=1.0, updated=406694, actions=516, custom actions=[], active item id=-1, error=null}
03-14 03:57:20.232 2005 3255 D HeadsetService: isAudioOn: The number of audio connected devices 0
03-14 03:57:20.232 2005 3255 D HeadsetService: isScoOrCallActive(): Call Active:falseCall is Ringing:falseSCO is Active:false
03-14 03:57:20.232 2005 3255 D HeadsetService: isAudioOn: The number of audio connected devices 0
03-14 03:57:20.232 2005 3255 I Avrcp_ext: updatePlayStatusForDevice: device: null
03-14 03:57:20.232 2005 3255 V Avrcp_ext: updatePlaybackState (1): old=PlaybackState {state=2, position=4302, buffered position=0, speed=1.0, updated=406694, actions=516, custom actions=[], active item id=-1, error=null}(2), new=PlaybackState {state=2, position=4302, buffered position=0, speed=1.0, updated=406694, actions=516, custom actions=[], active item id=-1, error=null}(2)
03-14 03:57:20.232 2005 3255 I Avrcp_ext: Exit updatePlayStatusForDevice
03-14 03:57:20.232 2005 3255 D HeadsetService: isAudioOn: The number of audio connected devices 0
03-14 03:57:20.232 2005 3255 D HeadsetService: isScoOrCallActive(): Call Active:falseCall is Ringing:falseSCO is Active:false
03-14 03:57:20.232 2005 3255 D HeadsetService: isAudioOn: The number of audio connected devices 0
03-14 03:57:20.232 2005 3255 I Avrcp_ext: updatePlayStatusForDevice: device: null
03-14 03:57:20.232 2005 3255 V Avrcp_ext: updatePlaybackState (1): old=PlaybackState {state=2, position=4302, buffered position=0, speed=1.0, updated=406694, actions=516, custom actions=[], active item id=-1, error=null}(2), new=PlaybackState {state=2, position=4302, buffered position=0, speed=1.0, updated=406694, actions=516, custom actions=[], active item id=-1, error=null}(2)
03-14 03:57:20.232 2005 3255 I Avrcp_ext: Exit updatePlayStatusForDevice
03-14 03:57:20.233 2005 3255 D HeadsetService: isAudioOn: The number of audio connected devices 0
03-14 03:57:20.233 2005 3255 D HeadsetService: isScoOrCallActive(): Call Active:falseCall is Ringing:falseSCO is Active:false
03-14 03:57:20.233 2005 3255 D HeadsetService: isAudioOn: The number of audio connected devices 0
03-14 03:57:20.233 2005 3255 I Avrcp_ext: updatePlayStatusForDevice: device: null
03-14 03:57:20.233 2005 3255 V Avrcp_ext: updatePlaybackState (1): old=PlaybackState {state=2, position=4302, buffered position=0, speed=1.0, updated=406694, actions=516, custom actions=[], active item id=-1, error=null}(2), new=PlaybackState {state=2, position=4302, buffered position=0, speed=1.0, updated=406694, actions=516, custom actions=[], active item id=-1, error=null}(2)
03-14 03:57:20.233 2005 3255 I Avrcp_ext: Exit updatePlayStatusForDevice
03-14 03:57:20.233 2005 3255 D HeadsetService: isAudioOn: The number of audio connected devices 0
03-14 03:57:20.233 2005 3255 D HeadsetService: isScoOrCallActive(): Call Active:falseCall is Ringing:falseSCO is Active:false
03-14 03:57:20.233 2005 3255 D HeadsetService: isAudioOn: The number of audio connected devices 0
03-14 03:57:20.233 2005 3255 I Avrcp_ext: updatePlayStatusForDevice: device: null
03-14 03:57:20.233 2005 3255 V Avrcp_ext: updatePlaybackState (1): old=PlaybackState {state=2, position=4302, buffered position=0, speed=1.0, updated=406694, actions=516, custom actions=[], active item id=-1, error=null}(2), new=PlaybackState {state=2, position=4302, buffered position=0, speed=1.0, updated=406694, actions=516, custom actions=[], active item id=-1, error=null}(2)
03-14 03:57:20.233 2005 3255 I Avrcp_ext: Exit updatePlayStatusForDevice
03-14 03:57:20.233 2005 3255 D HeadsetService: isAudioOn: The number of audio connected devices 0
03-14 03:57:20.233 2005 3255 D HeadsetService: isScoOrCallActive(): Call Active:falseCall is Ringing:falseSCO is Active:false
03-14 03:57:20.233 2005 3255 D HeadsetService: isAudioOn: The number of audio connected devices 0
03-14 03:57:20.233 2005 3255 I Avrcp_ext: updatePlayStatusForDevice: device: null
03-14 03:57:20.233 2005 3255 V Avrcp_ext: updatePlaybackState (1): old=PlaybackState {state=2, position=4302, buffered position=0, speed=1.0, updated=406694, actions=516, custom actions=[], active item id=-1, error=null}(2), new=PlaybackState {state=2, position=4302, buffered position=0, speed=1.0, updated=406694, actions=516, custom actions=[], active item id=-1, error=null}(2)
03-14 03:57:20.233 2005 3255 I Avrcp_ext: Exit updatePlayStatusForDevice
03-14 03:57:20.233 2005 3255 D Avrcp_ext: Enter sendPlayPosNotificationRsp
03-14 03:57:20.233 2005 3255 D Avrcp_ext: sendPlayPosNotificationRsp: Not registered or requesting.
03-14 03:57:20.233 2005 3255 D Avrcp_ext: Enter sendPlayPosNotificationRsp
03-14 03:57:20.233 2005 3255 D Avrcp_ext: sendPlayPosNotificationRsp: Not registered or requesting.
03-14 03:57:20.233 2005 3255 D Avrcp_ext: Enter sendPlayPosNotificationRsp
03-14 03:57:20.233 2005 3255 D Avrcp_ext: sendPlayPosNotificationRsp: Not registered or requesting.
03-14 03:57:20.233 2005 3255 D Avrcp_ext: Enter sendPlayPosNotificationRsp
03-14 03:57:20.233 2005 3255 D Avrcp_ext: sendPlayPosNotificationRsp: Not registered or requesting.
03-14 03:57:20.233 2005 3255 D Avrcp_ext: Enter sendPlayPosNotificationRsp
03-14 03:57:20.233 2005 3255 D Avrcp_ext: sendPlayPosNotificationRsp: Not registered or requesting.
03-14 03:57:20.233 2005 3255 V Avrcp_ext: Exit updatePlayerStateAndPosition
03-14 03:57:20.233 2005 3255 V Avrcp_ext: Exit onPlaybackStateChanged
03-14 03:57:20.234 1009 3052 W ActivityManager: Receiver with filter android.content.IntentFilter@fbcc09a already registered for pid 8885, callerPackage is com.android.music
03-14 03:57:20.244 1009 1185 I ActivityTaskManager: clear resize flag in freeform mode
03-14 03:57:20.244 1009 1185 W WindowManager: updateScale : 0.48776758
03-14 03:57:20.261 1009 2156 W ActivityManager: Receiver with filter android.content.IntentFilter@7291dcb already registered for pid 8885, callerPackage is com.android.music
03-14 03:57:20.262 1009 1185 I ActivityTaskManager: clear resize flag in freeform mode
03-14 03:57:20.263 1009 1185 W WindowManager: updateScale : 0.47859326
03-14 03:57:20.274 1009 3052 W WindowManager: updateScale : 0.47859326
03-14 03:57:20.278 1009 1185 I ActivityTaskManager: clear resize flag in freeform mode
03-14 03:57:20.279 1009 1185 W WindowManager: updateScale : 0.470948
03-14 03:57:20.284 1009 3052 W ActivityManager: Receiver with filter android.content.IntentFilter@997b9a8 already registered for pid 8885, callerPackage is com.android.music
03-14 03:57:20.290 1009 3052 W WindowManager: updateScale : 0.470948
03-14 03:57:20.295 1009 1185 I ActivityTaskManager: clear resize flag in freeform mode
03-14 03:57:20.295 1009 1185 W WindowManager: updateScale : 0.46636087
03-14 03:57:20.299 1009 3052 W ActivityManager: Receiver with filter android.content.IntentFilter@1b6cc1 already registered for pid 8885, callerPackage is com.android.music
03-14 03:57:20.306 1009 2156 W WindowManager: updateScale : 0.46636087
03-14 03:57:20.311 1009 1185 I ActivityTaskManager: clear resize flag in freeform mode
03-14 03:57:20.312 1009 1185 W WindowManager: updateScale : 0.4617737
03-14 03:57:20.316 1009 2156 W ActivityManager: Receiver with filter android.content.IntentFilter@5164c66 already registered for pid 8885, callerPackage is com.android.music
03-14 03:57:20.323 1009 2156 W WindowManager: updateScale : 0.4617737
03-14 03:57:20.328 1009 1185 I ActivityTaskManager: clear resize flag in freeform mode
03-14 03:57:20.329 1009 1185 W WindowManager: updateScale : 0.46024466
03-14 03:57:20.333 1009 2156 W ActivityManager: Receiver with filter android.content.IntentFilter@2a9cba7 already registered for pid 8885, callerPackage is com.android.music
03-14 03:57:20.340 1009 2156 W WindowManager: updateScale : 0.46024466
03-14 03:57:20.345 1009 1185 I ActivityTaskManager: clear resize flag in freeform mode
03-14 03:57:20.346 1009 1185 W WindowManager: updateScale : 0.4587156
03-14 03:57:20.356 8885 9143 D skia : --- Failed to create image decoder with message 'unimplemented'
03-14 03:57:20.362 1009 1185 I ActivityTaskManager: clear resize flag in freeform mode
03-14 03:57:20.362 1009 1185 W WindowManager: updateScale : 0.45718655
03-14 03:57:20.366 1009 3052 W ActivityManager: Receiver with filter android.content.IntentFilter@900dcd8 already registered for pid 8885, callerPackage is com.android.music
03-14 03:57:20.370 1009 3052 W WindowManager: updateScale : 0.45718655
03-14 03:57:20.378 1009 1185 I ActivityTaskManager: clear resize flag in freeform mode
03-14 03:57:20.378 1009 1185 W WindowManager: updateScale : 0.45565748
03-14 03:57:20.381 1009 2195 W ActivityManager: Receiver with filter android.content.IntentFilter@cd3f66d already registered for pid 8885, callerPackage is com.android.music
03-14 03:57:20.383 1009 1698 I GameModeConfig: isGameModeOn = false
03-14 03:57:20.383 1009 1698 I GameModeConfig: isGameModeOn = false
03-14 03:57:20.383 1009 1698 I GameModeConfig: isGameModeOn = false
03-14 03:57:20.383 1009 1698 I GameModeConfig: isGameModeOn = false
03-14 03:57:20.394 2005 3255 V Avrcp_ext: onMetadataChanged
03-14 03:57:20.395 1009 1185 I ActivityTaskManager: clear resize flag in freeform mode
03-14 03:57:20.395 1009 1185 W WindowManager: updateScale : 0.45565748
03-14 03:57:20.396 1009 1009 I notification_enqueue: [10086,8885,com.android.music,1,NULL,0,Notification(channel=Channel-music shortcut=null contentView=null vibrate=null sound=null defaults=0x0 flags=0x40 color=0x00000000 category=transport actions=4 vis=PRIVATE),1]
03-14 03:57:20.397 2005 3255 V Avrcp_ext: updateCurrentMediaState: mMediaController: MediaController (com.android.music@c77ec15) null, null, null
03-14 03:57:20.398 2005 3255 W Avrcp_ext: isMusicActive: true getBluetoothPlayState: 2 A2dp State: 11 mAudioPlaybackIsActive: false
03-14 03:57:20.398 2005 3255 D Avrcp_ext: isMusicActive = true mAudioPlaybackIsActive = false player state = PlaybackState {state=2, position=4302, buffered position=0, speed=1.0, updated=406867, actions=516, custom actions=[], active item id=-1, error=null}
03-14 03:57:20.399 2005 3255 D Avrcp_ext: overwrite album_artist :if album is blank
03-14 03:57:20.399 1009 1009 I notification_enqueue: [10086,8885,com.android.music,1,NULL,0,Notification(channel=Channel-music shortcut=null contentView=null vibrate=null sound=null defaults=0x0 flags=0x40 color=0x00000000 category=transport actions=4 vis=PRIVATE),1]
03-14 03:57:20.400 2005 3255 V Avrcp_ext: Media update: id -1➡-1? [MediaAttributes: - by (204434 1/0) - ] : [MediaAttributes: - by (204434 1/0) - ]
03-14 03:57:20.400 2005 3255 D Avrcp_ext: isPackageNameValid: browsedPackage = com.android.musicisValid = true
03-14 03:57:20.400 2005 3255 V Avrcp_ext: isBrowseSupported for com.android.music: false
03-14 03:57:20.400 2005 3255 V Avrcp_ext: updatePlaybackState, state: PlaybackState {state=2, position=4302, buffered position=0, speed=1.0, updated=406867, actions=516, custom actions=[], active item id=-1, error=null} device: null
03-14 03:57:20.400 2005 3255 V Avrcp_ext: Device: no name:
03-14 03:57:20.400 2005 3255 V Avrcp_ext: Device: no name:
03-14 03:57:20.400 2005 3255 V Avrcp_ext: Device: no name:
03-14 03:57:20.400 2005 3255 V Avrcp_ext: Device: no name:
03-14 03:57:20.400 2005 3255 V Avrcp_ext: Device: no name:
03-14 03:57:20.400 2005 3255 V Avrcp_ext: updatePlayerStateAndPosition, old=PlaybackState {state=2, position=4302, buffered position=0, speed=1.0, updated=406694, actions=516, custom actions=[], active item id=-1, error=null}, state=PlaybackState {state=2, position=4302, buffered position=0, speed=1.0, updated=406867, actions=516, custom actions=[], active item id=-1, error=null}
03-14 03:57:20.400 2005 3255 V Avrcp_ext: old state = PlaybackState {state=2, position=4302, buffered position=0, speed=1.0, updated=406694, actions=516, custom actions=[], active item id=-1, error=null}, new state= PlaybackState {state=2, position=4302, buffered position=0, speed=1.0, updated=406867, actions=516, custom actions=[], active item id=-1, error=null}
03-14 03:57:20.400 2005 3255 D HeadsetService: getHeadsetService(): returning com.android.bluetooth.hfp.HeadsetService@5276d44
03-14 03:57:20.400 2005 3255 D HeadsetService: isAudioOn: The number of audio connected devices 0
03-14 03:57:20.400 2005 3255 D HeadsetService: isScoOrCallActive(): Call Active:falseCall is Ringing:falseSCO is Active:false
03-14 03:57:20.400 2005 3255 D HeadsetService: isAudioOn: The number of audio connected devices 0
03-14 03:57:20.400 2005 3255 I Avrcp_ext: updatePlayStatusForDevice: device: null
03-14 03:57:20.400 2005 3255 V Avrcp_ext: updatePlaybackState (1): old=PlaybackState {state=2, position=4302, buffered position=0, speed=1.0, updated=406694, actions=516, custom actions=[], active item id=-1, error=null}(2), new=PlaybackState {state=2, position=4302, buffered position=0, speed=1.0, updated=406867, actions=516, custom actions=[], active item id=-1, error=null}(2)
03-14 03:57:20.400 2005 3255 I Avrcp_ext: Exit updatePlayStatusForDevice
03-14 03:57:20.400 1009 2195 W WindowManager: updateScale : 0.45565748
03-14 03:57:20.400 2005 3255 D HeadsetService: isAudioOn: The number of audio connected devices 0
03-14 03:57:20.400 2005 3255 D HeadsetService: isScoOrCallActive(): Call Active:falseCall is Ringing:falseSCO is Active:false
03-14 03:57:20.400 2005 3255 D HeadsetService: isAudioOn: The number of audio connected devices 0
03-14 03:57:20.400 2005 3255 I Avrcp_ext: updatePlayStatusForDevice: device: null
03-14 03:57:20.400 2005 3255 V Avrcp_ext: updatePlaybackState (1): old=PlaybackState {state=2, position=4302, buffered position=0, speed=1.0, updated=406694, actions=516, custom actions=[], active item id=-1, error=null}(2), new=PlaybackState {state=2, position=4302, buffered position=0, speed=1.0, updated=406867, actions=516, custom actions=[], active item id=-1, error=null}(2)
03-14 03:57:20.401 2005 3255 I Avrcp_ext: Exit updatePlayStatusForDevice
03-14 03:57:20.401 2005 3255 D HeadsetService: isAudioOn: The number of audio connected devices 0
03-14 03:57:20.401 2005 3255 D HeadsetService: isScoOrCallActive(): Call Active:falseCall is Ringing:falseSCO is Active:false
03-14 03:57:20.401 2005 3255 D HeadsetService: isAudioOn: The number of audio connected devices 0
03-14 03:57:20.401 2005 3255 I Avrcp_ext: updatePlayStatusForDevice: device: null
03-14 03:57:20.401 2005 3255 V Avrcp_ext: updatePlaybackState (1): old=PlaybackState {state=2, position=4302, buffered position=0, speed=1.0, updated=406694, actions=516, custom actions=[], active item id=-1, error=null}(2), new=PlaybackState {state=2, position=4302, buffered position=0, speed=1.0, updated=406867, actions=516, custom actions=[], active item id=-1, error=null}(2)
03-14 03:57:20.401 2005 3255 I Avrcp_ext: Exit updatePlayStatusForDevice
03-14 03:57:20.401 2029 2029 V MediaTimeout: processState 0|com.android.music|1|null|10086: PlaybackState {state=2, position=4302, buffered position=0, speed=1.0, updated=406867, actions=516, custom actions=[], active item id=-1, error=null}
03-14 03:57:20.401 2005 3255 D HeadsetService: isAudioOn: The number of audio connected devices 0
03-14 03:57:20.401 2005 3255 D HeadsetService: isScoOrCallActive(): Call Active:falseCall is Ringing:falseSCO is Active:false
03-14 03:57:20.401 2005 3255 D HeadsetService: isAudioOn: The number of audio connected devices 0
03-14 03:57:20.401 2005 3255 I Avrcp_ext: updatePlayStatusForDevice: device: null
03-14 03:57:20.401 2005 3255 V Avrcp_ext: updatePlaybackState (1): old=PlaybackState {state=2, position=4302, buffered position=0, speed=1.0, updated=406694, actions=516, custom actions=[], active item id=-1, error=null}(2), new=PlaybackState {state=2, position=4302, buffered position=0, speed=1.0, updated=406867, actions=516, custom actions=[], active item id=-1, error=null}(2)
03-14 03:57:20.401 2005 3255 I Avrcp_ext: Exit updatePlayStatusForDevice
03-14 03:57:20.401 2005 3255 D HeadsetService: isAudioOn: The number of audio connected devices 0
03-14 03:57:20.401 2005 3255 D HeadsetService: isScoOrCallActive(): Call Active:falseCall is Ringing:falseSCO is Active:false
03-14 03:57:20.401 2005 3255 D HeadsetService: isAudioOn: The number of audio connected devices 0
03-14 03:57:20.401 2005 3255 I Avrcp_ext: updatePlayStatusForDevice: device: null
03-14 03:57:20.401 2005 3255 V Avrcp_ext: updatePlaybackState (1): old=PlaybackState {state=2, position=4302, buffered position=0, speed=1.0, updated=406694, actions=516, custom actions=[], active item id=-1, error=null}(2), new=PlaybackState {state=2, position=4302, buffered position=0, speed=1.0, updated=406867, actions=516, custom actions=[], active item id=-1, error=null}(2)
03-14 03:57:20.401 2005 3255 I Avrcp_ext: Exit updatePlayStatusForDevice
03-14 03:57:20.401 2005 3255 D Avrcp_ext: Enter sendPlayPosNotificationRsp
03-14 03:57:20.401 2005 3255 D Avrcp_ext: sendPlayPosNotificationRsp: Not registered or requesting.
03-14 03:57:20.401 2005 3255 D Avrcp_ext: Enter sendPlayPosNotificationRsp
03-14 03:57:20.401 2005 3255 D Avrcp_ext: sendPlayPosNotificationRsp: Not registered or requesting.
03-14 03:57:20.401 2005 3255 D Avrcp_ext: Enter sendPlayPosNotificationRsp
03-14 03:57:20.401 2029 2029 V NotificationMediaManager: DEBUG_MEDIA: onMetadataChanged: android.media.MediaMetadata@bd49e807
03-14 03:57:20.401 2005 3255 D Avrcp_ext: sendPlayPosNotificationRsp: Not registered or requesting.
03-14 03:57:20.401 2005 3255 D Avrcp_ext: Enter sendPlayPosNotificationRsp
03-14 03:57:20.401 2005 3255 D Avrcp_ext: sendPlayPosNotificationRsp: Not registered or requesting.
03-14 03:57:20.401 2005 3255 D Avrcp_ext: Enter sendPlayPosNotificationRsp
03-14 03:57:20.401 2005 3255 D Avrcp_ext: sendPlayPosNotificationRsp: Not registered or requesting.
03-14 03:57:20.401 2005 3255 V Avrcp_ext: Exit updatePlayerStateAndPosition
03-14 03:57:20.401 2005 3255 V Avrcp_ext: onPlaybackStateChanged: state PlaybackState {state=2, position=4302, buffered position=0, speed=1.0, updated=406867, actions=516, custom actions=[], active item id=-1, error=null}
03-14 03:57:20.401 2029 2029 V NotificationMediaManager: DEBUG_MEDIA: updating album art for notification 0|com.android.music|1|null|10086 metadata=android.media.MediaMetadata@bd49e807 metaDataChanged=true state=0
03-14 03:57:20.402 2029 2029 V NotificationMediaManager: DEBUG_MEDIA: onPlaybackStateChanged: PlaybackState {state=2, position=4302, buffered position=0, speed=1.0, updated=406867, actions=516, custom actions=[], active item id=-1, error=null}
03-14 03:57:20.402 2005 3255 V Avrcp_ext: updateCurrentMediaState: mMediaController: MediaController (com.android.music@c77ec15) null, null, null
03-14 03:57:20.402 2005 3255 W Avrcp_ext: isMusicActive: true getBluetoothPlayState: 2 A2dp State: 11 mAudioPlaybackIsActive: false
03-14 03:57:20.403 2029 2029 V NotificationMediaManager: DEBUG_MEDIA: found controller matching 0|com.android.music|1|null|10086
03-14 03:57:20.403 2005 3255 D Avrcp_ext: isMusicActive = true mAudioPlaybackIsActive = false player state = PlaybackState {state=2, position=4302, buffered position=0, speed=1.0, updated=406867, actions=516, custom actions=[], active item id=-1, error=null}
03-14 03:57:20.403 2029 2029 V NotificationMediaManager: DEBUG_MEDIA: updating album art for notification 0|com.android.music|1|null|10086 metadata=android.media.MediaMetadata@bd49e807 metaDataChanged=false state=0
03-14 03:57:20.403 2005 3255 D Avrcp_ext: overwrite album_artist :if album is blank
03-14 03:57:20.404 2005 3255 V Avrcp_ext: Media update: id -1➡-1? [MediaAttributes: - by (204434 1/0) - ] : [MediaAttributes: - by (204434 1/0) - ]
03-14 03:57:20.404 2005 3255 D Avrcp_ext: isPackageNameValid: browsedPackage = com.android.musicisValid = true
03-14 03:57:20.404 2005 3255 V Avrcp_ext: isBrowseSupported for com.android.music: false
03-14 03:57:20.404 2005 3255 V Avrcp_ext: updatePlaybackState, state: PlaybackState {state=2, position=4302, buffered position=0, speed=1.0, updated=406867, actions=516, custom actions=[], active item id=-1, error=null} device: null
03-14 03:57:20.404 8885 8885 D android.widget.GridLayout: horizontal constraints: x2-x0>=72, x2-x1<=0, x1-x0<=0 are inconsistent; permanently removing: x2-x1<=0.
03-14 03:57:20.404 2005 3255 V Avrcp_ext: Device: no name:
03-14 03:57:20.404 2005 3255 V Avrcp_ext: Device: no name:
03-14 03:57:20.404 2005 3255 V Avrcp_ext: Device: no name:
03-14 03:57:20.404 2005 3255 V Avrcp_ext: Device: no name:
03-14 03:57:20.404 2005 3255 V Avrcp_ext: Device: no name:
03-14 03:57:20.404 2005 3255 V Avrcp_ext: updatePlayerStateAndPosition, old=PlaybackState {state=2, position=4302, buffered position=0, speed=1.0, updated=406867, actions=516, custom actions=[], active item id=-1, error=null}, state=PlaybackState {state=2, position=4302, buffered position=0, speed=1.0, updated=406867, actions=516, custom actions=[], active item id=-1, error=null}
03-14 03:57:20.404 2005 3255 V Avrcp_ext: old state = PlaybackState {state=2, position=4302, buffered position=0, speed=1.0, updated=406867, actions=516, custom actions=[], active item id=-1, error=null}, new state= PlaybackState {state=2, position=4302, buffered position=0, speed=1.0, updated=406867, actions=516, custom actions=[], active item id=-1, error=null}
03-14 03:57:20.404 8885 8885 D android.widget.GridLayout: vertical constraints: y2-y0>=72, y2-y1<=0, y1-y0<=0 are inconsistent; permanently removing: y2-y1<=0.
03-14 03:57:20.404 2005 3255 D HeadsetService: getHeadsetService(): returning com.android.bluetooth.hfp.HeadsetService@5276d44
03-14 03:57:20.404 2005 3255 D HeadsetService: isAudioOn: The number of audio connected devices 0
03-14 03:57:20.405 2005 3255 D HeadsetService: isScoOrCallActive(): Call Active:falseCall is Ringing:falseSCO is Active:false
03-14 03:57:20.405 2005 3255 D HeadsetService: isAudioOn: The number of audio connected devices 0
03-14 03:57:20.405 2005 3255 I Avrcp_ext: updatePlayStatusForDevice: device: null
03-14 03:57:20.405 2005 3255 V Avrcp_ext: updatePlaybackState (1): old=PlaybackState {state=2, position=4302, buffered position=0, speed=1.0, updated=406867, actions=516, custom actions=[], active item id=-1, error=null}(2), new=PlaybackState {state=2, position=4302, buffered position=0, speed=1.0, updated=406867, actions=516, custom actions=[], active item id=-1, error=null}(2)
03-14 03:57:20.405 2005 3255 I Avrcp_ext: Exit updatePlayStatusForDevice
03-14 03:57:20.405 2005 3255 D HeadsetService: isAudioOn: The number of audio connected devices 0
03-14 03:57:20.405 2005 3255 D HeadsetService: isScoOrCallActive(): Call Active:falseCall is Ringing:falseSCO is Active:false
03-14 03:57:20.405 2005 3255 D HeadsetService: isAudioOn: The number of audio connected devices 0
03-14 03:57:20.405 2005 3255 I Avrcp_ext: updatePlayStatusForDevice: device: null
03-14 03:57:20.405 2005 3255 V Avrcp_ext: updatePlaybackState (1): old=PlaybackState {state=2, position=4302, buffered position=0, speed=1.0, updated=406867, actions=516, custom actions=[], active item id=-1, error=null}(2), new=PlaybackState {state=2, position=4302, buffered position=0, speed=1.0, updated=406867, actions=516, custom actions=[], active item id=-1, error=null}(2)
03-14 03:57:20.405 2005 3255 I Avrcp_ext: Exit updatePlayStatusForDevice
03-14 03:57:20.405 2005 3255 D HeadsetService: isAudioOn: The number of audio connected devices 0
03-14 03:57:20.405 2005 3255 D HeadsetService: isScoOrCallActive(): Call Active:falseCall is Ringing:falseSCO is Active:false
03-14 03:57:20.405 2005 3255 D HeadsetService: isAudioOn: The number of audio connected devices 0
03-14 03:57:20.405 2005 3255 I Avrcp_ext: updatePlayStatusForDevice: device: null
03-14 03:57:20.405 2005 3255 V Avrcp_ext: updatePlaybackState (1): old=PlaybackState {state=2, position=4302, buffered position=0, speed=1.0, updated=406867, actions=516, custom actions=[], active item id=-1, error=null}(2), new=PlaybackState {state=2, position=4302, buffered position=0, speed=1.0, updated=406867, actions=516, custom actions=[], active item id=-1, error=null}(2)
03-14 03:57:20.405 2005 3255 I Avrcp_ext: Exit updatePlayStatusForDevice
03-14 03:57:20.405 2005 3255 D HeadsetService: isAudioOn: The number of audio connected devices 0
03-14 03:57:20.405 2005 3255 D HeadsetService: isScoOrCallActive(): Call Active:falseCall is Ringing:falseSCO is Active:false
03-14 03:57:20.405 2005 3255 D HeadsetService: isAudioOn: The number of audio connected devices 0
03-14 03:57:20.405 2005 3255 I Avrcp_ext: updatePlayStatusForDevice: device: null
03-14 03:57:20.405 2005 3255 V Avrcp_ext: updatePlaybackState (1): old=PlaybackState {state=2, position=4302, buffered position=0, speed=1.0, updated=406867, actions=516, custom actions=[], active item id=-1, error=null}(2), new=PlaybackState {state=2, position=4302, buffered position=0, speed=1.0, updated=406867, actions=516, custom actions=[], active item id=-1, error=null}(2)
03-14 03:57:20.405 2005 3255 I Avrcp_ext: Exit updatePlayStatusForDevice
03-14 03:57:20.405 2005 3255 D HeadsetService: isAudioOn: The number of audio connected devices 0
03-14 03:57:20.405 2005 3255 D HeadsetService: isScoOrCallActive(): Call Active:falseCall is Ringing:falseSCO is Active:false
03-14 03:57:20.405 2005 3255 D HeadsetService: isAudioOn: The number of audio connected devices 0
03-14 03:57:20.405 2005 3255 I Avrcp_ext: updatePlayStatusForDevice: device: null
03-14 03:57:20.405 2005 3255 V Avrcp_ext: updatePlaybackState (1): old=PlaybackState {state=2, position=4302, buffered position=0, speed=1.0, updated=406867, actions=516, custom actions=[], active item id=-1, error=null}(2), new=PlaybackState {state=2, position=4302, buffered position=0, speed=1.0, updated=406867, actions=516, custom actions=[], active item id=-1, error=null}(2)
03-14 03:57:20.405 2005 3255 I Avrcp_ext: Exit updatePlayStatusForDevice
03-14 03:57:20.405 2005 3255 D Avrcp_ext: Enter sendPlayPosNotificationRsp
03-14 03:57:20.405 2005 3255 D Avrcp_ext: sendPlayPosNotificationRsp: Not registered or requesting.
03-14 03:57:20.405 2005 3255 D Avrcp_ext: Enter sendPlayPosNotificationRsp
03-14 03:57:20.405 2005 3255 D Avrcp_ext: sendPlayPosNotificationRsp: Not registered or requesting.
03-14 03:57:20.405 2005 3255 D Avrcp_ext: Enter sendPlayPosNotificationRsp
03-14 03:57:20.405 2005 3255 D Avrcp_ext: sendPlayPosNotificationRsp: Not registered or requesting.
03-14 03:57:20.405 2005 3255 D Avrcp_ext: Enter sendPlayPosNotificationRsp
03-14 03:57:20.405 2005 3255 D Avrcp_ext: sendPlayPosNotificationRsp: Not registered or requesting.
03-14 03:57:20.405 2005 3255 D Avrcp_ext: Enter sendPlayPosNotificationRsp
03-14 03:57:20.405 2005 3255 D Avrcp_ext: sendPlayPosNotificationRsp: Not registered or requesting.
03-14 03:57:20.405 2005 3255 V Avrcp_ext: Exit updatePlayerStateAndPosition
03-14 03:57:20.405 2005 3255 V Avrcp_ext: Exit onPlaybackStateChanged
03-14 03:57:20.405 8885 8885 D android.widget.GridLayout: horizontal constraints: x2-x0>=72, x2-x1<=0, x1-x0<=0 are inconsistent; permanently removing: x2-x1<=0.
03-14 03:57:20.405 8885 8885 D android.widget.GridLayout: vertical constraints: y2-y0>=72, y2-y1<=0, y1-y0<=0 are inconsistent; permanently removing: y2-y1<=0.
03-14 03:57:20.409 1009 1585 W WindowManager: updateScale : 0.45565748
03-14 03:57:20.421 1009 1009 I GameModeConfig: isGameModeOn = false
03-14 03:57:20.424 1009 1009 I GameModeConfig: isGameModeOn = false
03-14 03:57:20.430 2029 2029 D InterruptionStateProvider: No alerting: filtered notification: 0|com.android.music|1|null|10086
03-14 03:57:20.431 2029 2029 D InterruptionStateProvider: No alerting: filtered notification: 0|com.android.music|1|null|10086
03-14 03:57:20.446 2029 2428 D PeopleSpaceWidgetMgr: Sbn doesn't contain valid PeopleTileKey: null/0/com.android.music
03-14 03:57:20.457 2029 2029 D InterruptionStateProvider: No alerting: filtered notification: 0|com.android.music|1|null|10086
03-14 03:57:20.457 646 657 I mpu_uart: [MSG-P:R]:recv sync frame timeout
03-14 03:57:20.457 2029 2029 D InterruptionStateProvider: No alerting: filtered notification: 0|com.android.music|1|null|10086
03-14 03:57:20.462 2029 2428 D PeopleSpaceWidgetMgr: Sbn doesn't contain valid PeopleTileKey: null/0/com.android.music
03-14 03:57:20.462 2029 2029 D NotificationMediaManager: onMediaDataLoaded Notification Key : 0|com.android.music|1|null|10086
03-14 03:57:20.464 2029 2029 W ConstraintSet: id unknown center_vertical_guideline
03-14 03:57:20.464 2029 2029 W ConstraintSet: id unknown center_horizontal_guideline
03-14 03:57:20.464 2029 2029 W ConstraintSet: id unknown media_action_barrier
03-14 03:57:20.464 2029 2029 W ConstraintSet: id unknown remove_text
03-14 03:57:20.464 2029 2029 W ConstraintSet: id unknown settings
03-14 03:57:20.464 2029 2029 W ConstraintSet: id unknown cancel
03-14 03:57:20.464 2029 2029 W ConstraintSet: id unknown dismiss
03-14 03:57:20.476 2029 2029 D NotificationMediaManager: onMediaDataLoaded Notification Key : 0|com.android.music|1|null|10086
03-14 03:57:20.478 2029 2029 W ConstraintSet: id unknown center_vertical_guideline
03-14 03:57:20.478 2029 2029 W ConstraintSet: id unknown center_horizontal_guideline
03-14 03:57:20.478 2029 2029 W ConstraintSet: id unknown media_action_barrier
03-14 03:57:20.478 2029 2029 W ConstraintSet: id unknown remove_text
03-14 03:57:20.478 2029 2029 W ConstraintSet: id unknown settings
03-14 03:57:20.478 2029 2029 W ConstraintSet: id unknown cancel
03-14 03:57:20.478 2029 2029 W ConstraintSet: id unknown dismiss
03-14 03:57:20.496 2029 2029 V NotificationMediaManager: DEBUG_MEDIA: found controller matching 0|com.android.music|1|null|10086
03-14 03:57:20.496 2029 2029 V NotificationMediaManager: DEBUG_MEDIA: updating album art for notification 0|com.android.music|1|null|10086 metadata=android.media.MediaMetadata@bd49e807 metaDataChanged=false state=0
03-14 03:57:20.497 2029 2029 V NotificationMediaManager: DEBUG_MEDIA: found controller matching 0|com.android.music|1|null|10086
03-14 03:57:20.497 2029 2029 V NotificationMediaManager: DEBUG_MEDIA: updating album art for notification 0|com.android.music|1|null|10086 metadata=android.media.MediaMetadata@bd49e807 metaDataChanged=false state=0
03-14 03:57:20.597 1009 1009 I GameModeConfig: isGameModeOn = false
03-14 03:57:20.600 1009 1009 I GameModeConfig: isGameModeOn = false
03-14 03:57:20.611 6881 7014 W kcp_info: HCDN_LOG: [T:7014]Update: udp kcp size[0], timeout kcp size[0]
03-14 03:57:20.611 2029 2029 D InterruptionStateProvider: No alerting: filtered notification: 0|com.android.music|1|null|10086
03-14 03:57:20.612 2029 2029 D InterruptionStateProvider: No alerting: filtered notification: 0|com.android.music|1|null|10086
03-14 03:57:20.626 2029 2428 D PeopleSpaceWidgetMgr: Sbn doesn't contain valid PeopleTileKey: null/0/com.android.music
03-14 03:57:20.638 2029 2029 D InterruptionStateProvider: No alerting: filtered notification: 0|com.android.music|1|null|10086
03-14 03:57:20.638 2029 2029 D InterruptionStateProvider: No alerting: filtered notification: 0|com.android.music|1|null|10086
03-14 03:57:20.647 2029 2428 D PeopleSpaceWidgetMgr: Sbn doesn't contain valid PeopleTileKey: null/0/com.android.music
03-14 03:57:20.647 2029 2029 D NotificationMediaManager: onMediaDataLoaded Notification Key : 0|com.android.music|1|null|10086
03-14 03:57:20.650 2029 2029 W ConstraintSet: id unknown center_vertical_guideline
03-14 03:57:20.650 2029 2029 W ConstraintSet: id unknown center_horizontal_guideline
03-14 03:57:20.650 2029 2029 W ConstraintSet: id unknown media_action_barrier
03-14 03:57:20.650 2029 2029 W ConstraintSet: id unknown remove_text
03-14 03:57:20.650 2029 2029 W ConstraintSet: id unknown settings
03-14 03:57:20.650 2029 2029 W ConstraintSet: id unknown cancel
03-14 03:57:20.650 2029 2029 W ConstraintSet: id unknown dismiss
03-14 03:57:20.661 2029 2029 D NotificationMediaManager: onMediaDataLoaded Notification Key : 0|com.android.music|1|null|10086
03-14 03:57:20.662 2029 2029 W ConstraintSet: id unknown center_vertical_guideline
03-14 03:57:20.662 2029 2029 W ConstraintSet: id unknown center_horizontal_guideline
03-14 03:57:20.662 2029 2029 W ConstraintSet: id unknown media_action_barrier
03-14 03:57:20.662 2029 2029 W ConstraintSet: id unknown remove_text
03-14 03:57:20.662 2029 2029 W ConstraintSet: id unknown settings
03-14 03:57:20.662 2029 2029 W ConstraintSet: id unknown cancel
03-14 03:57:20.662 2029 2029 W ConstraintSet: id unknown dismiss
03-14 03:57:20.679 2029 2029 V NotificationMediaManager: DEBUG_MEDIA: found controller matching 0|com.android.music|1|null|10086
03-14 03:57:20.679 2029 2029 V NotificationMediaManager: DEBUG_MEDIA: updating album art for notification 0|com.android.music|1|null|10086 metadata=android.media.MediaMetadata@bd49e807 metaDataChanged=false state=0
03-14 03:57:20.680 2029 2029 V NotificationMediaManager: DEBUG_MEDIA: found controller matching 0|com.android.music|1|null|10086
03-14 03:57:20.680 2029 2029 V NotificationMediaManager: DEBUG_MEDIA: updating album art for notification 0|com.android.music|1|null|10086 metadata=android.media.MediaMetadata@bd49e807 metaDataChanged=false state=0
03-14 03:57:20.799 5866 6748 W kcp_info: HCDN_LOG: [T:6748]Update: udp kcp size[0], timeout kcp size[0]
03-14 03:57:21.148 8885 8885 D DecorView: onTouchEvent: action0
03-14 03:57:21.148 8885 8885 D DecorView: onTouchEvent: interval2918
03-14 03:57:21.157 8885 8885 D DecorView: onTouchEvent: action2
03-14 03:57:21.191 8885 8885 D DecorView: onTouchEvent: action2
03-14 03:57:21.199 8885 8885 I view_enqueue_input_event: [Motion - Cancel,com.android.music/com.android.music.MusicBrowserActivity]
03-14 03:57:21.199 8885 8885 D DecorView: onTouchEvent: action3
03-14 03:57:21.200 1009 1587 I input_interaction: Interaction with: WindowManager (server), edge-swipe (server), swipe-up (server), PointerEventDispatcher0 (server),
03-14 03:57:21.213 1009 1184 I ActivityTaskManager: clear resize flag in freeform mode
03-14 03:57:21.214 1009 1184 W WindowManager: updateScale : 0.45565748
03-14 03:57:21.227 646 658 I mpu_uart: [MSG-P:RECV]:No message received in 1000 ms
03-14 03:57:21.230 1009 1184 I ActivityTaskManager: clear resize flag in freeform mode
03-14 03:57:21.230 1009 1184 W WindowManager: updateScale : 0.45565748
03-14 03:57:21.246 1009 1184 I ActivityTaskManager: clear resize flag in freeform mode
03-14 03:57:21.247 1009 1184 W WindowManager: updateScale : 0.45565748
03-14 03:57:21.263 1009 1184 I ActivityTaskManager: clear resize flag in freeform mode
03-14 03:57:21.264 1009 1184 W WindowManager: updateScale : 0.45565748
03-14 03:57:21.276 1009 2156 W WindowManager: updateScale : 0.45565748
03-14 03:57:21.280 1009 1184 I ActivityTaskManager: clear resize flag in freeform mode
03-14 03:57:21.280 1009 1184 W WindowManager: updateScale : 0.45565748
03-14 03:57:21.292 1009 2156 W WindowManager: updateScale : 0.45565748
03-14 03:57:21.296 1009 1184 I ActivityTaskManager: clear resize flag in freeform mode
03-14 03:57:21.297 1009 1184 W WindowManager: updateScale : 0.45565748
01-01 08:06:50.007 0 0 E DTC_ETH,link_delay_work_func: 3003, SQI=0, link=0
03-14 03:57:21.312 1009 2156 W WindowManager: updateScale : 0.45565748
03-14 03:57:21.314 1009 1184 I ActivityTaskManager: clear resize flag in freeform mode
03-14 03:57:21.314 1009 1184 W WindowManager: updateScale : 0.45565748
03-14 03:57:21.325 1009 2156 W WindowManager: updateScale : 0.45565748
03-14 03:57:21.330 1009 1184 I ActivityTaskManager: clear resize flag in freeform mode
03-14 03:57:21.330 1009 1184 W WindowManager: updateScale : 0.45565748
03-14 03:57:21.342 1009 2195 W WindowManager: updateScale : 0.45565748
03-14 03:57:21.359 1009 2195 W WindowManager: updateScale : 0.45565748
03-14 03:57:21.378 1009 1184 D WindowManager: updateWindowDragBounds: mIsSwipeYtrue
03-14 03:57:21.378 1009 1184 D WindowManager: updateWindowDragBounds: mIsTopfalse
03-14 03:57:21.382 1009 1184 W InputManager-JNI: Input channel object 'WindowManager (client)' was disposed without first being removed with the input manager!
03-14 03:57:21.399 1009 1185 I ActivityTaskManager: clear resize flag in freeform mode
03-14 03:57:21.399 1009 1185 W WindowManager: updateScale : 0.45565748
03-14 03:57:21.409 1009 2195 W WindowManager: updateScale : 0.45565748
03-14 03:57:21.414 1009 1185 I ActivityTaskManager: clear resize flag in freeform mode
03-14 03:57:21.415 1009 1185 W WindowManager: updateScale : 0.45565748
03-14 03:57:21.430 1009 1185 I ActivityTaskManager: clear resize flag in freeform mode
03-14 03:57:21.431 1009 1185 W WindowManager: updateScale : 0.45565748
03-14 03:57:21.447 1009 1185 I ActivityTaskManager: clear resize flag in freeform mode
03-14 03:57:21.447 1009 1185 W WindowManager: updateScale : 0.45565748
03-14 03:57:21.464 1009 1185 I ActivityTaskManager: clear resize flag in freeform mode
03-14 03:57:21.464 1009 1185 W WindowManager: updateScale : 0.45565748
03-14 03:57:21.480 1009 1185 I ActivityTaskManager: clear resize flag in freeform mode
03-14 03:57:21.481 1009 1185 W WindowManager: updateScale : 0.45565748
03-14 03:57:21.481 1009 1185 W WindowManager: updateScale : 0.45565748
03-14 03:57:21.493 1009 2195 W WindowManager: updateScale : 0.45565748
03-14 03:57:21.498 1009 1185 I ActivityTaskManager: clear resize flag in freeform mode
03-14 03:57:21.498 1009 1185 W WindowManager: updateScale : 0.45565748
03-14 03:57:21.509 1009 2195 W WindowManager: updateScale : 0.45565748
03-14 03:57:21.515 1009 1185 I ActivityTaskManager: clear resize flag in freeform mode
03-14 03:57:21.516 1009 1185 W WindowManager: updateScale : 0.45565748
03-14 03:57:21.526 1009 2195 W WindowManager: updateScale : 0.45565748
03-14 03:57:21.530 6881 7019 W multisource: HCDN_LOG: [T:7019]UpdateMaxSpeed TOTAL => play speed:0[len:0, tm:0], offline speed:0[len:0, tm:0], predeploy speed:0[len:0, tm:0], m_maxDownloadSpeed:0
03-14 03:57:21.531 1009 1185 I ActivityTaskManager: clear resize flag in freeform mode
03-14 03:57:21.532 1009 1185 W WindowManager: updateScale : 0.45565748
03-14 03:57:21.542 1009 2195 W WindowManager: updateScale : 0.45565748
03-14 03:57:21.548 1009 1185 I ActivityTaskManager: clear resize flag in freeform mode
03-14 03:57:21.548 1009 1185 W WindowManager: updateScale : 0.45565748
03-14 03:57:21.559 1009 2195 W WindowManager: updateScale : 0.45565748
03-14 03:57:21.565 1009 1185 I ActivityTaskManager: clear resize flag in freeform mode
03-14 03:57:21.565 1009 1185 W WindowManager: updateScale : 0.45565748
03-14 03:57:21.576 1009 2195 W WindowManager: updateScale : 0.45565748
03-14 03:57:21.581 1009 1185 I ActivityTaskManager: clear resize flag in freeform mode
03-14 03:57:21.582 1009 1185 W WindowManager: updateScale : 0.45565748
03-14 03:57:21.592 1009 2195 W WindowManager: updateScale : 0.45565748
03-14 03:57:21.598 1009 1185 I ActivityTaskManager: clear resize flag in freeform mode
03-14 03:57:21.599 1009 1185 W WindowManager: updateScale : 0.45565748
03-14 03:57:21.609 1009 2195 W WindowManager: updateScale : 0.45565748
03-14 03:57:21.615 6881 7014 W kcp_info: HCDN_LOG: [T:7014]Update: udp kcp size[0], timeout kcp size[0]
03-14 03:57:21.615 1009 1185 I ActivityTaskManager: clear resize flag in freeform mode
03-14 03:57:21.616 1009 1185 W WindowManager: updateScale : 0.45565748
03-14 03:57:21.626 1009 2195 W WindowManager: updateScale : 0.45565748
03-14 03:57:21.631 1009 1185 I ActivityTaskManager: clear resize flag in freeform mode
03-14 03:57:21.632 1009 1185 W WindowManager: updateScale : 0.45565748
03-14 03:57:21.643 1009 2195 W WindowManager: updateScale : 0.45565748
03-14 03:57:21.660 1009 2195 W WindowManager: updateScale : 0.45565748
03-14 03:57:21.665 1009 1185 I ActivityTaskManager: clear resize flag in freeform mode
03-14 03:57:21.666 1009 1185 W WindowManager: updateScale : 0.45565748
03-14 03:57:21.677 1009 2195 W WindowManager: updateScale : 0.45565748
03-14 03:57:21.839 5866 6748 W kcp_info: HCDN_LOG: [T:6748]Update: udp kcp size[0], timeout kcp size[0]
03-14 03:57:22.019 1009 1587 I input_interaction: Interaction with: fb7cf4c com.android.music/com.android.music.MusicBrowserActivity (server), edge-swipe (server), swipe-up (server), PointerEventDispatcher0 (server),
03-14 03:57:22.020 8885 8885 D DecorView: onTouchEvent: action0
03-14 03:57:22.020 8885 8885 D DecorView: onTouchEvent: interval872
03-14 03:57:22.030 8885 8885 D DecorView: onTouchEvent: action2
03-14 03:57:22.060 8885 8885 D DecorView: onTouchEvent: action2
03-14 03:57:22.099 8885 8885 D DecorView: onTouchEvent: action1
03-14 03:57:22.099 8885 8885 D DecorView: onTouchEvent: ACTION_UPfalse
03-14 03:57:22.228 646 658 I mpu_uart: [MSG-P:RECV]:No message received in 1000 ms
03-14 03:57:22.350 8885 8885 D DecorView: onTouchEvent mIsDoubleCLick:false
03-14 03:57:22.350 8885 8885 D DecorView: onTouchEvent: onConfigurationMiniChanged
03-14 03:57:22.384 1009 1185 I ActivityTaskManager: clear resize flag in freeform mode
03-14 03:57:22.385 1009 1185 W WindowManager: updateScale : 0.5214067
03-14 03:57:22.388 1009 2156 W ActivityManager: Receiver with filter android.content.IntentFilter@4a62987 already registered for pid 8885, callerPackage is com.android.music
03-14 03:57:22.403 1009 1185 I ActivityTaskManager: clear resize flag in freeform mode
03-14 03:57:22.404 1009 1185 W WindowManager: updateScale : 0.5764526
03-14 03:57:22.417 1009 1185 I ActivityTaskManager: clear resize flag in freeform mode
03-14 03:57:22.420 1009 1185 W WindowManager: updateScale : 0.62079513
03-14 03:57:22.434 1009 1185 I ActivityTaskManager: clear resize flag in freeform mode
03-14 03:57:22.435 8885 9143 D skia : --- Failed to create image decoder with message 'unimplemented'
03-14 03:57:22.435 1009 1185 W WindowManager: updateScale : 0.6590214
03-14 03:57:22.450 1009 3052 W WindowManager: updateScale : 0.68960243
03-14 03:57:22.452 1009 1185 I ActivityTaskManager: clear resize flag in freeform mode
03-14 03:57:22.453 1009 1185 W WindowManager: updateScale : 0.68960243
03-14 03:57:22.458 1009 3052 W ActivityManager: Receiver with filter android.content.IntentFilter@a0ffee4 already registered for pid 8885, callerPackage is com.android.music
03-14 03:57:22.459 1009 1698 I GameModeConfig: isGameModeOn = false
03-14 03:57:22.459 1009 1698 I GameModeConfig: isGameModeOn = false
03-14 03:57:22.460 1009 1698 I GameModeConfig: isGameModeOn = false
03-14 03:57:22.460 1009 1698 I GameModeConfig: isGameModeOn = false
03-14 03:57:22.466 1009 1185 I ActivityTaskManager: clear resize flag in freeform mode
03-14 03:57:22.466 1009 1185 W WindowManager: updateScale : 0.7140673
03-14 03:57:22.471 2005 3255 V Avrcp_ext: onMetadataChanged
03-14 03:57:22.472 2005 3255 V Avrcp_ext: updateCurrentMediaState: mMediaController: MediaController (com.android.music@c77ec15) null, null, null
03-14 03:57:22.472 2005 3255 W Avrcp_ext: isMusicActive: true getBluetoothPlayState: 2 A2dp State: 11 mAudioPlaybackIsActive: false
03-14 03:57:22.473 2005 3255 D Avrcp_ext: isMusicActive = true mAudioPlaybackIsActive = false player state = PlaybackState {state=2, position=4302, buffered position=0, speed=1.0, updated=408944, actions=516, custom actions=[], active item id=-1, error=null}
03-14 03:57:22.473 2029 2029 V NotificationMediaManager: DEBUG_MEDIA: onMetadataChanged: android.media.MediaMetadata@bd49e807
03-14 03:57:22.473 2029 2029 V NotificationMediaManager: DEBUG_MEDIA: updating album art for notification 0|com.android.music|1|null|10086 metadata=android.media.MediaMetadata@bd49e807 metaDataChanged=true state=0
03-14 03:57:22.474 2005 3255 D Avrcp_ext: overwrite album_artist :if album is blank
03-14 03:57:22.474 2029 2029 V NotificationMediaManager: DEBUG_MEDIA: onPlaybackStateChanged: PlaybackState {state=2, position=4302, buffered position=0, speed=1.0, updated=408944, actions=516, custom actions=[], active item id=-1, error=null}
