01-01 08:00:31.493 0 0 E kona-asoc-snd soc: qcom,msm-audio-apr:qcom,q6core-audio:sound: ASoC: Failed to add route ADC2_OUTPUT -> direct -> TX SWR_ADC1
01-01 08:00:31.493 0 0 E kona-asoc-snd soc: qcom,msm-audio-apr:qcom,q6core-audio:sound: ASoC: no source widget found for ADC3_OUTPUT
01-01 08:00:31.493 0 0 E kona-asoc-snd soc: qcom,msm-audio-apr:qcom,q6core-audio:sound: ASoC: Failed to add route ADC3_OUTPUT -> direct -> TX SWR_ADC2
01-01 08:00:31.493 0 0 E kona-asoc-snd soc: qcom,msm-audio-apr:qcom,q6core-audio:sound: ASoC: no source widget found for ADC4_OUTPUT
01-01 08:00:31.493 0 0 E kona-asoc-snd soc: qcom,msm-audio-apr:qcom,q6core-audio:sound: ASoC: Failed to add route ADC4_OUTPUT -> direct -> TX SWR_ADC3
01-01 08:00:31.493 0 0 E kona-asoc-snd soc: qcom,msm-audio-apr:qcom,q6core-audio:sound: ASoC: no source widget found for DMIC1_OUTPUT
01-01 08:00:31.493 0 0 E kona-asoc-snd soc: qcom,msm-audio-apr:qcom,q6core-audio:sound: ASoC: Failed to add route DMIC1_OUTPUT -> direct -> TX SWR_DMIC0
01-01 08:00:31.493 0 0 E kona-asoc-snd soc: qcom,msm-audio-apr:qcom,q6core-audio:sound: ASoC: no source widget found for DMIC2_OUTPUT
01-01 08:00:31.493 0 0 E kona-asoc-snd soc: qcom,msm-audio-apr:qcom,q6core-audio:sound: ASoC: Failed to add route DMIC2_OUTPUT -> direct -> TX SWR_DMIC1
01-01 08:00:31.493 0 0 E kona-asoc-snd soc: qcom,msm-audio-apr:qcom,q6core-audio:sound: ASoC: no source widget found for DMIC3_OUTPUT
01-01 08:00:31.493 0 0 E kona-asoc-snd soc: qcom,msm-audio-apr:qcom,q6core-audio:sound: ASoC: Failed to add route DMIC3_OUTPUT -> direct -> TX SWR_DMIC2
01-01 08:00:31.493 0 0 E kona-asoc-snd soc: qcom,msm-audio-apr:qcom,q6core-audio:sound: ASoC: no source widget found for DMIC4_OUTPUT
01-01 08:00:31.493 0 0 E kona-asoc-snd soc: qcom,msm-audio-apr:qcom,q6core-audio:sound: ASoC: Failed to add route DMIC4_OUTPUT -> direct -> TX SWR_DMIC3
01-01 08:00:31.493 0 0 E kona-asoc-snd soc: qcom,msm-audio-apr:qcom,q6core-audio:sound: ASoC: no source widget found for DMIC5_OUTPUT
01-01 08:00:31.493 0 0 E kona-asoc-snd soc: qcom,msm-audio-apr:qcom,q6core-audio:sound: ASoC: Failed to add route DMIC5_OUTPUT -> direct -> TX SWR_DMIC4
01-01 08:00:31.494 0 0 E kona-asoc-snd soc: qcom,msm-audio-apr:qcom,q6core-audio:sound: ASoC: no source widget found for DMIC6_OUTPUT
01-01 08:00:31.495 0 0 I init : starting service 'wfdvndservice'...
01-01 08:00:31.433 1351 1351 I auditd : type=1400 audit(0.0:414): avc: denied { read write } for comm="imsqmidaemon" name="diag" dev="tmpfs" ino=2176 scontext=u:r:vendor_ims:s0 tcontext=u:object_r:vendor_diag_device:s0 tclass=chr_file permissive=1
01-01 08:00:31.503 0 0 I init : starting service 'media.swcodec'...
01-01 08:00:31.505 0 0 I init : Command 'class_start main' action=nonencrypted (/system/etc/init/hw/init.rc:1118) took 118ms and succeeded
01-01 08:00:31.433 1351 1351 I auditd : type=1400 audit(0.0:415): avc: denied { open } for comm="imsqmidaemon" path="/dev/diag" dev="tmpfs" ino=2176 scontext=u:r:vendor_ims:s0 tcontext=u:object_r:vendor_diag_device:s0 tclass=chr_file permissive=1
01-01 08:00:31.465 1355 1355 I auditd : type=1400 audit(0.0:416): avc: denied { read write } for comm="ipacm-diag" name="diag" dev="tmpfs" ino=2176 scontext=u:r:hal_tetheroffload_default:s0 tcontext=u:object_r:vendor_diag_device:s0 tclass=chr_file permissive=1
01-01 08:00:31.465 1355 1355 I auditd : type=1400 audit(0.0:417): avc: denied { open } for comm="ipacm-diag" path="/dev/diag" dev="tmpfs" ino=2176 scontext=u:r:hal_tetheroffload_default:s0 tcontext=u:object_r:vendor_diag_device:s0 tclass=chr_file permissive=1
01-01 08:00:31.507 0 0 I binder : 1343:1343 ioctl 40046210 7fee8b0974 returned -22
01-01 08:00:31.510 0 0 I lan743x 0001: 01:00.0 eth0: using MSIX interrupts, number of vectors = 6
01-01 08:00:31.511 0 0 I binder : 1344:1344 ioctl 40046210 7ff4423334 returned -22
01-01 08:00:31.514 0 0 I logd : logdr: UID=1000 GID=1000 PID=1342 b tail=0 logMask=9f pid=0 start=0ns deadline=0ns
01-01 08:00:31.518 0 0 I binder : 1342:1378 ioctl 40046210 7c6b9fb144 returned -22
01-01 08:00:31.518 0 0 I binder : 1341:1341 ioctl 40046210 7fd3a4f934 returned -22
01-01 08:00:31.519 0 0 E kona-asoc-snd soc: qcom,msm-audio-apr:qcom,q6core-audio:sound: ASoC: Failed to add route DMIC6_OUTPUT -> direct -> TX SWR_DMIC5
01-01 08:00:31.519 0 0 E kona-asoc-snd soc: qcom,msm-audio-apr:qcom,q6core-audio:sound: ASoC: no source widget found for DMIC7_OUTPUT
01-01 08:00:31.519 0 0 E kona-asoc-snd soc: qcom,msm-audio-apr:qcom,q6core-audio:sound: ASoC: Failed to add route DMIC7_OUTPUT -> direct -> TX SWR_DMIC6
01-01 08:00:31.519 0 0 E kona-asoc-snd soc: qcom,msm-audio-apr:qcom,q6core-audio:sound: ASoC: no source widget found for DMIC8_OUTPUT
01-01 08:00:31.519 0 0 E kona-asoc-snd soc: qcom,msm-audio-apr:qcom,q6core-audio:sound: ASoC: Failed to add route DMIC8_OUTPUT -> direct -> TX SWR_DMIC7
01-01 08:00:31.519 0 0 E kona-asoc-snd soc: qcom,msm-audio-apr:qcom,q6core-audio:sound: ASoC: no sink widget found for SpkrLeft IN
01-01 08:00:31.519 0 0 E kona-asoc-snd soc: qcom,msm-audio-apr:qcom,q6core-audio:sound: ASoC: Failed to add route WSA_SPK1 OUT -> direct -> SpkrLeft IN
01-01 08:00:31.519 0 0 E kona-asoc-snd soc: qcom,msm-audio-apr:qcom,q6core-audio:sound: ASoC: no sink widget found for SpkrRight IN
01-01 08:00:31.519 0 0 E kona-asoc-snd soc: qcom,msm-audio-apr:qcom,q6core-audio:sound: ASoC: Failed to add route WSA_SPK2 OUT -> direct -> SpkrRight IN
01-01 08:00:31.519 0 0 E kona-asoc-snd soc: qcom,msm-audio-apr:qcom,q6core-audio:sound: ASoC: no sink widget found for VA MIC BIAS3
01-01 08:00:31.519 0 0 E kona-asoc-snd soc: qcom,msm-audio-apr:qcom,q6core-audio:sound: ASoC: Failed to add route Digital Mic0 -> direct -> VA MIC BIAS3
01-01 08:00:31.519 0 0 E kona-asoc-snd soc: qcom,msm-audio-apr:qcom,q6core-audio:sound: ASoC: no sink widget found for VA MIC BIAS3
01-01 08:00:31.519 0 0 E kona-asoc-snd soc: qcom,msm-audio-apr:qcom,q6core-audio:sound: ASoC: Failed to add route Digital Mic1 -> direct -> VA MIC BIAS3
01-01 08:00:31.519 0 0 E kona-asoc-snd soc: qcom,msm-audio-apr:qcom,q6core-audio:sound: ASoC: no sink widget found for VA MIC BIAS4
01-01 08:00:31.519 0 0 E kona-asoc-snd soc: qcom,msm-audio-apr:qcom,q6core-audio:sound: ASoC: Failed to add route Digital Mic4 -> direct -> VA MIC BIAS4
01-01 08:00:31.519 0 0 E kona-asoc-snd soc: qcom,msm-audio-apr:qcom,q6core-audio:sound: ASoC: no sink widget found for VA MIC BIAS4
01-01 08:00:31.519 0 0 E kona-asoc-snd soc: qcom,msm-audio-apr:qcom,q6core-audio:sound: ASoC: Failed to add route Digital Mic5 -> direct -> VA MIC BIAS4
01-01 08:00:31.519 0 0 E kona-asoc-snd soc: qcom,msm-audio-apr:qcom,q6core-audio:sound: ASoC: no source widget found for VA MIC BIAS3
01-01 08:00:31.519 0 0 E kona-asoc-snd soc: qcom,msm-audio-apr:qcom,q6core-audio:sound: ASoC: Failed to add route VA MIC BIAS3 -> direct -> VA DMIC0
01-01 08:00:31.519 0 0 E kona-asoc-snd soc: qcom,msm-audio-apr:qcom,q6core-audio:sound: ASoC: no source widget found for VA MIC BIAS3
01-01 08:00:31.519 0 0 E kona-asoc-snd soc: qcom,msm-audio-apr:qcom,q6core-audio:sound: ASoC: Failed to add route VA MIC BIAS3 -> direct -> VA DMIC1
01-01 08:00:31.519 0 0 E kona-asoc-snd soc: qcom,msm-audio-apr:qcom,q6core-audio:sound: ASoC: no source widget found for VA MIC BIAS4
01-01 08:00:31.519 0 0 E kona-asoc-snd soc: qcom,msm-audio-apr:qcom,q6core-audio:sound: ASoC: Failed to add route VA MIC BIAS4 -> direct -> VA DMIC4
01-01 08:00:31.519 0 0 E kona-asoc-snd soc: qcom,msm-audio-apr:qcom,q6core-audio:sound: ASoC: no source widget found for VA MIC BIAS4
01-01 08:00:31.519 0 0 E kona-asoc-snd soc: qcom,msm-audio-apr:qcom,q6core-audio:sound: ASoC: Failed to add route VA MIC BIAS4 -> direct -> VA DMIC5
01-01 08:00:31.519 0 0 E kona-asoc-snd soc: qcom,msm-audio-apr:qcom,q6core-audio:sound: ASoC: no source widget found for ADC1_OUTPUT
01-01 08:00:31.519 0 0 E kona-asoc-snd soc: qcom,msm-audio-apr:qcom,q6core-audio:sound: ASoC: Failed to add route ADC1_OUTPUT -> direct -> VA SWR_ADC0
01-01 08:00:31.519 0 0 E kona-asoc-snd soc: qcom,msm-audio-apr:qcom,q6core-audio:sound: ASoC: no source widget found for ADC2_OUTPUT
01-01 08:00:31.519 0 0 E kona-asoc-snd soc: qcom,msm-audio-apr:qcom,q6core-audio:sound: ASoC: Failed to add route ADC2_OUTPUT -> direct -> VA SWR_ADC1
01-01 08:00:31.519 0 0 E kona-asoc-snd soc: qcom,msm-audio-apr:qcom,q6core-audio:sound: ASoC: no source widget found for ADC3_OUTPUT
01-01 08:00:31.519 0 0 E kona-asoc-snd soc: qcom,msm-audio-apr:qcom,q6core-audio:sound: ASoC: Failed to add route ADC3_OUTPUT -> direct -> VA SWR_ADC2
01-01 08:00:31.519 0 0 E kona-asoc-snd soc: qcom,msm-audio-apr:qcom,q6core-audio:sound: ASoC: no source widget found for ADC4_OUTPUT
01-01 08:00:31.519 0 0 E kona-asoc-snd soc: qcom,msm-audio-apr:qcom,q6core-audio:sound: ASoC: Failed to add route ADC4_OUTPUT -> direct -> VA SWR_ADC3
01-01 08:00:31.519 0 0 E kona-asoc-snd soc: qcom,msm-audio-apr:qcom,q6core-audio:sound: ASoC: no source widget found for DMIC1_OUTPUT
01-01 08:00:31.519 0 0 E kona-asoc-snd soc: qcom,msm-audio-apr:qcom,q6core-audio:sound: ASoC: Failed to add route DMIC1_OUTPUT -> direct -> VA SWR_MIC0
01-01 08:00:31.519 0 0 E kona-asoc-snd soc: qcom,msm-audio-apr:qcom,q6core-audio:sound: ASoC: no source widget found for DMIC2_OUTPUT
01-01 08:00:31.519 0 0 E kona-asoc-snd soc: qcom,msm-audio-apr:qcom,q6core-audio:sound: ASoC: Failed to add route DMIC2_OUTPUT -> direct -> VA SWR_MIC1
01-01 08:00:31.519 0 0 E kona-asoc-snd soc: qcom,msm-audio-apr:qcom,q6core-audio:sound: ASoC: no source widget found for DMIC3_OUTPUT
01-01 08:00:31.519 0 0 E kona-asoc-snd soc: qcom,msm-audio-apr:qcom,q6core-audio:sound: ASoC: Failed to add route DMIC3_OUTPUT -> direct -> VA SWR_MIC2
01-01 08:00:31.519 0 0 E kona-asoc-snd soc: qcom,msm-audio-apr:qcom,q6core-audio:sound: ASoC: no source widget found for DMIC4_OUTPUT
01-01 08:00:31.519 0 0 E kona-asoc-snd soc: qcom,msm-audio-apr:qcom,q6core-audio:sound: ASoC: Failed to add route DMIC4_OUTPUT -> direct -> VA SWR_MIC3
01-01 08:00:31.519 0 0 E kona-asoc-snd soc: qcom,msm-audio-apr:qcom,q6core-audio:sound: ASoC: no source widget found for DMIC5_OUTPUT
01-01 08:00:31.519 0 0 E kona-asoc-snd soc: qcom,msm-audio-apr:qcom,q6core-audio:sound: ASoC: Failed to add route DMIC5_OUTPUT -> direct -> VA SWR_MIC4
01-01 08:00:31.519 0 0 E kona-asoc-snd soc: qcom,msm-audio-apr:qcom,q6core-audio:sound: ASoC: no source widget found for DMIC6_OUTPUT
01-01 08:00:31.519 0 0 E kona-asoc-snd soc: qcom,msm-audio-apr:qcom,q6core-audio:sound: ASoC: Failed to add route DMIC6_OUTPUT -> direct -> VA SWR_MIC5
01-01 08:00:31.519 0 0 E kona-asoc-snd soc: qcom,msm-audio-apr:qcom,q6core-audio:sound: ASoC: no source widget found for DMIC7_OUTPUT
01-01 08:00:31.519 0 0 E kona-asoc-snd soc: qcom,msm-audio-apr:qcom,q6core-audio:sound: ASoC: Failed to add route DMIC7_OUTPUT -> direct -> VA SWR_MIC6
01-01 08:00:31.520 0 0 E kona-asoc-snd soc: qcom,msm-audio-apr:qcom,q6core-audio:sound: ASoC: no source widget found for DMIC8_OUTPUT
01-01 08:00:31.520 0 0 E kona-asoc-snd soc: qcom,msm-audio-apr:qcom,q6core-audio:sound: ASoC: Failed to add route DMIC8_OUTPUT -> direct -> VA SWR_MIC7
01-01 08:00:31.524 0 0 I binder : 1341:1341 ioctl 40046210 7fd3a4f864 returned -22
01-01 08:00:31.527 0 0 I mv2112_config_aneg: autoneg 1
01-01 08:00:31.527 0 0 I : mv2112_restart_aneg
01-01 08:00:31.528 0 0 E mv2112_read_status: autoneg not complete;time=29300 ms
01-01 08:00:31.528 0 0 I lan743x 0001: 01:00.0 eth0: Link is Down
01-01 08:00:31.528 0 0 E HL6111R : is_dc_online: DC psy unavailable
01-01 08:00:31.525 828 828 I auditd : type=1400 audit(0.0:418): avc: denied { read } for comm="health@2.1-serv" name="online" dev="sysfs" ino=63642 scontext=u:r:hal_health_default:s0 tcontext=u:object_r:sysfs:s0 tclass=file permissive=1
01-01 08:00:31.525 828 828 I auditd : type=1400 audit(0.0:419): avc: denied { open } for comm="health@2.1-serv" path="/sys/devices/platform/soc/884000.i2c/i2c-3/3-0025/power_supply/wireless/online" dev="sysfs" ino=63642 scontext=u:r:hal_health_default:s0 tcontext=u:object_r:sysfs:s0 tclass=file permissive=1
01-01 08:00:31.530 0 0 I lan743x 0001: 01:00.0 eth0: successfully registered ptp clock
01-01 08:00:31.531 0 0 I IPv6 : ADDRCONF(NETDEV_UP): eth0: link is not ready
01-01 08:00:31.535 0 0 I init : Service 'vendor.port-bridge' (pid 1357) exited with status 1 oneshot service took 0.091000 seconds in background
01-01 08:00:31.535 0 0 I init : Sending signal 9 to service 'vendor.port-bridge' (pid 1357) process group...
01-01 08:00:31.536 0 0 I libprocessgroup: Successfully killed process cgroup uid 1001 pid 1357 in 0ms
01-01 08:00:31.542 0 0 E init : Control message: Could not find 'vendor.ril-daemon' for ctl.stop from pid: 1368 (stop vendor.ril-daemon)
01-01 08:00:31.551 0 0 I binder : 1336:1336 ioctl 40046210 7fe32c4014 returned -22
01-01 08:00:31.552 0 0 I subsys-pil-tz soc: qcom,kgsl-hyp: a650_zap: loading from 0x00000000fcd00000 to 0x00000000fcd01000
01-01 08:00:31.554 0 0 W subsys-pil-tz soc: qcom,kgsl-hyp: Falling back to syfs fallback for: a650_zap.b02
01-01 08:00:31.525 828 828 I auditd : type=1400 audit(0.0:420): avc: denied { getattr } for comm="health@2.1-serv" path="/sys/devices/platform/soc/884000.i2c/i2c-3/3-0025/power_supply/wireless/online" dev="sysfs" ino=63642 scontext=u:r:hal_health_default:s0 tcontext=u:object_r:sysfs:s0 tclass=file permissive=1
01-01 08:00:31.564 0 0 I init : starting service 'nqnfcinfo'...
01-01 08:00:31.575 0 0 I kona-asoc-snd soc: qcom,msm-audio-apr:qcom,q6core-audio:sound: msm_asoc_machine_probe: Sound card kona-mtp-snd-card registered
01-01 08:00:31.591 0 0 I init : starting service 'cnss-daemon'...
01-01 08:00:31.619 0 0 I ueventd : firmware: loading 'a650_zap.b02' for '/devices/platform/soc/soc:qcom,kgsl-hyp/firmware/a650_zap.b02'
01-01 08:00:31.601 1347 1347 I auditd : type=1400 audit(0.0:421): avc: denied { read write } for comm="cnd" name="diag" dev="tmpfs" ino=2176 scontext=u:r:vendor_cnd:s0 tcontext=u:object_r:vendor_diag_device:s0 tclass=chr_file permissive=1
01-01 08:00:31.601 1347 1347 I auditd : type=1400 audit(0.0:422): avc: denied { open } for comm="cnd" path="/dev/diag" dev="tmpfs" ino=2176 scontext=u:r:vendor_cnd:s0 tcontext=u:object_r:vendor_diag_device:s0 tclass=chr_file permissive=1
01-01 08:00:31.640 0 0 I : tsnv nv_initialize successfully!
01-01 08:00:31.660 0 0 I ueventd : loading /devices/platform/soc/soc:qcom,kgsl-hyp/firmware/a650_zap.b02 took 41ms
01-01 08:00:31.660 0 0 I init : starting service 'ssgqmigd'...
01-01 08:00:31.660 0 0 I init : Created socket '/dev/socket/ssgqmig', mode 660, user 1001, group 3003
01-01 08:00:31.661 0 0 I subsys-pil-tz soc: qcom,kgsl-hyp: a650_zap: Brought out of reset
01-01 08:00:31.665 0 0 I init : starting service 'mlid'...
01-01 08:00:31.665 0 0 I init : Created socket '/dev/socket/mlid', mode 666, user 1021, group 1021
01-01 08:00:31.674 0 0 I init : starting service 'loc_launcher'...
01-01 08:00:31.688 0 0 I binder : 1155:1169 ioctl 40046210 72d3e52144 returned -22
01-01 08:00:31.700 0 0 I cnss-daemon: interop issues ap: read_iot_ap_file: No such file /data/vendor/wifi/iotap_ps.bin
01-01 08:00:31.645 1350 1350 I auditd : type=1400 audit(0.0:423): avc: denied { read write } for comm="ims_rtp_daemon" name="diag" dev="tmpfs" ino=2176 scontext=u:r:vendor_hal_imsrtp:s0 tcontext=u:object_r:vendor_diag_device:s0 tclass=chr_file permissive=1
01-01 08:00:31.700 0 0 I cnss-daemon: interop issues ap: read_iot_ap_ps_from_file, read file error
01-01 08:00:31.700 0 0 I init : starting service 'qcom-sh'...
01-01 08:00:31.702 0 0 E init : Could not start service 'qvop-daemon' as part of class 'late_start': Cannot find '/vendor/bin/qvop-daemon': No such file or directory
01-01 08:00:31.702 0 0 E init : Could not start service 'qseeproxydaemon' as part of class 'late_start': Cannot find '/system/vendor/bin/qseeproxydaemon': No such file or directory
01-01 08:00:31.702 0 0 E init : Could not start service 'chre' as part of class 'late_start': Cannot find '/vendor/bin/chre': No such file or directory
01-01 08:00:31.702 0 0 I init : starting service 'gatekeeperd'...
01-01 08:00:31.703 0 0 I init : starting service 'tzlog'...
01-01 08:00:31.703 0 0 I binder : 1379:1379 ioctl 40046210 7ff0958ba4 returned -22
01-01 08:00:31.704 0 0 I init : starting service 'update_engine'...
01-01 08:00:31.705 0 0 I init : starting service 'usbd'...
01-01 08:00:31.706 0 0 I init : starting service 'vendor.qcc-trd'...
01-01 08:00:31.711 0 0 I init : starting service 'qfp-daemon'...
01-01 08:00:31.713 0 0 I init : starting service 'vendor.tlocd'...
01-01 08:00:31.713 0 0 I binder : 1338:1338 ioctl 40046210 ff94ff58 returned -22
01-01 08:00:31.713 0 0 I binder : 1322:1322 ioctl 40046210 7ff8199504 returned -22
01-01 08:00:31.713 0 0 I binder : 1322:1322 ioctl 40046210 7ff8199524 returned -22
01-01 08:00:31.717 0 0 I init : starting service 'vendor-sensor-sh'...
01-01 08:00:31.719 0 0 I init : Command 'class_start late_start' action=nonencrypted (/system/etc/init/hw/init.rc:1119) took 155ms and succeeded
01-01 08:00:31.721 0 0 I binder : 1338:1338 ioctl 40046210 ff94ff40 returned -22
01-01 08:00:31.645 1350 1350 I auditd : type=1400 audit(0.0:424): avc: denied { open } for comm="ims_rtp_daemon" path="/dev/diag" dev="tmpfs" ino=2176 scontext=u:r:vendor_hal_imsrtp:s0 tcontext=u:object_r:vendor_diag_device:s0 tclass=chr_file permissive=1
01-01 08:00:31.669 1058 1058 I auditd : type=1400 audit(0.0:425): avc: denied { call } for comm="surfaceflinger" scontext=u:r:surfaceflinger:s0 tcontext=u:r:vendor_hal_qspmhal_default:s0 tclass=binder permissive=1
01-01 08:00:31.681 1155 1155 I auditd : type=1400 audit(0.0:426): avc: denied { call } for comm="BootAnimation" scontext=u:r:bootanim:s0 tcontext=u:r:vendor_hal_qspmhal_default:s0 tclass=binder permissive=1
01-01 08:00:31.729 0 0 I cnss-daemon: NL group_id 10, cnss_nl.family_id 28
01-01 08:00:31.729 0 0 I cnss-daemon: wlfw_start: Starting
01-01 08:00:31.729 0 0 I cnss-daemon: no interop issues ap currently
01-01 08:00:31.740 0 0 I init : Service 'vendor.mutualex' (pid 1356) exited with status 0 oneshot service took 0.300000 seconds in background
01-01 08:00:31.747 0 0 I cnss-daemon: wlfw_service_request: Start the pthread: 0x0K
01-01 08:00:31.755 0 0 I cnss-daemon: ro.baseband : [apq]
01-01 08:00:31.759 0 0 I init : Sending signal 9 to service 'vendor.mutualex' (pid 1356) process group...
01-01 08:00:31.771 0 0 W : ------------[ cut here ]------------
01-01 08:00:31.771 0 0 W : Unbalanced enable for IRQ 396
01-01 08:00:31.771 0 0 W : WARNING: CPU: 4 PID: 669 at kernel/irq/manage.c:621 enable_irq+0x90/0xe8
01-01 08:00:31.771 0 0 I : Modules linked in: wlan(O+) tsnv(O) machine_dlkm(O) wcd938x_slave_dlkm(O) wcd938x_dlkm(O) wcd9xxx_dlkm(O) mbhc_dlkm(O) tx_macro_dlkm(O) rx_macro_dlkm(O) va_macro_dlkm(O) wsa_macro_dlkm(O) swr_ctrl_dlkm(O) bolero_cdc_dlkm(O) wsa881x_dlkm(O) wcd_core_dlkm(O) stub_dlkm(O) hdmi_dlkm(O) swr_dlkm(O) pinctrl_lpi_dlkm(O) pinctrl_wcd_dlkm(O) usf_dlkm(O) native_dlkm(O) platform_dlkm(O) q6_dlkm(O) adsp_loader_dlkm(O) apr_dlkm(O) snd_event_dlkm(O) q6_notifier_dlkm(O) q6_pdr_dlkm(O) msm_11ad_proxy
01-01 08:00:31.771 0 0 I : CPU: 4 PID: 669 Comm: kworker/4:2 Tainted: G S O 4.19.157-perf+ #1
01-01 08:00:31.771 0 0 I Hardware name: Qualcomm Technologies, Inc. kona MTP-RmPM8150b. VX1(MCE) DVT2 (DT)
01-01 08:00:31.771 0 0 I Workqueue: pm pm_runtime_work
01-01 08:00:31.771 0 0 I pstate : 60c00085 (nZCv daIf +PAN +UAO)
01-01 08:00:31.771 0 0 I pc : enable_irq+0x90/0xe8
01-01 08:00:31.771 0 0 I lr : enable_irq+0x90/0xe8
01-01 08:00:31.771 0 0 I sp : ffffff801911bbb0
01-01 08:00:31.771 0 0 I : x29: ffffff801911bbc0 x28: 0000000000000002
01-01 08:00:31.771 0 0 I : x27: 000000000000014b x26: 0000000000000000
01-01 08:00:31.771 0 0 I : x25: 0000000000000000 x24: ffffffc72345737d
01-01 08:00:31.771 0 0 I : x23: ffffffc723455ca1 x22: ffffffc723457248
01-01 08:00:31.771 0 0 I : x21: ffffffc7461e4810 x20: 000000000000018c
01-01 08:00:31.771 0 0 I : x19: ffffffc726f44800 x18: 0000000000000030
01-01 08:00:31.771 0 0 I : x17: ffffffad8e420000 x16: 00000000fff8e42c
01-01 08:00:31.771 0 0 I : x15: 000000000008e42c x14: ffffffc779840008
01-01 08:00:31.771 0 0 I : x13: 0000000000000004 x12: 0000000000000000
01-01 08:00:31.771 0 0 I : x11: 0000000000000000 x10: 0000000000000007
01-01 08:00:31.771 0 0 I : x9 : ff61a7219117e400 x8 : ff61a7219117e400
01-01 08:00:31.771 0 0 I : x7 : 0000000000000000 x6 : ffffffc7798b1c01
01-01 08:00:31.771 0 0 I : x5 : 0000000000000000 x4 : 0000000000000006
01-01 08:00:31.771 0 0 I : x3 : 0000000000000036 x2 : 0000000000000007
01-01 08:00:31.771 0 0 I : x1 : 0000000000000007 x0 : 000000000000001d
01-01 08:00:31.771 0 0 I Call trace:
01-01 08:00:31.771 0 0 I : enable_irq+0x90/0xe8
01-01 08:00:31.771 0 0 I : swrm_runtime_suspend+0x428/0x4d8 [swr_ctrl_dlkm]
01-01 08:00:31.771 0 0 I : pm_generic_runtime_suspend+0x24/0x38
01-01 08:00:31.771 0 0 I : __rpm_callback+0x124/0x228
01-01 08:00:31.771 0 0 I : rpm_suspend+0x464/0x818
01-01 08:00:31.771 0 0 I : pm_runtime_work+0x90/0xa0
01-01 08:00:31.771 0 0 I : process_one_work+0x278/0x440
01-01 08:00:31.771 0 0 I : worker_thread+0x260/0x4a8
01-01 08:00:31.771 0 0 I : kthread+0x140/0x150
01-01 08:00:31.771 0 0 I : ret_from_fork+0x10/0x18
01-01 08:00:31.771 0 0 W : ---[ end trace 51925d79f994a3ed ]---
01-01 08:00:31.783 0 0 E register_client_adhoc: find path.src 1 dest 589
01-01 08:00:31.783 0 0 E register_client_adhoc: Failed to find path.src 1 dest 589
01-01 08:00:31.784 0 0 E : [drm:dp_display_init_aux_switch][msm-dp-err][1105]failed to register notifier (-22)
01-01 08:00:31.790 0 0 E swr-wcd rx_swr_ctrl: swrm_get_logical_dev_num: device 0xd01170224 is not ready
01-01 08:00:31.790 0 0 E swr_get_logical_dev_num: Error -22 to get logical addr for device d01170224
01-01 08:00:31.790 0 0 E swr-wcd rx_swr_ctrl: swrm_get_logical_dev_num: device 0xd01170224 is not ready
01-01 08:00:31.790 0 0 E swr_get_logical_dev_num: Error -22 to get logical addr for device d01170224
01-01 08:00:31.790 0 0 E swr-wcd rx_swr_ctrl: swrm_get_logical_dev_num: device 0xd01170224 is not ready
01-01 08:00:31.790 0 0 E swr_get_logical_dev_num: Error -22 to get logical addr for device d01170224
01-01 08:00:31.790 0 0 E swr-wcd rx_swr_ctrl: swrm_get_logical_dev_num: device 0xd01170224 is not ready
01-01 08:00:31.790 0 0 E swr_get_logical_dev_num: Error -22 to get logical addr for device d01170224
01-01 08:00:31.790 0 0 E swr-wcd rx_swr_ctrl: swrm_get_logical_dev_num: device 0xd01170224 is not ready
01-01 08:00:31.790 0 0 E swr_get_logical_dev_num: Error -22 to get logical addr for device d01170224
01-01 08:00:31.790 0 0 E wcd938x_codec wcd938x-codec: wcd938x_bind: Slave bind failed, ret = -517
01-01 08:00:31.807 0 0 I cnss-daemon: pm_release_vote: pm_handle is NULL
01-01 08:00:31.807 0 0 I cnss-daemon: pm_release_vote: pm_handle is NULL
01-01 08:00:31.812 0 0 I cnss-daemon: Hardware supports external modem
01-01 08:00:31.817 0 0 I libprocessgroup: Successfully killed process cgroup uid 1001 pid 1356 in 0ms
01-01 08:00:31.831 0 0 I binder : 1508:1508 ioctl 40046210 7fcc861a84 returned -22
01-01 08:00:31.835 0 0 W QSEECOM : qseecom_load_app: App (featenabler) does'nt exist, loading apps for first time
01-01 08:00:31.844 0 0 I cnss-daemon: wlfw_build_cal_table: not read /data/vendor/wifi/wlfw_cal_00.bin
03-14 03:51:03.149 1009 1009 I wm_task_created: [1,-1]
01-01 08:00:31.847 0 0 I IPv6 : ADDRCONF(NETDEV_UP): vlan0: link is not ready
01-01 08:00:31.850 0 0 I binder : 1514:1514 ioctl 40046210 7fe7e64584 returned -22
03-14 03:51:03.159 1009 1183 I sysui_multi_action: [757,1594,758,4,759,0,806,NULL]
01-01 08:00:31.865 0 0 I cnss-daemon: wlfw_build_cal_table: not read /data/vendor/wifi/wlfw_cal_02.bin
01-01 08:00:31.865 0 0 I cnss-daemon: wlfw_build_cal_table: not read /data/vendor/wifi/wlfw_cal_03.bin
01-01 08:00:31.866 0 0 W QSEECOM : qseecom_load_app: App with id 5 (featenabler) now loaded
01-01 08:00:31.875 0 0 I init : Service 'nqnfcinfo' (pid 1471) exited with status 1 oneshot service took 0.286000 seconds in background
03-14 03:51:03.179 1009 1009 I auditd : type=1400 audit(0.0:427): avc: denied { read } for comm="InputReader" name="virtualkeys.cyttsp7_mt" dev="sysfs" ino=62478 scontext=u:r:system_server:s0 tcontext=u:object_r:sysfs:s0 tclass=file permissive=1
03-14 03:51:03.179 1009 1009 I auditd : type=1400 audit(0.0:428): avc: denied { open } for comm="InputReader" path="/sys/board_properties/virtualkeys.cyttsp7_mt" dev="sysfs" ino=62478 scontext=u:r:system_server:s0 tcontext=u:object_r:sysfs:s0 tclass=file permissive=1
03-14 03:51:03.179 1009 1009 I auditd : type=1400 audit(0.0:429): avc: denied { getattr } for comm="InputReader" path="/sys/board_properties/virtualkeys.cyttsp7_mt" dev="sysfs" ino=62478 scontext=u:r:system_server:s0 tcontext=u:object_r:sysfs:s0 tclass=file permissive=1
03-14 03:51:03.179 1009 1009 I auditd : type=1400 audit(0.0:430): avc: denied { map } for comm="InputReader" path="/sys/board_properties/virtualkeys.cyttsp7_mt" dev="sysfs" ino=62478 scontext=u:r:system_server:s0 tcontext=u:object_r:sysfs:s0 tclass=file permissive=1
01-01 08:00:31.897 0 0 D qbt : qbt_open: entry minor_no=0 fd_available=1
01-01 08:00:31.897 0 0 D qbt : qbt_open: exit : 0 fd_available=0
01-01 08:00:31.897 0 0 D qbt : qbt_open: entry minor_no=1 fd_available=0
01-01 08:00:31.897 0 0 D qbt : qbt_open: exit : 0 fd_available=0
01-01 08:00:31.897 0 0 D qbt : qbt_ioctl: cmd received 102
01-01 08:00:31.897 0 0 D qbt : qbt_ioctl: qbt_ioctl: QBT_ENABLE_IPC
01-01 08:00:31.897 0 0 D qbt : qbt_ioctl: cmd received 107
01-01 08:00:31.897 0 0 D qbt : qbt_ioctl: Acquiring wakelock
01-01 08:00:31.905 0 0 I cnss-daemon: wlfw_build_cal_table: not read /data/vendor/wifi/wlfw_cal_04.bin
01-01 08:00:31.906 0 0 I binder : 1508:1508 ioctl 40046210 7fcc8618b4 returned -22
01-01 08:00:31.907 0 0 I init : Sending signal 9 to service 'nqnfcinfo' (pid 1471) process group...
01-01 08:00:31.907 0 0 I libprocessgroup: Successfully killed process cgroup uid 1000 pid 1471 in 0ms
01-01 08:00:31.907 0 0 I binder : 1511:1511 ioctl 40046210 7fd1c4f1d4 returned -22
03-14 03:51:03.207 1009 1009 I configuration_changed: 536894968
03-14 03:51:03.208 1009 1009 I sysui_multi_action: [757,1659,758,4,759,2,1660,0]
03-14 03:51:03.183 1596 1596 I auditd : type=1400 audit(0.0:431): avc: denied { read } for comm="ip" name="rt_tables" dev="dm-10" ino=344 scontext=u:r:ethernet:s0 tcontext=u:object_r:net_data_file:s0 tclass=file permissive=1
01-01 08:00:31.908 0 0 I binder : 1511:1511 ioctl 40046210 7fd1c4edd4 returned -22
03-14 03:51:03.183 1596 1596 I auditd : type=1400 audit(0.0:432): avc: denied { open } for comm="ip" path="/data/misc/net/rt_tables" dev="dm-10" ino=344 scontext=u:r:ethernet:s0 tcontext=u:object_r:net_data_file:s0 tclass=file permissive=1
01-01 08:00:31.910 0 0 I init : Service 'hht_ota_mgr_service' (pid 1331) exited with status 0
01-01 08:00:31.911 0 0 D cnss : Received QMI WLFW request memory indication
03-14 03:51:03.183 1596 1596 I auditd : type=1400 audit(0.0:433): avc: denied { getattr } for comm="ip" path="/data/misc/net/rt_tables" dev="dm-10" ino=344 scontext=u:r:ethernet:s0 tcontext=u:object_r:net_data_file:s0 tclass=file permissive=1
01-01 08:00:31.911 0 0 D cnss : FW requests for memory, size: 0x5e0000, type: 1
01-01 08:00:31.911 0 0 D cnss : FW requests for memory, size: 0xd8000, type: 4
01-01 08:00:31.911 0 0 D cnss : Posting event: REQUEST_MEM(2), state: 0x9 flags: 0x0
01-01 08:00:31.911 0 0 D cnss : PM stay awake, state: 0x9, count: 1
01-01 08:00:31.911 0 0 D cnss : PM relax, state: 0x9, count: 0
01-01 08:00:31.911 0 0 D cnss : PM stay awake, state: 0x9, count: 1
01-01 08:00:31.911 0 0 D cnss : Processing driver event: REQUEST_MEM(2), state: 0x9
03-14 03:51:03.215 1009 1009 I configuration_changed: 8
03-14 03:51:03.276 1009 1627 I service_manager_slow: [10,netd]
01-01 08:00:32.026 0 0 I IPv6 : ADDRCONF(NETDEV_UP): vlan1: link is not ready
01-01 08:00:32.028 0 0 E swr-wcd wsa_swr_ctrl: swrm_runtime_suspend: clk stop mode not supported or SSR entry
01-01 08:00:32.029 0 0 I init : Sending signal 9 to service 'hht_ota_mgr_service' (pid 1331) process group...
01-01 08:00:32.156 0 0 E : msm_qti_pp_get_rms_value_control, back not active to query rms be_idx:3
01-01 08:00:32.160 0 0 I libprocessgroup: Successfully killed process cgroup uid 0 pid 1331 in 0ms
01-01 08:00:32.193 0 0 I core_get_license_status: cmdrsp_license_result.result = 0x15 for module 0x131ff
01-01 08:00:32.196 0 0 I init : Service 'usbd' (pid 1514) exited with status 0 oneshot service took 0.490000 seconds in background --------- beginning of radio
03-14 03:51:03.498 1009 1009 D TelephonyRegistry: listen oscl: mHasNotifySubscriptionInfoChangedOccurred==false no callback
01-01 08:00:32.209 0 0 E msm_ext_disp_update_audio_ops: Display not found (EXT_DISPLAY_TYPE_DP) ctld (0) stream (0)
01-01 08:00:32.221 0 0 I init : Sending signal 9 to service 'usbd' (pid 1514) process group...
01-01 08:00:32.225 0 0 I IPv6 : ADDRCONF(NETDEV_UP): vlan2: link is not ready
01-01 08:00:32.232 0 0 E msm_ext_disp_update_audio_ops: Display not found (EXT_DISPLAY_TYPE_HDMI) ctld (0) stream (0)
01-01 08:00:32.242 0 0 I libprocessgroup: Successfully killed process cgroup uid 0 pid 1514 in 0ms
01-01 08:00:32.263 0 0 E msm_ext_disp_update_audio_ops: Display not found (EXT_DISPLAY_TYPE_DP) ctld (0) stream (0)
01-01 08:00:32.263 0 0 D cnss : Sending respond memory message, state: 0x9
01-01 08:00:32.263 0 0 D cnss : Memory for FW, va: 0x0000000000000000, pa: 0x00000000a1000000, size: 0x5e0000, type: 1
01-01 08:00:32.263 0 0 D cnss : Memory for FW, va: 0x0000000000000000, pa: 0x00000000a1600000, size: 0xd8000, type: 4
01-01 08:00:32.268 0 0 I init : Service 'vendor-sensor-sh' (pid 1520) exited with status 1 oneshot service took 0.550000 seconds in background
01-01 08:00:32.270 0 0 I cnss-daemon: wlfw_qmi_ind_cb: Receive Ind : 0x37
01-01 08:00:32.270 0 0 D cnss : PM relax, state: 0x9, count: 0
01-01 08:00:32.271 0 0 D cnss : Received QMI WLFW FW memory ready indication
01-01 08:00:32.271 0 0 D cnss : Posting event: FW_MEM_READY(3), state: 0x9 flags: 0x0
01-01 08:00:32.271 0 0 D cnss : PM stay awake, state: 0x9, count: 1
01-01 08:00:32.271 0 0 D cnss : PM relax, state: 0x9, count: 0
01-01 08:00:32.271 0 0 D cnss : PM stay awake, state: 0x9, count: 1
01-01 08:00:32.271 0 0 D cnss : Processing driver event: FW_MEM_READY(3), state: 0x9
01-01 08:00:32.271 0 0 D cnss : Sending target capability message, state: 0xb
01-01 08:00:32.276 0 0 W QSEECOM : qseecom_load_app: App (fingerpr) does'nt exist, loading apps for first time
01-01 08:00:32.279 0 0 E msm_ext_disp_update_audio_ops: Display not found (EXT_DISPLAY_TYPE_DP) ctld (0) stream (0)
01-01 08:00:32.281 0 0 D cnss : Voltage for CPR: 948mV
01-01 08:00:32.281 0 0 D cnss : Got voltage 800mV from i: 0, j: 0
01-01 08:00:32.281 0 0 D cnss : Got voltage 1012mV from i: 4, j: 1
01-01 08:00:32.281 0 0 D cnss : Update TCS CMD data address 0x000000000b2e5844 with voltage 950mV
01-01 08:00:32.281 0 0 D cnss : Device frequency is 24000000 HZ
01-01 08:00:32.281 0 0 D cnss : Target capability: chip_id: 0x0, chip_family: 0xb, board_id: 0xff, soc_id: 0xffffffff, fw_version: 0x101a0521, fw_build_timestamp: 2021-12-20 07:54, fw_build_id: QC_IMAGE_VERSION_STRING=WLAN.HST.1.0.1.r1-01313-QCAHSTSWPL_SILICONZ-1, otp_version: 0x480020
01-01 08:00:32.281 0 0 D cnss : Sending BDF download message, state: 0xb, type: 4
01-01 08:00:32.281 0 0 D cnss : FW name added with prefix: qca6390/regdb.bin
01-01 08:00:32.281 0 0 W cnss2 b0000000.qcom,cnss-qca6390: Falling back to syfs fallback for: qca6390/regdb.bin
01-01 08:00:32.284 0 0 I ueventd : firmware: loading 'qca6390/regdb.bin' for '/devices/platform/soc/b0000000.qcom,cnss-qca6390/firmware/qca6390!regdb.bin'
01-01 08:00:32.285 0 0 E ueventd : firmware: could not find firmware for qca6390/regdb.bin
01-01 08:00:32.285 0 0 E ueventd : firmware: attempted /etc/firmware/qca6390/regdb.bin, open failed: No such file or directory
01-01 08:00:32.285 0 0 E ueventd : firmware: attempted /odm/firmware/qca6390/regdb.bin, open failed: No such file or directory
01-01 08:00:32.285 0 0 E ueventd : firmware: attempted /vendor/firmware/qca6390/regdb.bin, open failed: No such file or directory
01-01 08:00:32.285 0 0 E ueventd : firmware: attempted /firmware/image/qca6390/regdb.bin, open failed: No such file or directory
01-01 08:00:32.285 0 0 E ueventd : firmware: attempted /vendor/firmware_mnt/image/qca6390/regdb.bin, open failed: No such file or directory
01-01 08:00:32.285 0 0 I ueventd : loading /devices/platform/soc/b0000000.qcom,cnss-qca6390/firmware/qca6390!regdb.bin took 1ms
01-01 08:00:32.285 0 0 E cnss : Failed to load BDF: qca6390/regdb.bin
01-01 08:00:32.285 0 0 D cnss : Sending BDF download message, state: 0xb, type: 1
01-01 08:00:32.285 0 0 D cnss : FW name added with prefix: qca6390/bdwlan.elf
01-01 08:00:32.285 0 0 W cnss2 b0000000.qcom,cnss-qca6390: Falling back to syfs fallback for: qca6390/bdwlan.elf
01-01 08:00:32.290 0 0 I init : Sending signal 9 to service 'vendor-sensor-sh' (pid 1520) process group...
01-01 08:00:32.296 0 0 I ueventd : firmware: loading 'qca6390/bdwlan.elf' for '/devices/platform/soc/b0000000.qcom,cnss-qca6390/firmware/qca6390!bdwlan.elf'
01-01 08:00:32.298 0 0 I ueventd : loading /devices/platform/soc/b0000000.qcom,cnss-qca6390/firmware/qca6390!bdwlan.elf took 1ms
01-01 08:00:32.299 0 0 D cnss : Downloading BDF: qca6390/bdwlan.elf, size: 57908
01-01 08:00:32.302 0 0 E msm_ext_disp_update_audio_ops: Display not found (EXT_DISPLAY_TYPE_DP) ctld (0) stream (0)
03-14 03:51:03.618 1009 1701 I storage_state: [41217664-9172-527a-b3d5-edabb50a7d69,0,0,111215501312,118610538496]
01-01 08:00:32.313 0 0 I libprocessgroup: Successfully killed process cgroup uid 0 pid 1520 in 0ms
01-01 08:00:32.326 0 0 E msm-ext-disp-audio-codec-rx soc: qcom,msm-ext-disp:qcom,msm-ext-disp-audio-codec-rx: msm_ext_disp_audio_type_get: get_audio_edid_blk() or get_intf_id is NULL
01-01 08:00:32.326 0 0 E msm_ext_disp_update_audio_ops: Display not found (EXT_DISPLAY_TYPE_DP) ctld (0) stream (0)
01-01 08:00:32.327 0 0 D cnss : FW name added with prefix: qca6390/m3.bin
01-01 08:00:32.327 0 0 W cnss_pci 0000: 01:00.0: Falling back to syfs fallback for: qca6390/m3.bin
01-01 08:00:32.335 0 0 I ueventd : firmware: loading 'qca6390/m3.bin' for '/devices/platform/soc/1c00000.qcom,pcie/pci0000:00/0000:00:00.0/0000:01:00.0/firmware/qca6390!m3.bin'
01-01 08:00:32.339 0 0 E init : Control message: Could not find 'vendor.qcrild' for ctl.stop from pid: 1460 (stop vendor.qcrild)
01-01 08:00:32.349 0 0 E msm-ext-disp-audio-codec-rx soc: qcom,msm-ext-disp:qcom,msm-ext-disp-audio-codec-rx: msm_ext_disp_audio_type_get: get_audio_edid_blk() or get_intf_id is NULL
01-01 08:00:32.350 0 0 E msm_ext_disp_update_audio_ops: Display not found (EXT_DISPLAY_TYPE_DP) ctld (0) stream (0)
01-01 08:00:32.360 0 0 I ueventd : loading /devices/platform/soc/1c00000.qcom,pcie/pci0000:00/0000:00:00.0/0000:01:00.0/firmware/qca6390!m3.bin took 25ms
01-01 08:00:32.361 0 0 D cnss : Sending M3 information message, state: 0xb
01-01 08:00:32.361 0 0 D cnss : M3 memory, va: 0x0000000000000000, pa: 0x00000000a1800000, size: 0x411bc
01-01 08:00:32.361 0 0 I init : processing action (persist.vendor.hvdcp_opti.start=1) from (/vendor/etc/init/vendor.qti.hardware.charger_monitor@1.0-service.rc:39)
01-01 08:00:32.367 0 0 E init : Control message: Could not find 'android.hardware.camera.provider@2.4::ICameraProvider/legacy/0' for ctl.interface_start from pid: 513 (/system/bin/hwservicemanager)
01-01 08:00:32.367 0 0 I init : starting service 'vendor.hvdcp_opti'...
01-01 08:00:32.370 0 0 I init : starting service 'vendor.msm_irqbalance'...
01-01 08:00:32.373 0 0 E msm-ext-disp-audio-codec-rx soc: qcom,msm-ext-disp:qcom,msm-ext-disp-audio-codec-rx: msm_ext_disp_audio_type_get: get_audio_edid_blk() or get_intf_id is NULL
01-01 08:00:32.378 0 0 I IPv6 : ADDRCONF(NETDEV_UP): vlan4: link is not ready
01-01 08:00:32.379 0 0 D cnss : Received QMI WLFW FW initialization done indication
01-01 08:00:32.379 0 0 D cnss : Posting event: FW_READY(4), state: 0xb flags: 0x0
01-01 08:00:32.379 0 0 I init : Control message: Processed ctl.start for 'vendor.msm_irqbalance' from pid: 1545 (start vendor.msm_irqbalance)
01-01 08:00:32.380 0 0 D cnss : Processing driver event: FW_READY(4), state: 0xb
01-01 08:00:32.380 0 0 D cnss : PCIE Gen speed not setup
01-01 08:00:32.380 0 0 D cnss : Sending antenna switch sync request, state: 0xf
01-01 08:00:32.380 0 0 E init : Control message: Could not find 'android.frameworks.sensorservice@1.0::ISensorManager/default' for ctl.interface_start from pid: 513 (/system/bin/hwservicemanager)
01-01 08:00:32.383 0 0 W QSEECOM : qseecom_load_app: App with id 6 (fingerpr) now loaded
01-01 08:00:32.385 0 0 E cnss : Antenna switch request failed, result: 1, err: 94
01-01 08:00:32.388 0 0 E init : Control message: Could not find 'android.frameworks.sensorservice@1.0::ISensorManager/default' for ctl.interface_start from pid: 513 (/system/bin/hwservicemanager)
01-01 08:00:32.389 0 0 I init : processing action (sys.usb.config=adb && sys.usb.configfs=1) from (/vendor/etc/init/hw/init.qcom.usb.rc:1633)
01-01 08:00:32.389 0 0 E init : Control message: Could not find 'android.frameworks.sensorservice@1.0::ISensorManager/default' for ctl.interface_start from pid: 513 (/system/bin/hwservicemanager)
01-01 08:00:32.389 0 0 E init : Control message: Could not find 'android.frameworks.sensorservice@1.0::ISensorManager/default' for ctl.interface_start from pid: 513 (/system/bin/hwservicemanager)
01-01 08:00:32.389 0 0 I init : processing action (sys.usb.config=adb && sys.usb.configfs=1) from (/system/etc/init/hw/init.usb.configfs.rc:17)
01-01 08:00:32.389 0 0 I init : processing action (sys.usb.config=adb && sys.usb.configfs=1 && sys.usb.ffs.ready=1) from (/system/etc/init/hw/init.usb.configfs.rc:20)
03-14 03:51:03.695 1714 1714 I auditd : type=1400 audit(0.0:434): avc: denied { getattr } for comm="hvdcp_opti" path="/dev/kmsg" dev="tmpfs" ino=3153 scontext=u:r:vendor_hvdcp:s0 tcontext=u:object_r:kmsg_device:s0 tclass=chr_file permissive=1
03-14 03:51:03.695 1714 1714 I auditd : type=1400 audit(0.0:435): avc: denied { write } for comm="hvdcp_opti" name="kmsg" dev="tmpfs" ino=3153 scontext=u:r:vendor_hvdcp:s0 tcontext=u:object_r:kmsg_device:s0 tclass=chr_file permissive=1
03-14 03:51:03.695 1714 1714 I auditd : type=1400 audit(0.0:436): avc: denied { open } for comm="hvdcp_opti" path="/dev/kmsg" dev="tmpfs" ino=3153 scontext=u:r:vendor_hvdcp:s0 tcontext=u:object_r:kmsg_device:s0 tclass=chr_file permissive=1
01-01 08:00:32.397 0 0 E msm-ext-disp-audio-codec-rx soc: qcom,msm-ext-disp:qcom,msm-ext-disp-audio-codec-rx: msm_ext_disp_audio_device_get: invalid dai id: 4
01-01 08:00:32.403 0 0 I capability: warning: `msm_irqbalance' uses 32-bit capabilities (legacy support in use)
01-01 08:00:32.404 0 0 E MAIN_MGR: hvdcp_opti Version: 3:0:0
01-01 08:00:32.406 0 0 E MAIN_MGR: set keepcaps failed!
01-01 08:00:32.406 0 0 E CHG_POLICY_PATH: Failed to get IIO path for MAIN_PSY
03-14 03:51:03.703 1714 1714 I auditd : type=1400 audit(0.0:437): avc: denied { read } for comm="hvdcp_opti" name="devices" dev="sysfs" ino=46901 scontext=u:r:vendor_hvdcp:s0 tcontext=u:object_r:sysfs:s0 tclass=dir permissive=1
03-14 03:51:03.703 1714 1714 I auditd : type=1400 audit(0.0:438): avc: denied { open } for comm="hvdcp_opti" path="/sys/bus/iio/devices" dev="sysfs" ino=46901 scontext=u:r:vendor_hvdcp:s0 tcontext=u:object_r:sysfs:s0 tclass=dir permissive=1
03-14 03:51:03.703 1714 1714 I auditd : type=1400 audit(0.0:439): avc: denied { read } for comm="hvdcp_opti" name="name" dev="sysfs" ino=65212 scontext=u:r:vendor_hvdcp:s0 tcontext=u:object_r:sysfs:s0 tclass=file permissive=1
03-14 03:51:03.703 1714 1714 I auditd : type=1400 audit(0.0:440): avc: denied { open } for comm="hvdcp_opti" path="/sys/devices/platform/soc/c440000.qcom,spmi/spmi-0/spmi0-04/c440000.qcom,spmi:qcom,pm8150l@4:vadc@3100/iio:device1/name" dev="sysfs" ino=65212 scontext=u:r:vendor_hvdcp:s0 tcontext=u:object_r:sysfs:s0 tclass=file permissive=1
01-01 08:00:32.407 0 0 D cnss : Sending mode message, mode: CALIBRATION(7), state: 0xf
01-01 08:00:32.443 0 0 I android_work: did not send uevent (0 0 0000000000000000)
01-01 08:00:32.452 0 0 I init : Command 'write /config/usb_gadget/g1/UDC ${sys.usb.controller}' action=sys.usb.config=adb && sys.usb.configfs=1 && sys.usb.ffs.ready=1 (/system/etc/init/hw/init.usb.configfs.rc:23) took 62ms and succeeded
01-01 08:00:32.452 0 0 I : read descriptors
01-01 08:00:32.452 0 0 I : read strings
01-01 08:00:32.456 0 0 E : msm_pcm_volume_ctl_get substream not found
01-01 08:00:32.468 0 0 I init : Service 'qcom-c_main-sh' (pid 1320) exited with status 0 oneshot service took 1.081000 seconds in background
01-01 08:00:32.491 0 0 I init : Sending signal 9 to service 'qcom-c_main-sh' (pid 1320) process group...
03-14 03:51:03.779 550 550 I auditd : type=1400 audit(0.0:441): avc: denied { open } for comm="qseecomd" path="/" dev="dm-5" ino=2 scontext=u:r:tee:s0 tcontext=u:object_r:rootfs:s0 tclass=dir permissive=1
03-14 03:51:03.817 1009 1488 I commit_sys_config_file: [settings-2-0,11]
03-14 03:51:03.875 1009 1182 I commit_sys_config_file: [notification-policy,19]
01-01 08:00:32.586 0 0 W QSEECOM : __qseecom_unload_app: App (6) is unloaded
01-01 08:00:32.587 0 0 I libprocessgroup: Successfully killed process cgroup uid 0 pid 1320 in 0ms
01-01 08:00:32.598 0 0 D qbt : qbt_release: entry minor_no=0 fd_available=0
01-01 08:00:32.609 0 0 W cnss-daemon: wlfw_qmi_ind_cb: Receive Ind : 0x28
01-01 08:00:32.611 0 0 D cnss : Received QMI WLFW pin connect result indication
01-01 08:00:32.612 0 0 I init : Service 'qcom-sh' (pid 1507) exited with status 0 oneshot service took 0.910000 seconds in background
01-01 08:00:32.612 0 0 I init : Sending signal 9 to service 'qcom-sh' (pid 1507) process group...
01-01 08:00:32.612 0 0 D cnss : Removing vote for Regulator vdd-wlan-rfa2
01-01 08:00:32.612 0 0 D cnss : Removing vote for Regulator vdd-wlan-rfa1
01-01 08:00:32.612 0 0 I libprocessgroup: Successfully killed process cgroup uid 0 pid 1507 in 0ms
01-01 08:00:32.612 0 0 D cnss : Removing vote for Regulator vdd-wlan-dig
01-01 08:00:32.612 0 0 D cnss : Removing vote for Regulator vdd-wlan-aon
01-01 08:00:32.612 0 0 D cnss : Removing vote for Regulator vdd-wlan-io
01-01 08:00:32.612 0 0 D cnss : PM relax, state: 0xf, count: 0
01-01 08:00:32.612 0 0 D cnss : PM stay awake, state: 0xf, count: 1
01-01 08:00:32.612 0 0 D cnss : PM relax, state: 0xf, count: 0
01-01 08:00:32.619 0 0 I init : Sending signal 9 to service 'vendor.hvdcp_opti' (pid 1714) process group...
01-01 08:00:32.622 0 0 D qbt : qbt_release: Releasing wakelock
01-01 08:00:32.622 0 0 D qbt : qbt_release: exit : fd_available=1
01-01 08:00:32.622 0 0 D qbt : qbt_release: entry minor_no=1 fd_available=1
01-01 08:00:32.622 0 0 D qbt : qbt_release: exit : fd_available=1
01-01 08:00:32.624 0 0 I libprocessgroup: Successfully killed process cgroup uid 1000 pid 1714 in 5ms
01-01 08:00:32.624 0 0 I init : Control message: Processed ctl.stop for 'vendor.hvdcp_opti' from pid: 1714 (/vendor/bin/hvdcp_opti)
01-01 08:00:32.625 0 0 I init : Service 'vendor.hvdcp_opti' (pid 1714) received signal 9
01-01 08:00:32.625 0 0 I init : processing action (llk.enable=0) from (/system/etc/init/llkd.rc:12)
01-01 08:00:32.625 0 0 I init : processing action (khungtask.enable=0) from (/system/etc/init/llkd.rc:21)
01-01 08:00:32.625 0 0 I init : processing action (sys.usb.config=adb && sys.usb.configfs=1 && sys.usb.ffs.ready=1) from (/system/etc/init/hw/init.usb.configfs.rc:20)
01-01 08:00:32.626 0 0 I init : Command 'symlink /config/usb_gadget/g1/functions/ffs.adb /config/usb_gadget/g1/configs/b.1/f1' action=sys.usb.config=adb && sys.usb.configfs=1 && sys.usb.ffs.ready=1 (/system/etc/init/hw/init.usb.configfs.rc:22) took 0ms and failed: symlink() failed: File exists
01-01 08:00:32.635 0 0 D cnss : Pin connect Result: pwr_pin: 0x1 phy_io_pin: 0x0 rf_io_pin: 0x0
01-01 08:00:32.637 0 0 I IPv6 : ADDRCONF(NETDEV_UP): vlan8: link is not ready
03-14 03:51:03.915 1516 1516 I auditd : type=1400 audit(0.0:442): avc: denied { read write } for comm="qfp-daemon" name="diag" dev="tmpfs" ino=2176 scontext=u:r:vendor_qfp-daemon:s0 tcontext=u:object_r:vendor_diag_device:s0 tclass=chr_file permissive=1
03-14 03:51:03.915 1516 1516 I auditd : type=1400 audit(0.0:443): avc: denied { open } for comm="qfp-daemon" path="/dev/diag" dev="tmpfs" ino=2176 scontext=u:r:vendor_qfp-daemon:s0 tcontext=u:object_r:vendor_diag_device:s0 tclass=chr_file permissive=1
01-01 08:00:32.682 0 0 E : msm_qti_pp_get_rms_value_control, back not active to query rms be_idx:3
01-01 08:00:32.691 0 0 I android_work: did not send uevent (0 0 0000000000000000)
01-01 08:00:32.692 0 0 I init : Command 'write /config/usb_gadget/g1/UDC ${sys.usb.controller}' action=sys.usb.config=adb && sys.usb.configfs=1 && sys.usb.ffs.ready=1 (/system/etc/init/hw/init.usb.configfs.rc:23) took 65ms and succeeded
01-01 08:00:32.695 0 0 I init : processing action (init.svc.media=*) from (/system/etc/init/mediaserver.rc:1)
01-01 08:00:32.698 0 0 I init : processing action (ro.vendor.radio.noril=*) from (/vendor/etc/init/hw/init.qcom.rc:894)
01-01 08:00:32.699 0 0 I init : processing action (vendor.ims.QMI_DAEMON_STATUS=1) from (/vendor/etc/init/imsdatadaemon.rc:14)
03-14 03:51:03.919 1516 1516 I auditd : type=1400 audit(0.0:444): avc: denied { ioctl } for comm="qfp-daemon" path="/dev/diag" dev="tmpfs" ino=2176 ioctlcmd=0x0 scontext=u:r:vendor_qfp-daemon:s0 tcontext=u:object_r:vendor_diag_device:s0 tclass=chr_file permissive=1
01-01 08:00:32.702 0 0 I init : starting service 'vendor.imsdatadaemon'...
01-01 08:00:32.708 0 0 I core_get_license_status: cmdrsp_license_result.result = 0x15 for module 0x131ff
01-01 08:00:32.709 0 0 E msm_ext_disp_update_audio_ops: Display not found (EXT_DISPLAY_TYPE_DP) ctld (0) stream (0)
01-01 08:00:32.709 0 0 E msm_ext_disp_update_audio_ops: Display not found (EXT_DISPLAY_TYPE_HDMI) ctld (0) stream (0)
01-01 08:00:32.709 0 0 E msm_ext_disp_update_audio_ops: Display not found (EXT_DISPLAY_TYPE_DP) ctld (0) stream (0)
01-01 08:00:32.709 0 0 E msm_ext_disp_update_audio_ops: Display not found (EXT_DISPLAY_TYPE_DP) ctld (0) stream (0)
01-01 08:00:32.709 0 0 E msm_ext_disp_update_audio_ops: Display not found (EXT_DISPLAY_TYPE_DP) ctld (0) stream (0)
01-01 08:00:32.709 0 0 E msm-ext-disp-audio-codec-rx soc: qcom,msm-ext-disp:qcom,msm-ext-disp-audio-codec-rx: msm_ext_disp_audio_type_get: get_audio_edid_blk() or get_intf_id is NULL
01-01 08:00:32.709 0 0 E msm_ext_disp_update_audio_ops: Display not found (EXT_DISPLAY_TYPE_DP) ctld (0) stream (0)
01-01 08:00:32.709 0 0 E msm-ext-disp-audio-codec-rx soc: qcom,msm-ext-disp:qcom,msm-ext-disp-audio-codec-rx: msm_ext_disp_audio_type_get: get_audio_edid_blk() or get_intf_id is NULL
01-01 08:00:32.709 0 0 E msm_ext_disp_update_audio_ops: Display not found (EXT_DISPLAY_TYPE_DP) ctld (0) stream (0)
01-01 08:00:32.709 0 0 E msm-ext-disp-audio-codec-rx soc: qcom,msm-ext-disp:qcom,msm-ext-disp-audio-codec-rx: msm_ext_disp_audio_type_get: get_audio_edid_blk() or get_intf_id is NULL
01-01 08:00:32.710 0 0 E msm-ext-disp-audio-codec-rx soc: qcom,msm-ext-disp:qcom,msm-ext-disp-audio-codec-rx: msm_ext_disp_audio_device_get: invalid dai id: 4
03-14 03:51:03.963 809 809 I auditd : type=1400 audit(0.0:445): avc: denied { read write } for comm="HwBinder:809_2" name="diag" dev="tmpfs" ino=2176 scontext=u:r:hal_audio_default:s0 tcontext=u:object_r:vendor_diag_device:s0 tclass=chr_file permissive=1
01-01 08:00:32.712 0 0 I init : Created socket '/dev/socket/ims_datad', mode 660, user 1000, group 1001
03-14 03:51:03.963 809 809 I auditd : type=1400 audit(0.0:446): avc: denied { open } for comm="HwBinder:809_2" path="/dev/diag" dev="tmpfs" ino=2176 scontext=u:r:hal_audio_default:s0 tcontext=u:object_r:vendor_diag_device:s0 tclass=chr_file permissive=1
01-01 08:00:32.735 0 0 I init : processing action (sys.sysctl.extra_free_kbytes=*) from (/system/etc/init/hw/init.rc:1172)
01-01 08:00:32.746 0 0 I init : processing action (sys.usb.config=adb && sys.usb.configfs=1 && sys.usb.ffs.ready=1) from (/system/etc/init/hw/init.usb.configfs.rc:20)
01-01 08:00:32.748 0 0 E : msm_pcm_volume_ctl_get substream not found
03-14 03:51:03.967 809 809 I auditd : type=1400 audit(0.0:447): avc: denied { ioctl } for comm="HwBinder:809_2" path="/dev/diag" dev="tmpfs" ino=2176 ioctlcmd=0x0 scontext=u:r:hal_audio_default:s0 tcontext=u:object_r:vendor_diag_device:s0 tclass=chr_file permissive=1
01-01 08:00:32.763 0 0 I init : Command 'symlink /config/usb_gadget/g1/functions/ffs.adb /config/usb_gadget/g1/configs/b.1/f1' action=sys.usb.config=adb && sys.usb.configfs=1 && sys.usb.ffs.ready=1 (/system/etc/init/hw/init.usb.configfs.rc:22) took 0ms and failed: symlink() failed: File exists
03-14 03:51:04.039 1755 1755 I auditd : type=1400 audit(0.0:448): avc: denied { read write } for comm="imsdatadaemon" name="diag" dev="tmpfs" ino=2176 scontext=u:r:vendor_ims:s0 tcontext=u:object_r:vendor_diag_device:s0 tclass=chr_file permissive=1
01-01 08:00:32.779 0 0 I init : Command 'write /config/usb_gadget/g1/UDC ${sys.usb.controller}' action=sys.usb.config=adb && sys.usb.configfs=1 && sys.usb.ffs.ready=1 (/system/etc/init/hw/init.usb.configfs.rc:23) took 0ms and failed: Unable to write to file '/config/usb_gadget/g1/UDC': Unable to write file contents: Device or resource busy
01-01 08:00:32.782 0 0 E HL6111R : is_dc_online: DC psy unavailable
03-14 03:51:04.039 1755 1755 I auditd : type=1400 audit(0.0:449): avc: denied { open } for comm="imsdatadaemon" path="/dev/diag" dev="tmpfs" ino=2176 scontext=u:r:vendor_ims:s0 tcontext=u:object_r:vendor_diag_device:s0 tclass=chr_file permissive=1
01-01 08:00:32.804 0 0 I init : processing action (ro.vendor.ril.mbn_copy_completed=1) from (/vendor/etc/init/hw/init.qcom.rc:741)
01-01 08:00:32.805 0 0 E msm-dwc3 a600000.ssusb: Could not get usb psy
