03-14 03:52:46.119 1009 1184 W WindowManager: updateScale : 0.79357797
03-14 03:52:46.130 1009 2148 W WindowManager: updateScale : 0.79357797
03-14 03:52:46.134 1009 1184 D FreeFormWindowHelper: refreshTipWindow mTipWindowTitle : null
03-14 03:52:46.135 1009 1184 I ActivityTaskManager: clear resize flag in freeform mode
03-14 03:52:46.135 1009 1184 W WindowManager: updateScale : 0.79357797
03-14 03:52:46.147 1009 2148 W WindowManager: updateScale : 0.79357797
03-14 03:52:46.151 1009 1184 D FreeFormWindowHelper: refreshTipWindow mTipWindowTitle : null
03-14 03:52:46.152 1009 1184 I ActivityTaskManager: clear resize flag in freeform mode
03-14 03:52:46.152 1009 1184 W WindowManager: updateScale : 0.79357797
03-14 03:52:46.164 1009 2148 W WindowManager: updateScale : 0.79357797
03-14 03:52:46.168 1009 1184 D FreeFormWindowHelper: refreshTipWindow mTipWindowTitle : null
03-14 03:52:46.168 1009 1184 I ActivityTaskManager: clear resize flag in freeform mode
03-14 03:52:46.169 1009 1184 W WindowManager: updateScale : 0.79357797
03-14 03:52:46.180 1009 2148 W WindowManager: updateScale : 0.79357797
03-14 03:52:46.185 1009 1184 D FreeFormWindowHelper: refreshTipWindow mTipWindowTitle : null
03-14 03:52:46.185 1009 1184 I ActivityTaskManager: clear resize flag in freeform mode
03-14 03:52:46.186 1009 1184 W WindowManager: updateScale : 0.79357797
03-14 03:52:46.197 1009 2148 W WindowManager: updateScale : 0.79357797
03-14 03:52:46.201 1009 1184 D FreeFormWindowHelper: refreshTipWindow mTipWindowTitle : null
03-14 03:52:46.202 1009 1184 I ActivityTaskManager: clear resize flag in freeform mode
03-14 03:52:46.202 1009 1184 W WindowManager: updateScale : 0.79357797
03-14 03:52:46.214 1009 1585 W WindowManager: updateScale : 0.79357797
03-14 03:52:46.218 1009 1184 D FreeFormWindowHelper: refreshTipWindow mTipWindowTitle : null
03-14 03:52:46.219 1009 1184 I ActivityTaskManager: clear resize flag in freeform mode
03-14 03:52:46.219 1009 1184 W WindowManager: updateScale : 0.79357797
03-14 03:52:46.230 1009 1585 W WindowManager: updateScale : 0.79357797
03-14 03:52:46.235 1009 1184 D FreeFormWindowHelper: refreshTipWindow mTipWindowTitle : null
03-14 03:52:46.235 1009 1184 I ActivityTaskManager: clear resize flag in freeform mode
03-14 03:52:46.236 1009 1184 W WindowManager: updateScale : 0.79357797
03-14 03:52:46.247 1009 1585 W WindowManager: updateScale : 0.79357797
03-14 03:52:46.251 1009 1184 D FreeFormWindowHelper: refreshTipWindow mTipWindowTitle : null
03-14 03:52:46.252 1009 1184 I ActivityTaskManager: clear resize flag in freeform mode
03-14 03:52:46.252 1009 1184 W WindowManager: updateScale : 0.79357797
03-14 03:52:46.264 1009 1585 W WindowManager: updateScale : 0.79357797
03-14 03:52:46.281 1009 1585 W WindowManager: updateScale : 0.79357797
03-14 03:52:46.301 1009 1184 D WindowManager: updateWindowDragBounds: mIsSwipeYfalse
03-14 03:52:46.301 1009 1184 D WindowManager: updateWindowDragBounds: mIsTopfalse
03-14 03:52:46.337 1009 1185 I ActivityTaskManager: clear resize flag in freeform mode
03-14 03:52:46.338 1009 1185 W WindowManager: updateScale : 0.79357797
03-14 03:52:46.348 1009 1585 W WindowManager: updateScale : 0.79357797
03-14 03:52:46.353 1009 1185 I ActivityTaskManager: clear resize flag in freeform mode
03-14 03:52:46.354 1009 1185 W WindowManager: updateScale : 0.79357797
03-14 03:52:46.371 1009 1185 I ActivityTaskManager: clear resize flag in freeform mode
03-14 03:52:46.372 1009 1185 W WindowManager: updateScale : 0.79357797
03-14 03:52:46.387 1009 1185 I ActivityTaskManager: clear resize flag in freeform mode
03-14 03:52:46.387 1009 1185 W WindowManager: updateScale : 0.79357797
03-14 03:52:46.398 1009 2178 W WindowManager: updateScale : 0.79357797
03-14 03:52:46.402 1009 1185 I ActivityTaskManager: clear resize flag in freeform mode
03-14 03:52:46.403 1009 1185 W WindowManager: updateScale : 0.79357797
03-14 03:52:46.415 1009 2178 W WindowManager: updateScale : 0.79357797
03-14 03:52:46.421 1009 1185 I ActivityTaskManager: clear resize flag in freeform mode
03-14 03:52:46.422 1009 1185 W WindowManager: updateScale : 0.79357797
03-14 03:52:46.431 1009 2156 W WindowManager: updateScale : 0.79357797
03-14 03:52:46.436 1009 1185 I ActivityTaskManager: clear resize flag in freeform mode
03-14 03:52:46.437 1009 1185 W WindowManager: updateScale : 0.79357797
03-14 03:52:46.448 1009 2156 W WindowManager: updateScale : 0.79357797
03-14 03:52:46.453 1009 1185 I ActivityTaskManager: clear resize flag in freeform mode
03-14 03:52:46.453 1009 1185 W WindowManager: updateScale : 0.79357797
03-14 03:52:46.465 1009 2156 W WindowManager: updateScale : 0.79357797
03-14 03:52:46.469 1009 1185 I ActivityTaskManager: clear resize flag in freeform mode
03-14 03:52:46.470 1009 1185 W WindowManager: updateScale : 0.79357797
03-14 03:52:46.481 1009 2178 W WindowManager: updateScale : 0.79357797
03-14 03:52:46.487 1009 1185 I ActivityTaskManager: clear resize flag in freeform mode
03-14 03:52:46.487 1009 1185 W WindowManager: updateScale : 0.79357797
03-14 03:52:46.498 1009 2178 W WindowManager: updateScale : 0.79357797
03-14 03:52:46.503 1009 1185 I ActivityTaskManager: clear resize flag in freeform mode
03-14 03:52:46.504 1009 1185 W WindowManager: updateScale : 0.79357797
03-14 03:52:46.515 1009 2156 W WindowManager: updateScale : 0.79357797
03-14 03:52:46.520 1009 1185 I ActivityTaskManager: clear resize flag in freeform mode
03-14 03:52:46.521 1009 1185 W WindowManager: updateScale : 0.79357797
03-14 03:52:46.532 1009 2156 W WindowManager: updateScale : 0.79357797
03-14 03:52:46.537 1009 1185 I ActivityTaskManager: clear resize flag in freeform mode
03-14 03:52:46.538 1009 1185 W WindowManager: updateScale : 0.79357797
03-14 03:52:46.548 1009 2156 W WindowManager: updateScale : 0.79357797
03-14 03:52:46.554 1009 1185 I ActivityTaskManager: clear resize flag in freeform mode
03-14 03:52:46.554 1009 1185 W WindowManager: updateScale : 0.79357797
03-14 03:52:46.565 1009 1585 W WindowManager: updateScale : 0.79357797
03-14 03:52:46.571 1009 1185 I ActivityTaskManager: clear resize flag in freeform mode
03-14 03:52:46.571 1009 1185 W WindowManager: updateScale : 0.79357797
03-14 03:52:46.581 1009 1585 W WindowManager: updateScale : 0.79357797
03-14 03:52:46.587 1009 1185 I ActivityTaskManager: clear resize flag in freeform mode
03-14 03:52:46.588 1009 1185 W WindowManager: updateScale : 0.79357797
03-14 03:52:46.598 1009 1585 W WindowManager: updateScale : 0.79357797
03-14 03:52:46.604 1009 1185 I ActivityTaskManager: clear resize flag in freeform mode
03-14 03:52:46.604 1009 1185 W WindowManager: updateScale : 0.79357797
03-14 03:52:46.615 1009 2156 W WindowManager: updateScale : 0.79357797
03-14 03:52:46.620 1009 1185 I ActivityTaskManager: clear resize flag in freeform mode
03-14 03:52:46.621 1009 1185 W WindowManager: updateScale : 0.79357797
03-14 03:52:46.632 1009 2156 W WindowManager: updateScale : 0.79357797
03-14 03:52:46.637 1009 1185 I ActivityTaskManager: clear resize flag in freeform mode
03-14 03:52:46.638 1009 1185 W WindowManager: updateScale : 0.79357797
03-14 03:52:46.648 1009 2156 W WindowManager: updateScale : 0.79357797
03-14 03:52:46.665 1009 2156 W WindowManager: updateScale : 0.79357797
03-14 03:52:46.800 1009 1587 I input_interaction: Interaction with: b68d17 com.android.launcher3/com.android.launcher3.uioverrides.QuickstepLauncher (server), 8c59581 com.android.systemui.ImageWallpaper (server), edge-swipe (server), swipe-up (server), PointerEventDispatcher0 (server),
03-14 03:52:47.601 1009 2148 I thunderperf: PlatormCompat.setOverrides: Uid1=10074 Pid1=2625 Uid2=10074 Pid2=2625
03-14 03:52:47.601 1009 2148 I thunderperf: PlatormCompat.setOverrides: needCheck:false
03-14 03:52:47.601 1009 2148 I thunderperf: CompatConfig.addOverrideUnsafe: bef-state=0
03-14 03:52:47.601 1009 2148 I thunderperf: CompatConfig.addOverrideUnsafe: aft-state=0
03-14 03:52:47.603 1009 2148 I thunderperf: CompatConfig.addOverrideUnsafe: bef-state=0
03-14 03:52:47.603 1009 2148 I thunderperf: CompatConfig.addOverrideUnsafe: aft-state=0
03-14 03:52:47.604 1009 2148 I thunderperf: CompatConfig.addOverrideUnsafe: bef-state=0
03-14 03:52:47.604 1009 2148 I thunderperf: CompatConfig.addOverrideUnsafe: aft-state=0
03-14 03:52:47.604 1009 2148 I thunderperf: CompatConfig.addOverrideUnsafe: bef-state=0
03-14 03:52:47.604 1009 2148 I thunderperf: CompatConfig.addOverrideUnsafe: aft-state=0
03-14 03:52:47.604 1009 2148 I thunderperf: CompatConfig.addOverrideUnsafe: bef-state=0
03-14 03:52:47.604 1009 2148 I thunderperf: CompatConfig.addOverrideUnsafe: aft-state=0
03-14 03:52:47.605 1009 2148 I thunderperf: CompatConfig.addOverrideUnsafe: bef-state=0
03-14 03:52:47.605 1009 2148 I thunderperf: CompatConfig.addOverrideUnsafe: aft-state=0
03-14 03:52:47.605 1009 2148 I thunderperf: CompatConfig.addOverrideUnsafe: bef-state=0
03-14 03:52:47.605 1009 2148 I thunderperf: CompatConfig.addOverrideUnsafe: aft-state=0
03-14 03:52:47.606 1009 2148 I thunderperf: CompatConfig.addOverrideUnsafe: bef-state=0
03-14 03:52:47.606 1009 2148 I thunderperf: CompatConfig.addOverrideUnsafe: aft-state=0
03-14 03:52:47.606 1009 2148 I thunderperf: CompatConfig.addOverrideUnsafe: bef-state=0
03-14 03:52:47.606 1009 2148 I thunderperf: CompatConfig.addOverrideUnsafe: aft-state=0
03-14 03:52:47.606 1009 2148 I thunderperf: CompatConfig.addOverrideUnsafe: bef-state=0
03-14 03:52:47.606 1009 2148 I thunderperf: CompatConfig.addOverrideUnsafe: aft-state=0
03-14 03:52:47.607 1009 2148 I thunderperf: CompatConfig.addOverrideUnsafe: bef-state=0
03-14 03:52:47.607 1009 2148 I thunderperf: CompatConfig.addOverrideUnsafe: aft-state=0
03-14 03:52:47.607 1009 2148 I thunderperf: CompatConfig.addOverrideUnsafe: bef-state=0
03-14 03:52:47.607 1009 2148 I thunderperf: CompatConfig.addOverrideUnsafe: aft-state=0
03-14 03:52:47.608 1009 2148 I thunderperf: CompatConfig.addOverrideUnsafe: bef-state=0
03-14 03:52:47.608 1009 2148 I thunderperf: CompatConfig.addOverrideUnsafe: aft-state=0
03-14 03:52:47.608 1009 2148 I thunderperf: CompatConfig.addOverrideUnsafe: bef-state=0
03-14 03:52:47.608 1009 2148 I thunderperf: CompatConfig.addOverrideUnsafe: aft-state=0
03-14 03:52:47.613 1009 2148 I ActivityTaskManager: START u0 {act=android.intent.action.MAIN cat=[android.intent.category.LAUNCHER] flg=0x10200000 cmp=com.android.documentsui/.LauncherActivity bnds=[112,632][388,906]} from uid 10074
03-14 03:52:47.615 1009 2148 I wm_task_created: [136,-1]
03-14 03:52:47.615 1009 2148 W ActivityTaskManager: Can't find TaskDisplayArea to determine support for multi window. Task id=136 attached=false
03-14 03:52:47.616 1009 2148 D CompatibilityChangeReporter: Compat change id reported: 174042980; UID 10023; state: DISABLED
03-14 03:52:47.617 1009 2148 D CompatibilityChangeReporter: Compat change id reported: 184838306; UID 10023; state: DISABLED
03-14 03:52:47.617 1009 2148 D CompatibilityChangeReporter: Compat change id reported: 185004937; UID 10023; state: DISABLED
03-14 03:52:47.617 1009 2148 D CompatibilityChangeReporter: Compat change id reported: 181136395; UID 10023; state: DISABLED
03-14 03:52:47.617 1009 2148 D CompatibilityChangeReporter: Compat change id reported: 174042936; UID 10023; state: DISABLED
03-14 03:52:47.618 1009 2148 I wm_task_moved: [136,1,7]
03-14 03:52:47.618 1009 2148 I wm_task_to_front: [0,136]
03-14 03:52:47.618 1009 2148 I wm_create_task: [0,136]
03-14 03:52:47.618 1009 2148 I wm_create_activity: [0,111224965,136,com.android.documentsui/.LauncherActivity,android.intent.action.MAIN,NULL,NULL,270532608]
03-14 03:52:47.618 1009 2148 I wm_task_moved: [136,1,7]
03-14 03:52:47.618 3708 3708 I wm_on_top_resumed_lost_called: [73236750,com.android.music.VideoBrowserActivity,topStateChangedWhenResumed]
03-14 03:52:47.618 1009 2148 D CompatibilityChangeReporter: Compat change id reported: 168419799; UID 10023; state: DISABLED
03-14 03:52:47.619 1009 2148 V SplashScreenExceptionList: SplashScreen checking exception for package com.android.documentsui (target sdk:30) -> false
03-14 03:52:47.619 1009 2148 I wm_pause_activity: [0,196755772,com.android.launcher3/.uioverrides.QuickstepLauncher,userLeaving=true,pauseBackTasks]
03-14 03:52:47.619 1009 2148 W WindowManager: updateScale : 0.79357797
03-14 03:52:47.621 1009 2156 W FreeFormWindowHelper: Current Display FreeFormTask is Task{1f16b09 #135 type=standard A=10086:android.task.video U=0 visible=true mode=freeform translucent=false sz=1}
03-14 03:52:47.621 2625 2625 I wm_on_paused_called: [196755772,com.android.launcher3.uioverrides.QuickstepLauncher,performPause]
03-14 03:52:47.622 1009 2156 I ActivityTaskManager: FOREGROUND_APPLICATION_CHANGED to com.android.documentsui.files.LauncherActivity
03-14 03:52:47.622 1009 2156 I ActivityTaskManager: The Process com.android.documentsui Already Exists in BG. So sending its PID: 7628
03-14 03:52:47.623 1009 2156 I wm_restart_activity: [0,111224965,136,com.android.documentsui/.LauncherActivity]
03-14 03:52:47.624 1009 2156 I wm_set_resumed_activity: [0,com.android.documentsui/.LauncherActivity,minimalResumeActivityLocked]
03-14 03:52:47.626 1009 1183 I am_uid_active: 10023
03-14 03:52:47.627 1009 1183 I sysui_multi_action: [757,803,799,window_time_2,802,5]
03-14 03:52:47.632 1009 2156 I thunderperf: PlatormCompat.setOverrides: Uid1=10023 Pid1=7628 Uid2=10023 Pid2=7628
03-14 03:52:47.632 1009 2156 I thunderperf: PlatormCompat.setOverrides: needCheck:false
03-14 03:52:47.632 1009 2156 I thunderperf: CompatConfig.addOverrideUnsafe: bef-state=0
03-14 03:52:47.632 1009 2156 I thunderperf: CompatConfig.addOverrideUnsafe: aft-state=0
03-14 03:52:47.632 1009 2156 I thunderperf: CompatConfig.addOverrideUnsafe: bef-state=0
03-14 03:52:47.632 1009 2156 I thunderperf: CompatConfig.addOverrideUnsafe: aft-state=0
03-14 03:52:47.632 1009 2156 I thunderperf: CompatConfig.addOverrideUnsafe: bef-state=0
03-14 03:52:47.632 1009 2156 I thunderperf: CompatConfig.addOverrideUnsafe: aft-state=0
03-14 03:52:47.633 1009 2156 I thunderperf: CompatConfig.addOverrideUnsafe: bef-state=0
03-14 03:52:47.633 1009 2156 I thunderperf: CompatConfig.addOverrideUnsafe: aft-state=0
03-14 03:52:47.633 1009 2156 I thunderperf: CompatConfig.addOverrideUnsafe: bef-state=0
03-14 03:52:47.633 1009 2156 I thunderperf: CompatConfig.addOverrideUnsafe: aft-state=0
03-14 03:52:47.633 1009 2156 I thunderperf: CompatConfig.addOverrideUnsafe: bef-state=0
03-14 03:52:47.633 1009 2156 I thunderperf: CompatConfig.addOverrideUnsafe: aft-state=0
03-14 03:52:47.633 1009 2156 I thunderperf: CompatConfig.addOverrideUnsafe: bef-state=0
03-14 03:52:47.633 1009 2156 I thunderperf: CompatConfig.addOverrideUnsafe: aft-state=0
03-14 03:52:47.633 1009 2156 I thunderperf: CompatConfig.addOverrideUnsafe: bef-state=0
03-14 03:52:47.633 1009 2156 I thunderperf: CompatConfig.addOverrideUnsafe: aft-state=0
03-14 03:52:47.633 1009 2156 I thunderperf: CompatConfig.addOverrideUnsafe: bef-state=0
03-14 03:52:47.633 1009 2156 I thunderperf: CompatConfig.addOverrideUnsafe: aft-state=0
03-14 03:52:47.633 1009 2156 I thunderperf: CompatConfig.addOverrideUnsafe: bef-state=0
03-14 03:52:47.633 1009 2156 I thunderperf: CompatConfig.addOverrideUnsafe: aft-state=0
03-14 03:52:47.634 1009 2156 I thunderperf: CompatConfig.addOverrideUnsafe: bef-state=0
03-14 03:52:47.634 1009 2156 I thunderperf: CompatConfig.addOverrideUnsafe: aft-state=0
03-14 03:52:47.634 1009 2156 I thunderperf: CompatConfig.addOverrideUnsafe: bef-state=0
03-14 03:52:47.634 1009 2156 I thunderperf: CompatConfig.addOverrideUnsafe: aft-state=0
03-14 03:52:47.634 1009 2156 I thunderperf: CompatConfig.addOverrideUnsafe: bef-state=0
03-14 03:52:47.634 1009 2156 I thunderperf: CompatConfig.addOverrideUnsafe: aft-state=0
03-14 03:52:47.634 1009 2156 I thunderperf: CompatConfig.addOverrideUnsafe: bef-state=0
03-14 03:52:47.634 1009 2156 I thunderperf: CompatConfig.addOverrideUnsafe: aft-state=0
03-14 03:52:47.636 1009 2156 I ActivityTaskManager: START u0 {dat=//com.android.documentsui.launchControl flg=0x10200000 cmp=com.android.documentsui/.files.FilesActivity (has extras)} from uid 10023
03-14 03:52:47.637 1009 2156 I wm_task_created: [137,-1]
03-14 03:52:47.637 1009 2156 W ActivityTaskManager: Can't find TaskDisplayArea to determine support for multi window. Task id=137 attached=false
03-14 03:52:47.639 1009 2156 I wm_task_moved: [137,1,8]
03-14 03:52:47.639 1009 2156 I wm_task_to_front: [0,137]
03-14 03:52:47.639 1009 2156 I wm_create_task: [0,137]
03-14 03:52:47.639 1009 2156 I wm_create_activity: [0,176114836,137,com.android.documentsui/.files.FilesActivity,NULL,NULL,//com.android.documentsui.launchControl,271056896]
03-14 03:52:47.639 1009 2156 I wm_task_moved: [137,1,8]
03-14 03:52:47.640 1009 2156 V SplashScreenExceptionList: SplashScreen checking exception for package com.android.documentsui (target sdk:30) -> false
03-14 03:52:47.640 2029 2213 D PhoneStartingWindowTypeAlgorithm: preferredStartingWindowType newTask:true taskSwitch:true processRunning:true allowTaskSnapshot:true activityCreated:false useEmptySplashScreen:false legacySplashScreen:false topIsHome:false
03-14 03:52:47.640 2029 2213 D StartingSurfaceDrawer: addSplashScreen com.android.documentsui theme=7f110102 task=137 suggestType=1
03-14 03:52:47.640 1009 2156 I wm_pause_activity: [0,111224965,com.android.documentsui/.LauncherActivity,userLeaving=true,pauseBackTasks]
03-14 03:52:47.640 1009 2156 W WindowManager: updateScale : 0.79357797
03-14 03:52:47.641 2029 2215 D StartingSurfaceDrawer: window attributes color: 0 icon null duration 0 brandImage null
03-14 03:52:47.642 2029 2215 D StartingSurfaceDrawer: FgMainColor=ff000000 BgMainColor=0 IsBgComplex=false FromCache=true ThemeColor=ffffffff
03-14 03:52:47.642 1009 2156 I wm_finish_activity: [0,111224965,136,com.android.documentsui/.LauncherActivity,app-request]
03-14 03:52:47.642 2029 2215 D StartingSurfaceDrawer: isRgbSimilarInHsv a: ffffffff b 0 contrast ratio: 20.999998
03-14 03:52:47.642 2029 2215 D StartingSurfaceDrawer: hsvDiff 0 ah 0.0 bh 0.0 as 0.0 bs 0.0 av 1.0 bv 0.0 sqH 0.0 sqS 0.0 sqV 1.0 root 0.5773502691896257
03-14 03:52:47.642 7628 7628 I wm_on_create_called: [111224965,com.android.documentsui.LauncherActivity,performCreate]
03-14 03:52:47.642 2029 2215 D StartingSurfaceDrawer: isRgbSimilarInHsv a: ffffffff b ff000000 contrast ratio: 20.999998
03-14 03:52:47.642 2029 2215 D StartingSurfaceDrawer: hsvDiff 0 ah 0.0 bh 0.0 as 0.0 bs 0.0 av 1.0 bv 0.0 sqH 0.0 sqS 0.0 sqV 1.0 root 0.5773502691896257
03-14 03:52:47.642 2029 2215 D StartingSurfaceDrawer: makeSplashScreenContentView: choose fg icon
03-14 03:52:47.642 2029 2215 D StartingSurfaceDrawer: fillViewWithIcon surfaceWindowView android.window.SplashScreenView{71cf83c V.E...... ......ID 0,0-0,0}
03-14 03:52:47.644 1009 1724 I wm_add_to_stopping: [0,111224965,com.android.documentsui/.LauncherActivity,completeFinishing]
03-14 03:52:47.644 1009 1724 I ActivityTaskManager: FOREGROUND_APPLICATION_CHANGED to com.android.documentsui.files.FilesActivity
03-14 03:52:47.645 1009 1724 I ActivityTaskManager: The Process com.android.documentsui Already Exists in BG. So sending its PID: 7628
03-14 03:52:47.645 1009 1724 W ActivityTaskManager: Tried to set launchTime (0) < mLastActivityLaunchTime (134097)
03-14 03:52:47.645 1009 1724 I wm_add_to_stopping: [0,196755772,com.android.launcher3/.uioverrides.QuickstepLauncher,makeInvisible]
03-14 03:52:47.645 1009 1724 I wm_restart_activity: [0,176114836,137,com.android.documentsui/.files.FilesActivity]
03-14 03:52:47.646 1009 1724 I wm_set_resumed_activity: [0,com.android.documentsui/.files.FilesActivity,minimalResumeActivityLocked]
03-14 03:52:47.648 1009 1183 I wm_destroy_activity: [0,111224965,136,com.android.documentsui/.LauncherActivity,finish-imm:idle]
03-14 03:52:47.649 1009 1183 I sysui_multi_action: [757,803,799,window_time_0,802,0]
03-14 03:52:47.654 1009 2153 W WindowManager: updateScale : 0.79357797
03-14 03:52:47.660 1009 1184 W WindowManager: updateScale : 0.79357797
03-14 03:52:47.663 1009 1184 W WindowManager: updateScale : 0.79357797
03-14 03:52:47.666 1009 1184 W WindowManager: updateScale : 0.79357797
03-14 03:52:47.699 7628 7628 I wm_on_create_called: [176114836,com.android.documentsui.files.FilesActivity,performCreate]
03-14 03:52:47.701 7628 7628 I wm_on_start_called: [176114836,com.android.documentsui.files.FilesActivity,handleStartActivity]
03-14 03:52:47.703 7628 7628 I wm_on_resume_called: [176114836,com.android.documentsui.files.FilesActivity,RESUME_ACTIVITY]
03-14 03:52:47.710 7628 7628 I wm_on_top_resumed_gained_called: [176114836,com.android.documentsui.files.FilesActivity,topStateChangedWhenResumed]
03-14 03:52:47.710 7628 7628 I wm_on_destroy_called: [111224965,com.android.documentsui.LauncherActivity,performDestroy]
03-14 03:52:47.710 1009 2153 I wm_task_removed: [136,removeChild:removeChild last r=ActivityRecord{6a12885 u0 com.android.documentsui/.LauncherActivity t-1 f}} in t=Task{34e9e00 #136 type=standard A=10023:com.android.documentsui U=0 visible=false mode=fullscreen translucent=true sz=0}]
03-14 03:52:47.710 1009 2153 I wm_task_removed: [136,removeChild]
03-14 03:52:47.728 1009 2156 W WindowManager: updateScale : 0.79357797
03-14 03:52:47.730 1009 1184 I input_focus: [Focus request bf10556 com.android.documentsui/com.android.documentsui.files.FilesActivity,reason=UpdateInputWindows]
01-01 08:02:16.443 0 0 I binder : 7628:7857 ioctl 40046210 6f09edd1f4 returned -22
03-14 03:52:47.748 1009 1724 W FreeFormWindowHelper: Current Display FreeFormTask is Task{1f16b09 #135 type=standard A=10086:android.task.video U=0 visible=false mode=freeform translucent=true sz=1}
03-14 03:52:47.754 1009 1587 I input_focus: [Focus leaving bcfabd4 com.android.music/com.android.music.VideoBrowserActivity (server),reason=Waiting for window because NOT_VISIBLE]
03-14 03:52:47.756 1009 1184 W WindowManager: updateScale : 0.79357797
03-14 03:52:47.757 1009 1184 W WindowManager: updateScale : 0.79357797
03-14 03:52:47.758 2029 2213 D StartingSurfaceDrawer: Task start finish, remove starting surface for task 137
03-14 03:52:47.758 2029 2213 V StartingSurfaceDrawer: Removing splash screen window for task: 137
03-14 03:52:47.759 1009 1180 I sysui_multi_action: [319,50,321,47,322,145,325,134,757,761,758,8,759,1,806,com.android.documentsui,871,com.android.documentsui.files.FilesActivity,904,com.android.documentsui,905,0,1320,4,1321,1]
03-14 03:52:47.759 1009 1180 I wm_activity_launch_time: [0,176114836,com.android.documentsui/.files.FilesActivity,145]
03-14 03:52:47.771 1009 1587 I input_focus: [Focus entering bf10556 com.android.documentsui/com.android.documentsui.files.FilesActivity (server),reason=Window became focusable. Previous reason: NOT_VISIBLE]
03-14 03:52:47.775 1009 1724 W WindowManager: updateScale : 0.79357797
03-14 03:52:47.793 1009 1724 W WindowManager: updateScale : 0.79357797
03-14 03:52:47.806 1009 1724 W WindowManager: updateScale : 0.79357797
03-14 03:52:47.825 1009 1724 W WindowManager: updateScale : 0.79357797
03-14 03:52:47.837 1009 1724 W WindowManager: updateScale : 0.79357797
03-14 03:52:47.854 1009 1724 W WindowManager: updateScale : 0.79357797
03-14 03:52:48.122 1009 1724 W WindowManager: updateScale : 0.79357797
03-14 03:52:48.123 1009 3052 W WindowManager: updateScale : 0.79357797
03-14 03:52:48.189 1009 1183 I wm_stop_activity: [0,196755772,com.android.launcher3/.uioverrides.QuickstepLauncher]
03-14 03:52:48.204 1009 1184 W WindowManager: updateScale : 0.79357797
03-14 03:52:48.205 1009 1184 W WindowManager: updateScale : 0.79357797
03-14 03:52:48.205 1009 3052 W WindowManager: updateScale : 0.79357797
03-14 03:52:48.207 2625 2625 I wm_on_stop_called: [196755772,com.android.launcher3.uioverrides.QuickstepLauncher,STOP_ACTIVITY_ITEM]
03-14 03:52:48.221 1009 1184 W WindowManager: updateScale : 0.79357797
03-14 03:52:48.290 1009 1184 W WindowManager: updateScale : 0.79357797
03-14 03:52:48.306 1009 1184 W WindowManager: updateScale : 0.79357797
03-14 03:52:48.436 1009 1587 I input_interaction: Interaction with: bf10556 com.android.documentsui/com.android.documentsui.files.FilesActivity (server), edge-swipe (server), swipe-up (server), PointerEventDispatcher0 (server),
03-14 03:52:48.440 1009 1724 W FreeFormWindowHelper: Current Display FreeFormTask is Task{1f16b09 #135 type=standard A=10086:android.task.video U=0 visible=false mode=freeform translucent=true sz=1}
03-14 03:52:48.441 1009 1724 W FreeFormWindowHelper: Current Display FreeFormTask is Task{1f16b09 #135 type=standard A=10086:android.task.video U=0 visible=false mode=freeform translucent=true sz=1}
03-14 03:52:48.442 1009 1724 W FreeFormWindowHelper: Current Display FreeFormTask is Task{1f16b09 #135 type=standard A=10086:android.task.video U=0 visible=false mode=freeform translucent=true sz=1}
03-14 03:52:48.442 1009 3052 I wm_task_moved: [1,0,0]
03-14 03:52:48.442 1009 3052 I wm_task_moved: [1,0,6]
03-14 03:52:48.444 1009 1724 W FreeFormWindowHelper: Current Display FreeFormTask is Task{1f16b09 #135 type=standard A=10086:android.task.video U=0 visible=false mode=freeform translucent=true sz=1}
03-14 03:52:48.444 1009 3052 W WindowManager: updateScale : 0.79357797
03-14 03:52:48.452 2625 2625 I wm_on_restart_called: [196755772,com.android.launcher3.uioverrides.QuickstepLauncher,performRestartActivity]
03-14 03:52:48.453 1009 3052 W FreeFormWindowHelper: Current Display FreeFormTask is Task{1f16b09 #135 type=standard A=10086:android.task.video U=0 visible=false mode=freeform translucent=true sz=1}
03-14 03:52:48.453 1009 3052 W FreeFormWindowHelper: Current Display FreeFormTask is Task{1f16b09 #135 type=standard A=10086:android.task.video U=0 visible=false mode=freeform translucent=true sz=1}
03-14 03:52:48.454 1009 3052 W FreeFormWindowHelper: Current Display FreeFormTask is Task{1f16b09 #135 type=standard A=10086:android.task.video U=0 visible=false mode=freeform translucent=true sz=1}
03-14 03:52:48.469 2625 2625 I wm_on_start_called: [196755772,com.android.launcher3.uioverrides.QuickstepLauncher,handleStartActivity]
03-14 03:52:48.470 7628 7628 I view_enqueue_input_event: [Motion - Cancel,com.android.documentsui/com.android.documentsui.files.FilesActivity]
03-14 03:52:48.470 1009 1180 D AutofillManagerService: Close system dialogs
03-14 03:52:48.470 1009 1184 I input_focus: [Focus request recents_animation_input_consumer,reason=UpdateInputWindows]
03-14 03:52:48.471 1009 3052 W ActivityTaskManager: getTaskSnapshot: taskId=-292 not found
03-14 03:52:48.473 1009 1724 W WindowManager: updateScale : 0.79357797
03-14 03:52:48.475 1009 1587 I input_interaction: Interaction with: edge-swipe (server), swipe-up (server), PointerEventDispatcher0 (server),
03-14 03:52:48.475 1009 1724 W FreeFormWindowHelper: Current Display FreeFormTask is Task{1f16b09 #135 type=standard A=10086:android.task.video U=0 visible=false mode=freeform translucent=true sz=1}
03-14 03:52:48.475 1009 1724 W FreeFormWindowHelper: Current Display FreeFormTask is Task{1f16b09 #135 type=standard A=10086:android.task.video U=0 visible=false mode=freeform translucent=true sz=1}
03-14 03:52:48.476 2625 2625 I sysui_latency: [1,39]
03-14 03:52:48.479 1009 1184 W WindowManager: updateScale : 0.79357797
03-14 03:52:48.479 1009 1184 W WindowManager: updateScale : 0.79357797
03-14 03:52:48.480 1009 1724 W FreeFormWindowHelper: Current Display FreeFormTask is Task{1f16b09 #135 type=standard A=10086:android.task.video U=0 visible=false mode=freeform translucent=true sz=1}
03-14 03:52:48.480 1009 1184 W WindowManager: updateScale : 0.79357797
03-14 03:52:48.481 1009 1180 I sysui_multi_action: [319,3,322,37,325,134,757,761,758,9,759,5,806,com.android.launcher3,871,com.android.launcher3.uioverrides.QuickstepLauncher,905,0,1320,4,1321,1]
03-14 03:52:48.481 1009 2156 W FreeFormWindowHelper: Current Display FreeFormTask is Task{1f16b09 #135 type=standard A=10086:android.task.video U=0 visible=false mode=freeform translucent=true sz=1}
03-14 03:52:48.482 1009 2156 W FreeFormWindowHelper: Current Display FreeFormTask is Task{1f16b09 #135 type=standard A=10086:android.task.video U=0 visible=false mode=freeform translucent=true sz=1}
03-14 03:52:48.482 1009 3052 W FreeFormWindowHelper: Current Display FreeFormTask is Task{1f16b09 #135 type=standard A=10086:android.task.video U=0 visible=false mode=freeform translucent=true sz=1}
03-14 03:52:48.483 1009 3052 W FreeFormWindowHelper: Current Display FreeFormTask is Task{1f16b09 #135 type=standard A=10086:android.task.video U=0 visible=false mode=freeform translucent=true sz=1}
03-14 03:52:48.489 1009 2156 W FreeFormWindowHelper: Current Display FreeFormTask is Task{1f16b09 #135 type=standard A=10086:android.task.video U=0 visible=false mode=freeform translucent=true sz=1}
03-14 03:52:48.489 1009 1587 I input_focus: [Focus leaving bf10556 com.android.documentsui/com.android.documentsui.files.FilesActivity (server),reason=NOT_FOCUSABLE]
03-14 03:52:48.489 1009 1587 I input_focus: [Focus entering recents_animation_input_consumer (server),reason=setFocusedWindow]
03-14 03:52:48.490 1009 2156 W FreeFormWindowHelper: Current Display FreeFormTask is Task{1f16b09 #135 type=standard A=10086:android.task.video U=0 visible=false mode=freeform translucent=true sz=1}
03-14 03:52:48.494 1009 1724 W ActivityTaskManager: getTaskSnapshot: taskId=-254 not found
03-14 03:52:48.507 1009 2156 W FreeFormWindowHelper: Current Display FreeFormTask is Task{1f16b09 #135 type=standard A=10086:android.task.video U=0 visible=false mode=freeform translucent=true sz=1}
03-14 03:52:48.507 1009 2156 W FreeFormWindowHelper: Current Display FreeFormTask is Task{1f16b09 #135 type=standard A=10086:android.task.video U=0 visible=false mode=freeform translucent=true sz=1}
03-14 03:52:48.507 1009 1184 W WindowManager: updateScale : 0.79357797
03-14 03:52:48.524 1009 2156 W FreeFormWindowHelper: Current Display FreeFormTask is Task{1f16b09 #135 type=standard A=10086:android.task.video U=0 visible=false mode=freeform translucent=true sz=1}
03-14 03:52:48.524 1009 2156 W FreeFormWindowHelper: Current Display FreeFormTask is Task{1f16b09 #135 type=standard A=10086:android.task.video U=0 visible=false mode=freeform translucent=true sz=1}
03-14 03:52:48.561 1009 2156 W FreeFormWindowHelper: exitRecentTasks type=0
03-14 03:52:48.574 1009 2156 W FreeFormWindowHelper: Current Display FreeFormTask is Task{1f16b09 #135 type=standard A=10086:android.task.video U=0 visible=false mode=freeform translucent=true sz=1}
03-14 03:52:48.574 1009 2156 W FreeFormWindowHelper: Current Display FreeFormTask is Task{1f16b09 #135 type=standard A=10086:android.task.video U=0 visible=false mode=freeform translucent=true sz=1}
03-14 03:52:48.669 1009 1488 I commit_sys_config_file: [settings-1-0,1]
03-14 03:52:48.781 1009 1188 I sysui_latency: [8,42]
03-14 03:52:48.967 0 0 I auditd : type=1400 audit(0.0:3353): avc: denied { kill } for comm="swapper/6" capability=5 scontext=u:r:kernel:s0 tcontext=u:r:kernel:s0 tclass=capability permissive=1
03-14 03:52:49.085 1009 1587 I input_interaction: Interaction with: recents_animation_input_consumer (server), edge-swipe (server), swipe-up (server), PointerEventDispatcher0 (server),
03-14 03:52:49.107 1009 3052 W FreeFormWindowHelper: Current Display FreeFormTask is Task{1f16b09 #135 type=standard A=10086:android.task.video U=0 visible=false mode=freeform translucent=true sz=1}
03-14 03:52:49.107 1009 3052 W FreeFormWindowHelper: Current Display FreeFormTask is Task{1f16b09 #135 type=standard A=10086:android.task.video U=0 visible=false mode=freeform translucent=true sz=1}
03-14 03:52:49.110 1009 3052 I wm_task_moved: [1,1,7]
03-14 03:52:49.110 1009 3052 I wm_task_moved: [127,1,2147483647]
03-14 03:52:49.110 1009 3052 I wm_task_to_front: [0,127]
03-14 03:52:49.110 7628 7628 I wm_on_top_resumed_lost_called: [176114836,com.android.documentsui.files.FilesActivity,topStateChangedWhenResumed]
03-14 03:52:49.110 1009 3052 I wm_focused_root_task: [0,0,1,137,RecentsAnimation.onAnimationFinished()]
03-14 03:52:49.110 1009 3052 I wm_set_resumed_activity: [0,com.android.launcher3/.uioverrides.QuickstepLauncher,RecentsAnimation.onAnimationFinished()]
03-14 03:52:49.110 1009 3052 I wm_pause_activity: [0,176114836,com.android.documentsui/.files.FilesActivity,userLeaving=true,pauseBackTasks]
03-14 03:52:49.111 1009 3052 I wm_add_to_stopping: [0,176114836,com.android.documentsui/.files.FilesActivity,makeInvisible]
03-14 03:52:49.111 1009 3052 I ActivityTaskManager: FOREGROUND_APPLICATION_CHANGED to com.android.launcher3.uioverrides.QuickstepLauncher
03-14 03:52:49.111 1009 3052 I wm_set_resumed_activity: [0,com.android.launcher3/.uioverrides.QuickstepLauncher,resumeTopActivityInnerLocked]
03-14 03:52:49.112 1009 3052 I wm_resume_activity: [0,196755772,127,com.android.launcher3/.uioverrides.QuickstepLauncher]
03-14 03:52:49.113 2625 2625 I wm_on_resume_called: [196755772,com.android.launcher3.uioverrides.QuickstepLauncher,RESUME_ACTIVITY]
03-14 03:52:49.113 1009 3052 W WindowManager: updateScale : 0.79357797
03-14 03:52:49.115 1009 3052 W WindowManager: updateScale : 0.79357797
03-14 03:52:49.115 1009 1184 I input_focus: [Focus request b68d17 com.android.launcher3/com.android.launcher3.uioverrides.QuickstepLauncher,reason=UpdateInputWindows]
03-14 03:52:49.116 7628 7628 I wm_on_paused_called: [176114836,com.android.documentsui.files.FilesActivity,performPause]
03-14 03:52:49.117 2625 2625 I wm_on_top_resumed_gained_called: [196755772,com.android.launcher3.uioverrides.QuickstepLauncher,topStateChangedWhenResumed]
03-14 03:52:49.117 1009 1183 I wm_stop_activity: [0,176114836,com.android.documentsui/.files.FilesActivity]
03-14 03:52:49.117 1009 1183 I sysui_multi_action: [757,803,799,window_time_0,802,1]
03-14 03:52:49.118 1009 1183 I sysui_multi_action: [757,803,799,window_time_0,802,0]
03-14 03:52:49.125 1009 1587 I input_focus: [Focus leaving recents_animation_input_consumer (server),reason=NOT_VISIBLE]
03-14 03:52:49.125 1009 2178 W WindowManager: updateScale : 0.79357797
03-14 03:52:49.127 1009 1188 I am_pss : [7362,1000,system:ui,18106368,9146368,0,150306816,0,19,6]
03-14 03:52:49.132 7628 7628 I wm_on_stop_called: [176114836,com.android.documentsui.files.FilesActivity,STOP_ACTIVITY_ITEM]
03-14 03:52:49.135 1009 1188 I am_pss : [6079,10102,com.qiyi.video:QS,27593728,10018816,0,143478784,0,10,7]
03-14 03:52:49.140 1009 2178 W WindowManager: updateScale : 0.79357797
03-14 03:52:49.140 1009 1587 I input_focus: [Focus entering b68d17 com.android.launcher3/com.android.launcher3.uioverrides.QuickstepLauncher (server),reason=setFocusedWindow]
03-14 03:52:49.216 1009 1585 W FreeFormWindowHelper: Current Display FreeFormTask is Task{1f16b09 #135 type=standard A=10086:android.task.video U=0 visible=false mode=freeform translucent=true sz=1}
03-14 03:52:49.622 1009 1188 I sysui_multi_action: [757,1717,758,1,759,0]
03-14 03:52:49.622 1009 1188 I sysui_multi_action: [757,1717,758,2,759,0]
03-14 03:52:49.622 1009 1188 I sysui_multi_action: [757,1717,758,3,759,0]
01-01 08:02:18.643 0 0 E DTC_ETH,link_delay_work_func: 3003, SQI=0, link=0
03-14 03:52:50.076 1009 1587 I input_interaction: Interaction with: b68d17 com.android.launcher3/com.android.launcher3.uioverrides.QuickstepLauncher (server), 8c59581 com.android.systemui.ImageWallpaper (server), edge-swipe (server), swipe-up (server), PointerEventDispatcher0 (server),
03-14 03:52:50.179 1009 3052 I thunderperf: PlatormCompat.setOverrides: Uid1=10074 Pid1=2625 Uid2=10074 Pid2=2625
03-14 03:52:50.179 1009 3052 I thunderperf: PlatormCompat.setOverrides: needCheck:false
03-14 03:52:50.179 1009 3052 I thunderperf: CompatConfig.addOverrideUnsafe: bef-state=0
03-14 03:52:50.179 1009 3052 I thunderperf: CompatConfig.addOverrideUnsafe: aft-state=0
03-14 03:52:50.180 1009 3052 I thunderperf: CompatConfig.addOverrideUnsafe: bef-state=0
03-14 03:52:50.180 1009 3052 I thunderperf: CompatConfig.addOverrideUnsafe: aft-state=0
03-14 03:52:50.180 1009 3052 I thunderperf: CompatConfig.addOverrideUnsafe: bef-state=0
03-14 03:52:50.180 1009 3052 I thunderperf: CompatConfig.addOverrideUnsafe: aft-state=0
03-14 03:52:50.181 1009 3052 I thunderperf: CompatConfig.addOverrideUnsafe: bef-state=0
03-14 03:52:50.181 1009 3052 I thunderperf: CompatConfig.addOverrideUnsafe: aft-state=0
03-14 03:52:50.181 1009 3052 I thunderperf: CompatConfig.addOverrideUnsafe: bef-state=0
03-14 03:52:50.181 1009 3052 I thunderperf: CompatConfig.addOverrideUnsafe: aft-state=0
03-14 03:52:50.182 1009 3052 I thunderperf: CompatConfig.addOverrideUnsafe: bef-state=0
03-14 03:52:50.182 1009 3052 I thunderperf: CompatConfig.addOverrideUnsafe: aft-state=0
03-14 03:52:50.182 1009 3052 I thunderperf: CompatConfig.addOverrideUnsafe: bef-state=0
03-14 03:52:50.182 1009 3052 I thunderperf: CompatConfig.addOverrideUnsafe: aft-state=0
03-14 03:52:50.182 1009 3052 I thunderperf: CompatConfig.addOverrideUnsafe: bef-state=0
03-14 03:52:50.182 1009 3052 I thunderperf: CompatConfig.addOverrideUnsafe: aft-state=0
03-14 03:52:50.183 1009 3052 I thunderperf: CompatConfig.addOverrideUnsafe: bef-state=0
03-14 03:52:50.183 1009 3052 I thunderperf: CompatConfig.addOverrideUnsafe: aft-state=0
03-14 03:52:50.183 1009 3052 I thunderperf: CompatConfig.addOverrideUnsafe: bef-state=0
03-14 03:52:50.183 1009 3052 I thunderperf: CompatConfig.addOverrideUnsafe: aft-state=0
03-14 03:52:50.183 1009 3052 I thunderperf: CompatConfig.addOverrideUnsafe: bef-state=0
03-14 03:52:50.183 1009 3052 I thunderperf: CompatConfig.addOverrideUnsafe: aft-state=0
03-14 03:52:50.184 1009 3052 I thunderperf: CompatConfig.addOverrideUnsafe: bef-state=0
03-14 03:52:50.184 1009 3052 I thunderperf: CompatConfig.addOverrideUnsafe: aft-state=0
03-14 03:52:50.184 1009 3052 I thunderperf: CompatConfig.addOverrideUnsafe: bef-state=0
03-14 03:52:50.184 1009 3052 I thunderperf: CompatConfig.addOverrideUnsafe: aft-state=0
03-14 03:52:50.184 1009 3052 I thunderperf: CompatConfig.addOverrideUnsafe: bef-state=0
03-14 03:52:50.184 1009 3052 I thunderperf: CompatConfig.addOverrideUnsafe: aft-state=0
03-14 03:52:50.192 1009 3052 I ActivityTaskManager: START u0 {act=android.intent.action.MAIN cat=[android.intent.category.LAUNCHER] flg=0x10200000 cmp=com.android.documentsui/.LauncherActivity} from uid 10074
03-14 03:52:50.196 1009 3052 I wm_task_created: [138,-1]
03-14 03:52:50.196 1009 3052 W ActivityTaskManager: Can't find TaskDisplayArea to determine support for multi window. Task id=138 attached=false
03-14 03:52:50.197 1009 3052 D FreeFormWindowHelper: finish old freeform task = ActivityRecord{45d810e u0 com.android.music/.VideoBrowserActivity t135}
03-14 03:52:50.197 1009 3052 I wm_finish_activity: [0,73236750,135,com.android.music/.VideoBrowserActivity,app-request]
03-14 03:52:50.200 1009 3052 I wm_pause_activity: [0,73236750,com.android.music/.VideoBrowserActivity,userLeaving=false,finish]
03-14 03:52:50.200 3708 3708 I wm_on_paused_called: [73236750,com.android.music.VideoBrowserActivity,performPause]
03-14 03:52:50.200 1009 3052 D FreeFormWindowHelper: Add freeform task=Task{b3b826f #138 type=standard ?? U=0 visible=false mode=freeform translucent=true sz=0}
03-14 03:52:50.203 1009 3052 I wm_task_moved: [138,1,8]
03-14 03:52:50.203 1009 3052 I wm_task_to_front: [0,138]
03-14 03:52:50.203 1009 3052 I wm_create_task: [0,138]
03-14 03:52:50.203 1009 3052 I wm_create_activity: [0,183405436,138,com.android.documentsui/.LauncherActivity,android.intent.action.MAIN,NULL,NULL,270532608]
03-14 03:52:50.203 1009 3052 I wm_task_moved: [138,1,8]
03-14 03:52:50.203 1009 3052 V SplashScreenExceptionList: SplashScreen checking exception for package com.android.documentsui (target sdk:30) -> false
03-14 03:52:50.205 1009 1585 I wm_add_to_stopping: [0,73236750,com.android.music/.VideoBrowserActivity,completeFinishing]
03-14 03:52:50.205 1009 1585 I ActivityTaskManager: FOREGROUND_APPLICATION_CHANGED to com.android.documentsui.files.LauncherActivity
03-14 03:52:50.205 2625 2625 I wm_on_top_resumed_lost_called: [196755772,com.android.launcher3.uioverrides.QuickstepLauncher,topStateChangedWhenResumed]
03-14 03:52:50.206 1009 1585 I ActivityTaskManager: The Process com.android.documentsui Already Exists in BG. So sending its PID: 7628
03-14 03:52:50.206 1009 1585 W ActivityTaskManager: Tried to set launchTime (0) < mLastActivityLaunchTime (134120)
03-14 03:52:50.207 1009 1585 I wm_restart_activity: [0,183405436,138,com.android.documentsui/.LauncherActivity]
03-14 03:52:50.207 1009 1585 I wm_set_resumed_activity: [0,com.android.documentsui/.LauncherActivity,minimalResumeActivityLocked]
03-14 03:52:50.215 1009 1183 I sysui_multi_action: [757,803,799,window_time_0,802,1]
03-14 03:52:50.218 1009 2178 I thunderperf: PlatormCompat.setOverrides: Uid1=10023 Pid1=7628 Uid2=10023 Pid2=7628
03-14 03:52:50.218 1009 2178 I thunderperf: PlatormCompat.setOverrides: needCheck:false
03-14 03:52:50.218 1009 2178 I thunderperf: CompatConfig.addOverrideUnsafe: bef-state=0
03-14 03:52:50.218 1009 2178 I thunderperf: CompatConfig.addOverrideUnsafe: aft-state=0
03-14 03:52:50.218 1009 2178 I thunderperf: CompatConfig.addOverrideUnsafe: bef-state=0
03-14 03:52:50.218 1009 2178 I thunderperf: CompatConfig.addOverrideUnsafe: aft-state=0
03-14 03:52:50.218 1009 2178 I thunderperf: CompatConfig.addOverrideUnsafe: bef-state=0
03-14 03:52:50.218 1009 2178 I thunderperf: CompatConfig.addOverrideUnsafe: aft-state=0
03-14 03:52:50.218 1009 2178 I thunderperf: CompatConfig.addOverrideUnsafe: bef-state=0
03-14 03:52:50.218 1009 2178 I thunderperf: CompatConfig.addOverrideUnsafe: aft-state=0
03-14 03:52:50.218 1009 2178 I thunderperf: CompatConfig.addOverrideUnsafe: bef-state=0
03-14 03:52:50.218 1009 2178 I thunderperf: CompatConfig.addOverrideUnsafe: aft-state=0
03-14 03:52:50.219 1009 2178 I thunderperf: CompatConfig.addOverrideUnsafe: bef-state=0
03-14 03:52:50.219 1009 2178 I thunderperf: CompatConfig.addOverrideUnsafe: aft-state=0
03-14 03:52:50.219 1009 2178 I thunderperf: CompatConfig.addOverrideUnsafe: bef-state=0
03-14 03:52:50.219 1009 2178 I thunderperf: CompatConfig.addOverrideUnsafe: aft-state=0
03-14 03:52:50.219 1009 2178 I thunderperf: CompatConfig.addOverrideUnsafe: bef-state=0
03-14 03:52:50.219 1009 2178 I thunderperf: CompatConfig.addOverrideUnsafe: aft-state=0
03-14 03:52:50.219 1009 2178 I thunderperf: CompatConfig.addOverrideUnsafe: bef-state=0
03-14 03:52:50.219 1009 2178 I thunderperf: CompatConfig.addOverrideUnsafe: aft-state=0
03-14 03:52:50.219 1009 2178 I thunderperf: CompatConfig.addOverrideUnsafe: bef-state=0
03-14 03:52:50.219 1009 2178 I thunderperf: CompatConfig.addOverrideUnsafe: aft-state=0
03-14 03:52:50.219 1009 2178 I thunderperf: CompatConfig.addOverrideUnsafe: bef-state=0
03-14 03:52:50.219 1009 2178 I thunderperf: CompatConfig.addOverrideUnsafe: aft-state=0
03-14 03:52:50.219 1009 2178 I thunderperf: CompatConfig.addOverrideUnsafe: bef-state=0
03-14 03:52:50.219 1009 2178 I thunderperf: CompatConfig.addOverrideUnsafe: aft-state=0
03-14 03:52:50.220 1009 2178 I thunderperf: CompatConfig.addOverrideUnsafe: bef-state=0
03-14 03:52:50.220 1009 2178 I thunderperf: CompatConfig.addOverrideUnsafe: aft-state=0
03-14 03:52:50.220 1009 2178 I thunderperf: CompatConfig.addOverrideUnsafe: bef-state=0
03-14 03:52:50.220 1009 2178 I thunderperf: CompatConfig.addOverrideUnsafe: aft-state=0
03-14 03:52:50.221 1009 2178 I ActivityTaskManager: START u0 {dat=//com.android.documentsui.launchControl flg=0x10280000 cmp=com.android.documentsui/.files.FilesActivity (has extras)} from uid 10023
03-14 03:52:50.222 1009 2178 I wm_task_moved: [137,1,8]
03-14 03:52:50.222 1009 2178 I wm_task_to_front: [0,137]
03-14 03:52:50.222 1009 2178 I wm_focused_root_task: [0,0,137,138,bringingFoundTaskToFront]
03-14 03:52:50.222 1009 2178 I wm_set_resumed_activity: [0,com.android.documentsui/.files.FilesActivity,bringingFoundTaskToFront]
03-14 03:52:50.224 1009 2178 D FreeFormWindowHelper: finish old freeform task = ActivityRecord{aee8b7c u0 com.android.documentsui/.LauncherActivity t138}
03-14 03:52:50.224 1009 2178 I wm_finish_activity: [0,183405436,138,com.android.documentsui/.LauncherActivity,app-request]
03-14 03:52:50.224 1009 2178 I wm_pause_activity: [0,183405436,com.android.documentsui/.LauncherActivity,userLeaving=false,finish]
03-14 03:52:50.224 1009 2178 D FreeFormWindowHelper: Add freeform task=Task{626e47e #137 type=standard A=10023:com.android.documentsui U=0 visible=true mode=freeform translucent=true sz=1}
03-14 03:52:50.225 1009 2178 I ActivityTaskManager: clear resize flag in freeform mode
03-14 03:52:50.225 1009 2178 I service_manager_stats: [100,23,9529]
03-14 03:52:50.227 1009 2178 I wm_new_intent: [0,176114836,137,com.android.documentsui/.files.FilesActivity,NULL,NULL,//com.android.documentsui.launchControl,271056896]
03-14 03:52:50.228 1009 2178 W ActivityTaskManager: Finishing task with all activities already finished
03-14 03:52:50.228 1009 2178 W ActivityTaskManager: Duplicate finish request for r=ActivityRecord{aee8b7c u0 com.android.documentsui/.LauncherActivity t138 f}}
03-14 03:52:50.228 7628 7628 I wm_on_create_called: [183405436,com.android.documentsui.LauncherActivity,performCreate]
03-14 03:52:50.233 1009 3052 I wm_add_to_stopping: [0,183405436,com.android.documentsui/.LauncherActivity,completeFinishing]
03-14 03:52:50.233 1009 3052 I ActivityTaskManager: FOREGROUND_APPLICATION_CHANGED to com.android.documentsui.files.FilesActivity
03-14 03:52:50.233 1009 3052 I wm_set_resumed_activity: [0,com.android.documentsui/.files.FilesActivity,resumeTopActivityInnerLocked]
03-14 03:52:50.234 1009 3052 I wm_resume_activity: [0,176114836,137,com.android.documentsui/.files.FilesActivity]
03-14 03:52:50.235 1009 1183 I wm_destroy_activity: [0,183405436,138,com.android.documentsui/.LauncherActivity,finish-imm:idle]
03-14 03:52:50.236 1009 1183 I sysui_multi_action: [757,803,799,window_time_2,802,0]
03-14 03:52:50.244 7628 7628 I wm_on_restart_called: [176114836,com.android.documentsui.files.FilesActivity,performRestartActivity]
03-14 03:52:50.246 7628 7628 I wm_on_start_called: [176114836,com.android.documentsui.files.FilesActivity,handleStartActivity]
03-14 03:52:50.248 7628 7628 I wm_on_resume_called: [176114836,com.android.documentsui.files.FilesActivity,RESUME_ACTIVITY]
03-14 03:52:50.249 7628 7628 I wm_on_top_resumed_gained_called: [176114836,com.android.documentsui.files.FilesActivity,topWhenResuming]
03-14 03:52:50.254 1009 3052 W WindowManager: updateScale : 0.79357797
03-14 03:52:50.256 1009 1184 I input_focus: [Focus request bf10556 com.android.documentsui/com.android.documentsui.files.FilesActivity,reason=UpdateInputWindows]
03-14 03:52:50.269 7628 7628 I wm_on_destroy_called: [183405436,com.android.documentsui.LauncherActivity,performDestroy]
03-14 03:52:50.270 1009 3052 I wm_task_removed: [138,removeChild:removeChild last r=ActivityRecord{aee8b7c u0 com.android.documentsui/.LauncherActivity t-1 f}} in t=Task{b3b826f #138 type=standard A=10023:com.android.documentsui U=0 visible=false mode=freeform translucent=true sz=0}]
03-14 03:52:50.270 1009 3052 I wm_task_removed: [138,removeChild]
03-14 03:52:50.271 1009 1184 W WindowManager: updateScale : 0.79357797
03-14 03:52:50.274 1009 3052 W WindowManager: updateScale : 0.79357797
03-14 03:52:50.277 1009 1587 I input_focus: [Focus leaving b68d17 com.android.launcher3/com.android.launcher3.uioverrides.QuickstepLauncher (server),reason=Waiting for window because NOT_VISIBLE]
03-14 03:52:50.290 1009 1184 W WindowManager: updateScale : 0.79357797
03-14 03:52:50.293 1009 1184 W WindowManager: updateScale : 0.79357797
03-14 03:52:50.294 1009 1180 I sysui_multi_action: [319,100,322,100,325,136,757,761,758,8,759,2,806,com.android.documentsui,871,com.android.documentsui.files.FilesActivity,904,com.android.documentsui,905,0,1320,4,1321,1]
03-14 03:52:50.294 1009 1184 W WindowManager: updateScale : 0.79357797
03-14 03:52:50.294 1009 1180 I wm_activity_launch_time: [0,176114836,com.android.documentsui/.files.FilesActivity,100]
03-14 03:52:50.295 1009 2178 W WindowManager: updateScale : 0.79357797
03-14 03:52:50.307 1009 3052 W WindowManager: updateScale : 0.79357797
03-14 03:52:50.310 1009 1587 I input_focus: [Focus entering bf10556 com.android.documentsui/com.android.documentsui.files.FilesActivity (server),reason=Window became focusable. Previous reason: NOT_VISIBLE]
03-14 03:52:50.315 1009 3052 W WindowManager: updateScale : 0.79357797
03-14 03:52:50.336 1009 2178 W FreeFormWindowHelper: Current Display FreeFormTask is Task{626e47e #137 type=standard A=10023:com.android.documentsui U=0 visible=true mode=freeform translucent=false sz=1}
03-14 03:52:50.577 1009 1184 W WindowManager: updateScale : 0.79357797
03-14 03:52:50.578 1009 1183 I wm_destroy_activity: [0,73236750,135,com.android.music/.VideoBrowserActivity,finish-imm:idle]
03-14 03:52:50.595 1009 2178 W WindowManager: updateScale : 0.79357797
03-14 03:52:50.596 3708 3708 I wm_on_stop_called: [73236750,com.android.music.VideoBrowserActivity,LIFECYCLER_STOP_ACTIVITY]
03-14 03:52:50.597 3708 3708 I wm_on_destroy_called: [73236750,com.android.music.VideoBrowserActivity,performDestroy]
03-14 03:52:50.598 1009 2178 W WindowManager: updateScale : 0.79357797
03-14 03:52:50.599 1009 3052 I wm_task_removed: [135,removeChild:removeChild last r=ActivityRecord{45d810e u0 com.android.music/.VideoBrowserActivity t-1 f}} in t=Task{1f16b09 #135 type=standard A=10086:android.task.video U=0 visible=false mode=freeform translucent=true sz=0}]
03-14 03:52:50.599 1009 3052 I wm_task_removed: [135,removeChild]
03-14 03:52:52.323 5866 5866 I auditd : type=1400 audit(0.0:3354): avc: denied { open } for comm="HCDN_DownloadEn" path="/proc/stat" dev="proc" ino=4026532236 scontext=u:r:untrusted_app:s0:c102,c256,c512,c768 tcontext=u:object_r:proc_stat:s0 tclass=file permissive=1 app=com.qiyi.video
