01-01 08:01:27.447 0 0 E DTC_ETH,link_delay_work_func: 3003, SQI=0, link=0
03-14 03:51:59.975 1009 1009 I auditd : type=1400 audit(0.0:3257): avc: denied { getpgid } for comm="ActivityManager" scontext=u:r:system_server:s0 tcontext=u:r:app_zygote:s0:c512,c768 tclass=process permissive=1
01-01 08:01:32.563 0 0 E DTC_ETH,link_delay_work_func: 3003, SQI=0, link=0
03-14 03:52:04.695 1009 1183 W ActivityTaskManager: Launch timeout has expired, giving up wake lock!
03-14 03:52:04.744 1009 1180 D CompatibilityChangeReporter: Compat change id reported: 168419799; UID 10090; state: DISABLED
03-14 03:52:07.944 1009 2153 I thunderperf: PlatormCompat.setOverrides: Uid1=10074 Pid1=2625 Uid2=10074 Pid2=2625
03-14 03:52:07.944 1009 2153 I thunderperf: PlatormCompat.setOverrides: needCheck:false
03-14 03:52:07.944 1009 2153 I thunderperf: CompatConfig.addOverrideUnsafe: bef-state=0
03-14 03:52:07.944 1009 2153 I thunderperf: CompatConfig.addOverrideUnsafe: aft-state=0
03-14 03:52:07.945 1009 2153 I thunderperf: CompatConfig.addOverrideUnsafe: bef-state=0
03-14 03:52:07.945 1009 2153 I thunderperf: CompatConfig.addOverrideUnsafe: aft-state=0
03-14 03:52:07.945 1009 2153 I thunderperf: CompatConfig.addOverrideUnsafe: bef-state=0
03-14 03:52:07.945 1009 2153 I thunderperf: CompatConfig.addOverrideUnsafe: aft-state=0
03-14 03:52:07.946 1009 2153 I thunderperf: CompatConfig.addOverrideUnsafe: bef-state=0
03-14 03:52:07.946 1009 2153 I thunderperf: CompatConfig.addOverrideUnsafe: aft-state=0
03-14 03:52:07.946 1009 2153 I thunderperf: CompatConfig.addOverrideUnsafe: bef-state=0
03-14 03:52:07.946 1009 2153 I thunderperf: CompatConfig.addOverrideUnsafe: aft-state=0
03-14 03:52:07.947 1009 2153 I thunderperf: CompatConfig.addOverrideUnsafe: bef-state=0
03-14 03:52:07.947 1009 2153 I thunderperf: CompatConfig.addOverrideUnsafe: aft-state=0
03-14 03:52:07.947 1009 2153 I thunderperf: CompatConfig.addOverrideUnsafe: bef-state=0
03-14 03:52:07.947 1009 2153 I thunderperf: CompatConfig.addOverrideUnsafe: aft-state=0
03-14 03:52:07.947 1009 2153 I thunderperf: CompatConfig.addOverrideUnsafe: bef-state=0
03-14 03:52:07.947 1009 2153 I thunderperf: CompatConfig.addOverrideUnsafe: aft-state=0
03-14 03:52:07.948 1009 2153 I thunderperf: CompatConfig.addOverrideUnsafe: bef-state=0
03-14 03:52:07.948 1009 2153 I thunderperf: CompatConfig.addOverrideUnsafe: aft-state=0
03-14 03:52:07.948 1009 2153 I thunderperf: CompatConfig.addOverrideUnsafe: bef-state=0
03-14 03:52:07.948 1009 2153 I thunderperf: CompatConfig.addOverrideUnsafe: aft-state=0
03-14 03:52:07.948 1009 2153 I thunderperf: CompatConfig.addOverrideUnsafe: bef-state=0
03-14 03:52:07.948 1009 2153 I thunderperf: CompatConfig.addOverrideUnsafe: aft-state=0
03-14 03:52:07.949 1009 2153 I thunderperf: CompatConfig.addOverrideUnsafe: bef-state=0
03-14 03:52:07.949 1009 2153 I thunderperf: CompatConfig.addOverrideUnsafe: aft-state=0
03-14 03:52:07.949 1009 2153 I thunderperf: CompatConfig.addOverrideUnsafe: bef-state=0
03-14 03:52:07.949 1009 2153 I thunderperf: CompatConfig.addOverrideUnsafe: aft-state=0
03-14 03:52:07.950 1009 2153 I thunderperf: CompatConfig.addOverrideUnsafe: bef-state=0
03-14 03:52:07.950 1009 2153 I thunderperf: CompatConfig.addOverrideUnsafe: aft-state=0
03-14 03:52:07.957 1009 2153 I ActivityTaskManager: START u0 {act=android.intent.action.MAIN cat=[android.intent.category.LAUNCHER] flg=0x10200000 cmp=com.qiyi.video/.WelcomeActivity} from uid 10074
03-14 03:52:07.967 1009 2153 I wm_task_created: [129,-1]
03-14 03:52:07.967 1009 2153 W ActivityTaskManager: Can't find TaskDisplayArea to determine support for multi window. Task id=129 attached=false
03-14 03:52:07.968 1009 2153 D FreeFormWindowHelper: Add freeform task=Task{1f3e339 #129 type=standard ?? U=0 visible=false mode=freeform translucent=true sz=0}
03-14 03:52:07.969 1009 2153 D CompatibilityChangeReporter: Compat change id reported: 174042980; UID 10102; state: DISABLED
03-14 03:52:07.969 1009 2153 D CompatibilityChangeReporter: Compat change id reported: 184838306; UID 10102; state: DISABLED
03-14 03:52:07.969 1009 2153 D CompatibilityChangeReporter: Compat change id reported: 185004937; UID 10102; state: DISABLED
03-14 03:52:07.969 1009 2153 D CompatibilityChangeReporter: Compat change id reported: 181136395; UID 10102; state: DISABLED
03-14 03:52:07.969 1009 2153 D CompatibilityChangeReporter: Compat change id reported: 174042936; UID 10102; state: DISABLED
03-14 03:52:07.970 1009 2153 I wm_task_moved: [129,1,6]
03-14 03:52:07.970 1009 2153 I wm_task_to_front: [0,129]
03-14 03:52:07.970 1009 2153 I wm_create_task: [0,129]
03-14 03:52:07.970 1009 2153 I wm_create_activity: [0,61248223,129,com.qiyi.video/.WelcomeActivity,android.intent.action.MAIN,NULL,NULL,270532608]
03-14 03:52:07.970 1009 2153 I wm_task_moved: [129,1,6]
03-14 03:52:07.970 1009 2153 D CompatibilityChangeReporter: Compat change id reported: 168419799; UID 10102; state: DISABLED
03-14 03:52:07.971 1009 2153 V SplashScreenExceptionList: SplashScreen checking exception for package com.qiyi.video (target sdk:30) -> false
03-14 03:52:07.971 1009 2153 I ActivityTaskManager: FOREGROUND_APPLICATION_CHANGED to org.qiyi.android.video.MainActivity
03-14 03:52:07.972 2625 2625 I wm_on_top_resumed_lost_called: [196755772,com.android.launcher3.uioverrides.QuickstepLauncher,topStateChangedWhenResumed]
03-14 03:52:07.974 1009 1183 I am_uid_running: 10102
03-14 03:52:07.974 1009 1183 D CompatibilityChangeReporter: Compat change id reported: 135634846; UID 10102; state: DISABLED
03-14 03:52:07.974 1009 1195 D CompatibilityChangeReporter: Compat change id reported: 143937733; UID 10102; state: ENABLED
03-14 03:52:07.978 1009 1195 I am_proc_start: [0,5866,10102,com.qiyi.video,top-activity,{com.qiyi.video/com.qiyi.video.WelcomeActivity}]
03-14 03:52:07.978 1009 1195 I ActivityManager: Start proc 5866:com.qiyi.video/u0a102 for top-activity {com.qiyi.video/com.qiyi.video.WelcomeActivity}
01-01 08:01:36.683 0 0 W perfetto: enabled ftrace
03-14 03:52:07.992 1009 3052 I am_proc_bound: [0,5866,com.qiyi.video]
01-01 08:01:36.691 0 0 I binder : 5866:5866 ioctl 40046210 ffaa2348 returned -22
03-14 03:52:07.994 1009 3052 I ActivityTaskManager: clear resize flag in freeform mode
03-14 03:52:07.994 1009 3052 I ActivityTaskManager: The Process com.qiyi.video Already Exists in BG. So sending its PID: 5866
03-14 03:52:07.995 1009 3052 I wm_restart_activity: [0,61248223,129,com.qiyi.video/.WelcomeActivity]
03-14 03:52:07.995 1009 3052 I wm_set_resumed_activity: [0,com.qiyi.video/.WelcomeActivity,minimalResumeActivityLocked]
03-14 03:52:07.996 1009 3052 I am_uid_active: 10102
03-14 03:52:08.095 5866 5911 E ActivityThread: Failed to find provider info for com.oplus.cardservice.repository.provider.CardServiceServerProvider
03-14 03:52:08.166 1009 1724 D CompatibilityChangeReporter: Compat change id reported: 149924527; UID 10102; state: ENABLED
03-14 03:52:08.166 1009 1724 D CompatibilityChangeReporter: Compat change id reported: 132649864; UID 10102; state: DISABLED
03-14 03:52:08.186 5866 5866 W Looper : Loop again would have the queued messages be executed before this one completed.
03-14 03:52:08.196 1009 3054 D CompatibilityChangeReporter: Compat change id reported: 171306433; UID 10102; state: DISABLED
03-14 03:52:08.227 5866 5866 I wm_on_create_called: [61248223,com.qiyi.video.WelcomeActivity,performCreate]
01-01 08:01:37.012 0 0 I [soft_i][0x6f05a083][03:52:08.310618] wlan: [0:I:DP] dp_addba_requestprocess_wifi3 restore BA win 64 based on addba req
03-14 03:52:08.367 5866 5866 I auditd : type=1400 audit(0.0:3258): avc: denied { search } for comm="AutoName_fpa/fp" name="net" dev="sysfs" ino=46949 scontext=u:r:untrusted_app:s0:c102,c256,c512,c768 tcontext=u:object_r:sysfs_net:s0 tclass=dir permissive=1 app=com.qiyi.video
03-14 03:52:08.367 5866 5866 I auditd : type=1400 audit(0.0:3259): avc: denied { read } for comm="AutoName_fpa/fp" name="address" dev="sysfs" ino=80846 scontext=u:r:untrusted_app:s0:c102,c256,c512,c768 tcontext=u:object_r:sysfs_net:s0 tclass=file permissive=1 app=com.qiyi.video
03-14 03:52:08.367 5866 5866 I auditd : type=1400 audit(0.0:3260): avc: denied { open } for comm="AutoName_fpa/fp" path="/sys/devices/platform/soc/1c00000.qcom,pcie/pci0000:00/0000:00:00.0/0000:01:00.0/net/wlan0/address" dev="sysfs" ino=80846 scontext=u:r:untrusted_app:s0:c102,c256,c512,c768 tcontext=u:object_r:sysfs_net:s0 tclass=file permissive=1 app=com.qiyi.video
03-14 03:52:08.367 5866 5866 I auditd : type=1400 audit(0.0:3261): avc: denied { getattr } for comm="AutoName_fpa/fp" path="/sys/devices/platform/soc/1c00000.qcom,pcie/pci0000:00/0000:00:00.0/0000:01:00.0/net/wlan0/address" dev="sysfs" ino=80846 scontext=u:r:untrusted_app:s0:c102,c256,c512,c768 tcontext=u:object_r:sysfs_net:s0 tclass=file permissive=1 app=com.qiyi.video
03-14 03:52:08.387 5866 5866 I auditd : type=1400 audit(0.0:3262): avc: denied { read } for comm="AutoName_fpa/fp" name="sdcard" dev="tmpfs" ino=3862 scontext=u:r:untrusted_app:s0:c102,c256,c512,c768 tcontext=u:object_r:mnt_sdcard_file:s0 tclass=lnk_file permissive=1 app=com.qiyi.video
01-01 08:01:37.096 0 0 W audit : audit_lost=3988 audit_rate_limit=5 audit_backlog_limit=64
01-01 08:01:37.096 0 0 E audit : rate limit exceeded
03-14 03:52:08.399 5866 5866 I wm_on_start_called: [61248223,com.qiyi.video.WelcomeActivity,handleStartActivity]
03-14 03:52:08.411 1009 3054 D CompatibilityChangeReporter: Compat change id reported: 135634846; UID 10102; state: DISABLED
03-14 03:52:08.411 1009 1195 D CompatibilityChangeReporter: Compat change id reported: 143937733; UID 10102; state: ENABLED
03-14 03:52:08.414 5866 5866 I wm_on_resume_called: [61248223,com.qiyi.video.WelcomeActivity,RESUME_ACTIVITY]
03-14 03:52:08.421 1009 1195 I am_proc_start: [0,6079,10102,com.qiyi.video:QS,service,{com.qiyi.video/com.q.m.QS}]
03-14 03:52:08.422 1009 1195 I ActivityManager: Start proc 6079:com.qiyi.video:QS/u0a102 for service {com.qiyi.video/com.q.m.QS}
01-01 08:01:37.142 0 0 I binder : 6079:6079 ioctl 40046210 ffaa2348 returned -22
03-14 03:52:08.444 1009 3054 I am_proc_bound: [0,6079,com.qiyi.video:QS]
03-14 03:52:08.449 5866 5866 I wm_on_top_resumed_gained_called: [61248223,com.qiyi.video.WelcomeActivity,topStateChangedWhenResumed]
03-14 03:52:08.525 1009 2156 W ActivityManager: Unable to start service Intent { act=com.bun.msa.action.start.service cmp=com.mdid.msa/.service.MsaKlService (has extras) } U=0: not found
03-14 03:52:08.537 1009 3054 W ActivityManager: Unable to start service Intent { act=com.bun.msa.action.bindto.service cmp=com.mdid.msa/.service.MsaIdService (has extras) } U=0: not found
03-14 03:52:08.547 1009 3054 W WindowManager: updateScale : 0.79357797
03-14 03:52:08.549 1009 1184 I input_focus: [Focus request 39cebab com.qiyi.video/com.qiyi.video.WelcomeActivity,reason=UpdateInputWindows]
03-14 03:52:08.577 1009 1587 I input_focus: [Focus leaving b68d17 com.android.launcher3/com.android.launcher3.uioverrides.QuickstepLauncher (server),reason=Waiting for window because NOT_VISIBLE]
01-01 08:01:37.278 0 0 I binder : 5866:5969 ioctl 40046210 b69fbd38 returned -22
03-14 03:52:08.600 1009 1184 W WindowManager: updateScale : 0.79357797
03-14 03:52:08.608 1009 1184 W WindowManager: updateScale : 0.79357797
03-14 03:52:08.609 6079 6079 W Looper : Loop again would have the queued messages be executed before this one completed.
03-14 03:52:08.610 1009 1184 W WindowManager: updateScale : 0.79357797
03-14 03:52:08.611 1009 1180 I sysui_multi_action: [319,645,322,644,325,94,757,761,758,7,759,2,806,com.qiyi.video,871,com.qiyi.video.WelcomeActivity,904,com.android.launcher3,905,0,945,36,1320,4,1321,4]
03-14 03:52:08.613 1009 1180 I wm_activity_launch_time: [0,61248223,com.qiyi.video/.WelcomeActivity,644]
03-14 03:52:08.627 1009 1587 I input_focus: [Focus entering 39cebab com.qiyi.video/com.qiyi.video.WelcomeActivity (server),reason=Window became focusable. Previous reason: NOT_VISIBLE]
03-14 03:52:08.838 1009 2156 E PackageDexUsage: Unsupported context?
03-14 03:52:08.851 1009 1188 I am_pss : [3900,10101,com.sohu.sohuvideo,81788928,63664128,0,180494336,0,10,8]
03-14 03:52:08.861 1009 1188 I am_pss : [4625,10056,com.qualcomm.qti.qms.service.trustzoneaccess,5440512,3784704,0,91947008,0,19,5]
03-14 03:52:08.868 1009 1188 I am_pss : [3787,10020,com.android.providers.calendar,6979584,5120000,0,98107392,0,19,5]
03-14 03:52:08.874 1009 1188 I am_pss : [3103,10017,android.process.media,9881600,8007680,0,101064704,0,19,5]
03-14 03:52:08.880 1009 1188 I am_pss : [4503,10028,com.android.externalstorage,5397504,3809280,0,92065792,0,19,5]
03-14 03:52:08.886 1009 1188 I am_pss : [4046,10101,com.sohu.sohuvideo:pushservice,20331520,5820416,0,105009152,0,10,5]
03-14 03:52:08.891 1009 1188 I am_pss : [2668,10081,com.qualcomm.qti.qccauthmgr,6093824,4317184,0,95657984,0,19,5]
03-14 03:52:08.894 1009 1037 W WindowManager: updateScale : 0.79357797
03-14 03:52:08.901 1009 1188 I am_pss : [3316,10018,android.process.acore,12206080,8904704,0,116461568,0,19,6]
03-14 03:52:08.906 1009 1188 I am_pss : [2556,10063,com.thundercomm.gamemode.provider,7616512,5881856,0,96313344,0,19,5]
03-14 03:52:08.953 1009 1698 I GameModeConfig: isGameModeOn = false
03-14 03:52:08.953 1009 1698 I GameModeConfig: isGameModeOn = false
03-14 03:52:08.953 1009 1698 I GameModeConfig: isGameModeOn = false
03-14 03:52:08.953 1009 1698 I GameModeConfig: isGameModeOn = false
01-01 08:01:37.683 0 0 E DTC_ETH,link_delay_work_func: 3003, SQI=0, link=0
03-14 03:52:09.159 1009 1724 D CompatibilityChangeReporter: Compat change id reported: 135634846; UID 10102; state: DISABLED
03-14 03:52:09.159 1009 1195 D CompatibilityChangeReporter: Compat change id reported: 143937733; UID 10102; state: ENABLED
03-14 03:52:09.164 1009 1195 I am_proc_start: [0,6245,10102,com.qiyi.video:plugin1,service,{com.qiyi.video/org.qiyi.android.plugin.ipc.IPCService1}]
03-14 03:52:09.164 1009 1195 I ActivityManager: Start proc 6245:com.qiyi.video:plugin1/u0a102 for service {com.qiyi.video/org.qiyi.android.plugin.ipc.IPCService1}
03-14 03:52:09.205 1009 1182 I commit_sys_config_file: [notification-policy,65348]
01-01 08:01:37.908 0 0 I binder : 6245:6245 ioctl 40046210 ffaa2348 returned -22
03-14 03:52:09.210 1009 1724 I am_proc_bound: [0,6245,com.qiyi.video:plugin1]
03-14 03:52:09.352 6245 6298 D ActivityThread: Loading provider com.qiyi.video: org.qiyi.basecore.db.QiyiContentProvider
03-14 03:52:09.436 6245 6245 W Looper : Loop again would have the queued messages be executed before this one completed.
03-14 03:52:09.449 1009 2156 E PackageDexUsage: Unsupported context?
03-14 03:52:09.453 1009 3054 W ActivityManager: Unable to start service Intent { act=com.bun.msa.action.start.service cmp=com.mdid.msa/.service.MsaKlService (has extras) } U=0: not found
03-14 03:52:09.457 1009 2156 W ActivityManager: Unable to start service Intent { act=com.bun.msa.action.bindto.service cmp=com.mdid.msa/.service.MsaIdService (has extras) } U=0: not found
03-14 03:52:09.461 6245 6368 D ActivityThread: Loading provider com.qiyi.video.pingback.provider: org.qiyi.android.pingback.internal.db.PingbackContentProvider
03-14 03:52:09.488 1009 2156 E PackageDexUsage: Unsupported context?
03-14 03:52:09.504 1009 3052 E PackageDexUsage: Unsupported context?
03-14 03:52:09.967 0 0 I auditd : type=1400 audit(0.0:3299): avc: denied { kill } for comm="swapper/4" capability=5 scontext=u:r:kernel:s0 tcontext=u:r:kernel:s0 tclass=capability permissive=1
03-14 03:52:10.262 1009 1587 I input_interaction: Interaction with: 39cebab com.qiyi.video/com.qiyi.video.WelcomeActivity (server), edge-swipe (server), swipe-up (server), PointerEventDispatcher0 (server),
03-14 03:52:10.387 5866 5866 I auditd : type=1400 audit(0.0:3300): avc: granted { execute } for comm="tmn-5-0" path="/data/data/com.qiyi.video/app_native_lib/com.iqiyi.fastdns/1.1.3.48/armeabi-v7a/libfastdns.so" dev="dm-10" ino=9172 scontext=u:r:untrusted_app:s0:c102,c256,c512,c768 tcontext=u:object_r:app_data_file:s0:c102,c256,c512,c768 tclass=file app=com.qiyi.video
03-14 03:52:10.407 1009 1194 W BroadcastQueue: Permission Denial: broadcasting Intent { act=android.net.conn.CONNECTIVITY_CHANGE flg=0x4200010 (has extras) } from null (pid=-1, uid=-1) requires android.net.conn.CONNECTIVITY_CHANGE due to registered receiver BroadcastFilter{b48e843 10102/u0 ReceiverList{fdbc9f2 5866 com.qiyi.video/10102/u0 remote:c7178fd}}
03-14 03:52:10.925 1009 1724 I thunderperf: PlatormCompat.setOverrides: Uid1=10102 Pid1=5866 Uid2=10102 Pid2=5866
03-14 03:52:10.925 1009 1724 I thunderperf: PlatormCompat.setOverrides: needCheck:false
03-14 03:52:10.926 1009 1724 I thunderperf: CompatConfig.addOverrideUnsafe: bef-state=0
03-14 03:52:10.926 1009 1724 I thunderperf: CompatConfig.addOverrideUnsafe: aft-state=0
03-14 03:52:10.926 1009 1724 W PackageManager: MATCH_ANY_USER flag requires INTERACT_ACROSS_USERS permission: UID 10102 requires android.permission.INTERACT_ACROSS_USERS_FULL or android.permission.INTERACT_ACROSS_USERS to access user 0.
03-14 03:52:10.927 1009 1724 I ActivityTaskManager: START u0 {cmp=com.qiyi.video/org.qiyi.android.video.activitys.RankActivity (has extras)} from uid 10102
03-14 03:52:10.931 1009 1724 I wm_task_moved: [129,1,6]
03-14 03:52:10.931 1009 1724 I wm_set_resumed_activity: [0,com.qiyi.video/.WelcomeActivity,positionChildAt]
03-14 03:52:10.931 1009 1724 I wm_create_activity: [0,14788601,129,com.qiyi.video/org.qiyi.android.video.activitys.RankActivity,NULL,NULL,NULL,0]
03-14 03:52:10.932 1009 1724 I wm_pause_activity: [0,61248223,com.qiyi.video/.WelcomeActivity,userLeaving=true,resumeTopActivityInnerLocked]
03-14 03:52:10.932 1009 1724 W WindowManager: updateScale : 0.79357797
03-14 03:52:10.945 5866 5866 I wm_on_top_resumed_lost_called: [61248223,com.qiyi.video.WelcomeActivity,topStateChangedWhenResumed]
03-14 03:52:10.955 5866 5866 I wm_on_paused_called: [61248223,com.qiyi.video.WelcomeActivity,performPause]
03-14 03:52:10.955 1009 1724 I ActivityTaskManager: FOREGROUND_APPLICATION_CHANGED to org.qiyi.android.video.activitys.RankActivity
03-14 03:52:10.955 1009 1724 I ActivityTaskManager: The Process com.qiyi.video Already Exists in BG. So sending its PID: 5866
03-14 03:52:10.956 1009 1724 W ActivityTaskManager: Tried to set launchTime (0) < mLastActivityLaunchTime (94469)
03-14 03:52:10.956 1009 1724 I wm_restart_activity: [0,14788601,129,com.qiyi.video/org.qiyi.android.video.activitys.RankActivity]
03-14 03:52:10.959 1009 1724 I wm_set_resumed_activity: [0,com.qiyi.video/org.qiyi.android.video.activitys.RankActivity,minimalResumeActivityLocked]
03-14 03:52:10.959 1009 1724 W WindowManager: updateScale : 0.79357797
03-14 03:52:10.961 1009 1183 I sysui_multi_action: [757,803,799,window_time_0,802,16]
03-14 03:52:11.008 5866 5866 I wm_on_create_called: [14788601,org.qiyi.android.video.activitys.RankActivity,performCreate]
03-14 03:52:11.011 5866 5866 I wm_on_start_called: [14788601,org.qiyi.android.video.activitys.RankActivity,handleStartActivity]
03-14 03:52:11.021 5866 5866 I wm_on_resume_called: [14788601,org.qiyi.android.video.activitys.RankActivity,RESUME_ACTIVITY]
03-14 03:52:11.024 5866 5866 I wm_on_top_resumed_gained_called: [14788601,org.qiyi.android.video.activitys.RankActivity,topStateChangedWhenResumed]
03-14 03:52:11.031 1009 2156 W WindowManager: updateScale : 0.79357797
03-14 03:52:11.031 1009 2156 W WindowManager: updateScale : 0.79357797
03-14 03:52:11.031 1009 2156 W WindowManager: updateScale : 0.79357797
03-14 03:52:11.032 1009 1184 I input_focus: [Focus request 58bcab5 com.qiyi.video/org.qiyi.android.video.activitys.RankActivity,reason=UpdateInputWindows]
03-14 03:52:11.039 1009 3052 W WindowManager: updateScale : 0.79357797
03-14 03:52:11.039 1009 3052 W WindowManager: updateScale : 0.79357797
03-14 03:52:11.039 1009 3052 W WindowManager: updateScale : 0.79357797
03-14 03:52:11.049 1009 1184 W WindowManager: updateScale : 0.79357797
03-14 03:52:11.049 1009 1184 W WindowManager: updateScale : 0.79357797
03-14 03:52:11.049 1009 1184 W WindowManager: updateScale : 0.79357797
03-14 03:52:11.049 1009 1587 I input_focus: [Focus leaving 39cebab com.qiyi.video/com.qiyi.video.WelcomeActivity (server),reason=Waiting for window because NOT_VISIBLE]
03-14 03:52:11.051 1009 1184 W WindowManager: updateScale : 0.79357797
03-14 03:52:11.051 1009 1184 W WindowManager: updateScale : 0.79357797
03-14 03:52:11.051 1009 1184 W WindowManager: updateScale : 0.79357797
03-14 03:52:11.055 1009 1184 W WindowManager: updateScale : 0.79357797
03-14 03:52:11.055 1009 1184 W WindowManager: updateScale : 0.79357797
03-14 03:52:11.055 1009 1184 W WindowManager: updateScale : 0.79357797
03-14 03:52:11.055 1009 1180 I wm_activity_launch_time: [0,14788601,com.qiyi.video/org.qiyi.android.video.activitys.RankActivity,127]
03-14 03:52:11.057 1009 2156 W WindowManager: updateScale : 0.79357797
03-14 03:52:11.057 1009 2156 W WindowManager: updateScale : 0.79357797
03-14 03:52:11.057 1009 2156 W WindowManager: updateScale : 0.79357797
03-14 03:52:11.063 1009 2156 W FreeFormWindowHelper: Current Display FreeFormTask is Task{1f3e339 #129 type=standard A=10102:com.qiyi.video U=0 visible=true mode=freeform translucent=false sz=2}
03-14 03:52:11.067 1009 1587 I input_focus: [Focus entering 58bcab5 com.qiyi.video/org.qiyi.android.video.activitys.RankActivity (server),reason=Window became focusable. Previous reason: NOT_VISIBLE]
03-14 03:52:11.116 1009 1188 I am_pss : [2999,10091,com.android.providers.media.module,18284544,14929920,0,123535360,0,0,7]
03-14 03:52:11.123 1009 1188 I am_pss : [2962,10082,com.qualcomm.qti.qccnetstat,5938176,4370432,0,91930624,0,0,6]
03-14 03:52:11.131 1009 1188 I am_pss : [2970,10079,com.qualcomm.qti.workloadclassifier,8204288,6656000,0,93675520,0,0,6]
03-14 03:52:11.137 1009 1188 I am_pss : [2937,10054,.pasr,5142528,3637248,0,89616384,0,0,5]
03-14 03:52:11.143 1009 1188 I am_pss : [2946,10069,com.qualcomm.qti.services.systemhelper:systemhelper_service,6079488,4419584,0,94011392,0,0,5]
03-14 03:52:11.148 1009 1188 I am_pss : [2884,10057,ts.car.uart,5976064,4472832,0,90656768,0,0,5]
03-14 03:52:11.154 1009 1188 I am_pss : [2888,1000,com.hryt.hiphishowfsecontrol,14189568,12255232,0,106123264,0,0,5]
03-14 03:52:11.160 1009 1188 I am_pss : [2880,10083,com.hht.lebocast,40446976,31637504,0,127672320,0,0,5]
03-14 03:52:11.165 1009 1188 I am_pss : [2752,10070,com.qualcomm.location,9817088,7647232,0,102510592,0,0,4]
03-14 03:52:11.171 1009 1188 I am_pss : [3191,10061,com.qualcomm.qti.devicestatisticsservice,5117952,3608576,0,89468928,0,0,4]
03-14 03:52:11.207 5866 5866 I auditd : type=1400 audit(0.0:3301): avc: granted { execute } for comm="PlayerLoadLib" path="/data/data/com.qiyi.video/files/app/player/fullso/libs-5_0_98fa7262c3988dc2ec1a84f3bf3d8913_7767864_/libmctocurl.so" dev="dm-10" ino=9325 scontext=u:r:untrusted_app:s0:c102,c256,c512,c768 tcontext=u:object_r:app_data_file:s0:c102,c256,c512,c768 tclass=file app=com.qiyi.video
03-14 03:52:11.218 1009 2156 W WindowManager: updateScale : 0.79357797
03-14 03:52:11.218 1009 2156 W WindowManager: updateScale : 0.79357797
03-14 03:52:11.218 1009 2156 W WindowManager: updateScale : 0.79357797
03-14 03:52:11.220 1009 1184 I input_focus: [Focus request 3d1cc16 com.qiyi.video/org.qiyi.android.video.activitys.RankActivity,reason=UpdateInputWindows]
03-14 03:52:11.223 5866 5866 I auditd : type=1400 audit(0.0:3302): avc: granted { execute } for comm="PlayerLoadLib" path="/data/data/com.qiyi.video/files/app/player/fullso/libs-5_0_98fa7262c3988dc2ec1a84f3bf3d8913_7767864_/libqtpclient.so" dev="dm-10" ino=9329 scontext=u:r:untrusted_app:s0:c102,c256,c512,c768 tcontext=u:object_r:app_data_file:s0:c102,c256,c512,c768 tclass=file app=com.qiyi.video
03-14 03:52:11.239 5866 5866 I auditd : type=1400 audit(0.0:3303): avc: granted { execute } for comm="PlayerLoadLib" path="/data/data/com.qiyi.video/files/app/player/fullso/libs-5_0_98fa7262c3988dc2ec1a84f3bf3d8913_7767864_/libcupid.so" dev="dm-10" ino=9334 scontext=u:r:untrusted_app:s0:c102,c256,c512,c768 tcontext=u:object_r:app_data_file:s0:c102,c256,c512,c768 tclass=file app=com.qiyi.video
03-14 03:52:11.249 1009 1587 I input_focus: [Focus entering 3d1cc16 com.qiyi.video/org.qiyi.android.video.activitys.RankActivity (server),reason=setFocusedWindow]
03-14 03:52:11.273 1009 1724 W WindowManager: updateScale : 0.79357797
03-14 03:52:11.273 1009 1724 W WindowManager: updateScale : 0.79357797
03-14 03:52:11.273 1009 1724 W WindowManager: updateScale : 0.79357797
03-14 03:52:11.279 5866 5866 I auditd : type=1400 audit(0.0:3304): avc: denied { read } for comm="PlayerLoadLib" name="sdcard" dev="tmpfs" ino=3862 scontext=u:r:untrusted_app:s0:c102,c256,c512,c768 tcontext=u:object_r:mnt_sdcard_file:s0 tclass=lnk_file permissive=1 app=com.qiyi.video
03-14 03:52:11.327 5866 5866 I auditd : type=1400 audit(0.0:3305): avc: granted { execute } for comm="PlayerLoadLib" path="/data/data/com.qiyi.video/files/app/player/fullso/libs-5_0_98fa7262c3988dc2ec1a84f3bf3d8913_7767864_/libmcto_media_player.so" dev="dm-10" ino=9307 scontext=u:r:untrusted_app:s0:c102,c256,c512,c768 tcontext=u:object_r:app_data_file:s0:c102,c256,c512,c768 tclass=file app=com.qiyi.video
03-14 03:52:11.334 1009 1184 W WindowManager: updateScale : 0.79357797
03-14 03:52:11.334 1009 1184 W WindowManager: updateScale : 0.79357797
03-14 03:52:11.334 1009 1184 W WindowManager: updateScale : 0.79357797
03-14 03:52:11.331 5866 5866 I auditd : type=1400 audit(0.0:3306): avc: denied { open } for comm="PlayerLoadLib" path="/proc/stat" dev="proc" ino=4026532236 scontext=u:r:untrusted_app:s0:c102,c256,c512,c768 tcontext=u:object_r:proc_stat:s0 tclass=file permissive=1 app=com.qiyi.video
03-14 03:52:11.331 5866 5866 I auditd : type=1400 audit(0.0:3307): avc: denied { open } for comm="PlayerLoadLib" path="/dev/__properties__/u:object_r:vendor_default_prop:s0" dev="tmpfs" ino=3509 scontext=u:r:untrusted_app:s0:c102,c256,c512,c768 tcontext=u:object_r:vendor_default_prop:s0 tclass=file permissive=1 app=com.qiyi.video
03-14 03:52:11.331 5866 5866 I auditd : type=1400 audit(0.0:3308): avc: denied { getattr } for comm="PlayerLoadLib" path="/dev/__properties__/u:object_r:vendor_default_prop:s0" dev="tmpfs" ino=3509 scontext=u:r:untrusted_app:s0:c102,c256,c512,c768 tcontext=u:object_r:vendor_default_prop:s0 tclass=file permissive=1 app=com.qiyi.video
01-01 08:01:40.037 0 0 W audit : audit_lost=4024 audit_rate_limit=5 audit_backlog_limit=64
01-01 08:01:40.037 0 0 E audit : rate limit exceeded
03-14 03:52:11.420 1009 1587 I input_interaction: Interaction with: 3d1cc16 com.qiyi.video/org.qiyi.android.video.activitys.RankActivity (server), edge-swipe (server), swipe-up (server), PointerEventDispatcher0 (server),
03-14 03:52:11.469 1009 1184 W WindowManager: updateScale : 0.79357797
03-14 03:52:11.469 1009 1184 W WindowManager: updateScale : 0.79357797
03-14 03:52:11.478 1009 2881 E TaskPersister: File error accessing recents directory (directory doesn't exist?).
03-14 03:52:11.485 1009 1184 W WindowManager: updateScale : 0.79357797
03-14 03:52:11.485 1009 1184 W WindowManager: updateScale : 0.79357797
03-14 03:52:11.962 1009 1661 I netstats_mobile_sample: [0,0,0,0,0,0,0,0,0,0,0,0,1678737131962]
03-14 03:52:11.962 1009 1661 I netstats_wifi_sample: [9532279,15354,2213861,13578,9532279,15354,2213861,13578,3230513,8575,1823093,10152,1678737131962]
03-14 03:52:12.463 5866 5866 I auditd : type=1400 audit(0.0:3316): avc: denied { open } for comm="HCDN_DownloadEn" path="/proc/stat" dev="proc" ino=4026532236 scontext=u:r:untrusted_app:s0:c102,c256,c512,c768 tcontext=u:object_r:proc_stat:s0 tclass=file permissive=1 app=com.qiyi.video
03-14 03:52:12.463 5866 5866 I auditd : type=1400 audit(0.0:3317): avc: denied { getattr } for comm="HCDN_DownloadEn" path="/proc/stat" dev="proc" ino=4026532236 scontext=u:r:untrusted_app:s0:c102,c256,c512,c768 tcontext=u:object_r:proc_stat:s0 tclass=file permissive=1 app=com.qiyi.video
03-14 03:52:12.680 1009 3054 D CompatibilityChangeReporter: Compat change id reported: 171306433; UID 10101; state: DISABLED
01-01 08:01:41.682 0 0 W perfetto: disabled ftrace
03-14 03:52:13.049 1282 5862 I iorapd : Perfetto TraceBuffer saved to file: /data/misc/iorapd/com.qiyi.video/800121051/com.qiyi.video.WelcomeActivity/raw_traces/1678737133045694556.perfetto_trace.pb
03-14 03:52:13.372 1009 3054 W WindowManager: updateScale : 0.79357797
03-14 03:52:13.375 1009 3054 I wm_finish_activity: [0,61248223,129,com.qiyi.video/.WelcomeActivity,finish-activity]
03-14 03:52:13.377 1009 3054 I wm_destroy_activity: [0,61248223,129,com.qiyi.video/.WelcomeActivity,finish-imm:finishIfPossible]
03-14 03:52:13.384 1009 3054 I wm_finish_activity: [0,14788601,129,com.qiyi.video/org.qiyi.android.video.activitys.RankActivity,finish-activity]
03-14 03:52:13.384 1009 3054 I wm_task_moved: [1,1,6]
03-14 03:52:13.385 1009 3054 I wm_set_resumed_activity: [0,com.android.launcher3/.uioverrides.QuickstepLauncher,positionChildAt]
03-14 03:52:13.385 1009 3054 I wm_task_moved: [127,1,2147483647]
03-14 03:52:13.385 1009 3054 I wm_task_to_front: [0,127]
03-14 03:52:13.385 1009 3054 I wm_focused_root_task: [0,0,1,-1,finish-top adjustFocusToNextFocusableTask]
03-14 03:52:13.385 1009 3054 I wm_set_resumed_activity: [0,com.android.launcher3/.uioverrides.QuickstepLauncher,finish-top]
03-14 03:52:13.387 1009 3054 I wm_pause_activity: [0,14788601,com.qiyi.video/org.qiyi.android.video.activitys.RankActivity,userLeaving=false,finish]
03-14 03:52:13.389 1009 1184 I input_focus: [Focus request b68d17 com.android.launcher3/com.android.launcher3.uioverrides.QuickstepLauncher,reason=UpdateInputWindows]
03-14 03:52:13.391 1009 1587 I input_focus: [Focus leaving 3d1cc16 com.qiyi.video/org.qiyi.android.video.activitys.RankActivity (server),reason=NOT_VISIBLE]
03-14 03:52:13.392 1009 2881 E TaskPersister: File error accessing recents directory (directory doesn't exist?).
03-14 03:52:13.397 1009 1183 I sysui_multi_action: [757,803,799,window_time_2,802,2]
03-14 03:52:13.410 1009 1587 I input_focus: [Focus entering b68d17 com.android.launcher3/com.android.launcher3.uioverrides.QuickstepLauncher (server),reason=setFocusedWindow]
03-14 03:52:13.433 5866 5866 I wm_on_stop_called: [61248223,com.qiyi.video.WelcomeActivity,LIFECYCLER_STOP_ACTIVITY]
03-14 03:52:13.464 5866 5866 I wm_on_destroy_called: [61248223,com.qiyi.video.WelcomeActivity,performDestroy]
03-14 03:52:13.470 5866 5866 I wm_on_top_resumed_lost_called: [14788601,org.qiyi.android.video.activitys.RankActivity,topStateChangedWhenResumed]
03-14 03:52:13.472 1009 2156 I ActivityTaskManager: FOREGROUND_APPLICATION_CHANGED to com.android.launcher3.uioverrides.QuickstepLauncher
03-14 03:52:13.472 2625 2625 I wm_on_top_resumed_gained_called: [196755772,com.android.launcher3.uioverrides.QuickstepLauncher,topStateChangedWhenResumed]
03-14 03:52:13.476 5866 5866 I wm_on_paused_called: [14788601,org.qiyi.android.video.activitys.RankActivity,performPause]
03-14 03:52:13.476 1009 2156 I wm_destroy_activity: [0,14788601,129,com.qiyi.video/org.qiyi.android.video.activitys.RankActivity,finish-imm:completePausedLocked]
03-14 03:52:13.479 1009 1183 I sysui_multi_action: [757,803,799,window_time_0,802,0]
03-14 03:52:13.522 1009 2156 D CompatibilityChangeReporter: Compat change id reported: 135634846; UID 10102; state: DISABLED
03-14 03:52:13.522 1009 1195 D CompatibilityChangeReporter: Compat change id reported: 143937733; UID 10102; state: ENABLED
03-14 03:52:13.524 1009 2156 W ActivityManager: Binding with unknown activity: Token{c496032 ActivityRecord{3a692df u0 com.qiyi.video/.WelcomeActivity t-1 f}}}
03-14 03:52:13.528 1009 1195 I am_proc_start: [0,6881,10102,com.qiyi.video:downloader,service,{com.qiyi.video/com.iqiyi.video.download.QiyiDownloadCenterService}]
03-14 03:52:13.529 1009 1195 I ActivityManager: Start proc 6881:com.qiyi.video:downloader/u0a102 for service {com.qiyi.video/com.iqiyi.video.download.QiyiDownloadCenterService}
03-14 03:52:13.541 5866 5866 E ActivityThread: Activity org.qiyi.android.video.MainActivity has leaked ServiceConnection org.qiyi.android.video.ui.phone.download.ipc.b$1@fb2ecc5 that was originally bound here
03-14 03:52:13.541 5866 5866 E ActivityThread: android.app.ServiceConnectionLeaked: Activity org.qiyi.android.video.MainActivity has leaked ServiceConnection org.qiyi.android.video.ui.phone.download.ipc.b$1@fb2ecc5 that was originally bound here
03-14 03:52:13.541 5866 5866 E ActivityThread: at android.app.LoadedApk$ServiceDispatcher.(LoadedApk.java:1934)
03-14 03:52:13.541 5866 5866 E ActivityThread: at android.app.LoadedApk.getServiceDispatcherCommon(LoadedApk.java:1806)
03-14 03:52:13.541 5866 5866 E ActivityThread: at android.app.LoadedApk.getServiceDispatcher(LoadedApk.java:1785)
03-14 03:52:13.541 5866 5866 E ActivityThread: at android.app.ContextImpl.bindServiceCommon(ContextImpl.java:1965)
03-14 03:52:13.541 5866 5866 E ActivityThread: at android.app.ContextImpl.bindService(ContextImpl.java:1896)
03-14 03:52:13.541 5866 5866 E ActivityThread: at android.content.ContextWrapper.bindService(ContextWrapper.java:810)
03-14 03:52:13.541 5866 5866 E ActivityThread: at org.qiyi.video.w.j.a(Unknown Source:5)
03-14 03:52:13.541 5866 5866 E ActivityThread: at org.qiyi.android.video.ui.phone.download.ipc.b.c(Unknown Source:37)
03-14 03:52:13.541 5866 5866 E ActivityThread: at org.qiyi.android.video.ui.phone.download.ipc.b.a(Unknown Source:50)
03-14 03:52:13.541 5866 5866 E ActivityThread: at org.qiyi.android.video.ui.phone.download.i.b.a(Unknown Source:9)
03-14 03:52:13.541 5866 5866 E ActivityThread: at org.qiyi.android.video.ui.phone.download.i.m.bindDownloadService(Unknown Source:0)
03-14 03:52:13.541 5866 5866 E ActivityThread: at org.qiyi.android.video.ui.phone.download.i.k$1.run(Unknown Source:33)
03-14 03:52:13.541 5866 5866 E ActivityThread: at org.qiyi.basecore.jobquequ.JobManagerUtils$1.onRun(Unknown Source:27)
03-14 03:52:13.541 5866 5866 E ActivityThread: at org.qiyi.basecore.jobquequ.BaseJob.safeRun(Unknown Source:38)
03-14 03:52:13.541 5866 5866 E ActivityThread: at org.qiyi.basecore.jobquequ.JobHolder.safeRun(Unknown Source:2)
03-14 03:52:13.541 5866 5866 E ActivityThread: at org.qiyi.basecore.jobquequ.JobConsumerExecutor$c.call(Unknown Source:8)
03-14 03:52:13.541 5866 5866 E ActivityThread: at java.util.concurrent.FutureTask.run(FutureTask.java:266)
03-14 03:52:13.541 5866 5866 E ActivityThread: at org.qiyi.basecore.jobquequ.JobConsumerExecutor$b.run(Unknown Source:114)
03-14 03:52:13.541 5866 5866 E ActivityThread: at java.lang.Thread.run(Thread.java:920)
03-14 03:52:13.542 1009 3052 W ActivityManager: Unbind failed: could not find connection for android.os.BinderProxy@1d3eb80
01-01 08:01:42.245 0 0 I binder : 6881:6881 ioctl 40046210 ffaa2348 returned -22
03-14 03:52:13.546 1009 3052 I am_proc_bound: [0,6881,com.qiyi.video:downloader]
03-14 03:52:13.555 5866 5866 I wm_on_stop_called: [14788601,org.qiyi.android.video.activitys.RankActivity,LIFECYCLER_STOP_ACTIVITY]
03-14 03:52:13.574 5866 5866 I wm_on_destroy_called: [14788601,org.qiyi.android.video.activitys.RankActivity,performDestroy]
03-14 03:52:13.580 1009 2156 W FreeFormWindowHelper: Current Display FreeFormTask is Task{1f3e339 #129 type=standard A=10102:com.qiyi.video U=0 visible=false mode=freeform translucent=true sz=1}
03-14 03:52:13.587 1009 3054 I wm_task_removed: [129,removeChild:removeChild last r=ActivityRecord{e1a7f9 u0 com.qiyi.video/org.qiyi.android.video.activitys.RankActivity t-1 f}} in t=Task{1f3e339 #129 type=standard A=10102:com.qiyi.video U=0 visible=false mode=freeform translucent=true sz=0}]
03-14 03:52:13.587 1009 3054 I wm_task_removed: [129,removeChild]
03-14 03:52:13.587 1009 3054 D FreeFormWindowHelper: Remove freefrom task=Task{1f3e339 #129 type=standard A=10102:com.qiyi.video U=0 visible=false mode=freeform translucent=true sz=0}
03-14 03:52:13.634 1009 1037 E PackageDexUsage: Unsupported context?
03-14 03:52:13.819 1009 1661 I netstats_mobile_sample: [0,0,0,0,0,0,0,0,0,0,0,0,1678737133819]
03-14 03:52:13.820 1009 1661 I netstats_wifi_sample: [13261639,18213,2333349,15108,13261639,18213,2333349,15108,6953950,11498,1935640,11638,1678737133819]
03-14 03:52:13.868 6881 6931 D ActivityThread: Loading provider com.qiyi.video: org.qiyi.basecore.db.QiyiContentProvider
03-14 03:52:13.958 6881 6956 D ActivityThread: Loading provider com.qiyi.video.pingback.provider: org.qiyi.android.pingback.internal.db.PingbackContentProvider
03-14 03:52:13.972 1009 1587 I input_interaction: Interaction with: b68d17 com.android.launcher3/com.android.launcher3.uioverrides.QuickstepLauncher (server), 8c59581 com.android.systemui.ImageWallpaper (server), edge-swipe (server), swipe-up (server), PointerEventDispatcher0 (server),
03-14 03:52:13.989 6881 6881 W Looper : Loop again would have the queued messages be executed before this one completed.
03-14 03:52:14.071 6881 6881 I auditd : type=1400 audit(0.0:3318): avc: granted { execute } for comm="ideo:downloader" path="/data/data/com.qiyi.video/files/app/player/fullso/libs-5_0_98fa7262c3988dc2ec1a84f3bf3d8913_7767864_/libmctocurl.so" dev="dm-10" ino=9325 scontext=u:r:untrusted_app:s0:c102,c256,c512,c768 tcontext=u:object_r:app_data_file:s0:c102,c256,c512,c768 tclass=file app=com.qiyi.video
03-14 03:52:14.075 6881 6881 I auditd : type=1400 audit(0.0:3319): avc: granted { execute } for comm="ideo:downloader" path="/data/data/com.qiyi.video/files/app/player/fullso/libs-5_0_98fa7262c3988dc2ec1a84f3bf3d8913_7767864_/libcupid.so" dev="dm-10" ino=9334 scontext=u:r:untrusted_app:s0:c102,c256,c512,c768 tcontext=u:object_r:app_data_file:s0:c102,c256,c512,c768 tclass=file app=com.qiyi.video
01-01 08:01:42.803 0 0 E DTC_ETH,link_delay_work_func: 3003, SQI=0, link=0
03-14 03:52:14.139 6881 6881 I auditd : type=1400 audit(0.0:3320): avc: denied { read } for comm="ideo:downloader" name="sdcard" dev="tmpfs" ino=3862 scontext=u:r:untrusted_app:s0:c102,c256,c512,c768 tcontext=u:object_r:mnt_sdcard_file:s0 tclass=lnk_file permissive=1 app=com.qiyi.video
03-14 03:52:14.179 6881 6881 I auditd : type=1400 audit(0.0:3321): avc: granted { execute } for comm="ideo:downloader" path="/data/data/com.qiyi.video/files/app/player/fullso/libs-6_0_54f7e08d3fc5c42c44c4e157649baf98_6871507_/libCube.so" dev="dm-10" ino=8923 scontext=u:r:untrusted_app:s0:c102,c256,c512,c768 tcontext=u:object_r:app_data_file:s0:c102,c256,c512,c768 tclass=file app=com.qiyi.video
03-14 03:52:14.215 6881 6881 I auditd : type=1400 audit(0.0:3322): avc: granted { execute } for comm="ideo:downloader" path="/data/data/com.qiyi.video/files/app/player/fullso/libs-6_0_54f7e08d3fc5c42c44c4e157649baf98_6871507_/libHCDNClientNet.so" dev="dm-10" ino=8913 scontext=u:r:untrusted_app:s0:c102,c256,c512,c768 tcontext=u:object_r:app_data_file:s0:c102,c256,c512,c768 tclass=file app=com.qiyi.video
03-14 03:52:14.502 1009 3052 E PackageDexUsage: Unsupported context?
01-01 08:01:43.626 0 0 I : boot log copy done
03-14 03:52:14.967 0 0 I auditd : type=1400 audit(0.0:3323): avc: denied { kill } for comm="swapper/1" capability=5 scontext=u:r:kernel:s0 tcontext=u:r:kernel:s0 tclass=capability permissive=1
03-14 03:52:15.559 1009 3054 I thunderperf: PlatormCompat.setOverrides: Uid1=10074 Pid1=2625 Uid2=10074 Pid2=2625
03-14 03:52:15.559 1009 3054 I thunderperf: PlatormCompat.setOverrides: needCheck:false
03-14 03:52:15.559 1009 3054 I thunderperf: CompatConfig.addOverrideUnsafe: bef-state=0
03-14 03:52:15.559 1009 3054 I thunderperf: CompatConfig.addOverrideUnsafe: aft-state=0
03-14 03:52:15.560 1009 3054 I thunderperf: CompatConfig.addOverrideUnsafe: bef-state=0
03-14 03:52:15.560 1009 3054 I thunderperf: CompatConfig.addOverrideUnsafe: aft-state=0
03-14 03:52:15.561 1009 3054 I thunderperf: CompatConfig.addOverrideUnsafe: bef-state=0
03-14 03:52:15.561 1009 3054 I thunderperf: CompatConfig.addOverrideUnsafe: aft-state=0
03-14 03:52:15.561 1009 3054 I thunderperf: CompatConfig.addOverrideUnsafe: bef-state=0
03-14 03:52:15.561 1009 3054 I thunderperf: CompatConfig.addOverrideUnsafe: aft-state=0
03-14 03:52:15.561 1009 3054 I thunderperf: CompatConfig.addOverrideUnsafe: bef-state=0
03-14 03:52:15.561 1009 3054 I thunderperf: CompatConfig.addOverrideUnsafe: aft-state=0
03-14 03:52:15.562 1009 3054 I thunderperf: CompatConfig.addOverrideUnsafe: bef-state=0
03-14 03:52:15.562 1009 3054 I thunderperf: CompatConfig.addOverrideUnsafe: aft-state=0
03-14 03:52:15.562 1009 3054 I thunderperf: CompatConfig.addOverrideUnsafe: bef-state=0
03-14 03:52:15.562 1009 3054 I thunderperf: CompatConfig.addOverrideUnsafe: aft-state=0
03-14 03:52:15.562 1009 3054 I thunderperf: CompatConfig.addOverrideUnsafe: bef-state=0
03-14 03:52:15.562 1009 3054 I thunderperf: CompatConfig.addOverrideUnsafe: aft-state=0
03-14 03:52:15.563 1009 3054 I thunderperf: CompatConfig.addOverrideUnsafe: bef-state=0
03-14 03:52:15.563 1009 3054 I thunderperf: CompatConfig.addOverrideUnsafe: aft-state=0
03-14 03:52:15.563 1009 3054 I thunderperf: CompatConfig.addOverrideUnsafe: bef-state=0
03-14 03:52:15.563 1009 3054 I thunderperf: CompatConfig.addOverrideUnsafe: aft-state=0
03-14 03:52:15.563 1009 3054 I thunderperf: CompatConfig.addOverrideUnsafe: bef-state=0
03-14 03:52:15.563 1009 3054 I thunderperf: CompatConfig.addOverrideUnsafe: aft-state=0
03-14 03:52:15.564 1009 3054 I thunderperf: CompatConfig.addOverrideUnsafe: bef-state=0
03-14 03:52:15.564 1009 3054 I thunderperf: CompatConfig.addOverrideUnsafe: aft-state=0
03-14 03:52:15.564 1009 3054 I thunderperf: CompatConfig.addOverrideUnsafe: bef-state=0
03-14 03:52:15.564 1009 3054 I thunderperf: CompatConfig.addOverrideUnsafe: aft-state=0
03-14 03:52:15.564 1009 3054 I thunderperf: CompatConfig.addOverrideUnsafe: bef-state=0
03-14 03:52:15.564 1009 3054 I thunderperf: CompatConfig.addOverrideUnsafe: aft-state=0
03-14 03:52:15.571 1009 3054 I ActivityTaskManager: START u0 {act=android.intent.action.MAIN cat=[android.intent.category.LAUNCHER] flg=0x10200000 cmp=com.qiyi.video/.WelcomeActivity} from uid 10074
03-14 03:52:15.575 1009 3054 I wm_task_created: [130,-1]
03-14 03:52:15.575 1009 3054 W ActivityTaskManager: Can't find TaskDisplayArea to determine support for multi window. Task id=130 attached=false
03-14 03:52:15.576 1009 3054 D FreeFormWindowHelper: Add freeform task=Task{47fd632 #130 type=standard ?? U=0 visible=false mode=freeform translucent=true sz=0}
03-14 03:52:15.577 1009 3054 D CompatibilityChangeReporter: Compat change id reported: 174042980; UID 10102; state: DISABLED
03-14 03:52:15.577 1009 3054 D CompatibilityChangeReporter: Compat change id reported: 184838306; UID 10102; state: DISABLED
03-14 03:52:15.578 1009 3054 D CompatibilityChangeReporter: Compat change id reported: 185004937; UID 10102; state: DISABLED
03-14 03:52:15.578 1009 3054 D CompatibilityChangeReporter: Compat change id reported: 181136395; UID 10102; state: DISABLED
03-14 03:52:15.578 1009 3054 D CompatibilityChangeReporter: Compat change id reported: 174042936; UID 10102; state: DISABLED
03-14 03:52:15.578 1009 3054 I wm_task_moved: [130,1,6]
03-14 03:52:15.578 1009 3054 I wm_task_to_front: [0,130]
03-14 03:52:15.579 1009 3054 I wm_create_task: [0,130]
03-14 03:52:15.579 1009 3054 I wm_create_activity: [0,173907843,130,com.qiyi.video/.WelcomeActivity,android.intent.action.MAIN,NULL,NULL,270532608]
03-14 03:52:15.579 1009 3054 I wm_task_moved: [130,1,6]
03-14 03:52:15.579 1009 3054 D CompatibilityChangeReporter: Compat change id reported: 168419799; UID 10102; state: DISABLED
03-14 03:52:15.579 1009 3054 V SplashScreenExceptionList: SplashScreen checking exception for package com.qiyi.video (target sdk:30) -> false
03-14 03:52:15.579 1009 3054 I ActivityTaskManager: FOREGROUND_APPLICATION_CHANGED to org.qiyi.android.video.MainActivity
03-14 03:52:15.579 1009 3054 I ActivityTaskManager: The Process com.qiyi.video Already Exists in BG. So sending its PID: 5866
03-14 03:52:15.580 1009 3054 W ActivityTaskManager: Tried to set launchTime (0) < mLastActivityLaunchTime (97431)
03-14 03:52:15.580 1009 3054 I wm_restart_activity: [0,173907843,130,com.qiyi.video/.WelcomeActivity]
03-14 03:52:15.580 1009 3054 I wm_set_resumed_activity: [0,com.qiyi.video/.WelcomeActivity,minimalResumeActivityLocked]
03-14 03:52:15.584 2625 2625 I wm_on_top_resumed_lost_called: [196755772,com.android.launcher3.uioverrides.QuickstepLauncher,topStateChangedWhenResumed]
03-14 03:52:15.602 5866 5866 I wm_on_create_called: [173907843,com.qiyi.video.WelcomeActivity,performCreate]
03-14 03:52:15.649 5866 5866 I wm_on_start_called: [173907843,com.qiyi.video.WelcomeActivity,handleStartActivity]
03-14 03:52:15.663 5866 5866 I wm_on_resume_called: [173907843,com.qiyi.video.WelcomeActivity,RESUME_ACTIVITY]
03-14 03:52:15.714 5866 5866 I wm_on_top_resumed_gained_called: [173907843,com.qiyi.video.WelcomeActivity,topStateChangedWhenResumed]
03-14 03:52:15.771 1009 3054 W WindowManager: updateScale : 0.79357797
03-14 03:52:15.773 1009 1184 I input_focus: [Focus request 216b9c4 com.qiyi.video/com.qiyi.video.WelcomeActivity,reason=UpdateInputWindows]
03-14 03:52:15.794 1009 1587 I input_focus: [Focus leaving b68d17 com.android.launcher3/com.android.launcher3.uioverrides.QuickstepLauncher (server),reason=Waiting for window because NOT_VISIBLE]
03-14 03:52:15.869 1009 1184 W WindowManager: updateScale : 0.79357797
03-14 03:52:15.872 1009 1184 W WindowManager: updateScale : 0.79357797
03-14 03:52:15.873 1009 1184 W WindowManager: updateScale : 0.79357797
03-14 03:52:15.876 1009 1180 I sysui_multi_action: [319,301,322,300,325,102,757,761,758,8,759,2,806,com.qiyi.video,871,com.qiyi.video.WelcomeActivity,904,com.android.launcher3,905,0,1320,4,1321,4]
03-14 03:52:15.876 1009 1180 I wm_activity_launch_time: [0,173907843,com.qiyi.video/.WelcomeActivity,300]
03-14 03:52:15.878 1009 1587 I input_focus: [Focus entering 216b9c4 com.qiyi.video/com.qiyi.video.WelcomeActivity (server),reason=Window became focusable. Previous reason: NOT_VISIBLE]
03-14 03:52:15.929 1009 2156 E PackageDexUsage: Unsupported context?
03-14 03:52:15.935 1009 1188 I am_pss : [4977,10033,com.microsoft.emmx,171352064,130232320,0,341528576,0,18,12]
03-14 03:52:15.944 1009 1188 I am_pss : [5114,10033,com.microsoft.emmx:privileged_process0,63319040,27901952,0,202600448,0,19,7]
03-14 03:52:15.951 1009 1188 I am_pss : [4049,10093,com.tencent.mtt:service,76883968,24715264,0,208900096,0,10,7]
03-14 03:52:15.960 1009 1188 I am_pss : [4229,10093,com.tencent.mtt,86323200,33095680,0,222818304,0,10,7]
03-14 03:52:16.061 1009 1194 I am_uid_idle: 10018
03-14 03:52:16.709 1009 1587 I input_interaction: Interaction with: 216b9c4 com.qiyi.video/com.qiyi.video.WelcomeActivity (server), edge-swipe (server), swipe-up (server), PointerEventDispatcher0 (server),
03-14 03:52:17.475 1009 2881 E TaskPersister: File error accessing recents directory (directory doesn't exist?).
03-14 03:52:17.936 1009 1009 I service_manager_stats: [100,51,33864]
03-14 03:52:17.945 1009 1194 I am_uid_idle: 10063
03-14 03:52:18.427 6881 6881 I auditd : type=1400 audit(0.0:3324): avc: denied { open } for comm="HCDN_DownloadEn" path="/proc/stat" dev="proc" ino=4026532236 scontext=u:r:untrusted_app:s0:c102,c256,c512,c768 tcontext=u:object_r:proc_stat:s0 tclass=file permissive=1 app=com.qiyi.video
03-14 03:52:18.427 6881 6881 I auditd : type=1400 audit(0.0:3325): avc: denied { getattr } for comm="HCDN_DownloadEn" path="/proc/stat" dev="proc" ino=4026532236 scontext=u:r:untrusted_app:s0:c102,c256,c512,c768 tcontext=u:object_r:proc_stat:s0 tclass=file permissive=1 app=com.qiyi.video
01-01 08:01:47.923 0 0 E DTC_ETH,link_delay_work_func: 3003, SQI=0, link=0
03-14 03:52:19.292 1009 1698 I GameModeConfig: isGameModeOn = false
03-14 03:52:19.292 1009 1698 I GameModeConfig: isGameModeOn = false
03-14 03:52:19.292 1009 1698 I GameModeConfig: isGameModeOn = false
03-14 03:52:19.292 1009 1698 I GameModeConfig: isGameModeOn = false
03-14 03:52:19.292 1009 1698 I GameModeConfig: isGameModeOn = false
03-14 03:52:19.292 1009 1698 I GameModeConfig: isGameModeOn = false
03-14 03:52:19.292 1009 1698 I GameModeConfig: isGameModeOn = false
03-14 03:52:19.292 1009 1698 I GameModeConfig: isGameModeOn = false
03-14 03:52:19.323 6881 6881 I auditd : type=1400 audit(0.0:3326): avc: denied { read } for comm="ideo:downloader" name="sdcard" dev="tmpfs" ino=3862 scontext=u:r:untrusted_app:s0:c102,c256,c512,c768 tcontext=u:object_r:mnt_sdcard_file:s0 tclass=lnk_file permissive=1 app=com.qiyi.video
03-14 03:52:19.467 1009 2192 I wm_finish_activity: [0,173907843,130,com.qiyi.video/.WelcomeActivity,finish-activity]
03-14 03:52:19.468 1009 2192 I wm_task_moved: [1,1,6]
03-14 03:52:19.468 1009 2192 I wm_set_resumed_activity: [0,com.android.launcher3/.uioverrides.QuickstepLauncher,positionChildAt]
03-14 03:52:19.468 1009 2192 I wm_task_moved: [127,1,2147483647]
03-14 03:52:19.468 1009 2192 I wm_task_to_front: [0,127]
03-14 03:52:19.468 1009 2192 I wm_focused_root_task: [0,0,1,-1,finish-top adjustFocusToNextFocusableTask]
03-14 03:52:19.468 1009 2192 I wm_set_resumed_activity: [0,com.android.launcher3/.uioverrides.QuickstepLauncher,finish-top]
03-14 03:52:19.469 1009 2192 I wm_pause_activity: [0,173907843,com.qiyi.video/.WelcomeActivity,userLeaving=false,finish]
03-14 03:52:19.472 1009 1587 I input_focus: [Focus leaving 216b9c4 com.qiyi.video/com.qiyi.video.WelcomeActivity (server),reason=NOT_VISIBLE]
03-14 03:52:19.473 1009 1184 I input_focus: [Focus request b68d17 com.android.launcher3/com.android.launcher3.uioverrides.QuickstepLauncher,reason=UpdateInputWindows]
03-14 03:52:19.474 1009 2881 E TaskPersister: File error accessing recents directory (directory doesn't exist?).
03-14 03:52:19.482 1009 1183 I sysui_multi_action: [757,803,799,window_time_0,802,6]
03-14 03:52:19.488 1009 1587 I input_focus: [Focus entering b68d17 com.android.launcher3/com.android.launcher3.uioverrides.QuickstepLauncher (server),reason=setFocusedWindow]
