01-01 08:00:26.517 0 0 I init : processing action (post-fs-data) from (/system_ext/etc/init/vendor.qti.hardware.qccsyshal@1.1-service.rc:7)
01-01 08:00:26.518 0 0 I init : processing action (post-fs-data) from (/vendor/etc/init/android.hardware.neuralnetworks@1.3-service-qti.rc:13)
01-01 08:00:26.523 0 0 I init : processing action (post-fs-data) from (/vendor/etc/init/android.hardware.wifi.supplicant-service.rc:20)
01-01 08:00:21.451 594 594 I auditd : type=1400 audit(0.0:288): avc: denied { open } for comm="spdaemon" path="/dev/__properties__/u:object_r:boottime_prop:s0" dev="tmpfs" ino=3276 scontext=u:r:vendor_spdaemon:s0 tcontext=u:object_r:boottime_prop:s0 tclass=file permissive=1
01-01 08:00:26.528 0 0 I init : processing action (post-fs-data) from (/vendor/etc/init/dataqti.rc:8)
01-01 08:00:26.529 0 0 I init : processing action (post-fs-data) from (/vendor/etc/init/feature_enabler_client.rc:1)
01-01 08:00:26.532 0 0 I init : processing action (post-fs-data) from (/vendor/etc/init/hostapd.android.rc:9)
01-01 08:00:26.533 0 0 I init : processing action (post-fs-data) from (/vendor/etc/init/init.qdmastats.rc:6)
01-01 08:00:26.536 0 0 D cnss : Resuming PCI link
01-01 08:00:26.536 0 0 I msm_pcie_enable: PCIe: Assert the reset of endpoint of RC0.
01-01 08:00:26.537 0 0 I init : processing action (post-fs-data) from (/vendor/etc/init/init.qti.media.rc:43)
01-01 08:00:26.537 0 0 I init : Command 'setprop vendor.sys.media.target.version ${vendor.media.target.version}' action=post-fs-data (/vendor/etc/init/init.qti.media.rc:44) took 0ms and failed: property 'vendor.media.target.version' doesn't exist while expanding '${vendor.media.target.version}'
01-01 08:00:26.537 0 0 I init : processing action (ro.crypto.state=encrypted && ro.crypto.type=file && post-fs-data) from (/vendor/etc/init/init.time_daemon.rc:7)
01-01 08:00:26.537 0 0 I init : starting service 'time_daemon'...
01-01 08:00:26.538 0 0 I init : processing action (post-fs-data) from (/vendor/etc/init/init_qfp_daemon.rc:11)
01-01 08:00:26.548 0 0 I init : processing action (post-fs-data) from (/vendor/etc/init/ipacm-diag.rc:7)
01-01 08:00:26.549 0 0 I init : processing action (post-fs-data) from (/vendor/etc/init/ipacm.rc:33)
01-01 08:00:26.549 0 0 I init : starting service 'vendor.ipacm'...
01-01 08:00:26.550 0 0 I init : processing action (post-fs-data) from (/vendor/etc/init/netmgrd.rc:22)
01-01 08:00:21.451 594 594 I auditd : type=1400 audit(0.0:289): avc: denied { getattr } for comm="spdaemon" path="/dev/__properties__/u:object_r:boottime_prop:s0" dev="tmpfs" ino=3276 scontext=u:r:vendor_spdaemon:s0 tcontext=u:object_r:boottime_prop:s0 tclass=file permissive=1
01-01 08:00:26.551 0 0 I init : processing action (post-fs-data) from (/vendor/etc/init/port-bridge.rc:11)
01-01 08:00:26.551 0 0 I init : processing action (post-fs-data) from (/vendor/etc/init/qmipriod.rc:17)
01-01 08:00:26.552 0 0 I init : processing action (post-fs-data) from (/vendor/etc/init/qvrd_vndr.rc:7)
01-01 08:00:26.552 0 0 I init : processing action (post-fs-data) from (/vendor/etc/init/shsusrd.rc:11)
01-01 08:00:26.552 0 0 I init : processing action (post-fs-data) from (/vendor/etc/init/ssgtzd.rc:7)
01-01 08:00:26.552 0 0 I init : processing action (post-fs-data) from (/vendor/etc/init/sxrd.rc:7)
01-01 08:00:26.552 0 0 I init : processing action (post-fs-data) from (/vendor/etc/init/tloc_daemon.rc:8)
01-01 08:00:26.553 0 0 I init : processing action (post-fs-data) from (/vendor/etc/init/vendor.qti.hardware.qccvndhal@1.0-service.rc:7)
01-01 08:00:26.553 0 0 I init : processing action (post-fs-data) from (/vendor/etc/init/vendor.qti.qspmhal@1.0-service.rc:13)
01-01 08:00:26.553 0 0 I init : processing action (post-fs-data) from (/vendor/etc/init/vendor.qti.tftp.rc:8)
01-01 08:00:26.553 0 0 I init : processing action (post-fs-data) from (/vendor/etc/init/vendor.thundercomm.hardware.tsnv@1.0-service.rc:1)
01-01 08:00:26.553 0 0 I init : processing action (post-fs-data) from (/vendor/etc/init/vendor.ts.uart@1.0-service.rc:8)
01-01 08:00:26.554 0 0 I init : starting service 'uart-1-0@service'...
01-01 08:00:26.561 0 0 I init : processing action (post-fs-data) from (/product/etc/init/init.qti.display.rc:16)
01-01 08:00:26.562 0 0 I init : starting service 'vendor_sys_qti_display'...
01-01 08:00:26.564 0 0 I init : processing action (load_persist_props_action) from (/system/etc/init/hw/init.rc:473)
01-01 08:00:26.566 0 0 I init : Wait for property 'ro.persistent_properties.ready=true' took 1ms
01-01 08:00:26.566 0 0 I init : starting service 'logd-reinit'...
01-01 08:00:26.570 0 0 I init : processing action (load_persist_props_action) from (/system/etc/init/flags_health_check.rc:1)
01-01 08:00:26.570 0 0 W init : Top-level directory needs encryption action, eg mkdir /data/server_configurable_flags encryption=Require
01-01 08:00:26.570 0 0 I init : Verified that /data/server_configurable_flags has the encryption policy e5730e07b4a373c576a2ed08c7887d3c v2 modes 1/4 flags 0xa
01-01 08:00:26.570 0 0 I init : starting service 'exec 17 (/system/bin/flags_health_check BOOT_FAILURE)'...
01-01 08:00:26.571 0 0 I init : SVC_EXEC service 'exec 17 (/system/bin/flags_health_check BOOT_FAILURE)' pid 655 (uid 1000 gid 1000+0 context default) started; waiting...
01-01 08:00:26.571 0 0 I logd : logd reinit
01-01 08:00:26.571 0 0 E logd : Cannot read /data/misc/logd/event-log-tags
01-01 08:00:26.572 0 0 E logd : FrameworkListener: read() failed (Connection reset by peer)
01-01 08:00:26.572 0 0 I init : Service 'logd-reinit' (pid 649) exited with status 0 oneshot service took 0.005000 seconds in background
01-01 08:00:26.572 0 0 I init : Sending signal 9 to service 'logd-reinit' (pid 649) process group...
01-01 08:00:26.572 0 0 I libprocessgroup: Successfully killed process cgroup uid 1036 pid 649 in 0ms
01-01 08:00:21.451 594 594 I auditd : type=1400 audit(0.0:290): avc: denied { map } for comm="spdaemon" path="/dev/__properties__/u:object_r:boottime_prop:s0" dev="tmpfs" ino=3276 scontext=u:r:vendor_spdaemon:s0 tcontext=u:object_r:boottime_prop:s0 tclass=file permissive=1
01-01 08:00:21.451 594 594 I auditd : type=1400 audit(0.0:291): avc: denied { open } for comm="spdaemon" path="/dev/__properties__/u:object_r:boottime_public_prop:s0" dev="tmpfs" ino=3277 scontext=u:r:vendor_spdaemon:s0 tcontext=u:object_r:boottime_public_prop:s0 tclass=file permissive=1
01-01 08:00:21.451 594 594 I auditd : type=1400 audit(0.0:292): avc: denied { getattr } for comm="spdaemon" path="/dev/__properties__/u:object_r:boottime_public_prop:s0" dev="tmpfs" ino=3277 scontext=u:r:vendor_spdaemon:s0 tcontext=u:object_r:boottime_public_prop:s0 tclass=file permissive=1
01-01 08:00:21.451 594 594 I auditd : type=1400 audit(0.0:293): avc: denied { map } for comm="spdaemon" path="/dev/__properties__/u:object_r:boottime_public_prop:s0" dev="tmpfs" ino=3277 scontext=u:r:vendor_spdaemon:s0 tcontext=u:object_r:boottime_public_prop:s0 tclass=file permissive=1
01-01 08:00:21.451 594 594 I auditd : type=1400 audit(0.0:294): avc: denied { open } for comm="spdaemon" path="/dev/__properties__/u:object_r:bpf_progs_loaded_prop:s0" dev="tmpfs" ino=3278 scontext=u:r:vendor_spdaemon:s0 tcontext=u:object_r:bpf_progs_loaded_prop:s0 tclass=file permissive=1
01-01 08:00:21.451 594 594 I auditd : type=1400 audit(0.0:295): avc: denied { getattr } for comm="spdaemon" path="/dev/__properties__/u:object_r:bpf_progs_loaded_prop:s0" dev="tmpfs" ino=3278 scontext=u:r:vendor_spdaemon:s0 tcontext=u:object_r:bpf_progs_loaded_prop:s0 tclass=file permissive=1
01-01 08:00:21.451 594 594 I auditd : type=1400 audit(0.0:296): avc: denied { map } for comm="spdaemon" path="/dev/__properties__/u:object_r:bpf_progs_loaded_prop:s0" dev="tmpfs" ino=3278 scontext=u:r:vendor_spdaemon:s0 tcontext=u:object_r:bpf_progs_loaded_prop:s0 tclass=file permissive=1
01-01 08:00:21.451 594 594 I auditd : type=1400 audit(0.0:297): avc: denied { open } for comm="spdaemon" path="/dev/__properties__/u:object_r:build_config_prop:s0" dev="tmpfs" ino=3281 scontext=u:r:vendor_spdaemon:s0 tcontext=u:object_r:build_config_prop:s0 tclass=file permissive=1
01-01 08:00:21.451 594 594 I auditd : type=1400 audit(0.0:298): avc: denied { getattr } for comm="spdaemon" path="/dev/__properties__/u:object_r:build_config_prop:s0" dev="tmpfs" ino=3281 scontext=u:r:vendor_spdaemon:s0 tcontext=u:object_r:build_config_prop:s0 tclass=file permissive=1
01-01 08:00:21.451 594 594 I auditd : type=1400 audit(0.0:299): avc: denied { map } for comm="spdaemon" path="/dev/__properties__/u:object_r:build_config_prop:s0" dev="tmpfs" ino=3281 scontext=u:r:vendor_spdaemon:s0 tcontext=u:object_r:build_config_prop:s0 tclass=file permissive=1
01-01 08:00:21.451 594 594 I auditd : type=1400 audit(0.0:300): avc: denied { open } for comm="spdaemon" path="/dev/__properties__/u:object_r:camera2_extensions_prop:s0" dev="tmpfs" ino=3285 scontext=u:r:vendor_spdaemon:s0 tcontext=u:object_r:camera2_extensions_prop:s0 tclass=file permissive=1
01-01 08:00:21.451 594 594 I auditd : type=1400 audit(0.0:301): avc: denied { getattr } for comm="spdaemon" path="/dev/__properties__/u:object_r:camera2_extensions_prop:s0" dev="tmpfs" ino=3285 scontext=u:r:vendor_spdaemon:s0 tcontext=u:object_r:camera2_extensions_prop:s0 tclass=file permissive=1
01-01 08:00:26.599 0 0 I msm_pcie_enable: PCIe: RC0: PCIE20_PARF_INT_ALL_MASK: 0x7f80d202
01-01 08:00:26.601 0 0 I pcie_phy_init: PCIe RC0 PHY is ready!
01-01 08:00:26.608 0 0 I init : Service 'exec 17 (/system/bin/flags_health_check BOOT_FAILURE)' (pid 655) exited with status 0 waiting took 0.037000 seconds
01-01 08:00:26.611 0 0 I msm_pcie_enable: PCIe: Release the reset of endpoint of RC0.
01-01 08:00:26.627 0 0 I msm_pcie_link_train: PCIe RC0 link initialized
01-01 08:00:21.451 594 594 I auditd : type=1400 audit(0.0:302): avc: denied { map } for comm="spdaemon" path="/dev/__properties__/u:object_r:camera2_extensions_prop:s0" dev="tmpfs" ino=3285 scontext=u:r:vendor_spdaemon:s0 tcontext=u:object_r:camera2_extensions_prop:s0 tclass=file permissive=1
01-01 08:00:26.640 0 0 I cnss_pci 0000: 01:00.0: enabling device (0000 -> 0002)
01-01 08:00:26.640 0 0 D cnss : Read register offset 0x1f8031c, val = 0x6
01-01 08:00:26.640 0 0 D cnss : Write val 0x2 to register offset 0x1f8031c
01-01 08:00:26.640 0 0 D cnss : Setting MHI state: INIT(0)
01-01 08:00:26.641 0 0 I init : Sending signal 9 to service 'exec 17 (/system/bin/flags_health_check BOOT_FAILURE)' (pid 655) process group...
01-01 08:00:21.451 594 594 I auditd : type=1400 audit(0.0:303): avc: denied { open } for comm="spdaemon" path="/dev/__properties__/u:object_r:camera_calibration_prop:s0" dev="tmpfs" ino=3286 scontext=u:r:vendor_spdaemon:s0 tcontext=u:object_r:camera_calibration_prop:s0 tclass=file permissive=1
01-01 08:00:26.671 0 0 I libprocessgroup: Successfully killed process cgroup uid 1000 pid 655 in 0ms
01-01 08:00:26.671 0 0 D cnss : Setting MHI state: POWER_ON(2)
01-01 08:00:26.671 0 0 W cnss_pci 0000: 01:00.0: Falling back to syfs fallback for: qca6390/amss20.bin
01-01 08:00:26.673 0 0 I ueventd : firmware: loading 'qca6390/amss20.bin' for '/devices/platform/soc/1c00000.qcom,pcie/pci0000:00/0000:00:00.0/0000:01:00.0/firmware/qca6390!amss20.bin'
01-01 08:00:26.679 0 0 I ueventd : loading /devices/platform/soc/1c00000.qcom,pcie/pci0000:00/0000:00:00.0/0000:01:00.0/firmware/qca6390!amss20.bin took 6ms
01-01 08:00:21.451 594 594 I auditd : type=1400 audit(0.0:304): avc: denied { getattr } for comm="spdaemon" path="/dev/__properties__/u:object_r:camera_calibration_prop:s0" dev="tmpfs" ino=3286 scontext=u:r:vendor_spdaemon:s0 tcontext=u:object_r:camera_calibration_prop:s0 tclass=file permissive=1
01-01 08:00:21.451 594 594 I auditd : type=1400 audit(0.0:305): avc: denied { map } for comm="spdaemon" path="/dev/__properties__/u:object_r:camera_calibration_prop:s0" dev="tmpfs" ino=3286 scontext=u:r:vendor_spdaemon:s0 tcontext=u:object_r:camera_calibration_prop:s0 tclass=file permissive=1
01-01 08:00:26.705 0 0 I init : Service 'vendor_sys_qti_display' (pid 648) exited with status 0 oneshot service took 0.142000 seconds in background
01-01 08:00:26.741 0 0 I init : Sending signal 9 to service 'vendor_sys_qti_display' (pid 648) process group...
01-01 08:00:21.451 594 594 I auditd : type=1400 audit(0.0:306): avc: denied { open } for comm="spdaemon" path="/dev/__properties__/u:object_r:camera_config_prop:s0" dev="tmpfs" ino=3287 scontext=u:r:vendor_spdaemon:s0 tcontext=u:object_r:camera_config_prop:s0 tclass=file permissive=1
01-01 08:00:21.451 594 594 I auditd : type=1400 audit(0.0:307): avc: denied { getattr } for comm="spdaemon" path="/dev/__properties__/u:object_r:camera_config_prop:s0" dev="tmpfs" ino=3287 scontext=u:r:vendor_spdaemon:s0 tcontext=u:object_r:camera_config_prop:s0 tclass=file permissive=1
01-01 08:00:26.774 0 0 I libprocessgroup: Successfully killed process cgroup uid 1000 pid 648 in 0ms
01-01 08:00:21.451 594 594 I auditd : type=1400 audit(0.0:308): avc: denied { map } for comm="spdaemon" path="/dev/__properties__/u:object_r:camera_config_prop:s0" dev="tmpfs" ino=3287 scontext=u:r:vendor_spdaemon:s0 tcontext=u:object_r:camera_config_prop:s0 tclass=file permissive=1
01-01 08:00:26.805 0 0 I init : processing action (load_bpf_programs) from (/system/etc/init/bpfloader.rc:17)
01-01 08:00:21.451 594 594 I auditd : type=1400 audit(0.0:309): avc: denied { open } for comm="spdaemon" path="/dev/__properties__/u:object_r:camerax_extensions_prop:s0" dev="tmpfs" ino=3288 scontext=u:r:vendor_spdaemon:s0 tcontext=u:object_r:camerax_extensions_prop:s0 tclass=file permissive=1
01-01 08:00:26.837 0 0 I init : starting service 'bpfloader'...
01-01 08:00:26.870 0 0 I init : SVC_EXEC service 'bpfloader' pid 667 (uid 0 gid 0+0 context default) started; waiting...
01-01 08:00:21.451 594 594 I auditd : type=1400 audit(0.0:310): avc: denied { getattr } for comm="spdaemon" path="/dev/__properties__/u:object_r:camerax_extensions_prop:s0" dev="tmpfs" ino=3288 scontext=u:r:vendor_spdaemon:s0 tcontext=u:object_r:camerax_extensions_prop:s0 tclass=file permissive=1
01-01 08:00:26.906 0 0 I init : Command 'exec_start bpfloader' action=load_bpf_programs (/system/etc/init/bpfloader.rc:23) took 68ms and succeeded
01-01 08:00:21.451 594 594 I auditd : type=1400 audit(0.0:311): avc: denied { map } for comm="spdaemon" path="/dev/__properties__/u:object_r:camerax_extensions_prop:s0" dev="tmpfs" ino=3288 scontext=u:r:vendor_spdaemon:s0 tcontext=u:object_r:camerax_extensions_prop:s0 tclass=file permissive=1
01-01 08:00:26.749 667 667 I liblog : 354
01-01 08:00:26.751 667 667 I liblog : 356
01-01 08:00:26.753 667 667 I liblog : 306
01-01 08:00:26.770 667 667 I liblog : 309
01-01 08:00:21.451 594 594 I auditd : type=1400 audit(0.0:312): avc: denied { open } for comm="spdaemon" path="/dev/__properties__/u:object_r:charger_config_prop:s0" dev="tmpfs" ino=3289 scontext=u:r:vendor_spdaemon:s0 tcontext=u:object_r:charger_config_prop:s0 tclass=file permissive=1
01-01 08:00:27.227 0 0 I init : Service 'bpfloader' (pid 667) exited with status 0 waiting took 0.358000 seconds
01-01 08:00:27.259 0 0 I init : Sending signal 9 to service 'bpfloader' (pid 667) process group...
01-01 08:00:21.451 594 594 I auditd : type=1400 audit(0.0:313): avc: denied { getattr } for comm="spdaemon" path="/dev/__properties__/u:object_r:charger_config_prop:s0" dev="tmpfs" ino=3289 scontext=u:r:vendor_spdaemon:s0 tcontext=u:object_r:charger_config_prop:s0 tclass=file permissive=1
01-01 08:00:27.259 0 0 I libprocessgroup: Successfully killed process cgroup uid 0 pid 667 in 0ms
01-01 08:00:21.451 594 594 I auditd : type=1400 audit(0.0:314): avc: denied { map } for comm="spdaemon" path="/dev/__properties__/u:object_r:charger_config_prop:s0" dev="tmpfs" ino=3289 scontext=u:r:vendor_spdaemon:s0 tcontext=u:object_r:charger_config_prop:s0 tclass=file permissive=1
01-01 08:00:27.287 0 0 I init : processing action (ro.crypto.state=encrypted && ro.crypto.type=file && zygote-start) from (/system/etc/init/hw/init.rc:997)
01-01 08:00:27.315 0 0 I init : start_waiting_for_property("odsign.verification.done", "1"): already set
01-01 08:00:21.451 594 594 I auditd : type=1400 audit(0.0:315): avc: denied { open } for comm="spdaemon" path="/dev/__properties__/u:object_r:charger_prop:s0" dev="tmpfs" ino=3290 scontext=u:r:vendor_spdaemon:s0 tcontext=u:object_r:charger_prop:s0 tclass=file permissive=1
01-01 08:00:21.451 594 594 I auditd : type=1400 audit(0.0:316): avc: denied { getattr } for comm="spdaemon" path="/dev/__properties__/u:object_r:charger_prop:s0" dev="tmpfs" ino=3290 scontext=u:r:vendor_spdaemon:s0 tcontext=u:object_r:charger_prop:s0 tclass=file permissive=1
01-01 08:00:27.345 0 0 I init : starting service 'update_verifier_nonencrypted'...
01-01 08:00:27.381 0 0 I init : SVC_EXEC service 'update_verifier_nonencrypted' pid 668 (uid 0 gid 2001+1 context default) started; waiting...
01-01 08:00:27.384 0 0 D cnss : MHI status cb is called with reason MISSION_MODE(6)
01-01 08:00:27.384 0 0 D cnss : Notify MHI to use already allocated images
01-01 08:00:27.384 0 0 D cnss : PM relax, state: 0x8, count: 0
01-01 08:00:27.387 0 0 E register_client_adhoc: find path.src 1 dest 589
01-01 08:00:27.387 0 0 E register_client_adhoc: Failed to find path.src 1 dest 589
01-01 08:00:27.387 0 0 E : [drm:dp_display_init_aux_switch][msm-dp-err][82 ]failed to register notifier (-22)
01-01 08:00:27.388 0 0 E register_client_adhoc: find path.src 1 dest 589
01-01 08:00:27.388 0 0 E register_client_adhoc: Failed to find path.src 1 dest 589
01-01 08:00:27.389 0 0 E : [drm:dp_display_init_aux_switch][msm-dp-err][496 ]failed to register notifier (-22)
01-01 08:00:27.389 0 0 E register_client_adhoc: find path.src 1 dest 589
01-01 08:00:27.389 0 0 E register_client_adhoc: Failed to find path.src 1 dest 589
01-01 08:00:27.392 0 0 I update_verifier: Started with arg 1: nonencrypted
01-01 08:00:27.392 0 0 I binder : 668:668 ioctl 40046210 7fcb864874 returned -22
01-01 08:00:27.392 0 0 D hw-ProcessState: Binder ioctl to enable oneway spam detection failed: Invalid argument
01-01 08:00:27.393 0 0 I update_verifier: Booting slot 0: isSlotMarkedSuccessful=1
01-01 08:00:27.393 0 0 I update_verifier: Leaving update_verifier.
01-01 08:00:21.451 594 594 I auditd : type=1400 audit(0.0:317): avc: denied { map } for comm="spdaemon" path="/dev/__properties__/u:object_r:charger_prop:s0" dev="tmpfs" ino=3290 scontext=u:r:vendor_spdaemon:s0 tcontext=u:object_r:charger_prop:s0 tclass=file permissive=1
01-01 08:00:21.451 594 594 I auditd : type=1400 audit(0.0:318): avc: denied { open } for comm="spdaemon" path="/dev/__properties__/u:object_r:codec2_config_prop:s0" dev="tmpfs" ino=3292 scontext=u:r:vendor_spdaemon:s0 tcontext=u:object_r:codec2_config_prop:s0 tclass=file permissive=1
01-01 08:00:27.416 0 0 I init : Command 'exec_start update_verifier_nonencrypted' action=ro.crypto.state=encrypted && ro.crypto.type=file && zygote-start (/system/etc/init/hw/init.rc:1000) took 70ms and succeeded
01-01 08:00:21.451 594 594 I auditd : type=1400 audit(0.0:319): avc: denied { getattr } for comm="spdaemon" path="/dev/__properties__/u:object_r:codec2_config_prop:s0" dev="tmpfs" ino=3292 scontext=u:r:vendor_spdaemon:s0 tcontext=u:object_r:codec2_config_prop:s0 tclass=file permissive=1
01-01 08:00:27.450 0 0 I init : Service 'update_verifier_nonencrypted' (pid 668) exited with status 0 waiting took 0.069000 seconds
01-01 08:00:21.451 594 594 I auditd : type=1400 audit(0.0:320): avc: denied { map } for comm="spdaemon" path="/dev/__properties__/u:object_r:codec2_config_prop:s0" dev="tmpfs" ino=3292 scontext=u:r:vendor_spdaemon:s0 tcontext=u:object_r:codec2_config_prop:s0 tclass=file permissive=1
01-01 08:00:27.482 0 0 I init : Sending signal 9 to service 'update_verifier_nonencrypted' (pid 668) process group...
01-01 08:00:21.451 594 594 I auditd : type=1400 audit(0.0:321): avc: denied { open } for comm="spdaemon" path="/dev/__properties__/u:object_r:cold_boot_done_prop:s0" dev="tmpfs" ino=3293 scontext=u:r:vendor_spdaemon:s0 tcontext=u:object_r:cold_boot_done_prop:s0 tclass=file permissive=1
01-01 08:00:27.512 0 0 I libprocessgroup: Successfully killed process cgroup uid 0 pid 668 in 0ms
01-01 08:00:21.451 594 594 I auditd : type=1400 audit(0.0:322): avc: denied { getattr } for comm="spdaemon" path="/dev/__properties__/u:object_r:cold_boot_done_prop:s0" dev="tmpfs" ino=3293 scontext=u:r:vendor_spdaemon:s0 tcontext=u:object_r:cold_boot_done_prop:s0 tclass=file permissive=1
01-01 08:00:27.543 0 0 I init : starting service 'statsd'...
01-01 08:00:21.451 594 594 I auditd : type=1400 audit(0.0:323): avc: denied { map } for comm="spdaemon" path="/dev/__properties__/u:object_r:cold_boot_done_prop:s0" dev="tmpfs" ino=3293 scontext=u:r:vendor_spdaemon:s0 tcontext=u:object_r:cold_boot_done_prop:s0 tclass=file permissive=1
01-01 08:00:27.574 0 0 I init : Created socket '/dev/socket/statsdw', mode 222, user 1066, group 1066
01-01 08:00:27.604 0 0 I init : Command 'start statsd' action=ro.crypto.state=encrypted && ro.crypto.type=file && zygote-start (/system/etc/init/hw/init.rc:1001) took 61ms and succeeded
01-01 08:00:27.613 0 0 I binder : 671:671 ioctl 40046210 7feb940d24 returned -22
01-01 08:00:21.451 594 594 I auditd : type=1400 audit(0.0:324): avc: denied { open } for comm="spdaemon" path="/dev/__properties__/u:object_r:config_prop:s0" dev="tmpfs" ino=3294 scontext=u:r:vendor_spdaemon:s0 tcontext=u:object_r:config_prop:s0 tclass=file permissive=1
01-01 08:00:21.451 594 594 I auditd : type=1400 audit(0.0:325): avc: denied { getattr } for comm="spdaemon" path="/dev/__properties__/u:object_r:config_prop:s0" dev="tmpfs" ino=3294 scontext=u:r:vendor_spdaemon:s0 tcontext=u:object_r:config_prop:s0 tclass=file permissive=1
01-01 08:00:27.632 0 0 I init : starting service 'netd'...
01-01 08:00:21.451 594 594 I auditd : type=1400 audit(0.0:326): avc: denied { map } for comm="spdaemon" path="/dev/__properties__/u:object_r:config_prop:s0" dev="tmpfs" ino=3294 scontext=u:r:vendor_spdaemon:s0 tcontext=u:object_r:config_prop:s0 tclass=file permissive=1
01-01 08:00:27.666 0 0 I init : Created socket '/dev/socket/dnsproxyd', mode 660, user 0, group 3003
01-01 08:00:21.451 594 594 I auditd : type=1400 audit(0.0:327): avc: denied { open } for comm="spdaemon" path="/dev/__properties__/u:object_r:cppreopt_prop:s0" dev="tmpfs" ino=3295 scontext=u:r:vendor_spdaemon:s0 tcontext=u:object_r:cppreopt_prop:s0 tclass=file permissive=1
01-01 08:00:27.696 0 0 I init : Created socket '/dev/socket/mdns', mode 660, user 0, group 1000
01-01 08:00:21.451 594 594 I auditd : type=1400 audit(0.0:328): avc: denied { getattr } for comm="spdaemon" path="/dev/__properties__/u:object_r:cppreopt_prop:s0" dev="tmpfs" ino=3295 scontext=u:r:vendor_spdaemon:s0 tcontext=u:object_r:cppreopt_prop:s0 tclass=file permissive=1
01-01 08:00:27.710 0 0 I init : Created socket '/dev/socket/fwmarkd', mode 660, user 0, group 3003
01-01 08:00:21.451 594 594 I auditd : type=1400 audit(0.0:329): avc: denied { map } for comm="spdaemon" path="/dev/__properties__/u:object_r:cppreopt_prop:s0" dev="tmpfs" ino=3295 scontext=u:r:vendor_spdaemon:s0 tcontext=u:object_r:cppreopt_prop:s0 tclass=file permissive=1
01-01 08:00:27.758 0 0 I init : Command 'start netd' action=ro.crypto.state=encrypted && ro.crypto.type=file && zygote-start (/system/etc/init/hw/init.rc:1002) took 126ms and succeeded
01-01 08:00:27.788 0 0 I init : starting service 'zygote'...
01-01 08:00:21.451 594 594 I auditd : type=1400 audit(0.0:330): avc: denied { open } for comm="spdaemon" path="/dev/__properties__/u:object_r:cpu_variant_prop:s0" dev="tmpfs" ino=3296 scontext=u:r:vendor_spdaemon:s0 tcontext=u:object_r:cpu_variant_prop:s0 tclass=file permissive=1
01-01 08:00:21.451 594 594 I auditd : type=1400 audit(0.0:331): avc: denied { getattr } for comm="spdaemon" path="/dev/__properties__/u:object_r:cpu_variant_prop:s0" dev="tmpfs" ino=3296 scontext=u:r:vendor_spdaemon:s0 tcontext=u:object_r:cpu_variant_prop:s0 tclass=file permissive=1
01-01 08:00:27.819 0 0 I init : Created socket '/dev/socket/zygote', mode 660, user 0, group 1000
01-01 08:00:21.451 594 594 I auditd : type=1400 audit(0.0:332): avc: denied { map } for comm="spdaemon" path="/dev/__properties__/u:object_r:cpu_variant_prop:s0" dev="tmpfs" ino=3296 scontext=u:r:vendor_spdaemon:s0 tcontext=u:object_r:cpu_variant_prop:s0 tclass=file permissive=1
01-01 08:00:27.866 0 0 I init : Created socket '/dev/socket/usap_pool_primary', mode 660, user 0, group 1000
01-01 08:00:21.451 594 594 I auditd : type=1400 audit(0.0:333): avc: denied { open } for comm="spdaemon" path="/dev/__properties__/u:object_r:ctl_adbd_prop:s0" dev="tmpfs" ino=3297 scontext=u:r:vendor_spdaemon:s0 tcontext=u:object_r:ctl_adbd_prop:s0 tclass=file permissive=1
01-01 08:00:27.904 0 0 I init : Command 'start zygote' action=ro.crypto.state=encrypted && ro.crypto.type=file && zygote-start (/system/etc/init/hw/init.rc:1003) took 116ms and succeeded
01-01 08:00:21.451 594 594 I auditd : type=1400 audit(0.0:334): avc: denied { getattr } for comm="spdaemon" path="/dev/__properties__/u:object_r:ctl_adbd_prop:s0" dev="tmpfs" ino=3297 scontext=u:r:vendor_spdaemon:s0 tcontext=u:object_r:ctl_adbd_prop:s0 tclass=file permissive=1
01-01 08:00:27.946 0 0 I init : starting service 'zygote_secondary'...
01-01 08:00:21.451 594 594 I auditd : type=1400 audit(0.0:335): avc: denied { map } for comm="spdaemon" path="/dev/__properties__/u:object_r:ctl_adbd_prop:s0" dev="tmpfs" ino=3297 scontext=u:r:vendor_spdaemon:s0 tcontext=u:object_r:ctl_adbd_prop:s0 tclass=file permissive=1
01-01 08:00:27.987 0 0 I init : Created socket '/dev/socket/zygote_secondary', mode 660, user 0, group 1000
01-01 08:00:28.002 0 0 I binder : 675:675 ioctl 40046210 7fd83afdb4 returned -22
01-01 08:00:28.003 0 0 I binder : 675:675 ioctl 40046210 7fd83affc4 returned -22
01-01 08:00:28.026 0 0 I init : Created socket '/dev/socket/usap_pool_secondary', mode 660, user 0, group 1000
01-01 08:00:21.451 594 594 I auditd : type=1400 audit(0.0:336): avc: denied { open } for comm="spdaemon" path="/dev/__properties__/u:object_r:ctl_apexd_prop:s0" dev="tmpfs" ino=3298 scontext=u:r:vendor_spdaemon:s0 tcontext=u:object_r:ctl_apexd_prop:s0 tclass=file permissive=1
01-01 08:00:21.451 594 594 I auditd : type=1400 audit(0.0:337): avc: denied { getattr } for comm="spdaemon" path="/dev/__properties__/u:object_r:ctl_apexd_prop:s0" dev="tmpfs" ino=3298 scontext=u:r:vendor_spdaemon:s0 tcontext=u:object_r:ctl_apexd_prop:s0 tclass=file permissive=1
01-01 08:00:27.873 680 680 I boot_progress_start: 25646
01-01 08:00:28.060 0 0 I init : Command 'start zygote_secondary' action=ro.crypto.state=encrypted && ro.crypto.type=file && zygote-start (/system/etc/init/hw/init.rc:1004) took 114ms and succeeded
01-01 08:00:21.451 594 594 I auditd : type=1400 audit(0.0:338): avc: denied { map } for comm="spdaemon" path="/dev/__properties__/u:object_r:ctl_apexd_prop:s0" dev="tmpfs" ino=3298 scontext=u:r:vendor_spdaemon:s0 tcontext=u:object_r:ctl_apexd_prop:s0 tclass=file permissive=1
01-01 08:00:28.091 0 0 I init : processing action (firmware_mounts_complete) from (/system/etc/init/hw/init.rc:479)
01-01 08:00:21.451 594 594 I auditd : type=1400 audit(0.0:339): avc: denied { open } for comm="spdaemon" path="/dev/__properties__/u:object_r:ctl_bootanim_prop:s0" dev="tmpfs" ino=3299 scontext=u:r:vendor_spdaemon:s0 tcontext=u:object_r:ctl_bootanim_prop:s0 tclass=file permissive=1
01-01 08:00:28.125 0 0 I init : processing action (early-boot) from (/vendor/etc/init/hw/init.qcom.rc:83)
01-01 08:00:28.134 0 0 E ueventd : firmware: could not find firmware for dsi_prop
01-01 08:00:28.134 0 0 E ueventd : firmware: attempted /etc/firmware/dsi_prop, open failed: No such file or directory
01-01 08:00:28.134 0 0 E ueventd : firmware: attempted /odm/firmware/dsi_prop, open failed: No such file or directory
01-01 08:00:28.134 0 0 E ueventd : firmware: attempted /vendor/firmware/dsi_prop, open failed: No such file or directory
01-01 08:00:28.134 0 0 E ueventd : firmware: attempted /firmware/image/dsi_prop, open failed: No such file or directory
01-01 08:00:28.134 0 0 E ueventd : firmware: attempted /vendor/firmware_mnt/image/dsi_prop, open failed: No such file or directory
01-01 08:00:28.134 0 0 I ueventd : loading /devices/platform/soc/soc:qcom,dsi-display-primary/firmware/dsi_prop took 11532ms
01-01 08:00:28.157 0 0 E OF : graph: no port node found in /soc/qcom,dsi-display-primary
01-01 08:00:28.160 0 0 I init : Untracked pid 491 exited with status 0
01-01 08:00:28.164 0 0 W subsys-pil-tz 17300000.qcom,lpass: Falling back to syfs fallback for: adsp.mdt
01-01 08:00:28.164 0 0 W subsys-pil-tz 8300000.qcom,turing: Falling back to syfs fallback for: cdsp.mdt
01-01 08:00:28.166 0 0 I ueventd : firmware: loading 'cdsp.mdt' for '/devices/platform/soc/8300000.qcom,turing/firmware/cdsp.mdt'
01-01 08:00:28.166 0 0 I ueventd : firmware: loading 'adsp.mdt' for '/devices/platform/soc/17300000.qcom,lpass/firmware/adsp.mdt'
01-01 08:00:28.167 0 0 I subsys-pil-tz 17300000.qcom,lpass: adsp: loading from 0x000000008a100000 to 0x000000008be00000
01-01 08:00:28.167 0 0 I subsys-pil-tz 8300000.qcom,turing: cdsp: loading from 0x0000000087800000 to 0x0000000088c00000
01-01 08:00:28.168 0 0 I ueventd : loading /devices/platform/soc/17300000.qcom,lpass/firmware/adsp.mdt took 1ms
01-01 08:00:28.168 0 0 I ueventd : loading /devices/platform/soc/8300000.qcom,turing/firmware/cdsp.mdt took 1ms
01-01 08:00:28.171 0 0 W subsys-pil-tz 8300000.qcom,turing: Falling back to syfs fallback for: cdsp.b02
01-01 08:00:28.171 0 0 W subsys-pil-tz 8300000.qcom,turing: Falling back to syfs fallback for: cdsp.b03
01-01 08:00:28.172 0 0 W subsys-pil-tz 8300000.qcom,turing: Falling back to syfs fallback for: cdsp.b04
01-01 08:00:21.451 594 594 I auditd : type=1400 audit(0.0:340): avc: denied { getattr } for comm="spdaemon" path="/dev/__properties__/u:object_r:ctl_bootanim_prop:s0" dev="tmpfs" ino=3299 scontext=u:r:vendor_spdaemon:s0 tcontext=u:object_r:ctl_bootanim_prop:s0 tclass=file permissive=1
01-01 08:00:28.172 0 0 W subsys-pil-tz 8300000.qcom,turing: Falling back to syfs fallback for: cdsp.b05
01-01 08:00:28.172 0 0 W subsys-pil-tz 8300000.qcom,turing: Falling back to syfs fallback for: cdsp.b06
01-01 08:00:28.172 0 0 W subsys-pil-tz 8300000.qcom,turing: Falling back to syfs fallback for: cdsp.b08
01-01 08:00:28.173 0 0 W subsys-pil-tz 8300000.qcom,turing: Falling back to syfs fallback for: cdsp.b09
01-01 08:00:28.173 0 0 W subsys-pil-tz 8300000.qcom,turing: Falling back to syfs fallback for: cdsp.b11
01-01 08:00:28.174 0 0 W subsys-pil-tz 17300000.qcom,lpass: Falling back to syfs fallback for: adsp.b02
01-01 08:00:28.174 0 0 W subsys-pil-tz 17300000.qcom,lpass: Falling back to syfs fallback for: adsp.b03
01-01 08:00:28.174 0 0 W subsys-pil-tz 17300000.qcom,lpass: Falling back to syfs fallback for: adsp.b04
01-01 08:00:28.174 0 0 I ueventd : firmware: loading 'cdsp.b02' for '/devices/platform/soc/8300000.qcom,turing/firmware/cdsp.b02'
01-01 08:00:28.175 0 0 W subsys-pil-tz 17300000.qcom,lpass: Falling back to syfs fallback for: adsp.b05
01-01 08:00:28.175 0 0 W subsys-pil-tz 17300000.qcom,lpass: Falling back to syfs fallback for: adsp.b06
01-01 08:00:28.175 0 0 W subsys-pil-tz 17300000.qcom,lpass: Falling back to syfs fallback for: adsp.b07
01-01 08:00:28.175 0 0 W subsys-pil-tz 17300000.qcom,lpass: Falling back to syfs fallback for: adsp.b08
01-01 08:00:28.175 0 0 W subsys-pil-tz 17300000.qcom,lpass: Falling back to syfs fallback for: adsp.b09
01-01 08:00:28.176 0 0 W subsys-pil-tz 17300000.qcom,lpass: Falling back to syfs fallback for: adsp.b10
01-01 08:00:28.176 0 0 W subsys-pil-tz 17300000.qcom,lpass: Falling back to syfs fallback for: adsp.b11
01-01 08:00:28.176 0 0 I ueventd : loading /devices/platform/soc/8300000.qcom,turing/firmware/cdsp.b02 took 1ms
01-01 08:00:28.176 0 0 W subsys-pil-tz 17300000.qcom,lpass: Falling back to syfs fallback for: adsp.b12
01-01 08:00:28.176 0 0 W subsys-pil-tz 17300000.qcom,lpass: Falling back to syfs fallback for: adsp.b13
01-01 08:00:28.177 0 0 W subsys-pil-tz 17300000.qcom,lpass: Falling back to syfs fallback for: adsp.b14
01-01 08:00:28.177 0 0 W subsys-pil-tz 17300000.qcom,lpass: Falling back to syfs fallback for: adsp.b15
01-01 08:00:28.177 0 0 W subsys-pil-tz 17300000.qcom,lpass: Falling back to syfs fallback for: adsp.b16
01-01 08:00:28.177 0 0 W subsys-pil-tz 17300000.qcom,lpass: Falling back to syfs fallback for: adsp.b17
01-01 08:00:28.177 0 0 W subsys-pil-tz 17300000.qcom,lpass: Falling back to syfs fallback for: adsp.b18
01-01 08:00:28.178 0 0 I ueventd : firmware: loading 'cdsp.b03' for '/devices/platform/soc/8300000.qcom,turing/firmware/cdsp.b03'
01-01 08:00:28.178 0 0 I ueventd : loading /devices/platform/soc/8300000.qcom,turing/firmware/cdsp.b03 took 0ms
01-01 08:00:28.184 0 0 I ueventd : firmware: loading 'cdsp.b08' for '/devices/platform/soc/8300000.qcom,turing/firmware/cdsp.b08'
01-01 08:00:28.185 0 0 I ueventd : firmware: loading 'cdsp.b09' for '/devices/platform/soc/8300000.qcom,turing/firmware/cdsp.b09'
01-01 08:00:28.186 0 0 I ueventd : firmware: loading 'cdsp.b11' for '/devices/platform/soc/8300000.qcom,turing/firmware/cdsp.b11'
01-01 08:00:28.186 0 0 I ueventd : loading /devices/platform/soc/8300000.qcom,turing/firmware/cdsp.b09 took 1ms
01-01 08:00:28.188 0 0 I ueventd : loading /devices/platform/soc/8300000.qcom,turing/firmware/cdsp.b11 took 1ms
01-01 08:00:28.188 0 0 I ueventd : firmware: loading 'cdsp.b05' for '/devices/platform/soc/8300000.qcom,turing/firmware/cdsp.b05'
01-01 08:00:28.189 0 0 I ueventd : firmware: loading 'cdsp.b06' for '/devices/platform/soc/8300000.qcom,turing/firmware/cdsp.b06'
01-01 08:00:28.189 0 0 I ueventd : firmware: loading 'cdsp.b04' for '/devices/platform/soc/8300000.qcom,turing/firmware/cdsp.b04'
01-01 08:00:28.189 0 0 I ueventd : firmware: loading 'adsp.b02' for '/devices/platform/soc/17300000.qcom,lpass/firmware/adsp.b02'
01-01 08:00:28.189 0 0 I ueventd : loading /devices/platform/soc/8300000.qcom,turing/firmware/cdsp.b06 took 0ms
01-01 08:00:28.189 0 0 I ueventd : firmware: loading 'adsp.b03' for '/devices/platform/soc/17300000.qcom,lpass/firmware/adsp.b03'
01-01 08:00:28.190 0 0 I ueventd : loading /devices/platform/soc/8300000.qcom,turing/firmware/cdsp.b04 took 1ms
01-01 08:00:28.191 0 0 I ueventd : loading /devices/platform/soc/17300000.qcom,lpass/firmware/adsp.b02 took 1ms
01-01 08:00:28.191 0 0 I ueventd : firmware: loading 'adsp.b04' for '/devices/platform/soc/17300000.qcom,lpass/firmware/adsp.b04'
01-01 08:00:28.191 0 0 I ueventd : loading /devices/platform/soc/8300000.qcom,turing/firmware/cdsp.b08 took 7ms
01-01 08:00:28.192 0 0 I ueventd : loading /devices/platform/soc/17300000.qcom,lpass/firmware/adsp.b03 took 3ms
01-01 08:00:28.194 0 0 I ueventd : loading /devices/platform/soc/8300000.qcom,turing/firmware/cdsp.b05 took 5ms
01-01 08:00:28.195 0 0 I ueventd : loading /devices/platform/soc/17300000.qcom,lpass/firmware/adsp.b04 took 4ms
01-01 08:00:28.195 0 0 I ueventd : firmware: loading 'adsp.b05' for '/devices/platform/soc/17300000.qcom,lpass/firmware/adsp.b05'
01-01 08:00:28.197 0 0 W [drm] [msm-dsi-warn]: [hx82101+hx8692 video mode dsi truly panel] fallback to default te-pin-select
01-01 08:00:28.199 0 0 I ueventd : loading /devices/platform/soc/17300000.qcom,lpass/firmware/adsp.b05 took 4ms
01-01 08:00:28.200 0 0 I ueventd : firmware: loading 'adsp.b06' for '/devices/platform/soc/17300000.qcom,lpass/firmware/adsp.b06'
01-01 08:00:28.209 0 0 I ueventd : firmware: loading 'adsp.b07' for '/devices/platform/soc/17300000.qcom,lpass/firmware/adsp.b07'
01-01 08:00:28.209 0 0 I ueventd : loading /devices/platform/soc/17300000.qcom,lpass/firmware/adsp.b06 took 8ms
01-01 08:00:28.209 0 0 I ueventd : firmware: loading 'adsp.b08' for '/devices/platform/soc/17300000.qcom,lpass/firmware/adsp.b08'
01-01 08:00:28.210 0 0 I ueventd : loading /devices/platform/soc/17300000.qcom,lpass/firmware/adsp.b07 took 1ms
01-01 08:00:28.213 0 0 I ueventd : firmware: loading 'adsp.b09' for '/devices/platform/soc/17300000.qcom,lpass/firmware/adsp.b09'
01-01 08:00:28.214 0 0 I ueventd : loading /devices/platform/soc/17300000.qcom,lpass/firmware/adsp.b08 took 4ms
01-01 08:00:28.215 0 0 I ueventd : loading /devices/platform/soc/17300000.qcom,lpass/firmware/adsp.b09 took 2ms
01-01 08:00:28.217 0 0 I ueventd : firmware: loading 'adsp.b10' for '/devices/platform/soc/17300000.qcom,lpass/firmware/adsp.b10'
01-01 08:00:28.218 0 0 I ueventd : loading /devices/platform/soc/17300000.qcom,lpass/firmware/adsp.b10 took 1ms
01-01 08:00:21.451 594 594 I auditd : type=1400 audit(0.0:341): avc: denied { map } for comm="spdaemon" path="/dev/__properties__/u:object_r:ctl_bootanim_prop:s0" dev="tmpfs" ino=3299 scontext=u:r:vendor_spdaemon:s0 tcontext=u:object_r:ctl_bootanim_prop:s0 tclass=file permissive=1
01-01 08:00:28.221 0 0 I ueventd : firmware: loading 'adsp.b11' for '/devices/platform/soc/17300000.qcom,lpass/firmware/adsp.b11'
01-01 08:00:28.224 0 0 I ueventd : firmware: loading 'adsp.b12' for '/devices/platform/soc/17300000.qcom,lpass/firmware/adsp.b12'
01-01 08:00:28.227 0 0 I subsys-pil-tz 8300000.qcom,turing: cdsp: Brought out of reset
01-01 08:00:28.227 0 0 I ueventd : loading /devices/platform/soc/17300000.qcom,lpass/firmware/adsp.b12 took 2ms
01-01 08:00:28.228 0 0 I ueventd : firmware: loading 'adsp.b13' for '/devices/platform/soc/17300000.qcom,lpass/firmware/adsp.b13'
01-01 08:00:28.228 0 0 I ueventd : firmware: loading 'adsp.b14' for '/devices/platform/soc/17300000.qcom,lpass/firmware/adsp.b14'
01-01 08:00:28.229 0 0 I ueventd : firmware: loading 'adsp.b15' for '/devices/platform/soc/17300000.qcom,lpass/firmware/adsp.b15'
01-01 08:00:28.229 0 0 I ueventd : loading /devices/platform/soc/17300000.qcom,lpass/firmware/adsp.b13 took 1ms
01-01 08:00:28.230 0 0 I msm_drm ae00000.qcom,mdss_mdp: Linked as a consumer to regulator.31
01-01 08:00:28.230 0 0 I ueventd : loading /devices/platform/soc/17300000.qcom,lpass/firmware/adsp.b14 took 1ms
01-01 08:00:28.231 0 0 I ueventd : firmware: loading 'adsp.b16' for '/devices/platform/soc/17300000.qcom,lpass/firmware/adsp.b16'
01-01 08:00:28.232 0 0 I ueventd : loading /devices/platform/soc/17300000.qcom,lpass/firmware/adsp.b15 took 3ms
01-01 08:00:28.232 0 0 I ueventd : loading /devices/platform/soc/17300000.qcom,lpass/firmware/adsp.b16 took 1ms
01-01 08:00:28.235 0 0 I ueventd : loading /devices/platform/soc/17300000.qcom,lpass/firmware/adsp.b11 took 14ms
01-01 08:00:28.236 0 0 I ueventd : firmware: loading 'adsp.b17' for '/devices/platform/soc/17300000.qcom,lpass/firmware/adsp.b17'
01-01 08:00:28.237 0 0 I subsys-pil-tz 8300000.qcom,turing: Subsystem error monitoring/handling services are up
01-01 08:00:28.237 0 0 I subsys-pil-tz 8300000.qcom,turing: cdsp: Power/Clock ready interrupt received
01-01 08:00:28.238 0 0 I ueventd : firmware: loading 'adsp.b18' for '/devices/platform/soc/17300000.qcom,lpass/firmware/adsp.b18'
01-01 08:00:28.245 0 0 I ueventd : loading /devices/platform/soc/17300000.qcom,lpass/firmware/adsp.b17 took 8ms
01-01 08:00:28.245 0 0 I ueventd : loading /devices/platform/soc/17300000.qcom,lpass/firmware/adsp.b18 took 7ms
01-01 08:00:21.547 601 601 I auditd : type=1400 audit(0.0:342): avc: denied { search } for comm="android.hardwar" name="gsi" dev="sda11" ino=22 scontext=u:r:hal_bootctl_default:s0 tcontext=u:object_r:gsi_metadata_file:s0 tclass=dir permissive=1
01-01 08:00:28.280 0 0 E register_client_adhoc: find path.src 1 dest 590
01-01 08:00:28.281 0 0 E register_client_adhoc: Client handle 15 mdss_reg
01-01 08:00:28.284 0 0 I qcom_smd_qrtr_probe: Entered
01-01 08:00:28.284 0 0 I qcom_smd_qrtr_probe: SMD QRTR driver probed
01-01 08:00:28.285 0 0 I adsprpc : fastrpc_restart_notifier_cb: cdsp subsystem is up
01-01 08:00:28.285 0 0 I init : Command 'write /sys/kernel/boot_cdsp/boot 1' action=early-boot (/vendor/etc/init/hw/init.qcom.rc:88) took 124ms and succeeded
01-01 08:00:28.287 0 0 I msm_cvp : info: Opening cvp instance: 0000000000000000
01-01 08:00:28.287 0 0 I msm_cvp_v4l2 ab00000.qcom,cvp: Linked as a consumer to regulator.77
01-01 08:00:28.287 0 0 I msm_cvp_v4l2 ab00000.qcom,cvp: Linked as a consumer to regulator.76
01-01 08:00:28.288 0 0 I adsprpc : fastrpc_rpmsg_probe: opened rpmsg channel for cdsp
01-01 08:00:22.043 611 611 I auditd : type=1400 audit(0.0:343): avc: denied { kill } for comm="vdc" capability=5 scontext=u:r:vdc:s0 tcontext=u:r:vdc:s0 tclass=capability permissive=1
01-01 08:00:28.334 0 0 W subsys-pil-tz 9800000.qcom,npu: Falling back to syfs fallback for: npu.mdt
01-01 08:00:28.334 0 0 E register_client_adhoc: find path.src 22 dest 512
01-01 08:00:28.334 0 0 E register_client_adhoc: find path.src 23 dest 512
01-01 08:00:28.334 0 0 E register_client_adhoc: Client handle 53 mdss_sde
01-01 08:00:28.334 0 0 I msm_drm ae00000.qcom,mdss_mdp: bound soc:qcom,wb-display@0 (ops sde_wb_comp_ops)
01-01 08:00:28.334 0 0 I msm-dsi-display soc: qcom,dsi-display-primary: Linked as a consumer to regulator.25
01-01 08:00:28.334 0 0 I [drm:dsi_display_bind] [msm-dsi-info]: Successfully bind display panel 'qcom,mdss_dsi_panel_hx82101_hx8692_truly_v2_video'
01-01 08:00:28.334 0 0 I msm_drm ae00000.qcom,mdss_mdp: bound soc:qcom,dsi-display-primary (ops dsi_display_comp_ops)
01-01 08:00:28.334 0 0 I msm_drm ae00000.qcom,mdss_mdp: bound af20000.qcom,sde_rscc (ops sde_rsc_comp_ops)
01-01 08:00:28.334 0 0 I : [drm] mapped mdp address space @0000000000000000
01-01 08:00:28.335 0 0 I qcom_rpmh DRV: apps_rsc TCS Busy, retrying RPMH message send: addr=0x30080
01-01 08:00:28.335 0 0 I : [drm:_sde_kms_hw_init_blocks:3613] sde hardware revision:0x60000000
01-01 08:00:28.335 0 0 E : [drm:dp_display_init_aux_switch][msm-dp-err][352 ]failed to register notifier (-22)
01-01 08:00:28.336 0 0 E register_client_adhoc: find path.src 1 dest 589
01-01 08:00:28.336 0 0 I msmdrm_smmu ae00000.qcom,mdss_mdp: qcom,smmu_sde_unsec_cb: Linked as a consumer to 15000000.apps-smmu
01-01 08:00:28.336 0 0 I subsys-restart: __subsystem_get(): Changing subsys fw_name to cvpss
01-01 08:00:28.336 0 0 E register_client_adhoc: Failed to find path.src 1 dest 589
01-01 08:00:28.336 0 0 W subsys-pil-tz abb0000.qcom,cvpss: Falling back to syfs fallback for: cvpss.mdt
01-01 08:00:28.337 0 0 I iommu : Adding device ae00000.qcom,mdss_mdp:qcom,smmu_sde_unsec_cb to group 48
01-01 08:00:28.338 0 0 I : [drm] probing device qcom,smmu_sde_unsec
01-01 08:00:28.338 0 0 I : [drm] Created domain mdp_ns, secure=0
01-01 08:00:28.338 0 0 I ueventd : firmware: loading 'cvpss.mdt' for '/devices/platform/soc/abb0000.qcom,cvpss/firmware/cvpss.mdt'
01-01 08:00:28.338 0 0 I msmdrm_smmu ae00000.qcom,mdss_mdp: qcom,smmu_sde_sec_cb: Linked as a consumer to 15000000.apps-smmu
01-01 08:00:28.338 0 0 E : [drm:dp_display_init_aux_switch][msm-dp-err][70 ]failed to register notifier (-22)
01-01 08:00:28.338 0 0 E register_client_adhoc: find path.src 1 dest 589
01-01 08:00:28.338 0 0 E register_client_adhoc: Failed to find path.src 1 dest 589
01-01 08:00:28.339 0 0 I ueventd : loading /devices/platform/soc/abb0000.qcom,cvpss/firmware/cvpss.mdt took 1ms
01-01 08:00:28.339 0 0 I subsys-pil-tz abb0000.qcom,cvpss: cvpss: loading from 0x0000000087300000 to 0x0000000087800000
01-01 08:00:28.151 680 680 I snet_event_log: [200284993,-1,]
01-01 08:00:22.239 614 614 I auditd : type=1400 audit(0.0:344): avc: denied { kill } for comm="fsck.f2fs" capability=5 scontext=u:r:fsck:s0 tcontext=u:r:fsck:s0 tclass=capability permissive=1
01-01 08:00:26.291 477 477 I auditd : type=1400 audit(0.0:345): avc: denied { add_name } for comm="init" name="read_ahead_kb" scontext=u:r:vendor_init:s0 tcontext=u:object_r:sysfs_dm:s0 tclass=dir permissive=1
01-01 08:00:28.368 0 0 I ueventd : firmware: loading 'npu.mdt' for '/devices/platform/soc/9800000.qcom,npu/firmware/npu.mdt'
01-01 08:00:28.403 0 0 I subsys-pil-tz 17300000.qcom,lpass: adsp: Brought out of reset
01-01 08:00:26.291 477 477 I auditd : type=1400 audit(0.0:346): avc: denied { create } for comm="init" name="read_ahead_kb" scontext=u:r:vendor_init:s0 tcontext=u:object_r:sysfs_dm:s0 tclass=file permissive=1
01-01 08:00:28.428 0 0 I subsys-pil-tz 17300000.qcom,lpass: Subsystem error monitoring/handling services are up
01-01 08:00:28.438 0 0 I ueventd : loading /devices/platform/soc/9800000.qcom,npu/firmware/npu.mdt took 69ms
01-01 08:00:28.438 0 0 I subsys-pil-tz 9800000.qcom,npu: npu: loading from 0x0000000086900000 to 0x0000000086e00000
01-01 08:00:28.446 0 0 I iommu : Adding device ae00000.qcom,mdss_mdp:qcom,smmu_sde_sec_cb to group 49
01-01 08:00:28.446 0 0 I : [drm] probing device qcom,smmu_sde_sec
01-01 08:00:28.446 0 0 I : [drm] Created domain mdp_s, secure=1
01-01 08:00:28.448 0 0 I [drm:dsi_panel_get_mode] [msm-dsi-info]: default topology: lm: 1 comp_enc:0 intf: 1
01-01 08:00:28.449 0 0 E : [drm:dp_display_init_aux_switch][msm-dp-err][70 ]failed to register notifier (-22)
01-01 08:00:28.463 0 0 I subsys-pil-tz 17300000.qcom,lpass: adsp: Power/Clock ready interrupt received
01-01 08:00:28.463 0 0 I qcom_rpmh DRV: apps_rsc TCS Busy, retrying RPMH message send: addr=0x30030
01-01 08:00:28.463 0 0 I qcom_rpmh DRV: apps_rsc TCS Busy, retrying RPMH message send: addr=0x30030
01-01 08:00:28.463 0 0 I qcom_rpmh DRV: apps_rsc TCS Busy, retrying RPMH message send: addr=0x30030
01-01 08:00:28.463 0 0 I qcom_rpmh DRV: apps_rsc TCS Busy, retrying RPMH message send: addr=0x30030
01-01 08:00:28.463 0 0 I qcom_rpmh DRV: apps_rsc TCS Busy, retrying RPMH message send: addr=0x30030
01-01 08:00:28.463 0 0 I qcom_rpmh DRV: apps_rsc TCS Busy, retrying RPMH message send: addr=0x30030
01-01 08:00:28.463 0 0 I qcom_rpmh DRV: apps_rsc TCS Busy, retrying RPMH message send: addr=0x30030
01-01 08:00:28.463 0 0 I qcom_rpmh DRV: apps_rsc TCS Busy, retrying RPMH message send: addr=0x30030
01-01 08:00:28.463 0 0 I qcom_rpmh DRV: apps_rsc TCS Busy, retrying RPMH message send: addr=0x30040
01-01 08:00:28.463 0 0 E register_client_adhoc: find path.src 1 dest 589
01-01 08:00:26.547 477 477 I auditd : type=1400 audit(0.0:347): avc: denied { getattr } for comm="init" path="/persist/qti_fp" dev="sda2" ino=21 scontext=u:r:vendor_init:s0 tcontext=u:object_r:mnt_product_file:s0 tclass=dir permissive=1
01-01 08:00:28.463 0 0 E register_client_adhoc: Failed to find path.src 1 dest 589
01-01 08:00:28.480 0 0 W subsys-pil-tz abb0000.qcom,cvpss: Falling back to syfs fallback for: cvpss.b02
01-01 08:00:28.480 0 0 W subsys-pil-tz abb0000.qcom,cvpss: Falling back to syfs fallback for: cvpss.b03
01-01 08:00:28.480 0 0 W subsys-pil-tz abb0000.qcom,cvpss: Falling back to syfs fallback for: cvpss.b04
01-01 08:00:28.480 0 0 W subsys-pil-tz abb0000.qcom,cvpss: Falling back to syfs fallback for: cvpss.b05
01-01 08:00:28.480 0 0 W subsys-pil-tz abb0000.qcom,cvpss: Falling back to syfs fallback for: cvpss.b06
01-01 08:00:28.480 0 0 W subsys-pil-tz abb0000.qcom,cvpss: Falling back to syfs fallback for: cvpss.b07
01-01 08:00:28.480 0 0 W subsys-pil-tz abb0000.qcom,cvpss: Falling back to syfs fallback for: cvpss.b08
01-01 08:00:28.480 0 0 W subsys-pil-tz abb0000.qcom,cvpss: Falling back to syfs fallback for: cvpss.b09
01-01 08:00:28.480 0 0 W subsys-pil-tz abb0000.qcom,cvpss: Falling back to syfs fallback for: cvpss.b10
01-01 08:00:28.481 0 0 W subsys-pil-tz abb0000.qcom,cvpss: Falling back to syfs fallback for: cvpss.b19
01-01 08:00:28.481 0 0 W subsys-pil-tz 9800000.qcom,npu: Falling back to syfs fallback for: npu.b02
01-01 08:00:28.481 0 0 W subsys-pil-tz 9800000.qcom,npu: Falling back to syfs fallback for: npu.b04
01-01 08:00:28.481 0 0 W subsys-pil-tz 9800000.qcom,npu: Falling back to syfs fallback for: npu.b03
01-01 08:00:28.481 0 0 W subsys-pil-tz 9800000.qcom,npu: Falling back to syfs fallback for: npu.b05
01-01 08:00:28.481 0 0 W subsys-pil-tz 9800000.qcom,npu: Falling back to syfs fallback for: npu.b06
01-01 08:00:28.482 0 0 I ueventd : firmware: loading 'cvpss.b02' for '/devices/platform/soc/abb0000.qcom,cvpss/firmware/cvpss.b02'
01-01 08:00:28.482 0 0 I ueventd : loading /devices/platform/soc/abb0000.qcom,cvpss/firmware/cvpss.b02 took 1ms
01-01 08:00:28.484 0 0 I ueventd : firmware: loading 'cvpss.b03' for '/devices/platform/soc/abb0000.qcom,cvpss/firmware/cvpss.b03'
01-01 08:00:28.485 0 0 I ueventd : loading /devices/platform/soc/abb0000.qcom,cvpss/firmware/cvpss.b03 took 1ms
01-01 08:00:28.488 0 0 I ueventd : firmware: loading 'cvpss.b04' for '/devices/platform/soc/abb0000.qcom,cvpss/firmware/cvpss.b04'
01-01 08:00:28.491 0 0 I ueventd : firmware: loading 'cvpss.b05' for '/devices/platform/soc/abb0000.qcom,cvpss/firmware/cvpss.b05'
01-01 08:00:28.492 0 0 I ueventd : loading /devices/platform/soc/abb0000.qcom,cvpss/firmware/cvpss.b05 took 1ms
01-01 08:00:28.492 0 0 I ueventd : loading /devices/platform/soc/abb0000.qcom,cvpss/firmware/cvpss.b04 took 4ms
01-01 08:00:28.494 0 0 I ueventd : firmware: loading 'cvpss.b06' for '/devices/platform/soc/abb0000.qcom,cvpss/firmware/cvpss.b06'
01-01 08:00:28.495 0 0 I ueventd : loading /devices/platform/soc/abb0000.qcom,cvpss/firmware/cvpss.b06 took 1ms
01-01 08:00:28.496 0 0 I ueventd : firmware: loading 'cvpss.b07' for '/devices/platform/soc/abb0000.qcom,cvpss/firmware/cvpss.b07'
01-01 08:00:28.499 0 0 I ueventd : firmware: loading 'cvpss.b08' for '/devices/platform/soc/abb0000.qcom,cvpss/firmware/cvpss.b08'
01-01 08:00:28.500 0 0 I ueventd : loading /devices/platform/soc/abb0000.qcom,cvpss/firmware/cvpss.b07 took 3ms
01-01 08:00:28.502 0 0 I ueventd : firmware: loading 'cvpss.b09' for '/devices/platform/soc/abb0000.qcom,cvpss/firmware/cvpss.b09'
01-01 08:00:28.504 0 0 I ueventd : loading /devices/platform/soc/abb0000.qcom,cvpss/firmware/cvpss.b08 took 4ms
01-01 08:00:28.505 0 0 I ueventd : loading /devices/platform/soc/abb0000.qcom,cvpss/firmware/cvpss.b09 took 2ms
01-01 08:00:28.505 0 0 I adsprpc : fastrpc_restart_notifier_cb: adsp subsystem is up
