03-14 03:54:01.495 1009 2148 I ActivityTaskManager: FOREGROUND_APPLICATION_CHANGED to com.android.internal.app.ResolverActivity
03-14 03:54:01.495 1009 2148 I ActivityTaskManager: The Process system:ui Already Exists in BG. So sending its PID: 7362
03-14 03:54:01.495 1009 2148 W ActivityTaskManager: Tried to set launchTime (0) < mLastActivityLaunchTime (198356)
03-14 03:54:01.496 1009 2148 I wm_restart_activity: [0,236203086,139,android/com.android.internal.app.ResolverActivity]
03-14 03:54:01.497 1009 2148 I wm_set_resumed_activity: [0,android/com.android.internal.app.ResolverActivity,minimalResumeActivityLocked]
03-14 03:54:01.499 1009 1183 I sysui_multi_action: [757,803,799,window_time_2,802,1]
03-14 03:54:01.508 7362 7362 I sysui_multi_action: [757,453,758,4,806,android.intent.action.VIEW:video/*:]
03-14 03:54:01.508 7362 7362 I wm_on_create_called: [236203086,com.android.internal.app.ResolverActivity,performCreate]
03-14 03:54:01.510 7362 7362 I wm_on_start_called: [236203086,com.android.internal.app.ResolverActivity,handleStartActivity]
03-14 03:54:01.510 7362 7362 I wm_on_resume_called: [236203086,com.android.internal.app.ResolverActivity,RESUME_ACTIVITY]
03-14 03:54:01.512 7362 7362 I wm_on_top_resumed_gained_called: [236203086,com.android.internal.app.ResolverActivity,topStateChangedWhenResumed]
03-14 03:54:01.516 1009 2156 W WindowManager: updateScale : 0.79357797
03-14 03:54:01.516 1009 2156 W WindowManager: updateScale : 0.79357797
03-14 03:54:01.518 1009 1184 I input_focus: [Focus request c72d114 android/com.android.internal.app.ResolverActivity,reason=UpdateInputWindows]
03-14 03:54:01.524 1009 1184 W WindowManager: updateScale : 0.79357797
03-14 03:54:01.524 1009 1184 W WindowManager: updateScale : 0.79357797
03-14 03:54:01.526 1009 1184 W WindowManager: updateScale : 0.79357797
03-14 03:54:01.526 1009 1184 W WindowManager: updateScale : 0.79357797
03-14 03:54:01.526 1009 1180 I sysui_multi_action: [319,48,322,47,325,207,757,761,758,8,759,2,806,android,871,com.android.internal.app.ResolverActivity,904,com.android.gallery3d,905,0,1320,12,1321,1]
03-14 03:54:01.526 1009 1180 I wm_activity_launch_time: [0,236203086,android/com.android.internal.app.ResolverActivity,47]
03-14 03:54:01.532 1009 1587 I input_focus: [Focus leaving c8c65c7 com.android.gallery3d/com.android.gallery3d.app.GalleryActivity (server),reason=setFocusedWindow]
03-14 03:54:01.532 1009 1587 I input_focus: [Focus entering c72d114 android/com.android.internal.app.ResolverActivity (server),reason=setFocusedWindow]
03-14 03:54:01.600 1009 2156 W FreeFormWindowHelper: Current Display FreeFormTask is Task{2061be2 #139 type=standard A=10064:com.android.gallery3d U=0 visible=true mode=freeform translucent=false sz=2}
01-01 08:03:30.327 0 0 E DTC_ETH,link_delay_work_func: 3003, SQI=0, link=0
03-14 03:54:02.121 1009 1184 W WindowManager: updateScale : 0.79357797
03-14 03:54:02.121 1009 1184 W WindowManager: updateScale : 0.79357797
03-14 03:54:03.052 1009 1587 I input_interaction: Interaction with: c72d114 android/com.android.internal.app.ResolverActivity (server), edge-swipe (server), swipe-up (server), PointerEventDispatcher0 (server),
03-14 03:54:03.132 1009 2156 I wm_finish_activity: [0,236203086,139,android/com.android.internal.app.ResolverActivity,app-request]
03-14 03:54:03.140 1009 2156 I wm_pause_activity: [0,236203086,android/com.android.internal.app.ResolverActivity,userLeaving=false,finish]
03-14 03:54:03.143 7362 7362 I wm_on_top_resumed_lost_called: [236203086,com.android.internal.app.ResolverActivity,topStateChangedWhenResumed]
03-14 03:54:03.145 7362 7362 I wm_on_paused_called: [236203086,com.android.internal.app.ResolverActivity,performPause]
03-14 03:54:03.146 1009 2156 I ActivityTaskManager: FOREGROUND_APPLICATION_CHANGED to com.android.gallery3d.app.GalleryActivity
03-14 03:54:03.149 1009 2156 I wm_set_resumed_activity: [0,com.android.gallery3d/.app.GalleryActivity,resumeTopActivityInnerLocked]
03-14 03:54:03.151 1009 2156 I wm_resume_activity: [0,237468208,139,com.android.gallery3d/.app.GalleryActivity]
03-14 03:54:03.152 7505 7505 I wm_on_activity_result_called: [237468208,com.android.gallery3d.app.GalleryActivity,ACTIVITY_RESULT]
03-14 03:54:03.153 1009 2156 W WindowManager: updateScale : 0.79357797
03-14 03:54:03.160 7505 7505 I wm_on_resume_called: [237468208,com.android.gallery3d.app.GalleryActivity,RESUME_ACTIVITY]
03-14 03:54:03.161 7505 7505 I wm_on_top_resumed_gained_called: [237468208,com.android.gallery3d.app.GalleryActivity,topWhenResuming]
03-14 03:54:03.162 1009 2156 W WindowManager: updateScale : 0.79357797
03-14 03:54:03.165 1009 1184 I input_focus: [Focus request c8c65c7 com.android.gallery3d/com.android.gallery3d.app.GalleryActivity,reason=UpdateInputWindows]
03-14 03:54:03.167 1009 1183 I sysui_multi_action: [757,803,799,window_time_2,802,2]
03-14 03:54:03.168 1009 1585 W WindowManager: updateScale : 0.79357797
03-14 03:54:03.169 1009 1587 I input_focus: [Focus leaving c72d114 android/com.android.internal.app.ResolverActivity (server),reason=NO_WINDOW]
03-14 03:54:03.170 1009 1587 I input_focus: [Focus entering c8c65c7 com.android.gallery3d/com.android.gallery3d.app.GalleryActivity (server),reason=setFocusedWindow]
03-14 03:54:03.258 1009 3052 W FreeFormWindowHelper: Current Display FreeFormTask is Task{2061be2 #139 type=standard A=10064:com.android.gallery3d U=0 visible=true mode=freeform translucent=false sz=2}
03-14 03:54:03.402 1009 1183 I wm_destroy_activity: [0,236203086,139,android/com.android.internal.app.ResolverActivity,finish-transit]
03-14 03:54:03.414 7362 7362 I wm_on_stop_called: [236203086,com.android.internal.app.ResolverActivity,LIFECYCLER_STOP_ACTIVITY]
03-14 03:54:03.418 7362 7362 I wm_on_destroy_called: [236203086,com.android.internal.app.ResolverActivity,performDestroy]
03-14 03:54:03.421 1009 1184 W WindowManager: updateScale : 0.79357797
03-14 03:54:03.423 1009 2156 W WindowManager: updateScale : 0.79357797
03-14 03:54:04.347 1009 1587 I input_interaction: Interaction with: c8c65c7 com.android.gallery3d/com.android.gallery3d.app.GalleryActivity (server), edge-swipe (server), swipe-up (server), PointerEventDispatcher0 (server),
03-14 03:54:04.454 1009 3052 W WindowManager: updateScale : 0.79357797
03-14 03:54:04.456 1009 3052 W WindowManager: updateScale : 0.79357797
03-14 03:54:05.274 1009 2156 W WindowManager: updateScale : 0.79357797
03-14 03:54:05.275 1009 2156 W WindowManager: updateScale : 0.79357797
03-14 03:54:05.694 1009 3052 I ActivityTaskManager: START u0 {act=android.intent.action.VIEW dat=content://media/external/video/media/21 typ=video/* cmp=android/com.android.internal.app.ResolverActivity (has extras)} from uid 10064
03-14 03:54:05.698 1009 3052 I wm_task_moved: [139,1,6]
03-14 03:54:05.698 1009 3052 I wm_set_resumed_activity: [0,com.android.gallery3d/.app.GalleryActivity,positionChildAt]
03-14 03:54:05.698 1009 3052 I wm_create_activity: [0,267676020,139,android/com.android.internal.app.ResolverActivity,android.intent.action.VIEW,video/*,content://media/external/video/media/21,8388608]
03-14 03:54:05.699 1009 3052 I wm_pause_activity: [0,237468208,com.android.gallery3d/.app.GalleryActivity,userLeaving=true,resumeTopActivityInnerLocked]
03-14 03:54:05.700 1009 3052 W WindowManager: updateScale : 0.79357797
03-14 03:54:05.701 7505 7505 I wm_on_top_resumed_lost_called: [237468208,com.android.gallery3d.app.GalleryActivity,topStateChangedWhenResumed]
03-14 03:54:05.709 7505 7505 I wm_on_paused_called: [237468208,com.android.gallery3d.app.GalleryActivity,performPause]
03-14 03:54:05.709 1009 2156 I ActivityTaskManager: FOREGROUND_APPLICATION_CHANGED to com.android.internal.app.ResolverActivity
03-14 03:54:05.709 1009 2156 I ActivityTaskManager: The Process system:ui Already Exists in BG. So sending its PID: 7362
03-14 03:54:05.709 1009 2156 W ActivityTaskManager: Tried to set launchTime (0) < mLastActivityLaunchTime (207970)
03-14 03:54:05.710 1009 2156 I wm_restart_activity: [0,267676020,139,android/com.android.internal.app.ResolverActivity]
03-14 03:54:05.711 1009 2156 I wm_set_resumed_activity: [0,android/com.android.internal.app.ResolverActivity,minimalResumeActivityLocked]
03-14 03:54:05.712 1009 1183 I sysui_multi_action: [757,803,799,window_time_2,802,3]
03-14 03:54:05.722 7362 7362 I sysui_multi_action: [757,453,758,4,806,android.intent.action.VIEW:video/*:]
03-14 03:54:05.722 7362 7362 I wm_on_create_called: [267676020,com.android.internal.app.ResolverActivity,performCreate]
03-14 03:54:05.724 7362 7362 I wm_on_start_called: [267676020,com.android.internal.app.ResolverActivity,handleStartActivity]
03-14 03:54:05.724 7362 7362 I wm_on_resume_called: [267676020,com.android.internal.app.ResolverActivity,RESUME_ACTIVITY]
03-14 03:54:05.726 7362 7362 I wm_on_top_resumed_gained_called: [267676020,com.android.internal.app.ResolverActivity,topStateChangedWhenResumed]
03-14 03:54:05.743 1009 2156 W WindowManager: updateScale : 0.79357797
03-14 03:54:05.743 1009 2156 W WindowManager: updateScale : 0.79357797
03-14 03:54:05.744 1009 1184 I input_focus: [Focus request e0f7e6a android/com.android.internal.app.ResolverActivity,reason=UpdateInputWindows]
03-14 03:54:05.749 1009 1184 W WindowManager: updateScale : 0.79357797
03-14 03:54:05.749 1009 1184 W WindowManager: updateScale : 0.79357797
03-14 03:54:05.751 1009 1184 W WindowManager: updateScale : 0.79357797
03-14 03:54:05.751 1009 1184 W WindowManager: updateScale : 0.79357797
03-14 03:54:05.751 1009 1180 I sysui_multi_action: [319,58,322,58,325,212,757,761,758,8,759,2,806,android,871,com.android.internal.app.ResolverActivity,904,com.android.gallery3d,905,0,1320,12,1321,1]
03-14 03:54:05.752 1009 1180 I wm_activity_launch_time: [0,267676020,android/com.android.internal.app.ResolverActivity,58]
03-14 03:54:05.760 1009 1587 I input_focus: [Focus leaving c8c65c7 com.android.gallery3d/com.android.gallery3d.app.GalleryActivity (server),reason=setFocusedWindow]
03-14 03:54:05.760 1009 1587 I input_focus: [Focus entering e0f7e6a android/com.android.internal.app.ResolverActivity (server),reason=setFocusedWindow]
03-14 03:54:05.814 1009 1585 W FreeFormWindowHelper: Current Display FreeFormTask is Task{2061be2 #139 type=standard A=10064:com.android.gallery3d U=0 visible=true mode=freeform translucent=false sz=2}
03-14 03:54:06.349 1009 1184 W WindowManager: updateScale : 0.79357797
03-14 03:54:06.349 1009 1184 W WindowManager: updateScale : 0.79357797
01-01 08:03:35.443 0 0 E DTC_ETH,link_delay_work_func: 3003, SQI=0, link=0
03-14 03:54:06.897 1009 1587 I input_interaction: Interaction with: e0f7e6a android/com.android.internal.app.ResolverActivity (server), edge-swipe (server), swipe-up (server), PointerEventDispatcher0 (server),
03-14 03:54:07.010 1009 1724 I wm_finish_activity: [0,267676020,139,android/com.android.internal.app.ResolverActivity,app-request]
03-14 03:54:07.023 1009 1724 I wm_pause_activity: [0,267676020,android/com.android.internal.app.ResolverActivity,userLeaving=false,finish]
03-14 03:54:07.027 7362 7362 I wm_on_top_resumed_lost_called: [267676020,com.android.internal.app.ResolverActivity,topStateChangedWhenResumed]
03-14 03:54:07.028 7362 7362 I wm_on_paused_called: [267676020,com.android.internal.app.ResolverActivity,performPause]
03-14 03:54:07.029 1009 1724 I ActivityTaskManager: FOREGROUND_APPLICATION_CHANGED to com.android.gallery3d.app.GalleryActivity
03-14 03:54:07.031 1009 1724 I wm_set_resumed_activity: [0,com.android.gallery3d/.app.GalleryActivity,resumeTopActivityInnerLocked]
03-14 03:54:07.032 1009 1724 I wm_resume_activity: [0,237468208,139,com.android.gallery3d/.app.GalleryActivity]
03-14 03:54:07.033 7505 7505 I wm_on_activity_result_called: [237468208,com.android.gallery3d.app.GalleryActivity,ACTIVITY_RESULT]
03-14 03:54:07.033 1009 1724 W WindowManager: updateScale : 0.79357797
03-14 03:54:07.039 1009 1724 W WindowManager: updateScale : 0.79357797
03-14 03:54:07.040 7505 7505 I wm_on_resume_called: [237468208,com.android.gallery3d.app.GalleryActivity,RESUME_ACTIVITY]
03-14 03:54:07.040 7505 7505 I wm_on_top_resumed_gained_called: [237468208,com.android.gallery3d.app.GalleryActivity,topWhenResuming]
03-14 03:54:07.041 1009 1184 I input_focus: [Focus request c8c65c7 com.android.gallery3d/com.android.gallery3d.app.GalleryActivity,reason=UpdateInputWindows]
03-14 03:54:07.041 1009 1183 I sysui_multi_action: [757,803,799,window_time_2,802,1]
03-14 03:54:07.045 1009 2153 W WindowManager: updateScale : 0.79357797
03-14 03:54:07.047 1009 1587 I input_focus: [Focus leaving e0f7e6a android/com.android.internal.app.ResolverActivity (server),reason=NO_WINDOW]
03-14 03:54:07.047 1009 1587 I input_focus: [Focus entering c8c65c7 com.android.gallery3d/com.android.gallery3d.app.GalleryActivity (server),reason=setFocusedWindow]
03-14 03:54:07.136 1009 2148 W FreeFormWindowHelper: Current Display FreeFormTask is Task{2061be2 #139 type=standard A=10064:com.android.gallery3d U=0 visible=true mode=freeform translucent=false sz=2}
03-14 03:54:07.295 1009 1183 I wm_destroy_activity: [0,267676020,139,android/com.android.internal.app.ResolverActivity,finish-transit]
03-14 03:54:07.314 1009 1184 W WindowManager: updateScale : 0.79357797
03-14 03:54:07.316 1009 2148 W WindowManager: updateScale : 0.79357797
03-14 03:54:07.326 7362 7362 I wm_on_stop_called: [267676020,com.android.internal.app.ResolverActivity,LIFECYCLER_STOP_ACTIVITY]
03-14 03:54:07.330 7362 7362 I wm_on_destroy_called: [267676020,com.android.internal.app.ResolverActivity,performDestroy]
03-14 03:54:07.332 1009 2153 W WindowManager: updateScale : 0.79357797
03-14 03:54:07.742 1009 1587 I input_interaction: Interaction with: c8c65c7 com.android.gallery3d/com.android.gallery3d.app.GalleryActivity (server), edge-swipe (server), swipe-up (server), PointerEventDispatcher0 (server),
03-14 03:54:07.864 1009 2153 W WindowManager: updateScale : 0.79357797
03-14 03:54:07.866 1009 2153 W WindowManager: updateScale : 0.79357797
03-14 03:54:08.531 1009 1724 W WindowManager: updateScale : 0.79357797
03-14 03:54:08.532 1009 1724 W WindowManager: updateScale : 0.79357797
03-14 03:54:09.076 1009 2148 I ActivityTaskManager: START u0 {act=android.intent.action.VIEW dat=content://media/external/video/media/21 typ=video/* cmp=android/com.android.internal.app.ResolverActivity (has extras)} from uid 10064
03-14 03:54:09.080 1009 2148 I wm_task_moved: [139,1,6]
03-14 03:54:09.080 1009 2148 I wm_set_resumed_activity: [0,com.android.gallery3d/.app.GalleryActivity,positionChildAt]
03-14 03:54:09.080 1009 2148 I wm_create_activity: [0,82213322,139,android/com.android.internal.app.ResolverActivity,android.intent.action.VIEW,video/*,content://media/external/video/media/21,8388608]
03-14 03:54:09.081 1009 2148 I wm_pause_activity: [0,237468208,com.android.gallery3d/.app.GalleryActivity,userLeaving=true,resumeTopActivityInnerLocked]
03-14 03:54:09.081 1009 2148 W WindowManager: updateScale : 0.79357797
03-14 03:54:09.083 7505 7505 I wm_on_top_resumed_lost_called: [237468208,com.android.gallery3d.app.GalleryActivity,topStateChangedWhenResumed]
03-14 03:54:09.091 7505 7505 I wm_on_paused_called: [237468208,com.android.gallery3d.app.GalleryActivity,performPause]
03-14 03:54:09.092 1009 2153 I ActivityTaskManager: FOREGROUND_APPLICATION_CHANGED to com.android.internal.app.ResolverActivity
03-14 03:54:09.092 1009 2153 I ActivityTaskManager: The Process system:ui Already Exists in BG. So sending its PID: 7362
03-14 03:54:09.092 1009 2153 W ActivityTaskManager: Tried to set launchTime (0) < mLastActivityLaunchTime (212184)
03-14 03:54:09.092 1009 2153 I wm_restart_activity: [0,82213322,139,android/com.android.internal.app.ResolverActivity]
03-14 03:54:09.093 1009 2153 I wm_set_resumed_activity: [0,android/com.android.internal.app.ResolverActivity,minimalResumeActivityLocked]
03-14 03:54:09.095 1009 1183 I sysui_multi_action: [757,803,799,window_time_2,802,2]
03-14 03:54:09.105 7362 7362 I sysui_multi_action: [757,453,758,4,806,android.intent.action.VIEW:video/*:]
03-14 03:54:09.105 7362 7362 I wm_on_create_called: [82213322,com.android.internal.app.ResolverActivity,performCreate]
03-14 03:54:09.107 7362 7362 I wm_on_start_called: [82213322,com.android.internal.app.ResolverActivity,handleStartActivity]
03-14 03:54:09.108 7362 7362 I wm_on_resume_called: [82213322,com.android.internal.app.ResolverActivity,RESUME_ACTIVITY]
03-14 03:54:09.109 7362 7362 I wm_on_top_resumed_gained_called: [82213322,com.android.internal.app.ResolverActivity,topStateChangedWhenResumed]
03-14 03:54:09.118 1009 2178 W WindowManager: updateScale : 0.79357797
03-14 03:54:09.118 1009 2178 W WindowManager: updateScale : 0.79357797
03-14 03:54:09.120 1009 1184 I input_focus: [Focus request 901d070 android/com.android.internal.app.ResolverActivity,reason=UpdateInputWindows]
03-14 03:54:09.126 1009 1184 W WindowManager: updateScale : 0.79357797
03-14 03:54:09.126 1009 1184 W WindowManager: updateScale : 0.79357797
03-14 03:54:09.128 1009 1184 W WindowManager: updateScale : 0.79357797
03-14 03:54:09.128 1009 1184 W WindowManager: updateScale : 0.79357797
03-14 03:54:09.128 1009 1180 I sysui_multi_action: [319,53,322,53,325,215,757,761,758,8,759,2,806,android,871,com.android.internal.app.ResolverActivity,904,com.android.gallery3d,905,0,1320,12,1321,1]
03-14 03:54:09.128 1009 1180 I wm_activity_launch_time: [0,82213322,android/com.android.internal.app.ResolverActivity,53]
03-14 03:54:09.135 1009 1587 I input_focus: [Focus leaving c8c65c7 com.android.gallery3d/com.android.gallery3d.app.GalleryActivity (server),reason=setFocusedWindow]
03-14 03:54:09.135 1009 1587 I input_focus: [Focus entering 901d070 android/com.android.internal.app.ResolverActivity (server),reason=setFocusedWindow]
03-14 03:54:09.187 1009 1188 I am_pss : [7628,10023,com.android.documentsui,38749184,32911360,0,164036608,0,18,7]
03-14 03:54:09.194 1009 1188 I am_pss : [6079,10102,com.qiyi.video:QS,27155456,9539584,0,143446016,0,19,6]
03-14 03:54:09.195 1009 2148 W FreeFormWindowHelper: Current Display FreeFormTask is Task{2061be2 #139 type=standard A=10064:com.android.gallery3d U=0 visible=true mode=freeform translucent=false sz=2}
03-14 03:54:09.723 1009 1184 W WindowManager: updateScale : 0.79357797
03-14 03:54:09.723 1009 1184 W WindowManager: updateScale : 0.79357797
03-14 03:54:10.102 1009 1587 I input_interaction: Interaction with: 901d070 android/com.android.internal.app.ResolverActivity (server), edge-swipe (server), swipe-up (server), PointerEventDispatcher0 (server),
03-14 03:54:10.197 1009 2178 I wm_finish_activity: [0,82213322,139,android/com.android.internal.app.ResolverActivity,app-request]
03-14 03:54:10.205 1009 2178 I wm_pause_activity: [0,82213322,android/com.android.internal.app.ResolverActivity,userLeaving=false,finish]
03-14 03:54:10.208 7362 7362 I wm_on_top_resumed_lost_called: [82213322,com.android.internal.app.ResolverActivity,topStateChangedWhenResumed]
03-14 03:54:10.210 7362 7362 I wm_on_paused_called: [82213322,com.android.internal.app.ResolverActivity,performPause]
03-14 03:54:10.211 1009 2178 I ActivityTaskManager: FOREGROUND_APPLICATION_CHANGED to com.android.gallery3d.app.GalleryActivity
03-14 03:54:10.214 1009 2178 I wm_set_resumed_activity: [0,com.android.gallery3d/.app.GalleryActivity,resumeTopActivityInnerLocked]
03-14 03:54:10.215 1009 2178 I wm_resume_activity: [0,237468208,139,com.android.gallery3d/.app.GalleryActivity]
03-14 03:54:10.216 7505 7505 I wm_on_activity_result_called: [237468208,com.android.gallery3d.app.GalleryActivity,ACTIVITY_RESULT]
03-14 03:54:10.217 1009 2178 W WindowManager: updateScale : 0.79357797
03-14 03:54:10.223 1009 2178 W WindowManager: updateScale : 0.79357797
03-14 03:54:10.224 1009 1587 I input_focus: [Focus leaving 901d070 android/com.android.internal.app.ResolverActivity (server),reason=NO_WINDOW]
03-14 03:54:10.225 7505 7505 I wm_on_resume_called: [237468208,com.android.gallery3d.app.GalleryActivity,RESUME_ACTIVITY]
03-14 03:54:10.225 7505 7505 I wm_on_top_resumed_gained_called: [237468208,com.android.gallery3d.app.GalleryActivity,topWhenResuming]
03-14 03:54:10.225 1009 1184 I input_focus: [Focus request c8c65c7 com.android.gallery3d/com.android.gallery3d.app.GalleryActivity,reason=UpdateInputWindows]
03-14 03:54:10.226 1009 1183 I sysui_multi_action: [757,803,799,window_time_2,802,1]
03-14 03:54:10.238 1009 1587 I input_focus: [Focus entering c8c65c7 com.android.gallery3d/com.android.gallery3d.app.GalleryActivity (server),reason=setFocusedWindow]
03-14 03:54:10.238 1009 3052 W WindowManager: updateScale : 0.79357797
03-14 03:54:10.320 1009 1724 W FreeFormWindowHelper: Current Display FreeFormTask is Task{2061be2 #139 type=standard A=10064:com.android.gallery3d U=0 visible=true mode=freeform translucent=false sz=2}
03-14 03:54:10.469 1009 1183 I wm_destroy_activity: [0,82213322,139,android/com.android.internal.app.ResolverActivity,finish-transit]
03-14 03:54:10.488 1009 1184 W WindowManager: updateScale : 0.79357797
03-14 03:54:10.490 1009 3052 W WindowManager: updateScale : 0.79357797
03-14 03:54:10.500 7362 7362 I wm_on_stop_called: [82213322,com.android.internal.app.ResolverActivity,LIFECYCLER_STOP_ACTIVITY]
03-14 03:54:10.504 7362 7362 I wm_on_destroy_called: [82213322,com.android.internal.app.ResolverActivity,performDestroy]
03-14 03:54:10.506 1009 3052 W WindowManager: updateScale : 0.79357797
01-01 08:03:40.563 0 0 E DTC_ETH,link_delay_work_func: 3003, SQI=0, link=0
03-14 03:54:13.771 1009 1724 W WindowManager: updateScale : 0.79357797
03-14 03:54:13.773 1009 1724 W WindowManager: updateScale : 0.79357797
03-14 03:54:14.122 1009 1194 W BroadcastQueue: Background execution not allowed: receiving Intent { act=action_get_and_install_plugin flg=0x10 } to com.qiyi.video/org.qiyi.android.plugin.service.PluginRetryReceiver
03-14 03:54:14.159 1009 2148 E PackageDexUsage: Unsupported context?
03-14 03:54:14.166 1009 2148 W ActivityManager: Background start not allowed: service Intent { act=tv.pps.bi.biplugin@#@#null cat=[pluginapp_service_category1678737254165] cmp=com.qiyi.video/org.qiyi.pluginlibrary.component.ServiceProxy1 (has extras) } to com.qiyi.video/org.qiyi.pluginlibrary.component.ServiceProxy1 from pid=6245 uid=10102 pkg=com.qiyi.video startFg?=false
01-01 08:03:45.683 0 0 E DTC_ETH,link_delay_work_func: 3003, SQI=0, link=0
03-14 03:54:19.891 1009 1188 I am_pss : [2625,10074,com.android.launcher3,100881408,95059968,0,228421632,0,2,14]
03-14 03:54:20.339 6881 6881 I auditd : type=1400 audit(0.0:3364): avc: denied { open } for comm="HCDN_DownloadEn" path="/proc/stat" dev="proc" ino=4026532236 scontext=u:r:untrusted_app:s0:c102,c256,c512,c768 tcontext=u:object_r:proc_stat:s0 tclass=file permissive=1 app=com.qiyi.video
03-14 03:54:20.339 6881 6881 I auditd : type=1400 audit(0.0:3365): avc: denied { getattr } for comm="HCDN_DownloadEn" path="/proc/stat" dev="proc" ino=4026532236 scontext=u:r:untrusted_app:s0:c102,c256,c512,c768 tcontext=u:object_r:proc_stat:s0 tclass=file permissive=1 app=com.qiyi.video
01-01 08:03:50.803 0 0 E DTC_ETH,link_delay_work_func: 3003, SQI=0, link=0
01-01 08:03:55.923 0 0 E DTC_ETH,link_delay_work_func: 3003, SQI=0, link=0
03-14 03:54:30.495 1009 1194 I am_uid_idle: 10101
01-01 08:04:01.043 0 0 E DTC_ETH,link_delay_work_func: 3003, SQI=0, link=0
01-01 08:04:06.163 0 0 E DTC_ETH,link_delay_work_func: 3003, SQI=0, link=0
03-14 03:54:37.790 1009 1587 I input_interaction: Interaction with: c8c65c7 com.android.gallery3d/com.android.gallery3d.app.GalleryActivity (server), edge-swipe (server), swipe-up (server), PointerEventDispatcher0 (server),
03-14 03:54:37.930 1009 3052 I ActivityTaskManager: START u0 {act=android.intent.action.VIEW dat=content://media/external/video/media/21 typ=video/* cmp=android/com.android.internal.app.ResolverActivity (has extras)} from uid 10064
03-14 03:54:37.934 1009 3052 I wm_task_moved: [139,1,6]
03-14 03:54:37.934 1009 3052 I wm_set_resumed_activity: [0,com.android.gallery3d/.app.GalleryActivity,positionChildAt]
03-14 03:54:37.934 1009 3052 I wm_create_activity: [0,65028558,139,android/com.android.internal.app.ResolverActivity,android.intent.action.VIEW,video/*,content://media/external/video/media/21,8388608]
03-14 03:54:37.935 1009 3052 I wm_pause_activity: [0,237468208,com.android.gallery3d/.app.GalleryActivity,userLeaving=true,resumeTopActivityInnerLocked]
03-14 03:54:37.936 1009 3052 W WindowManager: updateScale : 0.79357797
03-14 03:54:37.937 7505 7505 I wm_on_top_resumed_lost_called: [237468208,com.android.gallery3d.app.GalleryActivity,topStateChangedWhenResumed]
03-14 03:54:37.946 7505 7505 I wm_on_paused_called: [237468208,com.android.gallery3d.app.GalleryActivity,performPause]
03-14 03:54:37.946 1009 2148 I ActivityTaskManager: FOREGROUND_APPLICATION_CHANGED to com.android.internal.app.ResolverActivity
03-14 03:54:37.946 1009 2148 I ActivityTaskManager: The Process system:ui Already Exists in BG. So sending its PID: 7362
03-14 03:54:37.947 1009 2148 W ActivityTaskManager: Tried to set launchTime (0) < mLastActivityLaunchTime (215567)
03-14 03:54:37.947 1009 2148 I wm_restart_activity: [0,65028558,139,android/com.android.internal.app.ResolverActivity]
03-14 03:54:37.948 1009 2148 I wm_set_resumed_activity: [0,android/com.android.internal.app.ResolverActivity,minimalResumeActivityLocked]
03-14 03:54:37.949 1009 2148 W WindowManager: updateScale : 0.79357797
03-14 03:54:37.950 1009 1183 I sysui_multi_action: [757,803,799,window_time_2,802,28]
03-14 03:54:37.959 7362 7362 I sysui_multi_action: [757,453,758,4,806,android.intent.action.VIEW:video/*:]
03-14 03:54:37.960 7362 7362 I wm_on_create_called: [65028558,com.android.internal.app.ResolverActivity,performCreate]
03-14 03:54:37.962 7362 7362 I wm_on_start_called: [65028558,com.android.internal.app.ResolverActivity,handleStartActivity]
03-14 03:54:37.962 7362 7362 I wm_on_resume_called: [65028558,com.android.internal.app.ResolverActivity,RESUME_ACTIVITY]
03-14 03:54:37.963 7362 7362 I wm_on_top_resumed_gained_called: [65028558,com.android.internal.app.ResolverActivity,topStateChangedWhenResumed]
03-14 03:54:37.970 1009 2178 W WindowManager: updateScale : 0.79357797
03-14 03:54:37.971 1009 2178 W WindowManager: updateScale : 0.79357797
03-14 03:54:37.972 1009 1184 I input_focus: [Focus request 8f5294 android/com.android.internal.app.ResolverActivity,reason=UpdateInputWindows]
03-14 03:54:37.978 1009 1184 W WindowManager: updateScale : 0.79357797
03-14 03:54:37.978 1009 1184 W WindowManager: updateScale : 0.79357797
03-14 03:54:37.980 1009 1184 W WindowManager: updateScale : 0.79357797
03-14 03:54:37.980 1009 1184 W WindowManager: updateScale : 0.79357797
03-14 03:54:37.980 1009 1180 I sysui_multi_action: [319,52,322,52,325,244,757,761,758,8,759,2,806,android,871,com.android.internal.app.ResolverActivity,904,com.android.gallery3d,905,0,1320,12,1321,1]
03-14 03:54:37.980 1009 1180 I wm_activity_launch_time: [0,65028558,android/com.android.internal.app.ResolverActivity,52]
03-14 03:54:37.987 1009 1587 I input_focus: [Focus leaving c8c65c7 com.android.gallery3d/com.android.gallery3d.app.GalleryActivity (server),reason=setFocusedWindow]
03-14 03:54:37.987 1009 1587 I input_focus: [Focus entering 8f5294 android/com.android.internal.app.ResolverActivity (server),reason=setFocusedWindow]
03-14 03:54:38.036 1009 1188 I am_pss : [7628,10023,com.android.documentsui,38654976,32817152,0,163942400,0,18,7]
03-14 03:54:38.043 1009 1188 I am_pss : [4503,10028,com.android.externalstorage,6321152,4472832,0,98959360,0,19,5]
03-14 03:54:38.050 1009 1724 W FreeFormWindowHelper: Current Display FreeFormTask is Task{2061be2 #139 type=standard A=10064:com.android.gallery3d U=0 visible=true mode=freeform translucent=false sz=2}
03-14 03:54:38.576 1009 1184 W WindowManager: updateScale : 0.79357797
03-14 03:54:38.576 1009 1184 W WindowManager: updateScale : 0.79357797
03-14 03:54:40.480 1009 1587 I input_interaction: Interaction with: 8f5294 android/com.android.internal.app.ResolverActivity (server), edge-swipe (server), swipe-up (server), PointerEventDispatcher0 (server),
03-14 03:54:40.587 1009 2148 I wm_finish_activity: [0,65028558,139,android/com.android.internal.app.ResolverActivity,app-request]
03-14 03:54:40.602 1009 2148 I wm_pause_activity: [0,65028558,android/com.android.internal.app.ResolverActivity,userLeaving=false,finish]
03-14 03:54:40.606 7362 7362 I wm_on_top_resumed_lost_called: [65028558,com.android.internal.app.ResolverActivity,topStateChangedWhenResumed]
03-14 03:54:40.607 7362 7362 I wm_on_paused_called: [65028558,com.android.internal.app.ResolverActivity,performPause]
03-14 03:54:40.610 1009 1724 I ActivityTaskManager: FOREGROUND_APPLICATION_CHANGED to com.android.gallery3d.app.GalleryActivity
03-14 03:54:40.615 1009 1724 I wm_set_resumed_activity: [0,com.android.gallery3d/.app.GalleryActivity,resumeTopActivityInnerLocked]
03-14 03:54:40.617 1009 1724 I wm_resume_activity: [0,237468208,139,com.android.gallery3d/.app.GalleryActivity]
03-14 03:54:40.619 1009 1724 W WindowManager: updateScale : 0.79357797
03-14 03:54:40.626 7505 7505 I wm_on_activity_result_called: [237468208,com.android.gallery3d.app.GalleryActivity,ACTIVITY_RESULT]
03-14 03:54:40.626 1009 1724 W WindowManager: updateScale : 0.79357797
03-14 03:54:40.629 1009 1184 I input_focus: [Focus request c8c65c7 com.android.gallery3d/com.android.gallery3d.app.GalleryActivity,reason=UpdateInputWindows]
03-14 03:54:40.629 1009 1183 I sysui_multi_action: [757,803,799,window_time_2,802,3]
03-14 03:54:40.633 7505 7505 I wm_on_resume_called: [237468208,com.android.gallery3d.app.GalleryActivity,RESUME_ACTIVITY]
03-14 03:54:40.633 7505 7505 I wm_on_top_resumed_gained_called: [237468208,com.android.gallery3d.app.GalleryActivity,topWhenResuming]
03-14 03:54:40.642 1009 1587 I input_focus: [Focus leaving 8f5294 android/com.android.internal.app.ResolverActivity (server),reason=NO_WINDOW]
03-14 03:54:40.643 1009 1587 I input_focus: [Focus entering c8c65c7 com.android.gallery3d/com.android.gallery3d.app.GalleryActivity (server),reason=setFocusedWindow]
03-14 03:54:40.645 1009 2148 W WindowManager: updateScale : 0.79357797
03-14 03:54:40.722 1009 2148 W FreeFormWindowHelper: Current Display FreeFormTask is Task{2061be2 #139 type=standard A=10064:com.android.gallery3d U=0 visible=true mode=freeform translucent=false sz=2}
03-14 03:54:40.876 1009 1183 I wm_destroy_activity: [0,65028558,139,android/com.android.internal.app.ResolverActivity,finish-transit]
03-14 03:54:40.878 1009 1183 I ActivityManager: Killing 3599:com.android.localtransport/1000 (adj 995): empty #31
03-14 03:54:40.878 1009 1183 I am_kill : [0,3599,com.android.localtransport,995,empty #31]
03-14 03:54:40.894 1009 1184 W WindowManager: updateScale : 0.79357797
03-14 03:54:40.897 1009 1724 W WindowManager: updateScale : 0.79357797
03-14 03:54:40.903 7362 7362 I wm_on_stop_called: [65028558,com.android.internal.app.ResolverActivity,LIFECYCLER_STOP_ACTIVITY]
03-14 03:54:40.905 7362 7362 I wm_on_destroy_called: [65028558,com.android.internal.app.ResolverActivity,performDestroy]
03-14 03:54:40.907 1009 2148 W WindowManager: updateScale : 0.79357797
03-14 03:54:40.915 1009 1724 I am_proc_died: [0,3599,com.android.localtransport,995,19]
03-14 03:54:41.444 1009 1587 I input_interaction: Interaction with: c8c65c7 com.android.gallery3d/com.android.gallery3d.app.GalleryActivity (server), edge-swipe (server), swipe-up (server), PointerEventDispatcher0 (server),
03-14 03:54:41.556 1009 1724 I ActivityTaskManager: START u0 {act=android.intent.action.VIEW dat=content://media/external/video/media/21 typ=video/* cmp=android/com.android.internal.app.ResolverActivity (has extras)} from uid 10064
03-14 03:54:41.560 1009 1724 I wm_task_moved: [139,1,6]
03-14 03:54:41.560 1009 1724 I wm_set_resumed_activity: [0,com.android.gallery3d/.app.GalleryActivity,positionChildAt]
03-14 03:54:41.560 1009 1724 I wm_create_activity: [0,94844515,139,android/com.android.internal.app.ResolverActivity,android.intent.action.VIEW,video/*,content://media/external/video/media/21,8388608]
03-14 03:54:41.561 1009 1724 I wm_pause_activity: [0,237468208,com.android.gallery3d/.app.GalleryActivity,userLeaving=true,resumeTopActivityInnerLocked]
03-14 03:54:41.561 1009 1724 W WindowManager: updateScale : 0.79357797
03-14 03:54:41.562 7505 7505 I wm_on_top_resumed_lost_called: [237468208,com.android.gallery3d.app.GalleryActivity,topStateChangedWhenResumed]
03-14 03:54:41.568 7505 7505 I wm_on_paused_called: [237468208,com.android.gallery3d.app.GalleryActivity,performPause]
03-14 03:54:41.569 1009 2148 I ActivityTaskManager: FOREGROUND_APPLICATION_CHANGED to com.android.internal.app.ResolverActivity
03-14 03:54:41.569 1009 2148 I ActivityTaskManager: The Process system:ui Already Exists in BG. So sending its PID: 7362
03-14 03:54:41.569 1009 2148 W ActivityTaskManager: Tried to set launchTime (0) < mLastActivityLaunchTime (244422)
03-14 03:54:41.569 1009 2148 I wm_restart_activity: [0,94844515,139,android/com.android.internal.app.ResolverActivity]
03-14 03:54:41.570 1009 2148 I wm_set_resumed_activity: [0,android/com.android.internal.app.ResolverActivity,minimalResumeActivityLocked]
03-14 03:54:41.571 1009 2148 W WindowManager: updateScale : 0.79357797
03-14 03:54:41.572 1009 1183 I sysui_multi_action: [757,803,799,window_time_2,802,1]
03-14 03:54:41.582 7362 7362 I sysui_multi_action: [757,453,758,4,806,android.intent.action.VIEW:video/*:]
03-14 03:54:41.582 7362 7362 I wm_on_create_called: [94844515,com.android.internal.app.ResolverActivity,performCreate]
03-14 03:54:41.584 7362 7362 I wm_on_start_called: [94844515,com.android.internal.app.ResolverActivity,handleStartActivity]
03-14 03:54:41.584 7362 7362 I wm_on_resume_called: [94844515,com.android.internal.app.ResolverActivity,RESUME_ACTIVITY]
03-14 03:54:41.586 7362 7362 I wm_on_top_resumed_gained_called: [94844515,com.android.internal.app.ResolverActivity,topStateChangedWhenResumed]
03-14 03:54:41.601 1009 2148 W WindowManager: updateScale : 0.79357797
03-14 03:54:41.601 1009 2148 W WindowManager: updateScale : 0.79357797
03-14 03:54:41.602 1009 1184 I input_focus: [Focus request d22ec51 android/com.android.internal.app.ResolverActivity,reason=UpdateInputWindows]
03-14 03:54:41.607 1009 1184 W WindowManager: updateScale : 0.79357797
03-14 03:54:41.607 1009 1184 W WindowManager: updateScale : 0.79357797
03-14 03:54:41.609 1009 1184 W WindowManager: updateScale : 0.79357797
03-14 03:54:41.609 1009 1184 W WindowManager: updateScale : 0.79357797
03-14 03:54:41.609 1009 1180 I sysui_multi_action: [319,55,322,55,325,248,757,761,758,8,759,2,806,android,871,com.android.internal.app.ResolverActivity,904,com.android.gallery3d,905,0,1320,12,1321,1]
03-14 03:54:41.610 1009 1180 I wm_activity_launch_time: [0,94844515,android/com.android.internal.app.ResolverActivity,55]
03-14 03:54:41.611 1009 1587 I input_focus: [Focus leaving c8c65c7 com.android.gallery3d/com.android.gallery3d.app.GalleryActivity (server),reason=Waiting for window because NOT_VISIBLE]
03-14 03:54:41.629 1009 1587 I input_focus: [Focus entering d22ec51 android/com.android.internal.app.ResolverActivity (server),reason=Window became focusable. Previous reason: NOT_VISIBLE]
03-14 03:54:41.672 1009 1724 W FreeFormWindowHelper: Current Display FreeFormTask is Task{2061be2 #139 type=standard A=10064:com.android.gallery3d U=0 visible=true mode=freeform translucent=false sz=2}
03-14 03:54:42.201 1009 1184 W WindowManager: updateScale : 0.79357797
03-14 03:54:42.201 1009 1184 W WindowManager: updateScale : 0.79357797
01-01 08:04:11.283 0 0 E DTC_ETH,link_delay_work_func: 3003, SQI=0, link=0
03-14 03:54:42.840 1009 1587 I input_interaction: Interaction with: d22ec51 android/com.android.internal.app.ResolverActivity (server), edge-swipe (server), swipe-up (server), PointerEventDispatcher0 (server),
03-14 03:54:42.947 1009 3052 I wm_finish_activity: [0,94844515,139,android/com.android.internal.app.ResolverActivity,app-request]
03-14 03:54:42.962 1009 3052 I wm_pause_activity: [0,94844515,android/com.android.internal.app.ResolverActivity,userLeaving=false,finish]
03-14 03:54:42.968 7362 7362 I wm_on_top_resumed_lost_called: [94844515,com.android.internal.app.ResolverActivity,topStateChangedWhenResumed]
03-14 03:54:42.969 7362 7362 I wm_on_paused_called: [94844515,com.android.internal.app.ResolverActivity,performPause]
03-14 03:54:42.971 1009 3052 I ActivityTaskManager: FOREGROUND_APPLICATION_CHANGED to com.android.gallery3d.app.GalleryActivity
03-14 03:54:42.974 1009 3052 I wm_set_resumed_activity: [0,com.android.gallery3d/.app.GalleryActivity,resumeTopActivityInnerLocked]
03-14 03:54:42.976 1009 3052 I wm_resume_activity: [0,237468208,139,com.android.gallery3d/.app.GalleryActivity]
03-14 03:54:42.976 7505 7505 I wm_on_activity_result_called: [237468208,com.android.gallery3d.app.GalleryActivity,ACTIVITY_RESULT]
03-14 03:54:42.977 1009 3052 W WindowManager: updateScale : 0.79357797
03-14 03:54:42.983 1009 3052 W WindowManager: updateScale : 0.79357797
03-14 03:54:42.985 1009 1587 I input_focus: [Focus leaving d22ec51 android/com.android.internal.app.ResolverActivity (server),reason=NO_WINDOW]
03-14 03:54:42.986 1009 1184 I input_focus: [Focus request c8c65c7 com.android.gallery3d/com.android.gallery3d.app.GalleryActivity,reason=UpdateInputWindows]
03-14 03:54:42.988 7505 7505 I wm_on_resume_called: [237468208,com.android.gallery3d.app.GalleryActivity,RESUME_ACTIVITY]
03-14 03:54:42.988 7505 7505 I wm_on_top_resumed_gained_called: [237468208,com.android.gallery3d.app.GalleryActivity,topWhenResuming]
03-14 03:54:42.990 1009 1183 I sysui_multi_action: [757,803,799,window_time_2,802,1]
03-14 03:54:42.998 1009 1587 I input_focus: [Focus entering c8c65c7 com.android.gallery3d/com.android.gallery3d.app.GalleryActivity (server),reason=setFocusedWindow]
03-14 03:54:43.000 1009 1724 W WindowManager: updateScale : 0.79357797
03-14 03:54:43.079 1009 3052 W FreeFormWindowHelper: Current Display FreeFormTask is Task{2061be2 #139 type=standard A=10064:com.android.gallery3d U=0 visible=true mode=freeform translucent=false sz=2}
03-14 03:54:43.231 1009 1183 I wm_destroy_activity: [0,94844515,139,android/com.android.internal.app.ResolverActivity,finish-transit]
03-14 03:54:43.251 1009 1184 W WindowManager: updateScale : 0.79357797
03-14 03:54:43.253 1009 3052 W WindowManager: updateScale : 0.79357797
03-14 03:54:43.261 7362 7362 I wm_on_stop_called: [94844515,com.android.internal.app.ResolverActivity,LIFECYCLER_STOP_ACTIVITY]
03-14 03:54:43.268 7362 7362 I wm_on_destroy_called: [94844515,com.android.internal.app.ResolverActivity,performDestroy]
03-14 03:54:43.271 1009 2148 W WindowManager: updateScale : 0.79357797
03-14 03:54:43.967 0 0 I auditd : type=1400 audit(0.0:3366): avc: denied { kill } for comm="swapper/1" capability=5 scontext=u:r:kernel:s0 tcontext=u:r:kernel:s0 tclass=capability permissive=1
03-14 03:54:44.082 1009 2102 I ntp_failure: [time.android.com/2001:4860:4806:4::,java.net.SocketTimeoutException: Poll timed out]
03-14 03:54:44.095 1009 1587 I input_interaction: Interaction with: c8c65c7 com.android.gallery3d/com.android.gallery3d.app.GalleryActivity (server), edge-swipe (server), swipe-up (server), PointerEventDispatcher0 (server),
03-14 03:54:44.219 1009 2148 W WindowManager: updateScale : 0.79357797
03-14 03:54:44.221 1009 2148 W WindowManager: updateScale : 0.79357797
03-14 03:54:44.894 1009 3052 I ActivityTaskManager: START u0 {act=android.intent.action.VIEW dat=content://media/external/video/media/21 typ=video/* cmp=android/com.android.internal.app.ResolverActivity (has extras)} from uid 10064
03-14 03:54:44.898 1009 3052 I wm_task_moved: [139,1,6]
03-14 03:54:44.898 1009 3052 I wm_set_resumed_activity: [0,com.android.gallery3d/.app.GalleryActivity,positionChildAt]
03-14 03:54:44.899 1009 3052 I wm_create_activity: [0,240673687,139,android/com.android.internal.app.ResolverActivity,android.intent.action.VIEW,video/*,content://media/external/video/media/21,8388608]
03-14 03:54:44.899 1009 3052 I wm_pause_activity: [0,237468208,com.android.gallery3d/.app.GalleryActivity,userLeaving=true,resumeTopActivityInnerLocked]
03-14 03:54:44.899 1009 3052 W WindowManager: updateScale : 0.79357797
03-14 03:54:44.900 1009 3052 W WindowManager: updateScale : 0.79357797
03-14 03:54:44.901 7505 7505 I wm_on_top_resumed_lost_called: [237468208,com.android.gallery3d.app.GalleryActivity,topStateChangedWhenResumed]
03-14 03:54:44.908 7505 7505 I wm_on_paused_called: [237468208,com.android.gallery3d.app.GalleryActivity,performPause]
03-14 03:54:44.909 1009 2148 I ActivityTaskManager: FOREGROUND_APPLICATION_CHANGED to com.android.internal.app.ResolverActivity
03-14 03:54:44.909 1009 2148 I ActivityTaskManager: The Process system:ui Already Exists in BG. So sending its PID: 7362
03-14 03:54:44.909 1009 2148 W ActivityTaskManager: Tried to set launchTime (0) < mLastActivityLaunchTime (248044)
03-14 03:54:44.909 1009 2148 I wm_restart_activity: [0,240673687,139,android/com.android.internal.app.ResolverActivity]
03-14 03:54:44.910 1009 2148 I wm_set_resumed_activity: [0,android/com.android.internal.app.ResolverActivity,minimalResumeActivityLocked]
03-14 03:54:44.912 1009 1183 I sysui_multi_action: [757,803,799,window_time_2,802,2]
03-14 03:54:44.920 7362 7362 I sysui_multi_action: [757,453,758,4,806,android.intent.action.VIEW:video/*:]
03-14 03:54:44.920 7362 7362 I wm_on_create_called: [240673687,com.android.internal.app.ResolverActivity,performCreate]
03-14 03:54:44.923 7362 7362 I wm_on_start_called: [240673687,com.android.internal.app.ResolverActivity,handleStartActivity]
03-14 03:54:44.923 7362 7362 I wm_on_resume_called: [240673687,com.android.internal.app.ResolverActivity,RESUME_ACTIVITY]
03-14 03:54:44.925 7362 7362 I wm_on_top_resumed_gained_called: [240673687,com.android.internal.app.ResolverActivity,topStateChangedWhenResumed]
03-14 03:54:44.937 1009 2148 W WindowManager: updateScale : 0.79357797
03-14 03:54:44.937 1009 2148 W WindowManager: updateScale : 0.79357797
03-14 03:54:44.939 1009 1184 I input_focus: [Focus request 3d3525 android/com.android.internal.app.ResolverActivity,reason=UpdateInputWindows]
03-14 03:54:44.944 1009 1184 W WindowManager: updateScale : 0.79357797
03-14 03:54:44.945 1009 1184 W WindowManager: updateScale : 0.79357797
03-14 03:54:44.946 1009 1184 W WindowManager: updateScale : 0.79357797
03-14 03:54:44.947 1009 1184 W WindowManager: updateScale : 0.79357797
03-14 03:54:44.947 1009 1180 I sysui_multi_action: [319,54,322,53,325,251,757,761,758,8,759,2,806,android,871,com.android.internal.app.ResolverActivity,904,com.android.gallery3d,905,0,1320,12,1321,1]
03-14 03:54:44.947 1009 1180 I wm_activity_launch_time: [0,240673687,android/com.android.internal.app.ResolverActivity,53]
03-14 03:54:44.954 1009 1587 I input_focus: [Focus leaving c8c65c7 com.android.gallery3d/com.android.gallery3d.app.GalleryActivity (server),reason=setFocusedWindow]
03-14 03:54:44.954 1009 1587 I input_focus: [Focus entering 3d3525 android/com.android.internal.app.ResolverActivity (server),reason=setFocusedWindow]
03-14 03:54:45.013 1009 2178 W FreeFormWindowHelper: Current Display FreeFormTask is Task{2061be2 #139 type=standard A=10064:com.android.gallery3d U=0 visible=true mode=freeform translucent=false sz=2}
03-14 03:54:45.542 1009 1184 W WindowManager: updateScale : 0.79357797
03-14 03:54:45.543 1009 1184 W WindowManager: updateScale : 0.79357797
03-14 03:54:47.403 1009 1194 I am_uid_idle: 10023
01-01 08:04:16.403 0 0 E DTC_ETH,link_delay_work_func: 3003, SQI=0, link=0
03-14 03:54:49.090 1009 2102 I ntp_failure: [time.android.com/2001:4860:4806:8::,java.net.SocketTimeoutException: Poll timed out]
01-01 08:04:21.523 0 0 E DTC_ETH,link_delay_work_func: 3003, SQI=0, link=0
03-14 03:54:54.098 1009 2102 I ntp_failure: [time.android.com/2001:4860:4806::,java.net.SocketTimeoutException: Poll timed out]
03-14 03:54:54.372 1009 2102 I ntp_success: [time.android.com/2001:4860:4806:c::,271,131458639]
03-14 03:54:55.953 1009 1188 I am_pss : [7362,1000,system:ui,32382976,21426176,0,171200512,0,2,14]
01-01 08:04:26.643 0 0 E DTC_ETH,link_delay_work_func: 3003, SQI=0, link=0
01-01 08:04:31.763 0 0 E DTC_ETH,link_delay_work_func: 3003, SQI=0, link=0
03-14 03:55:05.674 1009 1194 I am_uid_idle: 10028
03-14 03:55:05.970 1009 1188 I am_pss : [7362,1000,system:ui,32382976,21426176,0,171200512,0,2,14]
01-01 08:04:36.883 0 0 E DTC_ETH,link_delay_work_func: 3003, SQI=0, link=0
03-14 03:55:13.295 1009 1587 I input_interaction: Interaction with: 3d3525 android/com.android.internal.app.ResolverActivity (server), edge-swipe (server), swipe-up (server), PointerEventDispatcher0 (server),
01-01 08:04:42.003 0 0 E DTC_ETH,link_delay_work_func: 3003, SQI=0, link=0
03-14 03:55:13.423 1009 1185 I ActivityTaskManager: clear resize flag in freeform mode
03-14 03:55:13.424 1009 1185 I ActivityTaskManager: clear resize flag in freeform mode
03-14 03:55:13.424 1009 1185 W WindowManager: updateScale : 0.72782874
03-14 03:55:13.424 1009 1185 W WindowManager: updateScale : 0.72782874
03-14 03:55:13.425 1009 1185 W WindowManager: updateScale : 0.72782874
03-14 03:55:13.425 1009 1185 W WindowManager: updateScale : 0.72782874
03-14 03:55:13.440 1009 1185 I ActivityTaskManager: clear resize flag in freeform mode
03-14 03:55:13.441 1009 1185 I ActivityTaskManager: clear resize flag in freeform mode
03-14 03:55:13.441 1009 1185 W WindowManager: updateScale : 0.6727829
03-14 03:55:13.442 1009 1185 W WindowManager: updateScale : 0.6727829
03-14 03:55:13.457 1009 1185 I ActivityTaskManager: clear resize flag in freeform mode
03-14 03:55:13.457 1009 1185 I ActivityTaskManager: clear resize flag in freeform mode
03-14 03:55:13.457 1009 1185 W WindowManager: updateScale : 0.62691134
03-14 03:55:13.457 1009 1185 W WindowManager: updateScale : 0.62691134
03-14 03:55:13.469 1009 2178 W WindowManager: updateScale : 0.62691134
03-14 03:55:13.469 1009 2178 W WindowManager: updateScale : 0.62691134
03-14 03:55:13.472 1009 1724 W WindowManager: updateScale : 0.62691134
03-14 03:55:13.472 1009 1724 W WindowManager: updateScale : 0.62691134
03-14 03:55:13.477 1009 1185 I ActivityTaskManager: clear resize flag in freeform mode
03-14 03:55:13.477 1009 1185 I ActivityTaskManager: clear resize flag in freeform mode
03-14 03:55:13.478 1009 1185 W WindowManager: updateScale : 0.5902141
03-14 03:55:13.478 1009 1185 W WindowManager: updateScale : 0.5902141
03-14 03:55:13.490 1009 1185 I ActivityTaskManager: clear resize flag in freeform mode
03-14 03:55:13.490 1009 1185 I ActivityTaskManager: clear resize flag in freeform mode
03-14 03:55:13.491 1009 1185 W WindowManager: updateScale : 0.559633
03-14 03:55:13.491 1009 1185 W WindowManager: updateScale : 0.559633
03-14 03:55:13.502 1009 1724 W WindowManager: updateScale : 0.559633
03-14 03:55:13.502 1009 1724 W WindowManager: updateScale : 0.559633
03-14 03:55:13.507 1009 1185 I ActivityTaskManager: clear resize flag in freeform mode
03-14 03:55:13.507 1009 1185 I ActivityTaskManager: clear resize flag in freeform mode
03-14 03:55:13.507 1009 1185 W WindowManager: updateScale : 0.5351682
03-14 03:55:13.507 1009 1185 W WindowManager: updateScale : 0.5351682
03-14 03:55:13.510 1009 2178 W WindowManager: updateScale : 0.5351682
03-14 03:55:13.510 1009 2178 W WindowManager: updateScale : 0.5351682
03-14 03:55:13.522 1009 1724 W WindowManager: updateScale : 0.5351682
03-14 03:55:13.522 1009 1724 W WindowManager: updateScale : 0.5351682
03-14 03:55:13.525 1009 1185 I ActivityTaskManager: clear resize flag in freeform mode
03-14 03:55:13.525 1009 1185 I ActivityTaskManager: clear resize flag in freeform mode
03-14 03:55:13.526 1009 1185 W WindowManager: updateScale : 0.5152905
03-14 03:55:13.526 1009 1185 W WindowManager: updateScale : 0.5152905
03-14 03:55:13.538 1009 1724 W WindowManager: updateScale : 0.5152905
03-14 03:55:13.538 1009 1724 W WindowManager: updateScale : 0.5152905
03-14 03:55:13.541 1009 2178 W WindowManager: updateScale : 0.5
03-14 03:55:13.541 1009 2178 W WindowManager: updateScale : 0.5
03-14 03:55:13.545 1009 1185 I ActivityTaskManager: clear resize flag in freeform mode
03-14 03:55:13.546 1009 1185 I ActivityTaskManager: clear resize flag in freeform mode
03-14 03:55:13.546 1009 1185 W WindowManager: updateScale : 0.5
03-14 03:55:13.546 1009 1185 W WindowManager: updateScale : 0.5
03-14 03:55:13.557 1009 1185 I ActivityTaskManager: clear resize flag in freeform mode
03-14 03:55:13.557 1009 1185 I ActivityTaskManager: clear resize flag in freeform mode
03-14 03:55:13.557 1009 1185 W WindowManager: updateScale : 0.48776758
03-14 03:55:13.557 1009 1185 W WindowManager: updateScale : 0.48776758
03-14 03:55:13.562 1009 2178 W WindowManager: updateScale : 0.48776758
03-14 03:55:13.562 1009 2178 W WindowManager: updateScale : 0.48776758
03-14 03:55:13.571 1009 2178 W WindowManager: updateScale : 0.48776758
03-14 03:55:13.572 1009 2178 W WindowManager: updateScale : 0.48776758
03-14 03:55:13.574 1009 1185 I ActivityTaskManager: clear resize flag in freeform mode
03-14 03:55:13.574 1009 1185 I ActivityTaskManager: clear resize flag in freeform mode
03-14 03:55:13.574 1009 1185 W WindowManager: updateScale : 0.47859326
03-14 03:55:13.574 1009 1185 W WindowManager: updateScale : 0.47859326
03-14 03:55:13.589 1009 3052 W WindowManager: updateScale : 0.470948
03-14 03:55:13.589 1009 3052 W WindowManager: updateScale : 0.470948
03-14 03:55:13.593 1009 1185 I ActivityTaskManager: clear resize flag in freeform mode
03-14 03:55:13.593 1009 1185 I ActivityTaskManager: clear resize flag in freeform mode
03-14 03:55:13.594 1009 1185 W WindowManager: updateScale : 0.470948
03-14 03:55:13.594 1009 1185 W WindowManager: updateScale : 0.470948
03-14 03:55:13.603 1009 3052 W WindowManager: updateScale : 0.470948
03-14 03:55:13.603 1009 3052 W WindowManager: updateScale : 0.470948
03-14 03:55:13.609 1009 2178 W WindowManager: updateScale : 0.46636087
03-14 03:55:13.609 1009 2178 W WindowManager: updateScale : 0.46636087
