03-14 03:51:05.073 1009 1009 I SystemServerTiming: ssm.onStartUser-0_com.android.server.companion.CompanionDeviceManagerService
03-14 03:51:05.073 1009 1009 I SystemServerTiming: ssm.onStartUser-0_com.android.server.restrictions.RestrictionsManagerService
03-14 03:51:05.073 1009 1188 I netstats_wifi_sample: [0,0,0,0,0,0,0,0,0,0,0,0,1678737065073]
03-14 03:51:05.073 1009 1009 I SystemServerTiming: ssm.onStartUser-0_com.android.server.media.MediaSessionService
03-14 03:51:05.073 1009 1009 I SystemServerTiming: ssm.onStartUser-0_com.android.server.media.MediaResourceMonitorService
03-14 03:51:05.073 1009 1009 I SystemServerTiming: ssm.onStartUser-0_com.android.server.biometrics.sensors.fingerprint.FingerprintService
03-14 03:51:05.073 1009 1009 I SystemServerTiming: ssm.onStartUser-0_com.android.server.biometrics.BiometricService
03-14 03:51:05.073 1009 1009 I SystemServerTiming: ssm.onStartUser-0_com.android.server.biometrics.AuthService
03-14 03:51:05.073 1009 1009 I SystemServerTiming: ssm.onStartUser-0_com.android.server.pm.ShortcutService$Lifecycle
03-14 03:51:05.073 1009 1009 I SystemServerTiming: ssm.onStartUser-0_com.android.server.pm.LauncherAppsService
03-14 03:51:05.073 1009 1009 I SystemServerTiming: ssm.onStartUser-0_com.android.server.pm.CrossProfileAppsService
03-14 03:51:05.073 1009 1009 I SystemServerTiming: ssm.onStartUser-0_com.android.server.people.PeopleService
03-14 03:51:05.073 1009 1009 I SystemServerTiming: ssm.onStartUser-0_com.android.server.media.metrics.MediaMetricsManagerService
03-14 03:51:05.073 1009 1009 I SystemServerTiming: ssm.onStartUser-0_com.android.server.media.projection.MediaProjectionManagerService
03-14 03:51:05.073 1009 1009 I SystemServerTiming: ssm.onStartUser-0_com.android.server.slice.SliceManagerService$Lifecycle
03-14 03:51:05.073 1009 1009 I SystemServerTiming: ssm.onStartUser-0_com.android.server.stats.StatsCompanion$Lifecycle
03-14 03:51:05.073 1009 1009 I SystemServerTiming: ssm.onStartUser-0_com.android.server.scheduling.RebootReadinessManagerService$Lifecycle
03-14 03:51:05.073 1009 1009 I SystemServerTiming: ssm.onStartUser-0_com.android.server.stats.pull.StatsPullAtomService
03-14 03:51:05.073 1009 1009 I SystemServerTiming: ssm.onStartUser-0_com.android.server.incident.IncidentCompanionService
03-14 03:51:05.073 1009 1009 I SystemServerTiming: ssm.onStartUser-0_com.android.server.MmsServiceBroker
03-14 03:51:05.073 1009 1009 I SystemServerTiming: ssm.onStartUser-0_com.android.server.autofill.AutofillManagerService
03-14 03:51:05.073 1009 1009 I SystemServerTiming: ssm.onStartUser-0_com.android.server.clipboard.ClipboardService
03-14 03:51:05.073 1009 1009 I SystemServerTiming: ssm.onStartUser-0_com.android.server.appbinding.AppBindingService$Lifecycle
03-14 03:51:05.073 1009 1009 W AppBindingService: [Default SMS app] u0 Target package not found
03-14 03:51:05.073 1009 1009 I SystemServerTiming: ssm.onStartUser-0_com.android.server.tracing.TracingServiceProxy
03-14 03:51:05.073 1009 1009 I SystemServerTiming: ssm.onStartUser-0_com.android.server.policy.PermissionPolicyService
03-14 03:51:05.073 1009 1009 I SystemServerTiming: ssm.onStartUser-0_com.android.server.pm.StagingManager$Lifecycle
03-14 03:51:05.073 1009 1009 I SystemServerTiming: ssm.onStartUser-0_com.android.server.app.GameManagerService$Lifecycle
01-01 08:00:33.776 0 0 I binder : 2101:2101 ioctl 40046210 7fd9aef714 returned -22
01-01 08:00:33.779 0 0 I msm_vidc: high: 00000001: ....d: Opening video instance: 0000000000000000, 1
01-01 08:00:33.779 0 0 I msm_vidc: err : 00000001: ....d: Failed to create debugfs for msm_vidc
03-14 03:51:05.080 1009 1009 V GameManagerService: Settings file doesn't exists, skip reading
03-14 03:51:05.080 1009 1009 I SystemServerTiming: ssm.onStartUser-0_com.android.server.appsearch.AppSearchManagerService
03-14 03:51:05.080 1009 1009 I SystemServerTiming: ssm.onStartUser-0_com.android.server.media.MediaCommunicationService
03-14 03:51:05.080 1009 1009 I SystemServerTiming: startPersistentApps
03-14 03:51:05.080 1009 1037 I wm_task_created: [2,-1]
03-14 03:51:05.083 1009 1585 I wm_task_created: [3,-1]
03-14 03:51:05.083 1009 1009 D CompatibilityChangeReporter: Compat change id reported: 135634846; UID 1000; state: DISABLED
03-14 03:51:05.083 1009 1009 D CompatibilityChangeReporter: Compat change id reported: 177438394; UID 1000; state: DISABLED
03-14 03:51:05.083 1009 1009 D CompatibilityChangeReporter: Compat change id reported: 135772972; UID 1000; state: DISABLED
03-14 03:51:05.083 1009 1188 I netstats_mobile_sample: [0,0,0,0,0,0,0,0,0,0,0,0,1678737065083]
03-14 03:51:05.083 1009 1009 D CompatibilityChangeReporter: Compat change id reported: 135754954; UID 1000; state: ENABLED
03-14 03:51:05.083 1009 1188 I netstats_wifi_sample: [0,0,0,0,0,0,0,0,0,0,0,0,1678737065083]
03-14 03:51:05.086 1009 1009 I am_uid_running: 1001
03-14 03:51:05.086 1009 1009 D CompatibilityChangeReporter: Compat change id reported: 135634846; UID 1001; state: DISABLED
03-14 03:51:05.086 1009 1009 D CompatibilityChangeReporter: Compat change id reported: 177438394; UID 1001; state: DISABLED
03-14 03:51:05.086 1009 1009 D CompatibilityChangeReporter: Compat change id reported: 135772972; UID 1001; state: DISABLED
03-14 03:51:05.087 1009 1009 D CompatibilityChangeReporter: Compat change id reported: 135754954; UID 1001; state: ENABLED
03-14 03:51:05.087 1009 1009 I am_uid_running: 10055
03-14 03:51:05.087 1009 1009 D CompatibilityChangeReporter: Compat change id reported: 135634846; UID 10055; state: DISABLED
03-14 03:51:05.087 1009 1009 D CompatibilityChangeReporter: Compat change id reported: 177438394; UID 10055; state: DISABLED
03-14 03:51:05.087 1009 1009 D CompatibilityChangeReporter: Compat change id reported: 135772972; UID 10055; state: DISABLED
03-14 03:51:05.088 1009 1009 D CompatibilityChangeReporter: Compat change id reported: 135754954; UID 10055; state: DISABLED
03-14 03:51:05.096 1009 1009 I am_uid_running: 10080
03-14 03:51:05.097 1009 1009 D CompatibilityChangeReporter: Compat change id reported: 135634846; UID 10080; state: DISABLED
03-14 03:51:05.098 1009 1009 D CompatibilityChangeReporter: Compat change id reported: 177438394; UID 10080; state: DISABLED
03-14 03:51:05.098 1009 1009 D CompatibilityChangeReporter: Compat change id reported: 135772972; UID 10080; state: DISABLED
03-14 03:51:05.098 1009 1009 D CompatibilityChangeReporter: Compat change id reported: 135754954; UID 10080; state: DISABLED
03-14 03:51:05.099 1009 1009 I am_uid_running: 1068
03-14 03:51:05.100 1009 1009 D CompatibilityChangeReporter: Compat change id reported: 135634846; UID 1068; state: DISABLED
03-14 03:51:05.105 1009 1009 I am_uid_running: 10061
03-14 03:51:05.107 1009 1009 D CompatibilityChangeReporter: Compat change id reported: 135634846; UID 10061; state: DISABLED
03-14 03:51:05.107 1009 1009 D CompatibilityChangeReporter: Compat change id reported: 177438394; UID 10061; state: DISABLED
03-14 03:51:05.107 1009 1009 D CompatibilityChangeReporter: Compat change id reported: 135772972; UID 10061; state: DISABLED
03-14 03:51:05.107 1009 1009 D CompatibilityChangeReporter: Compat change id reported: 135754954; UID 10061; state: ENABLED
01-01 08:00:33.812 0 0 I binder : 2132:2132 ioctl 40046210 7fd9aef714 returned -22
03-14 03:51:05.109 1009 1188 I netstats_mobile_sample: [0,0,0,0,0,0,0,0,0,0,0,0,1678737065109]
03-14 03:51:05.109 1009 1188 I netstats_wifi_sample: [0,0,0,0,0,0,0,0,0,0,0,0,1678737065109]
03-14 03:51:05.111 1009 1009 I SystemServerTiming: startHomeOnAllDisplays
03-14 03:51:05.115 1009 1009 I ActivityTaskManager: START u0 {act=android.intent.action.MAIN cat=[android.intent.category.HOME] flg=0x10000100 cmp=com.android.settings/.FallbackHome (has extras)} from uid 0
03-14 03:51:05.125 1009 1188 I netstats_mobile_sample: [0,0,0,0,0,0,0,0,0,0,0,0,1678737065125]
03-14 03:51:05.125 1009 1188 I netstats_wifi_sample: [0,0,0,0,0,0,0,0,0,0,0,0,1678737065125]
03-14 03:51:05.127 2132 2132 I service_manager_slow: [14,activity]
03-14 03:51:05.139 1009 1009 D CompatibilityChangeReporter: Compat change id reported: 174042980; UID 1000; state: DISABLED
03-14 03:51:05.142 1009 1188 I netstats_mobile_sample: [0,0,0,0,0,0,0,0,0,0,0,0,1678737065142]
03-14 03:51:05.142 1009 1188 I netstats_wifi_sample: [0,0,0,0,0,0,0,0,0,0,0,0,1678737065142]
03-14 03:51:05.143 1009 1009 I wm_task_created: [4,-1]
03-14 03:51:05.144 1009 1009 I wm_task_moved: [4,1,2147483647]
03-14 03:51:05.145 1009 1009 I wm_task_moved: [1,1,2]
03-14 03:51:05.145 1009 1009 I wm_create_task: [0,4]
03-14 03:51:05.145 1009 1009 I wm_create_activity: [0,181330145,4,com.android.settings/.FallbackHome,android.intent.action.MAIN,NULL,NULL,276824320]
03-14 03:51:05.146 1009 1009 I wm_task_moved: [1,1,2]
03-14 03:51:05.146 1009 1009 I wm_task_moved: [4,1,2147483647]
03-14 03:51:05.146 1009 1009 I wm_task_to_front: [0,4]
03-14 03:51:05.157 1009 1488 I commit_sys_config_file: [settings-0-0,6]
01-01 08:00:33.846 0 0 E init : Control message: Could not find 'vendor.qti.hardware.iop@2.0::IIop/default' for ctl.interface_start from pid: 513 (/system/bin/hwservicemanager)
03-14 03:51:05.166 1009 1188 I netstats_mobile_sample: [0,0,0,0,0,0,0,0,0,0,0,0,1678737065166]
03-14 03:51:05.166 1009 1188 I netstats_wifi_sample: [0,0,0,0,0,0,0,0,0,0,0,0,1678737065166]
03-14 03:51:05.167 1009 1009 D CompatibilityChangeReporter: Compat change id reported: 168419799; UID 1000; state: DISABLED
03-14 03:51:05.168 1009 1009 I ActivityTaskManager: FOREGROUND_APPLICATION_CHANGED to com.android.settings.FallbackHome
03-14 03:51:05.169 1009 2181 W ContextImpl: Calling a method in the system process without a qualified user: android.app.ContextImpl.bindService:1895 android.content.ContextWrapper.bindService:810 com.qualcomm.qti.activityextension.ActivityNotifier.bindToDynamicDDSService:103 com.qualcomm.qti.activityextension.ActivityNotifier.handleSendActivityInvokeNotification:184 com.qualcomm.qti.activityextension.ActivityNotifier.access$300:26
03-14 03:51:05.171 1009 1009 I SystemServerTiming: showSystemReadyErrorDialogs
03-14 03:51:05.176 1009 1188 I netstats_mobile_sample: [0,0,0,0,0,0,0,0,0,0,0,0,1678737065176]
03-14 03:51:05.176 1009 1188 I netstats_wifi_sample: [0,0,0,0,0,0,0,0,0,0,0,0,1678737065176]
03-14 03:51:05.184 1009 1188 I netstats_mobile_sample: [0,0,0,0,0,0,0,0,0,0,0,0,1678737065184]
03-14 03:51:05.184 1009 1188 I netstats_wifi_sample: [0,0,0,0,0,0,0,0,0,0,0,0,1678737065184]
03-14 03:51:05.191 1009 1188 I netstats_mobile_sample: [0,0,0,0,0,0,0,0,0,0,0,0,1678737065191]
03-14 03:51:05.191 1009 1188 I netstats_wifi_sample: [0,0,0,0,0,0,0,0,0,0,0,0,1678737065191]
03-14 03:51:05.197 1009 1188 I netstats_mobile_sample: [0,0,0,0,0,0,0,0,0,0,0,0,1678737065197]
03-14 03:51:05.197 1009 1188 I netstats_wifi_sample: [0,0,0,0,0,0,0,0,0,0,0,0,1678737065197]
01-01 08:00:33.905 0 0 I : [MAX975X:max96755x_drm_notifier_callback] *INFO* receives EARLY_BLANK:UNBLANK
01-01 08:00:33.905 0 0 I cyttsp7_i2c_adapter 0-0024: FB event:2,blank:0
01-01 08:00:33.905 0 0 I cyttsp7_i2c_adapter 0-0024: suspend: event = 2, blank = 0, not care
01-01 08:00:33.905 0 0 I [drm:dsi_display_set_mode] [msm-dsi-info]: mdp_transfer_time_us=0 us
01-01 08:00:33.905 0 0 I [drm:dsi_display_set_mode] [msm-dsi-info]: hactive= 2380,vactive= 1020,fps=60
01-01 08:00:33.905 0 0 I [drm:dsi_ctrl_isr_configure] [msm-dsi-info]: dsi-ctrl-0: IRQ 403 registered
03-14 03:51:05.204 1009 1188 I netstats_mobile_sample: [0,0,0,0,0,0,0,0,0,0,0,0,1678737065204]
03-14 03:51:05.204 1009 1188 I netstats_wifi_sample: [0,0,0,0,0,0,0,0,0,0,0,0,1678737065204]
03-14 03:51:05.208 1009 1009 I SystemServerTiming: sendUserStartBroadcast
03-14 03:51:05.208 1009 1009 I SystemServerTiming: resumeTopActivities
03-14 03:51:05.210 1009 1009 I SystemServerTiming: sendUserSwitchBroadcasts
03-14 03:51:05.210 1009 1009 I uc_send_user_broadcast: [0,android.intent.action.USER_FOREGROUND]
03-14 03:51:05.210 1009 1009 I uc_send_user_broadcast: [0,android.intent.action.USER_SWITCHED]
03-14 03:51:05.210 1009 1009 I SystemServerTiming: setBinderProxies
03-14 03:51:05.210 1009 1188 I netstats_mobile_sample: [0,0,0,0,0,0,0,0,0,0,0,0,1678737065210]
03-14 03:51:05.210 1009 1188 I netstats_wifi_sample: [0,0,0,0,0,0,0,0,0,0,0,0,1678737065210]
03-14 03:51:05.210 1009 1009 I SystemServerTiming: StartSystemUI
03-14 03:51:05.211 1009 1585 W ActivityManager: No pending application record for pid 2101 (IApplicationThread android.app.IApplicationThread$Stub$Proxy@60726db); dropping process
03-14 03:51:05.211 1009 1585 I am_drop_process: 2101
03-14 03:51:05.213 1009 2148 W ActivityManager: Slow operation: 131ms so far, now at startProcess: done updating battery stats
03-14 03:51:05.213 1009 2148 I am_proc_start: [0,2132,1000,com.thundercomm.gamemode,added application,com.thundercomm.gamemode]
03-14 03:51:05.213 1009 2148 W ActivityManager: Slow operation: 131ms so far, now at startProcess: building log message
03-14 03:51:05.213 1009 2148 I ActivityManager: Start proc 2132:com.thundercomm.gamemode/1000 for added application com.thundercomm.gamemode
03-14 03:51:05.213 1009 2148 W ActivityManager: Slow operation: 131ms so far, now at startProcess: starting to update pids map
03-14 03:51:05.213 1009 2148 W ActivityManager: Slow operation: 131ms so far, now at startProcess: done updating pids map
03-14 03:51:05.213 1009 2148 I am_proc_bound: [0,2132,com.thundercomm.gamemode]
03-14 03:51:05.216 1009 1188 I netstats_mobile_sample: [0,0,0,0,0,0,0,0,0,0,0,0,1678737065216]
03-14 03:51:05.216 1009 1188 I netstats_wifi_sample: [0,0,0,0,0,0,0,0,0,0,0,0,1678737065216]
01-01 08:00:33.921 0 0 I binder : 1344:1344 ioctl 40046210 7ff44228f4 returned -22
03-14 03:51:05.220 1009 2156 I ActivityManager: Process WebViewLoader-armeabi-v7a (pid 2063) has died: psvc PER
03-14 03:51:05.220 1009 1188 D TelephonyRegistry: listen oscl: mHasNotifySubscriptionInfoChangedOccurred==false no callback
03-14 03:51:05.221 1009 1188 D CountryDetector: Using custom country detector class: com.android.server.location.ComprehensiveCountryDetector
03-14 03:51:05.221 1009 1188 E CountryDetector: Could not instantiate the custom country detector class
03-14 03:51:05.221 1009 1188 D CountryDetector: Using default country detector
03-14 03:51:05.222 1009 2156 I am_proc_died: [0,2063,WebViewLoader-armeabi-v7a,-700,0]
03-14 03:51:05.226 1009 2156 I am_low_memory: 5
03-14 03:51:05.228 1009 2153 I ActivityManager: Process WebViewLoader-arm64-v8a (pid 2064) has died: psvc PER
03-14 03:51:05.229 1009 2153 I am_proc_died: [0,2064,WebViewLoader-arm64-v8a,-700,0]
03-14 03:51:05.238 1009 2153 I am_uid_stopped: 1037
03-14 03:51:05.238 1009 2153 I am_low_memory: 4
01-01 08:00:33.923 0 0 E init : Control message: Could not find 'vendor.qti.hardware.iop@2.0::IIop/default' for ctl.interface_start from pid: 513 (/system/bin/hwservicemanager)
01-01 08:00:33.941 0 0 I binder : undelivered TRANSACTION_COMPLETE
01-01 08:00:33.941 0 0 I binder : undelivered transaction 19302, process died.
03-14 03:51:05.240 1009 2181 W ContextImpl: Calling a method in the system process without a qualified user: android.app.ContextImpl.bindService:1895 android.content.ContextWrapper.bindService:810 com.qualcomm.qti.activityextension.ActivityNotifier.bindToDynamicDDSService:103 com.qualcomm.qti.activityextension.ActivityNotifier.handleSendActivityInvokeNotification:184 com.qualcomm.qti.activityextension.ActivityNotifier.access$300:26
01-01 08:00:33.942 0 0 E init : Control message: Could not find 'vendor.qti.hardware.iop@2.0::IIop/default' for ctl.interface_start from pid: 513 (/system/bin/hwservicemanager)
03-14 03:51:05.245 1009 1183 D CompatibilityChangeReporter: Compat change id reported: 135634846; UID 1000; state: DISABLED
03-14 03:51:05.245 1009 1183 D CompatibilityChangeReporter: Compat change id reported: 177438394; UID 1000; state: DISABLED
03-14 03:51:05.245 1009 1183 D CompatibilityChangeReporter: Compat change id reported: 135772972; UID 1000; state: DISABLED
03-14 03:51:05.245 1009 1183 D CompatibilityChangeReporter: Compat change id reported: 135754954; UID 1000; state: ENABLED
03-14 03:51:05.251 1009 1009 I SystemServerTiming: startMicroService
03-14 03:51:05.254 1009 1195 W ActivityManager: Slow operation: 170ms so far, now at startProcess: asking zygote to start proc
03-14 03:51:05.254 1009 2181 W ContextImpl: Calling a method in the system process without a qualified user: android.app.ContextImpl.bindService:1895 android.content.ContextWrapper.bindService:810 com.qualcomm.qti.activityextension.ActivityNotifier.bindToDynamicDDSService:103 com.qualcomm.qti.activityextension.ActivityNotifier.handleSendActivityInvokeNotification:184 com.qualcomm.qti.activityextension.ActivityNotifier.access$300:26
03-14 03:51:05.254 1009 1009 I SystemServerTiming: startRemoteControlService
03-14 03:51:05.254 1009 1009 I SystemServerTiming: startTcService
03-14 03:51:05.254 1009 1009 I SystemServerTiming: startBoostPerfService
03-14 03:51:05.259 1009 1195 W ActivityManager: Slow operation: 176ms so far, now at startProcess: returned from zygote!
03-14 03:51:05.260 1009 1009 W Looper : Slow delivery took 3549ms main h=android.app.PropertyInvalidatedCache$AutoCorker$1 c=null m=0
03-14 03:51:05.262 1009 1195 W ActivityManager: Slow operation: 179ms so far, now at startProcess: done updating battery stats
03-14 03:51:05.262 1009 1195 I am_proc_start: [0,2211,1000,com.thundercomm.microservice,added application,com.thundercomm.microservice]
03-14 03:51:05.262 1009 1195 W ActivityManager: Slow operation: 179ms so far, now at startProcess: building log message
03-14 03:51:05.262 1009 1195 I ActivityManager: Start proc 2211:com.thundercomm.microservice/1000 for added application com.thundercomm.microservice
03-14 03:51:05.263 1009 1195 W ActivityManager: Slow operation: 179ms so far, now at startProcess: starting to update pids map
03-14 03:51:05.263 1009 1195 W ActivityManager: Slow operation: 179ms so far, now at startProcess: done updating pids map
03-14 03:51:05.263 1009 1195 W ActivityManager: Slow operation: 179ms so far, now at startProcess: asking zygote to start proc
03-14 03:51:05.266 1009 1009 D ConditionProviders.SCP: onConnected
03-14 03:51:05.268 1009 1009 I GameModeConfig: isGameModeOn = false
03-14 03:51:05.269 1009 1009 D ConditionProviders: Subscribing to condition://android/event?userId=-10000&calendar=&reply=1 with ComponentInfo{android/com.android.server.notification.EventConditionProvider}
03-14 03:51:05.270 1009 1195 W ActivityManager: Slow operation: 186ms so far, now at startProcess: returned from zygote!
01-01 08:00:33.958 0 0 E init : Control message: Could not find 'vendor.qti.hardware.iop@2.0::IIop/default' for ctl.interface_start from pid: 513 (/system/bin/hwservicemanager)
03-14 03:51:05.271 1009 1195 W ActivityManager: Slow operation: 186ms so far, now at startProcess: done updating battery stats
03-14 03:51:05.271 1009 1195 I am_proc_start: [0,2216,1000,com.thundercomm.microsettings,added application,com.thundercomm.microsettings]
03-14 03:51:05.271 1009 1195 W ActivityManager: Slow operation: 186ms so far, now at startProcess: building log message
03-14 03:51:05.271 1009 1195 I ActivityManager: Start proc 2216:com.thundercomm.microsettings/1000 for added application com.thundercomm.microsettings
03-14 03:51:05.271 1009 1195 W ActivityManager: Slow operation: 186ms so far, now at startProcess: starting to update pids map
03-14 03:51:05.271 1009 1009 D ConditionProviders: Subscribing to condition://android/schedule?days=1.2.3.4.5.6.7&start=22.0&end=7.0&exitAtAlarm=true with ComponentInfo{android/com.android.server.notification.ScheduleConditionProvider}
03-14 03:51:05.271 1009 1009 I notification_cancel_all: [1000,1009,android,0,0,0,20,NULL]
03-14 03:51:05.271 1009 1195 W ActivityManager: Slow operation: 187ms so far, now at startProcess: done updating pids map
03-14 03:51:05.272 1009 1195 W ActivityManager: Slow operation: 186ms so far, now at startProcess: asking zygote to start proc
01-01 08:00:33.974 0 0 I : [MAX975X:max96755x_drm_notifier_callback] *INFO* receives BLANK:UNBLANK
01-01 08:00:33.974 0 0 I cyttsp7_i2c_adapter 0-0024: FB event:1,blank:0
01-01 08:00:33.974 0 0 I cyttsp7_i2c_adapter 0-0024: drm_notifier_callback: UNBLANK! Resume by drm notifier.
03-14 03:51:05.275 1009 1009 I am_uid_running: 10092
03-14 03:51:05.275 1009 1009 D CompatibilityChangeReporter: Compat change id reported: 135634846; UID 10092; state: DISABLED
03-14 03:51:05.275 1009 1009 D CompatibilityChangeReporter: Compat change id reported: 177438394; UID 10092; state: DISABLED
03-14 03:51:05.275 1009 1009 D CompatibilityChangeReporter: Compat change id reported: 135772972; UID 10092; state: DISABLED
03-14 03:51:05.275 1009 1009 D CompatibilityChangeReporter: Compat change id reported: 135754954; UID 10092; state: ENABLED
03-14 03:51:05.276 1009 2156 I wm_task_created: [5,-1]
03-14 03:51:05.278 1009 2156 I wm_task_created: [6,-1]
03-14 03:51:05.280 1009 1009 I GameModeConfig: isGameModeOn = false
03-14 03:51:05.281 1009 2156 I wm_task_created: [7,-1]
03-14 03:51:05.289 1009 1195 W ActivityManager: Slow operation: 204ms so far, now at startProcess: returned from zygote!
03-14 03:51:05.290 1009 1195 W ActivityManager: Slow operation: 204ms so far, now at startProcess: done updating battery stats
03-14 03:51:05.290 1009 1195 I am_proc_start: [0,2222,1001,.dataservices,added application,.dataservices]
03-14 03:51:05.290 1009 1195 W ActivityManager: Slow operation: 204ms so far, now at startProcess: building log message
03-14 03:51:05.290 1009 1195 I ActivityManager: Start proc 2222:.dataservices/1001 for added application .dataservices
03-14 03:51:05.290 1009 1195 W ActivityManager: Slow operation: 204ms so far, now at startProcess: starting to update pids map
03-14 03:51:05.290 1009 1195 W ActivityManager: Slow operation: 204ms so far, now at startProcess: done updating pids map
03-14 03:51:05.290 1009 1195 W ActivityManager: Slow operation: 203ms so far, now at startProcess: asking zygote to start proc
03-14 03:51:05.290 1009 1195 D CompatibilityChangeReporter: Compat change id reported: 143937733; UID 10055; state: DISABLED
03-14 03:51:05.295 1009 1195 W ActivityManager: Slow operation: 208ms so far, now at startProcess: returned from zygote!
03-14 03:51:05.295 1009 1195 W ActivityManager: Slow operation: 209ms so far, now at startProcess: done updating battery stats
03-14 03:51:05.295 1009 1195 I am_proc_start: [0,2224,10055,.qtidataservices,added application,.qtidataservices]
03-14 03:51:05.295 1009 1195 W ActivityManager: Slow operation: 209ms so far, now at startProcess: building log message
03-14 03:51:05.295 1009 1195 I ActivityManager: Start proc 2224:.qtidataservices/u0a55 for added application .qtidataservices
03-14 03:51:05.295 1009 1195 W ActivityManager: Slow operation: 209ms so far, now at startProcess: starting to update pids map
03-14 03:51:05.297 1009 1195 W ActivityManager: Slow operation: 211ms so far, now at startProcess: done updating pids map
03-14 03:51:05.298 1009 1195 W ActivityManager: Slow operation: 210ms so far, now at startProcess: asking zygote to start proc
01-01 08:00:34.005 0 0 I binder : 2216:2216 ioctl 40046210 7fd9aef714 returned -22
01-01 08:00:34.008 0 0 I binder : 2222:2222 ioctl 40046210 7fd9aef714 returned -22
03-14 03:51:05.311 1009 2156 I am_proc_bound: [0,2216,com.thundercomm.microsettings]
03-14 03:51:05.313 1009 2156 D CompatibilityChangeReporter: Compat change id reported: 168419799; UID 1000; state: DISABLED
01-01 08:00:34.015 0 0 I binder : 2211:2211 ioctl 40046210 7fd9aef714 returned -22
03-14 03:51:05.315 1009 2156 D CompatibilityChangeReporter: Compat change id reported: 181136395; UID 1000; state: DISABLED
03-14 03:51:05.315 1009 2156 D CompatibilityChangeReporter: Compat change id reported: 174042936; UID 1000; state: DISABLED
03-14 03:51:05.316 1009 2192 I am_proc_bound: [0,2222,.dataservices]
03-14 03:51:05.317 1009 2192 D CompatibilityChangeReporter: Compat change id reported: 168419799; UID 1001; state: DISABLED
03-14 03:51:05.319 1009 2192 I am_uid_active: 1001
03-14 03:51:05.320 1009 2192 D CompatibilityChangeReporter: Compat change id reported: 168419799; UID 1001; state: DISABLED
03-14 03:51:05.320 1009 1195 W ActivityManager: Slow operation: 233ms so far, now at startProcess: returned from zygote!
03-14 03:51:05.320 1009 1195 W ActivityManager: Slow operation: 233ms so far, now at startProcess: done updating battery stats
03-14 03:51:05.320 1009 1195 I am_proc_start: [0,2273,1000,com.thundercomm.tchttpserver,added application,com.thundercomm.tchttpserver]
03-14 03:51:05.320 1009 1195 W ActivityManager: Slow operation: 233ms so far, now at startProcess: building log message
03-14 03:51:05.320 1009 1195 I ActivityManager: Start proc 2273:com.thundercomm.tchttpserver/1000 for added application com.thundercomm.tchttpserver
03-14 03:51:05.320 1009 1195 W ActivityManager: Slow operation: 233ms so far, now at startProcess: starting to update pids map
03-14 03:51:05.321 1009 1195 W ActivityManager: Slow operation: 233ms so far, now at startProcess: done updating pids map
03-14 03:51:05.321 1009 1195 W ActivityManager: Slow operation: 232ms so far, now at startProcess: asking zygote to start proc
03-14 03:51:05.321 2005 2225 I bt_config_source: 1
03-14 03:51:05.321 2005 2225 I bt_config_source: 3
03-14 03:51:05.329 1009 2156 I am_proc_bound: [0,2211,com.thundercomm.microservice]
03-14 03:51:05.330 1009 2156 D CompatibilityChangeReporter: Compat change id reported: 168419799; UID 1000; state: DISABLED
03-14 03:51:05.330 1009 2192 D CompatibilityChangeReporter: Compat change id reported: 171306433; UID 1000; state: ENABLED
03-14 03:51:05.331 1009 1195 W ActivityManager: Slow operation: 242ms so far, now at startProcess: returned from zygote!
03-14 03:51:05.332 1009 1195 W ActivityManager: Slow operation: 244ms so far, now at startProcess: done updating battery stats
03-14 03:51:05.332 1009 1195 I am_proc_start: [0,2285,1000,com.tc.logclient,added application,com.tc.logclient]
03-14 03:51:05.332 1009 1195 W ActivityManager: Slow operation: 244ms so far, now at startProcess: building log message
03-14 03:51:05.332 1009 1195 I ActivityManager: Start proc 2285:com.tc.logclient/1000 for added application com.tc.logclient
03-14 03:51:05.332 1009 1195 W ActivityManager: Slow operation: 244ms so far, now at startProcess: starting to update pids map
03-14 03:51:05.333 1009 1195 W ActivityManager: Slow operation: 244ms so far, now at startProcess: done updating pids map
03-14 03:51:05.333 1009 1195 W ActivityManager: Slow operation: 243ms so far, now at startProcess: asking zygote to start proc
03-14 03:51:05.339 1009 1195 W ActivityManager: Slow operation: 249ms so far, now at startProcess: returned from zygote!
03-14 03:51:05.339 1009 1195 W ActivityManager: Slow operation: 249ms so far, now at startProcess: done updating battery stats
03-14 03:51:05.339 1009 1195 I am_proc_start: [0,2287,1073,com.android.networkstack.process,added application,com.android.networkstack.process]
03-14 03:51:05.339 1009 1195 W ActivityManager: Slow operation: 249ms so far, now at startProcess: building log message
03-14 03:51:05.339 1009 1195 I ActivityManager: Start proc 2287:com.android.networkstack.process/1073 for added application com.android.networkstack.process
03-14 03:51:05.339 1009 1195 W ActivityManager: Slow operation: 249ms so far, now at startProcess: starting to update pids map
03-14 03:51:05.339 1009 1195 W ActivityManager: Slow operation: 249ms so far, now at startProcess: done updating pids map
03-14 03:51:05.339 1009 1195 W ActivityManager: Slow operation: 247ms so far, now at startProcess: asking zygote to start proc
01-01 08:00:34.028 0 0 E init : Control message: Could not find 'vendor.qti.hardware.iop@2.0::IIop/default' for ctl.interface_start from pid: 513 (/system/bin/hwservicemanager)
01-01 08:00:34.045 0 0 I binder : 2224:2224 ioctl 40046210 7fd9aef714 returned -22
03-14 03:51:05.343 1009 2156 I am_uid_running: 10063
03-14 03:51:05.343 1009 2156 D CompatibilityChangeReporter: Compat change id reported: 135634846; UID 10063; state: DISABLED
03-14 03:51:05.343 1009 2156 D CompatibilityChangeReporter: Compat change id reported: 177438394; UID 10063; state: DISABLED
03-14 03:51:05.343 1009 2156 D CompatibilityChangeReporter: Compat change id reported: 135772972; UID 10063; state: DISABLED
03-14 03:51:05.343 1009 2156 D CompatibilityChangeReporter: Compat change id reported: 135754954; UID 10063; state: ENABLED
03-14 03:51:05.345 1009 1195 W ActivityManager: Slow operation: 253ms so far, now at startProcess: returned from zygote!
03-14 03:51:05.345 1009 1195 W ActivityManager: Slow operation: 253ms so far, now at startProcess: done updating battery stats
03-14 03:51:05.345 1009 1195 I am_proc_start: [0,2297,1000,com.thundercomm.tcsetupwizard,added application,com.thundercomm.tcsetupwizard]
03-14 03:51:05.345 1009 1195 W ActivityManager: Slow operation: 253ms so far, now at startProcess: building log message
03-14 03:51:05.345 1009 1195 I ActivityManager: Start proc 2297:com.thundercomm.tcsetupwizard/1000 for added application com.thundercomm.tcsetupwizard
03-14 03:51:05.345 1009 1195 W ActivityManager: Slow operation: 253ms so far, now at startProcess: starting to update pids map
03-14 03:51:05.345 1009 1195 W ActivityManager: Slow operation: 253ms so far, now at startProcess: done updating pids map
03-14 03:51:05.345 1009 1195 W ActivityManager: Slow operation: 251ms so far, now at startProcess: asking zygote to start proc
03-14 03:51:05.349 2005 2225 I liblog : 41
01-01 08:00:34.077 0 0 I binder : 2273:2273 ioctl 40046210 7fd9aef714 returned -22
03-14 03:51:05.355 1009 2156 I am_proc_bound: [0,2224,.qtidataservices]
03-14 03:51:05.356 1009 2156 D CompatibilityChangeReporter: Compat change id reported: 168419799; UID 10055; state: DISABLED
03-14 03:51:05.358 1009 2156 I am_uid_active: 10055
03-14 03:51:05.367 1009 1195 W ActivityManager: Slow operation: 274ms so far, now at startProcess: returned from zygote!
03-14 03:51:05.368 1009 1195 W ActivityManager: Slow operation: 274ms so far, now at startProcess: done updating battery stats
03-14 03:51:05.368 1009 1195 I am_proc_start: [0,2310,1000,vendor.qti.qesdk.sysservice,added application,vendor.qti.qesdk.sysservice]
03-14 03:51:05.368 1009 1195 W ActivityManager: Slow operation: 274ms so far, now at startProcess: building log message
03-14 03:51:05.368 1009 1195 I ActivityManager: Start proc 2310:vendor.qti.qesdk.sysservice/1000 for added application vendor.qti.qesdk.sysservice
03-14 03:51:05.368 1009 1195 W ActivityManager: Slow operation: 274ms so far, now at startProcess: starting to update pids map
03-14 03:51:05.368 1009 1195 W ActivityManager: Slow operation: 274ms so far, now at startProcess: done updating pids map
03-14 03:51:05.368 1009 1195 W ActivityManager: Slow operation: 271ms so far, now at startProcess: asking zygote to start proc
03-14 03:51:05.368 1009 1195 D CompatibilityChangeReporter: Compat change id reported: 143937733; UID 10080; state: DISABLED
03-14 03:51:05.379 1009 1195 W ActivityManager: Slow operation: 282ms so far, now at startProcess: returned from zygote!
03-14 03:51:05.379 1009 1195 W ActivityManager: Slow operation: 283ms so far, now at startProcess: done updating battery stats
03-14 03:51:05.379 1009 1195 I am_proc_start: [0,2335,10080,com.qti.qualcomm.mstatssystemservice,added application,com.qti.qualcomm.mstatssystemservice]
03-14 03:51:05.379 1009 1195 W ActivityManager: Slow operation: 283ms so far, now at startProcess: building log message
03-14 03:51:05.379 1009 1195 I ActivityManager: Start proc 2335:com.qti.qualcomm.mstatssystemservice/u0a80 for added application com.qti.qualcomm.mstatssystemservice
03-14 03:51:05.379 1009 1195 W ActivityManager: Slow operation: 283ms so far, now at startProcess: starting to update pids map
03-14 03:51:05.379 1009 1195 W ActivityManager: Slow operation: 283ms so far, now at startProcess: done updating pids map
03-14 03:51:05.379 1009 1195 W ActivityManager: Slow operation: 280ms so far, now at startProcess: asking zygote to start proc
01-01 08:00:34.082 0 0 I binder : 2287:2287 ioctl 40046210 7fd9aef714 returned -22
03-14 03:51:05.390 1009 1009 W Looper : Slow dispatch took 104ms main h=android.app.ActivityThread$H c=null m=114
03-14 03:51:05.391 1009 1009 I PackageWatchdog: Syncing health check requests for packages: {}
03-14 03:51:05.391 1009 1009 I ExplicitHealthCheckController: Service not ready to get health check supported packages. Binding...
03-14 03:51:05.392 1009 1009 I ExplicitHealthCheckController: Explicit health check service is bound
01-01 08:00:34.098 0 0 I binder : 2335:2335 ioctl 40046210 7fd9aef714 returned -22
03-14 03:51:05.401 1009 1195 W ActivityManager: Slow operation: 301ms so far, now at startProcess: returned from zygote!
03-14 03:51:05.401 1009 1195 W ActivityManager: Slow operation: 301ms so far, now at startProcess: done updating battery stats
03-14 03:51:05.401 1009 1195 I am_proc_start: [0,2357,1068,com.android.se,added application,com.android.se]
03-14 03:51:05.401 1009 1195 W ActivityManager: Slow operation: 301ms so far, now at startProcess: building log message
03-14 03:51:05.401 1009 1195 I ActivityManager: Start proc 2357:com.android.se/1068 for added application com.android.se
03-14 03:51:05.401 1009 1195 W ActivityManager: Slow operation: 301ms so far, now at startProcess: starting to update pids map
03-14 03:51:05.401 1009 1195 W ActivityManager: Slow operation: 302ms so far, now at startProcess: done updating pids map
03-14 03:51:05.401 1009 1195 W ActivityManager: Slow operation: 301ms so far, now at startProcess: asking zygote to start proc
03-14 03:51:05.413 2029 2029 W OneHandedController: Device doesn't support OneHanded feature
01-01 08:00:34.107 0 0 E init : Control message: Could not find 'vendor.qti.hardware.iop@2.0::IIop/default' for ctl.interface_start from pid: 513 (/system/bin/hwservicemanager)
01-01 08:00:34.113 0 0 I binder : 2285:2285 ioctl 40046210 7fd9aef714 returned -22
01-01 08:00:34.118 0 0 I binder : 2310:2310 ioctl 40046210 7fd9aef714 returned -22
01-01 08:00:34.122 0 0 I binder : 2297:2297 ioctl 40046210 7fd9aef714 returned -22
01-01 08:00:34.126 0 0 I binder : 2357:2357 ioctl 40046210 7fd9aef714 returned -22
03-14 03:51:05.415 2211 2211 I service_manager_slow: [36,vendor.perfservice]
03-14 03:51:05.422 1009 2156 I am_proc_bound: [0,2335,com.qti.qualcomm.mstatssystemservice]
03-14 03:51:05.424 1009 2156 D CompatibilityChangeReporter: Compat change id reported: 168419799; UID 10080; state: DISABLED
03-14 03:51:05.426 1009 2156 I am_uid_active: 10080
03-14 03:51:05.431 1009 2192 I am_proc_bound: [0,2273,com.thundercomm.tchttpserver]
01-01 08:00:34.146 0 0 I binder : 2222:2416 ioctl 40046210 6ea466b9e4 returned -22
01-01 08:00:34.154 0 0 E init : Control message: Could not find 'vendor.qti.hardware.iop@2.0::IIop/default' for ctl.interface_start from pid: 513 (/system/bin/hwservicemanager)
03-14 03:51:05.433 1009 2192 D CompatibilityChangeReporter: Compat change id reported: 168419799; UID 1000; state: DISABLED
03-14 03:51:05.434 1009 1037 I am_proc_bound: [0,2297,com.thundercomm.tcsetupwizard]
03-14 03:51:05.435 1009 1037 D CompatibilityChangeReporter: Compat change id reported: 168419799; UID 1000; state: DISABLED
03-14 03:51:05.437 1009 2156 I am_proc_bound: [0,2310,vendor.qti.qesdk.sysservice]
03-14 03:51:05.441 1009 2156 D CompatibilityChangeReporter: Compat change id reported: 168419799; UID 1000; state: DISABLED
03-14 03:51:05.442 1009 1195 W ActivityManager: Slow operation: 342ms so far, now at startProcess: returned from zygote!
03-14 03:51:05.442 1009 1195 W ActivityManager: Slow operation: 342ms so far, now at startProcess: done updating battery stats
03-14 03:51:05.442 1009 1195 I am_proc_start: [0,2418,1000,com.thundercomm.remotecontrolservice,added application,com.thundercomm.remotecontrolservice]
03-14 03:51:05.442 1009 1195 W ActivityManager: Slow operation: 342ms so far, now at startProcess: building log message
03-14 03:51:05.442 1009 1195 I ActivityManager: Start proc 2418:com.thundercomm.remotecontrolservice/1000 for added application com.thundercomm.remotecontrolservice
03-14 03:51:05.442 1009 1195 W ActivityManager: Slow operation: 342ms so far, now at startProcess: starting to update pids map
03-14 03:51:05.443 1009 1195 W ActivityManager: Slow operation: 342ms so far, now at startProcess: done updating pids map
03-14 03:51:05.443 1009 1195 W ActivityManager: Slow operation: 340ms so far, now at startProcess: asking zygote to start proc
03-14 03:51:05.443 1009 2192 I am_proc_bound: [0,2287,com.android.networkstack.process]
03-14 03:51:05.446 1009 2192 D CompatibilityChangeReporter: Compat change id reported: 168419799; UID 1073; state: DISABLED
03-14 03:51:05.447 1009 2192 I am_uid_active: 1073
03-14 03:51:05.452 1009 2192 D CompatibilityChangeReporter: Compat change id reported: 168419799; UID 1073; state: DISABLED
03-14 03:51:05.454 1009 1037 I am_proc_bound: [0,2285,com.tc.logclient]
03-14 03:51:05.455 1009 1009 I SystemServerTiming: ManagedServices.unbindOtherUserServices_current0
03-14 03:51:05.455 1009 1009 I SystemServerTiming: ManagedServices.unbindOtherUserServices_current0
03-14 03:51:05.456 1009 1009 I SystemServerTiming: ManagedServices.unbindOtherUserServices_current0
03-14 03:51:05.457 1009 1009 V NotificationAssistants: enabling notification assistant for 0: ComponentInfo{android.ext.services/android.ext.services.notification.Assistant}
03-14 03:51:05.457 1009 1009 V NotificationAssistants: binding: Intent { act=android.service.notification.NotificationAssistantService cmp=android.ext.services/.notification.Assistant (has extras) }
03-14 03:51:05.459 1009 1195 W ActivityManager: Slow operation: 356ms so far, now at startProcess: returned from zygote!
03-14 03:51:05.459 1009 1037 D CompatibilityChangeReporter: Compat change id reported: 168419799; UID 1000; state: DISABLED
03-14 03:51:05.460 1009 2148 I am_proc_bound: [0,2357,com.android.se]
03-14 03:51:05.465 1009 2148 D CompatibilityChangeReporter: Compat change id reported: 168419799; UID 1068; state: DISABLED
03-14 03:51:05.466 1009 2148 I am_uid_active: 1068
01-01 08:00:34.165 0 0 I binder : 2005:2005 ioctl 40046210 7fd9aeed84 returned -22
03-14 03:51:05.477 1009 1195 W ActivityManager: Slow operation: 374ms so far, now at startProcess: done updating battery stats
03-14 03:51:05.477 1009 1195 I am_proc_start: [0,2425,1000,com.thundercomm.tcservice,added application,com.thundercomm.tcservice]
03-14 03:51:05.477 1009 1195 W ActivityManager: Slow operation: 375ms so far, now at startProcess: building log message
03-14 03:51:05.477 1009 1195 I ActivityManager: Start proc 2425:com.thundercomm.tcservice/1000 for added application com.thundercomm.tcservice
03-14 03:51:05.477 1009 1195 W ActivityManager: Slow operation: 375ms so far, now at startProcess: starting to update pids map
03-14 03:51:05.481 1009 1195 W ActivityManager: Slow operation: 378ms so far, now at startProcess: done updating pids map
03-14 03:51:05.481 1009 1195 W ActivityManager: Slow operation: 374ms so far, now at startProcess: asking zygote to start proc
03-14 03:51:05.482 1009 1195 D CompatibilityChangeReporter: Compat change id reported: 143937733; UID 10061; state: ENABLED
03-14 03:51:05.489 1009 1195 W ActivityManager: Slow operation: 382ms so far, now at startProcess: returned from zygote!
03-14 03:51:05.489 1009 1195 W ActivityManager: Slow operation: 383ms so far, now at startProcess: done updating battery stats
03-14 03:51:05.489 1009 1195 I am_proc_start: [0,2433,10061,com.qualcomm.qti.devicestatisticsservice,added application,com.qualcomm.qti.devicestatisticsservice]
03-14 03:51:05.489 1009 1195 W ActivityManager: Slow operation: 383ms so far, now at startProcess: building log message
03-14 03:51:05.489 1009 1195 I ActivityManager: Start proc 2433:com.qualcomm.qti.devicestatisticsservice/u0a61 for added application com.qualcomm.qti.devicestatisticsservice
03-14 03:51:05.489 1009 1195 W ActivityManager: Slow operation: 383ms so far, now at startProcess: starting to update pids map
03-14 03:51:05.489 1009 1195 W ActivityManager: Slow operation: 383ms so far, now at startProcess: done updating pids map
03-14 03:51:05.489 1009 1195 W ActivityManager: Slow operation: 381ms so far, now at startProcess: asking zygote to start proc
01-01 08:00:34.191 0 0 E init : Control message: Could not find 'vendor.qti.hardware.iop@2.0::IIop/default' for ctl.interface_start from pid: 513 (/system/bin/hwservicemanager)
03-14 03:51:05.514 2216 2216 W ContextImpl: Calling a method in the system process without a qualified user: android.app.ContextImpl.startService:1816 android.content.ContextWrapper.startService:774 com.thundercomm.microsettings.service.SettingsApplication.onCreate:30 android.app.Instrumentation.callApplicationOnCreate:1212 android.app.ActivityThread.handleBindApplication:6744
03-14 03:51:05.514 1009 2148 W ActivityManager: Unable to start service Intent { act=com.thundercomm.microsettings.SETTING_SERVICE pkg=com.thundercomm.microsettings } U=0: not found
03-14 03:51:05.514 2216 2216 W ContextImpl: Calling a method in the system process without a qualified user: android.app.ContextImpl.startService:1816 android.content.ContextWrapper.startService:774 com.thundercomm.microsettings.service.SettingsApplication.onCreate:36 android.app.Instrumentation.callApplicationOnCreate:1212 android.app.ActivityThread.handleBindApplication:6744
03-14 03:51:05.515 1009 1724 W ActivityManager: Unable to start service Intent { act=com.thundercomm.microsettings.EOL_SERVICE pkg=com.thundercomm.microsettings } U=0: not found
01-01 08:00:34.216 0 0 E init : Control message: Could not find 'vendor.qti.hardware.iop@2.0::IIop/default' for ctl.interface_start from pid: 513 (/system/bin/hwservicemanager)
03-14 03:51:05.525 2216 2216 D MicroServiceManager: add linkToDeath
03-14 03:51:05.525 2216 2216 D MicroServiceManager: bindMicroService: called already get service
01-01 08:00:34.218 0 0 I binder : 2433:2433 ioctl 40046210 7fd9aef714 returned -22
01-01 08:00:34.221 0 0 I binder : 2418:2418 ioctl 40046210 7fd9aef714 returned -22
01-01 08:00:34.221 0 0 I binder : 2425:2425 ioctl 40046210 7fd9aef714 returned -22
03-14 03:51:05.525 2216 2216 I MicroServiceManager: addCommonCallbackListener add listener
03-14 03:51:05.525 2216 2216 I MicroServiceManager: addConnectChangedListener add listener
03-14 03:51:05.527 1009 1724 I am_proc_bound: [0,2418,com.thundercomm.remotecontrolservice]
03-14 03:51:05.528 1009 1724 D CompatibilityChangeReporter: Compat change id reported: 168419799; UID 1000; state: DISABLED
03-14 03:51:05.534 1009 1195 W ActivityManager: Slow operation: 426ms so far, now at startProcess: returned from zygote!
01-01 08:00:34.232 0 0 E init : Control message: Could not find 'vendor.qti.hardware.iop@2.0::IIop/default' for ctl.interface_start from pid: 513 (/system/bin/hwservicemanager)
03-14 03:51:05.531 816 816 I auditd : type=1400 audit(0.0:467): avc: denied { read } for comm="Loc_hal_worker" name="u:object_r:vendor_pd_locater_dbg_prop:s0" dev="tmpfs" ino=3540 scontext=u:r:vendor_hal_gnss_qti:s0 tcontext=u:object_r:vendor_pd_locater_dbg_prop:s0 tclass=file permissive=1
03-14 03:51:05.531 816 816 I auditd : type=1400 audit(0.0:468): avc: denied { open } for comm="Loc_hal_worker" path="/dev/__properties__/u:object_r:vendor_pd_locater_dbg_prop:s0" dev="tmpfs" ino=3540 scontext=u:r:vendor_hal_gnss_qti:s0 tcontext=u:object_r:vendor_pd_locater_dbg_prop:s0 tclass=file permissive=1
03-14 03:51:05.531 816 816 I auditd : type=1400 audit(0.0:469): avc: denied { getattr } for comm="Loc_hal_worker" path="/dev/__properties__/u:object_r:vendor_pd_locater_dbg_prop:s0" dev="tmpfs" ino=3540 scontext=u:r:vendor_hal_gnss_qti:s0 tcontext=u:object_r:vendor_pd_locater_dbg_prop:s0 tclass=file permissive=1
03-14 03:51:05.546 2287 2287 I service_manager_slow: [13,vendor.perfservice]
01-01 08:00:34.247 0 0 E init : Control message: Could not find 'vendor.qti.hardware.iop@2.0::IIop/default' for ctl.interface_start from pid: 513 (/system/bin/hwservicemanager)
03-14 03:51:05.546 2357 2357 I service_manager_slow: [13,game]
03-14 03:51:05.547 1009 2153 I am_proc_bound: [0,2425,com.thundercomm.tcservice]
01-01 08:00:34.257 0 0 I binder : 2490:2490 ioctl 40046210 7fd9aef714 returned -22
03-14 03:51:05.531 816 816 I auditd : type=1400 audit(0.0:470): avc: denied { map } for comm="Loc_hal_worker" path="/dev/__properties__/u:object_r:vendor_pd_locater_dbg_prop:s0" dev="tmpfs" ino=3540 scontext=u:r:vendor_hal_gnss_qti:s0 tcontext=u:object_r:vendor_pd_locater_dbg_prop:s0 tclass=file permissive=1
01-01 08:00:34.265 0 0 E init : Control message: Could not find 'vendor.qti.hardware.iop@2.0::IIop/default' for ctl.interface_start from pid: 513 (/system/bin/hwservicemanager)
03-14 03:51:05.551 1009 2153 D CompatibilityChangeReporter: Compat change id reported: 168419799; UID 1000; state: DISABLED
03-14 03:51:05.561 1009 1195 W ActivityManager: Slow operation: 452ms so far, now at startProcess: done updating battery stats
03-14 03:51:05.561 1009 1195 I am_proc_start: [0,2490,1000,com.qualcomm.qti.qdma,added application,com.qualcomm.qti.qdma]
03-14 03:51:05.561 1009 1195 W ActivityManager: Slow operation: 452ms so far, now at startProcess: building log message
03-14 03:51:05.561 1009 1195 I ActivityManager: Start proc 2490:com.qualcomm.qti.qdma/1000 for added application com.qualcomm.qti.qdma
03-14 03:51:05.561 1009 1195 W ActivityManager: Slow operation: 453ms so far, now at startProcess: starting to update pids map
03-14 03:51:05.561 1009 1195 W ActivityManager: Slow operation: 453ms so far, now at startProcess: done updating pids map
03-14 03:51:05.561 1009 1195 W ActivityManager: Slow operation: 319ms so far, now at startProcess: asking zygote to start proc
03-14 03:51:05.562 1009 2148 I am_proc_bound: [0,2433,com.qualcomm.qti.devicestatisticsservice]
03-14 03:51:05.564 1009 1585 D TelephonyRegistry: listen oscl: mHasNotifySubscriptionInfoChangedOccurred==false no callback
03-14 03:51:05.565 1009 2148 D CompatibilityChangeReporter: Compat change id reported: 168419799; UID 10061; state: DISABLED
03-14 03:51:05.566 1009 2148 I am_uid_active: 10061
03-14 03:51:05.568 1009 1195 W ActivityManager: Slow operation: 325ms so far, now at startProcess: returned from zygote!
03-14 03:51:05.568 1009 1195 W ActivityManager: Slow operation: 325ms so far, now at startProcess: done updating battery stats
03-14 03:51:05.568 1009 1195 I am_proc_start: [0,2513,1000,com.android.settings,top-activity,{com.android.settings/com.android.settings.FallbackHome}]
03-14 03:51:05.568 1009 1195 W ActivityManager: Slow operation: 325ms so far, now at startProcess: building log message
03-14 03:51:05.568 1009 1195 I ActivityManager: Start proc 2513:com.android.settings/1000 for top-activity {com.android.settings/com.android.settings.FallbackHome}
03-14 03:51:05.568 1009 1195 W ActivityManager: Slow operation: 325ms so far, now at startProcess: starting to update pids map
03-14 03:51:05.568 1009 1195 W ActivityManager: Slow operation: 326ms so far, now at startProcess: done updating pids map
03-14 03:51:05.568 1009 1195 W ActivityManager: Slow operation: 294ms so far, now at startProcess: asking zygote to start proc
03-14 03:51:05.568 1009 1195 D CompatibilityChangeReporter: Compat change id reported: 143937733; UID 10092; state: ENABLED
03-14 03:51:05.568 1009 1585 I am_proc_bound: [0,2490,com.qualcomm.qti.qdma]
03-14 03:51:05.569 1009 1585 D CompatibilityChangeReporter: Compat change id reported: 168419799; UID 1000; state: DISABLED
01-01 08:00:34.281 0 0 E init : Control message: Could not find 'vendor.qti.hardware.iop@2.0::IIop/default' for ctl.interface_start from pid: 513 (/system/bin/hwservicemanager)
03-14 03:51:05.581 1009 2148 D CompatibilityChangeReporter: Compat change id reported: 157233955; UID 10078; state: ENABLED
03-14 03:51:05.595 1009 1195 W ActivityManager: Slow operation: 320ms so far, now at startProcess: returned from zygote!
01-01 08:00:34.286 0 0 I binder : 2357:2357 ioctl 40046210 7fd9aee6c4 returned -22
01-01 08:00:34.297 0 0 E init : Control message: Could not find 'vendor.qti.hardware.iop@2.0::IIop/default' for ctl.interface_start from pid: 513 (/system/bin/hwservicemanager)
01-01 08:00:34.300 0 0 I binder : 2513:2513 ioctl 40046210 7fd9aef714 returned -22
03-14 03:51:05.611 1009 1195 W ActivityManager: Slow operation: 336ms so far, now at startProcess: done updating battery stats
03-14 03:51:05.611 1009 1195 I am_proc_start: [0,2533,10092,android.ext.services,service,{android.ext.services/android.ext.services.autofill.InlineSuggestionRenderServiceImpl}]
03-14 03:51:05.611 1009 1195 W ActivityManager: Slow operation: 336ms so far, now at startProcess: building log message
03-14 03:51:05.611 1009 1195 I ActivityManager: Start proc 2533:android.ext.services/u0a92 for service {android.ext.services/android.ext.services.autofill.InlineSuggestionRenderServiceImpl}
03-14 03:51:05.611 1009 1195 W ActivityManager: Slow operation: 336ms so far, now at startProcess: starting to update pids map
03-14 03:51:05.611 1009 1195 W ActivityManager: Slow operation: 336ms so far, now at startProcess: done updating pids map
03-14 03:51:05.611 1009 1195 W ActivityManager: Slow operation: 269ms so far, now at startProcess: asking zygote to start proc
03-14 03:51:05.611 1009 1195 D CompatibilityChangeReporter: Compat change id reported: 143937733; UID 10063; state: ENABLED
01-01 08:00:34.313 0 0 E init : Control message: Could not find 'vendor.qti.hardware.iop@2.0::IIop/default' for ctl.interface_start from pid: 513 (/system/bin/hwservicemanager)
03-14 03:51:05.619 1009 1195 W ActivityManager: Slow operation: 276ms so far, now at startProcess: returned from zygote!
03-14 03:51:05.619 1009 1195 W ActivityManager: Slow operation: 276ms so far, now at startProcess: done updating battery stats
