03-14 03:51:08.239 2770 2770 I auditd : type=1400 audit(0.0:723): avc: denied { open } for comm="crash_dump64" path="/dev/__properties__/u:object_r:vendor_data_shsusr_prop:s0" dev="tmpfs" ino=3506 scontext=u:r:crash_dump:s0 tcontext=u:object_r:vendor_data_shsusr_prop:s0 tclass=file permissive=1
03-14 03:51:08.239 2770 2770 I crash_dump64: type=1400 audit(0.0:723): avc: denied { open } for path="/dev/__properties__/u:object_r:vendor_data_shsusr_prop:s0" dev="tmpfs" ino=3506 scontext=u:r:crash_dump:s0 tcontext=u:object_r:vendor_data_shsusr_prop:s0 tclass=file permissive=1
03-14 03:51:08.239 2770 2770 I auditd : type=1400 audit(0.0:724): avc: denied { getattr } for comm="crash_dump64" path="/dev/__properties__/u:object_r:vendor_data_shsusr_prop:s0" dev="tmpfs" ino=3506 scontext=u:r:crash_dump:s0 tcontext=u:object_r:vendor_data_shsusr_prop:s0 tclass=file permissive=1
03-14 03:51:08.239 2770 2770 I crash_dump64: type=1400 audit(0.0:724): avc: denied { getattr } for path="/dev/__properties__/u:object_r:vendor_data_shsusr_prop:s0" dev="tmpfs" ino=3506 scontext=u:r:crash_dump:s0 tcontext=u:object_r:vendor_data_shsusr_prop:s0 tclass=file permissive=1
03-14 03:51:08.239 2770 2770 I auditd : type=1400 audit(0.0:725): avc: denied { map } for comm="crash_dump64" path="/dev/__properties__/u:object_r:vendor_data_shsusr_prop:s0" dev="tmpfs" ino=3506 scontext=u:r:crash_dump:s0 tcontext=u:object_r:vendor_data_shsusr_prop:s0 tclass=file permissive=1
03-14 03:51:08.239 2770 2770 I crash_dump64: type=1400 audit(0.0:725): avc: denied { map } for path="/dev/__properties__/u:object_r:vendor_data_shsusr_prop:s0" dev="tmpfs" ino=3506 scontext=u:r:crash_dump:s0 tcontext=u:object_r:vendor_data_shsusr_prop:s0 tclass=file permissive=1
03-14 03:51:08.239 2770 2770 I auditd : type=1400 audit(0.0:726): avc: denied { open } for comm="crash_dump64" path="/dev/__properties__/u:object_r:vendor_data_qmipriod_prop:s0" dev="tmpfs" ino=3505 scontext=u:r:crash_dump:s0 tcontext=u:object_r:vendor_data_qmipriod_prop:s0 tclass=file permissive=1
03-14 03:51:08.239 2770 2770 I crash_dump64: type=1400 audit(0.0:726): avc: denied { open } for path="/dev/__properties__/u:object_r:vendor_data_qmipriod_prop:s0" dev="tmpfs" ino=3505 scontext=u:r:crash_dump:s0 tcontext=u:object_r:vendor_data_qmipriod_prop:s0 tclass=file permissive=1
03-14 03:51:08.239 2770 2770 I auditd : type=1400 audit(0.0:727): avc: denied { getattr } for comm="crash_dump64" path="/dev/__properties__/u:object_r:vendor_data_qmipriod_prop:s0" dev="tmpfs" ino=3505 scontext=u:r:crash_dump:s0 tcontext=u:object_r:vendor_data_qmipriod_prop:s0 tclass=file permissive=1
03-14 03:51:08.239 2770 2770 I crash_dump64: type=1400 audit(0.0:727): avc: denied { getattr } for path="/dev/__properties__/u:object_r:vendor_data_qmipriod_prop:s0" dev="tmpfs" ino=3505 scontext=u:r:crash_dump:s0 tcontext=u:object_r:vendor_data_qmipriod_prop:s0 tclass=file permissive=1
03-14 03:51:08.239 2770 2770 I auditd : type=1400 audit(0.0:728): avc: denied { map } for comm="crash_dump64" path="/dev/__properties__/u:object_r:vendor_data_qmipriod_prop:s0" dev="tmpfs" ino=3505 scontext=u:r:crash_dump:s0 tcontext=u:object_r:vendor_data_qmipriod_prop:s0 tclass=file permissive=1
03-14 03:51:08.239 2770 2770 I crash_dump64: type=1400 audit(0.0:728): avc: denied { map } for path="/dev/__properties__/u:object_r:vendor_data_qmipriod_prop:s0" dev="tmpfs" ino=3505 scontext=u:r:crash_dump:s0 tcontext=u:object_r:vendor_data_qmipriod_prop:s0 tclass=file permissive=1
03-14 03:51:08.239 2770 2770 I auditd : type=1400 audit(0.0:729): avc: denied { open } for comm="crash_dump64" path="/dev/__properties__/u:object_r:vendor_data_ko_prop:s0" dev="tmpfs" ino=3504 scontext=u:r:crash_dump:s0 tcontext=u:object_r:vendor_data_ko_prop:s0 tclass=file permissive=1
03-14 03:51:08.239 2770 2770 I crash_dump64: type=1400 audit(0.0:729): avc: denied { open } for path="/dev/__properties__/u:object_r:vendor_data_ko_prop:s0" dev="tmpfs" ino=3504 scontext=u:r:crash_dump:s0 tcontext=u:object_r:vendor_data_ko_prop:s0 tclass=file permissive=1
03-14 03:51:08.239 2770 2770 I auditd : type=1400 audit(0.0:730): avc: denied { getattr } for comm="crash_dump64" path="/dev/__properties__/u:object_r:vendor_data_ko_prop:s0" dev="tmpfs" ino=3504 scontext=u:r:crash_dump:s0 tcontext=u:object_r:vendor_data_ko_prop:s0 tclass=file permissive=1
03-14 03:51:08.239 2770 2770 I crash_dump64: type=1400 audit(0.0:730): avc: denied { getattr } for path="/dev/__properties__/u:object_r:vendor_data_ko_prop:s0" dev="tmpfs" ino=3504 scontext=u:r:crash_dump:s0 tcontext=u:object_r:vendor_data_ko_prop:s0 tclass=file permissive=1
03-14 03:51:08.239 2770 2770 I auditd : type=1400 audit(0.0:731): avc: denied { map } for comm="crash_dump64" path="/dev/__properties__/u:object_r:vendor_data_ko_prop:s0" dev="tmpfs" ino=3504 scontext=u:r:crash_dump:s0 tcontext=u:object_r:vendor_data_ko_prop:s0 tclass=file permissive=1
03-14 03:51:08.239 2770 2770 I crash_dump64: type=1400 audit(0.0:731): avc: denied { map } for path="/dev/__properties__/u:object_r:vendor_data_ko_prop:s0" dev="tmpfs" ino=3504 scontext=u:r:crash_dump:s0 tcontext=u:object_r:vendor_data_ko_prop:s0 tclass=file permissive=1
03-14 03:51:08.239 2770 2770 I auditd : type=1400 audit(0.0:732): avc: denied { open } for comm="crash_dump64" path="/dev/__properties__/u:object_r:vendor_ctl_vendor_wigigsvc_prop:s0" dev="tmpfs" ino=3503 scontext=u:r:crash_dump:s0 tcontext=u:object_r:vendor_ctl_vendor_wigigsvc_prop:s0 tclass=file permissive=1
03-14 03:51:08.239 2770 2770 I crash_dump64: type=1400 audit(0.0:732): avc: denied { open } for path="/dev/__properties__/u:object_r:vendor_ctl_vendor_wigigsvc_prop:s0" dev="tmpfs" ino=3503 scontext=u:r:crash_dump:s0 tcontext=u:object_r:vendor_ctl_vendor_wigigsvc_prop:s0 tclass=file permissive=1
03-14 03:51:08.239 2770 2770 I auditd : type=1400 audit(0.0:733): avc: denied { getattr } for comm="crash_dump64" path="/dev/__properties__/u:object_r:vendor_ctl_vendor_wigigsvc_prop:s0" dev="tmpfs" ino=3503 scontext=u:r:crash_dump:s0 tcontext=u:object_r:vendor_ctl_vendor_wigigsvc_prop:s0 tclass=file permissive=1
03-14 03:51:08.239 2770 2770 I crash_dump64: type=1400 audit(0.0:733): avc: denied { getattr } for path="/dev/__properties__/u:object_r:vendor_ctl_vendor_wigigsvc_prop:s0" dev="tmpfs" ino=3503 scontext=u:r:crash_dump:s0 tcontext=u:object_r:vendor_ctl_vendor_wigigsvc_prop:s0 tclass=file permissive=1
03-14 03:51:08.239 2770 2770 I auditd : type=1400 audit(0.0:734): avc: denied { map } for comm="crash_dump64" path="/dev/__properties__/u:object_r:vendor_ctl_vendor_wigigsvc_prop:s0" dev="tmpfs" ino=3503 scontext=u:r:crash_dump:s0 tcontext=u:object_r:vendor_ctl_vendor_wigigsvc_prop:s0 tclass=file permissive=1
03-14 03:51:08.239 2770 2770 I crash_dump64: type=1400 audit(0.0:734): avc: denied { map } for path="/dev/__properties__/u:object_r:vendor_ctl_vendor_wigigsvc_prop:s0" dev="tmpfs" ino=3503 scontext=u:r:crash_dump:s0 tcontext=u:object_r:vendor_ctl_vendor_wigigsvc_prop:s0 tclass=file permissive=1
03-14 03:51:08.239 2770 2770 I auditd : type=1400 audit(0.0:735): avc: denied { open } for comm="crash_dump64" path="/dev/__properties__/u:object_r:vendor_ctl_vendor_rmt_storage_prop:s0" dev="tmpfs" ino=3502 scontext=u:r:crash_dump:s0 tcontext=u:object_r:vendor_ctl_vendor_rmt_storage_prop:s0 tclass=file permissive=1
03-14 03:51:08.239 2770 2770 I crash_dump64: type=1400 audit(0.0:735): avc: denied { open } for path="/dev/__properties__/u:object_r:vendor_ctl_vendor_rmt_storage_prop:s0" dev="tmpfs" ino=3502 scontext=u:r:crash_dump:s0 tcontext=u:object_r:vendor_ctl_vendor_rmt_storage_prop:s0 tclass=file permissive=1
03-14 03:51:08.239 2770 2770 I auditd : type=1400 audit(0.0:736): avc: denied { getattr } for comm="crash_dump64" path="/dev/__properties__/u:object_r:vendor_ctl_vendor_rmt_storage_prop:s0" dev="tmpfs" ino=3502 scontext=u:r:crash_dump:s0 tcontext=u:object_r:vendor_ctl_vendor_rmt_storage_prop:s0 tclass=file permissive=1
03-14 03:51:08.239 2770 2770 I crash_dump64: type=1400 audit(0.0:736): avc: denied { getattr } for path="/dev/__properties__/u:object_r:vendor_ctl_vendor_rmt_storage_prop:s0" dev="tmpfs" ino=3502 scontext=u:r:crash_dump:s0 tcontext=u:object_r:vendor_ctl_vendor_rmt_storage_prop:s0 tclass=file permissive=1
03-14 03:51:08.239 2770 2770 I auditd : type=1400 audit(0.0:737): avc: denied { map } for comm="crash_dump64" path="/dev/__properties__/u:object_r:vendor_ctl_vendor_rmt_storage_prop:s0" dev="tmpfs" ino=3502 scontext=u:r:crash_dump:s0 tcontext=u:object_r:vendor_ctl_vendor_rmt_storage_prop:s0 tclass=file permissive=1
03-14 03:51:08.239 2770 2770 I crash_dump64: type=1400 audit(0.0:737): avc: denied { map } for path="/dev/__properties__/u:object_r:vendor_ctl_vendor_rmt_storage_prop:s0" dev="tmpfs" ino=3502 scontext=u:r:crash_dump:s0 tcontext=u:object_r:vendor_ctl_vendor_rmt_storage_prop:s0 tclass=file permissive=1
03-14 03:51:08.243 2770 2770 I auditd : type=1400 audit(0.0:738): avc: denied { open } for comm="crash_dump64" path="/dev/__properties__/u:object_r:vendor_ctl_vendor_mmid_prop:s0" dev="tmpfs" ino=3501 scontext=u:r:crash_dump:s0 tcontext=u:object_r:vendor_ctl_vendor_mmid_prop:s0 tclass=file permissive=1
03-14 03:51:08.243 2770 2770 I crash_dump64: type=1400 audit(0.0:738): avc: denied { open } for path="/dev/__properties__/u:object_r:vendor_ctl_vendor_mmid_prop:s0" dev="tmpfs" ino=3501 scontext=u:r:crash_dump:s0 tcontext=u:object_r:vendor_ctl_vendor_mmid_prop:s0 tclass=file permissive=1
03-14 03:51:08.243 2770 2770 I auditd : type=1400 audit(0.0:739): avc: denied { getattr } for comm="crash_dump64" path="/dev/__properties__/u:object_r:vendor_ctl_vendor_mmid_prop:s0" dev="tmpfs" ino=3501 scontext=u:r:crash_dump:s0 tcontext=u:object_r:vendor_ctl_vendor_mmid_prop:s0 tclass=file permissive=1
03-14 03:51:08.243 2770 2770 I crash_dump64: type=1400 audit(0.0:739): avc: denied { getattr } for path="/dev/__properties__/u:object_r:vendor_ctl_vendor_mmid_prop:s0" dev="tmpfs" ino=3501 scontext=u:r:crash_dump:s0 tcontext=u:object_r:vendor_ctl_vendor_mmid_prop:s0 tclass=file permissive=1
03-14 03:51:08.243 2770 2770 I auditd : type=1400 audit(0.0:740): avc: denied { map } for comm="crash_dump64" path="/dev/__properties__/u:object_r:vendor_ctl_vendor_mmid_prop:s0" dev="tmpfs" ino=3501 scontext=u:r:crash_dump:s0 tcontext=u:object_r:vendor_ctl_vendor_mmid_prop:s0 tclass=file permissive=1
03-14 03:51:08.243 2770 2770 I crash_dump64: type=1400 audit(0.0:740): avc: denied { map } for path="/dev/__properties__/u:object_r:vendor_ctl_vendor_mmid_prop:s0" dev="tmpfs" ino=3501 scontext=u:r:crash_dump:s0 tcontext=u:object_r:vendor_ctl_vendor_mmid_prop:s0 tclass=file permissive=1
03-14 03:51:08.243 2770 2770 I auditd : type=1400 audit(0.0:741): avc: denied { open } for comm="crash_dump64" path="/dev/__properties__/u:object_r:vendor_ctl_vendor_imsrcsservice_prop:s0" dev="tmpfs" ino=3500 scontext=u:r:crash_dump:s0 tcontext=u:object_r:vendor_ctl_vendor_imsrcsservice_prop:s0 tclass=file permissive=1
03-14 03:51:08.243 2770 2770 I crash_dump64: type=1400 audit(0.0:741): avc: denied { open } for path="/dev/__properties__/u:object_r:vendor_ctl_vendor_imsrcsservice_prop:s0" dev="tmpfs" ino=3500 scontext=u:r:crash_dump:s0 tcontext=u:object_r:vendor_ctl_vendor_imsrcsservice_prop:s0 tclass=file permissive=1
03-14 03:51:08.243 2770 2770 I auditd : type=1400 audit(0.0:742): avc: denied { getattr } for comm="crash_dump64" path="/dev/__properties__/u:object_r:vendor_ctl_vendor_imsrcsservice_prop:s0" dev="tmpfs" ino=3500 scontext=u:r:crash_dump:s0 tcontext=u:object_r:vendor_ctl_vendor_imsrcsservice_prop:s0 tclass=file permissive=1
03-14 03:51:08.243 2770 2770 I crash_dump64: type=1400 audit(0.0:742): avc: denied { getattr } for path="/dev/__properties__/u:object_r:vendor_ctl_vendor_imsrcsservice_prop:s0" dev="tmpfs" ino=3500 scontext=u:r:crash_dump:s0 tcontext=u:object_r:vendor_ctl_vendor_imsrcsservice_prop:s0 tclass=file permissive=1
03-14 03:51:08.243 2770 2770 I auditd : type=1400 audit(0.0:743): avc: denied { map } for comm="crash_dump64" path="/dev/__properties__/u:object_r:vendor_ctl_vendor_imsrcsservice_prop:s0" dev="tmpfs" ino=3500 scontext=u:r:crash_dump:s0 tcontext=u:object_r:vendor_ctl_vendor_imsrcsservice_prop:s0 tclass=file permissive=1
03-14 03:51:08.243 2770 2770 I crash_dump64: type=1400 audit(0.0:743): avc: denied { map } for path="/dev/__properties__/u:object_r:vendor_ctl_vendor_imsrcsservice_prop:s0" dev="tmpfs" ino=3500 scontext=u:r:crash_dump:s0 tcontext=u:object_r:vendor_ctl_vendor_imsrcsservice_prop:s0 tclass=file permissive=1
03-14 03:51:08.243 2770 2770 I auditd : type=1400 audit(0.0:744): avc: denied { open } for comm="crash_dump64" path="/dev/__properties__/u:object_r:vendor_ctl_vendor_hbtp_prop:s0" dev="tmpfs" ino=3499 scontext=u:r:crash_dump:s0 tcontext=u:object_r:vendor_ctl_vendor_hbtp_prop:s0 tclass=file permissive=1
03-14 03:51:08.243 2770 2770 I crash_dump64: type=1400 audit(0.0:744): avc: denied { open } for path="/dev/__properties__/u:object_r:vendor_ctl_vendor_hbtp_prop:s0" dev="tmpfs" ino=3499 scontext=u:r:crash_dump:s0 tcontext=u:object_r:vendor_ctl_vendor_hbtp_prop:s0 tclass=file permissive=1
03-14 03:51:08.277 2767 2767 D vold_prepare_subdirs: Setting up mode 771 uid 0 gid 1000 context u:object_r:apex_module_data_file:s0 on path: /data/misc_ce/0/apexdata/com.android.conscrypt
03-14 03:51:08.277 782 2045 W NativeCrashListener: Couldn't find ProcessRecord for pid 2760
03-14 03:51:08.278 2767 2767 D vold_prepare_subdirs: Setting up mode 771 uid 0 gid 1000 context u:object_r:apex_module_data_file:s0 on path: /data/misc_ce/0/apexdata/com.android.art
03-14 03:51:08.278 633 633 E tombstoned: Tombstone written to: tombstone_02
03-14 03:51:08.280 2767 2767 D vold_prepare_subdirs: Setting up mode 771 uid 0 gid 1000 context u:object_r:apex_appsearch_data_file:s0 on path: /data/misc_ce/0/apexdata/com.android.appsearch
03-14 03:51:08.243 2770 2770 I auditd : type=1400 audit(0.0:745): avc: denied { getattr } for comm="crash_dump64" path="/dev/__properties__/u:object_r:vendor_ctl_vendor_hbtp_prop:s0" dev="tmpfs" ino=3499 scontext=u:r:crash_dump:s0 tcontext=u:object_r:vendor_ctl_vendor_hbtp_prop:s0 tclass=file permissive=1
03-14 03:51:08.243 2770 2770 I crash_dump64: type=1400 audit(0.0:745): avc: denied { getattr } for path="/dev/__properties__/u:object_r:vendor_ctl_vendor_hbtp_prop:s0" dev="tmpfs" ino=3499 scontext=u:r:crash_dump:s0 tcontext=u:object_r:vendor_ctl_vendor_hbtp_prop:s0 tclass=file permissive=1
03-14 03:51:08.243 2770 2770 I auditd : type=1400 audit(0.0:746): avc: denied { map } for comm="crash_dump64" path="/dev/__properties__/u:object_r:vendor_ctl_vendor_hbtp_prop:s0" dev="tmpfs" ino=3499 scontext=u:r:crash_dump:s0 tcontext=u:object_r:vendor_ctl_vendor_hbtp_prop:s0 tclass=file permissive=1
03-14 03:51:08.243 2770 2770 I crash_dump64: type=1400 audit(0.0:746): avc: denied { map } for path="/dev/__properties__/u:object_r:vendor_ctl_vendor_hbtp_prop:s0" dev="tmpfs" ino=3499 scontext=u:r:crash_dump:s0 tcontext=u:object_r:vendor_ctl_vendor_hbtp_prop:s0 tclass=file permissive=1
03-14 03:51:08.243 2770 2770 I auditd : type=1400 audit(0.0:747): avc: denied { open } for comm="crash_dump64" path="/dev/__properties__/u:object_r:vendor_ctl_rild_prop:s0" dev="tmpfs" ino=3498 scontext=u:r:crash_dump:s0 tcontext=u:object_r:vendor_ctl_rild_prop:s0 tclass=file permissive=1
03-14 03:51:08.243 2770 2770 I crash_dump64: type=1400 audit(0.0:747): avc: denied { open } for path="/dev/__properties__/u:object_r:vendor_ctl_rild_prop:s0" dev="tmpfs" ino=3498 scontext=u:r:crash_dump:s0 tcontext=u:object_r:vendor_ctl_rild_prop:s0 tclass=file permissive=1
03-14 03:51:08.243 2770 2770 I auditd : type=1400 audit(0.0:748): avc: denied { getattr } for comm="crash_dump64" path="/dev/__properties__/u:object_r:vendor_ctl_rild_prop:s0" dev="tmpfs" ino=3498 scontext=u:r:crash_dump:s0 tcontext=u:object_r:vendor_ctl_rild_prop:s0 tclass=file permissive=1
03-14 03:51:08.243 2770 2770 I crash_dump64: type=1400 audit(0.0:748): avc: denied { getattr } for path="/dev/__properties__/u:object_r:vendor_ctl_rild_prop:s0" dev="tmpfs" ino=3498 scontext=u:r:crash_dump:s0 tcontext=u:object_r:vendor_ctl_rild_prop:s0 tclass=file permissive=1
03-14 03:51:08.243 2770 2770 I auditd : type=1400 audit(0.0:749): avc: denied { map } for comm="crash_dump64" path="/dev/__properties__/u:object_r:vendor_ctl_rild_prop:s0" dev="tmpfs" ino=3498 scontext=u:r:crash_dump:s0 tcontext=u:object_r:vendor_ctl_rild_prop:s0 tclass=file permissive=1
03-14 03:51:08.243 2770 2770 I crash_dump64: type=1400 audit(0.0:749): avc: denied { map } for path="/dev/__properties__/u:object_r:vendor_ctl_rild_prop:s0" dev="tmpfs" ino=3498 scontext=u:r:crash_dump:s0 tcontext=u:object_r:vendor_ctl_rild_prop:s0 tclass=file permissive=1
03-14 03:51:08.243 2770 2770 I auditd : type=1400 audit(0.0:750): avc: denied { open } for comm="crash_dump64" path="/dev/__properties__/u:object_r:vendor_ctl_qmuxd_prop:s0" dev="tmpfs" ino=3497 scontext=u:r:crash_dump:s0 tcontext=u:object_r:vendor_ctl_qmuxd_prop:s0 tclass=file permissive=1
03-14 03:51:08.243 2770 2770 I crash_dump64: type=1400 audit(0.0:750): avc: denied { open } for path="/dev/__properties__/u:object_r:vendor_ctl_qmuxd_prop:s0" dev="tmpfs" ino=3497 scontext=u:r:crash_dump:s0 tcontext=u:object_r:vendor_ctl_qmuxd_prop:s0 tclass=file permissive=1
03-14 03:51:08.243 2770 2770 I auditd : type=1400 audit(0.0:751): avc: denied { getattr } for comm="crash_dump64" path="/dev/__properties__/u:object_r:vendor_ctl_qmuxd_prop:s0" dev="tmpfs" ino=3497 scontext=u:r:crash_dump:s0 tcontext=u:object_r:vendor_ctl_qmuxd_prop:s0 tclass=file permissive=1
03-14 03:51:08.243 2770 2770 I crash_dump64: type=1400 audit(0.0:751): avc: denied { getattr } for path="/dev/__properties__/u:object_r:vendor_ctl_qmuxd_prop:s0" dev="tmpfs" ino=3497 scontext=u:r:crash_dump:s0 tcontext=u:object_r:vendor_ctl_qmuxd_prop:s0 tclass=file permissive=1
03-14 03:51:08.243 2770 2770 I auditd : type=1400 audit(0.0:752): avc: denied { map } for comm="crash_dump64" path="/dev/__properties__/u:object_r:vendor_ctl_qmuxd_prop:s0" dev="tmpfs" ino=3497 scontext=u:r:crash_dump:s0 tcontext=u:object_r:vendor_ctl_qmuxd_prop:s0 tclass=file permissive=1
03-14 03:51:08.243 2770 2770 I crash_dump64: type=1400 audit(0.0:752): avc: denied { map } for path="/dev/__properties__/u:object_r:vendor_ctl_qmuxd_prop:s0" dev="tmpfs" ino=3497 scontext=u:r:crash_dump:s0 tcontext=u:object_r:vendor_ctl_qmuxd_prop:s0 tclass=file permissive=1
03-14 03:51:08.243 2770 2770 I auditd : type=1400 audit(0.0:753): avc: denied { open } for comm="crash_dump64" path="/dev/__properties__/u:object_r:vendor_ctl_qcrild_prop:s0" dev="tmpfs" ino=3496 scontext=u:r:crash_dump:s0 tcontext=u:object_r:vendor_ctl_qcrild_prop:s0 tclass=file permissive=1
03-14 03:51:08.243 2770 2770 I crash_dump64: type=1400 audit(0.0:753): avc: denied { open } for path="/dev/__properties__/u:object_r:vendor_ctl_qcrild_prop:s0" dev="tmpfs" ino=3496 scontext=u:r:crash_dump:s0 tcontext=u:object_r:vendor_ctl_qcrild_prop:s0 tclass=file permissive=1
03-14 03:51:08.243 2770 2770 I auditd : type=1400 audit(0.0:754): avc: denied { getattr } for comm="crash_dump64" path="/dev/__properties__/u:object_r:vendor_ctl_qcrild_prop:s0" dev="tmpfs" ino=3496 scontext=u:r:crash_dump:s0 tcontext=u:object_r:vendor_ctl_qcrild_prop:s0 tclass=file permissive=1
03-14 03:51:08.243 2770 2770 I crash_dump64: type=1400 audit(0.0:754): avc: denied { getattr } for path="/dev/__properties__/u:object_r:vendor_ctl_qcrild_prop:s0" dev="tmpfs" ino=3496 scontext=u:r:crash_dump:s0 tcontext=u:object_r:vendor_ctl_qcrild_prop:s0 tclass=file permissive=1
03-14 03:51:08.243 2770 2770 I auditd : type=1400 audit(0.0:755): avc: denied { map } for comm="crash_dump64" path="/dev/__properties__/u:object_r:vendor_ctl_qcrild_prop:s0" dev="tmpfs" ino=3496 scontext=u:r:crash_dump:s0 tcontext=u:object_r:vendor_ctl_qcrild_prop:s0 tclass=file permissive=1
03-14 03:51:08.243 2770 2770 I crash_dump64: type=1400 audit(0.0:755): avc: denied { map } for path="/dev/__properties__/u:object_r:vendor_ctl_qcrild_prop:s0" dev="tmpfs" ino=3496 scontext=u:r:crash_dump:s0 tcontext=u:object_r:vendor_ctl_qcrild_prop:s0 tclass=file permissive=1
03-14 03:51:08.243 2770 2770 I auditd : type=1400 audit(0.0:756): avc: denied { open } for comm="crash_dump64" path="/dev/__properties__/u:object_r:vendor_ctl_port-bridge_prop:s0" dev="tmpfs" ino=3495 scontext=u:r:crash_dump:s0 tcontext=u:object_r:vendor_ctl_port-bridge_prop:s0 tclass=file permissive=1
03-14 03:51:08.243 2770 2770 I crash_dump64: type=1400 audit(0.0:756): avc: denied { open } for path="/dev/__properties__/u:object_r:vendor_ctl_port-bridge_prop:s0" dev="tmpfs" ino=3495 scontext=u:r:crash_dump:s0 tcontext=u:object_r:vendor_ctl_port-bridge_prop:s0 tclass=file permissive=1
03-14 03:51:08.243 2770 2770 I auditd : type=1400 audit(0.0:757): avc: denied { getattr } for comm="crash_dump64" path="/dev/__properties__/u:object_r:vendor_ctl_port-bridge_prop:s0" dev="tmpfs" ino=3495 scontext=u:r:crash_dump:s0 tcontext=u:object_r:vendor_ctl_port-bridge_prop:s0 tclass=file permissive=1
03-14 03:51:08.243 2770 2770 I crash_dump64: type=1400 audit(0.0:757): avc: denied { getattr } for path="/dev/__properties__/u:object_r:vendor_ctl_port-bridge_prop:s0" dev="tmpfs" ino=3495 scontext=u:r:crash_dump:s0 tcontext=u:object_r:vendor_ctl_port-bridge_prop:s0 tclass=file permissive=1
03-14 03:51:08.243 2770 2770 I auditd : type=1400 audit(0.0:758): avc: denied { map } for comm="crash_dump64" path="/dev/__properties__/u:object_r:vendor_ctl_port-bridge_prop:s0" dev="tmpfs" ino=3495 scontext=u:r:crash_dump:s0 tcontext=u:object_r:vendor_ctl_port-bridge_prop:s0 tclass=file permissive=1
03-14 03:51:08.243 2770 2770 I crash_dump64: type=1400 audit(0.0:758): avc: denied { map } for path="/dev/__properties__/u:object_r:vendor_ctl_port-bridge_prop:s0" dev="tmpfs" ino=3495 scontext=u:r:crash_dump:s0 tcontext=u:object_r:vendor_ctl_port-bridge_prop:s0 tclass=file permissive=1
03-14 03:51:08.243 2770 2770 I auditd : type=1400 audit(0.0:759): avc: denied { open } for comm="crash_dump64" path="/dev/__properties__/u:object_r:vendor_ctl_netmgrd_prop:s0" dev="tmpfs" ino=3494 scontext=u:r:crash_dump:s0 tcontext=u:object_r:vendor_ctl_netmgrd_prop:s0 tclass=file permissive=1
03-14 03:51:08.243 2770 2770 I crash_dump64: type=1400 audit(0.0:759): avc: denied { open } for path="/dev/__properties__/u:object_r:vendor_ctl_netmgrd_prop:s0" dev="tmpfs" ino=3494 scontext=u:r:crash_dump:s0 tcontext=u:object_r:vendor_ctl_netmgrd_prop:s0 tclass=file permissive=1
03-14 03:51:08.243 2770 2770 I auditd : type=1400 audit(0.0:760): avc: denied { getattr } for comm="crash_dump64" path="/dev/__properties__/u:object_r:vendor_ctl_netmgrd_prop:s0" dev="tmpfs" ino=3494 scontext=u:r:crash_dump:s0 tcontext=u:object_r:vendor_ctl_netmgrd_prop:s0 tclass=file permissive=1
03-14 03:51:08.243 2770 2770 I crash_dump64: type=1400 audit(0.0:760): avc: denied { getattr } for path="/dev/__properties__/u:object_r:vendor_ctl_netmgrd_prop:s0" dev="tmpfs" ino=3494 scontext=u:r:crash_dump:s0 tcontext=u:object_r:vendor_ctl_netmgrd_prop:s0 tclass=file permissive=1
03-14 03:51:08.243 2770 2770 I auditd : type=1400 audit(0.0:761): avc: denied { map } for comm="crash_dump64" path="/dev/__properties__/u:object_r:vendor_ctl_netmgrd_prop:s0" dev="tmpfs" ino=3494 scontext=u:r:crash_dump:s0 tcontext=u:object_r:vendor_ctl_netmgrd_prop:s0 tclass=file permissive=1
03-14 03:51:08.243 2770 2770 I crash_dump64: type=1400 audit(0.0:761): avc: denied { map } for path="/dev/__properties__/u:object_r:vendor_ctl_netmgrd_prop:s0" dev="tmpfs" ino=3494 scontext=u:r:crash_dump:s0 tcontext=u:object_r:vendor_ctl_netmgrd_prop:s0 tclass=file permissive=1
03-14 03:51:08.243 2770 2770 I auditd : type=1400 audit(0.0:762): avc: denied { open } for comm="crash_dump64" path="/dev/__properties__/u:object_r:vendor_crash_detect_prop:s0" dev="tmpfs" ino=3493 scontext=u:r:crash_dump:s0 tcontext=u:object_r:vendor_crash_detect_prop:s0 tclass=file permissive=1
03-14 03:51:08.243 2770 2770 I crash_dump64: type=1400 audit(0.0:762): avc: denied { open } for path="/dev/__properties__/u:object_r:vendor_crash_detect_prop:s0" dev="tmpfs" ino=3493 scontext=u:r:crash_dump:s0 tcontext=u:object_r:vendor_crash_detect_prop:s0 tclass=file permissive=1
03-14 03:51:08.243 2770 2770 I auditd : type=1400 audit(0.0:763): avc: denied { getattr } for comm="crash_dump64" path="/dev/__properties__/u:object_r:vendor_crash_detect_prop:s0" dev="tmpfs" ino=3493 scontext=u:r:crash_dump:s0 tcontext=u:object_r:vendor_crash_detect_prop:s0 tclass=file permissive=1
03-14 03:51:08.243 2770 2770 I crash_dump64: type=1400 audit(0.0:763): avc: denied { getattr } for path="/dev/__properties__/u:object_r:vendor_crash_detect_prop:s0" dev="tmpfs" ino=3493 scontext=u:r:crash_dump:s0 tcontext=u:object_r:vendor_crash_detect_prop:s0 tclass=file permissive=1
03-14 03:51:08.243 2770 2770 I auditd : type=1400 audit(0.0:764): avc: denied { map } for comm="crash_dump64" path="/dev/__properties__/u:object_r:vendor_crash_detect_prop:s0" dev="tmpfs" ino=3493 scontext=u:r:crash_dump:s0 tcontext=u:object_r:vendor_crash_detect_prop:s0 tclass=file permissive=1
03-14 03:51:08.243 2770 2770 I crash_dump64: type=1400 audit(0.0:764): avc: denied { map } for path="/dev/__properties__/u:object_r:vendor_crash_detect_prop:s0" dev="tmpfs" ino=3493 scontext=u:r:crash_dump:s0 tcontext=u:object_r:vendor_crash_detect_prop:s0 tclass=file permissive=1
03-14 03:51:08.243 2770 2770 I auditd : type=1400 audit(0.0:765): avc: denied { open } for comm="crash_dump64" path="/dev/__properties__/u:object_r:vendor_crash_cnt_prop:s0" dev="tmpfs" ino=3492 scontext=u:r:crash_dump:s0 tcontext=u:object_r:vendor_crash_cnt_prop:s0 tclass=file permissive=1
03-14 03:51:08.243 2770 2770 I crash_dump64: type=1400 audit(0.0:765): avc: denied { open } for path="/dev/__properties__/u:object_r:vendor_crash_cnt_prop:s0" dev="tmpfs" ino=3492 scontext=u:r:crash_dump:s0 tcontext=u:object_r:vendor_crash_cnt_prop:s0 tclass=file permissive=1
03-14 03:51:08.243 2770 2770 I auditd : type=1400 audit(0.0:766): avc: denied { getattr } for comm="crash_dump64" path="/dev/__properties__/u:object_r:vendor_crash_cnt_prop:s0" dev="tmpfs" ino=3492 scontext=u:r:crash_dump:s0 tcontext=u:object_r:vendor_crash_cnt_prop:s0 tclass=file permissive=1
03-14 03:51:08.243 2770 2770 I crash_dump64: type=1400 audit(0.0:766): avc: denied { getattr } for path="/dev/__properties__/u:object_r:vendor_crash_cnt_prop:s0" dev="tmpfs" ino=3492 scontext=u:r:crash_dump:s0 tcontext=u:object_r:vendor_crash_cnt_prop:s0 tclass=file permissive=1
03-14 03:51:08.243 2770 2770 I auditd : type=1400 audit(0.0:767): avc: denied { map } for comm="crash_dump64" path="/dev/__properties__/u:object_r:vendor_crash_cnt_prop:s0" dev="tmpfs" ino=3492 scontext=u:r:crash_dump:s0 tcontext=u:object_r:vendor_crash_cnt_prop:s0 tclass=file permissive=1
03-14 03:51:08.243 2770 2770 I crash_dump64: type=1400 audit(0.0:767): avc: denied { map } for path="/dev/__properties__/u:object_r:vendor_crash_cnt_prop:s0" dev="tmpfs" ino=3492 scontext=u:r:crash_dump:s0 tcontext=u:object_r:vendor_crash_cnt_prop:s0 tclass=file permissive=1
03-14 03:51:08.243 2770 2770 I auditd : type=1400 audit(0.0:768): avc: denied { open } for comm="crash_dump64" path="/dev/__properties__/u:object_r:vendor_core_ctl_prop:s0" dev="tmpfs" ino=3491 scontext=u:r:crash_dump:s0 tcontext=u:object_r:vendor_core_ctl_prop:s0 tclass=file permissive=1
03-14 03:51:08.243 2770 2770 I crash_dump64: type=1400 audit(0.0:768): avc: denied { open } for path="/dev/__properties__/u:object_r:vendor_core_ctl_prop:s0" dev="tmpfs" ino=3491 scontext=u:r:crash_dump:s0 tcontext=u:object_r:vendor_core_ctl_prop:s0 tclass=file permissive=1
03-14 03:51:08.243 2770 2770 I auditd : type=1400 audit(0.0:769): avc: denied { getattr } for comm="crash_dump64" path="/dev/__properties__/u:object_r:vendor_core_ctl_prop:s0" dev="tmpfs" ino=3491 scontext=u:r:crash_dump:s0 tcontext=u:object_r:vendor_core_ctl_prop:s0 tclass=file permissive=1
03-14 03:51:08.243 2770 2770 I crash_dump64: type=1400 audit(0.0:769): avc: denied { getattr } for path="/dev/__properties__/u:object_r:vendor_core_ctl_prop:s0" dev="tmpfs" ino=3491 scontext=u:r:crash_dump:s0 tcontext=u:object_r:vendor_core_ctl_prop:s0 tclass=file permissive=1
03-14 03:51:08.243 2770 2770 I auditd : type=1400 audit(0.0:770): avc: denied { map } for comm="crash_dump64" path="/dev/__properties__/u:object_r:vendor_core_ctl_prop:s0" dev="tmpfs" ino=3491 scontext=u:r:crash_dump:s0 tcontext=u:object_r:vendor_core_ctl_prop:s0 tclass=file permissive=1
03-14 03:51:08.243 2770 2770 I crash_dump64: type=1400 audit(0.0:770): avc: denied { map } for path="/dev/__properties__/u:object_r:vendor_core_ctl_prop:s0" dev="tmpfs" ino=3491 scontext=u:r:crash_dump:s0 tcontext=u:object_r:vendor_core_ctl_prop:s0 tclass=file permissive=1
03-14 03:51:08.243 2770 2770 I auditd : type=1400 audit(0.0:771): avc: denied { open } for comm="crash_dump64" path="/dev/__properties__/u:object_r:vendor_console_log_level_prop:s0" dev="tmpfs" ino=3490 scontext=u:r:crash_dump:s0 tcontext=u:object_r:vendor_console_log_level_prop:s0 tclass=file permissive=1
03-14 03:51:08.243 2770 2770 I crash_dump64: type=1400 audit(0.0:771): avc: denied { open } for path="/dev/__properties__/u:object_r:vendor_console_log_level_prop:s0" dev="tmpfs" ino=3490 scontext=u:r:crash_dump:s0 tcontext=u:object_r:vendor_console_log_level_prop:s0 tclass=file permissive=1
03-14 03:51:08.243 2770 2770 I auditd : type=1400 audit(0.0:772): avc: denied { getattr } for comm="crash_dump64" path="/dev/__properties__/u:object_r:vendor_console_log_level_prop:s0" dev="tmpfs" ino=3490 scontext=u:r:crash_dump:s0 tcontext=u:object_r:vendor_console_log_level_prop:s0 tclass=file permissive=1
03-14 03:51:08.243 2770 2770 I crash_dump64: type=1400 audit(0.0:772): avc: denied { getattr } for path="/dev/__properties__/u:object_r:vendor_console_log_level_prop:s0" dev="tmpfs" ino=3490 scontext=u:r:crash_dump:s0 tcontext=u:object_r:vendor_console_log_level_prop:s0 tclass=file permissive=1
03-14 03:51:08.243 2770 2770 I auditd : type=1400 audit(0.0:773): avc: denied { map } for comm="crash_dump64" path="/dev/__properties__/u:object_r:vendor_console_log_level_prop:s0" dev="tmpfs" ino=3490 scontext=u:r:crash_dump:s0 tcontext=u:object_r:vendor_console_log_level_prop:s0 tclass=file permissive=1
03-14 03:51:08.243 2770 2770 I crash_dump64: type=1400 audit(0.0:773): avc: denied { map } for path="/dev/__properties__/u:object_r:vendor_console_log_level_prop:s0" dev="tmpfs" ino=3490 scontext=u:r:crash_dump:s0 tcontext=u:object_r:vendor_console_log_level_prop:s0 tclass=file permissive=1
03-14 03:51:08.243 2770 2770 I auditd : type=1400 audit(0.0:774): avc: denied { open } for comm="crash_dump64" path="/dev/__properties__/u:object_r:vendor_cnd_vendor_prop:s0" dev="tmpfs" ino=3489 scontext=u:r:crash_dump:s0 tcontext=u:object_r:vendor_cnd_vendor_prop:s0 tclass=file permissive=1
03-14 03:51:08.243 2770 2770 I crash_dump64: type=1400 audit(0.0:774): avc: denied { open } for path="/dev/__properties__/u:object_r:vendor_cnd_vendor_prop:s0" dev="tmpfs" ino=3489 scontext=u:r:crash_dump:s0 tcontext=u:object_r:vendor_cnd_vendor_prop:s0 tclass=file permissive=1
03-14 03:51:08.243 2770 2770 I auditd : type=1400 audit(0.0:775): avc: denied { getattr } for comm="crash_dump64" path="/dev/__properties__/u:object_r:vendor_cnd_vendor_prop:s0" dev="tmpfs" ino=3489 scontext=u:r:crash_dump:s0 tcontext=u:object_r:vendor_cnd_vendor_prop:s0 tclass=file permissive=1
03-14 03:51:08.243 2770 2770 I crash_dump64: type=1400 audit(0.0:775): avc: denied { getattr } for path="/dev/__properties__/u:object_r:vendor_cnd_vendor_prop:s0" dev="tmpfs" ino=3489 scontext=u:r:crash_dump:s0 tcontext=u:object_r:vendor_cnd_vendor_prop:s0 tclass=file permissive=1
03-14 03:51:08.243 2770 2770 I auditd : type=1400 audit(0.0:776): avc: denied { map } for comm="crash_dump64" path="/dev/__properties__/u:object_r:vendor_cnd_vendor_prop:s0" dev="tmpfs" ino=3489 scontext=u:r:crash_dump:s0 tcontext=u:object_r:vendor_cnd_vendor_prop:s0 tclass=file permissive=1
03-14 03:51:08.243 2770 2770 I crash_dump64: type=1400 audit(0.0:776): avc: denied { map } for path="/dev/__properties__/u:object_r:vendor_cnd_vendor_prop:s0" dev="tmpfs" ino=3489 scontext=u:r:crash_dump:s0 tcontext=u:object_r:vendor_cnd_vendor_prop:s0 tclass=file permissive=1
03-14 03:51:08.243 2770 2770 I auditd : type=1400 audit(0.0:777): avc: denied { open } for comm="crash_dump64" path="/dev/__properties__/u:object_r:vendor_cnd_prop:s0" dev="tmpfs" ino=3488 scontext=u:r:crash_dump:s0 tcontext=u:object_r:vendor_cnd_prop:s0 tclass=file permissive=1
03-14 03:51:08.243 2770 2770 I crash_dump64: type=1400 audit(0.0:777): avc: denied { open } for path="/dev/__properties__/u:object_r:vendor_cnd_prop:s0" dev="tmpfs" ino=3488 scontext=u:r:crash_dump:s0 tcontext=u:object_r:vendor_cnd_prop:s0 tclass=file permissive=1
03-14 03:51:08.243 2770 2770 I auditd : type=1400 audit(0.0:778): avc: denied { getattr } for comm="crash_dump64" path="/dev/__properties__/u:object_r:vendor_cnd_prop:s0" dev="tmpfs" ino=3488 scontext=u:r:crash_dump:s0 tcontext=u:object_r:vendor_cnd_prop:s0 tclass=file permissive=1
03-14 03:51:08.243 2770 2770 I crash_dump64: type=1400 audit(0.0:778): avc: denied { getattr } for path="/dev/__properties__/u:object_r:vendor_cnd_prop:s0" dev="tmpfs" ino=3488 scontext=u:r:crash_dump:s0 tcontext=u:object_r:vendor_cnd_prop:s0 tclass=file permissive=1
03-14 03:51:08.243 2770 2770 I auditd : type=1400 audit(0.0:779): avc: denied { map } for comm="crash_dump64" path="/dev/__properties__/u:object_r:vendor_cnd_prop:s0" dev="tmpfs" ino=3488 scontext=u:r:crash_dump:s0 tcontext=u:object_r:vendor_cnd_prop:s0 tclass=file permissive=1
03-14 03:51:08.243 2770 2770 I crash_dump64: type=1400 audit(0.0:779): avc: denied { map } for path="/dev/__properties__/u:object_r:vendor_cnd_prop:s0" dev="tmpfs" ino=3488 scontext=u:r:crash_dump:s0 tcontext=u:object_r:vendor_cnd_prop:s0 tclass=file permissive=1
03-14 03:51:08.243 2770 2770 I auditd : type=1400 audit(0.0:780): avc: denied { open } for comm="crash_dump64" path="/dev/__properties__/u:object_r:vendor_cgroup_follow_prop:s0" dev="tmpfs" ino=3487 scontext=u:r:crash_dump:s0 tcontext=u:object_r:vendor_cgroup_follow_prop:s0 tclass=file permissive=1
03-14 03:51:08.243 2770 2770 I crash_dump64: type=1400 audit(0.0:780): avc: denied { open } for path="/dev/__properties__/u:object_r:vendor_cgroup_follow_prop:s0" dev="tmpfs" ino=3487 scontext=u:r:crash_dump:s0 tcontext=u:object_r:vendor_cgroup_follow_prop:s0 tclass=file permissive=1
03-14 03:51:08.243 2770 2770 I auditd : type=1400 audit(0.0:781): avc: denied { getattr } for comm="crash_dump64" path="/dev/__properties__/u:object_r:vendor_cgroup_follow_prop:s0" dev="tmpfs" ino=3487 scontext=u:r:crash_dump:s0 tcontext=u:object_r:vendor_cgroup_follow_prop:s0 tclass=file permissive=1
03-14 03:51:08.243 2770 2770 I crash_dump64: type=1400 audit(0.0:781): avc: denied { getattr } for path="/dev/__properties__/u:object_r:vendor_cgroup_follow_prop:s0" dev="tmpfs" ino=3487 scontext=u:r:crash_dump:s0 tcontext=u:object_r:vendor_cgroup_follow_prop:s0 tclass=file permissive=1
03-14 03:51:08.243 2770 2770 I auditd : type=1400 audit(0.0:782): avc: denied { map } for comm="crash_dump64" path="/dev/__properties__/u:object_r:vendor_cgroup_follow_prop:s0" dev="tmpfs" ino=3487 scontext=u:r:crash_dump:s0 tcontext=u:object_r:vendor_cgroup_follow_prop:s0 tclass=file permissive=1
03-14 03:51:08.243 2770 2770 I crash_dump64: type=1400 audit(0.0:782): avc: denied { map } for path="/dev/__properties__/u:object_r:vendor_cgroup_follow_prop:s0" dev="tmpfs" ino=3487 scontext=u:r:crash_dump:s0 tcontext=u:object_r:vendor_cgroup_follow_prop:s0 tclass=file permissive=1
03-14 03:51:08.243 2770 2770 I auditd : type=1400 audit(0.0:783): avc: denied { open } for comm="crash_dump64" path="/dev/__properties__/u:object_r:vendor_cap_configstore_dbg_prop:s0" dev="tmpfs" ino=3486 scontext=u:r:crash_dump:s0 tcontext=u:object_r:vendor_cap_configstore_dbg_prop:s0 tclass=file permissive=1
03-14 03:51:08.243 2770 2770 I crash_dump64: type=1400 audit(0.0:783): avc: denied { open } for path="/dev/__properties__/u:object_r:vendor_cap_configstore_dbg_prop:s0" dev="tmpfs" ino=3486 scontext=u:r:crash_dump:s0 tcontext=u:object_r:vendor_cap_configstore_dbg_prop:s0 tclass=file permissive=1
03-14 03:51:08.243 2770 2770 I auditd : type=1400 audit(0.0:784): avc: denied { getattr } for comm="crash_dump64" path="/dev/__properties__/u:object_r:vendor_cap_configstore_dbg_prop:s0" dev="tmpfs" ino=3486 scontext=u:r:crash_dump:s0 tcontext=u:object_r:vendor_cap_configstore_dbg_prop:s0 tclass=file permissive=1
03-14 03:51:08.243 2770 2770 I crash_dump64: type=1400 audit(0.0:784): avc: denied { getattr } for path="/dev/__properties__/u:object_r:vendor_cap_configstore_dbg_prop:s0" dev="tmpfs" ino=3486 scontext=u:r:crash_dump:s0 tcontext=u:object_r:vendor_cap_configstore_dbg_prop:s0 tclass=file permissive=1
03-14 03:51:08.243 2770 2770 I auditd : type=1400 audit(0.0:785): avc: denied { map } for comm="crash_dump64" path="/dev/__properties__/u:object_r:vendor_cap_configstore_dbg_prop:s0" dev="tmpfs" ino=3486 scontext=u:r:crash_dump:s0 tcontext=u:object_r:vendor_cap_configstore_dbg_prop:s0 tclass=file permissive=1
03-14 03:51:08.243 2770 2770 I crash_dump64: type=1400 audit(0.0:785): avc: denied { map } for path="/dev/__properties__/u:object_r:vendor_cap_configstore_dbg_prop:s0" dev="tmpfs" ino=3486 scontext=u:r:crash_dump:s0 tcontext=u:object_r:vendor_cap_configstore_dbg_prop:s0 tclass=file permissive=1
03-14 03:51:08.243 2770 2770 I auditd : type=1400 audit(0.0:786): avc: denied { open } for comm="crash_dump64" path="/dev/__properties__/u:object_r:vendor_camera_prop:s0" dev="tmpfs" ino=3485 scontext=u:r:crash_dump:s0 tcontext=u:object_r:vendor_camera_prop:s0 tclass=file permissive=1
03-14 03:51:08.243 2770 2770 I crash_dump64: type=1400 audit(0.0:786): avc: denied { open } for path="/dev/__properties__/u:object_r:vendor_camera_prop:s0" dev="tmpfs" ino=3485 scontext=u:r:crash_dump:s0 tcontext=u:object_r:vendor_camera_prop:s0 tclass=file permissive=1
03-14 03:51:08.283 782 1315 I BootReceiver: Copying /data/tombstones/tombstone_02 to DropBox (SYSTEM_TOMBSTONE)
03-14 03:51:08.243 2770 2770 I auditd : type=1400 audit(0.0:787): avc: denied { getattr } for comm="crash_dump64" path="/dev/__properties__/u:object_r:vendor_camera_prop:s0" dev="tmpfs" ino=3485 scontext=u:r:crash_dump:s0 tcontext=u:object_r:vendor_camera_prop:s0 tclass=file permissive=1
03-14 03:51:08.243 2770 2770 I crash_dump64: type=1400 audit(0.0:787): avc: denied { getattr } for path="/dev/__properties__/u:object_r:vendor_camera_prop:s0" dev="tmpfs" ino=3485 scontext=u:r:crash_dump:s0 tcontext=u:object_r:vendor_camera_prop:s0 tclass=file permissive=1
03-14 03:51:08.283 2767 2767 D vold_prepare_subdirs: Setting up mode 771 uid 0 gid 1000 context u:object_r:apex_module_data_file:s0 on path: /data/misc_ce/0/apexdata/com.android.adbd
03-14 03:51:08.283 782 1315 I DropBoxManagerService: add tag=SYSTEM_TOMBSTONE isTagEnabled=true flags=0x6
03-14 03:51:08.243 2770 2770 I auditd : type=1400 audit(0.0:788): avc: denied { map } for comm="crash_dump64" path="/dev/__properties__/u:object_r:vendor_camera_prop:s0" dev="tmpfs" ino=3485 scontext=u:r:crash_dump:s0 tcontext=u:object_r:vendor_camera_prop:s0 tclass=file permissive=1
03-14 03:51:08.243 2770 2770 I crash_dump64: type=1400 audit(0.0:788): avc: denied { map } for path="/dev/__properties__/u:object_r:vendor_camera_prop:s0" dev="tmpfs" ino=3485 scontext=u:r:crash_dump:s0 tcontext=u:object_r:vendor_camera_prop:s0 tclass=file permissive=1
03-14 03:51:08.243 2770 2770 I auditd : type=1400 audit(0.0:789): avc: denied { open } for comm="crash_dump64" path="/dev/__properties__/u:object_r:vendor_bservice_prop:s0" dev="tmpfs" ino=3484 scontext=u:r:crash_dump:s0 tcontext=u:object_r:vendor_bservice_prop:s0 tclass=file permissive=1
03-14 03:51:08.243 2770 2770 I crash_dump64: type=1400 audit(0.0:789): avc: denied { open } for path="/dev/__properties__/u:object_r:vendor_bservice_prop:s0" dev="tmpfs" ino=3484 scontext=u:r:crash_dump:s0 tcontext=u:object_r:vendor_bservice_prop:s0 tclass=file permissive=1
03-14 03:51:08.243 2770 2770 I auditd : type=1400 audit(0.0:790): avc: denied { getattr } for comm="crash_dump64" path="/dev/__properties__/u:object_r:vendor_bservice_prop:s0" dev="tmpfs" ino=3484 scontext=u:r:crash_dump:s0 tcontext=u:object_r:vendor_bservice_prop:s0 tclass=file permissive=1
03-14 03:51:08.243 2770 2770 I crash_dump64: type=1400 audit(0.0:790): avc: denied { getattr } for path="/dev/__properties__/u:object_r:vendor_bservice_prop:s0" dev="tmpfs" ino=3484 scontext=u:r:crash_dump:s0 tcontext=u:object_r:vendor_bservice_prop:s0 tclass=file permissive=1
03-14 03:51:08.243 2770 2770 I auditd : type=1400 audit(0.0:791): avc: denied { map } for comm="crash_dump64" path="/dev/__properties__/u:object_r:vendor_bservice_prop:s0" dev="tmpfs" ino=3484 scontext=u:r:crash_dump:s0 tcontext=u:object_r:vendor_bservice_prop:s0 tclass=file permissive=1
03-14 03:51:08.243 2770 2770 I crash_dump64: type=1400 audit(0.0:791): avc: denied { map } for path="/dev/__properties__/u:object_r:vendor_bservice_prop:s0" dev="tmpfs" ino=3484 scontext=u:r:crash_dump:s0 tcontext=u:object_r:vendor_bservice_prop:s0 tclass=file permissive=1
03-14 03:51:08.243 2770 2770 I auditd : type=1400 audit(0.0:792): avc: denied { open } for comm="crash_dump64" path="/dev/__properties__/u:object_r:vendor_bootreceiver_prop:s0" dev="tmpfs" ino=3483 scontext=u:r:crash_dump:s0 tcontext=u:object_r:vendor_bootreceiver_prop:s0 tclass=file permissive=1
03-14 03:51:08.243 2770 2770 I crash_dump64: type=1400 audit(0.0:792): avc: denied { open } for path="/dev/__properties__/u:object_r:vendor_bootreceiver_prop:s0" dev="tmpfs" ino=3483 scontext=u:r:crash_dump:s0 tcontext=u:object_r:vendor_bootreceiver_prop:s0 tclass=file permissive=1
03-14 03:51:08.243 2770 2770 I auditd : type=1400 audit(0.0:793): avc: denied { getattr } for comm="crash_dump64" path="/dev/__properties__/u:object_r:vendor_bootreceiver_prop:s0" dev="tmpfs" ino=3483 scontext=u:r:crash_dump:s0 tcontext=u:object_r:vendor_bootreceiver_prop:s0 tclass=file permissive=1
03-14 03:51:08.243 2770 2770 I crash_dump64: type=1400 audit(0.0:793): avc: denied { getattr } for path="/dev/__properties__/u:object_r:vendor_bootreceiver_prop:s0" dev="tmpfs" ino=3483 scontext=u:r:crash_dump:s0 tcontext=u:object_r:vendor_bootreceiver_prop:s0 tclass=file permissive=1
01-01 08:00:41.679 0 0 I init : qssi copy & sync /metadata/vold/metadata_encryption/key/stretching to /persist/key/stretching_bak: No such file or directory
03-14 03:51:08.243 2770 2770 I auditd : type=1400 audit(0.0:794): avc: denied { map } for comm="crash_dump64" path="/dev/__properties__/u:object_r:vendor_bootreceiver_prop:s0" dev="tmpfs" ino=3483 scontext=u:r:crash_dump:s0 tcontext=u:object_r:vendor_bootreceiver_prop:s0 tclass=file permissive=1
03-14 03:51:08.243 2770 2770 I crash_dump64: type=1400 audit(0.0:794): avc: denied { map } for path="/dev/__properties__/u:object_r:vendor_bootreceiver_prop:s0" dev="tmpfs" ino=3483 scontext=u:r:crash_dump:s0 tcontext=u:object_r:vendor_bootreceiver_prop:s0 tclass=file permissive=1
01-01 08:00:41.679 0 0 I init : Service 'qti-testscripts' (pid 2760) received signal 6 oneshot service took 0.103000 seconds in background
01-01 08:00:41.679 0 0 I init : Sending signal 9 to service 'qti-testscripts' (pid 2760) process group...
03-14 03:51:08.284 2767 2767 D vold_prepare_subdirs: Setting up mode 700 uid 1000 gid 1000 context u:object_r:backup_data_file:s0 on path: /data/system_ce/0/backup
03-14 03:51:08.243 2770 2770 I auditd : type=1400 audit(0.0:795): avc: denied { open } for comm="crash_dump64" path="/dev/__properties__/u:object_r:vendor_boot_mode_prop:s0" dev="tmpfs" ino=3482 scontext=u:r:crash_dump:s0 tcontext=u:object_r:vendor_boot_mode_prop:s0 tclass=file permissive=1
03-14 03:51:08.243 2770 2770 I crash_dump64: type=1400 audit(0.0:795): avc: denied { open } for path="/dev/__properties__/u:object_r:vendor_boot_mode_prop:s0" dev="tmpfs" ino=3482 scontext=u:r:crash_dump:s0 tcontext=u:object_r:vendor_boot_mode_prop:s0 tclass=file permissive=1
01-01 08:00:41.679 0 0 I libprocessgroup: Successfully killed process cgroup uid 0 pid 2760 in 0ms
03-14 03:51:08.243 2770 2770 I auditd : type=1400 audit(0.0:796): avc: denied { getattr } for comm="crash_dump64" path="/dev/__properties__/u:object_r:vendor_boot_mode_prop:s0" dev="tmpfs" ino=3482 scontext=u:r:crash_dump:s0 tcontext=u:object_r:vendor_boot_mode_prop:s0 tclass=file permissive=1
03-14 03:51:08.243 2770 2770 I crash_dump64: type=1400 audit(0.0:796): avc: denied { getattr } for path="/dev/__properties__/u:object_r:vendor_boot_mode_prop:s0" dev="tmpfs" ino=3482 scontext=u:r:crash_dump:s0 tcontext=u:object_r:vendor_boot_mode_prop:s0 tclass=file permissive=1
03-14 03:51:08.284 2767 2767 D vold_prepare_subdirs: Setting up mode 700 uid 1000 gid 1000 context u:object_r:backup_data_file:s0 on path: /data/system_ce/0/backup_stage
03-14 03:51:08.243 2770 2770 I auditd : type=1400 audit(0.0:797): avc: denied { map } for comm="crash_dump64" path="/dev/__properties__/u:object_r:vendor_boot_mode_prop:s0" dev="tmpfs" ino=3482 scontext=u:r:crash_dump:s0 tcontext=u:object_r:vendor_boot_mode_prop:s0 tclass=file permissive=1
03-14 03:51:08.243 2770 2770 I crash_dump64: type=1400 audit(0.0:797): avc: denied { map } for path="/dev/__properties__/u:object_r:vendor_boot_mode_prop:s0" dev="tmpfs" ino=3482 scontext=u:r:crash_dump:s0 tcontext=u:object_r:vendor_boot_mode_prop:s0 tclass=file permissive=1
03-14 03:51:08.243 2770 2770 I auditd : type=1400 audit(0.0:798): avc: denied { open } for comm="crash_dump64" path="/dev/__properties__/u:object_r:vendor_bluetooth_prop:s0" dev="tmpfs" ino=3481 scontext=u:r:crash_dump:s0 tcontext=u:object_r:vendor_bluetooth_prop:s0 tclass=file permissive=1
03-14 03:51:08.243 2770 2770 I crash_dump64: type=1400 audit(0.0:798): avc: denied { open } for path="/dev/__properties__/u:object_r:vendor_bluetooth_prop:s0" dev="tmpfs" ino=3481 scontext=u:r:crash_dump:s0 tcontext=u:object_r:vendor_bluetooth_prop:s0 tclass=file permissive=1
03-14 03:51:08.243 2770 2770 I auditd : type=1400 audit(0.0:799): avc: denied { getattr } for comm="crash_dump64" path="/dev/__properties__/u:object_r:vendor_bluetooth_prop:s0" dev="tmpfs" ino=3481 scontext=u:r:crash_dump:s0 tcontext=u:object_r:vendor_bluetooth_prop:s0 tclass=file permissive=1
03-14 03:51:08.243 2770 2770 I crash_dump64: type=1400 audit(0.0:799): avc: denied { getattr } for path="/dev/__properties__/u:object_r:vendor_bluetooth_prop:s0" dev="tmpfs" ino=3481 scontext=u:r:crash_dump:s0 tcontext=u:object_r:vendor_bluetooth_prop:s0 tclass=file permissive=1
03-14 03:51:08.243 2770 2770 I auditd : type=1400 audit(0.0:800): avc: denied { map } for comm="crash_dump64" path="/dev/__properties__/u:object_r:vendor_bluetooth_prop:s0" dev="tmpfs" ino=3481 scontext=u:r:crash_dump:s0 tcontext=u:object_r:vendor_bluetooth_prop:s0 tclass=file permissive=1
03-14 03:51:08.243 2770 2770 I crash_dump64: type=1400 audit(0.0:800): avc: denied { map } for path="/dev/__properties__/u:object_r:vendor_bluetooth_prop:s0" dev="tmpfs" ino=3481 scontext=u:r:crash_dump:s0 tcontext=u:object_r:vendor_bluetooth_prop:s0 tclass=file permissive=1
03-14 03:51:08.284 2768 2768 I Perf : Connecting to perf service.
03-14 03:51:08.243 2770 2770 I auditd : type=1400 audit(0.0:801): avc: denied { open } for comm="crash_dump64" path="/dev/__properties__/u:object_r:vendor_audio_prop:s0" dev="tmpfs" ino=3480 scontext=u:r:crash_dump:s0 tcontext=u:object_r:vendor_audio_prop:s0 tclass=file permissive=1
03-14 03:51:08.243 2770 2770 I crash_dump64: type=1400 audit(0.0:801): avc: denied { open } for path="/dev/__properties__/u:object_r:vendor_audio_prop:s0" dev="tmpfs" ino=3480 scontext=u:r:crash_dump:s0 tcontext=u:object_r:vendor_audio_prop:s0 tclass=file permissive=1
03-14 03:51:08.243 2770 2770 I auditd : type=1400 audit(0.0:802): avc: denied { getattr } for comm="crash_dump64" path="/dev/__properties__/u:object_r:vendor_audio_prop:s0" dev="tmpfs" ino=3480 scontext=u:r:crash_dump:s0 tcontext=u:object_r:vendor_audio_prop:s0 tclass=file permissive=1
03-14 03:51:08.243 2770 2770 I crash_dump64: type=1400 audit(0.0:802): avc: denied { getattr } for path="/dev/__properties__/u:object_r:vendor_audio_prop:s0" dev="tmpfs" ino=3480 scontext=u:r:crash_dump:s0 tcontext=u:object_r:vendor_audio_prop:s0 tclass=file permissive=1
03-14 03:51:08.284 2767 2767 D vold_prepare_subdirs: Setting up mode 700 uid 1000 gid 1000 context u:object_r:face_vendor_data_file:s0 on path: /data/vendor_ce/0/facedata
03-14 03:51:08.247 2770 2770 I auditd : type=1400 audit(0.0:803): avc: denied { open } for comm="crash_dump64" path="/dev/__properties__/u:object_r:vendor_alarm_boot_prop:s0" dev="tmpfs" ino=3479 scontext=u:r:crash_dump:s0 tcontext=u:object_r:vendor_alarm_boot_prop:s0 tclass=file permissive=1
03-14 03:51:08.247 2770 2770 I crash_dump64: type=1400 audit(0.0:803): avc: denied { open } for path="/dev/__properties__/u:object_r:vendor_alarm_boot_prop:s0" dev="tmpfs" ino=3479 scontext=u:r:crash_dump:s0 tcontext=u:object_r:vendor_alarm_boot_prop:s0 tclass=file permissive=1
03-14 03:51:08.247 2770 2770 I auditd : type=1400 audit(0.0:804): avc: denied { getattr } for comm="crash_dump64" path="/dev/__properties__/u:object_r:vendor_alarm_boot_prop:s0" dev="tmpfs" ino=3479 scontext=u:r:crash_dump:s0 tcontext=u:object_r:vendor_alarm_boot_prop:s0 tclass=file permissive=1
03-14 03:51:08.247 2770 2770 I crash_dump64: type=1400 audit(0.0:804): avc: denied { getattr } for path="/dev/__properties__/u:object_r:vendor_alarm_boot_prop:s0" dev="tmpfs" ino=3479 scontext=u:r:crash_dump:s0 tcontext=u:object_r:vendor_alarm_boot_prop:s0 tclass=file permissive=1
