03-14 03:51:08.710 862 3066 I vendor.qti.bluetooth@1.0-ibs_handler: ProcessIbsCmd: Received IBS_WAKE_ACK: 0xFC
03-14 03:51:08.710 862 3066 I vendor.qti.bluetooth@1.0-ibs_handler: ProcessIbsCmd: Signal wack_cond_
03-14 03:51:08.710 862 862 D vendor.qti.bluetooth@1.0-ibs_handler: DeviceWakeUp: Unblocked from waiting for FC, pthread_cond_timedwait ret = 0
03-14 03:51:08.710 1355 2591 E ANDR-IOP: IIop:: Iop HAL Service is not available.
03-14 03:51:08.712 2789 2798 I adbd : jdwp connection from 3083
03-14 03:51:08.712 782 2173 I am_proc_bound: [0,3083,com.android.traceur]
03-14 03:51:08.713 3061 3061 V GraphicsEnvironment: ANGLE Developer option for 'com.qualcomm.qti.qccnetstat' set to: 'default'
03-14 03:51:08.713 3061 3061 V GraphicsEnvironment: ANGLE GameManagerService for com.qualcomm.qti.qccnetstat: false
03-14 03:51:08.714 782 2173 D CompatibilityChangeReporter: Compat change id reported: 168419799; UID 10021; state: DISABLED
03-14 03:51:08.714 782 2173 D CompatibilityInfo: mCompatibilityFlags - 4
03-14 03:51:08.714 782 2173 D CompatibilityInfo: applicationDensity - 240
03-14 03:51:08.714 782 2173 D CompatibilityInfo: applicationScale - 1.0
03-14 03:51:08.716 862 3154 D vendor.qti.bluetooth@1.0-data_handler: operator(): Resetting Rx thread stuck prop
03-14 03:51:08.716 998 1034 E ANDR-PERF-XMLPARSER: Could not access the XML file at /vendor/etc/perf/perfmapping.xml
03-14 03:51:08.717 1656 2967 D QSEECOMAPI: Loaded image: APP id = 8
03-14 03:51:08.717 782 2173 I am_uid_active: 10021
03-14 03:51:08.717 3078 3078 D ProcessState: Binder ioctl to enable oneway spam detection failed: Invalid argument
03-14 03:51:08.719 782 2173 D CompatibilityInfo: mCompatibilityFlags - 4
03-14 03:51:08.719 782 2173 D CompatibilityInfo: applicationDensity - 240
03-14 03:51:08.719 782 2173 D CompatibilityInfo: applicationScale - 1.0
03-14 03:51:08.720 2789 2798 I adbd : jdwp connection from 3078
03-14 03:51:08.720 782 2149 I am_proc_bound: [0,3080,com.android.providers.media.module]
03-14 03:51:08.720 3061 3061 D NetworkSecurityConfig: Using Network Security Config from resource network_security_config debugBuild: false
03-14 03:51:08.721 782 2149 D CompatibilityChangeReporter: Compat change id reported: 168419799; UID 10091; state: DISABLED
03-14 03:51:08.721 782 2149 D CompatibilityInfo: mCompatibilityFlags - 4
03-14 03:51:08.721 782 2149 D CompatibilityInfo: applicationDensity - 240
03-14 03:51:08.721 3061 3061 D NetworkSecurityConfig: Using Network Security Config from resource network_security_config debugBuild: false
03-14 03:51:08.721 782 2149 D CompatibilityInfo: applicationScale - 1.0
03-14 03:51:08.722 2965 2965 I Perf : Connecting to perf service.
03-14 03:51:08.723 3100 3100 D ProcessState: Binder ioctl to enable oneway spam detection failed: Invalid argument
03-14 03:51:08.723 862 3154 D vendor.qti.bluetooth@1.0-data_handler: operator(): Resetting Rx thread stuck prop completed
03-14 03:51:08.723 1656 2967 I QFP : qsc_start_app: Loading app [fingerpr] succeeded
03-14 03:51:08.723 1656 2967 I QFP : openFramework: entry with eeprom_buffer_size=0
03-14 03:51:08.723 782 2149 I am_uid_active: 10091
03-14 03:51:08.725 3061 3061 I QCC-Netstat: qccnetstat initiated
03-14 03:51:08.726 2789 2798 I adbd : jdwp connection from 3100
03-14 03:51:08.729 3061 3061 D QCC-Netstats:native: JNI_OnLoad()
03-14 03:51:08.729 3061 3061 I QCC-NetstatCollector: Loaded libqcc_netstats.so
03-14 03:51:08.729 3061 3061 I QCC-NetstatCollector: init
03-14 03:51:08.730 3061 3061 D QCC-NetstatCollector: QCCNetstatCollectServerSocket()
03-14 03:51:08.730 3061 3061 D QCC-NetstatCollector: QCCNetstatCollectServerSocket() address qdma_app.qdma-netstat
03-14 03:51:08.731 3061 3179 D QCC-NetstatCollector: QCCNetstatCollectServerSocket recv thread start
03-14 03:51:08.731 3061 3179 D QCC-NetstatCollector: QCCNetstatCollectServerSocket begins to accept()
03-14 03:51:08.732 998 1034 E ANDR-PERF-XMLPARSER: Could not access the XML file at /vendor/etc/perf/targetsysnodesconfigs.xml
03-14 03:51:08.732 3083 3083 D CompatibilityChangeReporter: Compat change id reported: 171979766; UID 10021; state: ENABLED
03-14 03:51:08.733 3033 3033 I Perf : Connecting to perf service.
03-14 03:51:08.733 3011 3011 I Perf : Connecting to perf service.
03-14 03:51:08.733 782 2952 V BackupManagerConstants: getKeyValueBackupIntervalMilliseconds(...) returns 14400000
03-14 03:51:08.733 782 2952 V BackupManagerConstants: getKeyValueBackupFuzzMilliseconds(...) returns 600000
03-14 03:51:08.733 782 2952 V BackupManagerConstants: getKeyValueBackupRequiredNetworkType(...) returns 1
03-14 03:51:08.733 782 2952 V BackupManagerConstants: getKeyValueBackupRequireCharging(...) returns true
03-14 03:51:08.733 782 2952 V KeyValueBackupJob: Scheduling k/v pass in 245 minutes
03-14 03:51:08.735 514 514 I hwservicemanager: Since vendor.qti.hardware.iop@2.0::IIop/default is not registered, trying to start it as a lazy HAL.
03-14 03:51:08.736 782 2149 D CompatibilityInfo: mCompatibilityFlags - 4
03-14 03:51:08.736 782 2149 D CompatibilityInfo: applicationDensity - 240
03-14 03:51:08.736 782 2149 D CompatibilityInfo: applicationScale - 1.0
03-14 03:51:08.736 2646 3135 I AdrenoGLES-0: QUALCOMM build : 47421dbee6, I139f36ad46
03-14 03:51:08.736 2646 3135 I AdrenoGLES-0: Build Date : 02/18/22
03-14 03:51:08.736 2646 3135 I AdrenoGLES-0: OpenGL ES Shader Compiler Version: EV031.32.02.17
03-14 03:51:08.736 2646 3135 I AdrenoGLES-0: Local Branch :
03-14 03:51:08.736 2646 3135 I AdrenoGLES-0: Remote Branch :
03-14 03:51:08.736 2646 3135 I AdrenoGLES-0: Remote Branch :
03-14 03:51:08.736 2646 3135 I AdrenoGLES-0: Reconstruct Branch :
03-14 03:51:08.736 2646 3135 I AdrenoGLES-0: Build Config : S P 10.0.7 AArch64
03-14 03:51:08.736 2646 3135 I AdrenoGLES-0: Driver Path : /vendor/lib64/egl/libGLESv2_adreno.so
03-14 03:51:08.736 782 2144 I am_proc_bound: [0,3100,com.qualcomm.location.XT]
03-14 03:51:08.737 2001 3120 D bt_controller: start_up read local simple pairing options
03-14 03:51:08.738 3080 3080 D CompatibilityChangeReporter: Compat change id reported: 171979766; UID 10091; state: DISABLED
03-14 03:51:08.738 2001 3120 D bt_controller: start_up simple pairing options is 0x1
03-14 03:51:08.738 2001 3120 W bt_device_profile: rf_path_loss_values_fetch:profile 6
03-14 03:51:08.738 2001 3120 W bt_device_profile: rf_path_loss_values_fetch:RF_TX_PATH_COMPENSATION_VALUE found, tx value : 0
03-14 03:51:08.738 2001 3120 W bt_device_profile: rf_path_loss_values_fetch:profile 6
03-14 03:51:08.738 2001 3120 W bt_device_profile: rf_path_loss_values_fetch:RF_RX_PATH_COMPENSATION_VALUE found, rx value : 0
03-14 03:51:08.738 998 1034 E ANDR-PERF-TARGET-INIT: Error reading KPM nodes. Does KPM exist
03-14 03:51:08.739 2001 3120 D bt_controller: start_up HCI write RF compensation tx value : 0, rx value : 0
03-14 03:51:08.739 2001 3120 I bt_config_store: getHostAddOnFeatures
03-14 03:51:08.739 998 1034 E ANDR-PERF-OPTSDATA: Couldn't find path for idx=69
03-14 03:51:08.739 998 1034 E ANDR-PERF-OPTSDATA: Couldn't find path for idx=115
03-14 03:51:08.739 998 1034 E ANDR-PERF-OPTSDATA: Couldn't find path for idx=145
03-14 03:51:08.739 998 1034 E ANDR-PERF-OPTSDATA: Couldn't find path for idx=146
03-14 03:51:08.739 998 1034 E ANDR-PERF-OPTSDATA: Couldn't find path for idx=147
03-14 03:51:08.739 998 1034 E ANDR-PERF-OPTSHANDLER: Error: Sched Frequency Aggregation support not present
03-14 03:51:08.740 3033 3033 V GraphicsEnvironment: ANGLE Developer option for 'com.qualcomm.qti.services.systemhelper' set to: 'default'
03-14 03:51:08.740 3011 3011 V GraphicsEnvironment: ANGLE Developer option for 'com.hryt.hiphishowfsecontrol' set to: 'default'
03-14 03:51:08.741 782 2144 D CompatibilityChangeReporter: Compat change id reported: 168419799; UID 10071; state: DISABLED
03-14 03:51:08.741 3033 3033 V GraphicsEnvironment: ANGLE GameManagerService for com.qualcomm.qti.services.systemhelper: false
03-14 03:51:08.741 782 2144 D CompatibilityInfo: mCompatibilityFlags - 4
03-14 03:51:08.741 782 2144 D CompatibilityInfo: applicationDensity - 240
03-14 03:51:08.741 782 2144 D CompatibilityInfo: applicationScale - 1.0
03-14 03:51:08.741 1355 2591 E ANDR-IOP: IIop:: Iop HAL Service is not available.
03-14 03:51:08.742 514 514 I hwservicemanager: getTransport: Cannot find entry android.hardware.graphics.mapper@4.0::IMapper/default in either framework or device VINTF manifest.
03-14 03:51:08.742 3011 3011 V GraphicsEnvironment: ANGLE GameManagerService for com.hryt.hiphishowfsecontrol: false
03-14 03:51:08.742 514 514 I hwservicemanager: getTransport: Cannot find entry vendor.qti.memory.pasrmanager@1.1::IPasrManager/pasrhal in either framework or device VINTF manifest.
03-14 03:51:08.742 3033 3033 D NetworkSecurityConfig: No Network Security Config specified, using platform default
03-14 03:51:08.742 3033 3033 D NetworkSecurityConfig: No Network Security Config specified, using platform default
03-14 03:51:08.743 782 2144 I am_uid_active: 10071
03-14 03:51:08.743 782 2144 D CompatibilityInfo: mCompatibilityFlags - 4
03-14 03:51:08.743 782 2144 D CompatibilityInfo: applicationDensity - 240
03-14 03:51:08.743 782 2144 D CompatibilityInfo: applicationScale - 1.0
03-14 03:51:08.744 862 862 D vendor.qti.bluetooth@1.0-data_handler: isProtocolInitialized:
03-14 03:51:08.744 862 862 I vendor.qti.bluetooth@1.0-data_handler: isProtocolInitialized: status:1
03-14 03:51:08.744 862 862 I vendor.qti.hardware.btconfigstore@2.0-BTConfigStore: getHostAddOnFeatures: 0x0
03-14 03:51:08.744 2001 3120 I bt_config_store: getHostAddOnFeatures:: halResult = 1
03-14 03:51:08.744 2001 3120 I bt_config_store: getControllerAddOnFeatures
03-14 03:51:08.745 782 2190 I am_proc_bound: [0,3078,com.qualcomm.qti.workloadclassifier]
03-14 03:51:08.745 514 514 I hwservicemanager: Since vendor.qti.hardware.iop@2.0::IIop/default is not registered, trying to start it as a lazy HAL.
03-14 03:51:08.745 1355 2591 E ANDR-IOP: IIop:: Iop HAL Service is not available.
03-14 03:51:08.745 2789 2798 I adbd : jdwp connection from 2222
03-14 03:51:08.745 2789 2798 I adbd : jdwp connection from 2646
03-14 03:51:08.745 2789 2798 I adbd : jdwp connection from 2680
03-14 03:51:08.745 2789 2798 I adbd : jdwp connection from 2321
03-14 03:51:08.745 2789 2798 I adbd : jdwp connection from 2481
03-14 03:51:08.745 2789 2798 I adbd : jdwp connection from 2362
03-14 03:51:08.745 2789 2798 I adbd : jdwp connection from 2492
03-14 03:51:08.745 2789 2798 I adbd : jdwp connection from 2295
03-14 03:51:08.746 2789 2798 I adbd : jdwp connection from 2209
03-14 03:51:08.746 2789 2798 I adbd : jdwp connection from 2264
03-14 03:51:08.746 2789 2798 I adbd : jdwp connection from 2006
03-14 03:51:08.746 2789 2798 I adbd : jdwp connection from 2501
03-14 03:51:08.746 2789 2798 I adbd : jdwp connection from 782
03-14 03:51:08.746 2789 2798 I adbd : jdwp connection from 2549
03-14 03:51:08.746 2789 2798 I adbd : jdwp connection from 2257
03-14 03:51:08.746 2789 2798 I adbd : jdwp connection from 2462
03-14 03:51:08.746 2646 3135 I AdrenoGLES-0: PFP: 0x016dd093, ME: 0x00000000
03-14 03:51:08.746 2789 2798 I adbd : jdwp connection from 2347
03-14 03:51:08.746 2789 2798 I adbd : jdwp connection from 2118
03-14 03:51:08.746 3100 3100 D CompatibilityChangeReporter: Compat change id reported: 171979766; UID 10071; state: DISABLED
03-14 03:51:08.746 1622 1629 E tlogd : [TzLogger](isPathReadable) file /sys/kernel/debug/tzdbg/qsee_log isn't exist or no permission, err: No such file or directory
03-14 03:51:08.746 1622 1629 E tlogd : [TzLogger](saveTzlogAsync) /sys/kernel/debug/tzdbg/qsee_log can not read.
03-14 03:51:08.746 1622 1629 E tlogd : [TzLogger](isPathReadable) file /sys/kernel/debug/tzdbg/log isn't exist or no permission, err: No such file or directory
03-14 03:51:08.746 1622 1629 E tlogd : [TzLogger](saveTzlogAsync) /sys/kernel/debug/tzdbg/log can not read.
03-14 03:51:08.746 862 862 D vendor.qti.bluetooth@1.0-data_handler: isProtocolInitialized:
03-14 03:51:08.746 862 862 I vendor.qti.bluetooth@1.0-data_handler: isProtocolInitialized: status:1
03-14 03:51:08.746 862 862 I vendor.qti.hardware.btconfigstore@2.0-BTConfigStore: getControllerAddOnFeatures: 0x6df8924510
03-14 03:51:08.746 2001 3120 I bt_config_store: getControllerAddOnFeatures:: halResult = 0
03-14 03:51:08.747 2001 3120 I bt_config_store: getControllerAddOnFeatures:: product_id = 16, version = 1, feat_mask_len = 5 features data: 0x1c 0xfd 0x7f 0xe 0x1
03-14 03:51:08.748 2001 3120 I bt_core_module: module_start_up Started module "controller_module"
03-14 03:51:08.748 2001 3120 W bt_osi_thread: run_thread: thread id 3120, thread name module_wrapper exited
03-14 03:51:08.748 2001 3101 V bt_stack: [VERBOSE1:connection_manager.cc(198)] reset : after_reset1
03-14 03:51:08.748 2001 3101 W bt_btm : btm_decode_ext_features_page: feature page 1 ignored
03-14 03:51:08.748 2001 3101 W bt_btm : btm_decode_ext_features_page: feature page 2 ignored
03-14 03:51:08.748 2001 3116 I bt_btm_sec: BTM_SecRegister p_cb_info->p_le_callback == 0x0x70d8a462f0
03-14 03:51:08.748 2001 3116 I bt_btm_sec: BTM_SecRegister btm_cb.api.p_le_callback = 0x0x70d8a462f0
03-14 03:51:08.748 782 2190 D CompatibilityChangeReporter: Compat change id reported: 168419799; UID 10079; state: DISABLED
03-14 03:51:08.748 782 2190 D CompatibilityInfo: mCompatibilityFlags - 4
03-14 03:51:08.748 782 2190 D CompatibilityInfo: applicationDensity - 240
03-14 03:51:08.748 782 2190 D CompatibilityInfo: applicationScale - 1.0
03-14 03:51:08.749 1554 1565 D LOWI-9.0.0.87.a: [LOWINetlinkSocketReceiver] unpackRTMLinkMessage: RTM_NEWLINK - ifname vlan1, flags 0x1003 ([UP])
03-14 03:51:08.749 2001 3116 V bt_stack: [VERBOSE1:bta_gattc_act.cc(210)] bta_gattc_register: state:0
03-14 03:51:08.749 2001 3116 V bt_stack: [VERBOSE1:bta_gattc_act.cc(132)] bta_gattc_enable
03-14 03:51:08.749 2001 3116 I bt_stack: [INFO:gatt_api.cc(1223)] GATT_Register 8644dae5-bb97-b834-68fd-4e6fa945af5b
03-14 03:51:08.749 2001 3116 I bt_stack: [INFO:gatt_api.cc(1244)] allocated gatt_if=3
03-14 03:51:08.749 2001 3116 V bt_stack: [VERBOSE1:gatt_api.cc(1369)] GATT_StartIf gatt_if=3
03-14 03:51:08.749 2001 3116 V bt_stack: [VERBOSE1:gatt_utils.cc(293)] gatt_find_the_connected_bda start_idx=0
03-14 03:51:08.749 2001 3116 V bt_stack: [VERBOSE1:gatt_utils.cc(305)] found=0 found_idx=5
03-14 03:51:08.749 918 1040 I libdisplayconfigqti: Register client name: MPCTL998 device client: 0xb4000074bbca5cc0
03-14 03:51:08.750 782 2190 I am_uid_active: 10079
03-14 03:51:08.751 3078 3078 D CompatibilityChangeReporter: Compat change id reported: 171979766; UID 10079; state: ENABLED
03-14 03:51:08.754 2646 3135 D libEGL : MSAA-->msaa:0 gamemode:0 4x_msaa:0
03-14 03:51:08.754 998 3186 E ANDR-PERF-MPCTL: before pthread_cond_wait 1800, chk_core_online_poll
03-14 03:51:08.754 2646 3135 D libEGL : MSAA-->msaa:0 gamemode:0 4x_msaa:0
03-14 03:51:08.754 3011 3011 D NetworkSecurityConfig: Using Network Security Config from resource network_config debugBuild: false
03-14 03:51:08.754 2646 3135 D libEGL : MSAA-->msaa:0 gamemode:0 4x_msaa:0
03-14 03:51:08.757 2965 2965 V GraphicsEnvironment: ANGLE Developer option for 'com.hht.lebocast' set to: 'default'
03-14 03:51:08.758 2965 2965 V GraphicsEnvironment: ANGLE GameManagerService for com.hht.lebocast: false
03-14 03:51:08.759 782 872 I am_uid_running: 10017
03-14 03:51:08.760 551 558 D DrmLibTime: got the req here! ret=0
03-14 03:51:08.760 551 558 D DrmLibTime: command id, time_cmd_id = 770
03-14 03:51:08.760 551 558 D DrmLibTime: time_getutcsec starts!
03-14 03:51:08.760 551 558 D DrmLibTime: QSEE Time Listener: time_getutcsec
03-14 03:51:08.760 551 558 D DrmLibTime: QSEE Time Listener: get_utc_seconds
03-14 03:51:08.760 551 558 D DrmLibTime: QSEE Time Listener: time_get_modem_time
03-14 03:51:08.760 551 558 D DrmLibTime: QSEE Time Listener: Checking if ATS_MODEM is set or not.
03-14 03:51:08.760 551 558 D QC-time-services: Lib:time_genoff_operation: pargs->base = 13
03-14 03:51:08.760 551 558 D QC-time-services: Lib:time_genoff_operation: pargs->operation = 2
03-14 03:51:08.760 551 558 D QC-time-services: Lib:time_genoff_operation: pargs->ts_val = 0
03-14 03:51:08.760 782 872 D CompatibilityChangeReporter: Compat change id reported: 135634846; UID 10017; state: DISABLED
03-14 03:51:08.760 551 558 D QC-time-services: Lib:time_genoff_operation: Send to server passed!!
03-14 03:51:08.760 782 872 D CompatibilityChangeReporter: Compat change id reported: 177438394; UID 10017; state: DISABLED
03-14 03:51:08.760 782 872 D CompatibilityChangeReporter: Compat change id reported: 135772972; UID 10017; state: DISABLED
03-14 03:51:08.760 782 872 D CompatibilityChangeReporter: Compat change id reported: 135754954; UID 10017; state: ENABLED
03-14 03:51:08.761 2321 2530 I Tethering: USB bcast connected:true configured:false rndis:false ncm:false
03-14 03:51:08.761 782 873 D CompatibilityChangeReporter: Compat change id reported: 143937733; UID 10017; state: ENABLED
03-14 03:51:08.761 782 822 I EthernetTracker: interfaceLinkStateChanged, iface: vlan1, up: false
03-14 03:51:08.762 648 1123 D QC-time-services: Daemon: Connection accepted:time_genoff
03-14 03:51:08.762 3100 3100 W omm.location.X: ClassLoaderContext shared library size mismatch. Expected=0, found=1 (PCL[] | PCL[]{PCL[/system/system_ext/framework/izat.xt.srv.jar*844606969]})
03-14 03:51:08.762 2789 2798 I adbd : jdwp connection from 2513
03-14 03:51:08.762 2789 2798 I adbd : jdwp connection from 2439
03-14 03:51:08.762 2789 2798 I adbd : jdwp connection from 2389
03-14 03:51:08.762 2789 2798 I adbd : jdwp connection from 2436
03-14 03:51:08.762 2789 2798 I adbd : jdwp connection from 2216
03-14 03:51:08.762 2789 2798 I adbd : jdwp connection from 2001
03-14 03:51:08.763 918 1040 I SDM : HWCDisplay::GetColorModeCount: Supported color mode count = 1
03-14 03:51:08.763 918 1040 I SDM : HWCDisplay::GetColorModes: Color mode = 0 is supported
03-14 03:51:08.763 1089 1155 E HWComposer: getSupportedContentTypes: getSupportedContentTypes failed for display 4630946370410392961: Unsupported (8)
03-14 03:51:08.763 1518 1527 E cnss-daemon: wlfw_qmi_ind_cb: Receive Ind : 0x2a
03-14 03:51:08.764 2965 2965 D NetworkSecurityConfig: No Network Security Config specified, using platform default
03-14 03:51:08.765 2965 2965 D NetworkSecurityConfig: No Network Security Config specified, using platform default
03-14 03:51:08.766 648 3188 D QC-time-services: Daemon:Received base = 13, unit = 1, operation = 2,value = 0
03-14 03:51:08.766 648 3188 D QC-time-services: Daemon:genoff_opr: Base = 13, val = 0, operation = 2
03-14 03:51:08.766 648 3188 D QC-time-services: offset is: 0 for base: 13
03-14 03:51:08.766 551 558 E QC-time-services: Receive Passed == base = 13, unit = 1, operation = 2, result = 0
03-14 03:51:08.766 551 558 D DrmLibTime: QSEE Time Listener: ATS_MODEM is not set. Fallback to Android system time.
03-14 03:51:08.766 551 558 D DrmLibTime: QSEE Time Listener: Retrieved Android system time: 1678737068
03-14 03:51:08.766 551 558 D DrmLibTime: time_getutcsec returns 0, sec = 1678737068; nsec = 0
03-14 03:51:08.766 551 558 D DrmLibTime: time_getutcsec finished!
03-14 03:51:08.766 551 558 D DrmLibTime: iotcl_continue_command finished! and return 0
03-14 03:51:08.766 551 558 D DrmLibTime: before calling ioctl to read the next time_cmd
03-14 03:51:08.767 695 695 D Zygote : Forked child process 3192
03-14 03:51:08.768 648 1123 E QC-time-services: Daemon: Time-services: Waiting to acceptconnection
03-14 03:51:08.768 782 873 I am_proc_start: [0,3192,10017,android.process.media,broadcast,{com.android.mtp/com.android.mtp.MtpReceiver}]
03-14 03:51:08.768 782 873 I ActivityManager: Start proc 3192:android.process.media/u0a17 for broadcast {com.android.mtp/com.android.mtp.MtpReceiver}
03-14 03:51:08.768 514 3139 W libc : Unable to set property "ctl.interface_start" to "vendor.qti.hardware.iop@2.0::IIop/default": error code: 0x20
03-14 03:51:08.768 514 3139 I hwservicemanager: Tried to start vendor.qti.hardware.iop@2.0::IIop/default as a lazy service, but was unable to. Usually this happens when a service is not installed, but if the service is intended to be used as a lazy service, then it may be configured incorrectly.
03-14 03:51:08.768 514 3185 W libc : Unable to set property "ctl.interface_start" to "vendor.qti.hardware.iop@2.0::IIop/default": error code: 0x20
03-14 03:51:08.768 3011 3011 D NetworkSecurityConfig: Using Network Security Config from resource network_config debugBuild: false
03-14 03:51:08.769 514 3185 I hwservicemanager: Tried to start vendor.qti.hardware.iop@2.0::IIop/default as a lazy service, but was unable to. Usually this happens when a service is not installed, but if the service is intended to be used as a lazy service, then it may be configured incorrectly.
01-01 08:00:42.141 0 0 E init : Control message: Could not find 'vendor.qti.hardware.iop@2.0::IIop/default' for ctl.interface_start from pid: 514 (/system/bin/hwservicemanager)
01-01 08:00:42.144 0 0 I android_work: sent uevent USB_STATE=CONNECTED
01-01 08:00:42.158 0 0 W cnss-daemon: wlfw_qmi_ind_cb: Receive Ind : 0x2a
01-01 08:00:42.159 0 0 E DTC_ETH,link_delay_work_func: 3003, SQI=0, link=0
01-01 08:00:42.160 0 0 I binder : 2646:3135 ioctl 40046210 70d88b2254 returned -22
01-01 08:00:42.163 0 0 E init : Control message: Could not find 'vendor.qti.hardware.iop@2.0::IIop/default' for ctl.interface_start from pid: 514 (/system/bin/hwservicemanager)
01-01 08:00:42.163 0 0 E init : Control message: Could not find 'vendor.qti.hardware.iop@2.0::IIop/default' for ctl.interface_start from pid: 514 (/system/bin/hwservicemanager)
03-14 03:51:08.771 514 3181 W libc : Unable to set property "ctl.interface_start" to "vendor.qti.hardware.iop@2.0::IIop/default": error code: 0x20
03-14 03:51:08.771 514 3181 I hwservicemanager: Tried to start vendor.qti.hardware.iop@2.0::IIop/default as a lazy service, but was unable to. Usually this happens when a service is not installed, but if the service is intended to be used as a lazy service, then it may be configured incorrectly.
03-14 03:51:08.774 514 514 I hwservicemanager: Since vendor.qti.hardware.iop@2.0::IIop/default is not registered, trying to start it as a lazy HAL.
03-14 03:51:08.775 1355 2591 E ANDR-IOP: IIop:: Iop HAL Service is not available.
03-14 03:51:08.775 2001 3116 V bt_stack: [VERBOSE1:ble_advertiser_hci_interface.cc(943)] Initialize
03-14 03:51:08.775 2001 3116 I bt_stack: [INFO:ble_advertiser_hci_interface.cc(947)] Extended advertising will be in use
03-14 03:51:08.776 2001 2319 D AdapterProperties: BT_PROPERTY_LOCAL_LE_FEATURES: update from BT controller mNumOfAdvertisementInstancesSupported = 16 mRpaOffloadSupported = true mNumOfOffloadedIrkSupported = 32 mNumOfOffloadedScanFilterSupported = 32 mOffloadedScanResultStorageBytes= 10240 mIsActivityAndEnergyReporting = true mVersSupported = 96 mTotNumOfTrackableAdv = 32 mIsExtendedScanSupported = true mIsDebugLogSupported = false mIsLe2MPhySupported = true mIsLeCodedPhySupported = true mIsLeExtendedAdvertisingSupported = true mIsLePeriodicAdvertisingSupported = true mLeMaximumAdvertisingDataLength = 1650 mDynamicAudioBufferSizeSupportedCodecsGroup1 = 0 mDynamicAudioBufferSizeSupportedCodecsGroup2 = 0
01-01 08:00:42.176 0 0 E msm-dwc3 a600000.ssusb: Could not get usb psy
03-14 03:51:08.777 2001 2319 E bt_btif_storage: btif_storage_get_adapter_property: Controller ready!
03-14 03:51:08.777 2001 2319 I bt_btif_storage: btif_storage_get_adapter_property service_mask:0x20000000
03-14 03:51:08.778 2001 2319 D AdapterProperties: Address is:22:22:1B:F2:96:A1
03-14 03:51:08.779 2001 2319 D AdapterProperties: Name is: 高合娱乐副屏
03-14 03:51:08.780 2001 2319 D AdapterProperties: Scan Mode:20
03-14 03:51:08.780 2001 2319 D AdapterProperties: Discoverable Timeout:120
03-14 03:51:08.780 2001 2319 E BluetoothVendorJni: adapter_vendor_properties_callback: Status is: 0, Properties: 1
03-14 03:51:08.780 2001 2319 D BluetoothVendorService: Property type: 5
03-14 03:51:08.780 2001 2319 D AdapterProperties: BT_PROPERTY_ADD_ON_FEATURES: update from BT controller
03-14 03:51:08.780 2001 2319 D AdapterProperties: mWiPowerFastbootEnabled = false
03-14 03:51:08.780 2001 2319 D AdapterProperties: SplitA2DPScrambleDataRequired = false
03-14 03:51:08.780 2001 2319 D AdapterProperties: mSplitA2DP44p1KhzSampleFreq = true
03-14 03:51:08.780 2001 2319 D AdapterProperties: mSplitA2DP48KhzSampleFreq = true
03-14 03:51:08.780 2001 2319 D AdapterProperties: mSplitA2DPSingleVSCommandSupport = true
03-14 03:51:08.780 2001 2319 D AdapterProperties: mSplitA2DPSourceSBCEncoding = false
03-14 03:51:08.780 2001 2319 D AdapterProperties: mSplitA2DPSourceSBC = true
03-14 03:51:08.780 2001 2319 D AdapterProperties: mSplitA2DPSourceMP3 = false
03-14 03:51:08.780 2001 2319 D AdapterProperties: mSplitA2DPSourceAAC = true
03-14 03:51:08.780 2001 2319 D AdapterProperties: mSplitA2DPSourceLDAC = true
03-14 03:51:08.780 2001 2319 D AdapterProperties: mSplitA2DPSourceAPTX = true
03-14 03:51:08.780 2001 2319 D AdapterProperties: mSplitA2DPSourceAPTXHD = true
03-14 03:51:08.780 2001 2319 D AdapterProperties: mSplitA2DPSourceAPTXADAPTIVE = true
03-14 03:51:08.780 2001 2319 D AdapterProperties: mSplitA2DPSourceAPTXTWSPLUS = true
03-14 03:51:08.780 2001 2319 D AdapterProperties: mSplitA2DPSinkSBC = true
03-14 03:51:08.780 2001 2319 D AdapterProperties: mSplitA2DPSinkMP3 = true
03-14 03:51:08.780 2001 2319 D AdapterProperties: mSplitA2DPSinkAAC = true
03-14 03:51:08.780 2001 2319 D AdapterProperties: mSplitA2DPSinkLDAC = true
03-14 03:51:08.780 2001 2319 D AdapterProperties: mSplitA2DPSinkAPTX = true
03-14 03:51:08.780 2001 2319 D AdapterProperties: mSplitA2DPSinkAPTXHD = true
03-14 03:51:08.780 2001 2319 D AdapterProperties: mSplitA2DPSinkAPTXADAPTIVE = true
03-14 03:51:08.780 2001 2319 D AdapterProperties: mSplitA2DPSinkAPTXTWSPLUS = false
03-14 03:51:08.780 2001 2319 D AdapterProperties: mVoiceDualSCO = false
03-14 03:51:08.780 2001 2319 D AdapterProperties: mVoiceTWSPLUSeSCOAG = true
03-14 03:51:08.780 2001 2319 D AdapterProperties: mSWBVoicewithAptxAdaptiveAG = true
03-14 03:51:08.780 2001 2319 D AdapterProperties: SplitA2DPSourceAACABR = false
03-14 03:51:08.780 2001 2319 D AdapterProperties: SplitA2DPSourceTxSplitAPTXADAPTIVE = false
03-14 03:51:08.780 2001 2319 D AdapterProperties: BroadcastAudioTxwithEC_2_5 = true
03-14 03:51:08.780 2001 2319 D AdapterProperties: mBroadcastAudioTxwithEC_3_9 = false
03-14 03:51:08.780 2001 2319 D AdapterProperties: mBroadcastAudioRxwithEC_2_5 = false
03-14 03:51:08.780 2001 2319 D AdapterProperties: mBroadcastAudioRxwithEC_3_9= false
03-14 03:51:08.780 2001 2319 D bt_btif_vendor: btif_vendor_update_whitelisted_media_players
03-14 03:51:08.780 2001 2319 D bt_device_interop: interop_get_whitelisted_media_players_list :
03-14 03:51:08.780 2001 2319 D bt_device_interop: interop_database_get_whitelisted_media_players_list()
03-14 03:51:08.780 2001 2319 E bt_device_interop: interop_database_get_whitelisted_media_players_list(): found feature - INTEROP_BROWSE_PLAYER_WHITE_LIST
03-14 03:51:08.780 2001 2319 W bt_btif : fetch_whitelisted_media_players: Found list of Whitelisted media players
03-14 03:51:08.780 2001 2319 D bt_btif_vendor: btif_vendor_update_whitelisted_media_players: 2 - WL media players found
03-14 03:51:08.780 2001 2319 E BluetoothVendorJni: whitelisted_players_properties_callback: Status is: 0, Properties: 1
03-14 03:51:08.780 2001 2319 D BluetoothVendorService: Property type: 6
03-14 03:51:08.780 2001 2319 D BluetoothVendorService: player_name :com.google.android.apps.youtube.music
03-14 03:51:08.780 2001 2319 D AdapterProperties: updateWhitelistedMediaPlayers
03-14 03:51:08.780 2001 2319 D AdapterProperties: Adding to Whitelisted Players list:com.google.android.apps.youtube.music
03-14 03:51:08.780 2001 2319 D BluetoothVendorService: player_name :com.gaana
03-14 03:51:08.780 2001 2319 D AdapterProperties: updateWhitelistedMediaPlayers
03-14 03:51:08.780 2001 2319 D AdapterProperties: Adding to Whitelisted Players list:com.gaana
03-14 03:51:08.780 2001 2319 I bt_stack: [INFO:btif_bqr.cc(304)] EnableBtQualityReport: is_enable: 1
03-14 03:51:08.780 2001 2319 W bt_stack: [WARNING:btif_bqr.cc(318)] EnableBtQualityReport: Bluetooth Quality Report - Root inflammation event enabled, bqr_prop_evtmask: 16, bqr_prop_interval_ms: 0
03-14 03:51:08.780 2001 2319 I bt_stack: [INFO:btif_bqr.cc(353)] EnableBtQualityReport: Event Mask: 0x00000010, Interval: 0
03-14 03:51:08.780 2001 2319 I bt_stack: [INFO:btif_bqr.cc(402)] ConfigureBqr: Action:
03-14 03:51:08.781 2001 2319 I bt_btif_core: btif_enable_bluetooth_evt entered: status 0
03-14 03:51:08.781 2001 2319 W bt_btif : btif_enable_bluetooth_evt: Saving the Adapter Address
03-14 03:51:08.781 2001 2319 D AdapterProperties: Address is:22:22:1B:F2:96:A1
03-14 03:51:08.781 3078 3078 I Perf : Connecting to perf service.
03-14 03:51:08.781 2001 3196 I bt_osi_thread: run_thread: thread id 3196, thread name btif_sock started
03-14 03:51:08.782 2001 2319 D bt_bte_conf: Device ID record 1 : primary
03-14 03:51:08.782 2001 2319 D bt_bte_conf: vendorId = 001d
03-14 03:51:08.782 2001 2319 D bt_bte_conf: vendorIdSource = 0001
03-14 03:51:08.782 2001 2319 D bt_bte_conf: product = 1200
03-14 03:51:08.782 2001 2319 D bt_bte_conf: version = 1436
03-14 03:51:08.782 2001 2319 D bt_bte_conf: clientExecutableURL =
03-14 03:51:08.782 2001 2319 D bt_bte_conf: serviceDescription =
03-14 03:51:08.782 2001 2319 D bt_bte_conf: documentationURL =
03-14 03:51:08.782 2001 2319 D bt_bte_conf: bte_load_did_conf no section named DID2.
03-14 03:51:08.782 2001 2319 I bt_btif_core: btif_enable_bluetooth_evt finished
03-14 03:51:08.782 2001 2261 I bt_stack_manager: event_start_up_stack finished
03-14 03:51:08.782 2001 2319 I bt_btif_queue: btif_disconnect_queue_disconnect_next
03-14 03:51:08.782 2001 2319 W bt_stack: [WARNING:stack_interface.cc(101)] btif_stack_state OnStackState 0x03
03-14 03:51:08.782 2001 2213 I AdapterState: BLE_ON : entered
03-14 03:51:08.782 2001 2213 D AdapterProperties: Setting state to BLE_ON
03-14 03:51:08.782 2001 2213 D BluetoothAdapterService: updateAdapterState() - Broadcasting state BLE_ON to 1 receivers.
03-14 03:51:08.783 782 824 D BluetoothManagerService: MESSAGE_BLUETOOTH_STATE_CHANGE: BLE_TURNING_ON > BLE_ON
03-14 03:51:08.783 782 824 D BluetoothManagerService: Bluetooth is in LE only mode
03-14 03:51:08.783 782 824 D BluetoothManagerService: Binding Bluetooth GATT service
03-14 03:51:08.784 2789 2798 I adbd : jdwp connection from 2768
03-14 03:51:08.784 782 824 D BluetoothManagerService: Sending BLE State Change: BLE_TURNING_ON > BLE_ON
03-14 03:51:08.785 2646 3135 D hw-ProcessState: Binder ioctl to enable oneway spam detection failed: Invalid argument
03-14 03:51:08.786 998 1035 E ANDR-PERF-LM: AdaptiveLaunch: AdaptLaunchFeature() 74: Fast Loader enabled = 0 TapEventIgnore Status 1
03-14 03:51:08.788 3100 3100 I Perf : Connecting to perf service.
03-14 03:51:08.789 3080 3080 I Perf : Connecting to perf service.
03-14 03:51:08.790 862 862 D vendor.qti.bluetooth@1.0-uart_controller: CheckForBQRRootInflammationBit: BQR root inflammation enabled
03-14 03:51:08.791 3100 3100 V GraphicsEnvironment: ANGLE Developer option for 'com.qualcomm.location.XT' set to: 'default'
03-14 03:51:08.792 3100 3100 V GraphicsEnvironment: ANGLE GameManagerService for com.qualcomm.location.XT: false
03-14 03:51:08.792 514 514 I hwservicemanager: getTransport: Cannot find entry android.hardware.graphics.mapper@4.0::IMapper/default in either framework or device VINTF manifest.
03-14 03:51:08.792 1554 1565 D LOWI-9.0.0.87.a: [LOWINetlinkSocketReceiver] unpackRTMLinkMessage: RTM_NEWLINK - ifname vlan1, flags 0x1003 ([UP])
03-14 03:51:08.792 2646 3135 I Gralloc4: mapper 4.x is not supported
03-14 03:51:08.793 782 822 I EthernetTracker: interfaceLinkStateChanged, iface: vlan1, up: false
03-14 03:51:08.798 514 514 I hwservicemanager: getTransport: Cannot find entry android.hardware.graphics.allocator@4.0::IAllocator/default in either framework or device VINTF manifest.
03-14 03:51:08.798 2646 3135 W Gralloc4: allocator 4.x is not supported
03-14 03:51:08.799 2001 3116 I bt_stack: [INFO:btm_ble_bgconn.cc(429)] Already connection initiated (or) No Pending connections(or) Resources of lcb are exhausted
03-14 03:51:08.799 2001 3116 I bt_stack: [INFO:btif_bqr.cc(386)] BqrVscCompleteCallback, current event mask: 0x00000010
03-14 03:51:08.799 2001 3116 I bt_stack: [INFO:btif_bqr.cc(288)] ConfigureBqrCmpl: current_evt_mask: 0x00000010
03-14 03:51:08.799 2001 3116 I bt_stack: [INFO:btm_devctl.cc(1311)] BTM_BT_Quality_Report_VSE_Register: Success to (un)register VSEvents. is_register: 1
03-14 03:51:08.800 2001 3116 W bt_stack: [WARNING:btif_bqr.cc(265)] ConfigBqrA2dpScoThreshold: a2dp_choppy_threshold: 0, sco_choppy_threshold: 0
03-14 03:51:08.801 3080 3080 V GraphicsEnvironment: ANGLE Developer option for 'com.android.providers.media.module' set to: 'default'
03-14 03:51:08.801 3080 3080 V GraphicsEnvironment: ANGLE GameManagerService for com.android.providers.media.module: false
03-14 03:51:08.801 3078 3078 V GraphicsEnvironment: ANGLE Developer option for 'com.qualcomm.qti.workloadclassifier' set to: 'default'
03-14 03:51:08.802 2646 3135 E FrameEvents: updateAcquireFence: Did not find frame.
03-14 03:51:08.803 2646 3135 E FrameEvents: updateAcquireFence: Did not find frame.
03-14 03:51:08.807 3100 3100 D NetworkSecurityConfig: No Network Security Config specified, using platform default
03-14 03:51:08.807 3100 3100 D NetworkSecurityConfig: No Network Security Config specified, using platform default
01-01 08:00:42.188 0 0 E init : Control message: Could not find 'vendor.qti.hardware.iop@2.0::IIop/default' for ctl.interface_start from pid: 514 (/system/bin/hwservicemanager)
03-14 03:51:08.810 3078 3078 V GraphicsEnvironment: ANGLE GameManagerService for com.qualcomm.qti.workloadclassifier: false
01-01 08:00:42.199 0 0 I configfs-gadget gadget: high-speed config #1: b
01-01 08:00:42.211 0 0 E init : Control message: Could not find 'vendor.qti.hardware.iop@2.0::IIop/default' for ctl.interface_start from pid: 514 (/system/bin/hwservicemanager)
03-14 03:51:08.812 3192 3192 I Zygote : seccomp disabled by setenforce 0
01-01 08:00:42.215 0 0 I android_work: sent uevent USB_STATE=CONFIGURED
01-01 08:00:42.215 0 0 E msm-dwc3 a600000.ssusb: Could not get usb psy
01-01 08:00:42.221 0 0 I binder : 3192:3192 ioctl 40046210 7fc8a60c34 returned -22
03-14 03:51:08.813 514 3193 W libc : Unable to set property "ctl.interface_start" to "vendor.qti.hardware.iop@2.0::IIop/default": error code: 0x20
03-14 03:51:08.814 514 3193 I hwservicemanager: Tried to start vendor.qti.hardware.iop@2.0::IIop/default as a lazy service, but was unable to. Usually this happens when a service is not installed, but if the service is intended to be used as a lazy service, then it may be configured incorrectly.
03-14 03:51:08.814 514 514 I hwservicemanager: Since vendor.qti.hardware.iop@2.0::IIop/default is not registered, trying to start it as a lazy HAL.
03-14 03:51:08.814 1355 2591 E ANDR-IOP: IIop:: Iop HAL Service is not available.
03-14 03:51:08.817 3083 3083 I Perf : Connecting to perf service.
03-14 03:51:08.820 2789 2800 I adbd : USB event: FUNCTIONFS_ENABLE
03-14 03:51:08.821 2646 3135 E FrameEvents: updateAcquireFence: Did not find frame.
03-14 03:51:08.823 3083 3083 V GraphicsEnvironment: ANGLE Developer option for 'com.android.traceur' set to: 'default'
03-14 03:51:08.824 3083 3083 V GraphicsEnvironment: ANGLE GameManagerService for com.android.traceur: false
03-14 03:51:08.824 2789 3209 I adbd : UsbFfs-worker thread spawned
03-14 03:51:08.824 2646 3135 E FrameEvents: updateAcquireFence: Did not find frame.
03-14 03:51:08.826 3192 3192 D ProcessState: Binder ioctl to enable oneway spam detection failed: Invalid argument
03-14 03:51:08.827 1554 1565 D LOWI-9.0.0.87.a: [LOWINetlinkSocketReceiver] unpackRTMLinkMessage: RTM_NEWLINK - ifname vlan1, flags 0x1003 ([UP])
03-14 03:51:08.831 2789 2798 I adbd : jdwp connection from 3192
03-14 03:51:08.832 782 822 I EthernetTracker: interfaceLinkStateChanged, iface: vlan1, up: false
03-14 03:51:08.835 514 3204 W libc : Unable to set property "ctl.interface_start" to "vendor.qti.hardware.iop@2.0::IIop/default": error code: 0x20
03-14 03:51:08.835 514 3204 I hwservicemanager: Tried to start vendor.qti.hardware.iop@2.0::IIop/default as a lazy service, but was unable to. Usually this happens when a service is not installed, but if the service is intended to be used as a lazy service, then it may be configured incorrectly.
03-14 03:51:08.837 782 2170 I am_proc_bound: [0,3192,android.process.media]
03-14 03:51:08.838 782 2170 D CompatibilityChangeReporter: Compat change id reported: 168419799; UID 10017; state: DISABLED
03-14 03:51:08.838 782 2170 D CompatibilityInfo: mCompatibilityFlags - 4
03-14 03:51:08.838 782 2170 D CompatibilityInfo: applicationDensity - 240
03-14 03:51:08.839 782 2170 D CompatibilityInfo: applicationScale - 1.0
03-14 03:51:08.840 1554 1565 D LOWI-9.0.0.87.a: [LOWINetlinkSocketReceiver] unpackRTMLinkMessage: RTM_NEWLINK - ifname vlan1, flags 0x1003 ([UP])
03-14 03:51:08.841 2646 2646 V Launcher: LauncherAppState initiated
03-14 03:51:08.842 782 822 I EthernetTracker: interfaceLinkStateChanged, iface: vlan1, up: false
03-14 03:51:08.842 3100 3224 D LocIDLClientBase: try to get LOCAIDL service
03-14 03:51:08.842 513 513 E servicemanager: Could not find vendor.qti.gnss.ILocAidlGnss/default in the VINTF manifest.
03-14 03:51:08.843 782 830 I am_meminfo: [936542208,4938858496,12288,305311744,644090880]
03-14 03:51:08.843 3100 3224 D LocIDLClientBase: LOCAIDL service not available
03-14 03:51:08.844 3080 3080 D NetworkSecurityConfig: No Network Security Config specified, using platform default
03-14 03:51:08.844 3080 3080 D NetworkSecurityConfig: No Network Security Config specified, using platform default
01-01 08:00:42.241 0 0 I binder : 3100:3224 ioctl 40046210 713dd16944 returned -22
03-14 03:51:08.846 3100 3224 D LocIDLClientBase: try to get 4.1 service
03-14 03:51:08.846 782 2170 D CompatibilityInfo: mCompatibilityFlags - 4
03-14 03:51:08.846 782 2170 D CompatibilityInfo: applicationDensity - 240
03-14 03:51:08.846 782 2170 D CompatibilityInfo: applicationScale - 1.0
03-14 03:51:08.846 3100 3224 D hw-ProcessState: Binder ioctl to enable oneway spam detection failed: Invalid argument
03-14 03:51:08.847 514 514 I hwservicemanager: getTransport: Cannot find entry vendor.qti.gnss@4.1::ILocHidlGnss/gnss_vendor in either framework or device VINTF manifest.
03-14 03:51:08.848 3100 3224 D LocIDLClientBase: NoSuchElementException: java.util.NoSuchElementException
03-14 03:51:08.848 2321 2530 I Tethering: USB bcast connected:true configured:true rndis:false ncm:false
03-14 03:51:08.848 3100 3224 D LocIDLClientBase: try to get 4.0 service
03-14 03:51:08.849 782 830 I am_pss : [2549,10063,com.thundercomm.gamemode.provider,8542208,5799936,0,96018432,2,5,5]
03-14 03:51:08.849 3078 3078 D NetworkSecurityConfig: No Network Security Config specified, using platform default
03-14 03:51:08.850 3078 3078 D NetworkSecurityConfig: No Network Security Config specified, using platform default
03-14 03:51:08.850 3083 3083 D NetworkSecurityConfig: No Network Security Config specified, using platform default
03-14 03:51:08.850 650 663 I mpu_uart: [MSG-P:RECV]:No message received in 1000 ms
03-14 03:51:08.851 3083 3083 D NetworkSecurityConfig: No Network Security Config specified, using platform default
03-14 03:51:08.852 1554 1565 D LOWI-9.0.0.87.a: [LOWINetlinkSocketReceiver] unpackRTMLinkMessage: RTM_NEWLINK - ifname vlan1, flags 0x1003 ([UP])
03-14 03:51:08.853 514 514 I hwservicemanager: Since vendor.qti.hardware.iop@2.0::IIop/default is not registered, trying to start it as a lazy HAL.
03-14 03:51:08.853 3192 3192 D CompatibilityChangeReporter: Compat change id reported: 171979766; UID 10017; state: ENABLED
03-14 03:51:08.853 1355 2591 E ANDR-IOP: IIop:: Iop HAL Service is not available.
03-14 03:51:08.854 782 822 I EthernetTracker: interfaceLinkStateChanged, iface: vlan1, up: false
03-14 03:51:08.855 3080 3080 V MediaProvider: Attached media from com.android.providers.media.module
03-14 03:51:08.856 2646 2646 D DeviceProfile: updateIconDrawableOffset: folderIconSizePx=68
03-14 03:51:08.856 782 830 I am_pss : [2513,10092,android.ext.services,7199744,4591616,0,94269440,2,5,5]
03-14 03:51:08.856 998 1034 E ANDR-PERF-HINTEXT: FPS Switch Hysteresis time < 1 secs, ignore it
03-14 03:51:08.858 2861 2929 I ThermalEngine: Thermal-Server: Adding thermal log/rule listener on fd 5
03-14 03:51:08.858 2861 2929 I ThermalEngine: Thermal-Server: Thermal received msg from config_query
03-14 03:51:08.858 2861 2929 I ThermalEngine: Thermal-Server: total num of config queried 0
03-14 03:51:08.859 998 3226 I Thermal-Lib: Thermal-Lib-Client: Client config query request sent config_query 0
03-14 03:51:08.859 998 3226 I Thermal-Lib: Thermal-Lib-Client:recv_and_extract_packet: Client received msg config_query 8
03-14 03:51:08.859 998 1035 W ANDR-PERF-LM: FeatureState: writeState() 188: GameOptimization: State transition not allowed
03-14 03:51:08.859 998 1035 W ANDR-PERF-LM: FeatureState: writeState() 188: GameOptimization: State transition not allowed
03-14 03:51:08.860 998 1035 W ANDR-PERF-LM: FeatureState: writeState() 188: GameOptimization: State transition not allowed
03-14 03:51:08.863 3100 3224 I android_os_HwBinder: HwBinder: Starting thread pool for getting: vendor.qti.gnss@4.0::ILocHidlGnss/gnss_vendor
03-14 03:51:08.864 782 830 I am_pss : [2001,1002,com.android.bluetooth,23064576,17838080,0,126115840,2,0,6]
03-14 03:51:08.865 514 514 I hwservicemanager: Since vendor.qti.hardware.iop@2.0::IIop/default is not registered, trying to start it as a lazy HAL.
03-14 03:51:08.865 1355 2591 E ANDR-IOP: IIop:: Iop HAL Service is not available.
03-14 03:51:08.866 513 513 E servicemanager: Could not find vendor.qti.gnss.ILocAidlGnss/default in the VINTF manifest.
01-01 08:00:42.258 0 0 E init : Control message: Could not find 'vendor.qti.hardware.iop@2.0::IIop/default' for ctl.interface_start from pid: 514 (/system/bin/hwservicemanager)
01-01 08:00:42.262 0 0 W ALERT : changing window size from 20000000 to 16000000 at 39760035451
03-14 03:51:08.867 514 514 I hwservicemanager: Since vendor.qti.hardware.iop@2.0::IIop/default is not registered, trying to start it as a lazy HAL.
03-14 03:51:08.867 1355 1355 E ANDR-IOP: IIop:: Iop HAL Service is not available.
03-14 03:51:08.868 3100 3100 I android_os_HwBinder: HwBinder: Starting thread pool for getting: vendor.qti.gnss@3.0::ILocHidlGnss/gnss_vendor
03-14 03:51:08.868 865 865 V LocSvc_HIDL_HidlGnss: [getExtensionLocHidlIzatConfig][495] [HS] <<<<= [HC]
03-14 03:51:08.868 865 865 V LocSvc_HIDL_HidlGnss: [getExtensionLocHidlXT][314] [HS] <<<<= [HC]
03-14 03:51:08.868 2646 2646 D CompatibilityChangeReporter: Compat change id reported: 171228096; UID 10074; state: ENABLED
03-14 03:51:08.868 3100 3100 D XTSrv : Readconfig init...
03-14 03:51:08.868 865 865 V LocSvc_HIDL_IzatConfig: [init][47] [HS] <<<<= [HC]
03-14 03:51:08.868 865 865 V LocSvc_HIDL_IzatConfig: [readConfig][68] [HS] <<<<= [HC]
03-14 03:51:08.868 865 865 V LocSvc_HIDL_IzatConfig: [readConfig][85] [HS] =>>>> [HC]
03-14 03:51:08.869 865 865 V LocSvc_HIDL_XT: [init][22] [HS] <<<<= [HC]
03-14 03:51:08.869 865 865 E Xt_Adapter: XtAdapter instance exists !
03-14 03:51:08.870 782 830 I am_pss : [2492,1000,com.qualcomm.qti.qdma,11530240,7507968,0,106205184,2,0,5]
03-14 03:51:08.878 782 830 I am_pss : [2501,1000,com.android.settings,44057600,29655040,0,156696576,2,2,7]
03-14 03:51:08.879 514 3227 W libc : Unable to set property "ctl.interface_start" to "vendor.qti.hardware.iop@2.0::IIop/default": error code: 0x20
03-14 03:51:08.879 514 3227 I hwservicemanager: Tried to start vendor.qti.hardware.iop@2.0::IIop/default as a lazy service, but was unable to. Usually this happens when a service is not installed, but if the service is intended to be used as a lazy service, then it may be configured incorrectly.
03-14 03:51:08.881 862 3066 I vendor.qti.bluetooth@1.0-ibs_handler: ProcessIbsCmd: Received IBS_SLEEP_IND: 0xFE
03-14 03:51:08.881 3083 3083 I Traceur : Received BOOT_COMPLETE
03-14 03:51:08.882 782 1699 I GameModeConfig: isGameModeOn = false
03-14 03:51:08.882 782 1699 I GameModeConfig: isGameModeOn = false
03-14 03:51:08.883 782 1699 I GameModeConfig: isGameModeOn = false
03-14 03:51:08.883 782 1699 I GameModeConfig: isGameModeOn = false
03-14 03:51:08.883 782 1699 I GameModeConfig: isGameModeOn = false
03-14 03:51:08.883 782 1699 I GameModeConfig: isGameModeOn = false
03-14 03:51:08.883 782 1699 I GameModeConfig: isGameModeOn = false
03-14 03:51:08.883 782 1699 I GameModeConfig: isGameModeOn = false
03-14 03:51:08.884 782 830 I am_pss : [2481,10061,com.qualcomm.qti.devicestatisticsservice,5741568,3477504,0,89436160,2,0,6]
03-14 03:51:08.886 782 1699 I GameModeConfig: isGameModeOn = false
03-14 03:51:08.886 782 1699 I GameModeConfig: isGameModeOn = false
03-14 03:51:08.886 782 1699 I GameModeConfig: isGameModeOn = false
03-14 03:51:08.886 782 1699 I GameModeConfig: isGameModeOn = false
03-14 03:51:08.888 3080 3080 I TranscodeHelper: Empty transcode compat stale
03-14 03:51:08.888 3080 3080 I TranscodeHelper: Parsed 0 packages from resource
03-14 03:51:08.888 1656 2967 E QFP : qfpCommand: error from send_command_to_tz: 0, QFP result -11 on (0 0)
03-14 03:51:08.888 1656 2967 I QFP : close: close, usecase 3 options 0
03-14 03:51:08.888 1656 2967 I QFP : closeHandle: closeHandle (0 0)
03-14 03:51:08.888 3080 3080 I TranscodeHelper: Empty device config transcode compat manifest
03-14 03:51:08.895 514 3240 W libc : Unable to set property "ctl.interface_start" to "vendor.qti.hardware.iop@2.0::IIop/default": error code: 0x20
03-14 03:51:08.895 514 3240 I hwservicemanager: Tried to start vendor.qti.hardware.iop@2.0::IIop/default as a lazy service, but was unable to. Usually this happens when a service is not installed, but if the service is intended to be used as a lazy service, then it may be configured incorrectly.
01-01 08:00:42.274 0 0 E init : Control message: Could not find 'vendor.qti.hardware.iop@2.0::IIop/default' for ctl.interface_start from pid: 514 (/system/bin/hwservicemanager)
01-01 08:00:42.290 0 0 E init : Control message: Could not find 'vendor.qti.hardware.iop@2.0::IIop/default' for ctl.interface_start from pid: 514 (/system/bin/hwservicemanager)
03-14 03:51:08.896 3100 3100 W XTSrv : setPackagePresence
03-14 03:51:08.897 2768 2786 D XTProxy : onServiceConnected
03-14 03:51:08.897 1656 2967 D QSEECOMAPI: QSEECom_dealloc_memory
03-14 03:51:08.897 1656 2967 D QSEECOMAPI: QSEECom_shutdown_app, app_id = 8
03-14 03:51:08.901 3192 3192 I Perf : Connecting to perf service.
03-14 03:51:08.901 782 2190 D CompatibilityChangeReporter: Compat change id reported: 168419799; UID 10061; state: DISABLED
03-14 03:51:08.901 782 2190 D CompatibilityInfo: mCompatibilityFlags - 4
03-14 03:51:08.901 782 2190 D CompatibilityInfo: applicationDensity - 240
03-14 03:51:08.901 782 2190 D CompatibilityInfo: applicationScale - 1.0
03-14 03:51:08.902 2481 2481 D DeviceStatisticsBootReceiver: Boot complete received. Start DeviceStatisticsService
03-14 03:51:08.903 782 2144 D CompatibilityInfo: mCompatibilityFlags - 4
03-14 03:51:08.903 782 2144 D CompatibilityInfo: applicationDensity - 240
03-14 03:51:08.903 782 2144 D CompatibilityInfo: applicationScale - 1.0
03-14 03:51:08.904 2481 2481 D DeviceStatisticsService: Service started
03-14 03:51:08.904 2481 2481 D AndroidRuntime: Shutting down VM
03-14 03:51:08.904 2481 2481 E AndroidRuntime: FATAL EXCEPTION: main
03-14 03:51:08.904 2481 2481 E AndroidRuntime: Process: com.qualcomm.qti.devicestatisticsservice, PID: 2481
03-14 03:51:08.904 2481 2481 E AndroidRuntime: java.lang.NoClassDefFoundError: Failed resolution of: Landroid/hidl/manager/V1_0/IServiceNotification$Stub;
03-14 03:51:08.904 2481 2481 E AndroidRuntime: at com.qualcomm.qti.devicestatisticsservice.DeviceStatisticsService.onStartCommand(DeviceStatisticsService.java:83)
03-14 03:51:08.904 2481 2481 E AndroidRuntime: at android.app.ActivityThread.handleServiceArgs(ActivityThread.java:4640)
03-14 03:51:08.904 2481 2481 E AndroidRuntime: at android.app.ActivityThread.access$2000(ActivityThread.java:248)
03-14 03:51:08.904 2481 2481 E AndroidRuntime: at android.app.ActivityThread$H.handleMessage(ActivityThread.java:2092)
03-14 03:51:08.904 2481 2481 E AndroidRuntime: at android.os.Handler.dispatchMessage(Handler.java:106)
03-14 03:51:08.904 2481 2481 E AndroidRuntime: at android.os.Looper.loopOnce(Looper.java:201)
03-14 03:51:08.904 2481 2481 E AndroidRuntime: at android.os.Looper.loop(Looper.java:288)
03-14 03:51:08.904 2481 2481 E AndroidRuntime: at android.app.ActivityThread.main(ActivityThread.java:7880)
03-14 03:51:08.904 2481 2481 E AndroidRuntime: at java.lang.reflect.Method.invoke(Native Method)
03-14 03:51:08.904 2481 2481 E AndroidRuntime: at com.android.internal.os.RuntimeInit$MethodAndArgsCaller.run(RuntimeInit.java:548)
03-14 03:51:08.904 2481 2481 E AndroidRuntime: at com.android.internal.os.ZygoteInit.main(ZygoteInit.java:1009)
03-14 03:51:08.904 2481 2481 E AndroidRuntime: Caused by: java.lang.ClassNotFoundException: android.hidl.manager.V1_0.IServiceNotification$Stub
03-14 03:51:08.904 2481 2481 E AndroidRuntime: ... 11 more
03-14 03:51:08.905 3080 3080 V MediaStore: Examining volume emulated;0 with name external_primary and state checking
03-14 03:51:08.906 782 2144 I am_crash: [2481,0,com.qualcomm.qti.devicestatisticsservice,814235213,java.lang.ClassNotFoundException,android.hidl.manager.V1_0.IServiceNotification$Stub,DeviceStatisticsService.java,83]
03-14 03:51:08.906 782 830 I am_pss : [2462,1000,com.thundercomm.tcservice,8438784,5922816,0,95133696,2,0,5]
03-14 03:51:08.907 3080 3080 D CompatibilityChangeReporter: Compat change id reported: 148180766; UID 10091; state: ENABLED
