03-14 03:51:08.540 782 872 I SystemServerTimingAsync: ssm.onUnlockedUser-0_com.android.server.dreams.DreamManagerService
03-14 03:51:08.540 782 872 I SystemServerTimingAsync: ssm.onUnlockedUser-0_com.android.server.companion.CompanionDeviceManagerService
03-14 03:51:08.540 782 872 I SystemServerTimingAsync: ssm.onUnlockedUser-0_com.android.server.restrictions.RestrictionsManagerService
03-14 03:51:08.540 782 872 I SystemServerTimingAsync: ssm.onUnlockedUser-0_com.android.server.media.MediaSessionService
03-14 03:51:08.540 782 872 I SystemServerTimingAsync: ssm.onUnlockedUser-0_com.android.server.media.MediaResourceMonitorService
03-14 03:51:08.540 782 872 I SystemServerTimingAsync: ssm.onUnlockedUser-0_com.android.server.biometrics.sensors.fingerprint.FingerprintService
03-14 03:51:08.540 782 872 I SystemServerTimingAsync: ssm.onUnlockedUser-0_com.android.server.biometrics.BiometricService
03-14 03:51:08.540 782 872 I SystemServerTimingAsync: ssm.onUnlockedUser-0_com.android.server.biometrics.AuthService
03-14 03:51:08.540 782 2173 I wm_finish_activity: [0,60932722,2,com.android.settings/.FallbackHome,app-request]
03-14 03:51:08.540 782 872 I SystemServerTimingAsync: ssm.onUnlockedUser-0_com.android.server.pm.ShortcutService$Lifecycle
03-14 03:51:08.540 782 872 I SystemServerTimingAsync: ssm.onUnlockedUser-0_com.android.server.pm.LauncherAppsService
03-14 03:51:08.540 782 872 I SystemServerTimingAsync: ssm.onUnlockedUser-0_com.android.server.pm.CrossProfileAppsService
03-14 03:51:08.540 782 872 I SystemServerTimingAsync: ssm.onUnlockedUser-0_com.android.server.people.PeopleService
03-14 03:51:08.540 782 872 I SystemServerTimingAsync: ssm.onUnlockedUser-0_com.android.server.media.metrics.MediaMetricsManagerService
03-14 03:51:08.540 782 872 I SystemServerTimingAsync: ssm.onUnlockedUser-0_com.android.server.media.projection.MediaProjectionManagerService
03-14 03:51:08.540 782 872 I SystemServerTimingAsync: ssm.onUnlockedUser-0_com.android.server.slice.SliceManagerService$Lifecycle
03-14 03:51:08.540 782 872 I SystemServerTimingAsync: ssm.onUnlockedUser-0_com.android.server.stats.StatsCompanion$Lifecycle
03-14 03:51:08.540 782 872 I SystemServerTimingAsync: ssm.onUnlockedUser-0_com.android.server.scheduling.RebootReadinessManagerService$Lifecycle
03-14 03:51:08.540 782 872 I SystemServerTimingAsync: ssm.onUnlockedUser-0_com.android.server.stats.pull.StatsPullAtomService
03-14 03:51:08.540 782 872 I SystemServerTimingAsync: ssm.onUnlockedUser-0_com.android.server.incident.IncidentCompanionService
03-14 03:51:08.540 782 872 I SystemServerTimingAsync: ssm.onUnlockedUser-0_com.android.server.MmsServiceBroker
03-14 03:51:08.540 782 872 I SystemServerTimingAsync: ssm.onUnlockedUser-0_com.android.server.autofill.AutofillManagerService
03-14 03:51:08.540 782 872 I SystemServerTimingAsync: ssm.onUnlockedUser-0_com.android.server.clipboard.ClipboardService
03-14 03:51:08.540 782 872 I SystemServerTimingAsync: ssm.onUnlockedUser-0_com.android.server.appbinding.AppBindingService$Lifecycle
03-14 03:51:08.540 782 872 I SystemServerTimingAsync: ssm.onUnlockedUser-0_com.android.server.tracing.TracingServiceProxy
03-14 03:51:08.540 782 872 I SystemServerTimingAsync: ssm.onUnlockedUser-0_com.android.server.policy.PermissionPolicyService
03-14 03:51:08.540 782 872 I SystemServerTimingAsync: ssm.onUnlockedUser-0_com.android.server.pm.StagingManager$Lifecycle
03-14 03:51:08.540 782 872 I SystemServerTimingAsync: ssm.onUnlockedUser-0_com.android.server.app.GameManagerService$Lifecycle
03-14 03:51:08.540 782 872 I SystemServerTimingAsync: ssm.onUnlockedUser-0_com.android.server.appsearch.AppSearchManagerService
03-14 03:51:08.540 782 872 I SystemServerTimingAsync: ssm.onUnlockedUser-0_com.android.server.media.MediaCommunicationService
03-14 03:51:08.540 782 872 W ActivityManager: UserLifecycleEvent 6 received without an active userJourneySession.
03-14 03:51:08.540 782 2173 D ActivityTrigger: ActivityTrigger activityPauseTrigger
03-14 03:51:08.541 782 2173 I wm_pause_activity: [0,60932722,com.android.settings/.FallbackHome,userLeaving=false,finish]
03-14 03:51:08.544 2501 2501 I wm_on_top_resumed_lost_called: [60932722,com.android.settings.FallbackHome,topStateChangedWhenResumed]
03-14 03:51:08.544 782 822 I ServiceWatcher: [network] chose new implementation 10070/com.qualcomm.location/.izatprovider.NetworkLocationService@1
03-14 03:51:08.544 782 822 I ServiceWatcher: [fused] chose new implementation 10070/com.qualcomm.location/.izatprovider.FusedLocationService@1
03-14 03:51:08.545 2501 2501 I wm_on_paused_called: [60932722,com.android.settings.FallbackHome,performPause]
03-14 03:51:08.545 695 695 D Zygote : Forked child process 2972
03-14 03:51:08.546 782 2173 I ActivityTaskManager: START u0 {act=android.intent.action.MAIN cat=[android.intent.category.HOME] flg=0x10000100 cmp=com.android.launcher3/.uioverrides.QuickstepLauncher (has extras)} from uid 0
03-14 03:51:08.548 782 2173 D CompatibilityChangeReporter: Compat change id reported: 184838306; UID 10074; state: DISABLED
03-14 03:51:08.549 2965 2965 I Zygote : seccomp disabled by setenforce 0
03-14 03:51:08.543 2971 2971 I auditd : type=1400 audit(0.0:889): avc: denied { read } for comm="ip" name="rt_tables" dev="dm-10" ino=344 scontext=u:r:ethernet:s0 tcontext=u:object_r:net_data_file:s0 tclass=file permissive=1
03-14 03:51:08.543 2971 2971 I ip : type=1400 audit(0.0:889): avc: denied { read } for name="rt_tables" dev="dm-10" ino=344 scontext=u:r:ethernet:s0 tcontext=u:object_r:net_data_file:s0 tclass=file permissive=1
03-14 03:51:08.543 2971 2971 I auditd : type=1400 audit(0.0:890): avc: denied { open } for comm="ip" path="/data/misc/net/rt_tables" dev="dm-10" ino=344 scontext=u:r:ethernet:s0 tcontext=u:object_r:net_data_file:s0 tclass=file permissive=1
03-14 03:51:08.543 2971 2971 I ip : type=1400 audit(0.0:890): avc: denied { open } for path="/data/misc/net/rt_tables" dev="dm-10" ino=344 scontext=u:r:ethernet:s0 tcontext=u:object_r:net_data_file:s0 tclass=file permissive=1
03-14 03:51:08.550 782 2173 D CompatibilityChangeReporter: Compat change id reported: 185004937; UID 10074; state: DISABLED
03-14 03:51:08.552 782 2173 D CompatibilityChangeReporter: Compat change id reported: 181136395; UID 10074; state: DISABLED
03-14 03:51:08.552 2972 2972 I Zygote : seccomp disabled by setenforce 0
01-01 08:00:41.949 0 0 W QSEECOM : qseecom_load_app: App (fingerpr) does'nt exist, loading apps for first time
03-14 03:51:08.553 782 2173 D CompatibilityChangeReporter: Compat change id reported: 174042936; UID 10074; state: DISABLED
03-14 03:51:08.553 782 2173 D CompatibilityChangeReporter: Compat change id reported: 174042980; UID 10074; state: DISABLED
03-14 03:51:08.553 2965 2965 W om.hht.lebocas: Using default instruction set features for ARM CPU variant (cortex-a9) using conservative defaults
03-14 03:51:08.555 514 514 I hwservicemanager: Since vendor.qti.hardware.iop@2.0::IIop/default is not registered, trying to start it as a lazy HAL.
03-14 03:51:08.556 2789 2798 I adbd : jdwp connection from 2965
01-01 08:00:41.951 0 0 I binder : 2965:2965 ioctl 40046210 ff89b9a8 returned -22
03-14 03:51:08.557 2965 2965 D ProcessState: Binder ioctl to enable oneway spam detection failed: Invalid argument
03-14 03:51:08.557 782 2173 I wm_task_created: [102,-1]
03-14 03:51:08.558 2972 2972 D ProcessState: Binder ioctl to enable oneway spam detection failed: Invalid argument
03-14 03:51:08.559 782 2173 I wm_task_moved: [102,1,2147483647]
03-14 03:51:08.559 2789 2798 I adbd : jdwp connection from 2972
01-01 08:00:41.953 0 0 I binder : 2972:2972 ioctl 40046210 7fc8a60c34 returned -22
03-14 03:51:08.560 782 2173 I wm_task_moved: [1,1,5]
03-14 03:51:08.560 782 2173 I wm_create_task: [0,102]
03-14 03:51:08.560 782 2173 I wm_create_activity: [0,174418215,102,com.android.launcher3/.uioverrides.QuickstepLauncher,android.intent.action.MAIN,NULL,NULL,268435712]
03-14 03:51:08.560 782 2173 I wm_task_moved: [1,1,5]
03-14 03:51:08.560 782 2173 I wm_task_moved: [102,1,2147483647]
03-14 03:51:08.560 782 2173 I wm_task_to_front: [0,102]
03-14 03:51:08.560 862 2614 D vendor.qti.bluetooth@1.0-patch_dl_manager: ReadHciEvent: Expected CC
03-14 03:51:08.560 862 2614 I vendor.qti.bluetooth@1.0-patch_dl_manager: SocInit: Download TLV file successfully
03-14 03:51:08.561 862 2614 D vendor.qti.bluetooth@1.0-patch_dl_manager: ReadHciEvent: Expected CC
03-14 03:51:08.561 862 2614 I vendor.qti.bluetooth@1.0-patch_dl_manager: HandleEdlCmdResEvt: BT SoC FW SU Build info: BTFM.HST.2.0.0.c3-00477-QCACHROMZ-1, 35
03-14 03:51:08.561 862 2614 D vendor.qti.bluetooth@1.0-patch_dl_manager: GetAddOnFeatureList: Sending HCI_VS_GET_ADDON_FEATURES_SUPPORT
03-14 03:51:08.561 862 2614 D vendor.qti.bluetooth@1.0-patch_dl_manager: HCI-CMD: 0x1 0x1d 0xfc 0x0
03-14 03:51:08.562 782 2173 D CompatibilityChangeReporter: Compat change id reported: 168419799; UID 10074; state: DISABLED
03-14 03:51:08.562 782 2173 D CompatibilityInfo: mCompatibilityFlags - 4
03-14 03:51:08.562 782 2173 D CompatibilityInfo: applicationDensity - 240
03-14 03:51:08.562 782 2173 D CompatibilityInfo: applicationScale - 1.0
03-14 03:51:08.563 782 2173 I ActivityTaskManager: FOREGROUND_APPLICATION_CHANGED to com.android.launcher3.uioverrides.QuickstepLauncher
03-14 03:51:08.564 782 2173 I ActivityTaskManager: The Process com.android.launcher3 Already Exists in BG. So sending its PID: 2646
03-14 03:51:08.564 782 2173 I wm_restart_activity: [0,174418215,102,com.android.launcher3/.uioverrides.QuickstepLauncher]
03-14 03:51:08.564 782 2173 D CompatibilityInfo: mCompatibilityFlags - 4
03-14 03:51:08.564 782 2173 D CompatibilityInfo: applicationDensity - 240
03-14 03:51:08.564 782 2173 D CompatibilityInfo: applicationScale - 1.0
03-14 03:51:08.565 782 2173 I wm_set_resumed_activity: [0,com.android.launcher3/.uioverrides.QuickstepLauncher,minimalResumeActivityLocked]
03-14 03:51:08.568 782 1628 I am_uid_running: 10091
03-14 03:51:08.569 782 1628 D CompatibilityChangeReporter: Compat change id reported: 135634846; UID 10091; state: DISABLED
03-14 03:51:08.569 782 1628 D CompatibilityChangeReporter: Compat change id reported: 177438394; UID 10091; state: DISABLED
03-14 03:51:08.569 782 1628 D CompatibilityChangeReporter: Compat change id reported: 135772972; UID 10091; state: DISABLED
03-14 03:51:08.569 782 1628 D CompatibilityChangeReporter: Compat change id reported: 135754954; UID 10091; state: ENABLED
03-14 03:51:08.570 782 1628 I StorageUserConnection: Bound to the ExternalStorageService for user 0
03-14 03:51:08.570 782 830 I UsageStatsService: User[0] Rollover scheduled @ 2023-03-15 03:51:06(1678823466529)
03-14 03:51:08.571 782 872 I am_uid_running: 10021
03-14 03:51:08.571 782 2969 E TaskPersister: File error accessing recents directory (directory doesn't exist?).
03-14 03:51:08.571 782 830 I UsageStatsService: Time changed in by 1678737026 seconds
03-14 03:51:08.571 782 872 D CompatibilityChangeReporter: Compat change id reported: 135634846; UID 10021; state: DISABLED
03-14 03:51:08.571 782 872 D CompatibilityChangeReporter: Compat change id reported: 177438394; UID 10021; state: DISABLED
03-14 03:51:08.571 782 872 D CompatibilityChangeReporter: Compat change id reported: 135772972; UID 10021; state: DISABLED
03-14 03:51:08.571 782 872 D CompatibilityChangeReporter: Compat change id reported: 135754954; UID 10021; state: ENABLED
03-14 03:51:08.574 1089 1089 I BpBinder: onLastStrongRef automatically unlinking death recipients:
03-14 03:51:08.574 782 830 I UsageStatsService: User[0] Flushing usage stats to disk
03-14 03:51:08.575 782 822 D CompatibilityInfo: mCompatibilityFlags - 4
03-14 03:51:08.575 782 822 D CompatibilityInfo: applicationDensity - 240
03-14 03:51:08.575 782 822 D CompatibilityInfo: applicationScale - 1.0
03-14 03:51:08.575 782 873 I am_proc_start: [0,2972,10058,ts.car.uart,added application,ts.car.uart]
03-14 03:51:08.575 782 873 I ActivityManager: Start proc 2972:ts.car.uart/u0a58 for added application ts.car.uart
03-14 03:51:08.576 2768 2768 D IzatProvider: getNetworkProvider
03-14 03:51:08.576 2768 2768 D IzatProvider: getNetworkProvider finish
03-14 03:51:08.576 2768 2768 D IzatProvider_network: location provider loaded
03-14 03:51:08.577 782 1678 I am_proc_bound: [0,2965,com.hht.lebocast]
03-14 03:51:08.577 865 865 V LocSvc_HIDL_HidlGnss: [getExtensionLocHidlIzatNetworkProvider][266] [HS] <<<<= [HC]
03-14 03:51:08.579 782 1678 D CompatibilityChangeReporter: Compat change id reported: 168419799; UID 10082; state: DISABLED
03-14 03:51:08.579 782 1678 D CompatibilityInfo: mCompatibilityFlags - 4
03-14 03:51:08.579 782 1678 D CompatibilityInfo: applicationDensity - 240
03-14 03:51:08.579 782 1678 D CompatibilityInfo: applicationScale - 1.0
03-14 03:51:08.579 865 865 V LocSvc_HIDL_IzatProvider: [init][138] [HS] <<<<= [HC]
03-14 03:51:08.581 514 2988 W libc : Unable to set property "ctl.interface_start" to "vendor.qti.hardware.iop@2.0::IIop/default": error code: 0x20
03-14 03:51:08.581 782 1678 I am_uid_active: 10082
03-14 03:51:08.581 514 2988 I hwservicemanager: Tried to start vendor.qti.hardware.iop@2.0::IIop/default as a lazy service, but was unable to. Usually this happens when a service is not installed, but if the service is intended to be used as a lazy service, then it may be configured incorrectly.
03-14 03:51:08.582 695 695 D Zygote : Forked child process 3011
03-14 03:51:08.582 782 873 W ActivityManager: Slow operation: 54ms so far, now at startProcess: returned from zygote!
03-14 03:51:08.582 782 2679 I am_proc_bound: [0,2972,ts.car.uart]
01-01 08:00:41.959 0 0 E init : Control message: Could not find 'vendor.qti.hardware.iop@2.0::IIop/default' for ctl.interface_start from pid: 514 (/system/bin/hwservicemanager)
01-01 08:00:41.961 0 0 E msm-dwc3 a600000.ssusb: Could not get usb psy
03-14 03:51:08.583 782 2679 D CompatibilityChangeReporter: Compat change id reported: 168419799; UID 10058; state: DISABLED
03-14 03:51:08.583 782 2679 D CompatibilityInfo: mCompatibilityFlags - 4
03-14 03:51:08.583 782 2679 D CompatibilityInfo: applicationDensity - 240
03-14 03:51:08.583 782 2679 D CompatibilityInfo: applicationScale - 1.0
03-14 03:51:08.583 2768 2825 D XTProxy : XTProxy ctor
03-14 03:51:08.583 2768 2825 E XTProxy : XTProxy binderDied
03-14 03:51:08.584 782 2679 I am_uid_active: 10058
03-14 03:51:08.586 2972 2972 D CompatibilityChangeReporter: Compat change id reported: 171979766; UID 10058; state: DISABLED
03-14 03:51:08.587 2965 2965 D CompatibilityChangeReporter: Compat change id reported: 171979766; UID 10082; state: ENABLED
03-14 03:51:08.589 782 825 I sysui_multi_action: [757,803,799,window_time_0,802,7]
03-14 03:51:08.590 782 822 I ServiceWatcher: [fused] disconnected from 1000/com.android.location.fused/.FusedLocationService@0
03-14 03:51:08.590 782 873 W ActivityManager: Slow operation: 62ms so far, now at startProcess: done updating battery stats
03-14 03:51:08.590 782 873 I am_proc_start: [0,3011,1000,com.hryt.hiphishowfsecontrol,added application,com.hryt.hiphishowfsecontrol]
03-14 03:51:08.590 782 873 W ActivityManager: Slow operation: 62ms so far, now at startProcess: building log message
03-14 03:51:08.590 782 873 I ActivityManager: Start proc 3011:com.hryt.hiphishowfsecontrol/1000 for added application com.hryt.hiphishowfsecontrol
03-14 03:51:08.590 782 873 W ActivityManager: Slow operation: 62ms so far, now at startProcess: starting to update pids map
03-14 03:51:08.590 782 873 W ActivityManager: Slow operation: 62ms so far, now at startProcess: done updating pids map
03-14 03:51:08.590 782 873 W ActivityManager: Slow operation: 61ms so far, now at startProcess: asking zygote to start proc
03-14 03:51:08.590 514 514 I hwservicemanager: Since vendor.qti.hardware.iop@2.0::IIop/default is not registered, trying to start it as a lazy HAL.
03-14 03:51:08.590 782 873 D CompatibilityChangeReporter: Compat change id reported: 143937733; UID 10054; state: ENABLED
03-14 03:51:08.591 782 2054 E ANDR-PERF-JNI: UXEngine Trigger - Returning null
03-14 03:51:08.591 3011 3011 I Zygote : seccomp disabled by setenforce 0
03-14 03:51:08.591 2972 2972 D nativeloader: classloader namespace configured for unbundled vendor apk. library_path=/vendor/app/TsUartService/lib/arm64:/vendor/lib64
03-14 03:51:08.598 782 2190 I am_uid_running: 10071
03-14 03:51:08.598 695 695 D Zygote : Forked child process 3017
03-14 03:51:08.598 782 873 W ActivityManager: Slow operation: 69ms so far, now at startProcess: returned from zygote!
03-14 03:51:08.598 782 2190 D CompatibilityChangeReporter: Compat change id reported: 135634846; UID 10071; state: DISABLED
03-14 03:51:08.598 782 2190 D CompatibilityChangeReporter: Compat change id reported: 177438394; UID 10071; state: DISABLED
03-14 03:51:08.598 782 2190 D CompatibilityChangeReporter: Compat change id reported: 135772972; UID 10071; state: DISABLED
03-14 03:51:08.598 782 2190 D CompatibilityChangeReporter: Compat change id reported: 135754954; UID 10071; state: ENABLED
03-14 03:51:08.600 782 830 I system_server: Using smaps_rollup for pss collection
03-14 03:51:08.601 782 822 D CompatibilityInfo: mCompatibilityFlags - 4
03-14 03:51:08.601 782 822 D CompatibilityInfo: applicationDensity - 240
03-14 03:51:08.601 782 822 D CompatibilityInfo: applicationScale - 1.0
03-14 03:51:08.602 2768 2825 D XTProxy : setNppLoaded
03-14 03:51:08.602 782 873 W ActivityManager: Slow operation: 73ms so far, now at startProcess: done updating battery stats
03-14 03:51:08.602 782 873 I am_proc_start: [0,3017,10054,.pasr,added application,.pasr]
03-14 03:51:08.602 782 873 W ActivityManager: Slow operation: 73ms so far, now at startProcess: building log message
03-14 03:51:08.602 782 873 I ActivityManager: Start proc 3017:.pasr/u0a54 for added application .pasr
03-14 03:51:08.602 782 873 W ActivityManager: Slow operation: 73ms so far, now at startProcess: starting to update pids map
03-14 03:51:08.602 782 873 W ActivityManager: Slow operation: 73ms so far, now at startProcess: done updating pids map
03-14 03:51:08.602 782 873 W ActivityManager: Slow operation: 73ms so far, now at startProcess: asking zygote to start proc
03-14 03:51:08.602 782 873 D CompatibilityChangeReporter: Compat change id reported: 143937733; UID 10069; state: DISABLED
03-14 03:51:08.609 2768 2825 D IzatProvider_network: [onEnableProvider][671] [HC] =>> [HS]
03-14 03:51:08.609 865 865 V LocSvc_HIDL_IzatProvider: [onEnable][169] [HS] <<<<= [HC]
03-14 03:51:08.610 782 822 I ServiceWatcher: [network] connected to {com.qualcomm.location/com.qualcomm.location.izatprovider.NetworkLocationService}
03-14 03:51:08.610 695 695 D Zygote : Forked child process 3033
03-14 03:51:08.610 782 873 W ActivityManager: Slow operation: 81ms so far, now at startProcess: returned from zygote!
03-14 03:51:08.610 782 873 W ActivityManager: Slow operation: 81ms so far, now at startProcess: done updating battery stats
03-14 03:51:08.610 782 873 I am_proc_start: [0,3033,10069,com.qualcomm.qti.services.systemhelper:systemhelper_service,added application,com.qualcomm.qti.services.systemhelper:systemhelper_service]
03-14 03:51:08.610 782 873 W ActivityManager: Slow operation: 81ms so far, now at startProcess: building log message
03-14 03:51:08.610 782 873 I ActivityManager: Start proc 3033:com.qualcomm.qti.services.systemhelper:systemhelper_service/u0a69 for added application com.qualcomm.qti.services.systemhelper:systemhelper_service
03-14 03:51:08.610 782 873 W ActivityManager: Slow operation: 81ms so far, now at startProcess: starting to update pids map
03-14 03:51:08.611 514 3014 W libc : Unable to set property "ctl.interface_start" to "vendor.qti.hardware.iop@2.0::IIop/default": error code: 0x20
03-14 03:51:08.611 2789 2798 I adbd : jdwp connection from 3011
03-14 03:51:08.611 514 3014 I hwservicemanager: Tried to start vendor.qti.hardware.iop@2.0::IIop/default as a lazy service, but was unable to. Usually this happens when a service is not installed, but if the service is intended to be used as a lazy service, then it may be configured incorrectly.
01-01 08:00:41.990 0 0 E init : Control message: Could not find 'vendor.qti.hardware.iop@2.0::IIop/default' for ctl.interface_start from pid: 514 (/system/bin/hwservicemanager)
03-14 03:51:08.611 3011 3011 D ProcessState: Binder ioctl to enable oneway spam detection failed: Invalid argument
01-01 08:00:42.001 0 0 I binder : 3011:3011 ioctl 40046210 7fc8a60c34 returned -22
01-01 08:00:42.014 0 0 I binder : 3017:3017 ioctl 40046210 7fc8a60c34 returned -22
03-14 03:51:08.611 782 873 W ActivityManager: Slow operation: 82ms so far, now at startProcess: done updating pids map
03-14 03:51:08.611 782 873 W ActivityManager: Slow operation: 82ms so far, now at startProcess: asking zygote to start proc
03-14 03:51:08.612 782 873 D CompatibilityChangeReporter: Compat change id reported: 143937733; UID 10083; state: ENABLED
03-14 03:51:08.612 3017 3017 I Zygote : seccomp disabled by setenforce 0
03-14 03:51:08.612 2768 2768 D IzatProvider: getFusedProvider
03-14 03:51:08.612 2768 2768 D IzatProvider: getFusedProvider finish
03-14 03:51:08.612 2768 2768 D IzatProvider_fused: location provider loaded
03-14 03:51:08.614 865 865 V LocSvc_HIDL_HidlGnss: [getExtensionLocHidlFlpService_4_0][512] [HS] <<<<= [HC]
03-14 03:51:08.614 782 822 I ServiceWatcher: [fused] connected to {com.qualcomm.location/com.qualcomm.location.izatprovider.FusedLocationService}
03-14 03:51:08.615 782 1678 I am_proc_bound: [0,3011,com.hryt.hiphishowfsecontrol]
03-14 03:51:08.616 782 1678 D CompatibilityInfo: mCompatibilityFlags - 4
03-14 03:51:08.616 782 1678 D CompatibilityInfo: applicationDensity - 240
03-14 03:51:08.616 782 1678 D CompatibilityInfo: applicationScale - 1.0
03-14 03:51:08.619 3017 3017 D ProcessState: Binder ioctl to enable oneway spam detection failed: Invalid argument
03-14 03:51:08.621 865 865 V LocSvc_HIDL_HidlGnss: [getExtensionLocHidlFlpService_4_0][512] [HS] <<<<= [HC]
03-14 03:51:08.622 782 2190 D CompatibilityChangeReporter: Compat change id reported: 73144566; UID 1000; state: ENABLED
03-14 03:51:08.622 782 2190 D CompatibilityChangeReporter: Compat change id reported: 73144566; UID 1000; state: DISABLED
03-14 03:51:08.622 3011 3011 D CompatibilityChangeReporter: Compat change id reported: 171979766; UID 1000; state: ENABLED
03-14 03:51:08.622 3033 3033 I Zygote : seccomp disabled by setenforce 0
03-14 03:51:08.622 3033 3033 I libc : SetHeapTaggingLevel: tag level set to 0
03-14 03:51:08.622 2789 2798 I adbd : jdwp connection from 3017
03-14 03:51:08.623 865 865 V LocSvc_HIDL_FlpService: [init_4_0][122] [HS] <<<<= [HC]
03-14 03:51:08.623 782 2190 I am_proc_bound: [0,3017,.pasr]
03-14 03:51:08.624 782 2190 D CompatibilityChangeReporter: Compat change id reported: 168419799; UID 10054; state: DISABLED
03-14 03:51:08.624 782 2190 D CompatibilityInfo: mCompatibilityFlags - 4
03-14 03:51:08.624 782 2190 D CompatibilityInfo: applicationDensity - 240
03-14 03:51:08.624 782 2190 D CompatibilityInfo: applicationScale - 1.0
03-14 03:51:08.625 782 2190 I am_uid_active: 10054
03-14 03:51:08.626 3017 3017 D CompatibilityChangeReporter: Compat change id reported: 171979766; UID 10054; state: DISABLED
03-14 03:51:08.627 782 1868 V BackupManagerService: [UserID:0] No ancestral data
03-14 03:51:08.627 862 2614 D vendor.qti.bluetooth@1.0-patch_dl_manager: ReadHciEvent: Expected CC
03-14 03:51:08.627 862 2614 I vendor.qti.bluetooth@1.0-patch_dl_manager: GetAddOnFeatureList: param_len 13, cmd_status = 0
03-14 03:51:08.627 862 2614 I vendor.qti.bluetooth@1.0-patch_dl_manager: GetAddOnFeatureList: feat_mask_len 5 product_id = 16, rsp_version = 1
03-14 03:51:08.627 862 2614 I vendor.qti.bluetooth@1.0-patch_dl_manager: GetOTPBytesInfo: Sending HCI_VS_PERSIST_ACCESS_OTP_GET cmd
03-14 03:51:08.628 2768 2825 D FlpServiceProvider: location mode change: true
03-14 03:51:08.628 2768 2825 D EsStatusReceiver: LOCHIDL version is lower than 4.1, or use LOCAIDL, initialize AFW client
03-14 03:51:08.628 862 2614 D vendor.qti.bluetooth@1.0-patch_dl_manager: ReadHciEvent: Expected CC
03-14 03:51:08.628 862 2614 E vendor.qti.bluetooth@1.0-patch_dl_manager: GetVsHciEvent: HCI_VS_PERSIST_ACCESS_OTP_GET cmd failed config_type: 0xa subopcode: 0x0 status: 0x12
03-14 03:51:08.628 862 2614 I vendor.qti.bluetooth@1.0-patch_dl_manager: EnableEnhControllerLog: disabled(0)
03-14 03:51:08.628 782 2952 V BackupManagerConstants: getKeyValueBackupIntervalMilliseconds(...) returns 14400000
03-14 03:51:08.629 782 2952 V BackupManagerConstants: getKeyValueBackupFuzzMilliseconds(...) returns 600000
03-14 03:51:08.629 782 2952 V BackupManagerConstants: getKeyValueBackupRequiredNetworkType(...) returns 1
03-14 03:51:08.629 782 2952 V BackupManagerConstants: getKeyValueBackupRequireCharging(...) returns true
03-14 03:51:08.629 782 2952 V KeyValueBackupJob: Scheduling k/v pass in 249 minutes
03-14 03:51:08.629 862 2614 D vendor.qti.bluetooth@1.0-patch_dl_manager: ReadHciEvent: Expected CC
03-14 03:51:08.629 862 2614 I vendor.qti.bluetooth@1.0-patch_dl_manager: HciReset: HCI RESET
03-14 03:51:08.629 2972 2972 I Perf : Connecting to perf service.
03-14 03:51:08.630 695 695 D Zygote : Forked child process 3061
03-14 03:51:08.630 782 873 W ActivityManager: Slow operation: 100ms so far, now at startProcess: returned from zygote!
03-14 03:51:08.630 782 873 W ActivityManager: Slow operation: 100ms so far, now at startProcess: done updating battery stats
03-14 03:51:08.630 782 873 I am_proc_start: [0,3061,10083,com.qualcomm.qti.qccnetstat,added application,com.qualcomm.qti.qccnetstat]
03-14 03:51:08.630 782 873 W ActivityManager: Slow operation: 101ms so far, now at startProcess: building log message
03-14 03:51:08.630 782 873 I ActivityManager: Start proc 3061:com.qualcomm.qti.qccnetstat/u0a83 for added application com.qualcomm.qti.qccnetstat
03-14 03:51:08.631 1554 1565 D LOWI-9.0.0.87.a: [LOWINetlinkSocketReceiver] unpackRTMLinkMessage: RTM_NEWLINK - ifname vlan1, flags 0x1003 ([UP])
03-14 03:51:08.631 782 2173 D CompatibilityChangeReporter: Compat change id reported: 157233955; UID 10070; state: DISABLED
03-14 03:51:08.633 782 822 I EthernetTracker: interfaceLinkStateChanged, iface: vlan1, up: false
03-14 03:51:08.633 2972 2972 V GraphicsEnvironment: ANGLE Developer option for 'ts.car.uart' set to: 'default'
03-14 03:51:08.633 862 2614 D vendor.qti.bluetooth@1.0-patch_dl_manager: ReadCmdCmplEvent: Cmd Cmpl received for opcode c03
03-14 03:51:08.633 862 2614 D vendor.qti.bluetooth@1.0-uart_controller: add on features read true
03-14 03:51:08.633 2972 2972 V GraphicsEnvironment: ANGLE GameManagerService for ts.car.uart: false
03-14 03:51:08.633 782 873 W ActivityManager: Slow operation: 103ms so far, now at startProcess: starting to update pids map
03-14 03:51:08.634 782 873 W ActivityManager: Slow operation: 104ms so far, now at startProcess: done updating pids map
03-14 03:51:08.634 782 873 W ActivityManager: Slow operation: 103ms so far, now at startProcess: asking zygote to start proc
03-14 03:51:08.634 2972 2972 D NetworkSecurityConfig: No Network Security Config specified, using platform default
03-14 03:51:08.634 782 873 D CompatibilityChangeReporter: Compat change id reported: 143937733; UID 10079; state: ENABLED
03-14 03:51:08.634 2972 2972 D NetworkSecurityConfig: No Network Security Config specified, using platform default
03-14 03:51:08.634 2972 2972 E mpu_uart_fws: onCreate
03-14 03:51:08.634 2972 2972 E mpu_uart_fws: onCreate:try get hal service
03-14 03:51:08.634 2789 2798 I adbd : jdwp connection from 3033
03-14 03:51:08.634 2972 2972 I mpu_uart_fws: Try get hal sevice:
03-14 03:51:08.634 3033 3033 D ProcessState: Binder ioctl to enable oneway spam detection failed: Invalid argument
03-14 03:51:08.634 2768 2825 D FlpServiceProvider: MSG_UPDATE_HIGHPOWER_MONITOR
03-14 03:51:08.634 2972 2972 D hw-ProcessState: Binder ioctl to enable oneway spam detection failed: Invalid argument
03-14 03:51:08.634 782 2952 D ConnectivityService: requestNetwork for uid/pid:1000/782 activeRequest: null callbackRequest: 28 [NetworkRequest [ REQUEST id=29, [ Capabilities: INTERNET&NOT_RESTRICTED&TRUSTED&NOT_VCN_MANAGED Uid: 1000 RequestorUid: 1000 RequestorPkg: android] ]] callback flags: 0 priority: 2147483647
01-01 08:00:42.029 0 0 I binder : 3033:3033 ioctl 40046210 7fc8a60c34 returned -22
01-01 08:00:42.029 0 0 I binder : 2972:2972 ioctl 40046210 7fc8a5fb24 returned -22
03-14 03:51:08.635 782 1692 D ConnectivityService: NetReassign [no changes]
03-14 03:51:08.635 782 2173 E ActivityManager: Sending non-protected broadcast android.location.HIGH_POWER_REQUEST_CHANGE from system 2768:com.qualcomm.location/u0a70 pkg com.qualcomm.location
03-14 03:51:08.635 782 2173 E ActivityManager: java.lang.Throwable
03-14 03:51:08.635 782 2173 E ActivityManager: at com.android.server.am.ActivityManagerService.checkBroadcastFromSystem(ActivityManagerService.java:12877)
03-14 03:51:08.635 782 2173 E ActivityManager: at com.android.server.am.ActivityManagerService.broadcastIntentLocked(ActivityManagerService.java:13572)
03-14 03:51:08.635 782 2173 E ActivityManager: at com.android.server.am.ActivityManagerService.broadcastIntentLocked(ActivityManagerService.java:12894)
03-14 03:51:08.635 782 2173 E ActivityManager: at com.android.server.am.ActivityManagerService.broadcastIntentWithFeature(ActivityManagerService.java:13729)
03-14 03:51:08.635 782 2173 E ActivityManager: at android.app.IActivityManager$Stub.onTransact(IActivityManager.java:2326)
03-14 03:51:08.635 782 2173 E ActivityManager: at com.android.server.am.ActivityManagerService.onTransact(ActivityManagerService.java:2528)
03-14 03:51:08.635 782 2173 E ActivityManager: at android.os.Binder.execTransactInternal(Binder.java:1179)
03-14 03:51:08.635 782 2173 E ActivityManager: at android.os.Binder.execTransact(Binder.java:1143)
03-14 03:51:08.635 782 1924 D Ethernet: got request NetworkRequest [ REQUEST id=29, [ Capabilities: INTERNET&NOT_RESTRICTED&TRUSTED&NOT_VCN_MANAGED Uid: 1000 RequestorUid: 1000 RequestorPkg: android] ]
03-14 03:51:08.635 782 1924 D EthernetNetworkFactory: acceptRequest, request: NetworkRequest [ REQUEST id=29, [ Capabilities: INTERNET&NOT_RESTRICTED&TRUSTED&NOT_VCN_MANAGED Uid: 1000 RequestorUid: 1000 RequestorPkg: android] ]
03-14 03:51:08.635 782 1924 I EthernetNetworkFactory: networkForRequest, request: NetworkRequest [ REQUEST id=29, [ Capabilities: INTERNET&NOT_RESTRICTED&TRUSTED&NOT_VCN_MANAGED Uid: 1000 RequestorUid: 1000 RequestorPkg: android] ], network: null
03-14 03:51:08.635 782 872 I am_wtf : [0,782,system_server,-1,ActivityManager,Sending non-protected broadcast android.location.HIGH_POWER_REQUEST_CHANGE from system 2768:com.qualcomm.location/u0a70 pkg com.qualcomm.location]
03-14 03:51:08.635 782 872 I DropBoxManagerService: add tag=system_server_wtf isTagEnabled=true flags=0x2
03-14 03:51:08.636 862 2614 I vendor.qti.bluetooth@1.0-diag_interface: Init: Init diag completed
03-14 03:51:08.636 862 2614 D vendor.qti.bluetooth@1.0-logger: Init: Registered Diag callbacks
03-14 03:51:08.636 862 2614 D vendor.qti.bluetooth@1.0-power_manager: SetPower: enable: 1
03-14 03:51:08.636 862 2614 E vendor.qti.bluetooth@1.0-power_manager:
03-14 03:51:08.636 862 2614 E vendor.qti.bluetooth@1.0-power_manager: PowerUpChip enable(1) retentionMode(1)
03-14 03:51:08.637 2972 2972 I android_os_HwBinder: HwBinder: Starting thread pool for getting: vendor.ts.uart@1.0::IUartServer/vendor.ts.uart
03-14 03:51:08.638 2972 2972 I mpu_uart_fws: hal sevice get success
03-14 03:51:08.639 782 2173 D CompatibilityInfo: mCompatibilityFlags - 4
03-14 03:51:08.639 782 2173 D CompatibilityInfo: applicationDensity - 240
03-14 03:51:08.639 782 2173 D CompatibilityInfo: applicationScale - 1.0
03-14 03:51:08.641 514 514 I hwservicemanager: Since vendor.qti.hardware.iop@2.0::IIop/default is not registered, trying to start it as a lazy HAL.
03-14 03:51:08.641 1355 2591 E ANDR-IOP: IIop:: Iop HAL Service is not available.
03-14 03:51:08.643 782 1868 I BackupManagerService: isBackupEnabled() => false due to absent settings file
03-14 03:51:08.643 782 1868 D BackupManagerService: user:0 readBackupEnableState enabled:false
03-14 03:51:08.643 782 1868 I BackupManagerService: [UserID:0] Backup enabled => false
03-14 03:51:08.643 1554 1565 D LOWI-9.0.0.87.a: [LOWINetlinkSocketReceiver] unpackRTMLinkMessage: RTM_NEWLINK - ifname vlan1, flags 0x1003 ([UP])
03-14 03:51:08.643 782 822 I EthernetTracker: interfaceLinkStateChanged, iface: vlan1, up: false
03-14 03:51:08.644 695 695 D Zygote : Forked child process 3078
03-14 03:51:08.644 782 873 W ActivityManager: Slow operation: 113ms so far, now at startProcess: returned from zygote!
03-14 03:51:08.644 782 873 W ActivityManager: Slow operation: 114ms so far, now at startProcess: done updating battery stats
03-14 03:51:08.644 782 873 I am_proc_start: [0,3078,10079,com.qualcomm.qti.workloadclassifier,added application,com.qualcomm.qti.workloadclassifier]
03-14 03:51:08.644 782 873 W ActivityManager: Slow operation: 114ms so far, now at startProcess: building log message
03-14 03:51:08.644 782 873 I ActivityManager: Start proc 3078:com.qualcomm.qti.workloadclassifier/u0a79 for added application com.qualcomm.qti.workloadclassifier
03-14 03:51:08.645 782 873 W ActivityManager: Slow operation: 114ms so far, now at startProcess: starting to update pids map
03-14 03:51:08.645 782 873 W ActivityManager: Slow operation: 114ms so far, now at startProcess: done updating pids map
03-14 03:51:08.645 782 873 W ActivityManager: Slow operation: 77ms so far, now at startProcess: asking zygote to start proc
03-14 03:51:08.645 782 873 D CompatibilityChangeReporter: Compat change id reported: 143937733; UID 10091; state: ENABLED
01-01 08:00:42.031 0 0 E bt_ioctl: BT_CMD_PWR_CTRL pwr_cntrl:2
01-01 08:00:42.037 0 0 E bt_vreg_unvote: vreg_unvote successful for : qca,bt-vdd-rfa2
01-01 08:00:42.044 0 0 E bt_vreg_unvote: vreg_unvote successful for : qca,bt-vdd-rfa1
03-14 03:51:08.649 3061 3061 I Zygote : seccomp disabled by setenforce 0
01-01 08:00:42.047 0 0 E init : Control message: Could not find 'vendor.qti.hardware.iop@2.0::IIop/default' for ctl.interface_start from pid: 514 (/system/bin/hwservicemanager)
03-14 03:51:08.651 3017 3017 D nativeloader: classloader namespace configured for unbundled vendor apk. library_path=/vendor/app/pasrservice/lib/arm64:/vendor/lib64
03-14 03:51:08.651 695 695 D Zygote : Forked child process 3080
03-14 03:51:08.651 782 873 W ActivityManager: Slow operation: 83ms so far, now at startProcess: returned from zygote!
03-14 03:51:08.651 782 873 W ActivityManager: Slow operation: 84ms so far, now at startProcess: done updating battery stats
03-14 03:51:08.652 782 873 I am_proc_start: [0,3080,10091,com.android.providers.media.module,service,{com.android.providers.media.module/com.android.providers.media.fuse.ExternalStorageServiceImpl}]
03-14 03:51:08.652 782 873 I Watchdog: Interesting Java process com.android.providers.media.module started. Pid 3080
03-14 03:51:08.652 782 873 W ActivityManager: Slow operation: 84ms so far, now at startProcess: building log message
03-14 03:51:08.652 782 873 I ActivityManager: Start proc 3080:com.android.providers.media.module/u0a91 for service {com.android.providers.media.module/com.android.providers.media.fuse.ExternalStorageServiceImpl}
03-14 03:51:08.652 782 873 W ActivityManager: Slow operation: 84ms so far, now at startProcess: starting to update pids map
03-14 03:51:08.652 782 873 W ActivityManager: Slow operation: 84ms so far, now at startProcess: done updating pids map
03-14 03:51:08.652 782 873 W ActivityManager: Slow operation: 81ms so far, now at startProcess: asking zygote to start proc
03-14 03:51:08.652 782 873 D CompatibilityChangeReporter: Compat change id reported: 143937733; UID 10021; state: ENABLED
03-14 03:51:08.657 782 2149 I am_proc_bound: [0,3033,com.qualcomm.qti.services.systemhelper:systemhelper_service]
03-14 03:51:08.658 695 695 D Zygote : Forked child process 3083
03-14 03:51:08.658 3017 3017 I Perf : Connecting to perf service.
03-14 03:51:08.658 782 873 W ActivityManager: Slow operation: 87ms so far, now at startProcess: returned from zygote!
03-14 03:51:08.658 782 2149 D CompatibilityChangeReporter: Compat change id reported: 168419799; UID 10069; state: DISABLED
03-14 03:51:08.658 782 2149 D CompatibilityInfo: mCompatibilityFlags - 4
03-14 03:51:08.658 782 2149 D CompatibilityInfo: applicationDensity - 240
03-14 03:51:08.658 782 2149 D CompatibilityInfo: applicationScale - 1.0
03-14 03:51:08.661 782 2149 I am_uid_active: 10069
03-14 03:51:08.662 782 873 W ActivityManager: Slow operation: 91ms so far, now at startProcess: done updating battery stats
03-14 03:51:08.662 782 873 I am_proc_start: [0,3083,10021,com.android.traceur,broadcast,{com.android.traceur/com.android.traceur.Receiver}]
03-14 03:51:08.662 782 873 W ActivityManager: Slow operation: 91ms so far, now at startProcess: building log message
03-14 03:51:08.662 782 873 I ActivityManager: Start proc 3083:com.android.traceur/u0a21 for broadcast {com.android.traceur/com.android.traceur.Receiver}
03-14 03:51:08.662 782 873 W ActivityManager: Slow operation: 91ms so far, now at startProcess: starting to update pids map
03-14 03:51:08.663 782 873 W ActivityManager: Slow operation: 92ms so far, now at startProcess: done updating pids map
03-14 03:51:08.663 782 873 W ActivityManager: Slow operation: 65ms so far, now at startProcess: asking zygote to start proc
03-14 03:51:08.663 782 873 D CompatibilityChangeReporter: Compat change id reported: 143937733; UID 10071; state: ENABLED
03-14 03:51:08.666 3033 3033 D CompatibilityChangeReporter: Compat change id reported: 171979766; UID 10069; state: DISABLED
03-14 03:51:08.668 1554 1565 D LOWI-9.0.0.87.a: [LOWINetlinkSocketReceiver] unpackRTMLinkMessage: RTM_NEWLINK - ifname vlan1, flags 0x1003 ([UP])
03-14 03:51:08.672 782 822 I EthernetTracker: interfaceLinkStateChanged, iface: vlan1, up: false
03-14 03:51:08.675 3061 3061 D ProcessState: Binder ioctl to enable oneway spam detection failed: Invalid argument
03-14 03:51:08.677 2789 2798 I adbd : jdwp connection from 3061
03-14 03:51:08.678 514 3077 W libc : Unable to set property "ctl.interface_start" to "vendor.qti.hardware.iop@2.0::IIop/default": error code: 0x20
03-14 03:51:08.678 514 3077 I hwservicemanager: Tried to start vendor.qti.hardware.iop@2.0::IIop/default as a lazy service, but was unable to. Usually this happens when a service is not installed, but if the service is intended to be used as a lazy service, then it may be configured incorrectly.
03-14 03:51:08.678 782 2149 I am_proc_bound: [0,3061,com.qualcomm.qti.qccnetstat]
03-14 03:51:08.680 695 695 D Zygote : Forked child process 3100
03-14 03:51:08.680 782 873 W ActivityManager: Slow operation: 82ms so far, now at startProcess: returned from zygote!
03-14 03:51:08.683 782 2149 D CompatibilityChangeReporter: Compat change id reported: 168419799; UID 10083; state: DISABLED
03-14 03:51:08.683 782 2149 D CompatibilityInfo: mCompatibilityFlags - 4
03-14 03:51:08.683 782 2149 D CompatibilityInfo: applicationDensity - 240
03-14 03:51:08.683 782 2149 D CompatibilityInfo: applicationScale - 1.0
01-01 08:00:42.051 0 0 E bt_vreg_unvote: vreg_unvote successful for : qca,bt-vdd-dig
01-01 08:00:42.066 0 0 E msm-dwc3 a600000.ssusb: Could not get usb psy
01-01 08:00:42.066 0 0 I android_work: did not send uevent (0 0 0000000000000000)
01-01 08:00:42.070 0 0 I binder : 3061:3061 ioctl 40046210 7fc8a60c34 returned -22
01-01 08:00:42.074 0 0 E bt_vreg_unvote: vreg_unvote successful for : qca,bt-vdd-aon
03-14 03:51:08.685 782 2149 I am_uid_active: 10083
03-14 03:51:08.685 3033 3033 D ApplicationLoaders: Returning zygote-cached class loader: /system/framework/android.test.base.jar
03-14 03:51:08.686 782 873 W ActivityManager: Slow operation: 88ms so far, now at startProcess: done updating battery stats
03-14 03:51:08.686 782 873 I am_proc_start: [0,3100,10071,com.qualcomm.location.XT,service,{com.qualcomm.location.XT/com.qualcomm.location.XT.XTSrv}]
03-14 03:51:08.686 782 873 W ActivityManager: Slow operation: 88ms so far, now at startProcess: building log message
03-14 03:51:08.686 782 873 I ActivityManager: Start proc 3100:com.qualcomm.location.XT/u0a71 for service {com.qualcomm.location.XT/com.qualcomm.location.XT.XTSrv}
03-14 03:51:08.686 782 873 W ActivityManager: Slow operation: 88ms so far, now at startProcess: starting to update pids map
03-14 03:51:08.686 782 873 W ActivityManager: Slow operation: 88ms so far, now at startProcess: done updating pids map
03-14 03:51:08.686 3061 3061 D CompatibilityChangeReporter: Compat change id reported: 171979766; UID 10083; state: ENABLED
03-14 03:51:08.690 862 2614 D vendor.qti.bluetooth@1.0-uart_controller: Init succeded
03-14 03:51:08.690 862 2614 I vendor.qti.bluetooth@1.0-data_handler: SetHostAddOnFeatures: chip_ver: (0x400a020000100200), chip_ver_str: HASTINGS_VER_2_0
03-14 03:51:08.690 862 2614 I vendor.qti.bluetooth@1.0-data_handler: SetHostAddOnFeatures: before get_soc_info call
03-14 03:51:08.690 862 2614 I vendor.qti.bluetooth@1.0-data_handler: SetHostAddOnFeatures: after get_soc_info call
03-14 03:51:08.690 862 2614 W vendor.qti.bluetooth@1.0-data_handler: SetHostAddOnFeatures: failed to get soc info or feat not req for this chip
03-14 03:51:08.690 862 2614 D vendor.qti.bluetooth@1.0-data_handler: StopInitTimer: InitTimer Stopped
03-14 03:51:08.690 862 2614 D vendor.qti.bluetooth@1.0-data_handler: Firmware download succeded.
03-14 03:51:08.690 862 2614 I vendor.qti.bluetooth@1.0-bluetooth_hci: operator(): Set callbacks received from BT client inorder to provide status and data through them
03-14 03:51:08.691 2001 2611 I bt_hci : event_finish_startup
03-14 03:51:08.691 2001 2261 I bt_core_module: module_start_up Started module "hci_module"
03-14 03:51:08.691 2001 3101 I bt_osi_thread: run_thread: thread id 3101, thread name bt_workqueue started
03-14 03:51:08.691 2001 3101 I droid.bluetoot: [0314/035108.691773:INFO:btu_task.cc(107)] Bluetooth chip preload is complete
03-14 03:51:08.692 3078 3078 I Zygote : seccomp disabled by setenforce 0
03-14 03:51:08.696 3017 3017 V GraphicsEnvironment: ANGLE Developer option for 'com.qti.pasrservice' set to: 'default'
03-14 03:51:08.696 3017 3017 V GraphicsEnvironment: ANGLE GameManagerService for com.qti.pasrservice: false
03-14 03:51:08.698 3083 3083 I Zygote : seccomp disabled by setenforce 0
03-14 03:51:08.699 3100 3100 I Zygote : seccomp disabled by setenforce 0
01-01 08:00:42.101 0 0 I binder : 3080:3080 ioctl 40046210 7fc8a60c34 returned -22
03-14 03:51:08.701 2001 3101 W bt_l2cap: L2CAP - L2CA_Register() called for PSM: 0x0001
01-01 08:00:42.103 0 0 I binder : 3083:3083 ioctl 40046210 7fc8a60c34 returned -22
03-14 03:51:08.701 2001 3101 W bt_l2cap: L2CAP - L2CA_Register() called for PSM: 0x001f
01-01 08:00:42.111 0 0 W QSEECOM : qseecom_load_app: App with id 8 (fingerpr) now loaded
01-01 08:00:42.112 0 0 I binder : 3078:3078 ioctl 40046210 7fc8a60c34 returned -22
03-14 03:51:08.701 3080 3080 I Zygote : seccomp disabled by setenforce 0
03-14 03:51:08.701 2001 3101 I droid.bluetoot: [0314/035108.701573:INFO:gatt_api.cc(1223)] GATT_Register 81818181-8181-8181-8181-818181818181
03-14 03:51:08.701 2001 3101 I droid.bluetoot: [0314/035108.701682:INFO:gatt_api.cc(1244)] allocated gatt_if=1
03-14 03:51:08.701 2001 3101 I droid.bluetoot: [0314/035108.701745:INFO:gatt_api.cc(166)] GATTS_AddService
03-14 03:51:08.701 2001 3101 I droid.bluetoot: [0314/035108.701792:INFO:gatt_api.cc(269)] GATTS_AddService: service parsed correctly, now starting
03-14 03:51:08.701 2001 3101 W bt_l2cap: L2CAP - L2CA_Register() called for PSM: 0x0003
03-14 03:51:08.702 2001 3101 I droid.bluetoot: [0314/035108.702004:INFO:gatt_api.cc(1223)] GATT_Register 82828282-8282-8282-8282-828282828282
03-14 03:51:08.702 2001 3101 I droid.bluetoot: [0314/035108.702049:INFO:gatt_api.cc(1244)] allocated gatt_if=2
03-14 03:51:08.702 2001 3101 I droid.bluetoot: [0314/035108.702081:INFO:gatt_api.cc(166)] GATTS_AddService
03-14 03:51:08.702 2001 3101 I droid.bluetoot: [0314/035108.702128:INFO:gatt_api.cc(269)] GATTS_AddService: service parsed correctly, now starting
03-14 03:51:08.703 2001 3116 I bt_osi_thread: run_thread: thread id 3116, thread name btu message loop started
01-01 08:00:42.118 0 0 I binder : 3100:3100 ioctl 40046210 7fc8a60c34 returned -22
03-14 03:51:08.703 2001 3120 I bt_osi_thread: run_thread: thread id 3120, thread name module_wrapper started
03-14 03:51:08.704 2001 3120 I bt_core_module: module_start_up Starting module "controller_module"
03-14 03:51:08.704 2001 3120 I bt_stack: [INFO:controller.cc(1326)] load_bt_configstore_lib loaded HAL: bt_configstore_interface_t=0x713da97970, bt_configstore_lib_handle=0x94d94aebec4c7065
03-14 03:51:08.704 2001 3120 I bt_config_store: getVendorProperties
03-14 03:51:08.705 862 2614 D vendor.qti.bluetooth@1.0-data_handler: operator(): init thread exited now
03-14 03:51:08.705 2646 2646 D CompatibilityChangeReporter: Compat change id reported: 160794467; UID 10074; state: ENABLED
03-14 03:51:08.705 3017 3017 D NetworkSecurityConfig: No Network Security Config specified, using platform default
03-14 03:51:08.705 3017 3017 D NetworkSecurityConfig: No Network Security Config specified, using platform default
03-14 03:51:08.706 3080 3080 D ProcessState: Binder ioctl to enable oneway spam detection failed: Invalid argument
03-14 03:51:08.706 862 862 I vendor.qti.hardware.btconfigstore@2.0-BTConfigStore: getVendorProperties:: Bluetooth soc type set to: hastings, ret: 8
03-14 03:51:08.706 3061 3061 I Perf : Connecting to perf service.
03-14 03:51:08.706 862 862 I vendor.qti.hardware.btconfigstore@2.0-BTConfigStore: getVendorProperties:: persist.vendor.qcom.bluetooth.enable.splita2dp: true, ret: 4
03-14 03:51:08.706 862 862 I vendor.qti.hardware.btconfigstore@2.0-BTConfigStore: getVendorProperties:: persist.vendor.qcom.bluetooth.a2dp_offload_cap: sbc-aac, ret: 7
03-14 03:51:08.706 862 862 I vendor.qti.hardware.btconfigstore@2.0-BTConfigStore: getVendorProperties:: ro.vendor.bluetooth.wipower: false, ret: 5
03-14 03:51:08.706 862 862 I vendor.qti.hardware.btconfigstore@2.0-BTConfigStore: getVendorProperties:: persist.vendor.qcom.bluetooth.aac_frm_ctl.enabled: true, ret: 4
03-14 03:51:08.706 862 862 I vendor.qti.hardware.btconfigstore@2.0-BTConfigStore: getVendorProperties:: persist.vendor.qcom.bluetooth.enable.swb: true, ret: 4
03-14 03:51:08.706 862 862 I vendor.qti.hardware.btconfigstore@2.0-BTConfigStore: getVendorProperties:: persist.vendor.qcom.bluetooth.enable.swbpm: true, ret: 4
03-14 03:51:08.706 862 862 I vendor.qti.hardware.btconfigstore@2.0-BTConfigStore: getVendorProperties:: persist.vendor.qcom.bluetooth.a2dp_mcast_test.enabled: false, ret: 5
03-14 03:51:08.706 862 862 I vendor.qti.hardware.btconfigstore@2.0-BTConfigStore: getVendorProperties:: persist.vendor.qcom.bluetooth.twsp_state.enabled: false, ret: 5
03-14 03:51:08.706 862 862 I vendor.qti.hardware.btconfigstore@2.0-BTConfigStore: getVendorProperties:: persist.vendor.qcom.bluetooth.max_power_support: false, ret: 5
03-14 03:51:08.706 2001 3120 I bt_config_store: prop type: BT_PROP_SOC_TYPE, prop_value: hastings
03-14 03:51:08.706 2001 3120 I bt_config_store: prop type: BT_PROP_SPILT_A2DP, prop_value: true
03-14 03:51:08.706 2001 3120 I bt_config_store: prop type: BT_PROP_A2DP_OFFLOAD_CAP, prop_value: sbc-aac
03-14 03:51:08.706 2001 3120 I bt_config_store: prop type: BT_PROP_WIPOWER, prop_value: false
03-14 03:51:08.706 2001 3120 I bt_config_store: prop type: BT_PROP_AAC_FRAME_CTL, prop_value: true
03-14 03:51:08.706 2001 3120 I bt_config_store: not handled propType = 6
03-14 03:51:08.706 2001 3120 I bt_config_store: prop type: not handled, prop_value: true
03-14 03:51:08.706 2001 3120 I bt_config_store: not handled propType = 7
03-14 03:51:08.706 2001 3120 I bt_config_store: prop type: not handled, prop_value: true
03-14 03:51:08.706 2001 3120 I bt_config_store: not handled propType = 8
03-14 03:51:08.706 2001 3120 I bt_config_store: prop type: not handled, prop_value: false
03-14 03:51:08.706 2001 3120 I bt_config_store: not handled propType = 9
03-14 03:51:08.706 2001 3120 I bt_config_store: prop type: not handled, prop_value: false
03-14 03:51:08.706 2001 3120 I bt_config_store: not handled propType = 11
03-14 03:51:08.706 2001 3120 I bt_config_store: prop type: not handled, prop_value: false
03-14 03:51:08.706 2001 3120 I bt_config_store: soc_name: hastings, soc_type = 0004
03-14 03:51:08.706 2001 3120 I bt_controller: start_up:: soc_name:hastings, soc_type = 4
03-14 03:51:08.706 2001 3120 I bt_controller: start_up:: spilt_a2dp_supported = 1
03-14 03:51:08.706 2001 3120 I bt_controller: start_up:: a2dp_offload_Cap = sbc-aac
03-14 03:51:08.706 2001 3120 I bt_controller: start_up:: wipower_supported = 0
03-14 03:51:08.706 2001 3120 I bt_controller: start_up:: aac_frame_ctl_enabled = 1
03-14 03:51:08.706 2001 3120 I bt_controller: start_up:: a2dp_multicast_supported = 0
03-14 03:51:08.706 2001 3120 I bt_controller: start_up:: twsp_state_supported = 0
03-14 03:51:08.706 2001 3120 I bt_controller: decode_max_power_values: MAX POW property is not set
03-14 03:51:08.706 2001 3120 I bt_controller: start_up:: max_power_prop_enabled = 0
03-14 03:51:08.708 862 862 I vendor.qti.bluetooth@1.0-ibs_handler: DeviceWakeUp: Writing IBS_WAKE_IND
03-14 03:51:08.708 514 514 I hwservicemanager: Since vendor.qti.hardware.iop@2.0::IIop/default is not registered, trying to start it as a lazy HAL.
03-14 03:51:08.708 2789 2798 I adbd : jdwp connection from 3080
03-14 03:51:08.708 1554 1565 D LOWI-9.0.0.87.a: [LOWINetlinkSocketReceiver] unpackRTMLinkMessage: RTM_NEWLINK - ifname vlan1, flags 0x1003 ([UP])
03-14 03:51:08.708 3083 3083 D ProcessState: Binder ioctl to enable oneway spam detection failed: Invalid argument
03-14 03:51:08.709 782 822 I EthernetTracker: interfaceLinkStateChanged, iface: vlan1, up: false
