03-14 03:51:09.141 648 1123 E QC-time-services: Daemon: Time-services: Waiting to acceptconnection
01-01 08:00:42.537 0 0 W cnss-daemon: wlfw_qmi_ind_cb: Receive Ind : 0x21
01-01 08:00:42.537 0 0 D cnss : Received QMI WLFW pin connect result indication
01-01 08:00:42.537 0 0 D cnss : Pin connect Result: pwr_pin: 0x0 phy_io_pin: 0x0 rf_io_pin: 0x2b
01-01 08:00:42.537 0 0 D cnss : Received QMI WLFW calibration done indication
01-01 08:00:42.537 0 0 D cnss : Posting event: COLD_BOOT_CAL_DONE(6), state: 0xf flags: 0x0
01-01 08:00:42.537 0 0 D cnss : PM stay awake, state: 0xf, count: 1
01-01 08:00:42.537 0 0 D cnss : PM relax, state: 0xf, count: 0
03-14 03:51:09.142 1518 1527 E cnss-daemon: wlfw_qmi_ind_cb: Receive Ind : 0x21
01-01 08:00:42.537 0 0 D cnss : Received QMI WLFW FW ready indication
03-14 03:51:09.142 782 2190 I am_uid_running: 10018
01-01 08:00:42.537 0 0 D cnss : Posting event: COLD_BOOT_CAL_DONE(6), state: 0xf flags: 0x0
03-14 03:51:09.142 782 2190 D CompatibilityChangeReporter: Compat change id reported: 135634846; UID 10018; state: DISABLED
03-14 03:51:09.142 782 2190 D CompatibilityChangeReporter: Compat change id reported: 177438394; UID 10018; state: DISABLED
01-01 08:00:42.537 0 0 D cnss : PM stay awake, state: 0xf, count: 1
03-14 03:51:09.142 782 2190 D CompatibilityChangeReporter: Compat change id reported: 135772972; UID 10018; state: DISABLED
03-14 03:51:09.142 782 2190 D CompatibilityChangeReporter: Compat change id reported: 135754954; UID 10018; state: ENABLED
01-01 08:00:42.537 0 0 D cnss : PM relax, state: 0xf, count: 0
03-14 03:51:09.142 2501 2501 I wm_on_stop_called: [60932722,com.android.settings.FallbackHome,LIFECYCLER_STOP_ACTIVITY]
01-01 08:00:42.537 0 0 D cnss : PM stay awake, state: 0xf, count: 1
01-01 08:00:42.537 0 0 D cnss : Processing driver event: COLD_BOOT_CAL_DONE(6), state: 0xf
01-01 08:00:42.537 0 0 D cnss : Calibration completed successfully
01-01 08:00:42.537 0 0 D cnss : Sending mode message, mode: OFF(4), state: 0xf
03-14 03:51:09.144 695 695 D Zygote : Forked child process 3379
03-14 03:51:09.145 782 873 I am_proc_start: [0,3379,10023,com.baidu.input,service,{com.baidu.input/com.baidu.input.ImeService}]
03-14 03:51:09.145 782 873 I ActivityManager: Start proc 3379:com.baidu.input/u0a23 for service {com.baidu.input/com.baidu.input.ImeService}
03-14 03:51:09.146 782 873 D CompatibilityChangeReporter: Compat change id reported: 143937733; UID 10018; state: ENABLED
03-14 03:51:09.147 3379 3379 I Zygote : seccomp disabled by setenforce 0
03-14 03:51:09.147 3379 3379 I libc : SetHeapTaggingLevel: tag level set to 0
03-14 03:51:09.150 2501 2501 I wm_on_destroy_called: [60932722,com.android.settings.FallbackHome,performDestroy]
03-14 03:51:09.150 782 824 D BluetoothManagerService: Sending State Change: TURNING_ON > ON
03-14 03:51:09.150 2646 2712 D LoaderTask: loadAllApps
03-14 03:51:09.151 1518 1527 I cnss-daemon: wlfw_qmi_err_cb: Server disconnect, err -2 client 0x3K
01-01 08:00:42.543 0 0 D cnss : WLFW server exiting
01-01 08:00:42.543 0 0 D cnss : Posting event: SERVER_EXIT(1), state: 0x2000f flags: 0x0
01-01 08:00:42.546 0 0 W cnss-daemon: wlfw_qmi_err_cb: Server disconnect, err -2 client 0x3K
01-01 08:00:42.546 0 0 D cnss : Skip driver remove
01-01 08:00:42.546 0 0 D cnss : Read register offset 0x1f8031c, val = 0x2
01-01 08:00:42.546 0 0 D cnss : Write val 0x3 to register offset 0x1f8031c
03-14 03:51:09.152 2646 2712 D LoaderTask: apps.size 11
03-14 03:51:09.152 782 782 D CompanionDeviceManagerService: Received BT state transition broadcast: TURNING_ON -> ON
03-14 03:51:09.152 782 782 I CompanionDeviceManagerService: startBleScan()
03-14 03:51:09.152 2646 2712 D LoaderTask: app pkg com.android.gallery3d
03-14 03:51:09.153 1518 1525 I cnss-daemon: wlfw_service_request: Pthread exiting
03-14 03:51:09.153 2646 2712 D LoaderTask: app pkg com.android.music
03-14 03:51:09.153 782 2190 W InputManager-JNI: Input channel object '2507f48 com.android.settings/com.android.settings.FallbackHome (client)' was disposed without first being removed with the input manager!
03-14 03:51:09.153 2646 2712 D LoaderTask: app pkg com.android.music
03-14 03:51:09.154 2646 2712 D LoaderTask: app pkg com.android.settings
03-14 03:51:09.154 2646 2712 D LoaderTask: app pkg com.microsoft.emmx
03-14 03:51:09.155 2646 2712 D LoaderTask: app pkg com.android.documentsui
01-01 08:00:42.548 0 0 D cnss : Setting MHI state: POWER_OFF(4)
03-14 03:51:09.155 3379 3379 D ProcessState: Binder ioctl to enable oneway spam detection failed: Invalid argument
01-01 08:00:42.550 0 0 I binder : 3379:3379 ioctl 40046210 7fc8a60c34 returned -22
03-14 03:51:09.155 2646 2712 D LoaderTask: app pkg com.hht.lebocast
03-14 03:51:09.155 2646 2712 D LoaderTask: app pkg com.sohu.inputmethod.sogou.car
03-14 03:51:09.156 2646 2712 D LoaderTask: app pkg com.huawei.appmarket
03-14 03:51:09.156 2646 2712 D LoaderTask: app pkg com.qiyi.video
03-14 03:51:09.156 2646 2712 D LoaderTask: app pkg com.sohu.sohuvideo
03-14 03:51:09.156 2646 2712 D LoaderTask: installQueue.size 11
03-14 03:51:09.157 2646 2712 D BaseModelUpdateTask: BaseModelUpdateTask constructor
03-14 03:51:09.157 2646 2712 D BaseModelUpdateTask: java.lang.Exception
03-14 03:51:09.157 2646 2712 D BaseModelUpdateTask: at com.android.launcher3.model.BaseModelUpdateTask.(BaseModelUpdateTask.java:57)
03-14 03:51:09.157 2646 2712 D BaseModelUpdateTask: at com.android.launcher3.model.AddWorkspaceItemsTask.(AddWorkspaceItemsTask.java:58)
03-14 03:51:09.157 2646 2712 D BaseModelUpdateTask: at com.android.launcher3.LauncherModel.addAndBindAddedWorkspaceItems(LauncherModel.java:145)
03-14 03:51:09.157 2646 2712 D BaseModelUpdateTask: at com.android.launcher3.model.LoaderTask.verifyApplications(LoaderTask.java:1061)
03-14 03:51:09.157 2646 2712 D BaseModelUpdateTask: at com.android.launcher3.model.LoaderTask.run(LoaderTask.java:229)
03-14 03:51:09.157 2646 2712 D BaseModelUpdateTask: at android.os.Handler.handleCallback(Handler.java:938)
03-14 03:51:09.157 2646 2712 D BaseModelUpdateTask: at android.os.Handler.dispatchMessage(Handler.java:99)
03-14 03:51:09.157 2646 2712 D BaseModelUpdateTask: at android.os.Looper.loopOnce(Looper.java:201)
03-14 03:51:09.157 2646 2712 D BaseModelUpdateTask: at android.os.Looper.loop(Looper.java:288)
03-14 03:51:09.157 2646 2712 D BaseModelUpdateTask: at android.os.HandlerThread.run(HandlerThread.java:67)
03-14 03:51:09.157 695 695 D Zygote : Forked child process 3395
03-14 03:51:09.158 2646 2712 D LoaderTask: bindAllApps
03-14 03:51:09.161 782 873 I am_proc_start: [0,3395,10018,android.process.acore,content provider,{com.android.providers.contacts/com.android.providers.contacts.ContactsProvider2}]
03-14 03:51:09.161 782 873 I ActivityManager: Start proc 3395:android.process.acore/u0a18 for content provider {com.android.providers.contacts/com.android.providers.contacts.ContactsProvider2}
03-14 03:51:09.161 2789 2798 I adbd : jdwp connection from 3379
03-14 03:51:09.163 782 3162 I am_proc_bound: [0,3379,com.baidu.input]
03-14 03:51:09.163 2646 2712 D LoaderTask: update icon cache
03-14 03:51:09.163 2646 2712 D LoaderTask: save shortcuts in icon cache
03-14 03:51:09.163 2646 2712 D LoaderTask: step 2 complete
01-01 08:00:42.566 0 0 D cnss : Suspending PCI link
03-14 03:51:09.167 3395 3395 I Zygote : seccomp disabled by setenforce 0
03-14 03:51:09.167 2646 2646 D BaseModelUpdateTask: BaseModelUpdateTask constructor
03-14 03:51:09.167 2646 2646 D BaseModelUpdateTask: java.lang.Exception
03-14 03:51:09.167 2646 2646 D BaseModelUpdateTask: at com.android.launcher3.model.BaseModelUpdateTask.(BaseModelUpdateTask.java:57)
03-14 03:51:09.167 2646 2646 D BaseModelUpdateTask: at com.android.launcher3.model.ShortcutsChangedTask.(ShortcutsChangedTask.java:47)
03-14 03:51:09.167 2646 2646 D BaseModelUpdateTask: at com.android.launcher3.LauncherModel.onShortcutsChanged(LauncherModel.java:216)
03-14 03:51:09.167 2646 2646 D BaseModelUpdateTask: at android.content.pm.LauncherApps$CallbackMessageHandler.handleMessage(LauncherApps.java:1821)
03-14 03:51:09.167 2646 2646 D BaseModelUpdateTask: at android.os.Handler.dispatchMessage(Handler.java:106)
03-14 03:51:09.167 2646 2646 D BaseModelUpdateTask: at android.os.Looper.loopOnce(Looper.java:201)
03-14 03:51:09.167 2646 2646 D BaseModelUpdateTask: at android.os.Looper.loop(Looper.java:288)
03-14 03:51:09.167 2646 2646 D BaseModelUpdateTask: at android.app.ActivityThread.main(ActivityThread.java:7880)
03-14 03:51:09.167 2646 2646 D BaseModelUpdateTask: at java.lang.reflect.Method.invoke(Native Method)
03-14 03:51:09.167 2646 2646 D BaseModelUpdateTask: at com.android.internal.os.RuntimeInit$MethodAndArgsCaller.run(RuntimeInit.java:548)
03-14 03:51:09.167 2646 2646 D BaseModelUpdateTask: at com.android.internal.os.ZygoteInit.main(ZygoteInit.java:1009)
03-14 03:51:09.168 2646 2712 D LoaderTask: loadDeepShortcuts
03-14 03:51:09.168 2646 2712 D LoaderTask: bindDeepShortcuts
03-14 03:51:09.168 2646 2712 D LoaderTask: save deep shortcuts in icon cache
03-14 03:51:09.168 782 3162 D CompatibilityChangeReporter: Compat change id reported: 168419799; UID 10023; state: DISABLED
03-14 03:51:09.168 782 3162 D CompatibilityInfo: mCompatibilityFlags - 4
03-14 03:51:09.168 782 3162 D CompatibilityInfo: applicationDensity - 240
03-14 03:51:09.168 782 3162 D CompatibilityInfo: applicationScale - 1.0
03-14 03:51:09.168 2646 2712 D LoaderTask: step 3 complete
03-14 03:51:09.170 782 3162 I am_uid_active: 10023
03-14 03:51:09.172 782 3162 D CompatibilityInfo: mCompatibilityFlags - 4
03-14 03:51:09.172 782 3162 D CompatibilityInfo: applicationDensity - 240
03-14 03:51:09.172 782 3162 D CompatibilityInfo: applicationScale - 1.0
03-14 03:51:09.173 3379 3379 D CompatibilityChangeReporter: Compat change id reported: 171979766; UID 10023; state: DISABLED
03-14 03:51:09.176 3314 3314 I Diag_Lib: Diag_LSM_Init call succeeded
03-14 03:51:09.176 3395 3395 D ProcessState: Binder ioctl to enable oneway spam detection failed: Invalid argument
03-14 03:51:09.177 2789 2798 I adbd : jdwp connection from 3395
03-14 03:51:09.179 3379 3379 D ApplicationLoaders: Returning zygote-cached class loader: /system/framework/android.test.base.jar
01-01 08:00:42.571 0 0 I binder : 3395:3395 ioctl 40046210 7fc8a60c34 returned -22
01-01 08:00:42.576 0 0 I msm_pcie_disable: PCIe: Assert the reset of endpoint of RC0.
01-01 08:00:42.576 0 0 D cnss : Setting MHI state: DEINIT(1)
01-01 08:00:42.576 0 0 D cnss : De-assert WLAN_EN GPIO successfully
01-01 08:00:42.576 0 0 D cnss : Regulator vdd-wlan-rfa2 is being disabled
01-01 08:00:42.576 0 0 D cnss : Regulator vdd-wlan-rfa1 is being disabled
01-01 08:00:42.576 0 0 D cnss : Regulator vdd-wlan-dig is being disabled
01-01 08:00:42.576 0 0 D cnss : Regulator vdd-wlan-aon is being disabled
01-01 08:00:42.576 0 0 D cnss : Regulator wlan-ant-switch is being disabled
01-01 08:00:42.576 0 0 D cnss : Regulator vdd-wlan-io is being disabled
03-14 03:51:09.183 782 3162 I am_proc_bound: [0,3395,android.process.acore]
03-14 03:51:09.184 782 3162 D CompatibilityChangeReporter: Compat change id reported: 168419799; UID 10018; state: DISABLED
03-14 03:51:09.184 782 3162 D CompatibilityInfo: mCompatibilityFlags - 4
03-14 03:51:09.184 782 3162 D CompatibilityInfo: applicationDensity - 240
03-14 03:51:09.184 782 3162 D CompatibilityInfo: applicationScale - 1.0
03-14 03:51:09.185 782 3162 I am_uid_active: 10018
03-14 03:51:09.186 3395 3395 D CompatibilityChangeReporter: Compat change id reported: 171979766; UID 10018; state: ENABLED
03-14 03:51:09.201 2646 2712 D LoaderTask: load widgets
03-14 03:51:09.202 3395 3395 I Perf : Connecting to perf service.
03-14 03:51:09.205 2646 2712 I WidgetsModel: found whitelist widget: com.android.systemui, label: 对话, sectionName:D
03-14 03:51:09.206 2646 2712 D LoaderTask: bindWidgets
03-14 03:51:09.206 2646 2712 D LoaderTask: save widgets in icon cache
03-14 03:51:09.209 2646 2712 D LoaderTask: finish icon update
03-14 03:51:09.209 3395 3395 V GraphicsEnvironment: ANGLE Developer option for 'com.android.providers.contacts' set to: 'default'
03-14 03:51:09.209 3395 3395 V GraphicsEnvironment: ANGLE GameManagerService for com.android.providers.contacts: false
03-14 03:51:09.211 3395 3395 D NetworkSecurityConfig: No Network Security Config specified, using platform default
03-14 03:51:09.211 3395 3395 D NetworkSecurityConfig: No Network Security Config specified, using platform default
03-14 03:51:09.211 2646 2712 D LauncherProvider: call: method=new_db_transaction,arg=null,extras=null
03-14 03:51:09.215 2646 2712 D BaseIconFactory: normalizeAndWrapToAdaptiveIcon: scale=1.0
03-14 03:51:09.220 862 3066 I vendor.qti.bluetooth@1.0-ibs_handler: ProcessIbsCmd: Received IBS_SLEEP_IND: 0xFE
03-14 03:51:09.221 2646 2712 D BaseIconFactory: normalizeAndWrapToAdaptiveIcon: scale=1.0
03-14 03:51:09.225 2646 2712 D BaseIconFactory: normalizeAndWrapToAdaptiveIcon: scale=1.0
03-14 03:51:09.225 1554 1565 D LOWI-9.0.0.87.a: [LOWINetlinkSocketReceiver] unpackRTMLinkMessage: RTM_NEWLINK - ifname vlan4, flags 0x1003 ([UP])
03-14 03:51:09.227 782 822 I EthernetTracker: interfaceLinkStateChanged, iface: vlan4, up: false
03-14 03:51:09.228 3395 3395 I ContactsPerf: VoicemailContentProvider.onCreate start
03-14 03:51:09.228 2646 2712 D BaseIconFactory: normalizeAndWrapToAdaptiveIcon: scale=1.0
03-14 03:51:09.230 3395 3395 I ContactsPerf: VoicemailContentProvider.onCreate finish
03-14 03:51:09.233 2646 2712 D BaseIconFactory: normalizeAndWrapToAdaptiveIcon: scale=0.80950594
03-14 03:51:09.237 782 3162 D CountryDetector: The first listener is added
03-14 03:51:09.238 3395 3395 I ContactsDatabaseHelper: updateUseStrictPhoneNumberComparison: CN
03-14 03:51:09.238 3379 3379 I Perf : Connecting to perf service.
03-14 03:51:09.239 1656 3287 E QFP : qfpCommand: error from send_command_to_tz: 0, QFP result -11 on (0 0)
03-14 03:51:09.239 1656 3287 I QFP : close: close, usecase 3 options 0
03-14 03:51:09.239 1656 3287 I QFP : closeHandle: closeHandle (0 0)
03-14 03:51:09.239 2646 2712 D BaseIconFactory: normalizeAndWrapToAdaptiveIcon: scale=1.0
01-01 08:00:42.635 0 0 D cnss : Processing driver event: COLD_BOOT_CAL_DONE(6), state: 0x20001
01-01 08:00:42.635 0 0 D cnss : Posting event: REGISTER_DRIVER(7)-sync, state: 0x20001 flags: 0x5
01-01 08:00:42.635 0 0 D cnss : Processing driver event: SERVER_EXIT(1), state: 0x20001
01-01 08:00:42.635 0 0 I cnss : QMI WLFW service disconnected, state: 0x20000
01-01 08:00:42.635 0 0 D cnss : Processing driver event: REGISTER_DRIVER-sync(7), state: 0x0
01-01 08:00:42.635 0 0 D cnss : Regulator vdd-wlan-io is being enabled
01-01 08:00:42.635 0 0 D cnss : Regulator wlan-ant-switch is being enabled
01-01 08:00:42.635 0 0 D cnss : Regulator vdd-wlan-aon is being enabled
01-01 08:00:42.635 0 0 D cnss : Regulator vdd-wlan-dig is being enabled
01-01 08:00:42.635 0 0 D cnss : Regulator vdd-wlan-rfa1 is being enabled
01-01 08:00:42.635 0 0 D cnss : Regulator vdd-wlan-rfa2 is being enabled
01-01 08:00:42.635 0 0 D cnss : BT_EN_GPIO State: On
01-01 08:00:42.636 0 0 D cnss : Assert WLAN_EN GPIO successfully
01-01 08:00:42.636 0 0 D cnss : Resuming PCI link
01-01 08:00:42.636 0 0 I msm_pcie_enable: PCIe: Assert the reset of endpoint of RC0.
03-14 03:51:09.243 3379 3379 V GraphicsEnvironment: ANGLE Developer option for 'com.baidu.input' set to: 'default'
03-14 03:51:09.243 3379 3379 V GraphicsEnvironment: ANGLE GameManagerService for com.baidu.input: false
03-14 03:51:09.245 1554 1565 D LOWI-9.0.0.87.a: [LOWINetlinkSocketReceiver] unpackRTMLinkMessage: RTM_NEWLINK - ifname vlan4, flags 0x1003 ([UP])
03-14 03:51:09.245 1656 3287 D QSEECOMAPI: QSEECom_dealloc_memory
03-14 03:51:09.245 1656 3287 D QSEECOMAPI: QSEECom_shutdown_app, app_id = 9
03-14 03:51:09.246 3379 3379 D NetworkSecurityConfig: Using Network Security Config from resource network_security_config debugBuild: false
03-14 03:51:09.246 782 822 I EthernetTracker: interfaceLinkStateChanged, iface: vlan4, up: false
01-01 08:00:42.640 0 0 I msm_pcie_enable: PCIe: RC0: PCIE20_PARF_INT_ALL_MASK: 0x7f80d202
03-14 03:51:09.246 3379 3379 D NetworkSecurityConfig: Using Network Security Config from resource network_security_config debugBuild: false
01-01 08:00:42.642 0 0 I pcie_phy_init: PCIe RC0 PHY is ready!
01-01 08:00:42.652 0 0 I msm_pcie_enable: PCIe: Release the reset of endpoint of RC0.
03-14 03:51:09.259 3395 3423 D ContactsDatabaseHelper: WAL enabled for contacts2.db: true
01-01 08:00:42.657 0 0 W QSEECOM : __qseecom_unload_app: App (9) is unloaded
01-01 08:00:42.658 0 0 D qbt : qbt_release: entry minor_no=0 fd_available=0
01-01 08:00:42.658 0 0 D qbt : qbt_release: Releasing wakelock
01-01 08:00:42.658 0 0 D qbt : qbt_release: exit : fd_available=1
01-01 08:00:42.658 0 0 D qbt : qbt_release: entry minor_no=1 fd_available=1
01-01 08:00:42.658 0 0 D qbt : qbt_release: exit : fd_available=1
03-14 03:51:09.261 3395 3418 I CallLogProvider: Syncing call composer pics -- source user=0, isShadow=true, forAllUser=false
03-14 03:51:09.261 3395 3418 I CallLogProvider: Fetching list of Uris to sync
03-14 03:51:09.263 1656 3287 E QFP : Dropping unsupported QBT command
03-14 03:51:09.263 1656 3287 I QFP : openFramework:QFP TZ VERSION: 3.0.3.39
03-14 03:51:09.263 1656 3287 E QFP : releaseWakelock: qbt sensor handle is invalid
03-14 03:51:09.263 1656 3287 E QFP : qfp_init failed -1
03-14 03:51:09.263 1656 3287 E QFP : execute: could not enumerate error -1
03-14 03:51:09.263 1656 3287 I QFP : onError: ERROR: -1
03-14 03:51:09.263 1656 3287 I QFP : onError: Valid Error Code: 2
03-14 03:51:09.263 1656 3287 I QFP : onError: Vendor Error Code: 0
03-14 03:51:09.263 1656 3287 I QFP : ~QtiBiometricsFingerprintCallback:
03-14 03:51:09.263 1656 3287 I QFP : QfpThreadOptimize::invoke: entry.
03-14 03:51:09.263 1656 3287 I QFP : QfpThreadOptimize::invoke: QFP not initialized, exiting Optimize thread
03-14 03:51:09.263 1656 3287 I QFP : QfpThreadErieEvent::invoke: entry.
03-14 03:51:09.263 1656 3287 I QFP : QfpThreadErieEvent::invoke: QFP not initialized, exiting ErieEvent thread
03-14 03:51:09.263 782 782 D Fingerprint21: handleError, client: FingerprintInternalCleanupClient, error: 2, vendorCode: 0
03-14 03:51:09.263 782 782 E Fingerprint21: onError for non-error consumer: FingerprintInternalCleanupClient
03-14 03:51:09.267 3379 3379 I MultiDex: VM with version 2.1.0 has multidex support
03-14 03:51:09.267 3379 3379 I MultiDex: Installing application
03-14 03:51:09.267 3379 3379 I MultiDex: VM has multidex support, MultiDex support library is disabled.
03-14 03:51:09.269 3379 3379 I MultiDex: Installing application
03-14 03:51:09.269 3379 3379 I MultiDex: VM has multidex support, MultiDex support library is disabled.
03-14 03:51:09.271 1554 1565 D LOWI-9.0.0.87.a: [LOWINetlinkSocketReceiver] unpackRTMLinkMessage: RTM_NEWLINK - ifname vlan4, flags 0x1003 ([UP])
03-14 03:51:09.272 782 822 I EthernetTracker: interfaceLinkStateChanged, iface: vlan4, up: false
03-14 03:51:09.275 3395 3418 I CallLogProvider: Will sync following Uris:[]
03-14 03:51:09.275 3395 3418 I CallLogProvider: Syncing call composer pics -- got []
01-01 08:00:42.669 0 0 I msm_pcie_link_train: PCIe RC0 link initialized
03-14 03:51:09.278 3395 3423 I ContactLocale: AddressBook Labels [[zh_CN]]: […, A, B, C, D, E, F, G, H, I, J, K, L, M, N, O, P, Q, R, S, T, U, V, W, X, Y, Z, Α, Β, Γ, Δ, Ε, Ζ, Η, Θ, Ι, Κ, Λ, Μ, Ν, Ξ, Ο, Π, Ρ, Σ, Τ, Υ, Φ, Χ, Ψ, Ω, …, А, Б, В, Г, Д, Ђ, Е, Є, Ж, З, И, І, Й, Ј, К, Л, Љ, М, Н, Њ, О, П, Р, С, Т, Ћ, У, Ф, Х, Ц, Ч, Џ, Ш, Щ, Ю, Я, …, א, ב, ג, ד, ה, ו, ז, ח, ט, י, כ, ל, מ, נ, ס, ע, פ, צ, ק, ר, ש, ת, …, ا, ب, ت, ث, ج, ح, خ, د, ذ, ر, ز, س, ش, ص, ض, ط, ظ, ع, غ, ف, ق, ك, ل, م, ن, ه, و, ي, …, ก, ข, ฃ, ค, ฅ, ฆ, ง, จ, ฉ, ช, ซ, ฌ, ญ, ฎ, ฏ, ฐ, ฑ, ฒ, ณ, ด, ต, ถ, ท, ธ, น, บ, ป, ผ, ฝ, พ, ฟ, ภ, ม, ย, ร, ฤ, ล, ฦ, ว, ศ, ษ, ส, ห, ฬ, อ, ฮ, …, ㄱ, ㄴ, ㄷ, ㄹ, ㅁ, ㅂ, ㅅ, ㅇ, ㅈ, ㅊ, ㅋ, ㅌ, ㅍ, ㅎ, …, あ, か, さ, た, な, は, ま, や, ら, わ, #, …]
03-14 03:51:09.280 2789 2795 I adbd : adbd mDNS service _adb._tcp registered: 1
03-14 03:51:09.284 3395 3423 D ContactsDatabaseHelper: WAL enabled for profile.db: false
03-14 03:51:09.287 1554 1565 D LOWI-9.0.0.87.a: [LOWINetlinkSocketReceiver] unpackRTMLinkMessage: RTM_NEWLINK - ifname vlan4, flags 0x1003 ([UP])
03-14 03:51:09.288 782 822 I EthernetTracker: interfaceLinkStateChanged, iface: vlan4, up: false
01-01 08:00:42.683 0 0 I cnss_pci 0000: 01:00.0: enabling device (0000 -> 0002)
01-01 08:00:42.683 0 0 D cnss : Config PCIe remap window register to 0x4000003f
01-01 08:00:42.683 0 0 D cnss : Read register offset 0x1f8031c, val = 0x6
01-01 08:00:42.683 0 0 D cnss : Write val 0x2 to register offset 0x1f8031c
01-01 08:00:42.683 0 0 D cnss : Setting MHI state: INIT(0)
01-01 08:00:42.683 0 0 D cnss : Setting MHI state: POWER_ON(2)
01-01 08:00:42.687 0 0 W cnss_pci 0000: 01:00.0: Falling back to syfs fallback for: qca6390/amss20.bin
03-14 03:51:09.296 1554 1565 D LOWI-9.0.0.87.a: [LOWINetlinkSocketReceiver] unpackRTMLinkMessage: RTM_NEWLINK - ifname vlan4, flags 0x1003 ([UP])
03-14 03:51:09.298 782 822 I EthernetTracker: interfaceLinkStateChanged, iface: vlan4, up: false
01-01 08:00:42.693 0 0 I ueventd : firmware: loading 'qca6390/amss20.bin' for '/devices/platform/soc/1c00000.qcom,pcie/pci0000:00/0000:00:00.0/0000:01:00.0/firmware/qca6390!amss20.bin'
03-14 03:51:09.300 3395 3425 D CompatibilityChangeReporter: Compat change id reported: 150939131; UID 10018; state: ENABLED
03-14 03:51:09.302 2001 2027 D CompatibilityChangeReporter: Compat change id reported: 150939131; UID 1002; state: ENABLED
01-01 08:00:42.697 0 0 I ueventd : loading /devices/platform/soc/1c00000.qcom,pcie/pci0000:00/0000:00:00.0/0000:01:00.0/firmware/qca6390!amss20.bin took 4ms
03-14 03:51:09.310 1554 1565 D LOWI-9.0.0.87.a: [LOWINetlinkSocketReceiver] unpackRTMLinkMessage: RTM_NEWLINK - ifname vlan4, flags 0x1003 ([UP])
03-14 03:51:09.311 782 822 I EthernetTracker: interfaceLinkStateChanged, iface: vlan4, up: false
03-14 03:51:09.325 1554 1565 D LOWI-9.0.0.87.a: [LOWINetlinkSocketReceiver] unpackRTMLinkMessage: RTM_NEWLINK - ifname vlan4, flags 0x1003 ([UP])
03-14 03:51:09.328 782 822 I EthernetTracker: interfaceLinkStateChanged, iface: vlan4, up: false
03-14 03:51:09.335 782 3162 W StorageManagerService: Reporting emulated;0 unmounted due to system locked
03-14 03:51:09.341 3080 3266 W FuseDaemon: Rejected access to app-private dir on FUSE: /storage/emulated/0/Android/data/com.baidu.input from uid: 10023
03-14 03:51:09.342 3080 3266 W FuseDaemon: Rejected access to app-private dir on FUSE: /storage/emulated/0/Android/data/com.baidu.input from uid: 10023
03-14 03:51:09.343 3080 3266 W FuseDaemon: Rejected access to app-private dir on FUSE: /storage/emulated/0/Android/data/com.baidu.input from uid: 10023
03-14 03:51:09.343 3080 3265 W FuseDaemon: Rejected access to app-private dir on FUSE: /storage/emulated/0/Android/data/com.baidu.input from uid: 10023
03-14 03:51:09.344 3080 3265 W FuseDaemon: Rejected access to app-private dir on FUSE: /storage/emulated/0/Android/data/com.baidu.input from uid: 10023
03-14 03:51:09.344 3080 3265 W FuseDaemon: Rejected access to app-private dir on FUSE: /storage/emulated/0/Android/data/com.baidu.input from uid: 10023
03-14 03:51:09.348 1554 1565 D LOWI-9.0.0.87.a: [LOWINetlinkSocketReceiver] unpackRTMLinkMessage: RTM_NEWLINK - ifname vlan4, flags 0x1003 ([UP])
03-14 03:51:09.348 3080 3266 W FuseDaemon: Rejected access to app-private dir on FUSE: /storage/emulated/0/Android/data/com.baidu.input from uid: 10023
03-14 03:51:09.349 782 822 I EthernetTracker: interfaceLinkStateChanged, iface: vlan4, up: false
03-14 03:51:09.350 3080 3265 W FuseDaemon: Rejected access to app-private dir on FUSE: /storage/emulated/0/Android/data/com.baidu.input from uid: 10023
03-14 03:51:09.351 3080 3265 W FuseDaemon: Rejected access to app-private dir on FUSE: /storage/emulated/0/Android/data/com.baidu.input from uid: 10023
03-14 03:51:09.351 3080 3265 W FuseDaemon: Rejected access to app-private dir on FUSE: /storage/emulated/0/Android/data/com.baidu.input from uid: 10023
03-14 03:51:09.362 1554 1565 D LOWI-9.0.0.87.a: [LOWINetlinkSocketReceiver] unpackRTMLinkMessage: RTM_NEWLINK - ifname vlan4, flags 0x1003 ([UP])
03-14 03:51:09.364 782 822 I EthernetTracker: interfaceLinkStateChanged, iface: vlan4, up: false
03-14 03:51:09.393 782 826 I wm_task_removed: [2,cleanUpResourcesForDestroy]
03-14 03:51:09.394 782 826 I wm_task_removed: [2,removeChild:removeChild last r=ActivityRecord{3a1c272 u0 com.android.settings/.FallbackHome t-1 f}} in t=Task{af86c2 #2 type=home A=1000:com.android.settings.FallbackHome U=0 visible=false mode=fullscreen translucent=true sz=0}]
03-14 03:51:09.394 782 826 I wm_task_removed: [2,removeChild]
03-14 03:51:09.420 1747 1747 I MSM-irqbalance: Discovered a new IRQ: 16
03-14 03:51:09.420 1747 1747 I MSM-irqbalance: Discovered a new IRQ: 17
03-14 03:51:09.427 2646 2646 D HotseatController: clearEmptyGrid: size=4
03-14 03:51:09.427 2646 2646 D HotseatController: adjustPadding: height=800,size=4
03-14 03:51:09.429 2646 2646 E libprocessgroup: set_timerslack_ns write failed: Operation not permitted
03-14 03:51:09.443 2646 2646 W Choreographer: Frame time is 0.151825 ms in the future! Check that graphics HAL is generating vsync timestamps using the correct timebase.
03-14 03:51:09.443 782 825 W Choreographer: Frame time is 0.148388 ms in the future! Check that graphics HAL is generating vsync timestamps using the correct timebase.
03-14 03:51:09.446 1554 1565 D LOWI-9.0.0.87.a: [LOWINetlinkSocketReceiver] unpackRTMLinkMessage: RTM_NEWLINK - ifname vlan8, flags 0x1003 ([UP])
03-14 03:51:09.447 782 822 I EthernetTracker: interfaceLinkStateChanged, iface: vlan8, up: false
03-14 03:51:09.461 1554 1565 D LOWI-9.0.0.87.a: [LOWINetlinkSocketReceiver] unpackRTMLinkMessage: RTM_NEWLINK - ifname vlan8, flags 0x1003 ([UP])
03-14 03:51:09.462 2646 2646 W View : requestLayout() improperly called by com.android.launcher3.views.NoInsetView{e4a7c0f V.ED..... ......I. 2038,0-2380,1020 #7f09007c app:id/bg_hotseat} during layout: running second layout pass
03-14 03:51:09.463 782 822 I EthernetTracker: interfaceLinkStateChanged, iface: vlan8, up: false
03-14 03:51:09.468 2789 2789 I adbd : UsbFfs: already offline
03-14 03:51:09.468 2789 2789 I adbd : authentication not required
03-14 03:51:09.479 1554 1565 D LOWI-9.0.0.87.a: [LOWINetlinkSocketReceiver] unpackRTMLinkMessage: RTM_NEWLINK - ifname vlan8, flags 0x1003 ([UP])
03-14 03:51:09.482 782 822 I EthernetTracker: interfaceLinkStateChanged, iface: vlan8, up: false
03-14 03:51:09.482 1518 1524 I cnss-daemon: Exit DMS pthread for instance_id 1 ,ret -3
03-14 03:51:09.482 1518 1527 I cnss-daemon: DMS thread joined succesfully
03-14 03:51:09.482 1518 1527 I cnss-daemon: wlfw_stop: Stop done: 0
03-14 03:51:09.482 1518 1527 I cnss-daemon: wlfw_start: Starting
03-14 03:51:09.483 1518 3448 I cnss-daemon: wlfw_service_request: Start the pthread: 0x0K
01-01 08:00:42.877 0 0 W cnss-daemon: DMS thread joined succesfully
01-01 08:00:42.877 0 0 W cnss-daemon: wlfw_stop: Stop done: 0
01-01 08:00:42.877 0 0 W cnss-daemon: wlfw_start: Starting
03-14 03:51:09.485 1518 3446 E cnss-daemon: ro.baseband : [apq]
03-14 03:51:09.485 1518 3446 E cnss-daemon: Hardware supports external modem
01-01 08:00:42.878 0 0 W cnss-daemon: wlfw_service_request: Start the pthread: 0x0K
01-01 08:00:42.879 0 0 W cnss-daemon: ro.baseband : [apq]
03-14 03:51:09.496 1554 1565 D LOWI-9.0.0.87.a: [LOWINetlinkSocketReceiver] unpackRTMLinkMessage: RTM_NEWLINK - ifname vlan8, flags 0x1003 ([UP])
03-14 03:51:09.497 782 822 I EthernetTracker: interfaceLinkStateChanged, iface: vlan8, up: false
03-14 03:51:09.512 1554 1565 D LOWI-9.0.0.87.a: [LOWINetlinkSocketReceiver] unpackRTMLinkMessage: RTM_NEWLINK - ifname vlan8, flags 0x1003 ([UP])
03-14 03:51:09.514 782 822 I EthernetTracker: interfaceLinkStateChanged, iface: vlan8, up: false
03-14 03:51:09.527 1554 1565 D LOWI-9.0.0.87.a: [LOWINetlinkSocketReceiver] unpackRTMLinkMessage: RTM_NEWLINK - ifname vlan8, flags 0x1003 ([UP])
03-14 03:51:09.528 782 822 I EthernetTracker: interfaceLinkStateChanged, iface: vlan8, up: false
03-14 03:51:09.543 1554 1565 D LOWI-9.0.0.87.a: [LOWINetlinkSocketReceiver] unpackRTMLinkMessage: RTM_NEWLINK - ifname vlan8, flags 0x1003 ([UP])
03-14 03:51:09.544 782 822 I EthernetTracker: interfaceLinkStateChanged, iface: vlan8, up: false
03-14 03:51:09.557 1554 1565 D LOWI-9.0.0.87.a: [LOWINetlinkSocketReceiver] unpackRTMLinkMessage: RTM_NEWLINK - ifname vlan8, flags 0x1003 ([UP])
03-14 03:51:09.558 782 822 I EthernetTracker: interfaceLinkStateChanged, iface: vlan8, up: false
03-14 03:51:09.572 1554 1565 D LOWI-9.0.0.87.a: [LOWINetlinkSocketReceiver] unpackRTMLinkMessage: RTM_NEWLINK - ifname vlan8, flags 0x1003 ([UP])
03-14 03:51:09.573 782 822 I EthernetTracker: interfaceLinkStateChanged, iface: vlan8, up: false
03-14 03:51:09.666 1554 1565 D LOWI-9.0.0.87.a: [LOWINetlinkSocketReceiver] unpackRTMLinkMessage: RTM_NEWLINK - ifname vlan11, flags 0x1003 ([UP])
03-14 03:51:09.668 782 822 I EthernetTracker: interfaceLinkStateChanged, iface: vlan11, up: false
03-14 03:51:09.681 1554 1565 D LOWI-9.0.0.87.a: [LOWINetlinkSocketReceiver] unpackRTMLinkMessage: RTM_NEWLINK - ifname vlan11, flags 0x1003 ([UP])
01-01 08:00:42.880 0 0 W cnss-daemon: Hardware supports external modem
01-01 08:00:43.076 0 0 D cnss : MHI status cb is called with reason MISSION_MODE(6)
01-01 08:00:43.076 0 0 D cnss : Completed event: REGISTER_DRIVER(7), state: 0x10, ret: 0/0
01-01 08:00:43.076 0 0 D cnss : PM relax, state: 0x10, count: 0
03-14 03:51:09.682 1213 1213 I modprobe: Loaded kernel module /vendor/lib/modules/qca_cld3_qca6390.ko
03-14 03:51:09.682 1213 1213 I modprobe: Loading module /vendor/lib/modules/qca_cld3_qca6490.ko with args ""
03-14 03:51:09.682 782 822 I EthernetTracker: interfaceLinkStateChanged, iface: vlan11, up: false
01-01 08:00:43.079 0 0 E : [drm:dp_display_init_aux_switch][msm-dp-err][18 ]failed to register notifier (-22)
03-14 03:51:09.698 1554 1565 D LOWI-9.0.0.87.a: [LOWINetlinkSocketReceiver] unpackRTMLinkMessage: RTM_NEWLINK - ifname vlan11, flags 0x1003 ([UP])
03-14 03:51:09.699 782 822 I EthernetTracker: interfaceLinkStateChanged, iface: vlan11, up: false
01-01 08:00:43.093 0 0 E register_client_adhoc: find path.src 1 dest 589
03-14 03:51:09.709 782 1844 I AS.BtHelper: In resetBluetoothSco(), calling clearAllScoClients()
03-14 03:51:09.710 859 1843 D audio_hw_primary: adev_set_parameters: enter: BT_SCO=off
03-14 03:51:09.710 859 1843 D audio_hw_hfp: hfp_set_parameters: enter
03-14 03:51:09.710 859 1843 D audio_hw_extn: audio_extn_fm_set_parameters: Enter
03-14 03:51:09.712 782 1844 I AS.AudioDeviceInventory: removePreferredDevicesForStrategySync, strategy: 15
03-14 03:51:09.717 1554 1565 D LOWI-9.0.0.87.a: [LOWINetlinkSocketReceiver] unpackRTMLinkMessage: RTM_NEWLINK - ifname vlan11, flags 0x1003 ([UP])
03-14 03:51:09.718 782 822 I EthernetTracker: interfaceLinkStateChanged, iface: vlan11, up: false
03-14 03:51:09.733 1554 1565 D LOWI-9.0.0.87.a: [LOWINetlinkSocketReceiver] unpackRTMLinkMessage: RTM_NEWLINK - ifname vlan11, flags 0x1003 ([UP])
03-14 03:51:09.734 782 822 I EthernetTracker: interfaceLinkStateChanged, iface: vlan11, up: false
01-01 08:00:43.093 0 0 E register_client_adhoc: Failed to find path.src 1 dest 589
01-01 08:00:43.115 0 0 E swr-wcd rx_swr_ctrl: swrm_get_logical_dev_num: device 0xd01170224 is not ready
01-01 08:00:43.130 0 0 E swr_get_logical_dev_num: Error -22 to get logical addr for device d01170224
01-01 08:00:43.139 0 0 E swr-wcd rx_swr_ctrl: swrm_get_logical_dev_num: device 0xd01170224 is not ready
03-14 03:51:09.752 1554 1565 D LOWI-9.0.0.87.a: [LOWINetlinkSocketReceiver] unpackRTMLinkMessage: RTM_NEWLINK - ifname vlan11, flags 0x1003 ([UP])
03-14 03:51:09.754 782 822 I EthernetTracker: interfaceLinkStateChanged, iface: vlan11, up: false
01-01 08:00:43.150 0 0 E swr_get_logical_dev_num: Error -22 to get logical addr for device d01170224
01-01 08:00:43.159 0 0 E swr-wcd rx_swr_ctrl: swrm_get_logical_dev_num: device 0xd01170224 is not ready
03-14 03:51:09.780 1554 1565 D LOWI-9.0.0.87.a: [LOWINetlinkSocketReceiver] unpackRTMLinkMessage: RTM_NEWLINK - ifname vlan11, flags 0x1003 ([UP])
01-01 08:00:43.167 0 0 E swr_get_logical_dev_num: Error -22 to get logical addr for device d01170224
03-14 03:51:09.781 782 822 I EthernetTracker: interfaceLinkStateChanged, iface: vlan11, up: false
01-01 08:00:43.177 0 0 E swr-wcd rx_swr_ctrl: swrm_get_logical_dev_num: device 0xd01170224 is not ready
01-01 08:00:43.186 0 0 E swr_get_logical_dev_num: Error -22 to get logical addr for device d01170224
03-14 03:51:09.796 1554 1565 D LOWI-9.0.0.87.a: [LOWINetlinkSocketReceiver] unpackRTMLinkMessage: RTM_NEWLINK - ifname vlan11, flags 0x1003 ([UP])
03-14 03:51:09.797 782 822 I EthernetTracker: interfaceLinkStateChanged, iface: vlan11, up: false
03-14 03:51:09.802 1627 1627 I update_engine: [INFO:cleanup_previous_update_action.cc(112)] Executing task 4
03-14 03:51:09.805 1627 1627 I update_engine: [INFO:cleanup_previous_update_action.cc(189)] Boot completed, waiting on markBootSuccessful()
03-14 03:51:09.807 1627 1627 I update_engine: EnsureMetadataMounted does nothing in Android mode.
03-14 03:51:09.807 1554 1565 D LOWI-9.0.0.87.a: [LOWINetlinkSocketReceiver] unpackRTMLinkMessage: RTM_NEWLINK - ifname vlan11, flags 0x1003 ([UP])
01-01 08:00:43.194 0 0 E swr-wcd rx_swr_ctrl: swrm_get_logical_dev_num: device 0xd01170224 is not ready
01-01 08:00:43.203 0 0 E swr_get_logical_dev_num: Error -22 to get logical addr for device d01170224
03-14 03:51:09.809 782 822 I EthernetTracker: interfaceLinkStateChanged, iface: vlan11, up: false
03-14 03:51:09.809 1627 1627 I update_engine: Read merge statistics file failed: No such file or directory
03-14 03:51:09.810 1627 1627 I update_engine: [INFO:cleanup_previous_update_action.cc(261)] Waiting for any previous merge request to complete. This can take up to several minutes.
03-14 03:51:09.811 1627 1627 E update_engine: Read state file failed: No such file or directory
03-14 03:51:09.812 1627 1627 E update_engine: Read state file failed: No such file or directory
03-14 03:51:09.813 1627 1627 I update_engine: CheckMergeState for snapshots returned: 0
03-14 03:51:09.814 1627 1627 I update_engine: ProcessUpdateState handling state: 0
03-14 03:51:09.815 1627 1627 I update_engine: [INFO:cleanup_previous_update_action.cc(287)] Can't find any snapshot to merge.
03-14 03:51:09.816 1627 1627 E update_engine: Read state file failed: No such file or directory
03-14 03:51:09.817 1627 1627 I update_engine: [INFO:cleanup_previous_update_action.cc(130)] Stopping/suspending/completing CleanupPreviousUpdateAction
03-14 03:51:09.818 1627 1627 I update_engine: [INFO:cleanup_previous_update_action.cc(469)] Not reporting merge stats because state is None
03-14 03:51:09.819 1627 1627 I update_engine: [INFO:cleanup_previous_update_action.cc(130)] Stopping/suspending/completing CleanupPreviousUpdateAction
03-14 03:51:09.819 1627 1627 I update_engine: [INFO:action_processor.cc(116)] ActionProcessor: finished last action CleanupPreviousUpdateAction with code ErrorCode::kSuccess
03-14 03:51:09.820 1627 1627 I update_engine: [INFO:update_attempter_android.cc(546)] Processing Done.
03-14 03:51:09.821 1627 1627 I update_engine: [INFO:update_attempter_android.cc(694)] Terminating cleanup previous update.
01-01 08:00:43.212 0 0 E wcd938x_codec wcd938x-codec: wcd938x_bind: Slave bind failed, ret = -517
01-01 08:00:43.221 0 0 E : [drm:dp_display_init_aux_switch][msm-dp-err][18 ]failed to register notifier (-22)
01-01 08:00:43.231 0 0 E register_client_adhoc: find path.src 1 dest 589
03-14 03:51:09.850 650 663 I mpu_uart: [MSG-P:RECV]:No message received in 1000 ms
03-14 03:51:09.862 650 662 I mpu_uart: [MSG-P:R]:recv sync frame timeout
01-01 08:00:43.231 0 0 E register_client_adhoc: Failed to find path.src 1 dest 589
01-01 08:00:43.242 0 0 E swr-wcd rx_swr_ctrl: swrm_get_logical_dev_num: device 0xd01170224 is not ready
01-01 08:00:43.249 0 0 E swr_get_logical_dev_num: Error -22 to get logical addr for device d01170224
03-14 03:51:09.847 2844 2844 I auditd : type=1400 audit(0.0:910): avc: denied { write } for comm="sh" name="ip_forward" dev="proc" ino=2910 scontext=u:r:ethernet:s0 tcontext=u:object_r:proc_net:s0 tclass=file permissive=1
03-14 03:51:09.847 2844 2844 I sh : type=1400 audit(0.0:910): avc: denied { write } for name="ip_forward" dev="proc" ino=2910 scontext=u:r:ethernet:s0 tcontext=u:object_r:proc_net:s0 tclass=file permissive=1
03-14 03:51:09.851 2844 2844 I auditd : type=1400 audit(0.0:911): avc: denied { open } for comm="sh" path="/proc/sys/net/ipv4/ip_forward" dev="proc" ino=2910 scontext=u:r:ethernet:s0 tcontext=u:object_r:proc_net:s0 tclass=file permissive=1
03-14 03:51:09.851 2844 2844 I sh : type=1400 audit(0.0:911): avc: denied { open } for path="/proc/sys/net/ipv4/ip_forward" dev="proc" ino=2910 scontext=u:r:ethernet:s0 tcontext=u:object_r:proc_net:s0 tclass=file permissive=1
01-01 08:00:43.266 0 0 E swr-wcd rx_swr_ctrl: swrm_get_logical_dev_num: device 0xd01170224 is not ready
01-01 08:00:43.273 0 0 I init : Service 'exec 21 (/vendor/bin/modprobe -a -d /vendor/lib/modules/ qca_cld3_qca6390 qca_cld3_qca6490)' (pid 1213) exited with status 0 oneshot service took 7.367000 seconds in background
03-14 03:51:09.859 3473 3473 I auditd : type=1400 audit(0.0:912): avc: denied { getattr } for comm="echo" path="/proc/sys/net/ipv4/ip_forward" dev="proc" ino=2910 scontext=u:r:ethernet:s0 tcontext=u:object_r:proc_net:s0 tclass=file permissive=1
03-14 03:51:09.859 3473 3473 I echo : type=1400 audit(0.0:912): avc: denied { getattr } for path="/proc/sys/net/ipv4/ip_forward" dev="proc" ino=2910 scontext=u:r:ethernet:s0 tcontext=u:object_r:proc_net:s0 tclass=file permissive=1
01-01 08:00:43.273 0 0 I init : Sending signal 9 to service 'exec 21 (/vendor/bin/modprobe -a -d /vendor/lib/modules/ qca_cld3_qca6390 qca_cld3_qca6490)' (pid 1213) process group...
01-01 08:00:43.273 0 0 I libprocessgroup: Successfully killed process cgroup uid 0 pid 1213 in 0ms
01-01 08:00:43.275 0 0 E swr_get_logical_dev_num: Error -22 to get logical addr for device d01170224
01-01 08:00:43.284 0 0 E swr-wcd rx_swr_ctrl: swrm_get_logical_dev_num: device 0xd01170224 is not ready
01-01 08:00:43.293 0 0 E swr_get_logical_dev_num: Error -22 to get logical addr for device d01170224
03-14 03:51:09.909 1094 1108 E sensors.qti: diag_mdlog_capture:319, fail to change permission on diag_odl_file, err = 2, No such file or directory
03-14 03:51:09.909 1094 1108 I sensors.qti: diag_mdlog_capture:337, before poll - for modify event
01-01 08:00:43.301 0 0 E swr-wcd rx_swr_ctrl: swrm_get_logical_dev_num: device 0xd01170224 is not ready
01-01 08:00:43.310 0 0 E swr_get_logical_dev_num: Error -22 to get logical addr for device d01170224
01-01 08:00:43.319 0 0 E swr-wcd rx_swr_ctrl: swrm_get_logical_dev_num: device 0xd01170224 is not ready
01-01 08:00:43.328 0 0 E swr_get_logical_dev_num: Error -22 to get logical addr for device d01170224
01-01 08:00:43.335 0 0 I IRQ 5 : no longer affine to CPU5
01-01 08:00:43.336 0 0 E wcd938x_codec wcd938x-codec: wcd938x_bind: Slave bind failed, ret = -517
03-14 03:51:09.944 565 565 I vold : Bind mounting /mnt/runtime/default/emulated/0/Android/data on /mnt/user/0/emulated/0/Android/data
03-14 03:51:09.944 565 565 I vold : Bind mounted /mnt/runtime/default/emulated/0/Android/data on /mnt/user/0/emulated/0/Android/data
03-14 03:51:09.944 565 565 I vold : Bind mounting /mnt/runtime/default/emulated/0/Android/obb on /mnt/user/0/emulated/0/Android/obb
03-14 03:51:09.945 565 565 I vold : Bind mounted /mnt/runtime/default/emulated/0/Android/obb on /mnt/user/0/emulated/0/Android/obb
03-14 03:51:09.945 565 565 I vold : Bind mounting /mnt/runtime/write/emulated/0/Android/obb on /mnt/installer/0/emulated/0/Android/obb
03-14 03:51:09.950 565 565 I vold : Bind mounted /mnt/runtime/write/emulated/0/Android/obb on /mnt/installer/0/emulated/0/Android/obb
03-14 03:51:09.950 565 565 I vold : Configuring read_ahead of /mnt/user/0/emulated fuse filesystem to 256kb
03-14 03:51:09.950 565 565 I vold : Writing 256 to /sys/class/bdi/0:84/read_ahead_kb
03-14 03:51:09.950 565 565 I vold : Configuring max_ratio of /mnt/user/0/emulated fuse filesystem to 40
03-14 03:51:09.950 565 565 I vold : Writing 40 to /sys/class/bdi/0:84/max_ratio
03-14 03:51:09.950 782 1628 I StorageManagerService: Mounted volume VolumeInfo{emulated;0}:
03-14 03:51:09.950 782 1628 I StorageManagerService: type=EMULATED diskId=null partGuid= mountFlags=PRIMARY|VISIBLE
03-14 03:51:09.950 782 1628 I StorageManagerService: mountUserId=0 state=MOUNTED
03-14 03:51:09.950 782 1628 I StorageManagerService: fsType=null fsUuid=null fsLabel=null
03-14 03:51:09.950 782 1628 I StorageManagerService: path=/storage/emulated internalPath=/data/media
03-14 03:51:09.951 782 1628 I StorageSessionController: Notifying volume state changed for session with id: emulated;0
03-14 03:51:09.954 782 2190 W StorageManagerService: Reporting emulated;0 unmounted due to system locked
03-14 03:51:09.956 782 2190 W StorageManagerService: Reporting emulated;0 unmounted due to system locked
03-14 03:51:09.958 782 3182 W StorageManagerService: Reporting emulated;0 unmounted due to system locked
03-14 03:51:09.959 3080 3260 V MediaStore: Examining volume emulated;0 with name external_primary and state mounted
03-14 03:51:09.959 782 3182 W StorageManagerService: Reporting emulated;0 unmounted due to system locked
03-14 03:51:09.960 782 2190 W StorageManagerService: Reporting emulated;0 unmounted due to system locked
03-14 03:51:09.962 782 3182 W StorageManagerService: Reporting emulated;0 unmounted due to system locked
03-14 03:51:09.964 782 3182 W StorageManagerService: Reporting emulated;0 unmounted due to system locked
03-14 03:51:09.964 782 3182 W StorageManagerService: Reporting emulated;0 unmounted due to system locked
03-14 03:51:09.966 782 1628 I StorageSessionController: Notifying volume state changed for session with id: emulated;0
03-14 03:51:09.966 3080 3260 I ExternalStorageServiceImpl: Ignoring volume state for vol:external_primary. State: checking
03-14 03:51:09.967 3080 3260 V MediaStore: Examining volume emulated;0 with name external_primary and state mounted
03-14 03:51:09.973 3080 3080 V MediaStore: Examining volume emulated;0 with name external_primary and state mounted
03-14 03:51:09.974 782 1628 I StorageSessionController: Notifying volume state changed for session with id: emulated;0
03-14 03:51:09.980 782 2190 D CompatibilityChangeReporter: Compat change id reported: 168419799; UID 10091; state: DISABLED
03-14 03:51:09.980 782 2190 D CompatibilityInfo: mCompatibilityFlags - 4
03-14 03:51:09.980 782 2190 D CompatibilityInfo: applicationDensity - 240
03-14 03:51:09.980 782 2190 D CompatibilityInfo: applicationScale - 1.0
03-14 03:51:09.985 3080 3260 V MediaStore: Examining volume emulated;0 with name external_primary and state mounted
03-14 03:51:09.985 3080 3484 I MediaProvider: Begin Intent { act=com.android.providers.media.action.SCAN_VOLUME (has extras) }
03-14 03:51:09.988 1335 1335 D installd: Found quota mount /dev/block/dm-10 at /data
03-14 03:51:09.988 1335 1335 D installd: Found quota mount /dev/block/dm-10 at /data/user/0
03-14 03:51:09.989 1335 1335 D installd: Found storage mount /data/media at /mnt/pass_through/0/emulated
03-14 03:51:09.989 3080 3080 V MediaStore: Examining volume emulated;0 with name external_primary and state mounted
01-01 08:00:43.387 0 0 D cnss : WLFW server arriving: node 7 port 1
01-01 08:00:43.387 0 0 D cnss : Posting event: SERVER_ARRIVE(0), state: 0x10 flags: 0x0
01-01 08:00:43.387 0 0 D cnss : PM stay awake, state: 0x10, count: 1
01-01 08:00:43.387 0 0 D cnss : PM relax, state: 0x10, count: 0
01-01 08:00:43.387 0 0 D cnss : PM stay awake, state: 0x10, count: 1
01-01 08:00:43.387 0 0 D cnss : Processing driver event: SERVER_ARRIVE(0), state: 0x10
01-01 08:00:43.387 0 0 I cnss : QMI WLFW service connected, state: 0x11
01-01 08:00:43.387 0 0 D cnss : Sending indication register message, state: 0x11
03-14 03:51:09.991 782 1628 D StorageManagerService: Volume emulated;0 broadcasting mounted to UserHandle{0}
03-14 03:51:09.992 3080 3080 V MediaStore: Examining volume emulated;0 with name external_primary and state mounted
03-14 03:51:09.992 782 1628 D StorageManagerService: Volume emulated;0 broadcasting mounted to UserHandle{0}
03-14 03:51:09.993 1518 3448 I cnss-daemon: WLFW service connected
03-14 03:51:09.993 1518 3448 E cnss-daemon: pm_release_vote: pm_handle is NULL
03-14 03:51:09.993 1518 3448 E cnss-daemon: pm_release_vote: pm_handle is NULL
03-14 03:51:09.993 1518 3448 I cnss-daemon: cnss_plat_read_file: No such file /data/vendor/wifi/wlfw_cal_00.bin
03-14 03:51:09.993 1518 3448 E cnss-daemon: wlfw_build_cal_table: not read /data/vendor/wifi/wlfw_cal_00.bin
03-14 03:51:09.994 1518 3448 I cnss-daemon: cnss_plat_read_file: No such file /data/vendor/wifi/wlfw_cal_02.bin
03-14 03:51:09.994 1518 3448 E cnss-daemon: wlfw_build_cal_table: not read /data/vendor/wifi/wlfw_cal_02.bin
03-14 03:51:09.994 1518 3448 I cnss-daemon: cnss_plat_read_file: No such file /data/vendor/wifi/wlfw_cal_03.bin
03-14 03:51:09.994 1518 3448 E cnss-daemon: wlfw_build_cal_table: not read /data/vendor/wifi/wlfw_cal_03.bin
03-14 03:51:09.994 1518 3448 I cnss-daemon: cnss_plat_read_file: No such file /data/vendor/wifi/wlfw_cal_04.bin
03-14 03:51:09.994 1518 3448 E cnss-daemon: wlfw_build_cal_table: not read /data/vendor/wifi/wlfw_cal_04.bin
01-01 08:00:43.388 0 0 W cnss-daemon: pm_release_vote: pm_handle is NULL
01-01 08:00:43.388 0 0 W cnss-daemon: pm_release_vote: pm_handle is NULL
01-01 08:00:43.388 0 0 W cnss-daemon: wlfw_build_cal_table: not read /data/vendor/wifi/wlfw_cal_00.bin
01-01 08:00:43.389 0 0 W cnss-daemon: wlfw_build_cal_table: not read /data/vendor/wifi/wlfw_cal_02.bin
01-01 08:00:43.389 0 0 W cnss-daemon: wlfw_build_cal_table: not read /data/vendor/wifi/wlfw_cal_03.bin
01-01 08:00:43.389 0 0 W cnss-daemon: wlfw_build_cal_table: not read /data/vendor/wifi/wlfw_cal_04.bin
01-01 08:00:43.390 0 0 D cnss : Sending host capability message, state: 0x11
01-01 08:00:43.390 0 0 D cnss : Number of clients is 2
01-01 08:00:43.390 0 0 D cnss : Assign MSI to user: WAKE, num_vectors: 1, user_base_data: 813, base_vector: 13
01-01 08:00:43.390 0 0 D cnss : WAKE MSI base data is 813
01-01 08:00:43.390 0 0 D cnss : Calibration done is 1
03-14 03:51:09.996 1518 3448 I cnss-daemon: FW status: 0x0
01-01 08:00:43.390 0 0 D cnss : Sending iova starting 0xa0000000 with size 0x10010000
03-14 03:51:10.004 3080 3484 V MediaProvider: onConfigure() for internal.db
01-01 08:00:43.401 0 0 D cnss : PM relax, state: 0x11, count: 0
01-01 08:00:43.401 0 0 D cnss : Received QMI WLFW request memory indication
01-01 08:00:43.401 0 0 D cnss : FW requests for memory, size: 0x5e0000, type: 1
01-01 08:00:43.401 0 0 D cnss : FW requests for memory, size: 0xd8000, type: 4
01-01 08:00:43.401 0 0 D cnss : Posting event: REQUEST_MEM(2), state: 0x11 flags: 0x0
01-01 08:00:43.401 0 0 D cnss : PM stay awake, state: 0x11, count: 1
01-01 08:00:43.401 0 0 D cnss : PM relax, state: 0x11, count: 0
01-01 08:00:43.401 0 0 D cnss : PM stay awake, state: 0x11, count: 1
01-01 08:00:43.401 0 0 D cnss : Processing driver event: REQUEST_MEM(2), state: 0x11
01-01 08:00:43.401 0 0 D cnss : Sending respond memory message, state: 0x11
01-01 08:00:43.401 0 0 D cnss : Memory for FW, va: 0x0000000000000000, pa: 0x00000000a1000000, size: 0x5e0000, type: 1
01-01 08:00:43.401 0 0 D cnss : Memory for FW, va: 0x0000000000000000, pa: 0x00000000a1600000, size: 0xd8000, type: 4
01-01 08:00:43.404 0 0 D cnss : PM relax, state: 0x11, count: 0
03-14 03:51:10.008 3080 3484 V MediaProvider: onOpen() for internal.db
03-14 03:51:10.008 3080 3484 V MediaProvider: onOpen() finished for internal.db
03-14 03:51:10.009 3379 3480 I MMKV : page size:4096
03-14 03:51:10.010 1518 3485 E cnss-daemon: wlfw_qmi_ind_cb: Receive Ind : 0x37
03-14 03:51:10.010 3379 3480 I MMKV : root dir: /data/user/0/com.baidu.input/files/mmkv
01-01 08:00:43.405 0 0 W cnss-daemon: wlfw_qmi_ind_cb: Receive Ind : 0x37
01-01 08:00:43.406 0 0 D cnss : Received QMI WLFW FW memory ready indication
01-01 08:00:43.406 0 0 D cnss : Posting event: FW_MEM_READY(3), state: 0x11 flags: 0x0
01-01 08:00:43.406 0 0 D cnss : PM stay awake, state: 0x11, count: 1
01-01 08:00:43.406 0 0 D cnss : PM relax, state: 0x11, count: 0
01-01 08:00:43.406 0 0 D cnss : PM stay awake, state: 0x11, count: 1
01-01 08:00:43.406 0 0 D cnss : Processing driver event: FW_MEM_READY(3), state: 0x11
01-01 08:00:43.406 0 0 D cnss : Sending target capability message, state: 0x13
03-14 03:51:10.014 3379 3480 I MMKV : loading [mmkv.default] with 2745 size in total, file size is 4096
03-14 03:51:10.014 3379 3480 I MMKV : loading [mmkv.default] with crc 933633425 sequence 10
03-14 03:51:10.014 3379 3480 I MMKV : loaded [mmkv.default] with 30 values
03-14 03:51:10.022 1518 3448 I cnss-daemon: wlfw_send_cap_req: chip_id: 0x0, chip_family 0xb, board_id: 0xff, soc_id: 0xffffffff, fw_version: 0x101a0521, fw_build_timestamp: 2021-12-20 07:54
01-01 08:00:43.417 0 0 D cnss : Voltage for CPR: 948mV
01-01 08:00:43.417 0 0 D cnss : Update TCS CMD data address 0x000000000b2e5844 with voltage 950mV
01-01 08:00:43.417 0 0 D cnss : Device frequency is 24000000 HZ
01-01 08:00:43.417 0 0 D cnss : Target capability: chip_id: 0x0, chip_family: 0xb, board_id: 0xff, soc_id: 0xffffffff, fw_version: 0x101a0521, fw_build_timestamp: 2021-12-20 07:54, fw_build_id: QC_IMAGE_VERSION_STRING=WLAN.HST.1.0.1.r1-01313-QCAHSTSWPL_SILICONZ-1, otp_version: 0x0
01-01 08:00:43.417 0 0 D cnss : Sending BDF download message, state: 0x13, type: 4
01-01 08:00:43.417 0 0 D cnss : FW name added with prefix: qca6390/regdb.bin
01-01 08:00:43.417 0 0 W cnss2 b0000000.qcom,cnss-qca6390: Falling back to syfs fallback for: qca6390/regdb.bin
