03-14 03:51:08.247 2770 2770 I auditd : type=1400 audit(0.0:805): avc: denied { map } for comm="crash_dump64" path="/dev/__properties__/u:object_r:vendor_alarm_boot_prop:s0" dev="tmpfs" ino=3479 scontext=u:r:crash_dump:s0 tcontext=u:object_r:vendor_alarm_boot_prop:s0 tclass=file permissive=1
03-14 03:51:08.247 2770 2770 I crash_dump64: type=1400 audit(0.0:805): avc: denied { map } for path="/dev/__properties__/u:object_r:vendor_alarm_boot_prop:s0" dev="tmpfs" ino=3479 scontext=u:r:crash_dump:s0 tcontext=u:object_r:vendor_alarm_boot_prop:s0 tclass=file permissive=1
03-14 03:51:08.251 2770 2770 I auditd : type=1400 audit(0.0:806): avc: denied { getattr } for comm="crash_dump64" path="/dev/__properties__/u:object_r:vendor_adsprpc_prop:s0" dev="tmpfs" ino=3478 scontext=u:r:crash_dump:s0 tcontext=u:object_r:vendor_adsprpc_prop:s0 tclass=file permissive=1
03-14 03:51:08.251 2770 2770 I crash_dump64: type=1400 audit(0.0:806): avc: denied { getattr } for path="/dev/__properties__/u:object_r:vendor_adsprpc_prop:s0" dev="tmpfs" ino=3478 scontext=u:r:crash_dump:s0 tcontext=u:object_r:vendor_adsprpc_prop:s0 tclass=file permissive=1
03-14 03:51:08.251 2770 2770 I auditd : type=1400 audit(0.0:807): avc: denied { map } for comm="crash_dump64" path="/dev/__properties__/u:object_r:vendor_adsprpc_prop:s0" dev="tmpfs" ino=3478 scontext=u:r:crash_dump:s0 tcontext=u:object_r:vendor_adsprpc_prop:s0 tclass=file permissive=1
03-14 03:51:08.251 2770 2770 I crash_dump64: type=1400 audit(0.0:807): avc: denied { map } for path="/dev/__properties__/u:object_r:vendor_adsprpc_prop:s0" dev="tmpfs" ino=3478 scontext=u:r:crash_dump:s0 tcontext=u:object_r:vendor_adsprpc_prop:s0 tclass=file permissive=1
03-14 03:51:08.251 2770 2770 I auditd : type=1400 audit(0.0:808): avc: denied { open } for comm="crash_dump64" path="/dev/__properties__/u:object_r:vehicle_hal_prop:s0" dev="tmpfs" ino=3477 scontext=u:r:crash_dump:s0 tcontext=u:object_r:vehicle_hal_prop:s0 tclass=file permissive=1
03-14 03:51:08.251 2770 2770 I crash_dump64: type=1400 audit(0.0:808): avc: denied { open } for path="/dev/__properties__/u:object_r:vehicle_hal_prop:s0" dev="tmpfs" ino=3477 scontext=u:r:crash_dump:s0 tcontext=u:object_r:vehicle_hal_prop:s0 tclass=file permissive=1
03-14 03:51:08.251 2770 2770 I auditd : type=1400 audit(0.0:809): avc: denied { getattr } for comm="crash_dump64" path="/dev/__properties__/u:object_r:vehicle_hal_prop:s0" dev="tmpfs" ino=3477 scontext=u:r:crash_dump:s0 tcontext=u:object_r:vehicle_hal_prop:s0 tclass=file permissive=1
03-14 03:51:08.251 2770 2770 I crash_dump64: type=1400 audit(0.0:809): avc: denied { getattr } for path="/dev/__properties__/u:object_r:vehicle_hal_prop:s0" dev="tmpfs" ino=3477 scontext=u:r:crash_dump:s0 tcontext=u:object_r:vehicle_hal_prop:s0 tclass=file permissive=1
03-14 03:51:08.255 2770 2770 I auditd : type=1400 audit(0.0:810): avc: denied { open } for comm="crash_dump64" path="/dev/__properties__/u:object_r:recovery_config_prop:s0" dev="tmpfs" ino=3434 scontext=u:r:crash_dump:s0 tcontext=u:object_r:recovery_config_prop:s0 tclass=file permissive=1
03-14 03:51:08.255 2770 2770 I crash_dump64: type=1400 audit(0.0:810): avc: denied { open } for path="/dev/__properties__/u:object_r:recovery_config_prop:s0" dev="tmpfs" ino=3434 scontext=u:r:crash_dump:s0 tcontext=u:object_r:recovery_config_prop:s0 tclass=file permissive=1
03-14 03:51:08.255 2770 2770 I auditd : type=1400 audit(0.0:811): avc: denied { getattr } for comm="crash_dump64" path="/dev/__properties__/u:object_r:recovery_config_prop:s0" dev="tmpfs" ino=3434 scontext=u:r:crash_dump:s0 tcontext=u:object_r:recovery_config_prop:s0 tclass=file permissive=1
03-14 03:51:08.255 2770 2770 I crash_dump64: type=1400 audit(0.0:811): avc: denied { getattr } for path="/dev/__properties__/u:object_r:recovery_config_prop:s0" dev="tmpfs" ino=3434 scontext=u:r:crash_dump:s0 tcontext=u:object_r:recovery_config_prop:s0 tclass=file permissive=1
03-14 03:51:08.255 2770 2770 I auditd : type=1400 audit(0.0:812): avc: denied { map } for comm="crash_dump64" path="/dev/__properties__/u:object_r:recovery_config_prop:s0" dev="tmpfs" ino=3434 scontext=u:r:crash_dump:s0 tcontext=u:object_r:recovery_config_prop:s0 tclass=file permissive=1
03-14 03:51:08.255 2770 2770 I crash_dump64: type=1400 audit(0.0:812): avc: denied { map } for path="/dev/__properties__/u:object_r:recovery_config_prop:s0" dev="tmpfs" ino=3434 scontext=u:r:crash_dump:s0 tcontext=u:object_r:recovery_config_prop:s0 tclass=file permissive=1
03-14 03:51:08.255 2770 2770 I auditd : type=1400 audit(0.0:813): avc: denied { open } for comm="crash_dump64" path="/dev/__properties__/u:object_r:rebootescrow_hal_prop:s0" dev="tmpfs" ino=3433 scontext=u:r:crash_dump:s0 tcontext=u:object_r:rebootescrow_hal_prop:s0 tclass=file permissive=1
03-14 03:51:08.255 2770 2770 I crash_dump64: type=1400 audit(0.0:813): avc: denied { open } for path="/dev/__properties__/u:object_r:rebootescrow_hal_prop:s0" dev="tmpfs" ino=3433 scontext=u:r:crash_dump:s0 tcontext=u:object_r:rebootescrow_hal_prop:s0 tclass=file permissive=1
03-14 03:51:08.255 2770 2770 I auditd : type=1400 audit(0.0:814): avc: denied { getattr } for comm="crash_dump64" path="/dev/__properties__/u:object_r:rebootescrow_hal_prop:s0" dev="tmpfs" ino=3433 scontext=u:r:crash_dump:s0 tcontext=u:object_r:rebootescrow_hal_prop:s0 tclass=file permissive=1
03-14 03:51:08.255 2770 2770 I crash_dump64: type=1400 audit(0.0:814): avc: denied { getattr } for path="/dev/__properties__/u:object_r:rebootescrow_hal_prop:s0" dev="tmpfs" ino=3433 scontext=u:r:crash_dump:s0 tcontext=u:object_r:rebootescrow_hal_prop:s0 tclass=file permissive=1
03-14 03:51:08.255 2770 2770 I auditd : type=1400 audit(0.0:815): avc: denied { map } for comm="crash_dump64" path="/dev/__properties__/u:object_r:rebootescrow_hal_prop:s0" dev="tmpfs" ino=3433 scontext=u:r:crash_dump:s0 tcontext=u:object_r:rebootescrow_hal_prop:s0 tclass=file permissive=1
03-14 03:51:08.255 2770 2770 I crash_dump64: type=1400 audit(0.0:815): avc: denied { map } for path="/dev/__properties__/u:object_r:rebootescrow_hal_prop:s0" dev="tmpfs" ino=3433 scontext=u:r:crash_dump:s0 tcontext=u:object_r:rebootescrow_hal_prop:s0 tclass=file permissive=1
03-14 03:51:08.255 2770 2770 I auditd : type=1400 audit(0.0:816): avc: denied { open } for comm="crash_dump64" path="/dev/__properties__/u:object_r:radio_cdma_ecm_prop:s0" dev="tmpfs" ino=3430 scontext=u:r:crash_dump:s0 tcontext=u:object_r:radio_cdma_ecm_prop:s0 tclass=file permissive=1
03-14 03:51:08.255 2770 2770 I crash_dump64: type=1400 audit(0.0:816): avc: denied { open } for path="/dev/__properties__/u:object_r:radio_cdma_ecm_prop:s0" dev="tmpfs" ino=3430 scontext=u:r:crash_dump:s0 tcontext=u:object_r:radio_cdma_ecm_prop:s0 tclass=file permissive=1
03-14 03:51:08.255 2770 2770 I auditd : type=1400 audit(0.0:817): avc: denied { getattr } for comm="crash_dump64" path="/dev/__properties__/u:object_r:radio_cdma_ecm_prop:s0" dev="tmpfs" ino=3430 scontext=u:r:crash_dump:s0 tcontext=u:object_r:radio_cdma_ecm_prop:s0 tclass=file permissive=1
03-14 03:51:08.255 2770 2770 I crash_dump64: type=1400 audit(0.0:817): avc: denied { getattr } for path="/dev/__properties__/u:object_r:radio_cdma_ecm_prop:s0" dev="tmpfs" ino=3430 scontext=u:r:crash_dump:s0 tcontext=u:object_r:radio_cdma_ecm_prop:s0 tclass=file permissive=1
03-14 03:51:08.255 2770 2770 I auditd : type=1400 audit(0.0:818): avc: denied { map } for comm="crash_dump64" path="/dev/__properties__/u:object_r:radio_cdma_ecm_prop:s0" dev="tmpfs" ino=3430 scontext=u:r:crash_dump:s0 tcontext=u:object_r:radio_cdma_ecm_prop:s0 tclass=file permissive=1
03-14 03:51:08.255 2770 2770 I crash_dump64: type=1400 audit(0.0:818): avc: denied { map } for path="/dev/__properties__/u:object_r:radio_cdma_ecm_prop:s0" dev="tmpfs" ino=3430 scontext=u:r:crash_dump:s0 tcontext=u:object_r:radio_cdma_ecm_prop:s0 tclass=file permissive=1
03-14 03:51:08.255 2770 2770 I auditd : type=1400 audit(0.0:819): avc: denied { open } for comm="crash_dump64" path="/dev/__properties__/u:object_r:qemu_sf_lcd_density_prop:s0" dev="tmpfs" ino=3429 scontext=u:r:crash_dump:s0 tcontext=u:object_r:qemu_sf_lcd_density_prop:s0 tclass=file permissive=1
03-14 03:51:08.255 2770 2770 I crash_dump64: type=1400 audit(0.0:819): avc: denied { open } for path="/dev/__properties__/u:object_r:qemu_sf_lcd_density_prop:s0" dev="tmpfs" ino=3429 scontext=u:r:crash_dump:s0 tcontext=u:object_r:qemu_sf_lcd_density_prop:s0 tclass=file permissive=1
03-14 03:51:08.285 782 822 V UserDataPreparer: Found /data/user/0 with serial number 0
03-14 03:51:08.255 2770 2770 I auditd : type=1400 audit(0.0:820): avc: denied { getattr } for comm="crash_dump64" path="/dev/__properties__/u:object_r:qemu_sf_lcd_density_prop:s0" dev="tmpfs" ino=3429 scontext=u:r:crash_dump:s0 tcontext=u:object_r:qemu_sf_lcd_density_prop:s0 tclass=file permissive=1
03-14 03:51:08.255 2770 2770 I crash_dump64: type=1400 audit(0.0:820): avc: denied { getattr } for path="/dev/__properties__/u:object_r:qemu_sf_lcd_density_prop:s0" dev="tmpfs" ino=3429 scontext=u:r:crash_dump:s0 tcontext=u:object_r:qemu_sf_lcd_density_prop:s0 tclass=file permissive=1
03-14 03:51:08.285 782 822 V UserDataPreparer: Found /data/system_ce/0 with serial number 0
03-14 03:51:08.255 2770 2770 I auditd : type=1400 audit(0.0:821): avc: denied { open } for comm="crash_dump64" path="/dev/__properties__/u:object_r:persistent_properties_ready_prop:s0" dev="tmpfs" ino=3421 scontext=u:r:crash_dump:s0 tcontext=u:object_r:persistent_properties_ready_prop:s0 tclass=file permissive=1
03-14 03:51:08.255 2770 2770 I crash_dump64: type=1400 audit(0.0:821): avc: denied { open } for path="/dev/__properties__/u:object_r:persistent_properties_ready_prop:s0" dev="tmpfs" ino=3421 scontext=u:r:crash_dump:s0 tcontext=u:object_r:persistent_properties_ready_prop:s0 tclass=file permissive=1
03-14 03:51:08.255 2770 2770 I auditd : type=1400 audit(0.0:822): avc: denied { open } for comm="crash_dump64" path="/dev/__properties__/u:object_r:packagemanager_config_prop:s0" dev="tmpfs" ino=3416 scontext=u:r:crash_dump:s0 tcontext=u:object_r:packagemanager_config_prop:s0 tclass=file permissive=1
03-14 03:51:08.255 2770 2770 I crash_dump64: type=1400 audit(0.0:822): avc: denied { open } for path="/dev/__properties__/u:object_r:packagemanager_config_prop:s0" dev="tmpfs" ino=3416 scontext=u:r:crash_dump:s0 tcontext=u:object_r:packagemanager_config_prop:s0 tclass=file permissive=1
03-14 03:51:08.286 782 822 D UserDataPreparer: Setting property: sys.user.0.ce_available=true
03-14 03:51:08.255 2770 2770 I auditd : type=1400 audit(0.0:823): avc: denied { getattr } for comm="crash_dump64" path="/dev/__properties__/u:object_r:packagemanager_config_prop:s0" dev="tmpfs" ino=3416 scontext=u:r:crash_dump:s0 tcontext=u:object_r:packagemanager_config_prop:s0 tclass=file permissive=1
03-14 03:51:08.255 2770 2770 I crash_dump64: type=1400 audit(0.0:823): avc: denied { getattr } for path="/dev/__properties__/u:object_r:packagemanager_config_prop:s0" dev="tmpfs" ino=3416 scontext=u:r:crash_dump:s0 tcontext=u:object_r:packagemanager_config_prop:s0 tclass=file permissive=1
03-14 03:51:08.255 2770 2770 I auditd : type=1400 audit(0.0:824): avc: denied { open } for comm="crash_dump64" path="/dev/__properties__/u:object_r:overlay_prop:s0" dev="tmpfs" ino=3415 scontext=u:r:crash_dump:s0 tcontext=u:object_r:overlay_prop:s0 tclass=file permissive=1
03-14 03:51:08.255 2770 2770 I crash_dump64: type=1400 audit(0.0:824): avc: denied { open } for path="/dev/__properties__/u:object_r:overlay_prop:s0" dev="tmpfs" ino=3415 scontext=u:r:crash_dump:s0 tcontext=u:object_r:overlay_prop:s0 tclass=file permissive=1
03-14 03:51:08.255 2770 2770 I auditd : type=1400 audit(0.0:825): avc: denied { open } for comm="crash_dump64" path="/dev/__properties__/u:object_r:net_dns_prop:s0" dev="tmpfs" ino=3407 scontext=u:r:crash_dump:s0 tcontext=u:object_r:net_dns_prop:s0 tclass=file permissive=1
03-14 03:51:08.255 2770 2770 I crash_dump64: type=1400 audit(0.0:825): avc: denied { open } for path="/dev/__properties__/u:object_r:net_dns_prop:s0" dev="tmpfs" ino=3407 scontext=u:r:crash_dump:s0 tcontext=u:object_r:net_dns_prop:s0 tclass=file permissive=1
03-14 03:51:08.255 2770 2770 I auditd : type=1400 audit(0.0:826): avc: denied { open } for comm="crash_dump64" path="/dev/__properties__/u:object_r:logpersistd_logging_prop:s0" dev="tmpfs" ino=3394 scontext=u:r:crash_dump:s0 tcontext=u:object_r:logpersistd_logging_prop:s0 tclass=file permissive=1
03-14 03:51:08.255 2770 2770 I crash_dump64: type=1400 audit(0.0:826): avc: denied { open } for path="/dev/__properties__/u:object_r:logpersistd_logging_prop:s0" dev="tmpfs" ino=3394 scontext=u:r:crash_dump:s0 tcontext=u:object_r:logpersistd_logging_prop:s0 tclass=file permissive=1
03-14 03:51:08.255 2770 2770 I auditd : type=1400 audit(0.0:827): avc: denied { getattr } for comm="crash_dump64" path="/dev/__properties__/u:object_r:logpersistd_logging_prop:s0" dev="tmpfs" ino=3394 scontext=u:r:crash_dump:s0 tcontext=u:object_r:logpersistd_logging_prop:s0 tclass=file permissive=1
03-14 03:51:08.255 2770 2770 I crash_dump64: type=1400 audit(0.0:827): avc: denied { getattr } for path="/dev/__properties__/u:object_r:logpersistd_logging_prop:s0" dev="tmpfs" ino=3394 scontext=u:r:crash_dump:s0 tcontext=u:object_r:logpersistd_logging_prop:s0 tclass=file permissive=1
03-14 03:51:08.255 2770 2770 I auditd : type=1400 audit(0.0:828): avc: denied { map } for comm="crash_dump64" path="/dev/__properties__/u:object_r:logpersistd_logging_prop:s0" dev="tmpfs" ino=3394 scontext=u:r:crash_dump:s0 tcontext=u:object_r:logpersistd_logging_prop:s0 tclass=file permissive=1
03-14 03:51:08.255 2770 2770 I crash_dump64: type=1400 audit(0.0:828): avc: denied { map } for path="/dev/__properties__/u:object_r:logpersistd_logging_prop:s0" dev="tmpfs" ino=3394 scontext=u:r:crash_dump:s0 tcontext=u:object_r:logpersistd_logging_prop:s0 tclass=file permissive=1
03-14 03:51:08.255 2770 2770 I auditd : type=1400 audit(0.0:829): avc: denied { open } for comm="crash_dump64" path="/dev/__properties__/u:object_r:lmkd_prop:s0" dev="tmpfs" ino=3389 scontext=u:r:crash_dump:s0 tcontext=u:object_r:lmkd_prop:s0 tclass=file permissive=1
03-14 03:51:08.255 2770 2770 I crash_dump64: type=1400 audit(0.0:829): avc: denied { open } for path="/dev/__properties__/u:object_r:lmkd_prop:s0" dev="tmpfs" ino=3389 scontext=u:r:crash_dump:s0 tcontext=u:object_r:lmkd_prop:s0 tclass=file permissive=1
03-14 03:51:08.255 2770 2770 I auditd : type=1400 audit(0.0:830): avc: denied { open } for comm="crash_dump64" path="/dev/__properties__/u:object_r:hal_dumpstate_config_prop:s0" dev="tmpfs" ino=3370 scontext=u:r:crash_dump:s0 tcontext=u:object_r:hal_dumpstate_config_prop:s0 tclass=file permissive=1
03-14 03:51:08.255 2770 2770 I crash_dump64: type=1400 audit(0.0:830): avc: denied { open } for path="/dev/__properties__/u:object_r:hal_dumpstate_config_prop:s0" dev="tmpfs" ino=3370 scontext=u:r:crash_dump:s0 tcontext=u:object_r:hal_dumpstate_config_prop:s0 tclass=file permissive=1
03-14 03:51:08.255 2770 2770 I auditd : type=1400 audit(0.0:831): avc: denied { getattr } for comm="crash_dump64" path="/dev/__properties__/u:object_r:hal_dumpstate_config_prop:s0" dev="tmpfs" ino=3370 scontext=u:r:crash_dump:s0 tcontext=u:object_r:hal_dumpstate_config_prop:s0 tclass=file permissive=1
03-14 03:51:08.255 2770 2770 I crash_dump64: type=1400 audit(0.0:831): avc: denied { getattr } for path="/dev/__properties__/u:object_r:hal_dumpstate_config_prop:s0" dev="tmpfs" ino=3370 scontext=u:r:crash_dump:s0 tcontext=u:object_r:hal_dumpstate_config_prop:s0 tclass=file permissive=1
03-14 03:51:08.255 2770 2770 I auditd : type=1400 audit(0.0:832): avc: denied { map } for comm="crash_dump64" path="/dev/__properties__/u:object_r:hal_dumpstate_config_prop:s0" dev="tmpfs" ino=3370 scontext=u:r:crash_dump:s0 tcontext=u:object_r:hal_dumpstate_config_prop:s0 tclass=file permissive=1
03-14 03:51:08.255 2770 2770 I crash_dump64: type=1400 audit(0.0:832): avc: denied { map } for path="/dev/__properties__/u:object_r:hal_dumpstate_config_prop:s0" dev="tmpfs" ino=3370 scontext=u:r:crash_dump:s0 tcontext=u:object_r:hal_dumpstate_config_prop:s0 tclass=file permissive=1
03-14 03:51:08.255 2770 2770 I auditd : type=1400 audit(0.0:833): avc: denied { open } for comm="crash_dump64" path="/dev/__properties__/u:object_r:fastbootd_protocol_prop:s0" dev="tmpfs" ino=3362 scontext=u:r:crash_dump:s0 tcontext=u:object_r:fastbootd_protocol_prop:s0 tclass=file permissive=1
03-14 03:51:08.255 2770 2770 I crash_dump64: type=1400 audit(0.0:833): avc: denied { open } for path="/dev/__properties__/u:object_r:fastbootd_protocol_prop:s0" dev="tmpfs" ino=3362 scontext=u:r:crash_dump:s0 tcontext=u:object_r:fastbootd_protocol_prop:s0 tclass=file permissive=1
03-14 03:51:08.255 2770 2770 I auditd : type=1400 audit(0.0:834): avc: denied { open } for comm="crash_dump64" path="/dev/__properties__/u:object_r:exported_bluetooth_prop:s0" dev="tmpfs" ino=3355 scontext=u:r:crash_dump:s0 tcontext=u:object_r:exported_bluetooth_prop:s0 tclass=file permissive=1
03-14 03:51:08.255 2770 2770 I crash_dump64: type=1400 audit(0.0:834): avc: denied { open } for path="/dev/__properties__/u:object_r:exported_bluetooth_prop:s0" dev="tmpfs" ino=3355 scontext=u:r:crash_dump:s0 tcontext=u:object_r:exported_bluetooth_prop:s0 tclass=file permissive=1
03-14 03:51:08.255 2770 2770 I auditd : type=1400 audit(0.0:835): avc: denied { open } for comm="crash_dump64" path="/dev/__properties__/u:object_r:device_config_reset_performed_prop:s0" dev="tmpfs" ino=3339 scontext=u:r:crash_dump:s0 tcontext=u:object_r:device_config_reset_performed_prop:s0 tclass=file permissive=1
03-14 03:51:08.255 2770 2770 I crash_dump64: type=1400 audit(0.0:835): avc: denied { open } for path="/dev/__properties__/u:object_r:device_config_reset_performed_prop:s0" dev="tmpfs" ino=3339 scontext=u:r:crash_dump:s0 tcontext=u:object_r:device_config_reset_performed_prop:s0 tclass=file permissive=1
03-14 03:51:08.255 2770 2770 I auditd : type=1400 audit(0.0:836): avc: denied { open } for comm="crash_dump64" path="/dev/__properties__/u:object_r:device_config_media_native_prop:s0" dev="tmpfs" ino=3336 scontext=u:r:crash_dump:s0 tcontext=u:object_r:device_config_media_native_prop:s0 tclass=file permissive=1
03-14 03:51:08.255 2770 2770 I crash_dump64: type=1400 audit(0.0:836): avc: denied { open } for path="/dev/__properties__/u:object_r:device_config_media_native_prop:s0" dev="tmpfs" ino=3336 scontext=u:r:crash_dump:s0 tcontext=u:object_r:device_config_media_native_prop:s0 tclass=file permissive=1
03-14 03:51:08.255 2770 2770 I auditd : type=1400 audit(0.0:837): avc: denied { open } for comm="crash_dump64" path="/dev/__properties__/u:object_r:ctl_snapuserd_prop:s0" dev="tmpfs" ino=3318 scontext=u:r:crash_dump:s0 tcontext=u:object_r:ctl_snapuserd_prop:s0 tclass=file permissive=1
03-14 03:51:08.255 2770 2770 I crash_dump64: type=1400 audit(0.0:837): avc: denied { open } for path="/dev/__properties__/u:object_r:ctl_snapuserd_prop:s0" dev="tmpfs" ino=3318 scontext=u:r:crash_dump:s0 tcontext=u:object_r:ctl_snapuserd_prop:s0 tclass=file permissive=1
03-14 03:51:08.255 2770 2770 I auditd : type=1400 audit(0.0:838): avc: denied { getattr } for comm="crash_dump64" path="/dev/__properties__/u:object_r:ctl_snapuserd_prop:s0" dev="tmpfs" ino=3318 scontext=u:r:crash_dump:s0 tcontext=u:object_r:ctl_snapuserd_prop:s0 tclass=file permissive=1
03-14 03:51:08.255 2770 2770 I crash_dump64: type=1400 audit(0.0:838): avc: denied { getattr } for path="/dev/__properties__/u:object_r:ctl_snapuserd_prop:s0" dev="tmpfs" ino=3318 scontext=u:r:crash_dump:s0 tcontext=u:object_r:ctl_snapuserd_prop:s0 tclass=file permissive=1
03-14 03:51:08.255 2770 2770 I auditd : type=1400 audit(0.0:839): avc: denied { map } for comm="crash_dump64" path="/dev/__properties__/u:object_r:ctl_snapuserd_prop:s0" dev="tmpfs" ino=3318 scontext=u:r:crash_dump:s0 tcontext=u:object_r:ctl_snapuserd_prop:s0 tclass=file permissive=1
03-14 03:51:08.255 2770 2770 I crash_dump64: type=1400 audit(0.0:839): avc: denied { map } for path="/dev/__properties__/u:object_r:ctl_snapuserd_prop:s0" dev="tmpfs" ino=3318 scontext=u:r:crash_dump:s0 tcontext=u:object_r:ctl_snapuserd_prop:s0 tclass=file permissive=1
03-14 03:51:08.255 2770 2770 I auditd : type=1400 audit(0.0:840): avc: denied { open } for comm="crash_dump64" path="/dev/__properties__/u:object_r:ctl_interface_stop_prop:s0" dev="tmpfs" ino=3311 scontext=u:r:crash_dump:s0 tcontext=u:object_r:ctl_interface_stop_prop:s0 tclass=file permissive=1
03-14 03:51:08.255 2770 2770 I crash_dump64: type=1400 audit(0.0:840): avc: denied { open } for path="/dev/__properties__/u:object_r:ctl_interface_stop_prop:s0" dev="tmpfs" ino=3311 scontext=u:r:crash_dump:s0 tcontext=u:object_r:ctl_interface_stop_prop:s0 tclass=file permissive=1
03-14 03:51:08.255 2770 2770 I auditd : type=1400 audit(0.0:841): avc: denied { open } for comm="crash_dump64" path="/dev/__properties__/u:object_r:ctl_console_prop:s0" dev="tmpfs" ino=3303 scontext=u:r:crash_dump:s0 tcontext=u:object_r:ctl_console_prop:s0 tclass=file permissive=1
03-14 03:51:08.255 2770 2770 I crash_dump64: type=1400 audit(0.0:841): avc: denied { open } for path="/dev/__properties__/u:object_r:ctl_console_prop:s0" dev="tmpfs" ino=3303 scontext=u:r:crash_dump:s0 tcontext=u:object_r:ctl_console_prop:s0 tclass=file permissive=1
03-14 03:51:08.255 2770 2770 I auditd : type=1400 audit(0.0:842): avc: denied { getattr } for comm="crash_dump64" path="/dev/__properties__/u:object_r:ctl_console_prop:s0" dev="tmpfs" ino=3303 scontext=u:r:crash_dump:s0 tcontext=u:object_r:ctl_console_prop:s0 tclass=file permissive=1
03-14 03:51:08.255 2770 2770 I crash_dump64: type=1400 audit(0.0:842): avc: denied { getattr } for path="/dev/__properties__/u:object_r:ctl_console_prop:s0" dev="tmpfs" ino=3303 scontext=u:r:crash_dump:s0 tcontext=u:object_r:ctl_console_prop:s0 tclass=file permissive=1
03-14 03:51:08.255 2770 2770 I auditd : type=1400 audit(0.0:843): avc: denied { map } for comm="crash_dump64" path="/dev/__properties__/u:object_r:ctl_console_prop:s0" dev="tmpfs" ino=3303 scontext=u:r:crash_dump:s0 tcontext=u:object_r:ctl_console_prop:s0 tclass=file permissive=1
03-14 03:51:08.255 2770 2770 I crash_dump64: type=1400 audit(0.0:843): avc: denied { map } for path="/dev/__properties__/u:object_r:ctl_console_prop:s0" dev="tmpfs" ino=3303 scontext=u:r:crash_dump:s0 tcontext=u:object_r:ctl_console_prop:s0 tclass=file permissive=1
03-14 03:51:08.255 2770 2770 I auditd : type=1400 audit(0.0:844): avc: denied { open } for comm="crash_dump64" path="/dev/__properties__/u:object_r:ctl_bugreport_prop:s0" dev="tmpfs" ino=3302 scontext=u:r:crash_dump:s0 tcontext=u:object_r:ctl_bugreport_prop:s0 tclass=file permissive=1
03-14 03:51:08.255 2770 2770 I crash_dump64: type=1400 audit(0.0:844): avc: denied { open } for path="/dev/__properties__/u:object_r:ctl_bugreport_prop:s0" dev="tmpfs" ino=3302 scontext=u:r:crash_dump:s0 tcontext=u:object_r:ctl_bugreport_prop:s0 tclass=file permissive=1
03-14 03:51:08.255 2770 2770 I auditd : type=1400 audit(0.0:845): avc: denied { getattr } for comm="crash_dump64" path="/dev/__properties__/u:object_r:ctl_bugreport_prop:s0" dev="tmpfs" ino=3302 scontext=u:r:crash_dump:s0 tcontext=u:object_r:ctl_bugreport_prop:s0 tclass=file permissive=1
03-14 03:51:08.287 782 822 V PackageManager: reconcileAppsData for null u0 0x2 migrateAppData=false
03-14 03:51:08.255 2770 2770 I crash_dump64: type=1400 audit(0.0:845): avc: denied { getattr } for path="/dev/__properties__/u:object_r:ctl_bugreport_prop:s0" dev="tmpfs" ino=3302 scontext=u:r:crash_dump:s0 tcontext=u:object_r:ctl_bugreport_prop:s0 tclass=file permissive=1
01-01 08:00:41.679 0 0 I init : Untracked pid 2787 exited with status 0
03-14 03:51:08.255 2770 2770 I auditd : type=1400 audit(0.0:846): avc: denied { map } for comm="crash_dump64" path="/dev/__properties__/u:object_r:ctl_bugreport_prop:s0" dev="tmpfs" ino=3302 scontext=u:r:crash_dump:s0 tcontext=u:object_r:ctl_bugreport_prop:s0 tclass=file permissive=1
01-01 08:00:41.679 0 0 I init : Untracked pid 2770 exited with status 0
03-14 03:51:08.255 2770 2770 I crash_dump64: type=1400 audit(0.0:846): avc: denied { map } for path="/dev/__properties__/u:object_r:ctl_bugreport_prop:s0" dev="tmpfs" ino=3302 scontext=u:r:crash_dump:s0 tcontext=u:object_r:ctl_bugreport_prop:s0 tclass=file permissive=1
03-14 03:51:08.255 2770 2770 I auditd : type=1400 audit(0.0:847): avc: denied { open } for comm="crash_dump64" path="/dev/__properties__/u:object_r:ctl_bootanim_prop:s0" dev="tmpfs" ino=3301 scontext=u:r:crash_dump:s0 tcontext=u:object_r:ctl_bootanim_prop:s0 tclass=file permissive=1
03-14 03:51:08.255 2770 2770 I crash_dump64: type=1400 audit(0.0:847): avc: denied { open } for path="/dev/__properties__/u:object_r:ctl_bootanim_prop:s0" dev="tmpfs" ino=3301 scontext=u:r:crash_dump:s0 tcontext=u:object_r:ctl_bootanim_prop:s0 tclass=file permissive=1
03-14 03:51:08.255 2770 2770 I auditd : type=1400 audit(0.0:848): avc: denied { open } for comm="crash_dump64" path="/dev/__properties__/u:object_r:ctl_adbd_prop:s0" dev="tmpfs" ino=3299 scontext=u:r:crash_dump:s0 tcontext=u:object_r:ctl_adbd_prop:s0 tclass=file permissive=1
03-14 03:51:08.255 2770 2770 I crash_dump64: type=1400 audit(0.0:848): avc: denied { open } for path="/dev/__properties__/u:object_r:ctl_adbd_prop:s0" dev="tmpfs" ino=3299 scontext=u:r:crash_dump:s0 tcontext=u:object_r:ctl_adbd_prop:s0 tclass=file permissive=1
03-14 03:51:08.255 2770 2770 I auditd : type=1400 audit(0.0:849): avc: denied { open } for comm="crash_dump64" path="/dev/__properties__/u:object_r:cpu_variant_prop:s0" dev="tmpfs" ino=3298 scontext=u:r:crash_dump:s0 tcontext=u:object_r:cpu_variant_prop:s0 tclass=file permissive=1
03-14 03:51:08.255 2770 2770 I crash_dump64: type=1400 audit(0.0:849): avc: denied { open } for path="/dev/__properties__/u:object_r:cpu_variant_prop:s0" dev="tmpfs" ino=3298 scontext=u:r:crash_dump:s0 tcontext=u:object_r:cpu_variant_prop:s0 tclass=file permissive=1
03-14 03:51:08.255 2770 2770 I auditd : type=1400 audit(0.0:850): avc: denied { open } for comm="crash_dump64" path="/dev/__properties__/u:object_r:cold_boot_done_prop:s0" dev="tmpfs" ino=3295 scontext=u:r:crash_dump:s0 tcontext=u:object_r:cold_boot_done_prop:s0 tclass=file permissive=1
03-14 03:51:08.255 2770 2770 I crash_dump64: type=1400 audit(0.0:850): avc: denied { open } for path="/dev/__properties__/u:object_r:cold_boot_done_prop:s0" dev="tmpfs" ino=3295 scontext=u:r:crash_dump:s0 tcontext=u:object_r:cold_boot_done_prop:s0 tclass=file permissive=1
03-14 03:51:08.259 2770 2770 I auditd : type=1400 audit(0.0:851): avc: denied { getattr } for comm="crash_dump64" path="/dev/__properties__/u:object_r:cold_boot_done_prop:s0" dev="tmpfs" ino=3295 scontext=u:r:crash_dump:s0 tcontext=u:object_r:cold_boot_done_prop:s0 tclass=file permissive=1
03-14 03:51:08.259 2770 2770 I crash_dump64: type=1400 audit(0.0:851): avc: denied { getattr } for path="/dev/__properties__/u:object_r:cold_boot_done_prop:s0" dev="tmpfs" ino=3295 scontext=u:r:crash_dump:s0 tcontext=u:object_r:cold_boot_done_prop:s0 tclass=file permissive=1
03-14 03:51:08.259 2770 2770 I auditd : type=1400 audit(0.0:852): avc: denied { open } for comm="crash_dump64" path="/dev/__properties__/u:object_r:codec2_config_prop:s0" dev="tmpfs" ino=3294 scontext=u:r:crash_dump:s0 tcontext=u:object_r:codec2_config_prop:s0 tclass=file permissive=1
03-14 03:51:08.259 2770 2770 I crash_dump64: type=1400 audit(0.0:852): avc: denied { open } for path="/dev/__properties__/u:object_r:codec2_config_prop:s0" dev="tmpfs" ino=3294 scontext=u:r:crash_dump:s0 tcontext=u:object_r:codec2_config_prop:s0 tclass=file permissive=1
03-14 03:51:08.259 2770 2770 I auditd : type=1400 audit(0.0:853): avc: denied { open } for comm="crash_dump64" path="/dev/__properties__/u:object_r:charger_prop:s0" dev="tmpfs" ino=3292 scontext=u:r:crash_dump:s0 tcontext=u:object_r:charger_prop:s0 tclass=file permissive=1
03-14 03:51:08.259 2770 2770 I crash_dump64: type=1400 audit(0.0:853): avc: denied { open } for path="/dev/__properties__/u:object_r:charger_prop:s0" dev="tmpfs" ino=3292 scontext=u:r:crash_dump:s0 tcontext=u:object_r:charger_prop:s0 tclass=file permissive=1
03-14 03:51:08.259 2770 2770 I auditd : type=1400 audit(0.0:854): avc: denied { getattr } for comm="crash_dump64" path="/dev/__properties__/u:object_r:charger_prop:s0" dev="tmpfs" ino=3292 scontext=u:r:crash_dump:s0 tcontext=u:object_r:charger_prop:s0 tclass=file permissive=1
03-14 03:51:08.259 2770 2770 I crash_dump64: type=1400 audit(0.0:854): avc: denied { getattr } for path="/dev/__properties__/u:object_r:charger_prop:s0" dev="tmpfs" ino=3292 scontext=u:r:crash_dump:s0 tcontext=u:object_r:charger_prop:s0 tclass=file permissive=1
03-14 03:51:08.259 2770 2770 I auditd : type=1400 audit(0.0:855): avc: denied { map } for comm="crash_dump64" path="/dev/__properties__/u:object_r:charger_prop:s0" dev="tmpfs" ino=3292 scontext=u:r:crash_dump:s0 tcontext=u:object_r:charger_prop:s0 tclass=file permissive=1
03-14 03:51:08.259 2770 2770 I crash_dump64: type=1400 audit(0.0:855): avc: denied { map } for path="/dev/__properties__/u:object_r:charger_prop:s0" dev="tmpfs" ino=3292 scontext=u:r:crash_dump:s0 tcontext=u:object_r:charger_prop:s0 tclass=file permissive=1
03-14 03:51:08.259 2770 2770 I auditd : type=1400 audit(0.0:856): avc: denied { open } for comm="crash_dump64" path="/dev/__properties__/u:object_r:charger_config_prop:s0" dev="tmpfs" ino=3291 scontext=u:r:crash_dump:s0 tcontext=u:object_r:charger_config_prop:s0 tclass=file permissive=1
03-14 03:51:08.259 2770 2770 I crash_dump64: type=1400 audit(0.0:856): avc: denied { open } for path="/dev/__properties__/u:object_r:charger_config_prop:s0" dev="tmpfs" ino=3291 scontext=u:r:crash_dump:s0 tcontext=u:object_r:charger_config_prop:s0 tclass=file permissive=1
03-14 03:51:08.259 2770 2770 I auditd : type=1400 audit(0.0:857): avc: denied { open } for comm="crash_dump64" path="/dev/__properties__/u:object_r:camerax_extensions_prop:s0" dev="tmpfs" ino=3290 scontext=u:r:crash_dump:s0 tcontext=u:object_r:camerax_extensions_prop:s0 tclass=file permissive=1
03-14 03:51:08.259 2770 2770 I crash_dump64: type=1400 audit(0.0:857): avc: denied { open } for path="/dev/__properties__/u:object_r:camerax_extensions_prop:s0" dev="tmpfs" ino=3290 scontext=u:r:crash_dump:s0 tcontext=u:object_r:camerax_extensions_prop:s0 tclass=file permissive=1
03-14 03:51:08.259 2770 2770 I auditd : type=1400 audit(0.0:858): avc: denied { open } for comm="crash_dump64" path="/dev/__properties__/u:object_r:camera_calibration_prop:s0" dev="tmpfs" ino=3288 scontext=u:r:crash_dump:s0 tcontext=u:object_r:camera_calibration_prop:s0 tclass=file permissive=1
03-14 03:51:08.259 2770 2770 I crash_dump64: type=1400 audit(0.0:858): avc: denied { open } for path="/dev/__properties__/u:object_r:camera_calibration_prop:s0" dev="tmpfs" ino=3288 scontext=u:r:crash_dump:s0 tcontext=u:object_r:camera_calibration_prop:s0 tclass=file permissive=1
03-14 03:51:08.259 2770 2770 I auditd : type=1400 audit(0.0:859): avc: denied { getattr } for comm="crash_dump64" path="/dev/__properties__/u:object_r:camera_calibration_prop:s0" dev="tmpfs" ino=3288 scontext=u:r:crash_dump:s0 tcontext=u:object_r:camera_calibration_prop:s0 tclass=file permissive=1
03-14 03:51:08.259 2770 2770 I crash_dump64: type=1400 audit(0.0:859): avc: denied { getattr } for path="/dev/__properties__/u:object_r:camera_calibration_prop:s0" dev="tmpfs" ino=3288 scontext=u:r:crash_dump:s0 tcontext=u:object_r:camera_calibration_prop:s0 tclass=file permissive=1
03-14 03:51:08.259 2770 2770 I auditd : type=1400 audit(0.0:860): avc: denied { open } for comm="crash_dump64" path="/dev/__properties__/u:object_r:bpf_progs_loaded_prop:s0" dev="tmpfs" ino=3280 scontext=u:r:crash_dump:s0 tcontext=u:object_r:bpf_progs_loaded_prop:s0 tclass=file permissive=1
03-14 03:51:08.259 2770 2770 I crash_dump64: type=1400 audit(0.0:860): avc: denied { open } for path="/dev/__properties__/u:object_r:bpf_progs_loaded_prop:s0" dev="tmpfs" ino=3280 scontext=u:r:crash_dump:s0 tcontext=u:object_r:bpf_progs_loaded_prop:s0 tclass=file permissive=1
03-14 03:51:08.259 2770 2770 I auditd : type=1400 audit(0.0:861): avc: denied { getattr } for comm="crash_dump64" path="/dev/__properties__/u:object_r:bpf_progs_loaded_prop:s0" dev="tmpfs" ino=3280 scontext=u:r:crash_dump:s0 tcontext=u:object_r:bpf_progs_loaded_prop:s0 tclass=file permissive=1
03-14 03:51:08.259 2770 2770 I crash_dump64: type=1400 audit(0.0:861): avc: denied { getattr } for path="/dev/__properties__/u:object_r:bpf_progs_loaded_prop:s0" dev="tmpfs" ino=3280 scontext=u:r:crash_dump:s0 tcontext=u:object_r:bpf_progs_loaded_prop:s0 tclass=file permissive=1
03-14 03:51:08.259 2770 2770 I auditd : type=1400 audit(0.0:862): avc: denied { map } for comm="crash_dump64" path="/dev/__properties__/u:object_r:bpf_progs_loaded_prop:s0" dev="tmpfs" ino=3280 scontext=u:r:crash_dump:s0 tcontext=u:object_r:bpf_progs_loaded_prop:s0 tclass=file permissive=1
03-14 03:51:08.259 2770 2770 I crash_dump64: type=1400 audit(0.0:862): avc: denied { map } for path="/dev/__properties__/u:object_r:bpf_progs_loaded_prop:s0" dev="tmpfs" ino=3280 scontext=u:r:crash_dump:s0 tcontext=u:object_r:bpf_progs_loaded_prop:s0 tclass=file permissive=1
03-14 03:51:08.259 2770 2770 I auditd : type=1400 audit(0.0:863): avc: denied { open } for comm="crash_dump64" path="/dev/__properties__/u:object_r:boottime_public_prop:s0" dev="tmpfs" ino=3279 scontext=u:r:crash_dump:s0 tcontext=u:object_r:boottime_public_prop:s0 tclass=file permissive=1
03-14 03:51:08.259 2770 2770 I crash_dump64: type=1400 audit(0.0:863): avc: denied { open } for path="/dev/__properties__/u:object_r:boottime_public_prop:s0" dev="tmpfs" ino=3279 scontext=u:r:crash_dump:s0 tcontext=u:object_r:boottime_public_prop:s0 tclass=file permissive=1
03-14 03:51:08.259 2770 2770 I auditd : type=1400 audit(0.0:864): avc: denied { getattr } for comm="crash_dump64" path="/dev/__properties__/u:object_r:boottime_public_prop:s0" dev="tmpfs" ino=3279 scontext=u:r:crash_dump:s0 tcontext=u:object_r:boottime_public_prop:s0 tclass=file permissive=1
03-14 03:51:08.259 2770 2770 I crash_dump64: type=1400 audit(0.0:864): avc: denied { getattr } for path="/dev/__properties__/u:object_r:boottime_public_prop:s0" dev="tmpfs" ino=3279 scontext=u:r:crash_dump:s0 tcontext=u:object_r:boottime_public_prop:s0 tclass=file permissive=1
03-14 03:51:08.259 2770 2770 I auditd : type=1400 audit(0.0:865): avc: denied { map } for comm="crash_dump64" path="/dev/__properties__/u:object_r:boottime_public_prop:s0" dev="tmpfs" ino=3279 scontext=u:r:crash_dump:s0 tcontext=u:object_r:boottime_public_prop:s0 tclass=file permissive=1
03-14 03:51:08.259 2770 2770 I crash_dump64: type=1400 audit(0.0:865): avc: denied { map } for path="/dev/__properties__/u:object_r:boottime_public_prop:s0" dev="tmpfs" ino=3279 scontext=u:r:crash_dump:s0 tcontext=u:object_r:boottime_public_prop:s0 tclass=file permissive=1
03-14 03:51:08.259 2770 2770 I auditd : type=1400 audit(0.0:866): avc: denied { open } for comm="crash_dump64" path="/dev/__properties__/u:object_r:boottime_prop:s0" dev="tmpfs" ino=3278 scontext=u:r:crash_dump:s0 tcontext=u:object_r:boottime_prop:s0 tclass=file permissive=1
03-14 03:51:08.259 2770 2770 I crash_dump64: type=1400 audit(0.0:866): avc: denied { open } for path="/dev/__properties__/u:object_r:boottime_prop:s0" dev="tmpfs" ino=3278 scontext=u:r:crash_dump:s0 tcontext=u:object_r:boottime_prop:s0 tclass=file permissive=1
03-14 03:51:08.259 2770 2770 I auditd : type=1400 audit(0.0:867): avc: denied { getattr } for comm="crash_dump64" path="/dev/__properties__/u:object_r:boottime_prop:s0" dev="tmpfs" ino=3278 scontext=u:r:crash_dump:s0 tcontext=u:object_r:boottime_prop:s0 tclass=file permissive=1
03-14 03:51:08.259 2770 2770 I crash_dump64: type=1400 audit(0.0:867): avc: denied { getattr } for path="/dev/__properties__/u:object_r:boottime_prop:s0" dev="tmpfs" ino=3278 scontext=u:r:crash_dump:s0 tcontext=u:object_r:boottime_prop:s0 tclass=file permissive=1
03-14 03:51:08.259 2770 2770 I auditd : type=1400 audit(0.0:868): avc: denied { map } for comm="crash_dump64" path="/dev/__properties__/u:object_r:boottime_prop:s0" dev="tmpfs" ino=3278 scontext=u:r:crash_dump:s0 tcontext=u:object_r:boottime_prop:s0 tclass=file permissive=1
03-14 03:51:08.259 2770 2770 I crash_dump64: type=1400 audit(0.0:868): avc: denied { map } for path="/dev/__properties__/u:object_r:boottime_prop:s0" dev="tmpfs" ino=3278 scontext=u:r:crash_dump:s0 tcontext=u:object_r:boottime_prop:s0 tclass=file permissive=1
03-14 03:51:08.259 2770 2770 I auditd : type=1400 audit(0.0:869): avc: denied { open } for comm="crash_dump64" path="/dev/__properties__/u:object_r:bootloader_boot_reason_prop:s0" dev="tmpfs" ino=3276 scontext=u:r:crash_dump:s0 tcontext=u:object_r:bootloader_boot_reason_prop:s0 tclass=file permissive=1
03-14 03:51:08.259 2770 2770 I crash_dump64: type=1400 audit(0.0:869): avc: denied { open } for path="/dev/__properties__/u:object_r:bootloader_boot_reason_prop:s0" dev="tmpfs" ino=3276 scontext=u:r:crash_dump:s0 tcontext=u:object_r:bootloader_boot_reason_prop:s0 tclass=file permissive=1
03-14 03:51:08.263 2770 2770 I auditd : type=1400 audit(0.0:870): avc: denied { open } for comm="crash_dump64" path="/dev/__properties__/u:object_r:bluetooth_a2dp_offload_prop:s0" dev="tmpfs" ino=3270 scontext=u:r:crash_dump:s0 tcontext=u:object_r:bluetooth_a2dp_offload_prop:s0 tclass=file permissive=1
03-14 03:51:08.263 2770 2770 I crash_dump64: type=1400 audit(0.0:870): avc: denied { open } for path="/dev/__properties__/u:object_r:bluetooth_a2dp_offload_prop:s0" dev="tmpfs" ino=3270 scontext=u:r:crash_dump:s0 tcontext=u:object_r:bluetooth_a2dp_offload_prop:s0 tclass=file permissive=1
03-14 03:51:08.263 2770 2770 I auditd : type=1400 audit(0.0:871): avc: denied { getattr } for comm="crash_dump64" path="/dev/__properties__/u:object_r:bluetooth_a2dp_offload_prop:s0" dev="tmpfs" ino=3270 scontext=u:r:crash_dump:s0 tcontext=u:object_r:bluetooth_a2dp_offload_prop:s0 tclass=file permissive=1
03-14 03:51:08.263 2770 2770 I crash_dump64: type=1400 audit(0.0:871): avc: denied { getattr } for path="/dev/__properties__/u:object_r:bluetooth_a2dp_offload_prop:s0" dev="tmpfs" ino=3270 scontext=u:r:crash_dump:s0 tcontext=u:object_r:bluetooth_a2dp_offload_prop:s0 tclass=file permissive=1
03-14 03:51:08.263 2770 2770 I auditd : type=1400 audit(0.0:872): avc: denied { open } for comm="crash_dump64" path="/dev/__properties__/u:object_r:apk_verity_prop:s0" dev="tmpfs" ino=3263 scontext=u:r:crash_dump:s0 tcontext=u:object_r:apk_verity_prop:s0 tclass=file permissive=1
03-14 03:51:08.263 2770 2770 I crash_dump64: type=1400 audit(0.0:872): avc: denied { open } for path="/dev/__properties__/u:object_r:apk_verity_prop:s0" dev="tmpfs" ino=3263 scontext=u:r:crash_dump:s0 tcontext=u:object_r:apk_verity_prop:s0 tclass=file permissive=1
03-14 03:51:08.267 2759 2759 I auditd : type=1400 audit(0.0:873): avc: denied { add_name } for comm="init.qcom.post_" name="min_cpus" scontext=u:r:vendor_qti_init_shell:s0 tcontext=u:object_r:sysfs_devices_system_cpu:s0 tclass=dir permissive=1
03-14 03:51:08.267 2759 2759 I init.qcom.post_: type=1400 audit(0.0:873): avc: denied { add_name } for name="min_cpus" scontext=u:r:vendor_qti_init_shell:s0 tcontext=u:object_r:sysfs_devices_system_cpu:s0 tclass=dir permissive=1
03-14 03:51:08.267 2759 2759 I auditd : type=1400 audit(0.0:874): avc: denied { create } for comm="init.qcom.post_" name="min_cpus" scontext=u:r:vendor_qti_init_shell:s0 tcontext=u:object_r:sysfs_devices_system_cpu:s0 tclass=file permissive=1
03-14 03:51:08.267 2759 2759 I init.qcom.post_: type=1400 audit(0.0:874): avc: denied { create } for name="min_cpus" scontext=u:r:vendor_qti_init_shell:s0 tcontext=u:object_r:sysfs_devices_system_cpu:s0 tclass=file permissive=1
03-14 03:51:08.271 2759 2759 I auditd : type=1400 audit(0.0:875): avc: denied { add_name } for comm="init.qcom.post_" name="governor" scontext=u:r:vendor_qti_init_shell:s0 tcontext=u:object_r:vendor_sysfs_devfreq:s0 tclass=dir permissive=1
03-14 03:51:08.271 2759 2759 I init.qcom.post_: type=1400 audit(0.0:875): avc: denied { add_name } for name="governor" scontext=u:r:vendor_qti_init_shell:s0 tcontext=u:object_r:vendor_sysfs_devfreq:s0 tclass=dir permissive=1
03-14 03:51:08.271 2759 2759 I auditd : type=1400 audit(0.0:876): avc: denied { create } for comm="init.qcom.post_" name="governor" scontext=u:r:vendor_qti_init_shell:s0 tcontext=u:object_r:vendor_sysfs_devfreq:s0 tclass=file permissive=1
03-14 03:51:08.271 2759 2759 I init.qcom.post_: type=1400 audit(0.0:876): avc: denied { create } for name="governor" scontext=u:r:vendor_qti_init_shell:s0 tcontext=u:object_r:vendor_sysfs_devfreq:s0 tclass=file permissive=1
03-14 03:51:08.275 2759 2759 I auditd : type=1400 audit(0.0:877): avc: denied { create } for comm="init.qcom.post_" name="governor" scontext=u:r:vendor_qti_init_shell:s0 tcontext=u:object_r:vendor_sysfs_devfreq:s0 tclass=file permissive=1
03-14 03:51:08.275 2759 2759 I init.qcom.post_: type=1400 audit(0.0:877): avc: denied { create } for name="governor" scontext=u:r:vendor_qti_init_shell:s0 tcontext=u:object_r:vendor_sysfs_devfreq:s0 tclass=file permissive=1
03-14 03:51:08.275 2759 2759 I auditd : type=1400 audit(0.0:878): avc: denied { add_name } for comm="init.qcom.post_" name="pwr" scontext=u:r:vendor_qti_init_shell:s0 tcontext=u:object_r:sysfs:s0 tclass=dir permissive=1
03-14 03:51:08.275 2759 2759 I init.qcom.post_: type=1400 audit(0.0:878): avc: denied { add_name } for name="pwr" scontext=u:r:vendor_qti_init_shell:s0 tcontext=u:object_r:sysfs:s0 tclass=dir permissive=1
03-14 03:51:08.275 2759 2759 I auditd : type=1400 audit(0.0:879): avc: denied { create } for comm="init.qcom.post_" name="pwr" scontext=u:r:vendor_qti_init_shell:s0 tcontext=u:object_r:sysfs:s0 tclass=file permissive=1
03-14 03:51:08.275 2759 2759 I init.qcom.post_: type=1400 audit(0.0:879): avc: denied { create } for name="pwr" scontext=u:r:vendor_qti_init_shell:s0 tcontext=u:object_r:sysfs:s0 tclass=file permissive=1
03-14 03:51:08.292 782 1315 I commit_sys_config_file: [log-files,1671]
03-14 03:51:08.292 782 1315 E NativeTombstoneManager: Tombstone's UID (0) not an app, ignoring
03-14 03:51:08.292 2768 2768 V GraphicsEnvironment: ANGLE Developer option for 'com.qualcomm.location' set to: 'default'
03-14 03:51:08.292 782 1315 I DropBoxManagerService: add tag=SYSTEM_TOMBSTONE_PROTO isTagEnabled=true flags=0x4
03-14 03:51:08.293 2768 2768 V GraphicsEnvironment: ANGLE GameManagerService for com.qualcomm.location: false
03-14 03:51:08.294 2768 2768 D NetworkSecurityConfig: No Network Security Config specified, using platform default
03-14 03:51:08.294 2768 2768 D NetworkSecurityConfig: No Network Security Config specified, using platform default
03-14 03:51:08.295 1335 1353 I SELinux : SELinux: Loaded file_contexts
03-14 03:51:08.295 782 1315 I commit_sys_config_file: [log-files,1674]
01-01 08:00:41.689 0 0 I init : qssi copy & sync /metadata/vold/metadata_encryption/key/version to /persist/key/version_bak: No such file or directory
01-01 08:00:41.689 0 0 I init : processing action (sys.boot_completed=1 && sys.bootstat.first_boot_completed=0) from (/system/etc/init/bootstat.rc:77)
01-01 08:00:41.689 0 0 I init : starting service 'exec 29 (/system/bin/bootstat --record_boot_complete --record_boot_reason --record_time_since_factory_reset -l)'...
01-01 08:00:41.691 0 0 I init : processing action (sys.boot_completed=1) from (/system/etc/init/flags_health_check.rc:7)
03-14 03:51:08.298 514 514 I hwservicemanager: Since vendor.qti.hardware.iop@2.0::IIop/default is not registered, trying to start it as a lazy HAL.
03-14 03:51:08.298 1355 2591 E ANDR-IOP: IIop:: Iop HAL Service is not available.
03-14 03:51:08.301 2816 2816 I bootstat: Service started: /system/bin/bootstat --record_boot_complete --record_boot_reason --record_time_since_factory_reset -l
03-14 03:51:08.301 2816 2816 E bootstat: Failed to read /data/misc/bootstat/post_decrypt_time_elapsed: No such file or directory
03-14 03:51:08.301 2816 2816 E bootstat: Failed to parse boot time record: /data/misc/bootstat/post_decrypt_time_elapsed
03-14 03:51:08.304 862 2614 D vendor.qti.bluetooth@1.0-patch_dl_manager: TlvDnldReq: Updating seg len to 142 as last segment
03-14 03:51:08.306 2816 2816 W bootstat: LogBootEvents, atomInfo not defined for events:last_boot_time_utc,build_date,ro.boottime.init.cold_boot_wait,boot_reason,system_boot_reason,time_since_last_boot
03-14 03:51:08.311 782 2679 D CompatibilityInfo: mCompatibilityFlags - 4
03-14 03:51:08.311 782 2679 D CompatibilityInfo: applicationDensity - 240
03-14 03:51:08.311 782 2679 D CompatibilityInfo: applicationScale - 1.0
03-14 03:51:08.315 782 2679 D CompatibilityInfo: mCompatibilityFlags - 4
03-14 03:51:08.315 782 2679 D CompatibilityInfo: applicationDensity - 240
03-14 03:51:08.315 782 2679 D CompatibilityInfo: applicationScale - 1.0
03-14 03:51:08.307 2759 2759 I auditd : type=1400 audit(0.0:880): avc: denied { add_name } for comm="init.qcom.post_" name="sleep_disabled" scontext=u:r:vendor_qti_init_shell:s0 tcontext=u:object_r:vendor_sysfs_msm_power:s0 tclass=dir permissive=1
03-14 03:51:08.307 2759 2759 I init.qcom.post_: type=1400 audit(0.0:880): avc: denied { add_name } for name="sleep_disabled" scontext=u:r:vendor_qti_init_shell:s0 tcontext=u:object_r:vendor_sysfs_msm_power:s0 tclass=dir permissive=1
03-14 03:51:08.307 2759 2759 I auditd : type=1400 audit(0.0:881): avc: denied { create } for comm="init.qcom.post_" name="sleep_disabled" scontext=u:r:vendor_qti_init_shell:s0 tcontext=u:object_r:vendor_sysfs_msm_power:s0 tclass=file permissive=1
03-14 03:51:08.307 2759 2759 I init.qcom.post_: type=1400 audit(0.0:881): avc: denied { create } for name="sleep_disabled" scontext=u:r:vendor_qti_init_shell:s0 tcontext=u:object_r:vendor_sysfs_msm_power:s0 tclass=file permissive=1
03-14 03:51:08.316 514 2819 W libc : Unable to set property "ctl.interface_start" to "vendor.qti.hardware.iop@2.0::IIop/default": error code: 0x20
03-14 03:51:08.316 514 2819 I hwservicemanager: Tried to start vendor.qti.hardware.iop@2.0::IIop/default as a lazy service, but was unable to. Usually this happens when a service is not installed, but if the service is intended to be used as a lazy service, then it may be configured incorrectly.
03-14 03:51:08.317 782 2679 D CompatibilityInfo: mCompatibilityFlags - 4
03-14 03:51:08.318 782 2679 D CompatibilityInfo: applicationDensity - 240
03-14 03:51:08.318 782 2679 D CompatibilityInfo: applicationScale - 1.0
03-14 03:51:08.318 2680 2680 I QCCAuthMgr: BootReceiver - onReceive
03-14 03:51:08.318 2680 2680 I QCCAuthMgr: android.intent.action.LOCKED_BOOT_COMPLETED intent received
03-14 03:51:08.319 2680 2680 D QCCAuthMgr: SMQContentProvider query uri: content://com.qti.smq.Feedback.provider/smq_settings, selection: key=?, uri_matcher: 1
03-14 03:51:08.319 2680 2680 D QCCAuthMgr: SMQContentProvider query tableName: smq_settings
03-14 03:51:08.319 2680 2680 I QCCAuthMgr: BootReceiver - db is not initial
03-14 03:51:08.320 782 2679 D CompatibilityInfo: mCompatibilityFlags - 4
03-14 03:51:08.320 782 2679 D CompatibilityInfo: applicationDensity - 240
03-14 03:51:08.320 782 2679 D CompatibilityInfo: applicationScale - 1.0
01-01 08:00:41.696 0 0 E init : Control message: Could not find 'vendor.qti.hardware.iop@2.0::IIop/default' for ctl.interface_start from pid: 514 (/system/bin/hwservicemanager)
01-01 08:00:41.712 0 0 I init : processing action (sys.boot_completed=1) from (/system/etc/init/hht_ota_mgr.rc:6)
01-01 08:00:41.712 0 0 I init : Service 'exec 29 (/system/bin/bootstat --record_boot_complete --record_boot_reason --record_time_since_factory_reset -l)' (pid 2816) exited with status 0 oneshot service took 0.021000 seconds in background
01-01 08:00:41.712 0 0 I init : Sending signal 9 to service 'exec 29 (/system/bin/bootstat --record_boot_complete --record_boot_reason --record_time_since_factory_reset -l)' (pid 2816) process group...
01-01 08:00:41.712 0 0 I libprocessgroup: Successfully killed process cgroup uid 1000 pid 2816 in 0ms
01-01 08:00:41.713 0 0 I init : processing action (sys.boot_completed=1) from (/system/etc/init/logd.rc:33)
01-01 08:00:41.713 0 0 I init : starting service 'logd-auditctl'...
03-14 03:51:08.321 2492 2492 I QCC:QDMAEmbargoesList: checkEmbargoesListFile
01-01 08:00:41.718 0 0 I init : processing action (sys.boot_completed=1) from (/system/etc/init/selfinstaller.rc:6)
01-01 08:00:41.718 0 0 I init : processing action (sys.boot_completed=1 && sys.wifitracing.started=0) from (/system/etc/init/wifi.rc:28)
03-14 03:51:08.323 2492 2492 I QCC:QDMAEmbargoesList: QDMAEmbargoesIsDeviceInRegulatedArea regulated:false
03-14 03:51:08.323 2492 2492 I QCC:OptInOutHandler: getAppStatusOptInOut
03-14 03:51:08.325 2680 2701 D QCCAuthMgr: SMQContentProvider query uri: content://com.qti.smq.Feedback.provider/smq_settings, selection: key=?, uri_matcher: 1
03-14 03:51:08.325 2680 2701 D QCCAuthMgr: SMQContentProvider query tableName: smq_settings
03-14 03:51:08.327 2492 2492 I QCC:OptInOutHandler: getAppStatusOptInOut, ret = false
03-14 03:51:08.327 2492 2492 I QCC:OperationMode: readOpMode operationMode: 1
03-14 03:51:08.328 2492 2492 E QCC:OperationMode: isQDMAUIInstalled - non exist: android.content.pm.PackageManager$NameNotFoundException: com.qualcomm.qti.smq
03-14 03:51:08.329 2492 2492 I QCC:OperationMode: isQDMAUIInstalled : false
03-14 03:51:08.329 2492 2492 I QCC:Collector: calling forceDisableQdmaStatsD
03-14 03:51:08.329 2492 2492 I QCC:Collector: calling forceDisabledAllCollectors
03-14 03:51:08.329 2492 2492 I QCC:Collector: deleteDir: /data/misc/qdma/down/1 already disabled
03-14 03:51:08.331 2492 2492 I QCC:OmaDMNative: qcc_hidl_update_vendor_dropbox(), path=/data/misc/qdma/down/1 isEnabled=0
