03-14 03:51:06.840 782 782 V StorageManagerService: Package com.qualcomm.qti.services.systemhelper does not have legacy storage
03-14 03:51:06.840 782 782 V StorageManagerService: Package com.android.wifi.resources.overlay.common does not have legacy storage
03-14 03:51:06.840 782 782 V StorageManagerService: Package com.android.dreams.basic does not have legacy storage
03-14 03:51:06.840 782 782 V StorageManagerService: Package com.android.webview does not have legacy storage
03-14 03:51:06.840 782 782 V StorageManagerService: Package com.android.se does not have legacy storage
03-14 03:51:06.840 782 782 V StorageManagerService: Package com.android.inputdevices does not have legacy storage
03-14 03:51:06.840 782 782 V StorageManagerService: Package com.android.bips does not have legacy storage
03-14 03:51:06.840 782 782 V StorageManagerService: Package com.qti.dpmserviceapp does not have legacy storage
03-14 03:51:06.840 782 782 V StorageManagerService: Package com.thundercomm.remotecontrolservice does not have legacy storage
03-14 03:51:06.840 782 782 V StorageManagerService: Package com.android.musicfx does not have legacy storage
03-14 03:51:06.840 782 782 V StorageManagerService: Package com.android.settings.overlay.common does not have legacy storage
03-14 03:51:06.841 782 782 V StorageManagerService: Package com.qualcomm.qti.qccnetstat does not have legacy storage
03-14 03:51:06.841 782 782 V StorageManagerService: Package android.ext.shared does not have legacy storage
03-14 03:51:06.841 782 782 V StorageManagerService: Package com.android.onetimeinitializer does not have legacy storage
03-14 03:51:06.841 782 782 V StorageManagerService: Package com.android.server.telecom does not have legacy storage
03-14 03:51:06.841 782 782 V StorageManagerService: Package com.android.keychain does not have legacy storage
03-14 03:51:06.841 782 782 V StorageManagerService: Package com.qti.snapdragon.qdcm_ff does not have legacy storage
03-14 03:51:06.841 782 782 V StorageManagerService: Package com.android.wifi.resources.overlay.target does not have legacy storage
03-14 03:51:06.841 782 782 V StorageManagerService: Package com.android.printservice.recommendation does not have legacy storage
03-14 03:51:06.841 782 782 V StorageManagerService: Package com.android.gallery3d has legacy storage
03-14 03:51:06.841 782 782 V StorageManagerService: Package com.sohu.sohuvideo does not have legacy storage
03-14 03:51:06.841 782 782 V StorageManagerService: Package android.ext.services does not have legacy storage
03-14 03:51:06.841 782 782 V StorageManagerService: Package com.android.wifi.resources does not have legacy storage
03-14 03:51:06.841 782 782 V StorageManagerService: Package com.baidu.input does not have legacy storage
03-14 03:51:06.841 782 782 V StorageManagerService: Package com.android.systemui.overlay.common does not have legacy storage
03-14 03:51:06.841 782 782 V StorageManagerService: Package com.android.cameraextensions does not have legacy storage
03-14 03:51:06.841 782 782 V StorageManagerService: Package com.thundercomm.tcservice does not have legacy storage
03-14 03:51:06.841 782 782 V StorageManagerService: Package com.android.localtransport does not have legacy storage
03-14 03:51:06.841 782 782 V StorageManagerService: Package com.android.packageinstaller does not have legacy storage
03-14 03:51:06.841 782 782 V StorageManagerService: Package com.qualcomm.qti.devicestatisticsservice does not have legacy storage
03-14 03:51:06.841 782 782 V StorageManagerService: Package com.android.theme.font.notoserifsource does not have legacy storage
03-14 03:51:06.841 782 782 V StorageManagerService: Package com.android.proxyhandler does not have legacy storage
03-14 03:51:06.841 782 782 V StorageManagerService: Package com.android.internal.display.cutout.emulation.waterfall does not have legacy storage
03-14 03:51:06.841 782 782 V StorageManagerService: Package com.qualcomm.qti.workloadclassifier does not have legacy storage
03-14 03:51:06.841 782 782 V StorageManagerService: Package com.android.inputmethod.latin does not have legacy storage
03-14 03:51:06.841 782 782 V StorageManagerService: Package com.android.providers.settings.overlay does not have legacy storage
03-14 03:51:06.841 782 782 V StorageManagerService: Package com.android.managedprovisioning does not have legacy storage
03-14 03:51:06.841 782 782 V StorageManagerService: Package com.android.networkstack.tethering does not have legacy storage
03-14 03:51:06.841 782 782 V StorageManagerService: Package com.android.soundpicker does not have legacy storage
03-14 03:51:06.842 782 782 V StorageManagerService: Package com.android.dreams.phototable does not have legacy storage
03-14 03:51:06.842 782 782 V StorageManagerService: Package com.thundercomm.screensaver does not have legacy storage
03-14 03:51:06.842 782 782 V StorageManagerService: Package com.android.wallpaper.livepicker does not have legacy storage
03-14 03:51:06.842 782 782 V StorageManagerService: Package com.android.apps.tag does not have legacy storage
03-14 03:51:06.842 782 782 V StorageManagerService: Package com.android.storagemanager does not have legacy storage
03-14 03:51:06.842 782 782 V StorageManagerService: Package com.android.bookmarkprovider does not have legacy storage
03-14 03:51:06.842 782 782 V StorageManagerService: Package com.android.settings does not have legacy storage
03-14 03:51:06.842 782 782 V StorageManagerService: Package com.android.networkstack.permissionconfig does not have legacy storage
03-14 03:51:06.842 782 782 V StorageManagerService: Package com.qualcomm.location does not have legacy storage
03-14 03:51:06.842 782 782 V StorageManagerService: Package com.android.cts.ctsshim does not have legacy storage
03-14 03:51:06.842 782 782 V StorageManagerService: Package com.qti.diagservices does not have legacy storage
03-14 03:51:06.842 782 782 V StorageManagerService: Package com.android.vpndialogs does not have legacy storage
03-14 03:51:06.842 782 782 V StorageManagerService: Package com.qualcomm.location.XT does not have legacy storage
03-14 03:51:06.842 782 782 V StorageManagerService: Package com.android.music does not have legacy storage
03-14 03:51:06.842 782 782 V StorageManagerService: Package com.android.shell does not have legacy storage
03-14 03:51:06.842 782 782 V StorageManagerService: Package com.android.wallpaperbackup does not have legacy storage
03-14 03:51:06.842 782 782 V StorageManagerService: Package com.android.providers.userdictionary does not have legacy storage
03-14 03:51:06.842 782 782 V StorageManagerService: Package com.android.providers.media.module does not have legacy storage
03-14 03:51:06.842 782 782 V StorageManagerService: Package com.android.emergency does not have legacy storage
03-14 03:51:06.842 782 782 V StorageManagerService: Package com.android.hotspot2.osulogin does not have legacy storage
03-14 03:51:06.842 782 782 V StorageManagerService: Package com.qualcomm.qti.qdma does not have legacy storage
03-14 03:51:06.842 782 782 V StorageManagerService: Package com.qualcomm.qti.xrcb does not have legacy storage
03-14 03:51:06.842 782 782 V StorageManagerService: Package com.android.internal.systemui.navbar.gestural does not have legacy storage
03-14 03:51:06.842 782 782 V StorageManagerService: Package com.android.location.fused does not have legacy storage
03-14 03:51:06.842 782 782 V StorageManagerService: Package com.android.systemui does not have legacy storage
03-14 03:51:06.842 782 782 V StorageManagerService: Package com.android.bluetoothmidiservice does not have legacy storage
03-14 03:51:06.842 782 782 V StorageManagerService: Package com.qti.ltebc does not have legacy storage
03-14 03:51:06.842 782 782 V StorageManagerService: Package com.android.permissioncontroller does not have legacy storage
03-14 03:51:06.842 782 782 V StorageManagerService: Package com.android.traceur does not have legacy storage
03-14 03:51:06.842 782 782 V StorageManagerService: Package com.qualcomm.qti.qccauthmgr does not have legacy storage
03-14 03:51:06.842 782 782 V StorageManagerService: Package com.qualcomm.qti.qms.service.trustzoneaccess does not have legacy storage
03-14 03:51:06.842 782 782 V StorageManagerService: Package com.qualcomm.qtil.aptxui does not have legacy storage
03-14 03:51:06.843 782 782 V StorageManagerService: Package com.android.bluetooth does not have legacy storage
03-14 03:51:06.843 782 782 V StorageManagerService: Package com.qualcomm.timeservice does not have legacy storage
03-14 03:51:06.843 782 782 V StorageManagerService: Package com.qualcomm.embms does not have legacy storage
03-14 03:51:06.843 782 782 V StorageManagerService: Package com.android.providers.contacts does not have legacy storage
03-14 03:51:06.843 782 782 V StorageManagerService: Package com.android.captiveportallogin does not have legacy storage
03-14 03:51:06.843 782 782 V StorageManagerService: Package com.android.internal.systemui.navbar.gestural_narrow_back does not have legacy storage
03-14 03:51:06.843 782 782 V StorageManagerService: Package com.android.cellbroadcastreceiver.overlay.common does not have legacy storage
03-14 03:51:06.843 782 782 I SystemServerTiming: ssm.onStartUser-0_com.android.server.usage.StorageStatsService$Lifecycle
03-14 03:51:06.843 782 782 I SystemServerTiming: ssm.onStartUser-0_com.android.server.UiModeManagerService
03-14 03:51:06.843 782 782 I SystemServerTiming: ssm.onStartUser-0_com.android.server.locksettings.LockSettingsService$Lifecycle
03-14 03:51:06.843 782 782 I SystemServerTiming: ssm.onStartUser-0_com.android.server.PersistentDataBlockService
03-14 03:51:06.843 782 782 I SystemServerTiming: ssm.onStartUser-0_com.android.server.testharness.TestHarnessModeService
03-14 03:51:06.843 782 782 I SystemServerTiming: ssm.onStartUser-0_com.android.server.oemlock.OemLockService
03-14 03:51:06.843 782 782 I SystemServerTiming: ssm.onStartUser-0_com.android.server.DeviceIdleController
03-14 03:51:06.843 782 782 I SystemServerTiming: ssm.onStartUser-0_com.android.server.devicepolicy.DevicePolicyManagerService$Lifecycle
03-14 03:51:06.843 782 782 I SystemServerTiming: ssm.onStartUser-0_com.android.server.texttospeech.TextToSpeechManagerService
03-14 03:51:06.843 782 782 I SystemServerTiming: ssm.onStartUser-0_com.android.server.speech.SpeechRecognitionManagerService
03-14 03:51:06.843 782 782 I SystemServerTiming: ssm.onStartUser-0_com.android.server.searchui.SearchUiManagerService
03-14 03:51:06.843 782 782 I SystemServerTiming: ssm.onStartUser-0_com.android.server.smartspace.SmartspaceManagerService
03-14 03:51:06.843 782 782 I SystemServerTiming: ssm.onStartUser-0_com.android.server.graphics.fonts.FontManagerService$Lifecycle
03-14 03:51:06.843 782 782 I SystemServerTiming: ssm.onStartUser-0_com.android.server.textservices.TextServicesManagerService$Lifecycle
03-14 03:51:06.843 782 782 I SystemServerTiming: ssm.onStartUser-0_com.android.server.textclassifier.TextClassificationManagerService$Lifecycle
03-14 03:51:06.844 782 1678 W PackageManager: Loading a package that does not exist for the calling user. package=null, user=0
03-14 03:51:06.844 782 782 I SystemServerTiming: ssm.onStartUser-0_com.android.server.NetworkScoreService$Lifecycle
03-14 03:51:06.844 782 782 I SystemServerTiming: ssm.onStartUser-0_com.android.server.wifi.WifiService
03-14 03:51:06.844 782 782 I SystemServerTiming: ssm.onStartUser-0_com.android.server.wifi.scanner.WifiScanningService
03-14 03:51:06.844 782 782 I SystemServerTiming: ssm.onStartUser-0_com.android.server.wifi.rtt.RttService
03-14 03:51:06.844 782 782 I SystemServerTiming: ssm.onStartUser-0_com.android.server.wifi.aware.WifiAwareService
03-14 03:51:06.844 782 782 I SystemServerTiming: ssm.onStartUser-0_com.android.server.wifi.p2p.WifiP2pService
03-14 03:51:06.844 782 782 I SystemServerTiming: ssm.onStartUser-0_com.android.server.ethernet.EthernetService
03-14 03:51:06.845 782 782 I SystemServerTiming: ssm.onStartUser-0_com.android.server.ConnectivityServiceInitializer
03-14 03:51:06.845 782 782 I SystemServerTiming: ssm.onStartUser-0_com.android.server.notification.NotificationManagerService
03-14 03:51:06.845 782 782 I SystemServerTiming: ssm.onStartUser-0_com.android.server.storage.DeviceStorageMonitorService
03-14 03:51:06.845 782 782 I SystemServerTiming: ssm.onStartUser-0_com.android.server.location.LocationManagerService$Lifecycle
03-14 03:51:06.845 782 1678 W PackageManager: Loading a package that does not exist for the calling user. package=null, user=0
03-14 03:51:06.845 782 830 I netstats_mobile_sample: [0,0,0,0,0,0,0,0,0,0,0,0,1678737066845]
03-14 03:51:06.845 782 830 I netstats_wifi_sample: [0,0,0,0,0,0,0,0,0,0,0,0,1678737066845]
03-14 03:51:06.846 782 782 I SystemServerTiming: ssm.onStartUser-0_com.android.server.timedetector.TimeDetectorService$Lifecycle
03-14 03:51:06.846 782 782 I SystemServerTiming: ssm.onStartUser-0_com.android.server.timezonedetector.TimeZoneDetectorService$Lifecycle
03-14 03:51:06.846 782 782 I SystemServerTiming: ssm.onStartUser-0_com.android.server.timezonedetector.location.LocationTimeZoneManagerService$Lifecycle
03-14 03:51:06.846 782 782 I SystemServerTiming: ssm.onStartUser-0_com.android.server.search.SearchManagerService$Lifecycle
03-14 03:51:06.846 782 782 I SystemServerTiming: ssm.onStartUser-0_com.android.server.wallpaper.WallpaperManagerService$Lifecycle
03-14 03:51:06.846 782 782 I SystemServerTiming: ssm.onStartUser-0_com.android.server.audio.AudioService$Lifecycle
03-14 03:51:06.846 782 782 I SystemServerTiming: ssm.onStartUser-0_com.android.server.soundtrigger_middleware.SoundTriggerMiddlewareService$Lifecycle
03-14 03:51:06.846 782 782 I SystemServerTiming: ssm.onStartUser-0_com.android.server.DockObserver
03-14 03:51:06.846 782 782 I SystemServerTiming: ssm.onStartUser-0_com.android.server.midi.MidiService$Lifecycle
03-14 03:51:06.846 782 782 I SystemServerTiming: ssm.onStartUser-0_com.android.server.adb.AdbService$Lifecycle
03-14 03:51:06.846 782 782 I SystemServerTiming: ssm.onStartUser-0_com.android.server.usb.UsbService$Lifecycle
03-14 03:51:06.846 782 782 I SystemServerTiming: ssm.onStartUser-0_com.android.server.twilight.TwilightService
03-14 03:51:06.846 782 782 I SystemServerTiming: ssm.onStartUser-0_com.android.server.display.color.ColorDisplayService
03-14 03:51:06.846 782 782 I SystemServerTiming: ssm.onStartUser-0_com.android.server.job.JobSchedulerService
03-14 03:51:06.846 782 782 I SystemServerTiming: ssm.onStartUser-0_com.android.server.soundtrigger.SoundTriggerService
03-14 03:51:06.846 782 782 I SystemServerTiming: ssm.onStartUser-0_com.android.server.trust.TrustManagerService
03-14 03:51:06.846 782 782 I SystemServerTiming: ssm.onStartUser-0_com.android.server.backup.BackupManagerService$Lifecycle
03-14 03:51:06.846 782 782 I SystemServerTiming: ssm.onStartUser-0_com.android.server.appwidget.AppWidgetService
03-14 03:51:06.846 782 782 I SystemServerTiming: ssm.onStartUser-0_com.android.server.voiceinteraction.VoiceInteractionManagerService
03-14 03:51:06.847 782 782 W VoiceInteractionManager: no available voice recognition services found for user 0
03-14 03:51:06.847 782 782 I SystemServerTiming: ssm.onStartUser-0_com.android.server.apphibernation.AppHibernationService
03-14 03:51:06.847 782 782 I SystemServerTiming: ssm.onStartUser-0_com.android.server.SensorNotificationService
03-14 03:51:06.847 782 782 I SystemServerTiming: ssm.onStartUser-0_com.android.server.emergency.EmergencyAffordanceService
03-14 03:51:06.847 782 782 I SystemServerTiming: ssm.onStartUser-0_com.android.server.blob.BlobStoreManagerService
03-14 03:51:06.847 782 782 I SystemServerTiming: ssm.onStartUser-0_com.android.server.dreams.DreamManagerService
03-14 03:51:06.847 782 782 I SystemServerTiming: ssm.onStartUser-0_com.android.server.companion.CompanionDeviceManagerService
03-14 03:51:06.847 782 782 I SystemServerTiming: ssm.onStartUser-0_com.android.server.restrictions.RestrictionsManagerService
03-14 03:51:06.847 782 782 I SystemServerTiming: ssm.onStartUser-0_com.android.server.media.MediaSessionService
03-14 03:51:06.847 782 782 I SystemServerTiming: ssm.onStartUser-0_com.android.server.media.MediaResourceMonitorService
03-14 03:51:06.847 782 782 I SystemServerTiming: ssm.onStartUser-0_com.android.server.biometrics.sensors.fingerprint.FingerprintService
03-14 03:51:06.847 782 782 I SystemServerTiming: ssm.onStartUser-0_com.android.server.biometrics.BiometricService
03-14 03:51:06.847 782 782 I SystemServerTiming: ssm.onStartUser-0_com.android.server.biometrics.AuthService
03-14 03:51:06.847 782 782 I SystemServerTiming: ssm.onStartUser-0_com.android.server.pm.ShortcutService$Lifecycle
03-14 03:51:06.847 782 782 I SystemServerTiming: ssm.onStartUser-0_com.android.server.pm.LauncherAppsService
03-14 03:51:06.847 782 782 I SystemServerTiming: ssm.onStartUser-0_com.android.server.pm.CrossProfileAppsService
03-14 03:51:06.847 782 782 I SystemServerTiming: ssm.onStartUser-0_com.android.server.people.PeopleService
03-14 03:51:06.847 782 782 I SystemServerTiming: ssm.onStartUser-0_com.android.server.media.metrics.MediaMetricsManagerService
03-14 03:51:06.847 782 782 I SystemServerTiming: ssm.onStartUser-0_com.android.server.media.projection.MediaProjectionManagerService
03-14 03:51:06.847 782 782 I SystemServerTiming: ssm.onStartUser-0_com.android.server.slice.SliceManagerService$Lifecycle
03-14 03:51:06.847 782 782 I SystemServerTiming: ssm.onStartUser-0_com.android.server.stats.StatsCompanion$Lifecycle
03-14 03:51:06.847 782 782 I SystemServerTiming: ssm.onStartUser-0_com.android.server.scheduling.RebootReadinessManagerService$Lifecycle
03-14 03:51:06.847 782 782 I SystemServerTiming: ssm.onStartUser-0_com.android.server.stats.pull.StatsPullAtomService
03-14 03:51:06.847 782 782 I SystemServerTiming: ssm.onStartUser-0_com.android.server.incident.IncidentCompanionService
03-14 03:51:06.847 782 782 I SystemServerTiming: ssm.onStartUser-0_com.android.server.MmsServiceBroker
03-14 03:51:06.847 782 782 I SystemServerTiming: ssm.onStartUser-0_com.android.server.autofill.AutofillManagerService
03-14 03:51:06.847 782 782 I SystemServerTiming: ssm.onStartUser-0_com.android.server.clipboard.ClipboardService
03-14 03:51:06.847 782 782 I SystemServerTiming: ssm.onStartUser-0_com.android.server.appbinding.AppBindingService$Lifecycle
03-14 03:51:06.847 782 782 W AppBindingService: [Default SMS app] u0 Target package not found
03-14 03:51:06.847 782 782 I SystemServerTiming: ssm.onStartUser-0_com.android.server.tracing.TracingServiceProxy
03-14 03:51:06.847 782 782 I SystemServerTiming: ssm.onStartUser-0_com.android.server.policy.PermissionPolicyService
03-14 03:51:06.847 782 782 I SystemServerTiming: ssm.onStartUser-0_com.android.server.pm.StagingManager$Lifecycle
03-14 03:51:06.847 782 782 I SystemServerTiming: ssm.onStartUser-0_com.android.server.app.GameManagerService$Lifecycle
03-14 03:51:06.849 782 782 V GameManagerService: Settings file doesn't exists, skip reading
03-14 03:51:06.849 782 782 I SystemServerTiming: ssm.onStartUser-0_com.android.server.appsearch.AppSearchManagerService
03-14 03:51:06.849 782 782 I SystemServerTiming: ssm.onStartUser-0_com.android.server.media.MediaCommunicationService
03-14 03:51:06.849 782 782 I SystemServerTiming: startPersistentApps
03-14 03:51:06.850 782 782 D CompatibilityChangeReporter: Compat change id reported: 135634846; UID 1000; state: DISABLED
03-14 03:51:06.851 782 782 D CompatibilityChangeReporter: Compat change id reported: 177438394; UID 1000; state: DISABLED
03-14 03:51:06.851 782 782 D CompatibilityChangeReporter: Compat change id reported: 135772972; UID 1000; state: DISABLED
03-14 03:51:06.851 782 782 D CompatibilityChangeReporter: Compat change id reported: 135754954; UID 1000; state: ENABLED
03-14 03:51:06.852 782 782 I am_uid_running: 1001
03-14 03:51:06.853 782 782 D CompatibilityChangeReporter: Compat change id reported: 135634846; UID 1001; state: DISABLED
03-14 03:51:06.853 782 782 D CompatibilityChangeReporter: Compat change id reported: 177438394; UID 1001; state: DISABLED
03-14 03:51:06.853 782 782 D CompatibilityChangeReporter: Compat change id reported: 135772972; UID 1001; state: DISABLED
03-14 03:51:06.853 782 782 D CompatibilityChangeReporter: Compat change id reported: 135754954; UID 1001; state: ENABLED
03-14 03:51:06.853 782 782 I am_uid_running: 10056
03-14 03:51:06.853 782 782 D CompatibilityChangeReporter: Compat change id reported: 135634846; UID 10056; state: DISABLED
03-14 03:51:06.853 782 782 D CompatibilityChangeReporter: Compat change id reported: 177438394; UID 10056; state: DISABLED
03-14 03:51:06.853 782 782 D CompatibilityChangeReporter: Compat change id reported: 135772972; UID 10056; state: DISABLED
03-14 03:51:06.853 782 782 D CompatibilityChangeReporter: Compat change id reported: 135754954; UID 10056; state: DISABLED
03-14 03:51:06.855 782 830 I netstats_mobile_sample: [0,0,0,0,0,0,0,0,0,0,0,0,1678737066855]
03-14 03:51:06.855 782 830 I netstats_wifi_sample: [0,0,0,0,0,0,0,0,0,0,0,0,1678737066855]
01-01 08:00:40.251 0 0 I binder : 2099:2099 ioctl 40046210 7fc8a60c34 returned -22
03-14 03:51:06.857 782 782 I am_uid_running: 10080
03-14 03:51:06.857 782 782 D CompatibilityChangeReporter: Compat change id reported: 135634846; UID 10080; state: DISABLED
03-14 03:51:06.857 782 782 D CompatibilityChangeReporter: Compat change id reported: 177438394; UID 10080; state: DISABLED
03-14 03:51:06.857 782 782 D CompatibilityChangeReporter: Compat change id reported: 135772972; UID 10080; state: DISABLED
03-14 03:51:06.858 782 782 D CompatibilityChangeReporter: Compat change id reported: 135754954; UID 10080; state: DISABLED
03-14 03:51:06.858 782 782 I am_uid_running: 1068
03-14 03:51:06.858 782 782 D CompatibilityChangeReporter: Compat change id reported: 135634846; UID 1068; state: DISABLED
03-14 03:51:06.860 782 782 I am_uid_running: 10061
03-14 03:51:06.861 782 782 D CompatibilityChangeReporter: Compat change id reported: 135634846; UID 10061; state: DISABLED
03-14 03:51:06.861 782 782 D CompatibilityChangeReporter: Compat change id reported: 177438394; UID 10061; state: DISABLED
03-14 03:51:06.861 782 782 D CompatibilityChangeReporter: Compat change id reported: 135772972; UID 10061; state: DISABLED
03-14 03:51:06.861 782 782 D CompatibilityChangeReporter: Compat change id reported: 135754954; UID 10061; state: ENABLED
03-14 03:51:06.862 782 830 I netstats_mobile_sample: [0,0,0,0,0,0,0,0,0,0,0,0,1678737066862]
03-14 03:51:06.862 782 830 I netstats_wifi_sample: [0,0,0,0,0,0,0,0,0,0,0,0,1678737066862]
03-14 03:51:06.865 782 782 I SystemServerTiming: startHomeOnAllDisplays
03-14 03:51:06.872 782 782 I ActivityTaskManager: START u0 {act=android.intent.action.MAIN cat=[android.intent.category.HOME] flg=0x10000100 cmp=com.android.settings/.FallbackHome (has extras)} from uid 0
03-14 03:51:06.875 782 830 I netstats_mobile_sample: [0,0,0,0,0,0,0,0,0,0,0,0,1678737066875]
03-14 03:51:06.875 782 830 I netstats_wifi_sample: [0,0,0,0,0,0,0,0,0,0,0,0,1678737066875]
03-14 03:51:06.879 782 782 D CompatibilityChangeReporter: Compat change id reported: 174042980; UID 1000; state: DISABLED
03-14 03:51:06.882 782 782 I wm_task_created: [2,-1]
03-14 03:51:06.883 782 782 I wm_task_moved: [2,1,2147483647]
03-14 03:51:06.884 782 782 I wm_task_moved: [1,1,0]
03-14 03:51:06.884 782 782 I wm_create_task: [0,2]
03-14 03:51:06.884 782 782 I wm_create_activity: [0,60932722,2,com.android.settings/.FallbackHome,android.intent.action.MAIN,NULL,NULL,276824320]
03-14 03:51:06.884 782 782 I wm_task_moved: [1,1,0]
03-14 03:51:06.884 782 782 I wm_task_moved: [2,1,2147483647]
03-14 03:51:06.884 782 782 I wm_task_to_front: [0,2]
03-14 03:51:06.890 782 830 I netstats_mobile_sample: [0,0,0,0,0,0,0,0,0,0,0,0,1678737066890]
03-14 03:51:06.890 782 830 I netstats_wifi_sample: [0,0,0,0,0,0,0,0,0,0,0,0,1678737066890]
01-01 08:00:40.278 0 0 E init : Control message: Could not find 'vendor.qti.hardware.iop@2.0::IIop/default' for ctl.interface_start from pid: 514 (/system/bin/hwservicemanager)
01-01 08:00:40.290 0 0 I binder : 2118:2118 ioctl 40046210 7fc8a60c34 returned -22
03-14 03:51:06.904 782 830 I netstats_mobile_sample: [0,0,0,0,0,0,0,0,0,0,0,0,1678737066904]
03-14 03:51:06.904 782 830 I netstats_wifi_sample: [0,0,0,0,0,0,0,0,0,0,0,0,1678737066904]
03-14 03:51:06.913 782 830 I netstats_mobile_sample: [0,0,0,0,0,0,0,0,0,0,0,0,1678737066913]
03-14 03:51:06.913 782 830 I netstats_wifi_sample: [0,0,0,0,0,0,0,0,0,0,0,0,1678737066913]
03-14 03:51:06.921 782 830 I netstats_mobile_sample: [0,0,0,0,0,0,0,0,0,0,0,0,1678737066920]
03-14 03:51:06.921 782 830 I netstats_wifi_sample: [0,0,0,0,0,0,0,0,0,0,0,0,1678737066920]
03-14 03:51:06.926 782 830 I netstats_mobile_sample: [0,0,0,0,0,0,0,0,0,0,0,0,1678737066926]
03-14 03:51:06.926 782 830 I netstats_wifi_sample: [0,0,0,0,0,0,0,0,0,0,0,0,1678737066926]
03-14 03:51:06.928 782 830 I netstats_mobile_sample: [0,0,0,0,0,0,0,0,0,0,0,0,1678737066928]
03-14 03:51:06.928 782 830 I netstats_wifi_sample: [0,0,0,0,0,0,0,0,0,0,0,0,1678737066928]
03-14 03:51:06.933 782 2159 W ContextImpl: Calling a method in the system process without a qualified user: android.app.ContextImpl.bindService:1895 android.content.ContextWrapper.bindService:810 com.qualcomm.qti.activityextension.ActivityNotifier.bindToDynamicDDSService:103 com.qualcomm.qti.activityextension.ActivityNotifier.handleSendActivityInvokeNotification:184 com.qualcomm.qti.activityextension.ActivityNotifier.access$300:26
03-14 03:51:06.933 782 782 D CompatibilityChangeReporter: Compat change id reported: 168419799; UID 1000; state: DISABLED
03-14 03:51:06.934 782 782 I ActivityTaskManager: FOREGROUND_APPLICATION_CHANGED to com.android.settings.FallbackHome
01-01 08:00:40.329 0 0 I msm_vidc: high: 00000001: ....d: Opening video instance: 0000000000000000, 1
01-01 08:00:40.329 0 0 I msm_vidc: err : 00000001: ....d: Failed to create debugfs for msm_vidc
03-14 03:51:06.936 782 782 I SystemServerTiming: showSystemReadyErrorDialogs
03-14 03:51:06.939 782 830 I netstats_mobile_sample: [0,0,0,0,0,0,0,0,0,0,0,0,1678737066939]
03-14 03:51:06.939 782 830 I netstats_wifi_sample: [0,0,0,0,0,0,0,0,0,0,0,0,1678737066939]
03-14 03:51:06.944 782 830 I netstats_mobile_sample: [0,0,0,0,0,0,0,0,0,0,0,0,1678737066943]
03-14 03:51:06.944 782 830 I netstats_wifi_sample: [0,0,0,0,0,0,0,0,0,0,0,0,1678737066943]
03-14 03:51:06.954 782 830 I netstats_mobile_sample: [0,0,0,0,0,0,0,0,0,0,0,0,1678737066954]
03-14 03:51:06.954 782 830 I netstats_wifi_sample: [0,0,0,0,0,0,0,0,0,0,0,0,1678737066954]
03-14 03:51:06.962 782 830 I netstats_mobile_sample: [0,0,0,0,0,0,0,0,0,0,0,0,1678737066962]
03-14 03:51:06.962 782 830 I netstats_wifi_sample: [0,0,0,0,0,0,0,0,0,0,0,0,1678737066962]
03-14 03:51:06.965 782 830 D TelephonyRegistry: listen oscl: mHasNotifySubscriptionInfoChangedOccurred==false no callback
03-14 03:51:06.966 782 830 D CountryDetector: Using custom country detector class: com.android.server.location.ComprehensiveCountryDetector
03-14 03:51:06.966 782 830 E CountryDetector: Could not instantiate the custom country detector class
03-14 03:51:06.966 782 830 D CountryDetector: Using default country detector
03-14 03:51:06.969 782 1331 I commit_sys_config_file: [settings-0-0,6]
03-14 03:51:06.987 782 782 I SystemServerTiming: sendUserStartBroadcast
03-14 03:51:06.987 782 782 I SystemServerTiming: resumeTopActivities
03-14 03:51:06.988 782 782 I SystemServerTiming: sendUserSwitchBroadcasts
03-14 03:51:06.988 782 782 I uc_send_user_broadcast: [0,android.intent.action.USER_FOREGROUND]
03-14 03:51:06.988 782 782 I uc_send_user_broadcast: [0,android.intent.action.USER_SWITCHED]
03-14 03:51:06.988 782 782 I SystemServerTiming: setBinderProxies
03-14 03:51:06.988 782 782 I SystemServerTiming: StartSystemUI
03-14 03:51:06.990 782 1678 W ActivityManager: No pending application record for pid 2099 (IApplicationThread android.app.IApplicationThread$Stub$Proxy@fbc692b); dropping process
03-14 03:51:06.990 782 1678 I am_drop_process: 2099
03-14 03:51:06.992 782 2144 W ActivityManager: Slow operation: 143ms so far, now at startProcess: done updating battery stats
03-14 03:51:06.992 782 2144 I am_proc_start: [0,2118,1000,com.thundercomm.gamemode,added application,com.thundercomm.gamemode]
03-14 03:51:06.992 782 2144 W ActivityManager: Slow operation: 144ms so far, now at startProcess: building log message
03-14 03:51:06.992 782 2144 I ActivityManager: Start proc 2118:com.thundercomm.gamemode/1000 for added application com.thundercomm.gamemode
03-14 03:51:06.992 782 2144 W ActivityManager: Slow operation: 144ms so far, now at startProcess: starting to update pids map
03-14 03:51:06.993 782 2144 W ActivityManager: Slow operation: 144ms so far, now at startProcess: done updating pids map
03-14 03:51:06.993 782 2144 I am_proc_bound: [0,2118,com.thundercomm.gamemode]
03-14 03:51:07.002 782 797 I ActivityManager: Process WebViewLoader-armeabi-v7a (pid 2065) has died: psvc PER
01-01 08:00:40.397 0 0 I binder : 1355:1355 ioctl 40046210 7fc65fd024 returned -22
03-14 03:51:07.003 782 797 I am_proc_died: [0,2065,WebViewLoader-armeabi-v7a,-700,0]
03-14 03:51:07.006 782 797 I am_low_memory: 5
03-14 03:51:07.006 782 2149 I ActivityManager: Process WebViewLoader-arm64-v8a (pid 2066) has died: psvc PER
03-14 03:51:07.008 782 2149 I am_proc_died: [0,2066,WebViewLoader-arm64-v8a,-700,0]
03-14 03:51:07.008 782 2149 I am_uid_stopped: 1037
03-14 03:51:07.009 782 2149 I am_low_memory: 4
03-14 03:51:07.011 782 825 D CompatibilityChangeReporter: Compat change id reported: 135634846; UID 1000; state: DISABLED
03-14 03:51:07.011 782 2159 W ContextImpl: Calling a method in the system process without a qualified user: android.app.ContextImpl.bindService:1895 android.content.ContextWrapper.bindService:810 com.qualcomm.qti.activityextension.ActivityNotifier.bindToDynamicDDSService:103 com.qualcomm.qti.activityextension.ActivityNotifier.handleSendActivityInvokeNotification:184 com.qualcomm.qti.activityextension.ActivityNotifier.access$300:26
03-14 03:51:07.011 782 825 D CompatibilityChangeReporter: Compat change id reported: 177438394; UID 1000; state: DISABLED
03-14 03:51:07.011 782 825 D CompatibilityChangeReporter: Compat change id reported: 135772972; UID 1000; state: DISABLED
03-14 03:51:07.011 782 825 D CompatibilityChangeReporter: Compat change id reported: 135754954; UID 1000; state: ENABLED
03-14 03:51:07.018 782 782 I SystemServerTiming: startMicroService
03-14 03:51:07.019 782 782 I SystemServerTiming: startRemoteControlService
03-14 03:51:07.019 782 782 I SystemServerTiming: startTcService
03-14 03:51:07.019 782 782 I SystemServerTiming: startBoostPerfService
03-14 03:51:07.021 782 873 W ActivityManager: Slow operation: 170ms so far, now at startProcess: asking zygote to start proc
03-14 03:51:07.021 782 2159 W ContextImpl: Calling a method in the system process without a qualified user: android.app.ContextImpl.bindService:1895 android.content.ContextWrapper.bindService:810 com.qualcomm.qti.activityextension.ActivityNotifier.bindToDynamicDDSService:103 com.qualcomm.qti.activityextension.ActivityNotifier.handleSendActivityInvokeNotification:184 com.qualcomm.qti.activityextension.ActivityNotifier.access$300:26
03-14 03:51:07.022 782 782 W Looper : Slow delivery took 4938ms main h=android.app.PropertyInvalidatedCache$AutoCorker$1 c=null m=0
01-01 08:00:40.400 0 0 E init : Control message: Could not find 'vendor.qti.hardware.iop@2.0::IIop/default' for ctl.interface_start from pid: 514 (/system/bin/hwservicemanager)
01-01 08:00:40.418 0 0 I : [MAX975X:max96755x_drm_notifier_callback] *INFO* receives EARLY_BLANK:UNBLANK
01-01 08:00:40.418 0 0 I cyttsp7_i2c_adapter 0-0024: FB event:2,blank:0
01-01 08:00:40.418 0 0 I cyttsp7_i2c_adapter 0-0024: suspend: event = 2, blank = 0, not care
01-01 08:00:40.418 0 0 I [drm:dsi_display_set_mode] [msm-dsi-info]: mdp_transfer_time_us=0 us
01-01 08:00:40.418 0 0 I [drm:dsi_display_set_mode] [msm-dsi-info]: hactive= 2380,vactive= 1020,fps=60
01-01 08:00:40.418 0 0 I [drm:dsi_ctrl_isr_configure] [msm-dsi-info]: dsi-ctrl-0: IRQ 403 registered
01-01 08:00:40.418 0 0 E init : Control message: Could not find 'vendor.qti.hardware.iop@2.0::IIop/default' for ctl.interface_start from pid: 514 (/system/bin/hwservicemanager)
03-14 03:51:07.028 782 873 W ActivityManager: Slow operation: 177ms so far, now at startProcess: returned from zygote!
03-14 03:51:07.028 782 873 W ActivityManager: Slow operation: 177ms so far, now at startProcess: done updating battery stats
03-14 03:51:07.028 782 873 I am_proc_start: [0,2209,1000,com.thundercomm.microservice,added application,com.thundercomm.microservice]
03-14 03:51:07.028 782 873 W ActivityManager: Slow operation: 177ms so far, now at startProcess: building log message
03-14 03:51:07.028 782 873 I ActivityManager: Start proc 2209:com.thundercomm.microservice/1000 for added application com.thundercomm.microservice
03-14 03:51:07.028 782 873 W ActivityManager: Slow operation: 177ms so far, now at startProcess: starting to update pids map
03-14 03:51:07.028 782 873 W ActivityManager: Slow operation: 177ms so far, now at startProcess: done updating pids map
03-14 03:51:07.028 782 873 W ActivityManager: Slow operation: 176ms so far, now at startProcess: asking zygote to start proc
03-14 03:51:07.031 782 2144 I wm_task_created: [3,-1]
03-14 03:51:07.033 782 2144 I wm_task_created: [4,-1]
03-14 03:51:07.039 782 782 D ConditionProviders.SCP: onConnected
03-14 03:51:07.041 782 782 I GameModeConfig: isGameModeOn = false
03-14 03:51:07.041 782 782 D ConditionProviders: Subscribing to condition://android/event?userId=-10000&calendar=&reply=1 with ComponentInfo{android/com.android.server.notification.EventConditionProvider}
03-14 03:51:07.041 782 782 D ConditionProviders: Subscribing to condition://android/schedule?days=1.2.3.4.5.6.7&start=22.0&end=7.0&exitAtAlarm=true with ComponentInfo{android/com.android.server.notification.ScheduleConditionProvider}
03-14 03:51:07.041 782 782 I notification_cancel_all: [1000,782,android,0,0,0,20,NULL]
03-14 03:51:07.044 782 873 W ActivityManager: Slow operation: 192ms so far, now at startProcess: returned from zygote!
03-14 03:51:07.045 782 782 I am_uid_running: 10092
03-14 03:51:07.045 782 782 D CompatibilityChangeReporter: Compat change id reported: 135634846; UID 10092; state: DISABLED
03-14 03:51:07.045 782 782 D CompatibilityChangeReporter: Compat change id reported: 177438394; UID 10092; state: DISABLED
03-14 03:51:07.045 782 782 D CompatibilityChangeReporter: Compat change id reported: 135772972; UID 10092; state: DISABLED
03-14 03:51:07.045 782 782 D CompatibilityChangeReporter: Compat change id reported: 135754954; UID 10092; state: ENABLED
03-14 03:51:07.046 782 873 W ActivityManager: Slow operation: 194ms so far, now at startProcess: done updating battery stats
03-14 03:51:07.046 782 873 I am_proc_start: [0,2216,1000,com.thundercomm.microsettings,added application,com.thundercomm.microsettings]
03-14 03:51:07.046 782 873 W ActivityManager: Slow operation: 194ms so far, now at startProcess: building log message
03-14 03:51:07.046 782 873 I ActivityManager: Start proc 2216:com.thundercomm.microsettings/1000 for added application com.thundercomm.microsettings
03-14 03:51:07.046 782 873 W ActivityManager: Slow operation: 194ms so far, now at startProcess: starting to update pids map
03-14 03:51:07.046 782 873 W ActivityManager: Slow operation: 194ms so far, now at startProcess: done updating pids map
03-14 03:51:07.046 782 873 W ActivityManager: Slow operation: 194ms so far, now at startProcess: asking zygote to start proc
03-14 03:51:07.048 782 782 I GameModeConfig: isGameModeOn = false
01-01 08:00:40.434 0 0 E init : Control message: Could not find 'vendor.qti.hardware.iop@2.0::IIop/default' for ctl.interface_start from pid: 514 (/system/bin/hwservicemanager)
01-01 08:00:40.438 0 0 I binder : undelivered TRANSACTION_COMPLETE
01-01 08:00:40.451 0 0 I binder : undelivered transaction 17914, process died.
03-14 03:51:07.051 1287 1287 I auditd : type=1400 audit(0.0:476): avc: denied { read } for comm="traced_probes" name="format" dev="tracefs" ino=7440 scontext=u:r:traced_probes:s0 tcontext=u:object_r:debugfs_tracing_debug:s0 tclass=file permissive=1
03-14 03:51:07.051 1287 1287 I auditd : type=1400 audit(0.0:477): avc: denied { open } for comm="traced_probes" path="/sys/kernel/tracing/events/block/block_bio_backmerge/format" dev="tracefs" ino=7440 scontext=u:r:traced_probes:s0 tcontext=u:object_r:debugfs_tracing_debug:s0 tclass=file permissive=1
03-14 03:51:07.051 1287 1287 I auditd : type=1400 audit(0.0:478): avc: denied { getattr } for comm="traced_probes" path="/sys/kernel/tracing/events/block/block_bio_backmerge/format" dev="tracefs" ino=7440 scontext=u:r:traced_probes:s0 tcontext=u:object_r:debugfs_tracing_debug:s0 tclass=file permissive=1
03-14 03:51:07.060 782 873 W ActivityManager: Slow operation: 208ms so far, now at startProcess: returned from zygote!
03-14 03:51:07.060 782 873 W ActivityManager: Slow operation: 208ms so far, now at startProcess: done updating battery stats
03-14 03:51:07.060 782 873 I am_proc_start: [0,2222,1001,.dataservices,added application,.dataservices]
03-14 03:51:07.060 782 873 W ActivityManager: Slow operation: 208ms so far, now at startProcess: building log message
03-14 03:51:07.060 782 873 I ActivityManager: Start proc 2222:.dataservices/1001 for added application .dataservices
03-14 03:51:07.060 782 873 W ActivityManager: Slow operation: 208ms so far, now at startProcess: starting to update pids map
03-14 03:51:07.060 782 873 W ActivityManager: Slow operation: 208ms so far, now at startProcess: done updating pids map
03-14 03:51:07.060 782 873 W ActivityManager: Slow operation: 207ms so far, now at startProcess: asking zygote to start proc
03-14 03:51:07.060 782 873 D CompatibilityChangeReporter: Compat change id reported: 143937733; UID 10056; state: DISABLED
03-14 03:51:07.077 782 2149 I am_uid_running: 10063
03-14 03:51:07.077 782 2149 D CompatibilityChangeReporter: Compat change id reported: 135634846; UID 10063; state: DISABLED
03-14 03:51:07.077 782 2149 D CompatibilityChangeReporter: Compat change id reported: 177438394; UID 10063; state: DISABLED
03-14 03:51:07.078 782 2149 D CompatibilityChangeReporter: Compat change id reported: 135772972; UID 10063; state: DISABLED
03-14 03:51:07.078 782 2149 D CompatibilityChangeReporter: Compat change id reported: 135754954; UID 10063; state: ENABLED
03-14 03:51:07.079 782 873 W ActivityManager: Slow operation: 226ms so far, now at startProcess: returned from zygote!
01-01 08:00:40.471 0 0 I binder : 2216:2216 ioctl 40046210 7fc8a60c34 returned -22
01-01 08:00:40.472 0 0 I binder : 2209:2209 ioctl 40046210 7fc8a60c34 returned -22
03-14 03:51:07.080 782 873 W ActivityManager: Slow operation: 227ms so far, now at startProcess: done updating battery stats
03-14 03:51:07.080 782 873 I am_proc_start: [0,2257,10056,.qtidataservices,added application,.qtidataservices]
03-14 03:51:07.080 782 873 W ActivityManager: Slow operation: 227ms so far, now at startProcess: building log message
03-14 03:51:07.080 782 873 I ActivityManager: Start proc 2257:.qtidataservices/u0a56 for added application .qtidataservices
03-14 03:51:07.080 782 873 W ActivityManager: Slow operation: 227ms so far, now at startProcess: starting to update pids map
03-14 03:51:07.080 782 873 W ActivityManager: Slow operation: 227ms so far, now at startProcess: done updating pids map
03-14 03:51:07.080 782 873 W ActivityManager: Slow operation: 226ms so far, now at startProcess: asking zygote to start proc
03-14 03:51:07.083 782 2144 I am_proc_bound: [0,2209,com.thundercomm.microservice]
03-14 03:51:07.085 782 2144 D CompatibilityChangeReporter: Compat change id reported: 168419799; UID 1000; state: DISABLED
03-14 03:51:07.088 782 2144 D CompatibilityChangeReporter: Compat change id reported: 181136395; UID 1000; state: DISABLED
03-14 03:51:07.088 782 2144 D CompatibilityChangeReporter: Compat change id reported: 174042936; UID 1000; state: DISABLED
03-14 03:51:07.088 782 873 W ActivityManager: Slow operation: 235ms so far, now at startProcess: returned from zygote!
01-01 08:00:40.475 0 0 E init : Control message: Could not find 'vendor.qti.hardware.iop@2.0::IIop/default' for ctl.interface_start from pid: 514 (/system/bin/hwservicemanager)
01-01 08:00:40.482 0 0 I : [MAX975X:max96755x_drm_notifier_callback] *INFO* receives BLANK:UNBLANK
01-01 08:00:40.490 0 0 I cyttsp7_i2c_adapter 0-0024: FB event:1,blank:0
01-01 08:00:40.490 0 0 I cyttsp7_i2c_adapter 0-0024: drm_notifier_callback: UNBLANK! Resume by drm notifier.
03-14 03:51:07.090 782 873 W ActivityManager: Slow operation: 236ms so far, now at startProcess: done updating battery stats
03-14 03:51:07.090 782 873 I am_proc_start: [0,2264,1000,com.thundercomm.tchttpserver,added application,com.thundercomm.tchttpserver]
03-14 03:51:07.090 782 873 W ActivityManager: Slow operation: 236ms so far, now at startProcess: building log message
03-14 03:51:07.090 782 873 I ActivityManager: Start proc 2264:com.thundercomm.tchttpserver/1000 for added application com.thundercomm.tchttpserver
03-14 03:51:07.090 782 873 W ActivityManager: Slow operation: 236ms so far, now at startProcess: starting to update pids map
03-14 03:51:07.090 782 873 W ActivityManager: Slow operation: 236ms so far, now at startProcess: done updating pids map
03-14 03:51:07.090 782 873 W ActivityManager: Slow operation: 236ms so far, now at startProcess: asking zygote to start proc
03-14 03:51:07.091 782 2149 I am_proc_bound: [0,2216,com.thundercomm.microsettings]
03-14 03:51:07.092 782 2149 D CompatibilityChangeReporter: Compat change id reported: 168419799; UID 1000; state: DISABLED
01-01 08:00:40.494 0 0 I binder : 1287:1287 ioctl 40046210 7fdfe19e34 returned -22
01-01 08:00:40.495 0 0 I binder : 2222:2222 ioctl 40046210 7fc8a60c34 returned -22
03-14 03:51:07.103 1287 1287 I auditd : type=1400 audit(0.0:479): avc: denied { read } for comm="traced_probes" name="set_event" dev="tracefs" ino=4098 scontext=u:r:traced_probes:s0 tcontext=u:object_r:debugfs_tracing_debug:s0 tclass=file permissive=1
03-14 03:51:07.103 1287 1287 I auditd : type=1400 audit(0.0:480): avc: denied { open } for comm="traced_probes" path="/sys/kernel/tracing/set_event" dev="tracefs" ino=4098 scontext=u:r:traced_probes:s0 tcontext=u:object_r:debugfs_tracing_debug:s0 tclass=file permissive=1
03-14 03:51:07.103 1287 1287 I auditd : type=1400 audit(0.0:481): avc: denied { getattr } for comm="traced_probes" path="/sys/kernel/tracing/set_event" dev="tracefs" ino=4098 scontext=u:r:traced_probes:s0 tcontext=u:object_r:debugfs_tracing_debug:s0 tclass=file permissive=1
03-14 03:51:07.108 782 2149 I am_proc_bound: [0,2222,.dataservices]
03-14 03:51:07.109 782 2149 D CompatibilityChangeReporter: Compat change id reported: 168419799; UID 1001; state: DISABLED
03-14 03:51:07.110 782 2149 I am_uid_active: 1001
01-01 08:00:40.515 0 0 I binder : 2257:2257 ioctl 40046210 7fc8a60c34 returned -22
03-14 03:51:07.111 782 873 W ActivityManager: Slow operation: 257ms so far, now at startProcess: returned from zygote!
03-14 03:51:07.111 782 2149 D CompatibilityChangeReporter: Compat change id reported: 168419799; UID 1001; state: DISABLED
03-14 03:51:07.112 782 873 W ActivityManager: Slow operation: 258ms so far, now at startProcess: done updating battery stats
03-14 03:51:07.112 782 873 I am_proc_start: [0,2295,1000,com.tc.logclient,added application,com.tc.logclient]
03-14 03:51:07.112 782 873 W ActivityManager: Slow operation: 258ms so far, now at startProcess: building log message
03-14 03:51:07.112 782 873 I ActivityManager: Start proc 2295:com.tc.logclient/1000 for added application com.tc.logclient
03-14 03:51:07.112 782 873 W ActivityManager: Slow operation: 258ms so far, now at startProcess: starting to update pids map
03-14 03:51:07.112 782 873 W ActivityManager: Slow operation: 258ms so far, now at startProcess: done updating pids map
03-14 03:51:07.112 782 873 W ActivityManager: Slow operation: 258ms so far, now at startProcess: asking zygote to start proc
03-14 03:51:07.113 2001 2261 I bt_config_source: 1
03-14 03:51:07.114 782 2149 I wm_task_created: [5,-1]
03-14 03:51:07.115 2001 2261 I bt_config_source: 3
03-14 03:51:07.119 782 2144 I wm_task_created: [6,-1]
01-01 08:00:40.528 0 0 I binder : 2264:2264 ioctl 40046210 7fc8a60c34 returned -22
01-01 08:00:40.534 0 0 W perfetto: enabled ftrace
03-14 03:51:07.120 782 782 I PackageWatchdog: Syncing health check requests for packages: {}
03-14 03:51:07.120 782 782 I ExplicitHealthCheckController: Service not ready to get health check supported packages. Binding...
03-14 03:51:07.120 782 782 I ExplicitHealthCheckController: Explicit health check service is bound
03-14 03:51:07.121 782 2144 I wm_task_created: [7,-1]
03-14 03:51:07.141 782 2144 I am_proc_bound: [0,2257,.qtidataservices]
03-14 03:51:07.142 2001 2319 I liblog : 66
03-14 03:51:07.142 782 873 W ActivityManager: Slow operation: 288ms so far, now at startProcess: returned from zygote!
03-14 03:51:07.145 782 2144 D CompatibilityChangeReporter: Compat change id reported: 168419799; UID 10056; state: DISABLED
03-14 03:51:07.146 782 2144 I am_uid_active: 10056
03-14 03:51:07.146 782 873 W ActivityManager: Slow operation: 292ms so far, now at startProcess: done updating battery stats
03-14 03:51:07.146 782 873 I am_proc_start: [0,2321,1073,com.android.networkstack.process,added application,com.android.networkstack.process]
03-14 03:51:07.146 782 873 W ActivityManager: Slow operation: 293ms so far, now at startProcess: building log message
03-14 03:51:07.146 782 873 I ActivityManager: Start proc 2321:com.android.networkstack.process/1073 for added application com.android.networkstack.process
03-14 03:51:07.146 782 873 W ActivityManager: Slow operation: 293ms so far, now at startProcess: starting to update pids map
03-14 03:51:07.147 782 873 W ActivityManager: Slow operation: 293ms so far, now at startProcess: done updating pids map
03-14 03:51:07.147 782 873 W ActivityManager: Slow operation: 292ms so far, now at startProcess: asking zygote to start proc
03-14 03:51:07.150 2264 2264 I service_manager_slow: [10,activity]
03-14 03:51:07.152 782 2144 I am_proc_bound: [0,2264,com.thundercomm.tchttpserver]
03-14 03:51:07.154 782 2144 D CompatibilityChangeReporter: Compat change id reported: 168419799; UID 1000; state: DISABLED
03-14 03:51:07.163 782 873 W ActivityManager: Slow operation: 308ms so far, now at startProcess: returned from zygote!
03-14 03:51:07.164 782 873 W ActivityManager: Slow operation: 309ms so far, now at startProcess: done updating battery stats
03-14 03:51:07.164 782 873 I am_proc_start: [0,2347,1000,com.thundercomm.tcsetupwizard,added application,com.thundercomm.tcsetupwizard]
03-14 03:51:07.164 782 873 W ActivityManager: Slow operation: 309ms so far, now at startProcess: building log message
03-14 03:51:07.164 782 873 I ActivityManager: Start proc 2347:com.thundercomm.tcsetupwizard/1000 for added application com.thundercomm.tcsetupwizard
03-14 03:51:07.164 782 873 W ActivityManager: Slow operation: 309ms so far, now at startProcess: starting to update pids map
01-01 08:00:40.559 0 0 I binder : 2295:2295 ioctl 40046210 7fc8a60c34 returned -22
03-14 03:51:07.164 782 873 W ActivityManager: Slow operation: 309ms so far, now at startProcess: done updating pids map
03-14 03:51:07.164 782 873 W ActivityManager: Slow operation: 308ms so far, now at startProcess: asking zygote to start proc
03-14 03:51:07.167 782 782 I SystemServerTiming: ManagedServices.unbindOtherUserServices_current0
03-14 03:51:07.167 782 782 I SystemServerTiming: ManagedServices.unbindOtherUserServices_current0
03-14 03:51:07.167 782 782 I SystemServerTiming: ManagedServices.unbindOtherUserServices_current0
03-14 03:51:07.167 782 782 V NotificationAssistants: enabling notification assistant for 0: ComponentInfo{android.ext.services/android.ext.services.notification.Assistant}
03-14 03:51:07.167 782 782 V NotificationAssistants: binding: Intent { act=android.service.notification.NotificationAssistantService cmp=android.ext.services/.notification.Assistant (has extras) }
03-14 03:51:07.168 782 2148 D CompatibilityChangeReporter: Compat change id reported: 171306433; UID 1000; state: ENABLED
03-14 03:51:07.169 782 873 W ActivityManager: Slow operation: 313ms so far, now at startProcess: returned from zygote!
03-14 03:51:07.170 782 873 W ActivityManager: Slow operation: 314ms so far, now at startProcess: done updating battery stats
03-14 03:51:07.170 782 873 I am_proc_start: [0,2362,1000,vendor.qti.qesdk.sysservice,added application,vendor.qti.qesdk.sysservice]
03-14 03:51:07.170 782 873 W ActivityManager: Slow operation: 314ms so far, now at startProcess: building log message
03-14 03:51:07.170 782 873 I ActivityManager: Start proc 2362:vendor.qti.qesdk.sysservice/1000 for added application vendor.qti.qesdk.sysservice
03-14 03:51:07.170 782 873 W ActivityManager: Slow operation: 314ms so far, now at startProcess: starting to update pids map
03-14 03:51:07.173 782 873 W ActivityManager: Slow operation: 317ms so far, now at startProcess: done updating pids map
03-14 03:51:07.173 782 873 W ActivityManager: Slow operation: 316ms so far, now at startProcess: asking zygote to start proc
03-14 03:51:07.173 782 796 I am_proc_bound: [0,2295,com.tc.logclient]
03-14 03:51:07.173 782 873 D CompatibilityChangeReporter: Compat change id reported: 143937733; UID 10080; state: DISABLED
03-14 03:51:07.173 782 796 D CompatibilityChangeReporter: Compat change id reported: 168419799; UID 1000; state: DISABLED
01-01 08:00:40.562 0 0 E init : Control message: Could not find 'vendor.qti.hardware.iop@2.0::IIop/default' for ctl.interface_start from pid: 514 (/system/bin/hwservicemanager)
01-01 08:00:40.569 0 0 I binder : 2001:2001 ioctl 40046210 7fc8a602a4 returned -22
