03-14 03:51:06.011 866 866 I auditd : type=1400 audit(0.0:463): avc: denied { getattr } for comm="health@2.1-serv" path="/sys/devices/platform/soc/884000.i2c/i2c-3/3-0025/power_supply/wireless/online" dev="sysfs" ino=63642 scontext=u:r:hal_health_default:s0 tcontext=u:object_r:sysfs:s0 tclass=file permissive=1
03-14 03:51:06.309 782 796 V HistoricalRegistry: Interaction before persistence initialized
03-14 03:51:06.411 782 782 I SystemServerTiming: StartSoundTriggerMiddlewareService
03-14 03:51:06.411 782 782 I SystemServiceManager: Starting com.android.server.soundtrigger_middleware.SoundTriggerMiddlewareService$Lifecycle
03-14 03:51:06.412 782 782 I SystemServerTiming: StartDockObserver
03-14 03:51:06.412 782 782 I SystemServiceManager: Starting com.android.server.DockObserver
03-14 03:51:06.413 782 782 W DockObserver: This kernel does not have dock station support
03-14 03:51:06.413 782 782 I SystemServerTiming: StartWiredAccessoryManager
03-14 03:51:06.413 782 782 W WiredAccessoryManager: This kernel does not have usb audio support
03-14 03:51:06.413 782 782 W WiredAccessoryManager: This kernel does not have HDMI audio support
03-14 03:51:06.413 782 782 E WiredAccessoryManager: file /sys/devices/platform/soc/soc:qcom,msm-ext-disp/extcon/extcon3/name not found
03-14 03:51:06.413 782 782 W WiredAccessoryManager: Conn soc:qcom,msm-ext-disp/3/0 does not have DP audio support
03-14 03:51:06.413 782 782 E WiredAccessoryManager: file /sys/devices/platform/soc/soc:qcom,msm-ext-disp/extcon/extcon2/name not found
03-14 03:51:06.413 782 782 W WiredAccessoryManager: Conn soc:qcom,msm-ext-disp/2/0 does not have DP audio support
03-14 03:51:06.414 782 782 E WiredAccessoryManager: set dev_index 1
03-14 03:51:06.414 782 782 W WiredAccessoryManager: checkCableIndex set cable 0
03-14 03:51:06.414 782 782 E WiredAccessoryManager: set dev_index 0
03-14 03:51:06.414 782 782 W WiredAccessoryManager: checkCableIndex set cable 0
03-14 03:51:06.414 782 782 I SystemServerTiming: StartMidiManager
03-14 03:51:06.414 782 782 I SystemServiceManager: Starting com.android.server.midi.MidiService$Lifecycle
03-14 03:51:06.414 782 782 I SystemServerTiming: StartAdbService
03-14 03:51:06.414 782 782 I SystemServiceManager: Starting com.android.server.adb.AdbService$Lifecycle
03-14 03:51:06.415 782 782 I SystemServerTiming: StartUsbService
03-14 03:51:06.415 782 782 I SystemServiceManager: Starting com.android.server.usb.UsbService$Lifecycle
03-14 03:51:06.415 782 782 I SystemServerTiming: StartSerialService
03-14 03:51:06.415 782 829 I SystemServerTimingAsync: InitThreadPoolExec:UsbService$Lifecycle#onStart
03-14 03:51:06.415 782 829 D SystemServerInitThreadPool: Started executing UsbService$Lifecycle#onStart
03-14 03:51:06.415 782 782 I SystemServerTiming: StartHardwarePropertiesManagerService
03-14 03:51:06.415 782 829 E UsbDeviceManager: failed to write to /sys/class/android_usb/android0/f_rndis/ethaddr
03-14 03:51:06.416 782 829 I UsbDeviceManager: USB GADGET HAL not present in the device
03-14 03:51:06.416 782 829 I UsbDeviceManager: java.util.NoSuchElementException
03-14 03:51:06.416 782 829 I UsbDeviceManager: at android.os.HwBinder.getService(Native Method)
03-14 03:51:06.416 782 829 I UsbDeviceManager: at android.hardware.usb.gadget.V1_0.IUsbGadget.getService(IUsbGadget.java:57)
03-14 03:51:06.416 782 829 I UsbDeviceManager: at android.hardware.usb.gadget.V1_0.IUsbGadget.getService(IUsbGadget.java:64)
03-14 03:51:06.416 782 829 I UsbDeviceManager: at com.android.server.usb.UsbDeviceManager.(UsbDeviceManager.java:293)
03-14 03:51:06.416 782 829 I UsbDeviceManager: at com.android.server.usb.UsbService.(UsbService.java:178)
03-14 03:51:06.416 782 829 I UsbDeviceManager: at com.android.server.usb.UsbService$Lifecycle.lambda$onStart$0$UsbService$Lifecycle(UsbService.java:92)
03-14 03:51:06.416 782 829 I UsbDeviceManager: at com.android.server.usb.UsbService$Lifecycle$$ExternalSyntheticLambda1.run(Unknown Source:2)
03-14 03:51:06.416 782 829 I UsbDeviceManager: at com.android.server.SystemServerInitThreadPool.lambda$submitTask$0$SystemServerInitThreadPool(SystemServerInitThreadPool.java:105)
03-14 03:51:06.416 782 829 I UsbDeviceManager: at com.android.server.SystemServerInitThreadPool$$ExternalSyntheticLambda0.run(Unknown Source:6)
03-14 03:51:06.416 782 829 I UsbDeviceManager: at java.util.concurrent.Executors$RunnableAdapter.call(Executors.java:462)
03-14 03:51:06.416 782 829 I UsbDeviceManager: at java.util.concurrent.FutureTask.run(FutureTask.java:266)
03-14 03:51:06.416 782 829 I UsbDeviceManager: at java.util.concurrent.ThreadPoolExecutor.runWorker(ThreadPoolExecutor.java:1167)
03-14 03:51:06.416 782 829 I UsbDeviceManager: at java.util.concurrent.ThreadPoolExecutor$Worker.run(ThreadPoolExecutor.java:641)
03-14 03:51:06.416 782 829 I UsbDeviceManager: at com.android.internal.util.ConcurrentUtils$1$1.run(ConcurrentUtils.java:65)
03-14 03:51:06.416 782 829 E UsbDeviceManager: Failed to open control for mtp
03-14 03:51:06.416 782 829 E UsbDeviceManager: Failed to open control for ptp
03-14 03:51:06.416 782 829 W StorageManagerService: No primary storage defined yet; hacking together a stub
01-01 08:00:39.812 0 0 I : acc_open
01-01 08:00:39.812 0 0 I : acc_release
03-14 03:51:06.417 782 782 I SystemServerTiming: StartTwilightService
03-14 03:51:06.417 782 782 I SystemServiceManager: Starting com.android.server.twilight.TwilightService
03-14 03:51:06.417 782 782 I SystemServerTiming: StartColorDisplay
03-14 03:51:06.417 782 782 I SystemServiceManager: Starting com.android.server.display.color.ColorDisplayService
03-14 03:51:06.418 782 782 I SystemServerTiming: StartJobScheduler
03-14 03:51:06.418 782 782 I SystemServiceManager: Starting com.android.server.job.JobSchedulerService
03-14 03:51:06.418 782 1619 I UsbPortManager: Usb hal service started android.hardware.usb@1.0::IUsb default
03-14 03:51:06.419 782 829 I UsbPortManager: USB HAL version: 12
03-14 03:51:06.420 782 829 D SystemServerInitThreadPool: Finished executing UsbService$Lifecycle#onStart
03-14 03:51:06.420 782 782 D JobStore: Start tag: job-info
03-14 03:51:06.420 782 782 W JobStore: Periodic job for uid='10090' persisted run-time is too big [360:00:48, 720:00:48]. Clamping to [360:00:37,720:00:37]
03-14 03:51:06.421 782 782 W JobStore: Periodic job for uid='1000' persisted run-time is too big [24:00:45, 48:00:45]. Clamping to [24:00:37,48:00:37]
03-14 03:51:06.421 782 782 W JobStore: Periodic job for uid='1000' persisted run-time is too big [360:00:48, 720:00:48]. Clamping to [360:00:37,720:00:37]
03-14 03:51:06.421 782 782 I JobStore: Read 6 jobs
03-14 03:51:06.423 782 782 V HistoricalRegistry: Interaction before persistence initialized
03-14 03:51:06.423 782 782 V HistoricalRegistry: Interaction before persistence initialized
03-14 03:51:06.423 782 782 W JobScheduler: !!! RTC not yet good; tracking time updates for job scheduling
03-14 03:51:06.424 782 782 I SystemServerTiming: StartSoundTrigger
03-14 03:51:06.424 782 782 I SystemServiceManager: Starting com.android.server.soundtrigger.SoundTriggerService
03-14 03:51:06.424 782 782 I SystemServerTiming: StartTrustManager
03-14 03:51:06.424 782 782 I SystemServiceManager: Starting com.android.server.trust.TrustManagerService
03-14 03:51:06.425 782 782 I SystemServerTiming: StartBackupManager
03-14 03:51:06.425 782 782 I SystemServiceManager: Starting com.android.server.backup.BackupManagerService$Lifecycle
03-14 03:51:06.426 782 782 I SystemServerTiming: StartAppWidgetService
03-14 03:51:06.426 782 782 I SystemServiceManager: Starting com.android.server.appwidget.AppWidgetService
03-14 03:51:06.427 782 782 I SystemServerTiming: StartVoiceRecognitionManager
03-14 03:51:06.427 782 782 I SystemServiceManager: Starting com.android.server.voiceinteraction.VoiceInteractionManagerService
03-14 03:51:06.429 782 782 I SystemServerTiming: StartAppHibernationService
03-14 03:51:06.429 782 782 I SystemServiceManager: Starting com.android.server.apphibernation.AppHibernationService
03-14 03:51:06.430 782 782 I SystemServerTiming: StartSensorNotification
03-14 03:51:06.430 782 782 I SystemServiceManager: Starting com.android.server.SensorNotificationService
03-14 03:51:06.430 782 782 I SystemServerTiming: StartDiskStatsService
03-14 03:51:06.431 782 782 I SystemServerTiming: RuntimeService
03-14 03:51:06.431 782 782 I SystemServerTiming: StartNetworkTimeUpdateService
03-14 03:51:06.423 782 782 I auditd : type=1400 audit(0.0:464): avc: denied { read } for comm="system_server" name="u:object_r:vendor_default_prop:s0" dev="tmpfs" ino=3511 scontext=u:r:system_server:s0 tcontext=u:object_r:vendor_default_prop:s0 tclass=file permissive=1
03-14 03:51:06.423 782 782 I auditd : type=1400 audit(0.0:465): avc: denied { open } for comm="system_server" path="/dev/__properties__/u:object_r:vendor_default_prop:s0" dev="tmpfs" ino=3511 scontext=u:r:system_server:s0 tcontext=u:object_r:vendor_default_prop:s0 tclass=file permissive=1
03-14 03:51:06.423 782 782 I auditd : type=1400 audit(0.0:466): avc: denied { getattr } for comm="system_server" path="/dev/__properties__/u:object_r:vendor_default_prop:s0" dev="tmpfs" ino=3511 scontext=u:r:system_server:s0 tcontext=u:object_r:vendor_default_prop:s0 tclass=file permissive=1
03-14 03:51:06.423 782 782 I auditd : type=1400 audit(0.0:467): avc: denied { map } for comm="system_server" path="/dev/__properties__/u:object_r:vendor_default_prop:s0" dev="tmpfs" ino=3511 scontext=u:r:system_server:s0 tcontext=u:object_r:vendor_default_prop:s0 tclass=file permissive=1
03-14 03:51:06.432 782 782 I SystemServerTiming: CertBlacklister
03-14 03:51:06.432 782 782 I SystemServerTiming: StartEmergencyAffordanceService
03-14 03:51:06.432 782 782 I SystemServiceManager: Starting com.android.server.emergency.EmergencyAffordanceService
03-14 03:51:06.432 782 782 I SystemServerTiming: startBlobStoreManagerService
03-14 03:51:06.432 782 782 I SystemServiceManager: Starting com.android.server.blob.BlobStoreManagerService
03-14 03:51:06.433 782 782 I SystemServerTiming: StartDreamManager
03-14 03:51:06.433 782 782 I SystemServiceManager: Starting com.android.server.dreams.DreamManagerService
03-14 03:51:06.433 782 782 I SystemServerTiming: AddGraphicsStatsService
03-14 03:51:06.435 782 782 I SystemServerTiming: StartCompanionDeviceManager
03-14 03:51:06.435 782 782 I SystemServiceManager: Starting com.android.server.companion.CompanionDeviceManagerService
03-14 03:51:06.436 782 782 I SystemServerTiming: StartRestrictionManager
03-14 03:51:06.436 782 782 I SystemServiceManager: Starting com.android.server.restrictions.RestrictionsManagerService
03-14 03:51:06.436 782 782 I SystemServerTiming: StartMediaSessionService
03-14 03:51:06.436 782 782 I SystemServiceManager: Starting com.android.server.media.MediaSessionService
03-14 03:51:06.437 782 782 I SystemServerTiming: StartMediaResourceMonitor
03-14 03:51:06.437 782 782 I SystemServiceManager: Starting com.android.server.media.MediaResourceMonitorService
03-14 03:51:06.437 782 782 I SystemServerTiming: StartMediaRouterService
03-14 03:51:06.437 782 782 V HistoricalRegistry: Interaction before persistence initialized
03-14 03:51:06.438 782 782 I SystemServerTiming: StartFingerprintSensor
03-14 03:51:06.438 782 782 I SystemServiceManager: Starting com.android.server.biometrics.sensors.fingerprint.FingerprintService
03-14 03:51:06.438 782 782 I SystemServerTiming: StartBiometricService
03-14 03:51:06.438 782 782 I SystemServiceManager: Starting com.android.server.biometrics.BiometricService
03-14 03:51:06.439 782 782 I SystemServerTiming: StartAuthService
03-14 03:51:06.439 782 782 I SystemServiceManager: Starting com.android.server.biometrics.AuthService
03-14 03:51:06.439 782 782 D AuthService: Registering HIDL ID: 0 Modality: 2 Strength: 15
03-14 03:51:06.439 782 782 D AuthService: Registering HIDL ID: 1 Modality: 8 Strength: 15
03-14 03:51:06.439 782 782 E AuthService: HIDL face configuration exists, but FaceService is null.
03-14 03:51:06.440 782 782 I SystemServerTiming: StartBackgroundDexOptService
03-14 03:51:06.440 782 782 I SystemServerTiming: StartDynamicCodeLoggingService
03-14 03:51:06.440 782 782 I SystemServerTiming: StartPruneInstantAppsJobService
03-14 03:51:06.441 782 782 I SystemServerTiming: StartShortcutServiceLifecycle
03-14 03:51:06.441 782 782 I SystemServiceManager: Starting com.android.server.pm.ShortcutService$Lifecycle
03-14 03:51:06.441 782 782 V HistoricalRegistry: Interaction before persistence initialized
03-14 03:51:06.441 782 782 I SystemServerTiming: StartLauncherAppsService
03-14 03:51:06.441 782 782 I SystemServiceManager: Starting com.android.server.pm.LauncherAppsService
03-14 03:51:06.442 782 782 I SystemServerTiming: StartCrossProfileAppsService
03-14 03:51:06.442 782 782 I SystemServiceManager: Starting com.android.server.pm.CrossProfileAppsService
03-14 03:51:06.442 782 782 I SystemServerTiming: StartPeopleService
03-14 03:51:06.442 782 782 I SystemServiceManager: Starting com.android.server.people.PeopleService
03-14 03:51:06.442 782 782 I SystemServerTiming: StartMediaMetricsManager
03-14 03:51:06.443 782 782 I SystemServiceManager: Starting com.android.server.media.metrics.MediaMetricsManagerService
03-14 03:51:06.443 782 782 I SystemServerTiming: StartMediaProjectionManager
03-14 03:51:06.443 782 782 I SystemServiceManager: Starting com.android.server.media.projection.MediaProjectionManagerService
03-14 03:51:06.444 782 782 I SystemServerTiming: StartSliceManagerService
03-14 03:51:06.444 782 782 I SystemServiceManager: Starting com.android.server.slice.SliceManagerService$Lifecycle
03-14 03:51:06.444 782 1884 D BiometricService: Registering ID: 0 Modality: 2 Strength: 15
03-14 03:51:06.445 782 1884 D BiometricStrengthController: updateStrengths: revert sensorId=0 to oemStrength=15
03-14 03:51:06.445 782 1884 D BiometricService/Sensor: updateStrength: Before(ID(0), oemStrength: 15, updatedStrength: 15, modality 2, state: 0, cookie: 0, props: ID: 0, Strength: 2, Type: 1) After(ID(0), oemStrength: 15, updatedStrength: 15, modality 2, state: 0, cookie: 0, props: ID: 0, Strength: 2, Type: 1)
03-14 03:51:06.446 782 782 I SystemServerTiming: StartStatsCompanion
03-14 03:51:06.449 782 782 I SystemServiceManager: Starting com.android.server.stats.StatsCompanion$Lifecycle
03-14 03:51:06.450 782 782 I SystemServerTiming: StartRebootReadinessManagerService
03-14 03:51:06.454 782 782 I SystemServiceManager: Starting com.android.server.scheduling.RebootReadinessManagerService$Lifecycle
03-14 03:51:06.455 782 782 I service_manager_stats: [389,91,5007]
03-14 03:51:06.456 782 782 I SystemServerTiming: StartStatsPullAtomService
03-14 03:51:06.456 782 782 I SystemServiceManager: Starting com.android.server.stats.pull.StatsPullAtomService
03-14 03:51:06.456 782 782 I SystemServerTiming: StartIncidentCompanionService
03-14 03:51:06.456 782 782 I SystemServiceManager: Starting com.android.server.incident.IncidentCompanionService
03-14 03:51:06.456 782 782 I SystemServerTiming: StartMmsService
03-14 03:51:06.456 782 782 I SystemServiceManager: Starting com.android.server.MmsServiceBroker
03-14 03:51:06.457 782 782 I SystemServerTiming: StartAutoFillService
03-14 03:51:06.457 782 782 I SystemServiceManager: Starting com.android.server.autofill.AutofillManagerService
03-14 03:51:06.457 782 782 D AutofillManagerService: setLogLevelFromSettings(): level=2, debug=true, verbose=false
03-14 03:51:06.457 782 782 D AutofillManagerService: setMaxPartitionsFromSettings(): 10
03-14 03:51:06.457 782 782 D AutofillManagerService: setMaxVisibleDatasetsFromSettings(): 0
03-14 03:51:06.458 782 823 D AutofillUI: destroySaveUiUiThread(): already destroyed
03-14 03:51:06.458 782 782 D AutofillManagerServiceImpl: Reset component for user 0:
03-14 03:51:06.458 782 782 D SystemServer: TranslationService not defined by OEM
03-14 03:51:06.458 782 782 I SystemServerTiming: StartClipboardService
03-14 03:51:06.458 782 782 I SystemServiceManager: Starting com.android.server.clipboard.ClipboardService
03-14 03:51:06.459 782 782 I SystemServerTiming: AppServiceManager
03-14 03:51:06.459 782 782 I SystemServiceManager: Starting com.android.server.appbinding.AppBindingService$Lifecycle
03-14 03:51:06.459 782 782 I SystemServerTiming: startTracingServiceProxy
03-14 03:51:06.459 782 782 I SystemServiceManager: Starting com.android.server.tracing.TracingServiceProxy
03-14 03:51:06.459 782 782 I SystemServerTiming: MakeLockSettingsServiceReady
03-14 03:51:06.462 782 782 I SyntheticPasswordManager: Device does not support weaver
03-14 03:51:06.462 782 782 I LockSettingsService: Device doesn't implement AuthSecret HAL
03-14 03:51:06.463 782 782 I SystemServerTiming: StartBootPhaseLockSettingsReady
03-14 03:51:06.463 782 782 I SystemServiceManager: Starting phase 480
03-14 03:51:06.463 782 782 I SystemServerTiming: OnBootPhase_480
03-14 03:51:06.463 782 782 I SystemServerTiming: OnBootPhase_480_com.android.server.security.FileIntegrityService
03-14 03:51:06.463 782 782 I SystemServerTiming: OnBootPhase_480_com.android.server.pm.Installer
03-14 03:51:06.463 782 782 I SystemServerTiming: OnBootPhase_480_com.android.server.os.DeviceIdentifiersPolicyService
03-14 03:51:06.463 782 782 I SystemServerTiming: OnBootPhase_480_com.android.server.uri.UriGrantsManagerService$Lifecycle
03-14 03:51:06.463 782 782 I SystemServerTiming: OnBootPhase_480_com.android.server.powerstats.PowerStatsService
03-14 03:51:06.463 782 782 I SystemServerTiming: OnBootPhase_480_com.android.server.wm.ActivityTaskManagerService$Lifecycle
03-14 03:51:06.463 782 782 I SystemServerTiming: OnBootPhase_480_com.android.server.am.ActivityManagerService$Lifecycle
03-14 03:51:06.463 782 782 I SystemServerTiming: OnBootPhase_480_com.android.server.pm.DataLoaderManagerService
03-14 03:51:06.463 782 782 I SystemServerTiming: OnBootPhase_480_com.android.server.power.PowerManagerService
03-14 03:51:06.463 782 782 I SystemServerTiming: OnBootPhase_480_com.android.server.power.ThermalManagerService
03-14 03:51:06.463 782 782 I SystemServerTiming: OnBootPhase_480_com.android.server.power.hint.HintManagerService
03-14 03:51:06.463 782 782 I SystemServerTiming: OnBootPhase_480_com.android.server.recoverysystem.RecoverySystemService$Lifecycle
03-14 03:51:06.463 782 782 I SystemServerTiming: OnBootPhase_480_com.android.server.lights.LightsService
03-14 03:51:06.463 782 782 I SystemServerTiming: OnBootPhase_480_com.android.server.display.DisplayManagerService
03-14 03:51:06.463 782 782 I SystemServerTiming: OnBootPhase_480_com.android.server.pm.verify.domain.DomainVerificationService
03-14 03:51:06.463 782 782 I SystemServerTiming: OnBootPhase_480_com.android.server.pm.PackageInstallerService$Lifecycle
03-14 03:51:06.463 782 782 I SystemServerTiming: OnBootPhase_480_com.android.server.pm.UserManagerService$LifeCycle
03-14 03:51:06.463 782 782 I SystemServerTiming: OnBootPhase_480_com.android.server.om.OverlayManagerService
03-14 03:51:06.463 782 782 I SystemServerTiming: OnBootPhase_480_com.android.server.SensorPrivacyService
03-14 03:51:06.463 782 782 I SystemServerTiming: OnBootPhase_480_com.android.server.thunderperf.ThunderBoostPerfService
03-14 03:51:06.463 782 782 I SystemServerTiming: OnBootPhase_480_com.android.server.sensors.SensorService
03-14 03:51:06.463 782 782 I SystemServerTiming: OnBootPhase_480_com.android.server.SystemConfigService
03-14 03:51:06.463 782 782 I SystemServerTiming: OnBootPhase_480_com.android.server.BatteryService
03-14 03:51:06.463 782 782 I SystemServerTiming: OnBootPhase_480_com.android.server.usage.UsageStatsService
03-14 03:51:06.463 782 782 I SystemServerTiming: OnBootPhase_480_com.android.server.webkit.WebViewUpdateService
03-14 03:51:06.463 782 782 I SystemServerTiming: OnBootPhase_480_com.android.server.CachedDeviceStateService
03-14 03:51:06.463 782 782 I SystemServerTiming: OnBootPhase_480_com.android.server.BinderCallsStatsService$LifeCycle
03-14 03:51:06.463 782 782 I SystemServerTiming: OnBootPhase_480_com.android.server.LooperStatsService$Lifecycle
03-14 03:51:06.463 782 782 I SystemServerTiming: OnBootPhase_480_com.android.server.rollback.RollbackManagerService
03-14 03:51:06.463 782 782 I SystemServerTiming: OnBootPhase_480_com.android.server.os.NativeTombstoneManagerService
03-14 03:51:06.463 782 782 I SystemServerTiming: OnBootPhase_480_com.android.server.os.BugreportManagerService
03-14 03:51:06.463 782 782 I SystemServerTiming: OnBootPhase_480_com.android.server.gpu.GpuService
03-14 03:51:06.463 782 782 I SystemServerTiming: OnBootPhase_480_com.android.server.security.KeyChainSystemService
03-14 03:51:06.463 782 782 I SystemServerTiming: OnBootPhase_480_com.android.server.telecom.TelecomLoaderService
03-14 03:51:06.463 782 782 I SystemServerTiming: OnBootPhase_480_com.android.server.accounts.AccountManagerService$Lifecycle
03-14 03:51:06.463 782 782 I SystemServerTiming: OnBootPhase_480_com.android.server.content.ContentService$Lifecycle
03-14 03:51:06.463 782 782 I SystemServerTiming: OnBootPhase_480_com.android.server.DropBoxManagerService
03-14 03:51:06.463 782 782 I SystemServerTiming: OnBootPhase_480_com.android.role.RoleService
03-14 03:51:06.463 782 782 I SystemServerTiming: OnBootPhase_480_com.android.server.vibrator.VibratorManagerService$Lifecycle
03-14 03:51:06.463 782 782 I SystemServerTiming: OnBootPhase_480_com.android.server.alarm.AlarmManagerService
03-14 03:51:06.463 782 782 I SystemServerTiming: OnBootPhase_480_com.android.server.devicestate.DeviceStateManagerService
03-14 03:51:06.463 782 782 I SystemServerTiming: OnBootPhase_480_com.android.server.camera.CameraServiceProxy
03-14 03:51:06.463 782 782 I SystemServerTiming: OnBootPhase_480_com.android.server.BluetoothService
03-14 03:51:06.463 782 782 I SystemServerTiming: OnBootPhase_480_com.android.server.connectivity.IpConnectivityMetrics
03-14 03:51:06.463 782 782 I SystemServerTiming: OnBootPhase_480_com.android.server.net.watchlist.NetworkWatchlistService$Lifecycle
03-14 03:51:06.463 782 782 I SystemServerTiming: OnBootPhase_480_com.android.server.PinnerService
03-14 03:51:06.463 782 782 I SystemServerTiming: OnBootPhase_480_com.google.android.startop.iorap.IorapForwardingService
03-14 03:51:06.463 782 782 I SystemServerTiming: OnBootPhase_480_com.android.server.ActivityTriggerService
03-14 03:51:06.463 782 782 I SystemServerTiming: OnBootPhase_480_com.android.server.integrity.AppIntegrityManagerService
03-14 03:51:06.463 782 782 I SystemServerTiming: OnBootPhase_480_com.android.server.inputmethod.InputMethodManagerService$Lifecycle
03-14 03:51:06.463 782 782 I SystemServerTiming: OnBootPhase_480_com.android.server.accessibility.AccessibilityManagerService$Lifecycle
03-14 03:51:06.463 782 782 I SystemServerTiming: OnBootPhase_480_com.android.server.StorageManagerService$Lifecycle
03-14 03:51:06.463 782 782 I SystemServerTiming: OnBootPhase_480_com.android.server.usage.StorageStatsService$Lifecycle
03-14 03:51:06.463 782 782 I SystemServerTiming: OnBootPhase_480_com.android.server.UiModeManagerService
03-14 03:51:06.463 782 782 I SystemServerTiming: OnBootPhase_480_com.android.server.locksettings.LockSettingsService$Lifecycle
03-14 03:51:06.463 782 782 I SystemServerTiming: OnBootPhase_480_com.android.server.PersistentDataBlockService
03-14 03:51:06.463 782 782 I SystemServerTiming: OnBootPhase_480_com.android.server.testharness.TestHarnessModeService
03-14 03:51:06.463 782 782 I SystemServerTiming: OnBootPhase_480_com.android.server.oemlock.OemLockService
03-14 03:51:06.463 782 782 I SystemServerTiming: OnBootPhase_480_com.android.server.DeviceIdleController
03-14 03:51:06.464 782 782 I SystemServerTiming: OnBootPhase_480_com.android.server.devicepolicy.DevicePolicyManagerService$Lifecycle
03-14 03:51:06.464 782 782 I DevicePolicyManager: Current version 2, latest version 2, not upgrading.
03-14 03:51:06.465 782 1842 I stream_devices_changed: [3,0,2]
03-14 03:51:06.466 782 782 I SystemServerTiming: OnBootPhase_480_com.android.server.texttospeech.TextToSpeechManagerService
03-14 03:51:06.466 782 1245 I SystemServerTimingAsync: InitThreadPoolExec:DevicePolicyManager
03-14 03:51:06.466 782 1245 D SystemServerInitThreadPool: Started executing DevicePolicyManager
03-14 03:51:06.466 782 782 I SystemServerTiming: OnBootPhase_480_com.android.server.speech.SpeechRecognitionManagerService
03-14 03:51:06.466 782 782 I SystemServerTiming: OnBootPhase_480_com.android.server.searchui.SearchUiManagerService
03-14 03:51:06.466 782 782 I SystemServerTiming: OnBootPhase_480_com.android.server.smartspace.SmartspaceManagerService
03-14 03:51:06.466 782 782 I SystemServerTiming: OnBootPhase_480_com.android.server.graphics.fonts.FontManagerService$Lifecycle
03-14 03:51:06.466 782 782 I SystemServerTiming: OnBootPhase_480_com.android.server.textservices.TextServicesManagerService$Lifecycle
03-14 03:51:06.466 782 782 I SystemServerTiming: OnBootPhase_480_com.android.server.textclassifier.TextClassificationManagerService$Lifecycle
03-14 03:51:06.466 782 1245 D SystemServerInitThreadPool: Finished executing DevicePolicyManager
03-14 03:51:06.466 782 782 I SystemServerTiming: OnBootPhase_480_com.android.server.NetworkScoreService$Lifecycle
03-14 03:51:06.466 782 782 I SystemServerTiming: OnBootPhase_480_com.android.server.wifi.WifiService
03-14 03:51:06.466 782 782 I SystemServerTiming: OnBootPhase_480_com.android.server.wifi.scanner.WifiScanningService
03-14 03:51:06.466 782 782 I SystemServerTiming: OnBootPhase_480_com.android.server.wifi.rtt.RttService
03-14 03:51:06.466 782 782 I SystemServerTiming: OnBootPhase_480_com.android.server.wifi.aware.WifiAwareService
03-14 03:51:06.466 782 782 I SystemServerTiming: OnBootPhase_480_com.android.server.wifi.p2p.WifiP2pService
03-14 03:51:06.466 782 782 I SystemServerTiming: OnBootPhase_480_com.android.server.ethernet.EthernetService
03-14 03:51:06.466 782 782 I SystemServerTiming: OnBootPhase_480_com.android.server.ConnectivityServiceInitializer
03-14 03:51:06.466 782 782 I SystemServerTiming: OnBootPhase_480_com.android.server.notification.NotificationManagerService
03-14 03:51:06.466 782 782 I SystemServerTiming: OnBootPhase_480_com.android.server.storage.DeviceStorageMonitorService
03-14 03:51:06.466 782 782 I SystemServerTiming: OnBootPhase_480_com.android.server.location.LocationManagerService$Lifecycle
03-14 03:51:06.466 782 782 I SystemServerTiming: OnBootPhase_480_com.android.server.timedetector.TimeDetectorService$Lifecycle
03-14 03:51:06.466 782 782 I SystemServerTiming: OnBootPhase_480_com.android.server.timezonedetector.TimeZoneDetectorService$Lifecycle
03-14 03:51:06.466 782 782 I SystemServerTiming: OnBootPhase_480_com.android.server.timezonedetector.location.LocationTimeZoneManagerService$Lifecycle
03-14 03:51:06.466 782 782 I SystemServerTiming: OnBootPhase_480_com.android.server.search.SearchManagerService$Lifecycle
03-14 03:51:06.466 782 782 I SystemServerTiming: OnBootPhase_480_com.android.server.wallpaper.WallpaperManagerService$Lifecycle
03-14 03:51:06.466 782 782 I SystemServerTiming: OnBootPhase_480_com.android.server.audio.AudioService$Lifecycle
03-14 03:51:06.466 782 782 I SystemServerTiming: OnBootPhase_480_com.android.server.soundtrigger_middleware.SoundTriggerMiddlewareService$Lifecycle
03-14 03:51:06.466 782 782 I SystemServerTiming: OnBootPhase_480_com.android.server.DockObserver
03-14 03:51:06.466 782 782 I SystemServerTiming: OnBootPhase_480_com.android.server.midi.MidiService$Lifecycle
03-14 03:51:06.466 782 782 I SystemServerTiming: OnBootPhase_480_com.android.server.adb.AdbService$Lifecycle
03-14 03:51:06.466 782 782 I SystemServerTiming: OnBootPhase_480_com.android.server.usb.UsbService$Lifecycle
03-14 03:51:06.466 782 782 I SystemServerTiming: OnBootPhase_480_com.android.server.twilight.TwilightService
03-14 03:51:06.466 782 782 I SystemServerTiming: OnBootPhase_480_com.android.server.display.color.ColorDisplayService
03-14 03:51:06.466 782 782 I SystemServerTiming: OnBootPhase_480_com.android.server.job.JobSchedulerService
03-14 03:51:06.466 782 782 I SystemServerTiming: OnBootPhase_480_com.android.server.soundtrigger.SoundTriggerService
03-14 03:51:06.466 782 782 D SoundTriggerService: onBootPhase: 480 : false
03-14 03:51:06.466 782 782 I SystemServerTiming: OnBootPhase_480_com.android.server.trust.TrustManagerService
03-14 03:51:06.466 782 782 I SystemServerTiming: OnBootPhase_480_com.android.server.backup.BackupManagerService$Lifecycle
03-14 03:51:06.467 782 782 I SystemServerTiming: OnBootPhase_480_com.android.server.appwidget.AppWidgetService
03-14 03:51:06.467 782 782 I SystemServerTiming: OnBootPhase_480_com.android.server.voiceinteraction.VoiceInteractionManagerService
03-14 03:51:06.467 782 782 I SystemServerTiming: OnBootPhase_480_com.android.server.apphibernation.AppHibernationService
03-14 03:51:06.467 782 782 I SystemServerTiming: OnBootPhase_480_com.android.server.SensorNotificationService
03-14 03:51:06.467 782 782 I SystemServerTiming: OnBootPhase_480_com.android.server.emergency.EmergencyAffordanceService
03-14 03:51:06.467 782 782 I SystemServerTiming: OnBootPhase_480_com.android.server.blob.BlobStoreManagerService
03-14 03:51:06.467 782 782 I SystemServerTiming: OnBootPhase_480_com.android.server.dreams.DreamManagerService
03-14 03:51:06.467 782 782 I SystemServerTiming: OnBootPhase_480_com.android.server.companion.CompanionDeviceManagerService
03-14 03:51:06.467 782 782 I SystemServerTiming: OnBootPhase_480_com.android.server.restrictions.RestrictionsManagerService
03-14 03:51:06.467 782 782 I SystemServerTiming: OnBootPhase_480_com.android.server.media.MediaSessionService
03-14 03:51:06.467 782 782 I SystemServerTiming: OnBootPhase_480_com.android.server.media.MediaResourceMonitorService
03-14 03:51:06.467 782 782 I SystemServerTiming: OnBootPhase_480_com.android.server.biometrics.sensors.fingerprint.FingerprintService
03-14 03:51:06.467 782 782 I SystemServerTiming: OnBootPhase_480_com.android.server.biometrics.BiometricService
03-14 03:51:06.467 782 782 I SystemServerTiming: OnBootPhase_480_com.android.server.biometrics.AuthService
03-14 03:51:06.467 782 782 I SystemServerTiming: OnBootPhase_480_com.android.server.pm.ShortcutService$Lifecycle
03-14 03:51:06.467 782 782 I SystemServerTiming: OnBootPhase_480_com.android.server.pm.LauncherAppsService
03-14 03:51:06.467 782 782 I SystemServerTiming: OnBootPhase_480_com.android.server.pm.CrossProfileAppsService
03-14 03:51:06.467 782 782 I SystemServerTiming: OnBootPhase_480_com.android.server.people.PeopleService
03-14 03:51:06.467 782 782 I SystemServerTiming: OnBootPhase_480_com.android.server.media.metrics.MediaMetricsManagerService
03-14 03:51:06.467 782 782 I SystemServerTiming: OnBootPhase_480_com.android.server.media.projection.MediaProjectionManagerService
03-14 03:51:06.467 782 782 I SystemServerTiming: OnBootPhase_480_com.android.server.slice.SliceManagerService$Lifecycle
03-14 03:51:06.467 782 782 I SystemServerTiming: OnBootPhase_480_com.android.server.stats.StatsCompanion$Lifecycle
03-14 03:51:06.467 782 782 I SystemServerTiming: OnBootPhase_480_com.android.server.scheduling.RebootReadinessManagerService$Lifecycle
03-14 03:51:06.467 782 782 I SystemServerTiming: OnBootPhase_480_com.android.server.stats.pull.StatsPullAtomService
03-14 03:51:06.467 782 782 I SystemServerTiming: OnBootPhase_480_com.android.server.incident.IncidentCompanionService
03-14 03:51:06.467 782 782 I SystemServerTiming: OnBootPhase_480_com.android.server.MmsServiceBroker
03-14 03:51:06.467 782 782 I SystemServerTiming: OnBootPhase_480_com.android.server.autofill.AutofillManagerService
03-14 03:51:06.467 782 782 I SystemServerTiming: OnBootPhase_480_com.android.server.clipboard.ClipboardService
03-14 03:51:06.467 782 782 I SystemServerTiming: OnBootPhase_480_com.android.server.appbinding.AppBindingService$Lifecycle
03-14 03:51:06.467 782 782 I SystemServerTiming: OnBootPhase_480_com.android.server.tracing.TracingServiceProxy
03-14 03:51:06.467 782 782 I SystemServerTiming: StartBootPhaseSystemServicesReady
03-14 03:51:06.467 782 782 I SystemServiceManager: Starting phase 500
03-14 03:51:06.467 782 782 I SystemServerTiming: OnBootPhase_500
03-14 03:51:06.468 782 782 I SystemServerTiming: OnBootPhase_500_com.android.server.security.FileIntegrityService
03-14 03:51:06.468 782 782 I SystemServerTiming: OnBootPhase_500_com.android.server.pm.Installer
03-14 03:51:06.468 782 782 I SystemServerTiming: OnBootPhase_500_com.android.server.os.DeviceIdentifiersPolicyService
03-14 03:51:06.468 782 782 I SystemServerTiming: OnBootPhase_500_com.android.server.uri.UriGrantsManagerService$Lifecycle
03-14 03:51:06.468 782 782 I SystemServerTiming: OnBootPhase_500_com.android.server.powerstats.PowerStatsService
03-14 03:51:06.468 782 782 E StatsPullAtomCallbackImpl: Failed to start PowerStatsService statsd pullers
03-14 03:51:06.468 782 782 I SystemServerTiming: OnBootPhase_500_com.android.server.wm.ActivityTaskManagerService$Lifecycle
03-14 03:51:06.468 782 782 I SystemServerTiming: OnBootPhase_500_com.android.server.am.ActivityManagerService$Lifecycle
03-14 03:51:06.469 782 782 E BatteryStatsService: Could not register PowerStatsInternal
03-14 03:51:06.469 782 782 I SystemServerTiming: OnBootPhase_500_com.android.server.pm.DataLoaderManagerService
03-14 03:51:06.469 782 782 I SystemServerTiming: OnBootPhase_500_com.android.server.power.PowerManagerService
03-14 03:51:06.469 782 782 I SystemServerTiming: OnBootPhase_500_com.android.server.power.ThermalManagerService
03-14 03:51:06.469 782 782 I SystemServerTiming: OnBootPhase_500_com.android.server.power.hint.HintManagerService
03-14 03:51:06.470 782 782 V HintManagerService: Initializing HintManager service...
03-14 03:51:06.470 782 782 V HistoricalRegistry: Interaction before persistence initialized
03-14 03:51:06.470 782 782 I SystemServerTiming: OnBootPhase_500_com.android.server.recoverysystem.RecoverySystemService$Lifecycle
03-14 03:51:06.470 782 782 I SystemServerTiming: OnBootPhase_500_com.android.server.lights.LightsService
03-14 03:51:06.470 782 782 I SystemServerTiming: OnBootPhase_500_com.android.server.display.DisplayManagerService
03-14 03:51:06.470 782 782 I SystemServerTiming: OnBootPhase_500_com.android.server.pm.verify.domain.DomainVerificationService
03-14 03:51:06.470 782 782 I SystemServerTiming: OnBootPhase_500_com.android.server.pm.PackageInstallerService$Lifecycle
03-14 03:51:06.470 782 782 I SystemServerTiming: OnBootPhase_500_com.android.server.pm.UserManagerService$LifeCycle
03-14 03:51:06.470 782 782 I SystemServerTiming: OnBootPhase_500_com.android.server.om.OverlayManagerService
03-14 03:51:06.470 782 782 I SystemServerTiming: OnBootPhase_500_com.android.server.SensorPrivacyService
03-14 03:51:06.471 782 782 I SystemServerTiming: OnBootPhase_500_com.android.server.thunderperf.ThunderBoostPerfService
03-14 03:51:06.471 782 782 I SystemServerTiming: OnBootPhase_500_com.android.server.sensors.SensorService
03-14 03:51:06.471 782 782 I SystemServerTiming: OnBootPhase_500_com.android.server.SystemConfigService
03-14 03:51:06.471 782 782 I SystemServerTiming: OnBootPhase_500_com.android.server.BatteryService
03-14 03:51:06.471 782 782 I SystemServerTiming: OnBootPhase_500_com.android.server.usage.UsageStatsService
03-14 03:51:06.471 782 782 D AppStandbyController: Setting app idle enabled state
03-14 03:51:06.472 782 782 V HistoricalRegistry: Interaction before persistence initialized
03-14 03:51:06.472 782 782 I SystemServerTiming: OnBootPhase_500_com.android.server.webkit.WebViewUpdateService
03-14 03:51:06.472 782 782 I SystemServerTiming: OnBootPhase_500_com.android.server.CachedDeviceStateService
03-14 03:51:06.472 782 782 I SystemServerTiming: OnBootPhase_500_com.android.server.BinderCallsStatsService$LifeCycle
03-14 03:51:06.473 782 1842 I stream_devices_changed: [6,0,1]
03-14 03:51:06.474 782 782 I SystemServerTiming: OnBootPhase_500_com.android.server.LooperStatsService$Lifecycle
03-14 03:51:06.474 782 782 I SystemServerTiming: OnBootPhase_500_com.android.server.rollback.RollbackManagerService
03-14 03:51:06.474 782 782 I SystemServerTiming: OnBootPhase_500_com.android.server.os.NativeTombstoneManagerService
03-14 03:51:06.474 782 782 I SystemServerTiming: OnBootPhase_500_com.android.server.os.BugreportManagerService
03-14 03:51:06.474 782 782 I SystemServerTiming: OnBootPhase_500_com.android.server.gpu.GpuService
03-14 03:51:06.474 782 782 I SystemServerTiming: OnBootPhase_500_com.android.server.security.KeyChainSystemService
03-14 03:51:06.474 782 782 I SystemServerTiming: OnBootPhase_500_com.android.server.telecom.TelecomLoaderService
03-14 03:51:06.474 782 782 I SystemServerTiming: OnBootPhase_500_com.android.server.accounts.AccountManagerService$Lifecycle
03-14 03:51:06.474 782 782 I SystemServerTiming: OnBootPhase_500_com.android.server.content.ContentService$Lifecycle
03-14 03:51:06.474 782 782 I SystemServerTiming: OnBootPhase_500_com.android.server.DropBoxManagerService
03-14 03:51:06.474 782 782 I SystemServerTiming: OnBootPhase_500_com.android.role.RoleService
03-14 03:51:06.474 782 782 I SystemServerTiming: OnBootPhase_500_com.android.server.vibrator.VibratorManagerService$Lifecycle
03-14 03:51:06.474 782 782 V VibratorManagerService: Initializing VibratorManager service...
03-14 03:51:06.474 782 782 V HistoricalRegistry: Interaction before persistence initialized
03-14 03:51:06.475 782 782 V VibratorManagerService: VibratorManager service initialized
03-14 03:51:06.475 782 782 I SystemServerTiming: OnBootPhase_500_com.android.server.alarm.AlarmManagerService
03-14 03:51:06.475 782 782 E LazyAlarmStore: Removed TIME_TICK alarm
03-14 03:51:06.475 782 872 I am_wtf : [0,782,system_server,-1,LazyAlarmStore,Removed TIME_TICK alarm]
03-14 03:51:06.475 782 872 I DropBoxManagerService: add tag=system_server_wtf isTagEnabled=true flags=0x2
03-14 03:51:06.476 782 782 I SystemServerTiming: OnBootPhase_500_com.android.server.devicestate.DeviceStateManagerService
03-14 03:51:06.476 782 782 I SystemServerTiming: OnBootPhase_500_com.android.server.camera.CameraServiceProxy
03-14 03:51:06.476 782 782 I SystemServerTiming: OnBootPhase_500_com.android.server.BluetoothService
03-14 03:51:06.476 782 782 I SystemServerTiming: OnBootPhase_500_com.android.server.connectivity.IpConnectivityMetrics
03-14 03:51:06.477 782 782 I SystemServerTiming: OnBootPhase_500_com.android.server.net.watchlist.NetworkWatchlistService$Lifecycle
03-14 03:51:06.477 782 782 I SystemServerTiming: OnBootPhase_500_com.android.server.PinnerService
03-14 03:51:06.477 782 782 I SystemServerTiming: OnBootPhase_500_com.google.android.startop.iorap.IorapForwardingService
03-14 03:51:06.477 782 782 I SystemServerTiming: OnBootPhase_500_com.android.server.ActivityTriggerService
03-14 03:51:06.477 782 782 I SystemServerTiming: OnBootPhase_500_com.android.server.integrity.AppIntegrityManagerService
03-14 03:51:06.477 782 782 I SystemServerTiming: OnBootPhase_500_com.android.server.inputmethod.InputMethodManagerService$Lifecycle
03-14 03:51:06.477 782 782 I SystemServerTiming: OnBootPhase_500_com.android.server.accessibility.AccessibilityManagerService$Lifecycle
03-14 03:51:06.477 782 782 I SystemServerTiming: OnBootPhase_500_com.android.server.StorageManagerService$Lifecycle
03-14 03:51:06.478 782 782 I SystemServerTiming: OnBootPhase_500_com.android.server.usage.StorageStatsService$Lifecycle
03-14 03:51:06.478 782 782 I SystemServerTiming: OnBootPhase_500_com.android.server.UiModeManagerService
03-14 03:51:06.478 782 782 I configuration_changed: 512
03-14 03:51:06.478 782 782 I ActivityTaskManager: Config changes=200 {1.0 ?mcc?mnc [zh_CN] ldltr sw680dp w1586dp h612dp 240dpi lrg long land finger -keyb/v/h -nav/h winConfig={ mBounds=Rect(0, 0 - 2380, 1020) mAppBounds=Rect(0, 0 - 2380, 954) mMaxBounds=Rect(0, 0 - 2380, 1020) mWindowingMode=fullscreen mDisplayWindowingMode=fullscreen mActivityType=undefined mAlwaysOnTop=undefined mRotation=ROTATION_0} s.6 ?fontWeightAdjustment}
03-14 03:51:06.479 782 782 I WindowManager: Override config changes=200 {1.0 ?mcc?mnc [zh_CN] ldltr sw680dp w1586dp h612dp 240dpi lrg long land finger -keyb/v/h -nav/h winConfig={ mBounds=Rect(0, 0 - 2380, 1020) mAppBounds=Rect(0, 0 - 2380, 954) mMaxBounds=Rect(0, 0 - 2380, 1020) mWindowingMode=fullscreen mDisplayWindowingMode=fullscreen mActivityType=undefined mAlwaysOnTop=undefined mRotation=ROTATION_0} s.6 ?fontWeightAdjustment} for displayId=0
01-01 08:00:39.874 0 0 I msm_vidc: high: 00000001: ....e: Opening video instance: 0000000000000000, 0
01-01 08:00:39.874 0 0 I msm_vidc: err : 00000001: ....e: Failed to create debugfs for msm_vidc
03-14 03:51:06.479 782 782 I SystemServerTiming: OnBootPhase_500_com.android.server.locksettings.LockSettingsService$Lifecycle
03-14 03:51:06.479 782 782 I SystemServerTiming: OnBootPhase_500_com.android.server.PersistentDataBlockService
03-14 03:51:06.479 782 782 I SystemServerTiming: OnBootPhase_500_com.android.server.testharness.TestHarnessModeService
03-14 03:51:06.479 782 782 D TestHarnessModeService: Setting up test harness mode
03-14 03:51:06.479 782 782 D TestHarnessModeService: Getting PersistentDataBlockManagerInternal from LocalServices
03-14 03:51:06.483 782 782 I SystemServerTiming: OnBootPhase_500_com.android.server.oemlock.OemLockService
03-14 03:51:06.483 782 782 I SystemServerTiming: OnBootPhase_500_com.android.server.DeviceIdleController
03-14 03:51:06.484 782 782 V HistoricalRegistry: Interaction before persistence initialized
03-14 03:51:06.484 782 782 I SystemServerTiming: OnBootPhase_500_com.android.server.devicepolicy.DevicePolicyManagerService$Lifecycle
03-14 03:51:06.484 782 782 I SystemServerTiming: OnBootPhase_500_com.android.server.texttospeech.TextToSpeechManagerService
03-14 03:51:06.484 782 782 I SystemServerTiming: OnBootPhase_500_com.android.server.speech.SpeechRecognitionManagerService
03-14 03:51:06.484 782 782 I SystemServerTiming: OnBootPhase_500_com.android.server.searchui.SearchUiManagerService
03-14 03:51:06.484 782 782 I SystemServerTiming: OnBootPhase_500_com.android.server.smartspace.SmartspaceManagerService
03-14 03:51:06.484 782 782 I SystemServerTiming: OnBootPhase_500_com.android.server.graphics.fonts.FontManagerService$Lifecycle
03-14 03:51:06.484 782 782 I SystemServerTiming: OnBootPhase_500_com.android.server.textservices.TextServicesManagerService$Lifecycle
03-14 03:51:06.484 782 782 I SystemServerTiming: OnBootPhase_500_com.android.server.textclassifier.TextClassificationManagerService$Lifecycle
03-14 03:51:06.484 782 782 I SystemServerTiming: OnBootPhase_500_com.android.server.NetworkScoreService$Lifecycle
03-14 03:51:06.484 782 782 I SystemServerTiming: OnBootPhase_500_com.android.server.wifi.WifiService
03-14 03:51:06.484 782 782 I SystemServerTiming: OnBootPhase_500_com.android.server.wifi.scanner.WifiScanningService
03-14 03:51:06.484 782 782 I SystemServerTiming: OnBootPhase_500_com.android.server.wifi.rtt.RttService
01-01 08:00:39.880 0 0 I msm_vidc: high: 00000001: h265e: Closed video instance: 0000000000000000
03-14 03:51:06.487 782 782 I SystemServerTiming: OnBootPhase_500_com.android.server.wifi.aware.WifiAwareService
03-14 03:51:06.490 782 782 I SystemServerTiming: OnBootPhase_500_com.android.server.wifi.p2p.WifiP2pService
03-14 03:51:06.490 782 782 I SystemServerTiming: OnBootPhase_500_com.android.server.ethernet.EthernetService
03-14 03:51:06.493 782 782 I SystemServerTiming: OnBootPhase_500_com.android.server.ConnectivityServiceInitializer
03-14 03:51:06.493 782 782 I SystemServerTiming: OnBootPhase_500_com.android.server.notification.NotificationManagerService
01-01 08:00:39.891 0 0 I msm_vidc: high: 00000001: ....d: Opening video instance: 0000000000000000, 1
01-01 08:00:39.891 0 0 I msm_vidc: err : 00000001: ....d: Failed to create debugfs for msm_vidc
01-01 08:00:39.894 0 0 I msm_vidc: high: 00000001: h264d: Closed video instance: 0000000000000000
01-01 08:00:39.900 0 0 I : Wifi Turning On from UI
01-01 08:00:39.900 0 0 I msm_vidc: high: 00000001: ....d: Opening video instance: 0000000000000000, 1
01-01 08:00:39.900 0 0 I msm_vidc: err : 00000001: ....d: Failed to create debugfs for msm_vidc
01-01 08:00:39.903 0 0 I msm_vidc: high: 00000001: h264d: Closed video instance: 0000000000000000
03-14 03:51:06.515 782 782 I GameModeConfig: isGameModeOn = false
03-14 03:51:06.516 782 782 I SystemServerTiming: OnBootPhase_500_com.android.server.storage.DeviceStorageMonitorService
03-14 03:51:06.516 782 782 I SystemServerTiming: OnBootPhase_500_com.android.server.location.LocationManagerService$Lifecycle
03-14 03:51:06.516 782 782 V HistoricalRegistry: Interaction before persistence initialized
03-14 03:51:06.516 782 782 I SystemServerTiming: OnBootPhase_500_com.android.server.timedetector.TimeDetectorService$Lifecycle
03-14 03:51:06.516 782 782 I SystemServerTiming: OnBootPhase_500_com.android.server.timezonedetector.TimeZoneDetectorService$Lifecycle
03-14 03:51:06.516 782 782 I SystemServerTiming: OnBootPhase_500_com.android.server.timezonedetector.location.LocationTimeZoneManagerService$Lifecycle
03-14 03:51:06.516 782 782 I SystemServerTiming: OnBootPhase_500_com.android.server.search.SearchManagerService$Lifecycle
03-14 03:51:06.516 782 782 I SystemServerTiming: OnBootPhase_500_com.android.server.wallpaper.WallpaperManagerService$Lifecycle
03-14 03:51:06.516 782 782 I SystemServerTiming: OnBootPhase_500_com.android.server.audio.AudioService$Lifecycle
03-14 03:51:06.516 782 782 I SystemServerTiming: OnBootPhase_500_com.android.server.soundtrigger_middleware.SoundTriggerMiddlewareService$Lifecycle
03-14 03:51:06.516 782 782 I SystemServerTiming: OnBootPhase_500_com.android.server.DockObserver
03-14 03:51:06.516 782 782 I SystemServerTiming: OnBootPhase_500_com.android.server.midi.MidiService$Lifecycle
03-14 03:51:06.516 782 782 I SystemServerTiming: OnBootPhase_500_com.android.server.adb.AdbService$Lifecycle
03-14 03:51:06.516 782 782 I SystemServerTiming: OnBootPhase_500_com.android.server.usb.UsbService$Lifecycle
03-14 03:51:06.516 782 782 I SystemServerTiming: OnBootPhase_500_com.android.server.twilight.TwilightService
03-14 03:51:06.516 782 782 I SystemServerTiming: OnBootPhase_500_com.android.server.display.color.ColorDisplayService
03-14 03:51:06.516 782 782 I SystemServerTiming: OnBootPhase_500_com.android.server.job.JobSchedulerService
03-14 03:51:06.519 782 782 V HistoricalRegistry: Interaction before persistence initialized
03-14 03:51:06.519 782 782 I SystemServerTiming: OnBootPhase_500_com.android.server.soundtrigger.SoundTriggerService
03-14 03:51:06.519 782 782 D SoundTriggerService: onBootPhase: 500 : false
03-14 03:51:06.519 782 782 I SystemServerTiming: OnBootPhase_500_com.android.server.trust.TrustManagerService
03-14 03:51:06.519 782 782 I SystemServerTiming: OnBootPhase_500_com.android.server.backup.BackupManagerService$Lifecycle
03-14 03:51:06.519 782 782 I SystemServerTiming: OnBootPhase_500_com.android.server.appwidget.AppWidgetService
03-14 03:51:06.519 782 782 I SystemServerTiming: OnBootPhase_500_com.android.server.voiceinteraction.VoiceInteractionManagerService
03-14 03:51:06.519 782 782 I SystemServerTiming: OnBootPhase_500_com.android.server.apphibernation.AppHibernationService
03-14 03:51:06.519 782 782 I SystemServerTiming: OnBootPhase_500_com.android.server.SensorNotificationService
03-14 03:51:06.519 782 782 I SystemServerTiming: OnBootPhase_500_com.android.server.emergency.EmergencyAffordanceService
03-14 03:51:06.519 782 782 I SystemServerTiming: OnBootPhase_500_com.android.server.blob.BlobStoreManagerService
03-14 03:51:06.519 782 782 I SystemServerTiming: OnBootPhase_500_com.android.server.dreams.DreamManagerService
03-14 03:51:06.519 782 782 I SystemServerTiming: OnBootPhase_500_com.android.server.companion.CompanionDeviceManagerService
03-14 03:51:06.520 782 782 I CompanionDeviceManagerService: initBleScanning()
03-14 03:51:06.520 782 782 I SystemServerTiming: OnBootPhase_500_com.android.server.restrictions.RestrictionsManagerService
03-14 03:51:06.520 782 782 I SystemServerTiming: OnBootPhase_500_com.android.server.media.MediaSessionService
03-14 03:51:06.520 782 782 I SystemServerTiming: OnBootPhase_500_com.android.server.media.MediaResourceMonitorService
03-14 03:51:06.520 782 782 I SystemServerTiming: OnBootPhase_500_com.android.server.biometrics.sensors.fingerprint.FingerprintService
03-14 03:51:06.520 782 782 I SystemServerTiming: OnBootPhase_500_com.android.server.biometrics.BiometricService
03-14 03:51:06.520 782 782 I SystemServerTiming: OnBootPhase_500_com.android.server.biometrics.AuthService
03-14 03:51:06.520 782 782 I SystemServerTiming: OnBootPhase_500_com.android.server.pm.ShortcutService$Lifecycle
03-14 03:51:06.520 782 782 I SystemServerTiming: OnBootPhase_500_com.android.server.pm.LauncherAppsService
03-14 03:51:06.520 782 782 I SystemServerTiming: OnBootPhase_500_com.android.server.pm.CrossProfileAppsService
03-14 03:51:06.520 782 782 I SystemServerTiming: OnBootPhase_500_com.android.server.people.PeopleService
03-14 03:51:06.520 782 782 I SystemServerTiming: OnBootPhase_500_com.android.server.media.metrics.MediaMetricsManagerService
03-14 03:51:06.520 782 782 I SystemServerTiming: OnBootPhase_500_com.android.server.media.projection.MediaProjectionManagerService
03-14 03:51:06.520 782 782 I SystemServerTiming: OnBootPhase_500_com.android.server.slice.SliceManagerService$Lifecycle
03-14 03:51:06.520 782 782 I SystemServerTiming: OnBootPhase_500_com.android.server.stats.StatsCompanion$Lifecycle
03-14 03:51:06.520 782 782 I SystemServerTiming: OnBootPhase_500_com.android.server.scheduling.RebootReadinessManagerService$Lifecycle
03-14 03:51:06.520 782 782 I SystemServerTiming: OnBootPhase_500_com.android.server.stats.pull.StatsPullAtomService
03-14 03:51:06.520 782 782 I SystemServerTiming: OnBootPhase_500_com.android.server.incident.IncidentCompanionService
03-14 03:51:06.520 782 782 I SystemServerTiming: OnBootPhase_500_com.android.server.MmsServiceBroker
