03-14 03:51:10.839 782 1662 W BestClock: java.time.DateTimeException: Missing NTP fix
03-14 03:51:10.840 782 1662 W BestClock: java.time.DateTimeException: Missing NTP fix
01-01 08:00:44.238 0 0 I [lowi-s][0x324edf23][03:51:10.843694] wlan: [1568:I:wifipos] wifi_pos_get_ch_info: 461: num channels: 26
03-14 03:51:10.843 1554 1568 D LOWI-9.0.0.87.a: [LOWIWpaInterface] OpenCtrl]66 Failure for mCtrl
03-14 03:51:10.843 1554 1568 D LOWI-9.0.0.87.a: [LOWI-Scan] nl80211_init:SUCCESS
03-14 03:51:10.843 912 912 W android.hardware.wifi@1.0-service: No active wlan interfaces in use! Using default
03-14 03:51:10.843 1554 1568 D LOWI-9.0.0.87.a: [LOWI-Scan] nl_get_wiphy_info, done err = 0
03-14 03:51:10.843 1554 1568 I LOWI-9.0.0.87.a: [LOWI-Scan] WipsGetSupportedChannels: return err = 0 num_2g_ch = 13 num_5g_ch = 13 num_6g_ch = 0
03-14 03:51:10.843 1554 1568 I LOWI-9.0.0.87.a: [LOWIWifiDriverUtils] set the band mask from wiphy 3
03-14 03:51:10.843 1554 1568 D LOWI-9.0.0.87.a: [LOWIWifiDriverUtils] getWiFiIdentityFromIoctl: ioctl(GET_MAC_ADDR) return: 0, Mac = 00:03:7f:12:2b:95
03-14 03:51:10.843 1554 1568 D LOWI-9.0.0.87.a: [LOWIWifiDriverUtils] getWiFiCapabilityFromIoctl: ioctl(GET_CAP) return: 0, Error: None(0)
03-14 03:51:10.844 782 1662 W BestClock: java.time.DateTimeException: Missing NTP fix
03-14 03:51:10.845 782 1662 W BestClock: java.time.DateTimeException: Missing NTP fix
03-14 03:51:10.845 1554 1568 I LOWI-9.0.0.87.a: [LOWI-ROME-RTT] RomeWipsOpen: libCld80211 found, load the symbols..
03-14 03:51:10.845 1554 1568 I CLD80211: lowi-server: initialized exit socket pair
03-14 03:51:10.845 1554 1568 D LOWI-9.0.0.87.a: [LOWI-ROME-RTT] cld80211InitAndRegister: Init and Registration done
03-14 03:51:10.846 1554 1568 D LOWI-9.0.0.87.a: [LOWIController] createWifiDriver: wifi driver created.
03-14 03:51:10.846 1554 1568 D LOWI-9.0.0.87.a: [LOWIWifiDriverInterface] getCacheMeasurements
03-14 03:51:10.846 1554 1568 D LOWI-9.0.0.87.a: [LOWIDiagLog] Log: lowiMeasResult->request: invalid null argument
03-14 03:51:10.846 1554 1568 I LOWI-9.0.0.87.a: [LOWI-Scan] lowi_close_record:Scan done in 0ms, 0 APs in scan results
03-14 03:51:10.846 1554 1568 D LOWI-9.0.0.87.a: [LOWI-Scan] WipsScanUsingNL: passive scan cached 1, took 0 ms, err 0
03-14 03:51:10.846 1554 1568 D LOWI-9.0.0.87.a: [LOWI-Scan] Cached scan, invalid timestamp, scan again
03-14 03:51:10.846 1554 1568 I LOWI-9.0.0.87.a: [LOWI-Scan] No input freq.Cannot do fresh scan, cached scan failed
03-14 03:51:10.846 1554 1568 D LOWI-9.0.0.87.a: [LOWI-Scan] lowi_proc_req_passive_scan_with_live_meas - No WLAN Frames to be parsed
03-14 03:51:10.846 1554 1568 D LOWI-9.0.0.87.a: [LOWIController] readCachedMeasurementsFromDriver: Cache measurements
03-14 03:51:10.846 1554 1568 D LOWI-9.0.0.87.a: [LOWICacheManager] putInCache:No measurements to put in cache
03-14 03:51:10.846 1554 1568 D LOWI-9.0.0.87.a: [LOWIController] getWifiCapabilities
03-14 03:51:10.846 1554 1568 D LOWI-9.0.0.87.a: [LOWIController] passContConfig
03-14 03:51:10.846 1554 1568 I LOWI-9.0.0.87.a: [LOWIWifiDriverUtils] return band_mask based on wiphy 3
03-14 03:51:10.846 1554 1568 D LOWI-9.0.0.87.a: [LOWIControllerExtn] createScanResultReceiver: scanbitmask(0x26)
03-14 03:51:10.846 1554 1568 D LOWI-9.0.0.87.a: [LOWIController] createScanResultReceiver: Capabilities: discovery(1), ranging(1), bgscan(0), scanbitmask(0x26)
03-14 03:51:10.846 1554 1568 D LOWI-9.0.0.87.a: [LOWIController] created scanReceiver successfully
03-14 03:51:10.846 1554 1568 D LOWI-9.0.0.87.a: [LOWIController] created scanReceiver successfully
03-14 03:51:10.846 1554 3578 D LOWI-9.0.0.87.a: [LOWI-ROME-RTT] Creating pipe to Ranging Thread
03-14 03:51:10.847 1554 3578 D LOWI-9.0.0.87.a: [LOWIScanResultReceiver] Enter passive listening mode
03-14 03:51:10.847 1554 3578 D LOWI-9.0.0.87.a: [LOWIRangingFSM] FSM: Received Event EVENT_START_THREAD, Current state: STATE_IDLE_START
03-14 03:51:10.847 1554 3577 D LOWI-9.0.0.87.a: [LOWI-Scan] Creating the pipe
03-14 03:51:10.847 1554 3577 D LOWI-9.0.0.87.a: [LOWIScanResultReceiver] Enter passive listening mode
03-14 03:51:10.847 1554 3577 D LOWI-9.0.0.87.a: [LOWIWifiDriverInterface] getMeasurements - Passive listening mode
03-14 03:51:10.847 1554 3577 D LOWI-9.0.0.87.a: [LOWI-Scan] WipsScanUsingNL:wait -1 sec for netlink message
03-14 03:51:10.854 912 912 I QCALOG : [LOWIClient] createInstance ()
03-14 03:51:10.854 912 912 D QCALOG : [LOWIClient] LOWIClient name = 7db123b4f8-LC
03-14 03:51:10.854 912 912 D QCALOG : [LOWIClientReceiver] LOWIClientReceiver::LOWIClientReceiver ()
03-14 03:51:10.854 912 3579 I QCALOG : [MessageQ_Client] connecting to server [/dev/socket/location/mq/location-mq-s]
03-14 03:51:10.854 912 3579 I QCALOG : [MessageQ_Client] connected
03-14 03:51:10.854 912 3579 D QCALOG : [LOWIClientReceiver] connect retVal: 0
03-14 03:51:10.855 1554 1567 D LOWI-9.0.0.87.a: [MqClientIpcReciver] FROM: LOCATION-MQ
03-14 03:51:10.855 1554 1567 D LOWI-9.0.0.87.a: [MqClientIpcReciver] INFO: REGISTER-EVENT
03-14 03:51:10.855 1554 1567 D LOWI-9.0.0.87.a: [MqClientIpcReciver] TX-ID: 12
03-14 03:51:10.855 865 1983 E IzatSvc_IzatManager: Exiting with error handleMsg line 569 "3"
03-14 03:51:10.855 912 3579 D QCALOG : [LOWIUtils] inPostcardToResponse - Unable to extract RESP
03-14 03:51:10.855 912 3579 D QCALOG : [LOWIUtils] inPostcardToResponse - NULL resp, break
03-14 03:51:10.855 912 3579 D QCALOG : [LOWIClient] Unable to parse the InPostcard
03-14 03:51:10.855 912 3579 D QCALOG : [LOWIClient] newMsg failed 1
03-14 03:51:10.855 912 912 D QCALOG : [LOWI-WIFIHAL-2.1.1.22] LOWI_WIFIHAL_INTERFACE_VERSION: (LOWI-WIFIHAL-2.1.1.22)
03-14 03:51:10.855 1554 1567 D LOWI-9.0.0.87.a: [MqClientIpcReciver] FROM: 7db123b4f8-LC
03-14 03:51:10.855 1554 1567 D LOWI-9.0.0.87.a: [MqClientIpcReciver] REQ: LOWI_CAPABILITY
03-14 03:51:10.855 1554 1567 D LOWI-9.0.0.87.a: [MqClientIpcReciver] TX-ID: 1
03-14 03:51:10.855 912 912 W QCALOG : [LOWIMsgQ] pop 0: deprecated.
03-14 03:51:10.861 650 663 I mpu_uart: [MSG-P:RECV]:No message received in 1000 ms
03-14 03:51:10.862 912 3576 I WifiHAL : send_nl_data: sent cld80211 msg of len: 48 to driver
03-14 03:51:10.862 1554 3578 D LOWI-9.0.0.87.a: [LOWI-ROME-RTT] send_cld80211_nlmsg: sent cld80211 message for pid 1554
03-14 03:51:10.862 1554 3578 D LOWI-9.0.0.87.a: [LOWIRangingFSM] FSM: New FSM state: STATE_IDLE_START
03-14 03:51:10.862 1554 3578 D LOWI-9.0.0.87.a: [LOWI-ROME-RTT] RomeWaitOnActivityOnSocketOrPipe: issue timed select: TO: 5
03-14 03:51:10.862 912 3576 I WifiHAL : send oem msg of len : 40 to apps
03-14 03:51:10.862 1554 3578 D LOWI-9.0.0.87.a: [LOWI-ROME-RTT] RomeWaitOnActivityOnSocketOrPipe: timed select over: TO: 5 retVal: 1
03-14 03:51:10.862 1554 3578 D LOWI-9.0.0.87.a: [LOWI-ROME-RTT] event_handler: Valid data with length 11
03-14 03:51:10.862 1554 3578 D LOWI-9.0.0.87.a: [LOWI-HELIUM-RTT] RomeNLRecvMessage: The Received RomeMsgType: ROME_REG_RSP_MSG
03-14 03:51:10.862 1554 3578 D LOWI-9.0.0.87.a: [LOWIRangingFSM] FSM: Received Event EVENT_REGISTRATION_SUCCESS, Current state: STATE_IDLE_START
03-14 03:51:10.862 1554 3578 D LOWI-9.0.0.87.a: [LOWI-ROME-RTT] RomeExtractRegRsp: driver support nl packing for oem data
03-14 03:51:10.862 1554 3578 I LOWI-9.0.0.87.a: [LOWI-ROME-RTT] RomeExtractRegRsp: nl format oem data enabled
03-14 03:51:10.862 1554 3578 D LOWI-9.0.0.87.a: [LOWI-ROME-RTT] RomeExtractRegRsp: Registered with CLD, 1 vDevs. Using 0 for STA
03-14 03:51:10.863 912 3576 I WifiHAL : send_nl_data: sent cld80211 msg of len: 32 to driver
03-14 03:51:10.863 1554 3578 D LOWI-9.0.0.87.a: [LOWI-ROME-RTT] send_oem_nl_msg: sent cld80211 message with subcmd: 3
03-14 03:51:10.863 1554 3578 D LOWI-9.0.0.87.a: [LOWIRangingFSM] FSM: New FSM state: STATE_WAITING_OEM_CAP
03-14 03:51:10.863 1554 3578 D LOWI-9.0.0.87.a: [LOWI-ROME-RTT] RomeWaitOnActivityOnSocketOrPipe: issue timed select: TO: 5
03-14 03:51:10.863 912 3576 I WifiHAL : send oem msg of len : 148 to apps
03-14 03:51:10.863 1554 3578 D LOWI-9.0.0.87.a: [LOWI-ROME-RTT] RomeWaitOnActivityOnSocketOrPipe: timed select over: TO: 5 retVal: 1
03-14 03:51:10.863 1554 3578 D LOWI-9.0.0.87.a: [LOWI-ROME-RTT] event_handler: Valid data with length 116
03-14 03:51:10.863 1554 3578 D LOWI-9.0.0.87.a: [LOWI-HELIUM-RTT] RomeNLRecvMessage: The Received RomeMsgType: ROME_OEM_CAP_MSG
03-14 03:51:10.863 1554 3578 D LOWI-9.0.0.87.a: [LOWIRangingFSM] FSM: Received Event EVENT_OEM_CAP_INFO, Current state: STATE_WAITING_OEM_CAP
03-14 03:51:10.863 1554 3578 D LOWI-9.0.0.87.a: [LOWI-ROME-RTT] RomeExtractOemCapabilities: oem_target_signature(QUALCOMM) oem_target_type(23)oem_fw_version(270140705) driver_version(0xa120205)
03-14 03:51:10.863 1554 3578 D LOWI-9.0.0.87.a: [LOWI-ROME-RTT] allowed_dwell_time_min(20) allowed_dwell_time_max(40)curr_dwell_time_min(0) curr_dwell_time_max(0)supported_bands(3) num_channels(0)
03-14 03:51:10.863 1554 1568 D LOWI-9.0.0.87.a: [LOWIEventReceiver] handleEvent:FROM:LOCATION-MQ, TO:LOWI-SERVER, REQ:NA, IREQ:NA, REQ_ID:0, RESP:NA, INFO:REGISTER-EVENT
03-14 03:51:10.863 1554 1568 D LOWI-9.0.0.87.a: [LOWIEventReceiver] Info to [REGISTER-EVENT]
03-14 03:51:10.863 1554 1568 D LOWI-9.0.0.87.a: [LOWIEventReceiver] handleEvent:FROM:7db123b4f8-LC, TO:LOWI-SERVER, REQ:LOWI_CAPABILITY, IREQ:NA, REQ_ID:1, RESP:NA, INFO:NA
03-14 03:51:10.863 1554 1568 I LOWI-9.0.0.87.a: [LOWIUtils] inPostcardToRequest - FROM: 7db123b4f8-LC, TO: LOWI-SERVER, REQ: LOWI_CAPABILITY
03-14 03:51:10.863 1554 1568 D LOWI-9.0.0.87.a: [LOWIController] _process: Request 7db123b4f8-LC_1 received, type(CAPABILITY)
03-14 03:51:10.863 1554 1568 D LOWI-9.0.0.87.a: [LOWIBackgroundScanMgr] isReqForBgScanMgr: CAPABILITY - not handled
03-14 03:51:10.863 1554 1568 D LOWI-9.0.0.87.a: [LOWIScheduler] manageMsg: Request: CAPABILITY -- not handled
03-14 03:51:10.863 1554 1568 I LOWI-9.0.0.87.a: [LOWIController] generateResponse, Get Wigig capabilitiles from controller
03-14 03:51:10.863 1554 1568 D LOWI-9.0.0.87.a: [LOWIController] generateResponse: Type (CAPABILITY) ScanStatus (0) request 7db123b4f8-LC_1
03-14 03:51:10.863 1554 1568 D LOWI-9.0.0.87.a: [LOWIEventDispatcher] sendResponse - originator = 7db123b4f8-LC
03-14 03:51:10.863 912 3576 I WifiHAL : send_nl_data: sent cld80211 msg of len: 32 to driver
03-14 03:51:10.863 1554 1568 I LOWI-9.0.0.87.a: [LOWIUtils] responseToOutPostcard - TO: 7db123b4f8-LC, FROM: LOWI-SERVER, RESP: LOWI_CAPABILITY
03-14 03:51:10.863 1554 3578 D LOWI-9.0.0.87.a: [LOWI-ROME-RTT] send_oem_nl_msg: sent cld80211 message with subcmd: 4
03-14 03:51:10.863 1554 3578 D LOWI-9.0.0.87.a: [LOWIRangingFSM] FSM: New FSM state: STATE_WAITING_FOR_WIPHY_INFO
03-14 03:51:10.863 1554 3578 D LOWI-9.0.0.87.a: [LOWI-ROME-RTT] RomeWaitOnActivityOnSocketOrPipe: issue timed select: TO: 5
03-14 03:51:10.863 912 3576 I WifiHAL : send oem msg of len : 1608 to apps
03-14 03:51:10.863 1554 1568 D LOWI-9.0.0.87.a: [LOWIController] processRequestImmediately: Response sent for request(CAPABILITY) 7db123b4f8-LC_1
03-14 03:51:10.863 1554 1568 D LOWI-9.0.0.87.a: [LOWIController] processRequest: Request 7db123b4f8-LC_1 processed immediately
03-14 03:51:10.863 912 3579 I QCALOG : [LOWIUtils] inPostcardToResponse - FROM: LOWI-SERVER, TO: 7db123b4f8-LC, RESP: LOWI_CAPABILITY
03-14 03:51:10.863 1554 3578 D LOWI-9.0.0.87.a: [LOWI-ROME-RTT] RomeWaitOnActivityOnSocketOrPipe: timed select over: TO: 5 retVal: 1
03-14 03:51:10.863 912 3579 D QCALOG : [LOWIUtils] inPost cap Response - Request id(1) Ranging scan(1)Discovery scan(1) Active scan(1) capability bitmask(0x26) capability_wigig_bitmask(0x0)
03-14 03:51:10.863 912 3579 D QCALOG : [LOWIUtils] inPostcardToResponse - Single-sided rang scan supported(1) Ranging 11v(0) Ranging 11mc(1) bgscan supported(0)
03-14 03:51:10.863 1554 3578 D LOWI-9.0.0.87.a: [LOWI-ROME-RTT] event_handler: Valid data with length 1576
03-14 03:51:10.863 912 3579 D QCALOG : [LOWIUtils] inPostcardToResponse - Capability scan status = 1
03-14 03:51:10.863 1554 3578 D LOWI-9.0.0.87.a: [LOWI-HELIUM-RTT] RomeNLRecvMessage: The Received RomeMsgType: ROME_CHANNEL_INFO_MSG
03-14 03:51:10.863 1554 3578 D LOWI-9.0.0.87.a: [LOWIRangingFSM] FSM: Received Event EVENT_CHANNEL_INFO, Current state: STATE_WAITING_FOR_WIPHY_INFO
03-14 03:51:10.863 912 3579 D QCALOG : [LOWIClient] CAPABILITY response received
03-14 03:51:10.863 1554 3578 I LOWI-9.0.0.87.a: [LOWI-ROME-RTT] ExtractNLChannelInfo: NumChan = 26
03-14 03:51:10.863 912 912 I QCALOG : [LOWI-WIFIHAL-2.1.1.22] printCapabilitiesInfo: discovery_scan_supported(1) ranging_scan_supported(1)active_scan_supported(1) bgscan_supported(0) scans_supported(0x26)
03-14 03:51:10.863 912 912 I QCALOG : [LOWI-WIFIHAL-2.1.1.22] printCapabilitiesInfo: one_sided_ranging_supported(1) dual_sided_ranging_supported_11mc(1) bwSupport(0x2) preambleSupport(0xf) mcVersion(50)
03-14 03:51:10.863 912 912 D QCALOG : [LOWI-WIFIHAL-2.1.1.22] lowi_wifihal_get_lowi_capabilities: (0x3)
03-14 03:51:10.864 912 3576 I WifiHAL : send_nl_data: sent cld80211 msg of len: 64 to driver
03-14 03:51:10.864 1554 3578 D LOWI-9.0.0.87.a: [LOWI-ROME-RTT] send_oem_nl_msg: sent cld80211 message with subcmd: 5
03-14 03:51:10.864 1554 3578 D LOWI-9.0.0.87.a: [LOWIRangingFSM] FSM: New FSM state: STATE_WAITING_FOR_RANGING_CAP
03-14 03:51:10.864 1554 3578 D LOWI-9.0.0.87.a: [LOWI-ROME-RTT] RomeWaitOnActivityOnSocketOrPipe: issue timed select: TO: 5
01-01 08:00:44.242 0 0 E [wifi@1][0x3250125f][03:51:10.847791] wlan: [3576:E:wifipos] wifi_pos_process_app_reg_req: 608: Received App Req Req pid(1287652240), len(16)
01-01 08:00:44.257 0 0 I [wifi@1][0x32548697][03:51:10.862994] wlan: [3576:I:wifipos] wifi_pos_get_ch_info: 461: num channels: 26
01-01 08:00:44.258 0 0 I [wifi@1][0x32549f99][03:51:10.863327] wlan: [3576:I:wifipos] wifi_pos_get_ch_info: 461: num channels: 26
01-01 08:00:44.261 0 0 I [wifi@1][0x3255a6c0][03:51:10.866836] wlan: [912:I:DP] dp_vdev_attach_wifi3: wlan_cfg_ap_bridge_enabled 1
01-01 08:00:44.261 0 0 E [wifi@1][0x3255af3a][03:51:10.866949] wlan: [912:E:PMO] pmo_register_wow_wakeup_events: 88: Skipping wake event configuration for vdev_opmode 16
01-01 08:00:44.276 0 0 E [wifi@1][0x3259ec2d][03:51:10.881415] wlan: [912:E:SME] sme_get_nss_chain_shift: 4045: Device mode 16 invalid
01-01 08:00:44.287 0 0 E [wifi@1][0x325d37ea][03:51:10.892665] wlan: [912:E:SME] sme_get_nss_chain_shift: 4045: Device mode 16 invalid
03-14 03:51:10.904 1554 1565 D LOWI-9.0.0.87.a: [LOWINetlinkSocketReceiver] unpackRTMLinkMessage: RTM_NEWLINK - ifname wifi-aware0, flags 0x1003 ([UP])
03-14 03:51:10.905 782 822 I EthernetTracker: interfaceLinkStateChanged, iface: wifi-aware0, up: false
03-14 03:51:10.908 912 912 I WifiHAL : mpdu_size_threshold : 128, aggressive_statistics_gathering : 0
03-14 03:51:10.909 782 1668 D WifiNl80211Manager: Setting up interface for client mode: wlan0
01-01 08:00:44.300 0 0 I IPv6 : ADDRCONF(NETDEV_UP): wifi-aware0: link is not ready
03-14 03:51:10.909 912 912 E WifiHAL : ack_handler_nan: called
03-14 03:51:10.910 1354 1354 I wificond: createClientInterface: wiphy_index 0 iface_name wlan0
03-14 03:51:10.910 782 1923 D CompatibilityChangeReporter: Compat change id reported: 171306433; UID 1000; state: ENABLED
03-14 03:51:10.911 1354 1354 I wificond: create scanner for interface with index: 17
03-14 03:51:10.911 1354 1354 I wificond: subscribe scan result for interface with index: 17
03-14 03:51:10.913 1354 1354 I wificond: add channel type 0 support at wiphy index: 0
03-14 03:51:10.913 1354 1354 I wificond: add channel type 1 support at wiphy index: 0
03-14 03:51:10.916 782 1668 I WifiNative: Interface state changed on Iface:{Name=wlan0,Id=0,Type=STA_SCAN}, isUp=true
03-14 03:51:10.916 782 1668 I WifiNative: Successfully setup Iface:{Name=wlan0,Id=0,Type=STA_SCAN}
03-14 03:51:10.916 782 1668 E SupplicantStaIfaceHal: checkHalVersionByInterfaceName: called but mServiceManager is null
03-14 03:51:10.916 782 1668 E SupplicantStaIfaceHal: checkHalVersionByInterfaceName: called but mServiceManager is null
03-14 03:51:10.916 782 1668 E SupplicantStaIfaceHal: Method getKeyMgmtCapabilities is not supported in existing HAL
03-14 03:51:10.916 782 1668 E SupplicantStaIfaceHal: checkHalVersionByInterfaceName: called but mServiceManager is null
03-14 03:51:10.920 782 1668 E SupplicantStaIfaceHal: checkHalVersionByInterfaceName: called but mServiceManager is null
03-14 03:51:10.920 782 1668 E SupplicantStaIfaceHal: checkHalVersionByInterfaceName: called but mServiceManager is null
03-14 03:51:10.920 782 1668 I SupplicantStaIfaceHal: Method getWpaDriverFeatureSet is not supported in existing HAL
03-14 03:51:10.920 782 1668 D WifiClientModeManager[wlan0]: entering StartedState
03-14 03:51:10.920 782 1668 D ApConfigUtil: Update Softap capability, add acs feature support
03-14 03:51:10.920 782 1668 D ApConfigUtil: Update Softap capability, add client control feature support
03-14 03:51:10.920 782 1668 D ApConfigUtil: Update Softap capability, add SAE feature support
03-14 03:51:10.921 782 1668 D ApConfigUtil: Update Softap capability, add MAC customization support
03-14 03:51:10.921 782 1668 D ApConfigUtil: Update Softap capability, add 2.4G support
03-14 03:51:10.921 782 1668 D ApConfigUtil: Update Softap capability, add 5G support
03-14 03:51:10.921 782 1668 D ApConfigUtil: Update Softap capability, add OWE feature support
03-14 03:51:10.921 782 1668 D ApConfigUtil: Update Softap capability, max client = 32
03-14 03:51:10.921 2321 2390 V WifiManager: SoftApCallbackProxy: send InfoChanged, newInfo: SoftApInfo{bandwidth= 0, frequency= 0, wifiStandard= 0, mApInstanceIdentifier= null, mIdleShutdownTimeoutMillis= 0}
03-14 03:51:10.921 782 1668 D WifiService: Handle boot completed
03-14 03:51:10.921 2321 2390 V WifiManager: SoftApCallbackProxy: send InfoChanged, changedInfoList: []
03-14 03:51:10.921 2321 2390 V WifiManager: SoftApCallbackProxy: send onConnectedClientsChanged(clients): []
03-14 03:51:10.922 2006 2964 V WifiManager: SoftApCallbackProxy: send InfoChanged, newInfo: SoftApInfo{bandwidth= 0, frequency= 0, wifiStandard= 0, mApInstanceIdentifier= null, mIdleShutdownTimeoutMillis= 0}
03-14 03:51:10.922 2006 2964 V WifiManager: SoftApCallbackProxy: send InfoChanged, changedInfoList: []
03-14 03:51:10.922 2006 2964 V WifiManager: SoftApCallbackProxy: send onConnectedClientsChanged(clients): []
03-14 03:51:10.922 782 3182 I WifiService: setWifiEnabled package=com.thundercomm.tcservice uid=1000 enable=true
03-14 03:51:10.930 782 1668 I WifiScoreCard: Installing MemoryStore
03-14 03:51:10.930 782 1668 I WifiHealthMonitor: Installing MemoryStore
03-14 03:51:10.934 782 1668 D WifiNetworkFactory: Registering NetworkFactory
03-14 03:51:10.934 782 1668 D UntrustedWifiNetworkFactory: Registering NetworkFactory
03-14 03:51:10.934 782 1668 D OemPaidWifiNetworkFactory: Registering NetworkFactory
03-14 03:51:10.935 782 1692 D ConnectivityService: Got NetworkProvider Messenger for WifiNetworkFactory
03-14 03:51:10.935 782 1692 D ConnectivityService: Got NetworkProvider Messenger for UntrustedWifiNetworkFactory
03-14 03:51:10.935 782 1692 D ConnectivityService: Got NetworkProvider Messenger for OemPaidWifiNetworkFactory
03-14 03:51:10.935 782 1668 E ApConfigUtil: Malformed channel value detected: java.lang.NumberFormatException: For input string: ""
03-14 03:51:10.939 782 1668 E ApConfigUtil: Malformed channel value detected: java.lang.NumberFormatException: For input string: ""
03-14 03:51:10.944 782 1668 D WakeupConfigStoreData: WifiWake user data has been read
03-14 03:51:10.945 782 1668 D WifiConfigStore: Reading from user stores completed in 3 ms.
03-14 03:51:10.950 782 1668 D WifiConfigStore: Writing to stores completed in 2 ms.
03-14 03:51:10.952 2001 2001 W BluetoothAdapterService: fetchWifiState - isWifiConnected =false
03-14 03:51:10.952 2001 2001 D BluetoothVendorService: setWifiState to: false
03-14 03:51:10.952 2001 2001 I BluetoothVendorJni: setWifiStateNative
03-14 03:51:10.952 2001 2001 I bt_btif_vendor: setWifiState :0
03-14 03:51:10.953 782 1668 D WifiService: updateInterfaceIpState: ifaceName=wlan0 mode=-1 previous LOHS mode= -1
03-14 03:51:10.955 782 782 D WifiP2pService: Wifi enabled=false
03-14 03:51:10.955 782 915 W BatteryExternalStatsWorker: error reading modem stats:ERROR_PHONE_NOT_AVAILABLE
03-14 03:51:10.958 782 915 E KernelCpuSpeedReader: Failed to read cpu-freq: /sys/devices/system/cpu/cpu4/cpufreq/stats/time_in_state: open failed: ENOENT (No such file or directory)
03-14 03:51:10.958 782 915 E KernelCpuSpeedReader: Failed to read cpu-freq: /sys/devices/system/cpu/cpu0/cpufreq/stats/time_in_state: open failed: ENOENT (No such file or directory)
03-14 03:51:10.958 782 915 E system_server: Cannot read thread CPU times for PID 782
03-14 03:51:10.958 782 915 W BatteryStatsImpl: Attempted to remove untracked isolated uid (1037)
03-14 03:51:10.959 782 1668 I android_os_HwBinder: HwBinder: Starting thread pool for getting: android.hidl.manager@1.0::IServiceManager/default
03-14 03:51:10.960 782 1668 I SupplicantStaIfaceHal: Starting supplicant using HIDL
03-14 03:51:10.961 514 514 I hwservicemanager: Since android.hardware.wifi.supplicant@1.0::ISupplicant/default is not registered, trying to start it as a lazy HAL.
03-14 03:51:10.962 782 1668 D SupplicantStaIfaceHal: Successfully triggered start of supplicant using HIDL
01-01 08:00:44.364 0 0 I init : starting service 'wpa_supplicant'...
01-01 08:00:44.366 0 0 I init : Created socket '/dev/socket/vendor_wpa_wlan0', mode 660, user 1010, group 1010
01-01 08:00:44.371 0 0 I init : Control message: Processed ctl.interface_start for 'android.hardware.wifi.supplicant@1.0::ISupplicant/default' from pid: 514 (/system/bin/hwservicemanager)
03-14 03:51:10.989 3379 3547 I WebViewFactory: Loading com.android.webview version 95.0.4638.74 (code 463807403)
03-14 03:51:10.995 3379 3547 D nativeloader: classloader namespace configured for unbundled product apk. library_path=/product/app/webview/lib/arm64:/product/app/webview/webview.apk!/lib/arm64-v8a:/product/lib64:/system/product/lib64
03-14 03:51:11.021 912 3576 I WifiHAL : send oem msg of len : 112 to apps
03-14 03:51:11.022 1554 3578 D LOWI-9.0.0.87.a: [LOWI-ROME-RTT] RomeWaitOnActivityOnSocketOrPipe: timed select over: TO: 5 retVal: 1
03-14 03:51:11.022 1554 3578 D LOWI-9.0.0.87.a: [LOWI-ROME-RTT] event_handler: Valid data with length 80
03-14 03:51:11.022 1554 3578 D LOWI-9.0.0.87.a: [LOWI-HELIUM-RTT] storeNLFragment: new fragment group, tokenid(2), adding 72 chars @position 0
03-14 03:51:11.022 1554 3578 D LOWI-9.0.0.87.a: [LOWI-HELIUM-RTT] RomeNLRecvMessage: The Received OEMSubType: RTT_MSG_SUBTYPE_CAPABILITY_RSP
03-14 03:51:11.022 1554 3578 D LOWI-9.0.0.87.a: [LOWI-HELIUM-RTT] RomeNLRecvMessage: The Received RomeMsgType: ROME_RANGING_CAP_MSG
03-14 03:51:11.022 1554 3578 D LOWI-9.0.0.87.a: [LOWIRangingFSM] FSM: Received Event EVENT_RANGING_CAP_INFO, Current state: STATE_WAITING_FOR_RANGING_CAP
03-14 03:51:11.022 1554 3578 D LOWI-9.0.0.87.a: [LOWIWifiTlvHandler] processRspHeadTlv: reqId(1) measDone(1) rttStatus(RTT_STATUS_SUCCESS) subtype(RTT_MSG_SUBTYPE_CAPABILITY_RSP) isFrag(0) fragIdx(0) fragLen(0) tknId(0)
03-14 03:51:11.022 1554 3578 D LOWI-9.0.0.87.a: [LOWIWifiTlvHandler] checkTlvTag: Processing idx(0) received TLV: wmi_rtt_oem_rsp_head
03-14 03:51:11.022 1554 3578 D LOWI-9.0.0.87.a: [LOWIWifiTlvHandler] processIfPeerEvtHdrTag: Invalid Tag(33), not added to vector mPeerIdx(0)
03-14 03:51:11.022 1554 3578 D LOWI-9.0.0.87.a: [LOWIWifiTlvHandler] processIfPerFrmInfoTag: Invalid Tag(33) measurement not added for peer(0)
03-14 03:51:11.022 1554 3578 D LOWI-9.0.0.87.a: [LOWIWifiTlvHandler] checkTlvTag: Processing idx(1) received TLV: wmi_rtt_oem_cap_rsp_head
03-14 03:51:11.022 1554 3578 D LOWI-9.0.0.87.a: [LOWIWifiTlvHandler] processIfPeerEvtHdrTag: Invalid Tag(35), not added to vector mPeerIdx(0)
03-14 03:51:11.022 1554 3578 D LOWI-9.0.0.87.a: [LOWIWifiTlvHandler] processIfPerFrmInfoTag: Invalid Tag(35) measurement not added for peer(0)
03-14 03:51:11.022 1554 3578 D LOWI-9.0.0.87.a: [LOWIWifiTlvHandler] checkTlvTag: Processing idx(2) received TLV: wmi_rtt_oem_cap_rsp_event
03-14 03:51:11.022 1554 3578 D LOWI-9.0.0.87.a: [LOWIWifiTlvHandler] processIfPeerEvtHdrTag: Invalid Tag(36), not added to vector mPeerIdx(0)
03-14 03:51:11.022 1554 3578 D LOWI-9.0.0.87.a: [LOWIWifiTlvHandler] processIfPerFrmInfoTag: Invalid Tag(36) measurement not added for peer(0)
03-14 03:51:11.022 1554 3578 D LOWI-9.0.0.87.a: [LOWIWifiTlvHandler] printBssidInfo: No peer info from processing TLVs
03-14 03:51:11.022 1554 3578 D LOWI-9.0.0.87.a: [LOWI-HELIUM-RTT] parseRttCapabilitiesMsg: Skipping wmi_rtt_oem_rsp_head
03-14 03:51:11.022 1554 3578 D LOWI-9.0.0.87.a: [LOWI-HELIUM-RTT] parseRttCapabilitiesMsg: parsing wmi_rtt_oem_cap_rsp_head TLVversion(0x3) major(0x0) minor(0x10001) serviceBitMask[0](0x0) serviceBitMask[1](0x0) serviceBitMask[2](0x0) serviceBitMask[3](0x0)
03-14 03:51:11.022 1554 3578 D LOWI-9.0.0.87.a: [LOWI-HELIUM-RTT] parseRttCapabilitiesMsg: parsing wmi_rtt_oem_cap_rsp_event TLVrangingTypeMask(5) supportedFramesMask(11) maxDestPerReq(10) maxMeasPerDest(31) maxChannelsAllowed(1) maxBwAllowed(2) preambleSupportedMask(7) reportTypeSupportedMask(15) maxRfChains(3) facTypeMask(2) numPhys(1) fwMultiBurstSupport(1)
03-14 03:51:11.022 1554 3578 D LOWI-9.0.0.87.a: [LOWIRangingFSM] FSM: New FSM state: STATE_READY_AND_IDLE
03-14 03:51:11.022 1554 3578 D LOWI-9.0.0.87.a: [LOWI-ROME-RTT] RomeWaitOnActivityOnSocketOrPipe: issue blocking select
03-14 03:51:11.022 3379 3547 I cr_WVCFactoryProvider: Loaded version=95.0.4638.74 minSdkVersion=21 isBundle=false multiprocess=true packageId=2
03-14 03:51:11.063 3583 3583 D wpa_supplicant: wpa_supplicant v2.10-devel-11
03-14 03:51:11.067 3583 3583 D wpa_supplicant: Global control interface '@android:vendor_wpa_wlan0'
03-14 03:51:11.067 3583 3583 D wpa_supplicant: Using Android control socket 'vendor_wpa_wlan0'
03-14 03:51:11.067 3583 3583 D wpa_supplicant: Initing hidl control
03-14 03:51:11.068 3583 3583 I wpa_supplicant: Processing hidl events on FD 4
03-14 03:51:11.068 3583 3583 D wpa_supplicant: hidl_register service name default
03-14 03:51:11.070 3583 3583 I HidlServiceManagement: Registered android.hardware.wifi.supplicant@1.3::ISupplicant/default (start delay of 102ms)
03-14 03:51:11.070 3583 3583 D wpa_supplicant: hidl_register vendor service name default
03-14 03:51:11.071 3583 3583 I HidlServiceManagement: Registered vendor.qti.hardware.wifi.supplicant@2.2::ISupplicantVendor/default (start delay of 104ms)
03-14 03:51:11.072 3583 3583 I wpa_supplicant: Register Vendor HIDL default service
03-14 03:51:11.072 3583 3583 I wpa_supplicant: Successfully initialized wpa_supplicant
03-14 03:51:11.072 782 2188 I android_os_HwBinder: HwBinder: Starting thread pool for getting: android.hardware.wifi.supplicant@1.0::ISupplicant/default
03-14 03:51:11.073 782 2188 I android_os_HwBinder: HwBinder: Starting thread pool for getting: vendor.qti.hardware.wifi.supplicant@2.0::ISupplicantVendor/default
03-14 03:51:11.074 782 2188 E SupplicantStaIfaceHal: Discover ISupplicantVendor service successfull
03-14 03:51:11.074 782 2188 I SupplicantStaIfaceHal: Completed initialization of ISupplicant.
03-14 03:51:11.122 912 3576 I WifiHAL : event received NL80211_CMD_VENDOR, vendor_id = 0x1374, subcmd = 0xc
03-14 03:51:11.122 912 3576 D WifiHAL : NanErrorTranslation: Status: 0 Error Info[value 0]: NAN status success
03-14 03:51:11.122 912 3576 I WifiHAL : handleNanResponse ret:0 status:0 value:NAN status success response_type:12
03-14 03:51:11.123 1554 3577 D LOWI-9.0.0.87.a: [LOWI-Scan] wait_event:Wait done with Cmd 103
03-14 03:51:11.123 1554 3577 D LOWI-9.0.0.87.a: [LOWI-Scan] do_listen_events: Rcvd valid Netlink Cmd 0 Err 0
03-14 03:51:11.123 1518 1518 I cnss-daemon: nl80211 response handler invoked
03-14 03:51:11.123 1518 1518 I cnss-daemon: nl80211_response_handler: cmd 103, vendorID 4980, subcmd 12 received
03-14 03:51:11.127 912 912 E WifiHAL : error_handler_nan: Error code:-22 (Invalid argument)
03-14 03:51:11.127 912 912 E WifiHAL : nan_disable_request: requestEvent Error:-5
03-14 03:51:11.127 912 912 E WifiHAL : error_handler_nan: Error code:-22 (Invalid argument)
03-14 03:51:11.127 912 912 E WifiHAL : nan_data_interface_delete: requestEvent Error:-5
03-14 03:51:11.127 912 912 E WifiHAL : error_handler_nan: Error code:-22 (Invalid argument)
03-14 03:51:11.127 912 912 E WifiHAL : nan_data_interface_delete: requestEvent Error:-5
01-01 08:00:44.548 0 0 I [schedu][0x32a9c096][03:51:11.153900] wlan: [3522:I:HIF] Deinitializing Runtime PM wakelock &vdev->vdev_set_key_runtime_wakelock
01-01 08:00:44.549 0 0 I [schedu][0x32aa060e][03:51:11.154827] wlan: [3522:I:HIF] Initializing Runtime PM wakelock &vdev->vdev_set_key_runtime_wakelock
03-14 03:51:11.156 1554 1565 D LOWI-9.0.0.87.a: [LOWINetlinkSocketReceiver] unpackRTMLinkMessage: RTM_NEWLINK - ifname wifi-aware0, flags 0x1002 ()
03-14 03:51:11.158 782 822 I EthernetTracker: interfaceLinkStateChanged, iface: wifi-aware0, up: false
03-14 03:51:11.163 782 1668 E SupplicantStaIfaceHal: Can't call setupIface, ISupplicantStaIface is null for iface=wlan0
03-14 03:51:11.165 782 1668 I android_os_HwBinder: HwBinder: Starting thread pool for getting: android.hardware.wifi.supplicant@1.0::ISupplicant/default
03-14 03:51:11.168 3583 3583 D wpa_supplicant: Override interface parameter: ctrl_interface ('(null)' -> '/data/vendor/wifi/wpa/sockets')
03-14 03:51:11.168 3583 3583 D wpa_supplicant: Initializing interface 'wlan0' conf '/data/vendor/wifi/wpa/wpa_supplicant.conf' driver 'nl80211' ctrl_interface '/data/vendor/wifi/wpa/sockets' bridge 'N/A'
03-14 03:51:11.168 3583 3583 D wpa_supplicant: Configuration file '/data/vendor/wifi/wpa/wpa_supplicant.conf' -> '/data/vendor/wifi/wpa/wpa_supplicant.conf'
03-14 03:51:11.168 3583 3583 D wpa_supplicant: Reading configuration file '/data/vendor/wifi/wpa/wpa_supplicant.conf'
03-14 03:51:11.169 3583 3583 D wpa_supplicant: update_config=1
03-14 03:51:11.169 3583 3583 D wpa_supplicant: eapol_version=1
03-14 03:51:11.169 3583 3583 D wpa_supplicant: ap_scan=1
03-14 03:51:11.169 3583 3583 D wpa_supplicant: fast_reauth=1
03-14 03:51:11.169 3583 3583 D wpa_supplicant: pmf=1
03-14 03:51:11.169 3583 3583 D wpa_supplicant: p2p_add_cli_chan=1
03-14 03:51:11.169 3583 3583 D wpa_supplicant: oce=1
03-14 03:51:11.169 3583 3583 D wpa_supplicant: wowlan_disconnect_on_deinit=1
03-14 03:51:11.169 3583 3583 D wpa_supplicant: bss_no_flush_when_down=1
03-14 03:51:11.169 3583 3583 D wpa_supplicant: Reading configuration file '/vendor/etc/wifi/wpa_supplicant_overlay.conf'
03-14 03:51:11.169 3583 3583 D wpa_supplicant: disable_scan_offload=1
03-14 03:51:11.169 3583 3583 D wpa_supplicant: p2p_disabled=1
03-14 03:51:11.169 3583 3583 D wpa_supplicant: tdls_external_control=1
03-14 03:51:11.169 3583 3583 D wpa_supplicant: wowlan_triggers='magic_pkt'
03-14 03:51:11.169 3583 3583 D wpa_supplicant: bss_max_count=400
03-14 03:51:11.169 3583 3583 D wpa_supplicant: interworking=1
03-14 03:51:11.169 3583 3583 D wpa_supplicant: config_methods='virtual_display virtual_push_button keypad'
03-14 03:51:11.169 3583 3583 D wpa_supplicant: driver_param='"no_rrm=1"'
03-14 03:51:11.170 3583 3583 D wpa_supplicant: nl80211: Using driver-based roaming
03-14 03:51:11.170 3583 3583 D wpa_supplicant: nl80211: TDLS supported
03-14 03:51:11.170 3583 3583 D wpa_supplicant: nl80211: TDLS external setup
03-14 03:51:11.170 3583 3583 D wpa_supplicant: nl80211: Supported cipher 00-0f-ac:1
03-14 03:51:11.170 3583 3583 D wpa_supplicant: nl80211: Supported cipher 00-0f-ac:5
03-14 03:51:11.170 3583 3583 D wpa_supplicant: nl80211: Supported cipher 00-0f-ac:2
03-14 03:51:11.170 3583 3583 D wpa_supplicant: nl80211: Supported cipher 00-40-96:254
03-14 03:51:11.170 3583 3583 D wpa_supplicant: nl80211: Supported cipher 00-40-96:255
03-14 03:51:11.171 3583 3583 D wpa_supplicant: nl80211: Supported cipher 00-0f-ac:4
03-14 03:51:11.171 3583 3583 D wpa_supplicant: nl80211: Supported cipher 00-14-72:1
03-14 03:51:11.171 3583 3583 D wpa_supplicant: nl80211: Supported cipher 00-0f-ac:6
03-14 03:51:11.171 3583 3583 D wpa_supplicant: nl80211: Supported cipher 00-0f-ac:11
03-14 03:51:11.171 3583 3583 D wpa_supplicant: nl80211: Supported cipher 00-0f-ac:12
03-14 03:51:11.171 3583 3583 D wpa_supplicant: nl80211: Supported cipher 00-0f-ac:8
03-14 03:51:11.171 3583 3583 D wpa_supplicant: nl80211: Supported cipher 00-0f-ac:9
03-14 03:51:11.171 3583 3583 D wpa_supplicant: nl80211: Supports Probe Response offload in AP mode
03-14 03:51:11.171 3583 3583 D wpa_supplicant: nl80211: Using driver-based off-channel TX
03-14 03:51:11.171 3583 3583 D wpa_supplicant: nl80211: Supported vendor command: vendor_id=0x1374 subcmd=11
03-14 03:51:11.171 3583 3583 D wpa_supplicant: nl80211: Supported vendor command: vendor_id=0x1374 subcmd=22
03-14 03:51:11.171 3583 3583 D wpa_supplicant: nl80211: Supported vendor command: vendor_id=0x1374 subcmd=13
03-14 03:51:11.171 3583 3583 D wpa_supplicant: nl80211: Supported vendor command: vendor_id=0x1374 subcmd=16
03-14 03:51:11.171 3583 3583 D wpa_supplicant: nl80211: Supported vendor command: vendor_id=0x1374 subcmd=14
03-14 03:51:11.171 3583 3583 D wpa_supplicant: nl80211: Supported vendor command: vendor_id=0x1374 subcmd=15
03-14 03:51:11.171 3583 3583 D wpa_supplicant: nl80211: Supported vendor command: vendor_id=0x1374 subcmd=34
03-14 03:51:11.171 3583 3583 D wpa_supplicant: nl80211: Supported vendor command: vendor_id=0x1374 subcmd=35
03-14 03:51:11.171 3583 3583 D wpa_supplicant: nl80211: Supported vendor command: vendor_id=0x1374 subcmd=36
03-14 03:51:11.171 3583 3583 D wpa_supplicant: nl80211: Supported vendor command: vendor_id=0x1374 subcmd=38
03-14 03:51:11.171 3583 3583 D wpa_supplicant: nl80211: Supported vendor command: vendor_id=0x1374 subcmd=39
03-14 03:51:11.171 3583 3583 D wpa_supplicant: nl80211: Supported vendor command: vendor_id=0x1374 subcmd=42
03-14 03:51:11.171 3583 3583 D wpa_supplicant: nl80211: Supported vendor command: vendor_id=0x1374 subcmd=40
03-14 03:51:11.171 3583 3583 D wpa_supplicant: nl80211: Supported vendor command: vendor_id=0x1374 subcmd=120
03-14 03:51:11.171 3583 3583 D wpa_supplicant: nl80211: Supported vendor command: vendor_id=0x1374 subcmd=121
03-14 03:51:11.171 3583 3583 D wpa_supplicant: nl80211: Supported vendor command: vendor_id=0x1374 subcmd=186
03-14 03:51:11.171 3583 3583 D wpa_supplicant: nl80211: Supported vendor command: vendor_id=0x1374 subcmd=54
03-14 03:51:11.171 3583 3583 D wpa_supplicant: nl80211: Supported vendor command: vendor_id=0x1374 subcmd=55
03-14 03:51:11.171 3583 3583 D wpa_supplicant: nl80211: Supported vendor command: vendor_id=0x1374 subcmd=50
03-14 03:51:11.171 3583 3583 D wpa_supplicant: nl80211: Supported vendor command: vendor_id=0x1374 subcmd=61
03-14 03:51:11.171 3583 3583 D wpa_supplicant: nl80211: Supported vendor command: vendor_id=0x1374 subcmd=74
03-14 03:51:11.171 3583 3583 D wpa_supplicant: nl80211: Supported vendor command: vendor_id=0x1374 subcmd=75
03-14 03:51:11.171 3583 3583 D wpa_supplicant: nl80211: Supported vendor command: vendor_id=0x1374 subcmd=169
03-14 03:51:11.171 3583 3583 D wpa_supplicant: nl80211: Supported vendor command: vendor_id=0x1374 subcmd=64
03-14 03:51:11.171 3583 3583 D wpa_supplicant: nl80211: Supported vendor command: vendor_id=0x1374 subcmd=62
03-14 03:51:11.171 3583 3583 D wpa_supplicant: nl80211: Supported vendor command: vendor_id=0x1374 subcmd=77
03-14 03:51:11.171 3583 3583 D wpa_supplicant: nl80211: Supported vendor command: vendor_id=0x1374 subcmd=103
03-14 03:51:11.171 3583 3583 D wpa_supplicant: nl80211: Supported vendor command: vendor_id=0x1374 subcmd=104
03-14 03:51:11.171 3583 3583 D wpa_supplicant: nl80211: Supported vendor command: vendor_id=0x1374 subcmd=119
03-14 03:51:11.171 3583 3583 D wpa_supplicant: nl80211: Supported vendor command: vendor_id=0x1374 subcmd=78
03-14 03:51:11.171 3583 3583 D wpa_supplicant: nl80211: Supported vendor command: vendor_id=0x1374 subcmd=79
03-14 03:51:11.171 3583 3583 D wpa_supplicant: nl80211: Supported vendor command: vendor_id=0x1374 subcmd=80
03-14 03:51:11.171 3583 3583 D wpa_supplicant: nl80211: Supported vendor command: vendor_id=0x1374 subcmd=182
03-14 03:51:11.171 3583 3583 D wpa_supplicant: nl80211: Supported vendor command: vendor_id=0x1374 subcmd=181
03-14 03:51:11.171 3583 3583 D wpa_supplicant: nl80211: Supported vendor command: vendor_id=0x1374 subcmd=82
03-14 03:51:11.171 3583 3583 D wpa_supplicant: nl80211: Supported vendor command: vendor_id=0x1374 subcmd=76
03-14 03:51:11.171 3583 3583 D wpa_supplicant: nl80211: Supported vendor command: vendor_id=0x1374 subcmd=106
03-14 03:51:11.171 3583 3583 D wpa_supplicant: nl80211: Supported vendor command: vendor_id=0x1374 subcmd=145
03-14 03:51:11.171 3583 3583 D wpa_supplicant: nl80211: Supported vendor command: vendor_id=0x1374 subcmd=92
03-14 03:51:11.171 3583 3583 D wpa_supplicant: nl80211: Supported vendor command: vendor_id=0x1374 subcmd=93
03-14 03:51:11.171 3583 3583 D wpa_supplicant: nl80211: Supported vendor command: vendor_id=0x1374 subcmd=94
03-14 03:51:11.171 3583 3583 D wpa_supplicant: nl80211: Supported vendor command: vendor_id=0x1374 subcmd=95
03-14 03:51:11.171 3583 3583 D wpa_supplicant: nl80211: Supported vendor command: vendor_id=0x1374 subcmd=96
03-14 03:51:11.171 3583 3583 D wpa_supplicant: nl80211: Supported vendor command: vendor_id=0x1374 subcmd=97
03-14 03:51:11.171 3583 3583 D wpa_supplicant: nl80211: Supported vendor command: vendor_id=0x1374 subcmd=98
03-14 03:51:11.171 3583 3583 D wpa_supplicant: nl80211: Supported vendor command: vendor_id=0x1374 subcmd=99
03-14 03:51:11.171 3583 3583 D wpa_supplicant: nl80211: Supported vendor command: vendor_id=0x1374 subcmd=101
03-14 03:51:11.171 3583 3583 D wpa_supplicant: nl80211: Supported vendor command: vendor_id=0x1374 subcmd=108
03-14 03:51:11.171 3583 3583 D wpa_supplicant: nl80211: Supported vendor command: vendor_id=0x1374 subcmd=102
03-14 03:51:11.171 3583 3583 D wpa_supplicant: nl80211: Supported vendor command: vendor_id=0x1374 subcmd=109
03-14 03:51:11.171 3583 3583 D wpa_supplicant: nl80211: Supported vendor command: vendor_id=0x1374 subcmd=115
03-14 03:51:11.171 3583 3583 D wpa_supplicant: nl80211: Supported vendor command: vendor_id=0x1374 subcmd=83
03-14 03:51:11.171 3583 3583 D wpa_supplicant: nl80211: Supported vendor command: vendor_id=0x1374 subcmd=116
03-14 03:51:11.171 3583 3583 D wpa_supplicant: nl80211: Supported vendor command: vendor_id=0x1374 subcmd=117
03-14 03:51:11.171 3583 3583 D wpa_supplicant: nl80211: Supported vendor command: vendor_id=0x1374 subcmd=10
03-14 03:51:11.171 3583 3583 D wpa_supplicant: nl80211: Supported vendor command: vendor_id=0x1374 subcmd=118
03-14 03:51:11.171 3583 3583 D wpa_supplicant: nl80211: Supported vendor command: vendor_id=0x1374 subcmd=122
03-14 03:51:11.171 3583 3583 D wpa_supplicant: nl80211: Supported vendor command: vendor_id=0x1374 subcmd=123
03-14 03:51:11.171 3583 3583 D wpa_supplicant: nl80211: Supported vendor command: vendor_id=0x1374 subcmd=124
03-14 03:51:11.171 3583 3583 D wpa_supplicant: nl80211: Supported vendor command: vendor_id=0x1374 subcmd=85
03-14 03:51:11.171 3583 3583 D wpa_supplicant: nl80211: Supported vendor command: vendor_id=0x1374 subcmd=84
03-14 03:51:11.171 3583 3583 D wpa_supplicant: nl80211: Supported vendor command: vendor_id=0x1374 subcmd=147
03-14 03:51:11.171 3583 3583 D wpa_supplicant: nl80211: Supported vendor command: vendor_id=0x1374 subcmd=105
03-14 03:51:11.171 3583 3583 D wpa_supplicant: nl80211: Supported vendor command: vendor_id=0x1374 subcmd=192
03-14 03:51:11.171 3583 3583 D wpa_supplicant: nl80211: Supported vendor command: vendor_id=0x1374 subcmd=9
03-14 03:51:11.171 3583 3583 D wpa_supplicant: nl80211: Supported vendor command: vendor_id=0x1374 subcmd=137
03-14 03:51:11.171 3583 3583 D wpa_supplicant: nl80211: Supported vendor command: vendor_id=0x1374 subcmd=143
03-14 03:51:11.171 3583 3583 D wpa_supplicant: nl80211: Supported vendor command: vendor_id=0x1374 subcmd=164
03-14 03:51:11.171 3583 3583 D wpa_supplicant: nl80211: Supported vendor command: vendor_id=0x1374 subcmd=180
03-14 03:51:11.171 3583 3583 D wpa_supplicant: nl80211: Supported vendor command: vendor_id=0x1374 subcmd=146
03-14 03:51:11.171 3583 3583 D wpa_supplicant: nl80211: Supported vendor command: vendor_id=0x1374 subcmd=152
03-14 03:51:11.171 3583 3583 D wpa_supplicant: nl80211: Supported vendor command: vendor_id=0x1374 subcmd=127
03-14 03:51:11.171 3583 3583 D wpa_supplicant: nl80211: Supported vendor command: vendor_id=0x1374 subcmd=149
03-14 03:51:11.171 3583 3583 D wpa_supplicant: nl80211: Supported vendor command: vendor_id=0x1374 subcmd=150
03-14 03:51:11.171 3583 3583 D wpa_supplicant: nl80211: Supported vendor command: vendor_id=0x1374 subcmd=151
03-14 03:51:11.171 3583 3583 D wpa_supplicant: nl80211: Supported vendor command: vendor_id=0x1374 subcmd=154
03-14 03:51:11.171 3583 3583 D wpa_supplicant: nl80211: Supported vendor command: vendor_id=0x1374 subcmd=155
03-14 03:51:11.171 3583 3583 D wpa_supplicant: nl80211: Supported vendor command: vendor_id=0x1374 subcmd=158
03-14 03:51:11.171 3583 3583 D wpa_supplicant: nl80211: Supported vendor command: vendor_id=0x1374 subcmd=159
03-14 03:51:11.171 3583 3583 D wpa_supplicant: nl80211: Supported vendor command: vendor_id=0x1374 subcmd=160
03-14 03:51:11.171 3583 3583 D wpa_supplicant: nl80211: Supported vendor command: vendor_id=0x1374 subcmd=161
03-14 03:51:11.171 3583 3583 D wpa_supplicant: nl80211: Supported vendor command: vendor_id=0x1374 subcmd=144
03-14 03:51:11.171 3583 3583 D wpa_supplicant: nl80211: Supported vendor command: vendor_id=0x1374 subcmd=138
03-14 03:51:11.171 3583 3583 D wpa_supplicant: nl80211: Supported vendor command: vendor_id=0x1374 subcmd=156
03-14 03:51:11.171 3583 3583 D wpa_supplicant: nl80211: Supported vendor command: vendor_id=0x1374 subcmd=171
03-14 03:51:11.171 3583 3583 D wpa_supplicant: nl80211: Supported vendor command: vendor_id=0x1374 subcmd=81
03-14 03:51:11.171 3583 3583 D wpa_supplicant: nl80211: Supported vendor command: vendor_id=0x1374 subcmd=177
03-14 03:51:11.171 3583 3583 D wpa_supplicant: nl80211: Supported vendor command: vendor_id=0x1374 subcmd=167
03-14 03:51:11.171 3583 3583 D wpa_supplicant: nl80211: Supported vendor command: vendor_id=0x1374 subcmd=125
03-14 03:51:11.171 3583 3583 D wpa_supplicant: nl80211: Supported vendor event: vendor_id=0x1374 subcmd=10
03-14 03:51:11.171 3583 3583 D wpa_supplicant: nl80211: Supported vendor event: vendor_id=0x1374 subcmd=12
03-14 03:51:11.171 3583 3583 D wpa_supplicant: nl80211: Supported vendor event: vendor_id=0x1374 subcmd=13
03-14 03:51:11.171 3583 3583 D wpa_supplicant: nl80211: Supported vendor event: vendor_id=0x1374 subcmd=14
03-14 03:51:11.171 3583 3583 D wpa_supplicant: nl80211: Supported vendor event: vendor_id=0x1374 subcmd=15
03-14 03:51:11.171 3583 3583 D wpa_supplicant: nl80211: Supported vendor event: vendor_id=0x1374 subcmd=16
03-14 03:51:11.171 3583 3583 D wpa_supplicant: nl80211: Supported vendor event: vendor_id=0x1374 subcmd=17
03-14 03:51:11.171 3583 3583 D wpa_supplicant: nl80211: Supported vendor event: vendor_id=0x1374 subcmd=18
03-14 03:51:11.171 3583 3583 D wpa_supplicant: nl80211: Supported vendor event: vendor_id=0x1374 subcmd=19
03-14 03:51:11.171 3583 3583 D wpa_supplicant: nl80211: Supported vendor event: vendor_id=0x1374 subcmd=127
03-14 03:51:11.171 3583 3583 D wpa_supplicant: nl80211: Supported vendor event: vendor_id=0x1374 subcmd=37
03-14 03:51:11.171 3583 3583 D wpa_supplicant: nl80211: Supported vendor event: vendor_id=0x1374 subcmd=54
03-14 03:51:11.171 3583 3583 D wpa_supplicant: nl80211: Supported vendor event: vendor_id=0x1374 subcmd=51
03-14 03:51:11.171 3583 3583 D wpa_supplicant: nl80211: Supported vendor event: vendor_id=0x1374 subcmd=56
03-14 03:51:11.171 3583 3583 D wpa_supplicant: nl80211: Supported vendor event: vendor_id=0x1374 subcmd=57
03-14 03:51:11.171 3583 3583 D wpa_supplicant: nl80211: Supported vendor event: vendor_id=0x1374 subcmd=58
03-14 03:51:11.171 3583 3583 D wpa_supplicant: nl80211: Supported vendor event: vendor_id=0x1374 subcmd=59
03-14 03:51:11.171 3583 3583 D wpa_supplicant: nl80211: Supported vendor event: vendor_id=0x1374 subcmd=60
03-14 03:51:11.171 3583 3583 D wpa_supplicant: nl80211: Supported vendor event: vendor_id=0x0 subcmd=0
03-14 03:51:11.171 3583 3583 D wpa_supplicant: nl80211: Supported vendor event: vendor_id=0x1374 subcmd=80
03-14 03:51:11.171 3583 3583 D wpa_supplicant: nl80211: Supported vendor event: vendor_id=0x1374 subcmd=100
03-14 03:51:11.171 3583 3583 D wpa_supplicant: nl80211: Supported vendor event: vendor_id=0x1374 subcmd=106
03-14 03:51:11.171 3583 3583 D wpa_supplicant: nl80211: Supported vendor event: vendor_id=0x1374 subcmd=107
03-14 03:51:11.171 3583 3583 D wpa_supplicant: nl80211: Supported vendor event: vendor_id=0x1374 subcmd=102
03-14 03:51:11.171 3583 3583 D wpa_supplicant: nl80211: Supported vendor event: vendor_id=0x1374 subcmd=181
03-14 03:51:11.171 3583 3583 D wpa_supplicant: nl80211: Supported vendor event: vendor_id=0x1374 subcmd=119
03-14 03:51:11.171 3583 3583 D wpa_supplicant: nl80211: Supported vendor event: vendor_id=0x1374 subcmd=81
03-14 03:51:11.171 3583 3583 D wpa_supplicant: nl80211: Supported vendor event: vendor_id=0x1374 subcmd=123
03-14 03:51:11.171 3583 3583 D wpa_supplicant: nl80211: Supported vendor event: vendor_id=0x1374 subcmd=124
03-14 03:51:11.171 3583 3583 D wpa_supplicant: nl80211: Supported vendor event: vendor_id=0x1374 subcmd=147
03-14 03:51:11.171 3583 3583 D wpa_supplicant: nl80211: Supported vendor event: vendor_id=0x1374 subcmd=148
03-14 03:51:11.171 3583 3583 D wpa_supplicant: nl80211: Supported vendor event: vendor_id=0x1374 subcmd=150
03-14 03:51:11.171 3583 3583 D wpa_supplicant: nl80211: Supported vendor event: vendor_id=0x1374 subcmd=157
03-14 03:51:11.171 3583 3583 D wpa_supplicant: nl80211: Supported vendor event: vendor_id=0x0 subcmd=0
03-14 03:51:11.171 3583 3583 D wpa_supplicant: nl80211: Supported vendor event: vendor_id=0x1374 subcmd=165
03-14 03:51:11.171 3583 3583 D wpa_supplicant: nl80211: Supported vendor event: vendor_id=0x1374 subcmd=171
03-14 03:51:11.171 3583 3583 D wpa_supplicant: nl80211: Supported vendor event: vendor_id=0x1374 subcmd=174
03-14 03:51:11.171 3583 3583 D wpa_supplicant: nl80211: Supported vendor event: vendor_id=0x1374 subcmd=101
03-14 03:51:11.171 3583 3583 D wpa_supplicant: nl80211: Supported vendor event: vendor_id=0x0 subcmd=0
03-14 03:51:11.171 3583 3583 D wpa_supplicant: nl80211: Supported vendor event: vendor_id=0x1374 subcmd=180
03-14 03:51:11.171 3583 3583 D wpa_supplicant: nl80211: Supported vendor event: vendor_id=0x1374 subcmd=64
03-14 03:51:11.171 3583 3583 D wpa_supplicant: nl80211: Supported vendor event: vendor_id=0x1374 subcmd=182
03-14 03:51:11.171 3583 3583 D wpa_supplicant: nl80211: Supported vendor event: vendor_id=0x1374 subcmd=187
03-14 03:51:11.171 3583 3583 D wpa_supplicant: nl80211: Supported vendor event: vendor_id=0x1374 subcmd=188
03-14 03:51:11.171 3583 3583 D wpa_supplicant: nl80211: STATION supported key_mgmt 0x3fff6f
03-14 03:51:11.171 3583 3583 D wpa_supplicant: nl80211: P2P_CLIENT supported key_mgmt 0x3fff6f
03-14 03:51:11.171 3583 3583 D wpa_supplicant: nl80211: AP supported key_mgmt 0x1040c
03-14 03:51:11.171 3583 3583 D wpa_supplicant: nl80211: P2P_GO supported key_mgmt 0x1040c
03-14 03:51:11.172 3583 3583 D wpa_supplicant: nl80211: Use separate P2P group interface (driver advertised support)
03-14 03:51:11.172 3583 3583 D wpa_supplicant: nl80211: Enable multi-channel concurrent (driver advertised support)
03-14 03:51:11.172 3583 3583 D wpa_supplicant: nl80211: key_mgmt=0x3fff6f enc=0x76f auth=0x7 flags=0x10ad7a769abcfbc4 rrm_flags=0x0 probe_resp_offloads=0x0 max_stations=32 max_remain_on_chan=5000 max_scan_ssids=10
03-14 03:51:11.172 3583 3583 D wpa_supplicant: nl80211: interface wlan0 in phy phy0
03-14 03:51:11.172 3583 3583 D wpa_supplicant: nl80211: Set mode ifindex 17 iftype 2 (STATION)
03-14 03:51:11.172 3583 3583 D wpa_supplicant: nl80211: Subscribe to mgmt frames with non-AP handle 0xb40000765c06d500
03-14 03:51:11.172 3583 3583 D wpa_supplicant: nl80211: Register frame type=0xb0 (WLAN_FC_STYPE_AUTH) nl_handle=0xb40000765c06d500 match=0300 multicast=0
03-14 03:51:11.172 3583 3583 D wpa_supplicant: nl80211: Register frame type=0xd0 (WLAN_FC_STYPE_ACTION) nl_handle=0xb40000765c06d500 match=0104 multicast=0
03-14 03:51:11.172 3583 3583 D wpa_supplicant: nl80211: Register frame type=0xd0 (WLAN_FC_STYPE_ACTION) nl_handle=0xb40000765c06d500 match=040a multicast=0
03-14 03:51:11.172 3583 3583 D wpa_supplicant: nl80211: Register frame type=0xd0 (WLAN_FC_STYPE_ACTION) nl_handle=0xb40000765c06d500 match=040b multicast=0
03-14 03:51:11.172 3583 3583 D wpa_supplicant: nl80211: Register frame type=0xd0 (WLAN_FC_STYPE_ACTION) nl_handle=0xb40000765c06d500 match=040c multicast=0
03-14 03:51:11.172 3583 3583 D wpa_supplicant: nl80211: Register frame type=0xd0 (WLAN_FC_STYPE_ACTION) nl_handle=0xb40000765c06d500 match=040d multicast=0
03-14 03:51:11.172 3583 3583 D wpa_supplicant: nl80211: Register frame type=0xd0 (WLAN_FC_STYPE_ACTION) nl_handle=0xb40000765c06d500 match=090a multicast=0
03-14 03:51:11.172 3583 3583 D wpa_supplicant: nl80211: Register frame type=0xd0 (WLAN_FC_STYPE_ACTION) nl_handle=0xb40000765c06d500 match=090b multicast=0
03-14 03:51:11.172 3583 3583 D wpa_supplicant: nl80211: Register frame type=0xd0 (WLAN_FC_STYPE_ACTION) nl_handle=0xb40000765c06d500 match=090c multicast=0
03-14 03:51:11.172 3583 3583 D wpa_supplicant: nl80211: Register frame type=0xd0 (WLAN_FC_STYPE_ACTION) nl_handle=0xb40000765c06d500 match=090d multicast=0
03-14 03:51:11.172 3583 3583 D wpa_supplicant: nl80211: Register frame type=0xd0 (WLAN_FC_STYPE_ACTION) nl_handle=0xb40000765c06d500 match=0409506f9a09 multicast=0
