01-01 08:00:32.779 0 0 W subsys-pil-tz 17300000.qcom,lpass: Falling back to syfs fallback for: adsp.b02
01-01 08:00:32.780 0 0 W subsys-pil-tz 17300000.qcom,lpass: Falling back to syfs fallback for: adsp.b03
01-01 08:00:32.780 0 0 I ueventd : firmware: loading 'adsp.b02' for '/devices/platform/soc/17300000.qcom,lpass/firmware/adsp.b02'
01-01 08:00:32.781 0 0 W subsys-pil-tz 17300000.qcom,lpass: Falling back to syfs fallback for: adsp.b05
01-01 08:00:32.781 0 0 W subsys-pil-tz 17300000.qcom,lpass: Falling back to syfs fallback for: adsp.b04
01-01 08:00:32.781 0 0 W subsys-pil-tz 17300000.qcom,lpass: Falling back to syfs fallback for: adsp.b06
01-01 08:00:32.781 0 0 W subsys-pil-tz 17300000.qcom,lpass: Falling back to syfs fallback for: adsp.b07
01-01 08:00:32.781 0 0 I ueventd : firmware: loading 'adsp.b03' for '/devices/platform/soc/17300000.qcom,lpass/firmware/adsp.b03'
01-01 08:00:32.782 0 0 I ueventd : loading /devices/platform/soc/17300000.qcom,lpass/firmware/adsp.b02 took 2ms
01-01 08:00:32.783 0 0 W subsys-pil-tz 17300000.qcom,lpass: Falling back to syfs fallback for: adsp.b08
01-01 08:00:32.783 0 0 W subsys-pil-tz 17300000.qcom,lpass: Falling back to syfs fallback for: adsp.b09
01-01 08:00:32.788 0 0 W subsys-pil-tz 17300000.qcom,lpass: Falling back to syfs fallback for: adsp.b10
01-01 08:00:32.788 0 0 W subsys-pil-tz 17300000.qcom,lpass: Falling back to syfs fallback for: adsp.b11
01-01 08:00:32.788 0 0 W subsys-pil-tz 17300000.qcom,lpass: Falling back to syfs fallback for: adsp.b12
01-01 08:00:32.790 0 0 W subsys-pil-tz 17300000.qcom,lpass: Falling back to syfs fallback for: adsp.b13
01-01 08:00:32.790 0 0 I ueventd : firmware: loading 'adsp.b05' for '/devices/platform/soc/17300000.qcom,lpass/firmware/adsp.b05'
01-01 08:00:32.792 0 0 I ueventd : loading /devices/platform/soc/8300000.qcom,turing/firmware/cdsp.b05 took 39ms
01-01 08:00:32.792 0 0 W subsys-pil-tz 17300000.qcom,lpass: Falling back to syfs fallback for: adsp.b14
01-01 08:00:32.793 0 0 W subsys-pil-tz 17300000.qcom,lpass: Falling back to syfs fallback for: adsp.b15
01-01 08:00:32.793 0 0 I ueventd : loading /devices/platform/soc/17300000.qcom,lpass/firmware/adsp.b03 took 11ms
01-01 08:00:32.793 0 0 W subsys-pil-tz 17300000.qcom,lpass: Falling back to syfs fallback for: adsp.b16
01-01 08:00:32.794 0 0 W subsys-pil-tz 17300000.qcom,lpass: Falling back to syfs fallback for: adsp.b17
01-01 08:00:32.794 0 0 W subsys-pil-tz 17300000.qcom,lpass: Falling back to syfs fallback for: adsp.b18
01-01 08:00:32.796 0 0 I ueventd : loading /devices/platform/soc/8300000.qcom,turing/firmware/cdsp.b02 took 46ms
01-01 08:00:32.796 0 0 E ueventd : firmware: could not find firmware for dsi_prop
01-01 08:00:32.796 0 0 E ueventd : firmware: attempted /etc/firmware/dsi_prop, open failed: No such file or directory
01-01 08:00:32.796 0 0 E ueventd : firmware: attempted /odm/firmware/dsi_prop, open failed: No such file or directory
01-01 08:00:32.796 0 0 E ueventd : firmware: attempted /vendor/firmware/dsi_prop, open failed: No such file or directory
01-01 08:00:32.796 0 0 E ueventd : firmware: attempted /firmware/image/dsi_prop, open failed: No such file or directory
01-01 08:00:32.796 0 0 E ueventd : firmware: attempted /vendor/firmware_mnt/image/dsi_prop, open failed: No such file or directory
01-01 08:00:32.796 0 0 I ueventd : loading /devices/platform/soc/soc:qcom,dsi-display-primary/firmware/dsi_prop took 15180ms
01-01 08:00:32.796 0 0 I ueventd : firmware: loading 'adsp.b04' for '/devices/platform/soc/17300000.qcom,lpass/firmware/adsp.b04'
01-01 08:00:32.796 0 0 I ueventd : loading /devices/platform/soc/8300000.qcom,turing/firmware/cdsp.b08 took 42ms
01-01 08:00:32.797 0 0 I ueventd : firmware: loading 'adsp.b06' for '/devices/platform/soc/17300000.qcom,lpass/firmware/adsp.b06'
01-01 08:00:32.797 0 0 E OF : graph: no port node found in /soc/qcom,dsi-display-primary
01-01 08:00:32.797 0 0 W [drm] [msm-dsi-warn]: [hx82101+hx8692 video mode dsi truly panel] fallback to default te-pin-select
01-01 08:00:32.797 0 0 I msm_drm ae00000.qcom,mdss_mdp: Linked as a consumer to regulator.31
01-01 08:00:32.798 0 0 E register_client_adhoc: find path.src 1 dest 590
01-01 08:00:32.798 0 0 E register_client_adhoc: Client handle 15 mdss_reg
01-01 08:00:32.798 0 0 E register_client_adhoc: find path.src 22 dest 512
01-01 08:00:32.798 0 0 E register_client_adhoc: find path.src 23 dest 512
01-01 08:00:32.798 0 0 E register_client_adhoc: Client handle 53 mdss_sde
01-01 08:00:32.798 0 0 I msm_drm ae00000.qcom,mdss_mdp: bound soc:qcom,wb-display@0 (ops sde_wb_comp_ops)
01-01 08:00:32.798 0 0 I msm-dsi-display soc: qcom,dsi-display-primary: Linked as a consumer to regulator.25
01-01 08:00:32.798 0 0 I [drm:dsi_display_bind] [msm-dsi-info]: Successfully bind display panel 'qcom,mdss_dsi_panel_hx82101_hx8692_truly_v2_video'
01-01 08:00:32.798 0 0 I msm_drm ae00000.qcom,mdss_mdp: bound soc:qcom,dsi-display-primary (ops dsi_display_comp_ops)
01-01 08:00:32.798 0 0 I msm_drm ae00000.qcom,mdss_mdp: bound af20000.qcom,sde_rscc (ops sde_rsc_comp_ops)
01-01 08:00:32.798 0 0 I : [drm] mapped mdp address space @0000000000000000
01-01 08:00:32.798 0 0 I ueventd : loading /devices/platform/soc/17300000.qcom,lpass/firmware/adsp.b06 took 1ms
01-01 08:00:32.799 0 0 I qcom_rpmh DRV: apps_rsc TCS Busy, retrying RPMH message send: addr=0x30080
01-01 08:00:32.799 0 0 I : [drm:_sde_kms_hw_init_blocks:3613] sde hardware revision:0x60000000
01-01 08:00:32.799 0 0 I msmdrm_smmu ae00000.qcom,mdss_mdp: qcom,smmu_sde_unsec_cb: Linked as a consumer to 15000000.apps-smmu
01-01 08:00:32.799 0 0 I iommu : Adding device ae00000.qcom,mdss_mdp:qcom,smmu_sde_unsec_cb to group 48
01-01 08:00:32.800 0 0 I : [drm] probing device qcom,smmu_sde_unsec
01-01 08:00:32.800 0 0 I : [drm] Created domain mdp_ns, secure=0
01-01 08:00:32.800 0 0 I ueventd : firmware: loading 'adsp.b07' for '/devices/platform/soc/17300000.qcom,lpass/firmware/adsp.b07'
01-01 08:00:32.800 0 0 I msmdrm_smmu ae00000.qcom,mdss_mdp: qcom,smmu_sde_sec_cb: Linked as a consumer to 15000000.apps-smmu
01-01 08:00:32.803 0 0 I ueventd : firmware: loading 'adsp.b08' for '/devices/platform/soc/17300000.qcom,lpass/firmware/adsp.b08'
01-01 08:00:32.804 0 0 E register_client_adhoc: find path.src 1 dest 589
01-01 08:00:32.804 0 0 E register_client_adhoc: Failed to find path.src 1 dest 589
01-01 08:00:32.808 0 0 I ueventd : loading /devices/platform/soc/17300000.qcom,lpass/firmware/adsp.b05 took 17ms
01-01 08:00:32.808 0 0 I ueventd : firmware: loading 'adsp.b09' for '/devices/platform/soc/17300000.qcom,lpass/firmware/adsp.b09'
01-01 08:00:32.810 0 0 I ueventd : firmware: loading 'adsp.b11' for '/devices/platform/soc/17300000.qcom,lpass/firmware/adsp.b11'
01-01 08:00:32.812 0 0 I ueventd : loading /devices/platform/soc/17300000.qcom,lpass/firmware/adsp.b07 took 12ms
01-01 08:00:32.815 0 0 I ueventd : loading /devices/platform/soc/17300000.qcom,lpass/firmware/adsp.b04 took 19ms
01-01 08:00:32.816 0 0 I ueventd : firmware: loading 'adsp.b12' for '/devices/platform/soc/17300000.qcom,lpass/firmware/adsp.b12'
01-01 08:00:32.817 0 0 I ueventd : loading /devices/platform/soc/17300000.qcom,lpass/firmware/adsp.b08 took 14ms
01-01 08:00:32.818 0 0 I ueventd : firmware: loading 'adsp.b13' for '/devices/platform/soc/17300000.qcom,lpass/firmware/adsp.b13'
01-01 08:00:32.819 0 0 I ueventd : loading /devices/platform/soc/17300000.qcom,lpass/firmware/adsp.b12 took 3ms
01-01 08:00:32.819 0 0 I ueventd : loading /devices/platform/soc/17300000.qcom,lpass/firmware/adsp.b13 took 1ms
01-01 08:00:32.820 0 0 I ueventd : loading /devices/platform/soc/17300000.qcom,lpass/firmware/adsp.b09 took 12ms
01-01 08:00:32.821 0 0 I ueventd : firmware: loading 'adsp.b14' for '/devices/platform/soc/17300000.qcom,lpass/firmware/adsp.b14'
01-01 08:00:32.822 0 0 E : [drm:dp_display_init_aux_switch][msm-dp-err][497 ]failed to register notifier (-22)
01-01 08:00:32.825 0 0 I ueventd : firmware: loading 'adsp.b16' for '/devices/platform/soc/17300000.qcom,lpass/firmware/adsp.b16'
01-01 08:00:32.827 0 0 I subsys-pil-tz 8300000.qcom,turing: cdsp: Brought out of reset
01-01 08:00:32.827 0 0 I ueventd : loading /devices/platform/soc/17300000.qcom,lpass/firmware/adsp.b11 took 17ms
01-01 08:00:32.827 0 0 I ueventd : firmware: loading 'adsp.b15' for '/devices/platform/soc/17300000.qcom,lpass/firmware/adsp.b15'
01-01 08:00:32.827 0 0 I iommu : Adding device ae00000.qcom,mdss_mdp:qcom,smmu_sde_sec_cb to group 49
01-01 08:00:32.827 0 0 I : [drm] probing device qcom,smmu_sde_sec
01-01 08:00:32.827 0 0 I : [drm] Created domain mdp_s, secure=1
01-01 08:00:32.828 0 0 I ueventd : firmware: loading 'adsp.b17' for '/devices/platform/soc/17300000.qcom,lpass/firmware/adsp.b17'
01-01 08:00:32.828 0 0 I ueventd : loading /devices/platform/soc/17300000.qcom,lpass/firmware/adsp.b16 took 2ms
01-01 08:00:32.829 0 0 I [drm:dsi_panel_get_mode] [msm-dsi-info]: default topology: lm: 1 comp_enc:0 intf: 1
01-01 08:00:32.829 0 0 I ueventd : firmware: loading 'adsp.b18' for '/devices/platform/soc/17300000.qcom,lpass/firmware/adsp.b18'
01-01 08:00:32.830 0 0 I ueventd : loading /devices/platform/soc/17300000.qcom,lpass/firmware/adsp.b17 took 2ms
01-01 08:00:32.830 0 0 E register_client_adhoc: find path.src 1 dest 589
01-01 08:00:32.830 0 0 E register_client_adhoc: Failed to find path.src 1 dest 589
01-01 08:00:32.830 0 0 E : [drm:dp_display_init_aux_switch][msm-dp-err][497 ]failed to register notifier (-22)
01-01 08:00:32.831 0 0 I ueventd : loading /devices/platform/soc/17300000.qcom,lpass/firmware/adsp.b18 took 1ms
01-01 08:00:32.831 0 0 I ueventd : firmware: loading 'adsp.b10' for '/devices/platform/soc/17300000.qcom,lpass/firmware/adsp.b10'
01-01 08:00:32.832 0 0 I ueventd : loading /devices/platform/soc/17300000.qcom,lpass/firmware/adsp.b10 took 1ms
01-01 08:00:32.835 0 0 I ueventd : loading /devices/platform/soc/17300000.qcom,lpass/firmware/adsp.b15 took 7ms
01-01 08:00:32.836 0 0 I : [drm] Supports vblank timestamp caching Rev 2 (21.10.2013).
01-01 08:00:32.836 0 0 I : [drm] No driver support for vblank timestamp query.
01-01 08:00:32.836 0 0 I subsys-pil-tz 8300000.qcom,turing: cdsp: Power/Clock ready interrupt received
01-01 08:00:32.837 0 0 I subsys-pil-tz 8300000.qcom,turing: Subsystem error monitoring/handling services are up
01-01 08:00:32.837 0 0 I qcom_smd_qrtr_probe: Entered
01-01 08:00:32.837 0 0 I qcom_rpmh DRV: apps_rsc TCS Busy, retrying RPMH message send: addr=0x30080
01-01 08:00:32.837 0 0 I qcom_smd_qrtr_probe: SMD QRTR driver probed
01-01 08:00:32.838 0 0 I : [drm] Initialized msm_drm 1.3.0 20130625 for ae00000.qcom,mdss_mdp on minor 0
01-01 08:00:32.838 0 0 I adsprpc : fastrpc_restart_notifier_cb: cdsp subsystem is up
01-01 08:00:32.838 0 0 E register_client_adhoc: find path.src 1 dest 589
01-01 08:00:32.838 0 0 I init : Command 'write /sys/kernel/boot_cdsp/boot 1' action=early-boot (/vendor/etc/init/hw/init.qcom.rc:88) took 121ms and succeeded
01-01 08:00:32.838 0 0 E register_client_adhoc: Failed to find path.src 1 dest 589
01-01 08:00:32.838 0 0 I init : Untracked pid 491 exited with status 0
01-01 08:00:32.839 0 0 E : [drm:dp_display_init_aux_switch][msm-dp-err][18 ]failed to register notifier (-22)
01-01 08:00:32.839 0 0 W subsys-pil-tz 9800000.qcom,npu: Falling back to syfs fallback for: npu.mdt
01-01 08:00:32.839 0 0 I msm_cvp : info: Opening cvp instance: 0000000000000000
01-01 08:00:32.839 0 0 I msm_cvp_v4l2 ab00000.qcom,cvp: Linked as a consumer to regulator.77
01-01 08:00:32.839 0 0 I msm_cvp_v4l2 ab00000.qcom,cvp: Linked as a consumer to regulator.76
01-01 08:00:32.841 0 0 I ueventd : loading /devices/platform/soc/17300000.qcom,lpass/firmware/adsp.b14 took 19ms
01-01 08:00:32.841 0 0 I subsys-restart: __subsystem_get(): Changing subsys fw_name to cvpss
01-01 08:00:32.841 0 0 W subsys-pil-tz abb0000.qcom,cvpss: Falling back to syfs fallback for: cvpss.mdt
01-01 08:00:32.842 0 0 E register_client_adhoc: find path.src 1 dest 589
01-01 08:00:32.843 0 0 E register_client_adhoc: Failed to find path.src 1 dest 589
01-01 08:00:32.843 0 0 E : [drm:dp_display_init_aux_switch][msm-dp-err][351 ]failed to register notifier (-22)
01-01 08:00:32.843 0 0 I adsprpc : fastrpc_rpmsg_probe: opened rpmsg channel for cdsp
01-01 08:00:32.844 0 0 E register_client_adhoc: find path.src 1 dest 589
01-01 08:00:32.844 0 0 E register_client_adhoc: Failed to find path.src 1 dest 589
01-01 08:00:32.845 0 0 E : [drm:dp_display_init_aux_switch][msm-dp-err][351 ]failed to register notifier (-22)
01-01 08:00:32.845 0 0 E register_client_adhoc: find path.src 1 dest 589
01-01 08:00:32.845 0 0 E register_client_adhoc: Failed to find path.src 1 dest 589
01-01 08:00:32.846 0 0 E : [drm:dp_display_init_aux_switch][msm-dp-err][18 ]failed to register notifier (-22)
01-01 08:00:32.859 0 0 I ueventd : firmware: loading 'npu.mdt' for '/devices/platform/soc/9800000.qcom,npu/firmware/npu.mdt'
01-01 08:00:32.865 0 0 I : [drm] cont_splash feature not enabled
01-01 08:00:32.867 0 0 I ueventd : firmware: loading 'cvpss.mdt' for '/devices/platform/soc/abb0000.qcom,cvpss/firmware/cvpss.mdt'
01-01 08:00:32.868 0 0 I ueventd : loading /devices/platform/soc/abb0000.qcom,cvpss/firmware/cvpss.mdt took 1ms
01-01 08:00:32.868 0 0 I subsys-pil-tz abb0000.qcom,cvpss: cvpss: loading from 0x0000000087300000 to 0x0000000087800000
01-01 08:00:32.875 0 0 I subsys-pil-tz 9800000.qcom,npu: npu: loading from 0x0000000086900000 to 0x0000000086e00000
01-01 08:00:32.875 0 0 I ueventd : loading /devices/platform/soc/9800000.qcom,npu/firmware/npu.mdt took 15ms
01-01 08:00:32.953 0 0 I subsys-pil-tz 17300000.qcom,lpass: adsp: Brought out of reset
01-01 08:00:32.958 0 0 W subsys-pil-tz abb0000.qcom,cvpss: Falling back to syfs fallback for: cvpss.b02
01-01 08:00:32.958 0 0 W subsys-pil-tz abb0000.qcom,cvpss: Falling back to syfs fallback for: cvpss.b04
01-01 08:00:32.958 0 0 W subsys-pil-tz abb0000.qcom,cvpss: Falling back to syfs fallback for: cvpss.b03
01-01 08:00:32.958 0 0 W subsys-pil-tz abb0000.qcom,cvpss: Falling back to syfs fallback for: cvpss.b05
01-01 08:00:32.958 0 0 W subsys-pil-tz abb0000.qcom,cvpss: Falling back to syfs fallback for: cvpss.b06
01-01 08:00:32.958 0 0 W subsys-pil-tz abb0000.qcom,cvpss: Falling back to syfs fallback for: cvpss.b07
01-01 08:00:32.958 0 0 W subsys-pil-tz abb0000.qcom,cvpss: Falling back to syfs fallback for: cvpss.b08
01-01 08:00:32.958 0 0 W subsys-pil-tz abb0000.qcom,cvpss: Falling back to syfs fallback for: cvpss.b09
01-01 08:00:32.958 0 0 W subsys-pil-tz abb0000.qcom,cvpss: Falling back to syfs fallback for: cvpss.b10
01-01 08:00:32.958 0 0 W subsys-pil-tz abb0000.qcom,cvpss: Falling back to syfs fallback for: cvpss.b19
01-01 08:00:32.962 0 0 W subsys-pil-tz 9800000.qcom,npu: Falling back to syfs fallback for: npu.b02
01-01 08:00:32.963 0 0 W subsys-pil-tz 9800000.qcom,npu: Falling back to syfs fallback for: npu.b03
01-01 08:00:32.968 0 0 I ueventd : firmware: loading 'cvpss.b03' for '/devices/platform/soc/abb0000.qcom,cvpss/firmware/cvpss.b03'
01-01 08:00:32.968 0 0 I ueventd : firmware: loading 'cvpss.b04' for '/devices/platform/soc/abb0000.qcom,cvpss/firmware/cvpss.b04'
01-01 08:00:32.969 0 0 W subsys-pil-tz 9800000.qcom,npu: Falling back to syfs fallback for: npu.b04
01-01 08:00:32.971 0 0 W subsys-pil-tz 9800000.qcom,npu: Falling back to syfs fallback for: npu.b05
01-01 08:00:32.973 0 0 I ueventd : firmware: loading 'cvpss.b05' for '/devices/platform/soc/abb0000.qcom,cvpss/firmware/cvpss.b05'
01-01 08:00:32.973 0 0 I ueventd : firmware: loading 'npu.b05' for '/devices/platform/soc/9800000.qcom,npu/firmware/npu.b05'
01-01 08:00:32.973 0 0 I ueventd : firmware: loading 'cvpss.b06' for '/devices/platform/soc/abb0000.qcom,cvpss/firmware/cvpss.b06'
01-01 08:00:32.973 0 0 I ueventd : firmware: loading 'cvpss.b02' for '/devices/platform/soc/abb0000.qcom,cvpss/firmware/cvpss.b02'
01-01 08:00:32.973 0 0 I ueventd : firmware: loading 'cvpss.b08' for '/devices/platform/soc/abb0000.qcom,cvpss/firmware/cvpss.b08'
01-01 08:00:32.974 0 0 I ueventd : firmware: loading 'cvpss.b10' for '/devices/platform/soc/abb0000.qcom,cvpss/firmware/cvpss.b10'
01-01 08:00:32.974 0 0 W subsys-pil-tz 9800000.qcom,npu: Falling back to syfs fallback for: npu.b06
01-01 08:00:32.974 0 0 I ueventd : loading /devices/platform/soc/abb0000.qcom,cvpss/firmware/cvpss.b08 took 0ms
01-01 08:00:32.974 0 0 I ueventd : firmware: loading 'cvpss.b07' for '/devices/platform/soc/abb0000.qcom,cvpss/firmware/cvpss.b07'
01-01 08:00:32.974 0 0 I ueventd : firmware: loading 'cvpss.b19' for '/devices/platform/soc/abb0000.qcom,cvpss/firmware/cvpss.b19'
01-01 08:00:32.975 0 0 I ueventd : firmware: loading 'cvpss.b09' for '/devices/platform/soc/abb0000.qcom,cvpss/firmware/cvpss.b09'
01-01 08:00:32.975 0 0 I ueventd : firmware: loading 'npu.b03' for '/devices/platform/soc/9800000.qcom,npu/firmware/npu.b03'
01-01 08:00:32.975 0 0 I ueventd : loading /devices/platform/soc/abb0000.qcom,cvpss/firmware/cvpss.b19 took 0ms
01-01 08:00:32.976 0 0 I ueventd : loading /devices/platform/soc/abb0000.qcom,cvpss/firmware/cvpss.b09 took 1ms
01-01 08:00:32.976 0 0 I ueventd : loading /devices/platform/soc/9800000.qcom,npu/firmware/npu.b03 took 1ms
01-01 08:00:32.977 0 0 I ueventd : firmware: loading 'npu.b06' for '/devices/platform/soc/9800000.qcom,npu/firmware/npu.b06'
01-01 08:00:32.978 0 0 I ueventd : loading /devices/platform/soc/abb0000.qcom,cvpss/firmware/cvpss.b06 took 4ms
01-01 08:00:32.978 0 0 I subsys-pil-tz 17300000.qcom,lpass: Subsystem error monitoring/handling services are up
01-01 08:00:32.978 0 0 I ueventd : loading /devices/platform/soc/abb0000.qcom,cvpss/firmware/cvpss.b04 took 9ms
01-01 08:00:32.979 0 0 I ueventd : loading /devices/platform/soc/9800000.qcom,npu/firmware/npu.b06 took 1ms
01-01 08:00:32.979 0 0 I ueventd : loading /devices/platform/soc/abb0000.qcom,cvpss/firmware/cvpss.b03 took 11ms
01-01 08:00:32.979 0 0 I ueventd : loading /devices/platform/soc/abb0000.qcom,cvpss/firmware/cvpss.b05 took 6ms
01-01 08:00:32.980 0 0 I ueventd : loading /devices/platform/soc/9800000.qcom,npu/firmware/npu.b05 took 7ms
01-01 08:00:32.980 0 0 I ueventd : loading /devices/platform/soc/abb0000.qcom,cvpss/firmware/cvpss.b07 took 6ms
01-01 08:00:32.981 0 0 I ueventd : firmware: loading 'npu.b02' for '/devices/platform/soc/9800000.qcom,npu/firmware/npu.b02'
01-01 08:00:32.983 0 0 I ueventd : loading /devices/platform/soc/9800000.qcom,npu/firmware/npu.b02 took 1ms
01-01 08:00:32.988 0 0 I ueventd : loading /devices/platform/soc/abb0000.qcom,cvpss/firmware/cvpss.b02 took 15ms
01-01 08:00:32.989 0 0 I ueventd : firmware: loading 'npu.b04' for '/devices/platform/soc/9800000.qcom,npu/firmware/npu.b04'
01-01 08:00:32.990 0 0 I ueventd : loading /devices/platform/soc/abb0000.qcom,cvpss/firmware/cvpss.b10 took 16ms
01-01 08:00:32.996 0 0 I subsys-pil-tz 17300000.qcom,lpass: adsp: Power/Clock ready interrupt received
01-01 08:00:32.997 0 0 I ueventd : loading /devices/platform/soc/9800000.qcom,npu/firmware/npu.b04 took 7ms
01-01 08:00:33.000 0 0 I subsys-pil-tz abb0000.qcom,cvpss: cvpss: Brought out of reset
01-01 08:00:33.006 0 0 I adsprpc : fastrpc_restart_notifier_cb: adsp subsystem is up
01-01 08:00:33.007 0 0 D cnss : DRV subsystem is connected
01-01 08:00:33.007 0 0 I adsprpc : fastrpc_rpmsg_probe: opened rpmsg channel for adsp
01-01 08:00:33.008 0 0 I subsys-pil-tz 9800000.qcom,npu: npu: Brought out of reset
01-01 08:00:33.008 0 0 I qcom_smd_qrtr_probe: Entered
01-01 08:00:33.008 0 0 I qcom_smd_qrtr_probe: SMD QRTR driver probed
01-01 08:00:33.009 0 0 I apr_tal_rpmsg qcom,glink: adsp.apr_audio_svc.-1.-1: apr_tal_rpmsg_probe: Channel[apr_audio_svc] state[Up]
01-01 08:00:33.015 0 0 I qcom_rpmh DRV: apps_rsc TCS Busy, retrying RPMH message send: addr=0x30030
01-01 08:00:33.025 0 0 E register_client_adhoc: find path.src 1 dest 589
01-01 08:00:33.025 0 0 E register_client_adhoc: Failed to find path.src 1 dest 589
01-01 08:00:33.033 0 0 I qcom_rpmh DRV: apps_rsc TCS Busy, retrying RPMH message send: addr=0x30040
01-01 08:00:33.042 0 0 E : [drm:dp_display_init_aux_switch][msm-dp-err][70 ]failed to register notifier (-22)
01-01 08:00:33.045 0 0 I NPU_INFO: npu_get_fw_caps: 236 fw caps 0:2007
01-01 08:00:33.045 0 0 I NPU_INFO: npu_get_fw_caps: 236 fw caps 1:80000005
01-01 08:00:33.045 0 0 I NPU_INFO: npu_get_fw_caps: 236 fw caps 2:0
01-01 08:00:33.045 0 0 I NPU_INFO: npu_get_fw_caps: 236 fw caps 3:0
01-01 08:00:33.045 0 0 W NPU_WARN: host_session_msg_hdlr: 1904 handle npu session msg when FW is disabled
01-01 08:00:33.045 0 0 I NPU_INFO: npu_get_fw_caps: 236 fw caps 4:0
01-01 08:00:33.045 0 0 I NPU_INFO: npu_get_fw_caps: 236 fw caps 5:0
01-01 08:00:33.045 0 0 I NPU_INFO: npu_get_fw_caps: 236 fw caps 6:0
01-01 08:00:33.045 0 0 I NPU_INFO: npu_get_fw_caps: 236 fw caps 7:0
01-01 08:00:33.048 0 0 I qcom_smd_qrtr_probe: Entered
01-01 08:00:33.049 0 0 I qcom_smd_qrtr_probe: SMD QRTR driver probed
01-01 08:00:33.118 695 695 I boot_progress_preload_end: 30615
01-01 08:00:33.178 701 701 I snet_event_log: [200284993,-1,]
01-01 08:00:33.200 701 701 D Build : ro.build.display.id=01.00.0082.X101
01-01 08:00:33.629 0 0 I binder : 782:782 ioctl 40046210 7fc8a60f74 returned -22
01-01 08:00:33.638 0 0 E register_client_adhoc: find path.src 1 dest 589
01-01 08:00:33.360 782 782 I SystemServerTiming: InitBeforeStartServices
01-01 08:00:33.361 782 782 I system_server_start: [1,30857,30857]
01-01 08:00:33.361 782 782 I SystemServer: Entered the Android system server!
01-01 08:00:33.361 782 782 I boot_progress_system_run: 30858
01-01 08:00:33.638 0 0 E register_client_adhoc: Failed to find path.src 1 dest 589
01-01 08:00:34.722 0 0 E : [drm:dp_display_init_aux_switch][msm-dp-err][70 ]failed to register notifier (-22)
01-01 08:00:34.753 0 0 I msm_cvp : err: Failed to create debugfs for msm_cvp
01-01 08:00:34.759 0 0 I msm_cvp : info: Closed cvp instance: 0000000000000000 session_id = 0
01-01 08:00:34.766 0 0 I init : Command 'write /sys/devices/virtual/cvp/cvp/boot 1' action=early-boot (/vendor/etc/init/hw/init.qcom.rc:90) took 1928ms and succeeded
01-01 08:00:34.781 0 0 I init : starting service 'exec 18 (/vendor/bin/init.qcom.early_boot.sh)'...
01-01 08:00:34.474 782 782 I SystemServerInitThreadPool: Creating instance with 8 threads
01-01 08:00:34.790 0 0 I init : SVC_EXEC service 'exec 18 (/vendor/bin/init.qcom.early_boot.sh)' pid 799 (uid 0 gid 0+0 context u:r:vendor_qti_init_shell:s0) started; waiting...
01-01 08:00:34.878 0 0 I init : Service 'exec 18 (/vendor/bin/init.qcom.early_boot.sh)' (pid 799) exited with status 0 waiting took 0.088000 seconds
01-01 08:00:34.890 0 0 I init : Sending signal 9 to service 'exec 18 (/vendor/bin/init.qcom.early_boot.sh)' (pid 799) process group...
01-01 08:00:34.901 0 0 I libprocessgroup: Successfully killed process cgroup uid 0 pid 799 in 0ms
01-01 08:00:34.909 0 0 I init : Command 'exec u:r:vendor_qti_init_shell:s0 -- /vendor/bin/init.qti.can.sh' action=early-boot (/vendor/etc/init/hw/init.qcom.rc:92) took 0ms and failed: Could not start exec service: Cannot find '/vendor/bin/init.qti.can.sh': No such file or directory
01-01 08:00:34.624 782 782 I SystemServerTiming: StartServices
01-01 08:00:34.624 782 782 I SystemServerTiming: startBootstrapServices
01-01 08:00:34.624 782 782 I SystemServerTiming: StartWatchdog
01-01 08:00:34.628 782 782 I SystemServer: Reading configuration...
01-01 08:00:34.628 782 782 I SystemServerTiming: ReadingSystemConfig
01-01 08:00:34.628 782 782 I SystemServerTiming: PlatformCompat
01-01 08:00:34.628 782 829 I SystemServerTimingAsync: InitThreadPoolExec:ReadingSystemConfig
01-01 08:00:34.628 782 829 D SystemServerInitThreadPool: Started executing ReadingSystemConfig
01-01 08:00:34.630 782 829 I SystemConfig: Reading permissions from /system/etc/sysconfig/framework-sysconfig.xml
01-01 08:00:34.630 782 782 D CompatConfig: Found a config file: /system/etc/compatconfig/icu4j-platform-compat-config.xml
01-01 08:00:34.630 782 829 I SystemConfig: Reading permissions from /system/etc/sysconfig/preinstalled-packages-com.android.providers.media.module.xml
01-01 08:00:34.631 782 829 I SystemConfig: Reading permissions from /system/etc/sysconfig/hiddenapi-package-whitelist.xml
01-01 08:00:34.631 782 782 D CompatConfig: Adding: com.android.server.compat.config.Change@fc7fe1e
01-01 08:00:34.631 782 829 I SystemConfig: Reading permissions from /system/etc/sysconfig/preinstalled-packages-platform-full-base.xml
01-01 08:00:34.632 782 829 I SystemConfig: Reading permissions from /system/etc/sysconfig/preinstalled-packages-platform.xml
01-01 08:00:34.632 782 829 I SystemConfig: Reading permissions from /system/etc/sysconfig/qti_whitelist.xml
01-01 08:00:34.934 0 0 E init : Unable to set property 'ro.sf.lcd_density' from uid:0 gid:0 pid:477: Read-only property was already set
01-01 08:00:34.632 782 782 D CompatConfig: Found a config file: /system/etc/compatconfig/services-platform-compat-config.xml
01-01 08:00:34.633 782 829 I SystemConfig: Reading permissions from /system/etc/permissions/com.thundercomm.screensaver.xml
01-01 08:00:34.633 782 829 I SystemConfig: Reading permissions from /system/etc/permissions/com.android.networkstack.tethering.xml
01-01 08:00:34.633 782 782 D CompatConfig: Adding: com.android.server.compat.config.Change@b2f1391
01-01 08:00:34.633 782 782 D CompatConfig: Adding: com.android.server.compat.config.Change@e27b2f6
01-01 08:00:34.633 782 829 I SystemConfig: Reading permissions from /system/etc/permissions/com.android.networkstack.xml
01-01 08:00:34.633 782 782 D CompatConfig: Adding: com.android.server.compat.config.Change@f787964
01-01 08:00:34.633 782 782 D CompatConfig: Adding: com.android.server.compat.config.Change@2a057cd
01-01 08:00:34.634 782 829 I SystemConfig: Reading permissions from /system/etc/permissions/javax.obex.xml
01-01 08:00:34.634 782 782 D CompatConfig: Adding: com.android.server.compat.config.Change@62b6b93
01-01 08:00:34.634 782 782 D CompatConfig: Adding: com.android.server.compat.config.Change@1f5c7d0
01-01 08:00:34.634 782 782 D CompatConfig: Adding: com.android.server.compat.config.Change@367a3c9
01-01 08:00:34.634 782 829 I SystemConfig: Reading permissions from /system/etc/permissions/android.test.base.xml
01-01 08:00:34.634 782 782 D CompatConfig: Adding: com.android.server.compat.config.Change@9172def
01-01 08:00:34.634 782 782 D CompatConfig: Adding: com.android.server.compat.config.Change@4b790fc
01-01 08:00:34.634 782 829 I SystemConfig: Reading permissions from /system/etc/permissions/com.android.media.remotedisplay.xml
01-01 08:00:34.634 782 782 D CompatConfig: Adding: com.android.server.compat.config.Change@7d625da
01-01 08:00:34.634 782 782 D CompatConfig: Adding: com.android.server.compat.config.Change@652ba0b
01-01 08:00:34.634 782 782 D CompatConfig: Adding: com.android.server.compat.config.Change@56ac0e8
01-01 08:00:34.635 782 829 I SystemConfig: Reading permissions from /system/etc/permissions/privapp-permissions-platform.xml
01-01 08:00:34.635 782 782 D CompatConfig: Adding: com.android.server.compat.config.Change@780c5a6
01-01 08:00:34.635 782 782 D CompatConfig: Adding: com.android.server.compat.config.Change@270ebe7
01-01 08:00:34.635 782 782 D CompatConfig: Adding: com.android.server.compat.config.Change@d9f0394
01-01 08:00:34.635 782 782 D CompatConfig: Adding: com.android.server.compat.config.Change@843ce3d
01-01 08:00:34.635 782 782 D CompatConfig: Adding: com.android.server.compat.config.Change@de39632
01-01 08:00:34.635 782 782 D CompatConfig: Adding: com.android.server.compat.config.Change@e565f83
01-01 08:00:34.635 782 782 D CompatConfig: Adding: com.android.server.compat.config.Change@e32c500
01-01 08:00:34.635 782 782 D CompatConfig: Adding: com.android.server.compat.config.Change@1a41139
01-01 08:00:34.636 782 782 D CompatConfig: Adding: com.android.server.compat.config.Change@b30e37e
01-01 08:00:34.636 782 782 D CompatConfig: Adding: com.android.server.compat.config.Change@a9570df
01-01 08:00:34.636 782 782 D CompatConfig: Adding: com.android.server.compat.config.Change@57f312c
01-01 08:00:34.636 782 782 D CompatConfig: Adding: com.android.server.compat.config.Change@c2b87f5
01-01 08:00:34.636 782 782 D CompatConfig: Adding: com.android.server.compat.config.Change@e73b98a
01-01 08:00:34.636 782 782 D CompatConfig: Adding: com.android.server.compat.config.Change@48a3bfb
01-01 08:00:34.636 782 782 D CompatConfig: Adding: com.android.server.compat.config.Change@c443418
01-01 08:00:34.636 782 829 I SystemConfig: Reading permissions from /system/etc/permissions/privapp-permissions-qti.xml
01-01 08:00:34.636 782 782 D CompatConfig: Adding: com.android.server.compat.config.Change@a5be456
01-01 08:00:34.636 782 782 D CompatConfig: Adding: com.android.server.compat.config.Change@9369cd7
01-01 08:00:34.637 782 829 I SystemConfig: Reading permissions from /system/etc/permissions/com.thundercomm.debugtools.xml
01-01 08:00:34.637 782 782 D CompatConfig: Adding: com.android.server.compat.config.Change@3a9c0ad
01-01 08:00:34.637 782 782 D CompatConfig: Adding: com.android.server.compat.config.Change@ac9efe2
01-01 08:00:34.637 782 782 D CompatConfig: Adding: com.android.server.compat.config.Change@9de2f73
01-01 08:00:34.637 782 829 I SystemConfig: Reading permissions from /system/etc/permissions/com.baidu.input.xml
01-01 08:00:34.637 782 782 D CompatConfig: Adding: com.android.server.compat.config.Change@54ebaa9
01-01 08:00:34.638 782 782 D CompatConfig: Adding: com.android.server.compat.config.Change@71b282e
01-01 08:00:34.638 782 782 D CompatConfig: Adding: com.android.server.compat.config.Change@d473d5c
01-01 08:00:34.638 782 829 I SystemConfig: Reading permissions from /system/etc/permissions/android.test.mock.xml
01-01 08:00:34.638 782 782 D CompatConfig: Adding: com.android.server.compat.config.Change@d2f5865
01-01 08:00:34.638 782 782 D CompatConfig: Adding: com.android.server.compat.config.Change@d35993a
01-01 08:00:34.638 782 829 I SystemConfig: Reading permissions from /system/etc/permissions/android.software.live_wallpaper.xml
01-01 08:00:34.638 782 782 D CompatConfig: Adding: com.android.server.compat.config.Change@7b8d348
01-01 08:00:34.638 782 782 D CompatConfig: Adding: com.android.server.compat.config.Change@bc215e1
01-01 08:00:34.638 782 829 I SystemConfig: Reading permissions from /system/etc/permissions/android.test.runner.xml
01-01 08:00:34.638 782 782 D CompatConfig: Adding: com.android.server.compat.config.Change@20269c7
01-01 08:00:34.638 782 782 D CompatConfig: Adding: com.android.server.compat.config.Change@e2bdbf4
01-01 08:00:34.638 782 782 D CompatConfig: Adding: com.android.server.compat.config.Change@8692f1d
01-01 08:00:34.639 782 829 I SystemConfig: Reading permissions from /system/etc/permissions/com.android.nfc_extras.xml
01-01 08:00:34.639 782 782 D CompatConfig: Adding: com.android.server.compat.config.Change@7b1db63
01-01 08:00:34.639 782 782 D CompatConfig: Adding: com.android.server.compat.config.Change@924c360
01-01 08:00:34.639 782 829 I SystemConfig: Reading permissions from /system/etc/permissions/com.android.location.provider.xml
01-01 08:00:34.639 782 782 D CompatConfig: Adding: com.android.server.compat.config.Change@437f8de
01-01 08:00:34.639 782 782 D CompatConfig: Adding: com.android.server.compat.config.Change@35ccabf
01-01 08:00:34.639 782 782 D CompatConfig: Adding: com.android.server.compat.config.Change@302b58c
01-01 08:00:34.639 782 782 D CompatConfig: Adding: com.android.server.compat.config.Change@1c024d5
01-01 08:00:34.639 782 829 I SystemConfig: Reading permissions from /system/etc/permissions/com.android.mediadrm.signer.xml
01-01 08:00:34.639 782 782 D CompatConfig: Adding: com.android.server.compat.config.Change@a9d53db
01-01 08:00:34.639 782 782 D CompatConfig: Adding: com.android.server.compat.config.Change@aeb9e78
01-01 08:00:34.640 782 782 D CompatConfig: Adding: com.android.server.compat.config.Change@96b3951
01-01 08:00:34.640 782 829 I SystemConfig: Reading permissions from /system/etc/permissions/org.apache.http.legacy.xml
01-01 08:00:34.640 782 782 D CompatConfig: Adding: com.android.server.compat.config.Change@89352b7
01-01 08:00:34.640 782 782 D CompatConfig: Found a config file: /system/etc/compatconfig/framework-platform-compat-config.xml
01-01 08:00:34.640 782 829 I SystemConfig: Reading permissions from /system/etc/permissions/android.software.freeform_window_management.xml
01-01 08:00:34.640 782 829 I SystemConfig: Reading permissions from /system/etc/permissions/com.android.documentsui.xml
01-01 08:00:34.640 782 829 I SystemConfig: Reading permissions from /system/etc/permissions/android.software.webview.xml
01-01 08:00:34.640 782 782 D CompatConfig: Adding: com.android.server.compat.config.Change@a1fc490
01-01 08:00:34.641 782 829 I SystemConfig: Reading permissions from /system/etc/permissions/com.android.future.usb.accessory.xml
01-01 08:00:34.641 782 782 D CompatConfig: Adding: com.android.server.compat.config.Change@a42558e
01-01 08:00:34.641 782 782 D CompatConfig: Adding: com.android.server.compat.config.Change@e23e1af
01-01 08:00:34.641 782 782 D CompatConfig: Adding: com.android.server.compat.config.Change@6499bc
01-01 08:00:34.641 782 829 I SystemConfig: Reading permissions from /system/etc/permissions/com.thundercomm.tcservice.xml
01-01 08:00:34.641 782 782 D CompatConfig: Adding: com.android.server.compat.config.Change@2923c9a
01-01 08:00:34.641 782 782 D CompatConfig: Adding: com.android.server.compat.config.Change@fd6e9cb
01-01 08:00:34.641 782 782 D CompatConfig: Adding: com.android.server.compat.config.Change@41c18c1
01-01 08:00:34.641 782 829 I SystemConfig: Reading permissions from /system/etc/permissions/platform.xml
01-01 08:00:34.641 782 782 D CompatConfig: Adding: com.android.server.compat.config.Change@5c78866
01-01 08:00:34.641 782 782 D CompatConfig: Adding: com.android.server.compat.config.Change@66857a7
01-01 08:00:34.642 782 782 D CompatConfig: Adding: com.android.server.compat.config.Change@74c6454
01-01 08:00:34.642 782 782 D CompatConfig: Adding: com.android.server.compat.config.Change@f107ffd
01-01 08:00:34.642 782 782 D CompatConfig: Adding: com.android.server.compat.config.Change@bb3c4f2
01-01 08:00:34.642 782 782 D CompatConfig: Adding: com.android.server.compat.config.Change@6b8c743
01-01 08:00:34.642 782 782 D CompatConfig: Adding: com.android.server.compat.config.Change@a3571c0
01-01 08:00:34.642 782 782 D CompatConfig: Adding: com.android.server.compat.config.Change@bea1ef9
01-01 08:00:34.642 782 782 D CompatConfig: Adding: com.android.server.compat.config.Change@5b53e3e
01-01 08:00:34.642 782 782 D CompatConfig: Adding: com.android.server.compat.config.Change@916949f
01-01 08:00:34.643 782 782 D CompatConfig: Adding: com.android.server.compat.config.Change@1dfe9ec
01-01 08:00:34.643 782 829 I SystemConfig: Reading permissions from /vendor/etc/permissions/handheld_core_hardware.xml
01-01 08:00:34.643 782 782 D CompatConfig: Adding: com.android.server.compat.config.Change@ac3004a
01-01 08:00:34.643 782 782 D CompatConfig: Adding: com.android.server.compat.config.Change@259dbbb
01-01 08:00:34.643 782 782 D CompatConfig: Adding: com.android.server.compat.config.Change@ed7b8d8
01-01 08:00:34.643 782 782 D CompatConfig: Adding: com.android.server.compat.config.Change@b3bb431
01-01 08:00:34.643 782 829 I SystemConfig: Reading permissions from /vendor/etc/permissions/android.hardware.wifi.direct.xml
01-01 08:00:34.643 782 782 D CompatConfig: Adding: com.android.server.compat.config.Change@2c07897
01-01 08:00:34.643 782 782 D CompatConfig: Adding: com.android.server.compat.config.Change@c7b8a84
01-01 08:00:34.643 782 829 I SystemConfig: Reading permissions from /vendor/etc/permissions/android.hardware.sensor.relative_humidity.xml
01-01 08:00:34.643 782 782 D CompatConfig: Adding: com.android.server.compat.config.Change@3634ea2
01-01 08:00:34.643 782 782 D CompatConfig: Adding: com.android.server.compat.config.Change@68a0733
01-01 08:00:34.644 782 782 D CompatConfig: Adding: com.android.server.compat.config.Change@b68caf0
01-01 08:00:34.644 782 782 D CompatConfig: Adding: com.android.server.compat.config.Change@f13b869
01-01 08:00:34.644 782 829 I SystemConfig: Reading permissions from /vendor/etc/permissions/android.hardware.opengles.aep.xml
01-01 08:00:34.644 782 782 D CompatConfig: Adding: com.android.server.compat.config.Change@453e38f
01-01 08:00:34.644 782 782 D CompatConfig: Adding: com.android.server.compat.config.Change@6a7a61c
01-01 08:00:34.644 782 782 D CompatConfig: Adding: com.android.server.compat.config.Change@e440ffa
01-01 08:00:34.644 782 829 I SystemConfig: Reading permissions from /vendor/etc/permissions/android.hardware.usb.host.xml
01-01 08:00:34.644 782 782 D CompatConfig: Adding: com.android.server.compat.config.Change@53529ab
01-01 08:00:34.644 782 782 D CompatConfig: Adding: com.android.server.compat.config.Change@f970808
01-01 08:00:34.644 782 829 I SystemConfig: Reading permissions from /vendor/etc/permissions/android.hardware.sensor.ambient_temperature.xml
01-01 08:00:34.644 782 782 D CompatConfig: Adding: com.android.server.compat.config.Change@8b331c6
01-01 08:00:34.644 782 782 D CompatConfig: Adding: com.android.server.compat.config.Change@29ab587
01-01 08:00:34.645 782 782 D CompatConfig: Adding: com.android.server.compat.config.Change@3f1c0dd
01-01 08:00:34.645 782 829 I SystemConfig: Reading permissions from /vendor/etc/permissions/android.hardware.se.omapi.ese.xml
01-01 08:00:34.645 782 782 D CompatConfig: Adding: com.android.server.compat.config.Change@ea0a452
01-01 08:00:34.645 782 782 D CompatConfig: Adding: com.android.server.compat.config.Change@5e32323
01-01 08:00:34.645 782 829 I SystemConfig: Reading permissions from /vendor/etc/permissions/android.hardware.sensor.compass.xml
01-01 08:00:34.645 782 782 D CompatConfig: Adding: com.android.server.compat.config.Change@34e8dd9
01-01 08:00:34.645 782 782 D CompatConfig: Adding: com.android.server.compat.config.Change@680b39e
01-01 08:00:34.645 782 782 D CompatConfig: Adding: com.android.server.compat.config.Change@5bace7f
01-01 08:00:34.645 782 829 I SystemConfig: Reading permissions from /vendor/etc/permissions/android.hardware.touchscreen.multitouch.jazzhand.xml
01-01 08:00:34.645 782 782 D CompatConfig: Adding: com.android.server.compat.config.Change@8112e95
01-01 08:00:34.645 782 782 D CompatConfig: Adding: com.android.server.compat.config.Change@7c06baa
01-01 08:00:34.645 782 829 I SystemConfig: Reading permissions from /vendor/etc/permissions/android.software.verified_boot.xml
01-01 08:00:34.645 782 782 D CompatConfig: Adding: com.android.server.compat.config.Change@8208338
01-01 08:00:34.646 782 782 D CompatConfig: Adding: com.android.server.compat.config.Change@3231f11
01-01 08:00:34.646 782 829 I SystemConfig: Reading permissions from /vendor/etc/permissions/android.hardware.se.omapi.uicc.xml
01-01 08:00:34.646 782 782 D CompatConfig: Adding: com.android.server.compat.config.Change@8b60e77
01-01 08:00:34.646 782 782 D CompatConfig: Adding: com.android.server.compat.config.Change@4f69ae4
01-01 08:00:34.646 782 782 D CompatConfig: Adding: com.android.server.compat.config.Change@899b4d
01-01 08:00:34.646 782 829 I SystemConfig: Reading permissions from /vendor/etc/permissions/android.hardware.vulkan.level-1.xml
01-01 08:00:34.646 782 782 D CompatConfig: Adding: com.android.server.compat.config.Change@4731b13
01-01 08:00:34.646 782 782 D CompatConfig: Adding: com.android.server.compat.config.Change@af48150
01-01 08:00:34.646 782 829 I SystemConfig: Reading permissions from /vendor/etc/permissions/android.hardware.vulkan.version-1_1.xml
01-01 08:00:34.646 782 782 D CompatConfig: Adding: com.android.server.compat.config.Change@c8f404e
01-01 08:00:34.646 782 782 D CompatConfig: Adding: com.android.server.compat.config.Change@8ea556f
01-01 08:00:34.647 782 782 D CompatConfig: Adding: com.android.server.compat.config.Change@19be705
01-01 08:00:34.647 782 829 I SystemConfig: Reading permissions from /vendor/etc/permissions/android.software.ipsec_tunnels.xml
01-01 08:00:34.647 782 782 D CompatConfig: Adding: com.android.server.compat.config.Change@2a3135a
01-01 08:00:34.647 782 782 D CompatConfig: Adding: com.android.server.compat.config.Change@f0d98b
01-01 08:00:34.647 782 829 I SystemConfig: Reading permissions from /vendor/etc/permissions/android.hardware.usb.accessory.xml
01-01 08:00:34.647 782 782 D CompatConfig: Adding: com.android.server.compat.config.Change@978ee81
01-01 08:00:34.647 782 782 D CompatConfig: Adding: com.android.server.compat.config.Change@9ef0b26
01-01 08:00:34.647 782 782 D CompatConfig: Adding: com.android.server.compat.config.Change@5918367
01-01 08:00:34.647 782 829 I SystemConfig: Reading permissions from /vendor/etc/permissions/android.hardware.vulkan.compute-0.xml
01-01 08:00:34.647 782 782 D CompatConfig: Found a config file: /system/etc/compatconfig/calendar-provider-compat-config.xml
01-01 08:00:34.647 782 829 I SystemConfig: Reading permissions from /vendor/etc/permissions/android.hardware.wifi.xml
01-01 08:00:34.647 782 782 D CompatConfig: Adding: com.android.server.compat.config.Change@ba8ef03
01-01 08:00:34.648 782 782 D CompatConfig: Found a config file: /system/etc/compatconfig/documents-ui-compat-config.xml
01-01 08:00:34.648 782 829 I SystemConfig: Reading permissions from /vendor/etc/permissions/qti_fingerprint_interface.xml
01-01 08:00:34.648 782 782 D CompatConfig: Adding: com.android.server.compat.config.Change@97258fe
01-01 08:00:34.648 782 829 I SystemConfig: Reading permissions from /vendor/etc/permissions/vendor-qti-hardware-sensorscalibrate.xml
01-01 08:00:34.648 782 782 D CompatConfig: Found a config file: /system/system_ext/etc/compatconfig/settings-platform-compat-config.xml
01-01 08:00:34.648 782 829 I SystemConfig: Reading permissions from /vendor/etc/permissions/android.hardware.wifi.aware.xml
01-01 08:00:34.648 782 829 I SystemConfig: Reading permissions from /vendor/etc/permissions/android.hardware.wifi.rtt.xml
01-01 08:00:34.648 782 782 D CompatConfig: Adding: com.android.server.compat.config.Change@8af3b7b
01-01 08:00:34.649 782 829 I SystemConfig: Reading permissions from /vendor/etc/permissions/android.hardware.bluetooth_le.xml
01-01 08:00:34.649 782 782 D CompatConfig: No directory /apex/com.android.vndk.v30/etc/compatconfig, skipping
01-01 08:00:34.649 782 782 D CompatConfig: No directory /apex/com.android.wifi/etc/compatconfig, skipping
01-01 08:00:34.649 782 782 D CompatConfig: No directory /apex/com.android.vndk.v31/etc/compatconfig, skipping
01-01 08:00:34.649 782 829 I SystemConfig: Reading permissions from /vendor/etc/permissions/android.hardware.light.xml
01-01 08:00:34.649 782 782 D CompatConfig: No directory /apex/com.android.tzdata/etc/compatconfig, skipping
01-01 08:00:34.649 782 782 D CompatConfig: No directory /apex/com.android.tethering/etc/compatconfig, skipping
01-01 08:00:34.649 782 782 D CompatConfig: No directory /apex/com.android.sdkext/etc/compatconfig, skipping
01-01 08:00:34.649 782 782 D CompatConfig: No directory /apex/com.android.scheduling/etc/compatconfig, skipping
01-01 08:00:34.649 782 782 D CompatConfig: No directory /apex/com.android.runtime/etc/compatconfig, skipping
01-01 08:00:34.649 782 782 D CompatConfig: No directory /apex/com.android.resolv/etc/compatconfig, skipping
01-01 08:00:34.649 782 782 D CompatConfig: No directory /apex/com.android.permission/etc/compatconfig, skipping
01-01 08:00:34.649 782 782 D CompatConfig: No directory /apex/com.android.os.statsd/etc/compatconfig, skipping
01-01 08:00:34.649 782 782 D CompatConfig: No directory /apex/com.android.neuralnetworks/etc/compatconfig, skipping
01-01 08:00:34.649 782 829 I SystemConfig: Reading permissions from /vendor/etc/permissions/android.software.midi.xml
01-01 08:00:34.649 782 782 D CompatConfig: Found a config file: /apex/com.android.mediaprovider/etc/compatconfig/media-provider-platform-compat-config.xml
01-01 08:00:34.649 782 829 I SystemConfig: Reading permissions from /vendor/etc/permissions/android.software.device_id_attestation.xml
01-01 08:00:34.650 782 829 I SystemConfig: Reading permissions from /vendor/etc/permissions/android.hardware.fingerprint.xml
01-01 08:00:34.650 782 782 D CompatConfig: Adding: com.android.server.compat.config.Change@3d96d62
01-01 08:00:34.650 782 782 D CompatConfig: Adding: com.android.server.compat.config.Change@eb39ef3
01-01 08:00:34.650 782 782 D CompatConfig: Adding: com.android.server.compat.config.Change@fdae7b0
01-01 08:00:34.650 782 829 I SystemConfig: Reading permissions from /vendor/etc/permissions/android.hardware.sensor.hifi_sensors.xml
01-01 08:00:34.946 0 0 I init : processing action (early-boot) from (/vendor/etc/init/hw/init.target.rc:76)
01-01 08:00:34.955 0 0 I init : processing action (early-boot) from (/system/etc/init/installd.rc:5)
01-01 08:00:34.650 782 782 D CompatConfig: Adding: com.android.server.compat.config.Change@164fdae
01-01 08:00:34.650 782 782 D CompatConfig: Adding: com.android.server.compat.config.Change@fdf374f
01-01 08:00:34.650 782 829 I SystemConfig: Reading permissions from /vendor/etc/permissions/android.hardware.audio.low_latency.xml
01-01 08:00:34.650 782 782 D CompatConfig: Adding: com.android.server.compat.config.Change@bad4be5
01-01 08:00:34.651 782 782 D CompatConfig: Adding: com.android.server.compat.config.Change@e0746ba
01-01 08:00:34.651 782 829 I SystemConfig: Reading permissions from /vendor/etc/permissions/android.hardware.bluetooth.xml
01-01 08:00:34.651 782 782 D CompatConfig: No directory /apex/com.android.media.swcodec/etc/compatconfig, skipping
01-01 08:00:34.651 782 782 D CompatConfig: No directory /apex/com.android.media/etc/compatconfig, skipping
01-01 08:00:34.651 782 782 D CompatConfig: No directory /apex/com.android.ipsec/etc/compatconfig, skipping
01-01 08:00:34.651 782 782 D CompatConfig: No directory /apex/com.android.i18n/etc/compatconfig, skipping
01-01 08:00:34.651 782 782 D CompatConfig: No directory /apex/com.android.extservices/etc/compatconfig, skipping
01-01 08:00:34.651 782 829 I SystemConfig: Reading permissions from /vendor/etc/permissions/vendor.qti.hardware.factory.xml
01-01 08:00:34.651 782 782 D CompatConfig: No directory /apex/com.android.conscrypt/etc/compatconfig, skipping
01-01 08:00:34.651 782 782 D CompatConfig: Found a config file: /apex/com.android.art/etc/compatconfig/libcore-platform-compat-config.xml
01-01 08:00:34.651 782 829 I SystemConfig: Reading permissions from /vendor/etc/permissions/android.hardware.wifi.passpoint.xml
01-01 08:00:34.651 782 782 D CompatConfig: Adding: com.android.server.compat.config.Change@6141d74
01-01 08:00:34.651 782 829 I SystemConfig: Reading permissions from /vendor/etc/permissions/android.hardware.sensor.accelerometer.xml
01-01 08:00:34.651 782 782 D CompatConfig: Adding: com.android.server.compat.config.Change@342129d
01-01 08:00:34.652 782 782 D CompatConfig: Adding: com.android.server.compat.config.Change@73bf312
01-01 08:00:34.652 782 829 I SystemConfig: Reading permissions from /vendor/etc/permissions/android.hardware.sensor.barometer.xml
01-01 08:00:34.652 782 782 D CompatConfig: Adding: com.android.server.compat.config.Change@10f9ce0
01-01 08:00:34.652 782 782 D CompatConfig: Adding: com.android.server.compat.config.Change@ab23b99
01-01 08:00:34.652 782 829 I SystemConfig: Reading permissions from /vendor/etc/permissions/android.software.vulkan.deqp.level.xml
01-01 08:00:34.652 782 782 D CompatConfig: No directory /apex/com.android.appsearch/etc/compatconfig, skipping
01-01 08:00:34.652 782 782 D CompatConfig: No directory /apex/com.android.adbd/etc/compatconfig, skipping
01-01 08:00:34.652 782 829 I SystemConfig: Reading permissions from /vendor/etc/permissions/android.hardware.audio.pro.xml
01-01 08:00:34.652 782 829 I SystemConfig: Reading permissions from /vendor/etc/permissions/android.hardware.location.gps.xml
01-01 08:00:34.653 782 829 I SystemConfig: Reading permissions from /vendor/etc/permissions/android.hardware.sensor.gyroscope.xml
01-01 08:00:34.653 782 829 I SystemConfig: Reading permissions from /product/etc/sysconfig/preinstalled-packages-platform-overlays.xml
01-01 08:00:34.654 782 829 I SystemConfig: Reading permissions from /product/etc/sysconfig/preinstalled-packages-platform-handheld-product.xml
01-01 08:00:34.654 782 782 I SystemServerTiming: StartFileIntegrityService
01-01 08:00:34.654 782 829 I SystemConfig: Reading permissions from /product/etc/permissions/ims_ext_common.xml
01-01 08:00:34.654 782 782 I SystemServiceManager: Starting com.android.server.security.FileIntegrityService
01-01 08:00:34.655 782 829 I SystemConfig: Reading permissions from /product/etc/permissions/UimService.xml
01-01 08:00:34.655 782 829 I SystemConfig: Reading permissions from /product/etc/permissions/telephony_product_privapp-permissions-qti.xml
01-01 08:00:34.655 782 829 I SystemConfig: Reading permissions from /product/etc/permissions/com.android.settings.intelligence.xml
01-01 08:00:34.656 782 829 I SystemConfig: Reading permissions from /product/etc/permissions/vendor.qti.hardware.data.connection-V1.0-java.xml
01-01 08:00:34.656 782 829 I SystemConfig: Reading permissions from /product/etc/permissions/com.qti.snapdragon.sdk.display.xml
01-01 08:00:34.657 782 829 I SystemConfig: Reading permissions from /product/etc/permissions/vendor.qti.hardware.data.connection-V1.1-java.xml
01-01 08:00:34.658 782 782 I SystemServerTiming: StartInstaller
01-01 08:00:34.658 782 782 I SystemServiceManager: Starting com.android.server.pm.Installer
01-01 08:00:34.658 782 829 I SystemConfig: Reading permissions from /system_ext/etc/sysconfig/qti_whitelist_system_ext.xml
01-01 08:00:34.658 782 782 W Installer: installd not found; trying again
01-01 08:00:34.658 782 829 I SystemConfig: Reading permissions from /system_ext/etc/sysconfig/qti_telephony_system_packages_config.xml
01-01 08:00:34.658 782 782 I SystemServerTiming: DeviceIdentifiersPolicyService
