01-01 08:00:40.570 0 0 I binder : 2321:2321 ioctl 40046210 7fc8a60c34 returned -22
01-01 08:00:40.581 0 0 I binder : 2222:2373 ioctl 40046210 713db029e4 returned -22
01-01 08:00:40.583 0 0 E init : Control message: Could not find 'vendor.qti.hardware.iop@2.0::IIop/default' for ctl.interface_start from pid: 514 (/system/bin/hwservicemanager)
03-14 03:51:07.186 782 796 I am_proc_bound: [0,2321,com.android.networkstack.process]
03-14 03:51:07.187 782 796 D CompatibilityChangeReporter: Compat change id reported: 168419799; UID 1073; state: DISABLED
03-14 03:51:07.188 782 796 I am_uid_active: 1073
03-14 03:51:07.192 782 796 D CompatibilityChangeReporter: Compat change id reported: 168419799; UID 1073; state: DISABLED
03-14 03:51:07.195 782 873 W ActivityManager: Slow operation: 338ms so far, now at startProcess: returned from zygote!
03-14 03:51:07.195 782 873 W ActivityManager: Slow operation: 338ms so far, now at startProcess: done updating battery stats
03-14 03:51:07.195 782 873 I am_proc_start: [0,2389,10080,com.qti.qualcomm.mstatssystemservice,added application,com.qti.qualcomm.mstatssystemservice]
03-14 03:51:07.195 782 873 W ActivityManager: Slow operation: 338ms so far, now at startProcess: building log message
03-14 03:51:07.195 782 873 I ActivityManager: Start proc 2389:com.qti.qualcomm.mstatssystemservice/u0a80 for added application com.qti.qualcomm.mstatssystemservice
03-14 03:51:07.195 782 873 W ActivityManager: Slow operation: 338ms so far, now at startProcess: starting to update pids map
03-14 03:51:07.195 782 873 W ActivityManager: Slow operation: 338ms so far, now at startProcess: done updating pids map
03-14 03:51:07.195 782 873 W ActivityManager: Slow operation: 337ms so far, now at startProcess: asking zygote to start proc
03-14 03:51:07.196 2216 2216 W ContextImpl: Calling a method in the system process without a qualified user: android.app.ContextImpl.startService:1816 android.content.ContextWrapper.startService:774 com.thundercomm.microsettings.service.SettingsApplication.onCreate:30 android.app.Instrumentation.callApplicationOnCreate:1212 android.app.ActivityThread.handleBindApplication:6744
03-14 03:51:07.196 782 796 W ActivityManager: Unable to start service Intent { act=com.thundercomm.microsettings.SETTING_SERVICE pkg=com.thundercomm.microsettings } U=0: not found
03-14 03:51:07.196 2216 2216 W ContextImpl: Calling a method in the system process without a qualified user: android.app.ContextImpl.startService:1816 android.content.ContextWrapper.startService:774 com.thundercomm.microsettings.service.SettingsApplication.onCreate:36 android.app.Instrumentation.callApplicationOnCreate:1212 android.app.ActivityThread.handleBindApplication:6744
03-14 03:51:07.196 782 2148 W ActivityManager: Unable to start service Intent { act=com.thundercomm.microsettings.EOL_SERVICE pkg=com.thundercomm.microsettings } U=0: not found
03-14 03:51:07.198 2006 2006 W OneHandedController: Device doesn't support OneHanded feature
03-14 03:51:07.201 2216 2216 D MicroServiceManager: add linkToDeath
03-14 03:51:07.201 2216 2216 D MicroServiceManager: bindMicroService: called already get service
03-14 03:51:07.202 2216 2216 I MicroServiceManager: addCommonCallbackListener add listener
03-14 03:51:07.203 2216 2216 I MicroServiceManager: addConnectChangedListener add listener
01-01 08:00:40.599 0 0 E init : Control message: Could not find 'vendor.qti.hardware.iop@2.0::IIop/default' for ctl.interface_start from pid: 514 (/system/bin/hwservicemanager)
01-01 08:00:40.600 0 0 I binder : 2389:2389 ioctl 40046210 7fc8a60c34 returned -22
01-01 08:00:40.603 0 0 I binder : 2347:2347 ioctl 40046210 7fc8a60c34 returned -22
03-14 03:51:07.210 782 796 I am_proc_bound: [0,2347,com.thundercomm.tcsetupwizard]
03-14 03:51:07.211 782 796 D CompatibilityChangeReporter: Compat change id reported: 168419799; UID 1000; state: DISABLED
01-01 08:00:40.610 0 0 I binder : 2362:2362 ioctl 40046210 7fc8a60c34 returned -22
03-14 03:51:07.218 782 2148 I am_proc_bound: [0,2362,vendor.qti.qesdk.sysservice]
01-01 08:00:40.615 0 0 E init : Control message: Could not find 'vendor.qti.hardware.iop@2.0::IIop/default' for ctl.interface_start from pid: 514 (/system/bin/hwservicemanager)
03-14 03:51:07.219 782 2148 D CompatibilityChangeReporter: Compat change id reported: 168419799; UID 1000; state: DISABLED
03-14 03:51:07.222 782 873 W ActivityManager: Slow operation: 364ms so far, now at startProcess: returned from zygote!
03-14 03:51:07.222 782 873 W ActivityManager: Slow operation: 364ms so far, now at startProcess: done updating battery stats
03-14 03:51:07.222 782 873 I am_proc_start: [0,2436,1068,com.android.se,added application,com.android.se]
03-14 03:51:07.222 782 873 W ActivityManager: Slow operation: 364ms so far, now at startProcess: building log message
03-14 03:51:07.222 782 873 I ActivityManager: Start proc 2436:com.android.se/1068 for added application com.android.se
03-14 03:51:07.222 782 873 W ActivityManager: Slow operation: 364ms so far, now at startProcess: starting to update pids map
03-14 03:51:07.222 782 873 W ActivityManager: Slow operation: 364ms so far, now at startProcess: done updating pids map
03-14 03:51:07.222 782 873 W ActivityManager: Slow operation: 363ms so far, now at startProcess: asking zygote to start proc
03-14 03:51:07.226 782 797 I am_proc_bound: [0,2389,com.qti.qualcomm.mstatssystemservice]
03-14 03:51:07.227 782 873 W ActivityManager: Slow operation: 368ms so far, now at startProcess: returned from zygote!
03-14 03:51:07.228 782 797 D CompatibilityChangeReporter: Compat change id reported: 168419799; UID 10080; state: DISABLED
03-14 03:51:07.229 782 797 I am_uid_active: 10080
03-14 03:51:07.230 782 873 W ActivityManager: Slow operation: 371ms so far, now at startProcess: done updating battery stats
03-14 03:51:07.230 782 873 I am_proc_start: [0,2439,1000,com.thundercomm.remotecontrolservice,added application,com.thundercomm.remotecontrolservice]
03-14 03:51:07.230 782 873 W ActivityManager: Slow operation: 371ms so far, now at startProcess: building log message
03-14 03:51:07.230 782 873 I ActivityManager: Start proc 2439:com.thundercomm.remotecontrolservice/1000 for added application com.thundercomm.remotecontrolservice
03-14 03:51:07.230 782 873 W ActivityManager: Slow operation: 371ms so far, now at startProcess: starting to update pids map
03-14 03:51:07.234 782 873 W ActivityManager: Slow operation: 375ms so far, now at startProcess: done updating pids map
03-14 03:51:07.234 782 873 W ActivityManager: Slow operation: 374ms so far, now at startProcess: asking zygote to start proc
01-01 08:00:40.629 0 0 I binder : 2436:2436 ioctl 40046210 7fc8a60c34 returned -22
01-01 08:00:40.630 0 0 E init : Control message: Could not find 'vendor.qti.hardware.iop@2.0::IIop/default' for ctl.interface_start from pid: 514 (/system/bin/hwservicemanager)
03-14 03:51:07.239 782 873 W ActivityManager: Slow operation: 379ms so far, now at startProcess: returned from zygote!
03-14 03:51:07.240 782 873 W ActivityManager: Slow operation: 380ms so far, now at startProcess: done updating battery stats
03-14 03:51:07.240 782 873 I am_proc_start: [0,2462,1000,com.thundercomm.tcservice,added application,com.thundercomm.tcservice]
03-14 03:51:07.240 782 873 W ActivityManager: Slow operation: 380ms so far, now at startProcess: building log message
03-14 03:51:07.240 782 873 I ActivityManager: Start proc 2462:com.thundercomm.tcservice/1000 for added application com.thundercomm.tcservice
03-14 03:51:07.240 782 873 W ActivityManager: Slow operation: 380ms so far, now at startProcess: starting to update pids map
03-14 03:51:07.240 782 873 W ActivityManager: Slow operation: 380ms so far, now at startProcess: done updating pids map
03-14 03:51:07.240 782 873 W ActivityManager: Slow operation: 379ms so far, now at startProcess: asking zygote to start proc
03-14 03:51:07.240 782 873 D CompatibilityChangeReporter: Compat change id reported: 143937733; UID 10061; state: ENABLED
03-14 03:51:07.245 782 782 D ConditionProviders.SCP: onSubscribe condition://android/schedule?days=1.2.3.4.5.6.7&start=22.0&end=7.0&exitAtAlarm=true
03-14 03:51:07.245 782 782 D ConditionProviders.SCP: setRegistered true
03-14 03:51:07.246 782 822 D UsbDeviceManager: push notification:正在通过 USB 为此设备充电
03-14 03:51:07.249 782 796 I am_proc_bound: [0,2436,com.android.se]
01-01 08:00:40.644 0 0 I binder : 2439:2439 ioctl 40046210 7fc8a60c34 returned -22
03-14 03:51:07.250 782 796 D CompatibilityChangeReporter: Compat change id reported: 168419799; UID 1068; state: DISABLED
03-14 03:51:07.250 782 796 I am_uid_active: 1068
03-14 03:51:07.251 782 782 D ConditionProviders.SCP: evaluateSubscriptionLocked cal=ScheduleCalendar[mDays={1, 2, 3, 4, 5, 6, 7}, mSchedule=ScheduleInfo{days=[1, 2, 3, 4, 5, 6, 7], startHour=22, startMinute=0, endHour=7, endMinute=0, exitAtAlarm=true, nextAlarm=Thu Jan 01 08:00:00 GMT+08:00 1970 (0)}], now=Tue Mar 14 03:51:07 GMT+08:00 2023 (1678737067245), nextUserAlarmTime=Thu Jan 01 08:00:00 GMT+08:00 1970 (0)
03-14 03:51:07.251 782 782 D ConditionProviders.SCP: notifyCondition condition://android/schedule?days=1.2.3.4.5.6.7&start=22.0&end=7.0&exitAtAlarm=true STATE_TRUE reason=meetsSchedule
03-14 03:51:07.253 782 782 D ConditionProviders.SCP: Scheduling evaluate for Tue Mar 14 07:00:00 GMT+08:00 2023 (1678748400000), in +3h8m52s755ms, now=Tue Mar 14 03:51:07 GMT+08:00 2023 (1678737067245)
03-14 03:51:07.257 782 873 W ActivityManager: Slow operation: 396ms so far, now at startProcess: returned from zygote!
03-14 03:51:07.257 782 873 W ActivityManager: Slow operation: 396ms so far, now at startProcess: done updating battery stats
03-14 03:51:07.257 782 873 I am_proc_start: [0,2481,10061,com.qualcomm.qti.devicestatisticsservice,added application,com.qualcomm.qti.devicestatisticsservice]
03-14 03:51:07.257 782 873 W ActivityManager: Slow operation: 396ms so far, now at startProcess: building log message
03-14 03:51:07.257 782 873 I ActivityManager: Start proc 2481:com.qualcomm.qti.devicestatisticsservice/u0a61 for added application com.qualcomm.qti.devicestatisticsservice
03-14 03:51:07.257 782 873 W ActivityManager: Slow operation: 396ms so far, now at startProcess: starting to update pids map
03-14 03:51:07.257 782 873 W ActivityManager: Slow operation: 396ms so far, now at startProcess: done updating pids map
03-14 03:51:07.257 782 873 W ActivityManager: Slow operation: 395ms so far, now at startProcess: asking zygote to start proc
03-14 03:51:07.258 782 796 I am_proc_bound: [0,2439,com.thundercomm.remotecontrolservice]
03-14 03:51:07.259 782 796 D CompatibilityChangeReporter: Compat change id reported: 168419799; UID 1000; state: DISABLED
01-01 08:00:40.646 0 0 E init : Control message: Could not find 'vendor.qti.hardware.iop@2.0::IIop/default' for ctl.interface_start from pid: 514 (/system/bin/hwservicemanager)
01-01 08:00:40.658 0 0 I binder : 2462:2462 ioctl 40046210 7fc8a60c34 returned -22
01-01 08:00:40.662 0 0 E init : Control message: Could not find 'vendor.qti.hardware.iop@2.0::IIop/default' for ctl.interface_start from pid: 514 (/system/bin/hwservicemanager)
03-14 03:51:07.269 782 873 W ActivityManager: Slow operation: 407ms so far, now at startProcess: returned from zygote!
03-14 03:51:07.269 782 873 W ActivityManager: Slow operation: 407ms so far, now at startProcess: done updating battery stats
03-14 03:51:07.269 782 873 I am_proc_start: [0,2492,1000,com.qualcomm.qti.qdma,added application,com.qualcomm.qti.qdma]
03-14 03:51:07.269 782 873 W ActivityManager: Slow operation: 407ms so far, now at startProcess: building log message
03-14 03:51:07.269 782 873 I ActivityManager: Start proc 2492:com.qualcomm.qti.qdma/1000 for added application com.qualcomm.qti.qdma
03-14 03:51:07.269 782 873 W ActivityManager: Slow operation: 407ms so far, now at startProcess: starting to update pids map
03-14 03:51:07.269 782 873 W ActivityManager: Slow operation: 407ms so far, now at startProcess: done updating pids map
03-14 03:51:07.269 782 873 W ActivityManager: Slow operation: 258ms so far, now at startProcess: asking zygote to start proc
03-14 03:51:07.270 782 782 W BluetoothManagerService: bindBluetoothProfileService:Trying to bind to profile: 1, while Bluetooth is disabled
03-14 03:51:07.272 782 1701 W ActivityThread: Failed to find provider info for com.android.calendar (user not unlocked)
03-14 03:51:07.273 782 1701 W ActivityThread: Failed to find provider info for com.android.calendar (user not unlocked)
03-14 03:51:07.274 782 873 W ActivityManager: Slow operation: 263ms so far, now at startProcess: returned from zygote!
03-14 03:51:07.274 782 873 W ActivityManager: Slow operation: 263ms so far, now at startProcess: done updating battery stats
03-14 03:51:07.274 782 873 I am_proc_start: [0,2501,1000,com.android.settings,top-activity,{com.android.settings/com.android.settings.FallbackHome}]
03-14 03:51:07.274 782 873 W ActivityManager: Slow operation: 263ms so far, now at startProcess: building log message
03-14 03:51:07.274 782 873 I ActivityManager: Start proc 2501:com.android.settings/1000 for top-activity {com.android.settings/com.android.settings.FallbackHome}
03-14 03:51:07.274 782 873 W ActivityManager: Slow operation: 263ms so far, now at startProcess: starting to update pids map
03-14 03:51:07.275 782 873 W ActivityManager: Slow operation: 264ms so far, now at startProcess: done updating pids map
03-14 03:51:07.275 782 873 W ActivityManager: Slow operation: 230ms so far, now at startProcess: asking zygote to start proc
03-14 03:51:07.275 782 873 D CompatibilityChangeReporter: Compat change id reported: 143937733; UID 10092; state: ENABLED
03-14 03:51:07.275 782 797 I am_proc_bound: [0,2462,com.thundercomm.tcservice]
03-14 03:51:07.275 782 797 D CompatibilityChangeReporter: Compat change id reported: 168419799; UID 1000; state: DISABLED --------- beginning of main
03-14 03:51:07.276 782 797 D CompatibilityInfo: applicationDensity - 240
03-14 03:51:07.276 782 797 D CompatibilityInfo: applicationScale - 1.0
03-14 03:51:07.278 2462 2462 D CompatibilityChangeReporter: Compat change id reported: 171979766; UID 1000; state: ENABLED
03-14 03:51:07.278 2492 2492 I Zygote : seccomp disabled by setenforce 0
03-14 03:51:07.280 1268 1283 I adbd : jdwp connection from 2481
03-14 03:51:07.282 2481 2481 D ProcessState: Binder ioctl to enable oneway spam detection failed: Invalid argument
01-01 08:00:40.677 0 0 I binder : 2481:2481 ioctl 40046210 7fc8a60c34 returned -22
03-14 03:51:07.282 514 514 I hwservicemanager: Since vendor.qti.hardware.iop@2.0::IIop/default is not registered, trying to start it as a lazy HAL.
03-14 03:51:07.282 1355 1387 E ANDR-IOP: IIop:: Iop HAL Service is not available.
03-14 03:51:07.283 514 2473 W libc : Unable to set property "ctl.interface_start" to "vendor.qti.hardware.iop@2.0::IIop/default": error code: 0x20
03-14 03:51:07.283 514 2473 I hwservicemanager: Tried to start vendor.qti.hardware.iop@2.0::IIop/default as a lazy service, but was unable to. Usually this happens when a service is not installed, but if the service is intended to be used as a lazy service, then it may be configured incorrectly.
03-14 03:51:07.284 2501 2501 I Zygote : seccomp disabled by setenforce 0
03-14 03:51:07.284 782 782 I Telecom : SystemStateHelper: Registering broadcast receiver: android.content.IntentFilter@1c79af2: TS.init@AAA
03-14 03:51:07.285 782 782 I Telecom : SystemStateHelper: Registering broadcast receiver: android.content.IntentFilter@830743e: TS.init@AAA
03-14 03:51:07.284 2321 2321 D NetworkSecurityConfig: No Network Security Config specified, using platform default
03-14 03:51:07.285 782 2499 I Telecom : BluetoothRouteManager: getBluetoothAudioConnectedDevice: no service available.
03-14 03:51:07.288 782 2512 I Telecom : Logging.Events: Non-call EVENT: AUDIO_ROUTE, Entering state QuiescentEarpieceRoute
03-14 03:51:07.288 782 2512 I Telecom : BluetoothRouteManager: getBluetoothAudioConnectedDevice: no service available.
03-14 03:51:07.289 695 695 D Zygote : Forked child process 2513
03-14 03:51:07.289 782 873 W ActivityManager: Slow operation: 244ms so far, now at startProcess: returned from zygote!
03-14 03:51:07.290 2389 2389 D NetworkSecurityConfig: No Network Security Config specified, using platform default
03-14 03:51:07.290 2389 2389 D NetworkSecurityConfig: No Network Security Config specified, using platform default
03-14 03:51:07.290 782 873 W ActivityManager: Slow operation: 245ms so far, now at startProcess: done updating battery stats
03-14 03:51:07.290 782 873 I am_proc_start: [0,2513,10092,android.ext.services,service,{android.ext.services/android.ext.services.autofill.InlineSuggestionRenderServiceImpl}]
03-14 03:51:07.290 782 873 W ActivityManager: Slow operation: 245ms so far, now at startProcess: building log message
03-14 03:51:07.290 782 873 I ActivityManager: Start proc 2513:android.ext.services/u0a92 for service {android.ext.services/android.ext.services.autofill.InlineSuggestionRenderServiceImpl}
03-14 03:51:07.290 782 873 W ActivityManager: Slow operation: 245ms so far, now at startProcess: starting to update pids map
03-14 03:51:07.290 782 873 W ActivityManager: Slow operation: 245ms so far, now at startProcess: done updating pids map
03-14 03:51:07.290 782 873 W ActivityManager: Slow operation: 213ms so far, now at startProcess: asking zygote to start proc
03-14 03:51:07.291 782 873 D CompatibilityChangeReporter: Compat change id reported: 143937733; UID 10063; state: ENABLED
03-14 03:51:07.291 514 514 I hwservicemanager: Since vendor.qti.hardware.iop@2.0::IIop/default is not registered, trying to start it as a lazy HAL.
01-01 08:00:40.679 0 0 E init : Control message: Could not find 'vendor.qti.hardware.iop@2.0::IIop/default' for ctl.interface_start from pid: 514 (/system/bin/hwservicemanager)
01-01 08:00:40.692 0 0 I binder : 2492:2492 ioctl 40046210 7fc8a60c34 returned -22
01-01 08:00:40.695 0 0 I binder : 2501:2501 ioctl 40046210 7fc8a60c34 returned -22
01-01 08:00:40.695 0 0 E init : Control message: Could not find 'vendor.qti.hardware.iop@2.0::IIop/default' for ctl.interface_start from pid: 514 (/system/bin/hwservicemanager)
03-14 03:51:07.291 1355 1387 E ANDR-IOP: IIop:: Iop HAL Service is not available.
03-14 03:51:07.293 782 2525 I Telecom : CallAudioModeStateMachine: Message received: null.: TS.init->CAMSM.pM_1@AAA
03-14 03:51:07.293 2436 2436 I Perf : Connecting to perf service.
03-14 03:51:07.294 2436 2436 W ContextImpl: Failed to ensure /data/user/0/com.android.se/cache: mkdir failed: ENOENT (No such file or directory)
03-14 03:51:07.295 2436 2436 W ContextImpl: Failed to update user.inode_cache: stat failed: ENOENT (No such file or directory)
03-14 03:51:07.296 782 782 I Telecom : MissedCallNotifierImpl: reloadFromDatabase: Boot not yet complete -- call log db may not be available. Deferring loading until boot complete for user 0: TS.init@AAA
03-14 03:51:07.296 1268 1283 I adbd : jdwp connection from 2492
03-14 03:51:07.297 782 2148 I am_proc_bound: [0,2481,com.qualcomm.qti.devicestatisticsservice]
03-14 03:51:07.297 782 797 D TelephonyRegistry: listen oscl: mHasNotifySubscriptionInfoChangedOccurred==false no callback
03-14 03:51:07.298 782 2148 D CompatibilityChangeReporter: Compat change id reported: 168419799; UID 10061; state: DISABLED
03-14 03:51:07.298 782 2148 D CompatibilityInfo: mCompatibilityFlags - 4
03-14 03:51:07.298 782 2148 D CompatibilityInfo: applicationDensity - 240
03-14 03:51:07.298 782 2148 D CompatibilityInfo: applicationScale - 1.0
03-14 03:51:07.299 782 796 D NetworkStats: registerNetworkStatsProvider from OffloadController uid/pid=1073/2321
03-14 03:51:07.299 782 2148 I am_uid_active: 10061
03-14 03:51:07.299 2492 2492 D ProcessState: Binder ioctl to enable oneway spam detection failed: Invalid argument
03-14 03:51:07.300 514 2479 W libc : Unable to set property "ctl.interface_start" to "vendor.qti.hardware.iop@2.0::IIop/default": error code: 0x20
03-14 03:51:07.300 514 2479 I hwservicemanager: Tried to start vendor.qti.hardware.iop@2.0::IIop/default as a lazy service, but was unable to. Usually this happens when a service is not installed, but if the service is intended to be used as a lazy service, then it may be configured incorrectly.
03-14 03:51:07.300 2436 2436 V GraphicsEnvironment: ANGLE Developer option for 'com.android.se' set to: 'default'
03-14 03:51:07.300 2436 2436 V GraphicsEnvironment: ANGLE GameManagerService for com.android.se: false
03-14 03:51:07.300 2501 2501 D ProcessState: Binder ioctl to enable oneway spam detection failed: Invalid argument
03-14 03:51:07.301 782 782 D TelephonyRegistry: listen oscl: mHasNotifySubscriptionInfoChangedOccurred==false no callback
03-14 03:51:07.301 2436 2436 D NetworkSecurityConfig: No Network Security Config specified, using platform default
03-14 03:51:07.301 2436 2436 D NetworkSecurityConfig: No Network Security Config specified, using platform default
03-14 03:51:07.302 782 782 I Telecom : MissedCallNotifierImpl: reloadFromDatabase: Boot not yet complete -- call log db may not be available. Deferring loading until boot complete for user 0: TS.init@AAA
03-14 03:51:07.304 2481 2481 D CompatibilityChangeReporter: Compat change id reported: 171979766; UID 10061; state: ENABLED
03-14 03:51:07.304 782 797 D CompatibilityInfo: mCompatibilityFlags - 4
03-14 03:51:07.304 782 797 D CompatibilityInfo: applicationDensity - 240
03-14 03:51:07.304 782 797 D CompatibilityInfo: applicationScale - 1.0
03-14 03:51:07.305 695 695 D Zygote : Forked child process 2549
03-14 03:51:07.305 1268 1283 I adbd : jdwp connection from 2501
03-14 03:51:07.305 782 873 W ActivityManager: Slow operation: 228ms so far, now at startProcess: returned from zygote!
03-14 03:51:07.305 782 873 W ActivityManager: Slow operation: 228ms so far, now at startProcess: done updating battery stats
03-14 03:51:07.305 782 873 I am_proc_start: [0,2549,10063,com.thundercomm.gamemode.provider,content provider,{com.thundercomm.gamemode.provider/com.thundercomm.gamemode.provider.SettingsProvider}]
03-14 03:51:07.305 782 873 W ActivityManager: Slow operation: 228ms so far, now at startProcess: building log message
03-14 03:51:07.305 782 873 I ActivityManager: Start proc 2549:com.thundercomm.gamemode.provider/u0a63 for content provider {com.thundercomm.gamemode.provider/com.thundercomm.gamemode.provider.SettingsProvider}
03-14 03:51:07.305 782 873 W ActivityManager: Slow operation: 228ms so far, now at startProcess: starting to update pids map
03-14 03:51:07.305 782 873 W ActivityManager: Slow operation: 229ms so far, now at startProcess: done updating pids map
03-14 03:51:07.306 514 514 I hwservicemanager: Since vendor.qti.hardware.iop@2.0::IIop/default is not registered, trying to start it as a lazy HAL.
03-14 03:51:07.306 782 797 I am_proc_bound: [0,2501,com.android.settings]
03-14 03:51:07.306 782 782 I Telecom : Class: TelecomSystem.INSTANCE being set
03-14 03:51:07.306 1355 1387 E ANDR-IOP: IIop:: Iop HAL Service is not available.
03-14 03:51:07.308 782 782 D CompatibilityChangeReporter: Compat change id reported: 150939131; UID 1000; state: ENABLED
03-14 03:51:07.308 782 782 D BluetoothManagerService: Bluetooth Adapter name changed to 高合娱乐副屏 by android
03-14 03:51:07.308 782 782 D BluetoothManagerService: Stored Bluetooth name: 高合娱乐副屏
03-14 03:51:07.308 782 782 D AutofillManagerService: Restriction did not change for user 0
03-14 03:51:07.308 782 797 D CompatibilityChangeReporter: Compat change id reported: 168419799; UID 1000; state: DISABLED
03-14 03:51:07.309 782 797 D CompatibilityInfo: mCompatibilityFlags - 4
03-14 03:51:07.309 782 797 D CompatibilityInfo: applicationDensity - 240
03-14 03:51:07.309 782 797 D CompatibilityInfo: applicationScale - 1.0
03-14 03:51:07.309 2439 2439 I Perf : Connecting to perf service.
03-14 03:51:07.309 2513 2513 I Zygote : seccomp disabled by setenforce 0
03-14 03:51:07.310 782 797 I wm_restart_activity: [0,60932722,2,com.android.settings/.FallbackHome]
03-14 03:51:07.310 782 797 D CompatibilityInfo: mCompatibilityFlags - 4
03-14 03:51:07.310 782 797 D CompatibilityInfo: applicationDensity - 240
03-14 03:51:07.310 782 797 D CompatibilityInfo: applicationScale - 1.0
03-14 03:51:07.310 782 797 I wm_set_resumed_activity: [0,com.android.settings/.FallbackHome,minimalResumeActivityLocked]
03-14 03:51:07.311 2462 2462 I Perf : Connecting to perf service.
03-14 03:51:07.312 782 782 D ActivityNotifier: onServiceConnected called
03-14 03:51:07.312 782 782 D BluetoothManagerService: BluetoothServiceConnection: com.android.bluetooth.btservice.AdapterService
03-14 03:51:07.313 782 824 D BluetoothManagerService: MESSAGE_BLUETOOTH_SERVICE_CONNECTED: 1
03-14 03:51:07.313 514 514 I hwservicemanager: Since vendor.qti.hardware.iop@2.0::IIop/default is not registered, trying to start it as a lazy HAL.
03-14 03:51:07.313 2436 2436 I SecureElementService: main onCreate
03-14 03:51:07.313 782 782 D TelephonyRegistry: notifyCellLocationForSubscriber: subId=2147483647 cellIdentity=null
03-14 03:51:07.313 782 2054 E ANDR-PERF-JNI: UXEngine Trigger - Returning null
03-14 03:51:07.314 2492 2492 I service_manager_slow: [13,activity]
03-14 03:51:07.314 2436 2436 I SecureElementService: Check if terminal eSE1 is available.
03-14 03:51:07.314 782 2148 I am_proc_bound: [0,2492,com.qualcomm.qti.qdma]
03-14 03:51:07.314 782 782 I notification_enqueue: [1000,782,android,32,NULL,-1,Notification(channel=USB shortcut=null contentView=null vibrate=null sound=null tick defaults=0x0 flags=0x2 color=0x00000000 vis=PUBLIC),0]
03-14 03:51:07.315 782 782 I ConnectivityModuleConnector: Networking module service connected
03-14 03:51:07.315 782 782 I ConnectivityModuleConnector: Networking module service connected
03-14 03:51:07.315 782 782 I NetworkStackClient: Network stack service connected
01-01 08:00:40.710 0 0 I binder : 2436:2436 ioctl 40046210 7fc8a5fbe4 returned -22
01-01 08:00:40.711 0 0 E init : Control message: Could not find 'vendor.qti.hardware.iop@2.0::IIop/default' for ctl.interface_start from pid: 514 (/system/bin/hwservicemanager)
03-14 03:51:07.315 2501 2501 D CompatibilityChangeReporter: Compat change id reported: 171979766; UID 1000; state: ENABLED
03-14 03:51:07.315 782 2148 D CompatibilityChangeReporter: Compat change id reported: 168419799; UID 1000; state: DISABLED
03-14 03:51:07.315 782 2148 D CompatibilityInfo: mCompatibilityFlags - 4
03-14 03:51:07.315 782 2148 D CompatibilityInfo: applicationDensity - 240
03-14 03:51:07.315 782 2148 D CompatibilityInfo: applicationScale - 1.0
03-14 03:51:07.315 2436 2436 D hw-ProcessState: Binder ioctl to enable oneway spam detection failed: Invalid argument
03-14 03:51:07.316 514 2510 W libc : Unable to set property "ctl.interface_start" to "vendor.qti.hardware.iop@2.0::IIop/default": error code: 0x20
03-14 03:51:07.316 514 2510 I hwservicemanager: Tried to start vendor.qti.hardware.iop@2.0::IIop/default as a lazy service, but was unable to. Usually this happens when a service is not installed, but if the service is intended to be used as a lazy service, then it may be configured incorrectly.
03-14 03:51:07.316 782 797 D NetworkStats: registerNetworkStatsProvider from BpfCoordinator uid/pid=1073/2321
03-14 03:51:07.317 2001 2033 D BluetoothAdapterService: enable() - Enable called with quiet mode status = false
03-14 03:51:07.317 2001 2213 I AdapterState: BLE_TURNING_ON : entered
03-14 03:51:07.317 2001 2213 D AdapterProperties: Setting state to BLE_TURNING_ON
03-14 03:51:07.317 2001 2213 D BluetoothAdapterService: updateAdapterState() - Broadcasting state BLE_TURNING_ON to 1 receivers.
03-14 03:51:07.318 782 782 I Telecom : WiredHeadsetManager: ACTION_HEADSET_PLUG event, plugged in: false, : WHC.oADA@AAE
03-14 03:51:07.318 782 782 D MediaSessionService: Global priority session is changed from null to com.android.server.telecom/HeadsetMediaButton (userId=0)
03-14 03:51:07.318 782 824 D BluetoothManagerService: MESSAGE_INFORM_ADAPTER_SERVICE_UP
03-14 03:51:07.318 782 824 D BluetoothManagerService: Broadcasting onBluetoothServiceUp() to 2 receivers.
03-14 03:51:07.318 782 824 D BluetoothAdapter: onBluetoothServiceUp: android.bluetooth.IBluetooth$Stub$Proxy@7c180d0
03-14 03:51:07.318 782 782 W Looper : Drained
03-14 03:51:07.318 782 782 I sysui_multi_action: [757,1501,758,1,793,73,794,0,795,73,796,32,806,android,857,USB,858,1,947,0,1500,0]
03-14 03:51:07.319 782 782 I sysui_multi_action: [757,804,799,note_interruptive,801,0,802,1]
03-14 03:51:07.319 782 782 I GameModeConfig: isGameModeOn = false
03-14 03:51:07.319 782 824 D BluetoothManagerService: MESSAGE_BLUETOOTH_STATE_CHANGE: OFF > BLE_TURNING_ON
03-14 03:51:07.319 782 824 D BluetoothManagerService: Sending BLE State Change: OFF > BLE_TURNING_ON
03-14 03:51:07.319 2001 2033 D BluetoothAdapter: onBluetoothServiceUp: com.android.bluetooth.btservice.AdapterService$AdapterServiceBinder@78586ec
03-14 03:51:07.319 782 782 W NotificationHistory: Attempted to add notif for locked/gone/disabled user 0
03-14 03:51:07.320 782 782 D CompanionDeviceManagerService: Received BT state transition broadcast: OFF -> BLE_TURNING_ON
03-14 03:51:07.321 2549 2549 I Zygote : seccomp disabled by setenforce 0
03-14 03:51:07.321 2436 2436 I android_os_HwBinder: HwBinder: Starting thread pool for getting: android.hardware.secure_element@1.2::ISecureElement/eSE1
03-14 03:51:07.321 1056 1056 D GPTEE : [TEE_client_api.cpp:122 TEEC_InitializeContext] No variant specified, using default: GPQTEEC
03-14 03:51:07.321 1056 1056 D GPTEE : [TEE_client_api.cpp:138 TEEC_InitializeContext] Loading module: libGPQTEEC_vendor.so
03-14 03:51:07.323 2492 2492 D CompatibilityChangeReporter: Compat change id reported: 171979766; UID 1000; state: ENABLED
03-14 03:51:07.324 782 796 D CompatibilityChangeReporter: Compat change id reported: 157233955; UID 10078; state: ENABLED
03-14 03:51:07.324 2321 2321 D CompatibilityChangeReporter: Compat change id reported: 147600208; UID 1073; state: ENABLED
03-14 03:51:07.325 2501 2501 W ndroid.setting: ClassLoaderContext shared library size mismatch. Expected=2, found=0 (PCL[]{PCL[/system/framework/org.apache.http.legacy.jar*2058259660]#PCL[/system_ext/framework/extphonelib.jar*2894378777]} | PCL[])
03-14 03:51:07.325 782 796 D CompatibilityChangeReporter: Compat change id reported: 182478738; UID 1073; state: DISABLED
03-14 03:51:07.325 2439 2439 V GraphicsEnvironment: ANGLE Developer option for 'com.thundercomm.remotecontrolservice' set to: 'default'
03-14 03:51:07.326 2439 2439 V GraphicsEnvironment: ANGLE GameManagerService for com.thundercomm.remotecontrolservice: false
03-14 03:51:07.328 1268 1283 I adbd : jdwp connection from 2513
03-14 03:51:07.329 2001 2213 D BluetoothAdapterService: bleOnProcessStart()
03-14 03:51:07.329 2001 2213 D BluetoothAdapterService: setAdvanceAudioSupport
03-14 03:51:07.329 2001 2213 D BluetoothGroupService: setAdvanceAudioSupport: Setting support from LEA Module
03-14 03:51:07.329 2001 2213 D AdapterServiceConfig: initAdvAudioConfig: adv_audio_feature_mask = 0
03-14 03:51:07.330 2006 2006 V KeyguardUpdateMonitor: *** register callback for com.android.systemui.statusbar.policy.KeyguardStateControllerImpl$UpdateMonitorCallback@7b8d348
03-14 03:51:07.330 2006 2006 V KeyguardUpdateMonitor: *** unregister callback for null
03-14 03:51:07.331 2321 2321 V WifiManager: registerSoftApCallback: callback=com.android.networkstack.tethering.Tethering$TetheringSoftApCallback@5b8f6bc, executor=com.android.networkstack.tethering.Tethering$TetheringThreadExecutor@c568645
03-14 03:51:07.332 514 2524 W libc : Unable to set property "ctl.interface_start" to "vendor.qti.hardware.iop@2.0::IIop/default": error code: 0x20
03-14 03:51:07.332 514 2524 I hwservicemanager: Tried to start vendor.qti.hardware.iop@2.0::IIop/default as a lazy service, but was unable to. Usually this happens when a service is not installed, but if the service is intended to be used as a lazy service, then it may be configured incorrectly.
03-14 03:51:07.332 2513 2513 D ProcessState: Binder ioctl to enable oneway spam detection failed: Invalid argument
03-14 03:51:07.332 2462 2462 V GraphicsEnvironment: ANGLE Developer option for 'com.thundercomm.tcservice' set to: 'default'
01-01 08:00:40.723 0 0 I binder : 2513:2513 ioctl 40046210 7fc8a60c34 returned -22
01-01 08:00:40.727 0 0 E init : Control message: Could not find 'vendor.qti.hardware.iop@2.0::IIop/default' for ctl.interface_start from pid: 514 (/system/bin/hwservicemanager)
03-14 03:51:07.332 2462 2462 V GraphicsEnvironment: ANGLE GameManagerService for com.thundercomm.tcservice: false
03-14 03:51:07.332 782 2149 D ConnectivityService: requestNetwork for uid/pid:1073/2321 activeRequest: null callbackRequest: 19 [NetworkRequest [ TRACK_SYSTEM_DEFAULT id=19, [ Capabilities: INTERNET&NOT_RESTRICTED&TRUSTED&NOT_VPN&NOT_VCN_MANAGED RequestorUid: 1073 RequestorPkg: com.android.networkstack.tethering] ]] callback flags: 0 priority: 2147483647
03-14 03:51:07.333 782 1692 D ConnectivityService: NetReassign [no changes]
03-14 03:51:07.333 782 782 I ConnectivityModuleConnector: Networking module service connected
03-14 03:51:07.333 782 782 I ConnectivityModuleConnector: Networking module service connected
01-01 08:00:40.730 0 0 I binder : 2549:2549 ioctl 40046210 7fc8a60c34 returned -22
03-14 03:51:07.334 782 796 I am_proc_bound: [0,2513,android.ext.services]
03-14 03:51:07.334 1268 1283 I adbd : jdwp connection from 2549
03-14 03:51:07.337 782 796 D CompatibilityChangeReporter: Compat change id reported: 168419799; UID 10092; state: DISABLED
03-14 03:51:07.337 782 796 D CompatibilityInfo: mCompatibilityFlags - 4
03-14 03:51:07.337 782 796 D CompatibilityInfo: applicationDensity - 240
03-14 03:51:07.337 782 796 D CompatibilityInfo: applicationScale - 1.0
03-14 03:51:07.338 2001 2213 W AdapterServiceConfig: LC3 Codec is not supported. adv_audio_feature_mask = 0
03-14 03:51:07.338 2001 2213 D AdapterServiceConfig: getAudioProperties mIsA2dpSink false mIsBAEnabled false mIsSplitA2dpEnabled true
03-14 03:51:07.338 2001 2213 V AdapterServiceConfig: Adding HeadsetService
03-14 03:51:07.338 2001 2213 V AdapterServiceConfig: Adding A2dpService
03-14 03:51:07.338 2001 2213 I AdapterServiceConfig: Profile A2dpSinkService Not added
03-14 03:51:07.338 2001 2213 V AdapterServiceConfig: Adding HidHostService
03-14 03:51:07.338 2001 2213 V AdapterServiceConfig: Adding PanService
03-14 03:51:07.338 2001 2213 V AdapterServiceConfig: Adding GattService
03-14 03:51:07.338 2001 2213 V AdapterServiceConfig: Adding BluetoothMapService
03-14 03:51:07.338 2001 2213 V AdapterServiceConfig: Adding AvrcpControllerService
03-14 03:51:07.338 2001 2213 V AdapterServiceConfig: Adding SapService
03-14 03:51:07.338 2001 2213 V AdapterServiceConfig: Adding BluetoothOppService
03-14 03:51:07.338 2001 2213 V AdapterServiceConfig: Adding BluetoothPbapService
03-14 03:51:07.338 2001 2213 V AdapterServiceConfig: Feature Flag enables support for HearingAidService
03-14 03:51:07.338 2001 2213 V AdapterServiceConfig: Adding HearingAidService
03-14 03:51:07.338 2001 2213 I AdapterServiceConfig: Profile BATService Not added
03-14 03:51:07.338 2001 2213 D BluetoothAdapterService: BleOnProcessStart() - Make Bond State Machine
03-14 03:51:07.339 782 796 I am_uid_active: 10092
03-14 03:51:07.339 782 796 D CompatibilityInfo: mCompatibilityFlags - 4
03-14 03:51:07.339 782 796 D CompatibilityInfo: applicationDensity - 240
03-14 03:51:07.339 782 796 D CompatibilityInfo: applicationScale - 1.0
03-14 03:51:07.340 782 796 D CompatibilityInfo: mCompatibilityFlags - 4
03-14 03:51:07.340 782 796 D CompatibilityInfo: applicationDensity - 240
03-14 03:51:07.340 782 796 D CompatibilityInfo: applicationScale - 1.0
03-14 03:51:07.341 782 796 D CompatibilityInfo: mCompatibilityFlags - 4
03-14 03:51:07.341 782 796 D CompatibilityInfo: applicationDensity - 240
03-14 03:51:07.341 782 796 D CompatibilityInfo: applicationScale - 1.0
03-14 03:51:07.342 2513 2513 D CompatibilityChangeReporter: Compat change id reported: 171979766; UID 10092; state: DISABLED
03-14 03:51:07.342 782 2144 D CompatibilityChangeReporter: Compat change id reported: 168419799; UID 1002; state: DISABLED
03-14 03:51:07.342 782 2144 D CompatibilityInfo: mCompatibilityFlags - 4
03-14 03:51:07.342 782 2144 D CompatibilityInfo: applicationDensity - 240
03-14 03:51:07.342 782 2144 D CompatibilityInfo: applicationScale - 1.0
03-14 03:51:07.343 2001 2001 D BtGatt.GattService: classInitNative called
03-14 03:51:07.344 2001 2001 I BtGatt.JNI: classInitNative(L1125): classInitNative: Success!
03-14 03:51:07.346 2001 2001 D BtGatt.DebugUtils: handleDebugAction() action=null
03-14 03:51:07.346 2001 2001 D GattService: Received start request. Starting profile...
03-14 03:51:07.347 514 2550 W libc : Unable to set property "ctl.interface_start" to "vendor.qti.hardware.iop@2.0::IIop/default": error code: 0x20
03-14 03:51:07.347 514 2550 I hwservicemanager: Tried to start vendor.qti.hardware.iop@2.0::IIop/default as a lazy service, but was unable to. Usually this happens when a service is not installed, but if the service is intended to be used as a lazy service, then it may be configured incorrectly.
03-14 03:51:07.347 1056 1056 D GPQeSE-HAL: nativeeSEPowerON
03-14 03:51:07.347 1056 1056 D GPQeSE-HAL: Try 1.1 IEsePowerManager HIDL interface
03-14 03:51:07.348 2481 2481 D nativeloader: classloader namespace configured for unbundled product apk. library_path=/product/app/DeviceStatisticsService/lib/arm64:/product/lib64:/system/product/lib64
03-14 03:51:07.348 2439 2439 D NetworkSecurityConfig: No Network Security Config specified, using platform default
03-14 03:51:07.348 2001 2001 D BtGatt.GattService: start()
03-14 03:51:07.348 2439 2439 D NetworkSecurityConfig: No Network Security Config specified, using platform default
01-01 08:00:40.743 0 0 E init : Control message: Could not find 'vendor.qti.hardware.iop@2.0::IIop/default' for ctl.interface_start from pid: 514 (/system/bin/hwservicemanager)
03-14 03:51:07.349 2549 2549 D ProcessState: Binder ioctl to enable oneway spam detection failed: Invalid argument
03-14 03:51:07.350 2006 2006 D MediaResumeListener: loaded resume components []
03-14 03:51:07.350 914 914 D eSEPowerManager@1.1: Power ON - PID = 1056
03-14 03:51:07.350 914 914 E eSEPowerManager@1.1: openNode: eSE opening failed : No such file or directory
03-14 03:51:07.350 914 914 E eSEPowerManager@1.1: powerOn: ESE_GET_PWR failed: No such file or directory
03-14 03:51:07.350 914 914 E eSEPowerManager@1.1: closeNode: eSE ioctl close failed : Bad file descriptor
03-14 03:51:07.350 2462 2462 D NetworkSecurityConfig: No Network Security Config specified, using platform default
03-14 03:51:07.350 2462 2462 D NetworkSecurityConfig: No Network Security Config specified, using platform default
03-14 03:51:07.351 2001 2001 I bt_btif : get_profile_interface: id = gatt
03-14 03:51:07.351 2481 2481 I Perf : Connecting to perf service.
03-14 03:51:07.351 514 514 I hwservicemanager: Since vendor.qti.hardware.iop@2.0::IIop/default is not registered, trying to start it as a lazy HAL.
03-14 03:51:07.353 2006 2006 D BluetoothEventManager: adding SourceInfo Handler
03-14 03:51:07.353 2481 2481 W ContextImpl: Failed to ensure /data/user/0/com.qualcomm.qti.devicestatisticsservice/cache: mkdir failed: errno 126 (Required key not available)
03-14 03:51:07.353 2481 2481 W ContextImpl: Failed to update user.inode_cache: stat failed: ENOENT (No such file or directory)
03-14 03:51:07.354 2006 2006 D LocalBluetoothProfileManager: LocalBluetoothProfileManager construction complete
03-14 03:51:07.354 2006 2006 D LocalBluetoothProfileManager: Adding local A2DP profile
03-14 03:51:07.354 1355 1387 E ANDR-IOP: IIop:: Iop HAL Service is not available.
03-14 03:51:07.355 2006 2006 D BluetoothA2dp: Binding service...
03-14 03:51:07.355 1009 1009 E vendor.qti.hardware.qteeconnector@1.0-impl: gptauuid.xml can not be parsed successfully.
03-14 03:51:07.356 1009 1009 E vendor.qti.hardware.qteeconnector@1.0-impl: Error getting app name from UUID
03-14 03:51:07.356 2481 2481 V GraphicsEnvironment: ANGLE Developer option for 'com.qualcomm.qti.devicestatisticsservice' set to: 'default'
03-14 03:51:07.356 1056 1056 E QTEEGPConnectorClient: doLoad: loading failed with error: -22
03-14 03:51:07.356 1056 1056 E GPQTEEC : [QTEEC.cpp:851 TEEC_QTEE_OpenSession] Loading app - 32552b22-89fe-42b4-8a45a0c4e2db0326 failed
03-14 03:51:07.356 1056 1056 D GPQTEEC : [QTEEC.cpp:45 dumpHex] Operation OUT (112 bytes @ 0x0x7f954d9880)
03-14 03:51:07.356 1056 1056 D GPQTEEC : [QTEEC.cpp:52 dumpHex] 00 00 00 00 00 00 00 00 00 00 00 00 00 00 00 00
03-14 03:51:07.356 1056 1056 D GPQTEEC : [QTEEC.cpp:52 dumpHex] 00 00 00 00 00 00 00 00 00 00 00 00 00 00 00 00
03-14 03:51:07.356 1056 1056 D GPQTEEC : [QTEEC.cpp:52 dumpHex] 00 00 00 00 00 00 00 00 00 00 00 00 00 00 00 00
03-14 03:51:07.356 1056 1056 D GPQTEEC : [QTEEC.cpp:52 dumpHex] 00 00 00 00 00 00 00 00 00 00 00 00 00 00 00 00
03-14 03:51:07.356 1056 1056 D GPQTEEC : [QTEEC.cpp:52 dumpHex] 00 00 00 00 00 00 00 00 00 00 00 00 00 00 00 00
03-14 03:51:07.356 1056 1056 D GPQTEEC : [QTEEC.cpp:52 dumpHex] 00 00 00 00 00 00 00 00 00 00 00 00 00 00 00 00
03-14 03:51:07.356 1056 1056 D GPQTEEC : [QTEEC.cpp:52 dumpHex] 00 00 00 00 00 00 00 00 00 00 00 00 00 00 00 00
03-14 03:51:07.356 1056 1056 E GPQeSE-HAL: TEEC_OpenSession() failed : 0xFFFF0000
03-14 03:51:07.356 1056 1056 E GPQeSE-HAL: ESE ERROR MESSAGE - let's close everything : 0xFFFF0000
03-14 03:51:07.356 1056 1056 E GPTEE : [TEE_client_api.cpp:800 TEEC_InvokeCommand] INVALID TEEC session imp
03-14 03:51:07.356 1056 1056 D GPQeSE-HAL: nativeeSEPowerOff
03-14 03:51:07.356 914 914 D eSEPowerManager@1.1: Power OFF - PID = 1056
03-14 03:51:07.356 914 914 E eSEPowerManager@1.1: PID 1056 not registered !
03-14 03:51:07.356 1056 1056 E GPQeSE-HAL: Failure to power off the eSE
03-14 03:51:07.356 1056 1056 E GPQeSE-HAL: gpqese_open failed
03-14 03:51:07.356 1056 1056 E GPQeSE-HAL: init_1_1: eSE initialisation FAILED
03-14 03:51:07.356 2436 2436 I SecureElement-Terminal-eSE1: eSE1 was initialized
03-14 03:51:07.356 2481 2481 V GraphicsEnvironment: ANGLE GameManagerService for com.qualcomm.qti.devicestatisticsservice: false
03-14 03:51:07.356 2436 2436 I SecureElementService: Check if terminal eSE2 is available.
03-14 03:51:07.356 514 514 I hwservicemanager: Since vendor.qti.hardware.iop@2.0::IIop/default is not registered, trying to start it as a lazy HAL.
03-14 03:51:07.356 514 514 I hwservicemanager: getTransport: Cannot find entry android.hardware.secure_element@1.2::ISecureElement/eSE2 in either framework or device VINTF manifest.
03-14 03:51:07.356 1355 1355 E ANDR-IOP: IIop:: Iop HAL Service is not available.
03-14 03:51:07.357 2436 2436 D SecureElement-Terminal-eSE2: SE Hal V1.2 is not supported
03-14 03:51:07.357 514 514 I hwservicemanager: getTransport: Cannot find entry android.hardware.secure_element@1.1::ISecureElement/eSE2 in either framework or device VINTF manifest.
03-14 03:51:07.357 2436 2436 D SecureElement-Terminal-eSE2: SE Hal V1.1 is not supported
03-14 03:51:07.357 2001 2001 D BtGatt.AdvertiseManager: advertise manager created
03-14 03:51:07.357 2006 2006 D LocalBluetoothProfileManager: Adding local HEADSET profile
03-14 03:51:07.357 514 514 I hwservicemanager: getTransport: Cannot find entry android.hardware.secure_element@1.0::ISecureElement/eSE2 in either framework or device VINTF manifest.
03-14 03:51:07.358 2436 2436 I SecureElementService: No HAL implementation for eSE2
03-14 03:51:07.358 782 797 I am_proc_bound: [0,2549,com.thundercomm.gamemode.provider]
03-14 03:51:07.358 2006 2006 D BluetoothHeadset: Binding service...
03-14 03:51:07.358 782 2144 W BluetoothManagerService: bindBluetoothProfileService:Trying to bind to profile: 1, while Bluetooth is disabled
03-14 03:51:07.358 2439 2439 D RemoteControlService: RemoteControlService start.
03-14 03:51:07.358 2006 2006 D LocalBluetoothProfileManager: Adding local MAP profile
03-14 03:51:07.358 2439 2439 D RemoteControlService: start remote control service ...
03-14 03:51:07.358 2006 2006 D BluetoothMap: Create BluetoothMap proxy object
03-14 03:51:07.358 2006 2006 D BluetoothMap: Binding service...
03-14 03:51:07.358 2001 2001 D CompatibilityChangeReporter: Compat change id reported: 160794467; UID 1002; state: ENABLED
03-14 03:51:07.358 782 797 D CompatibilityChangeReporter: Compat change id reported: 168419799; UID 10063; state: DISABLED
03-14 03:51:07.359 782 797 D CompatibilityInfo: mCompatibilityFlags - 4
03-14 03:51:07.359 782 797 D CompatibilityInfo: applicationDensity - 240
03-14 03:51:07.359 782 797 D CompatibilityInfo: applicationScale - 1.0
03-14 03:51:07.359 2439 2439 I RemoteControlService: Current screen size: (2380, 1020)
03-14 03:51:07.359 2439 2439 D RemoteControlService: start Ap Ip Listener
03-14 03:51:07.359 2439 2439 D RemoteControlService: startGetInfo:
03-14 03:51:07.360 782 797 I am_uid_active: 10063
03-14 03:51:07.360 2439 2598 D RemoteControlService: udpReceiver:
03-14 03:51:07.361 2439 2439 D RemoteControlService: startVlanDispatchThread
03-14 03:51:07.361 2439 2601 D RemoteControlService: start reader thread, mServerIp = 192.168.4.16, mServerPort = 12600
03-14 03:51:07.361 2006 2006 D LocalBluetoothProfileManager: Adding local OPP profile
01-01 08:00:40.759 0 0 E init : Control message: Could not find 'vendor.qti.hardware.iop@2.0::IIop/default' for ctl.interface_start from pid: 514 (/system/bin/hwservicemanager)
03-14 03:51:07.361 2006 2006 D LocalBluetoothProfileManager: Adding local Hearing Aid profile
03-14 03:51:07.361 2549 2549 D CompatibilityChangeReporter: Compat change id reported: 171979766; UID 10063; state: ENABLED
03-14 03:51:07.362 2006 2006 D BluetoothHearingAid: Binding service...
03-14 03:51:07.362 2439 2602 D RemoteControlService: run: called
03-14 03:51:07.362 2439 2602 D RemoteControlService: getEvent: start waiting...
03-14 03:51:07.362 2006 2006 D LocalBluetoothProfileManager: Adding local HID_HOST profile
03-14 03:51:07.363 2006 2006 D BluetoothHidHost: Binding service...
03-14 03:51:07.363 2492 2492 W alcomm.qti.qdm: ClassLoaderContext shared library size mismatch. Expected=0, found=1 (PCL[] | PCL[]{PCL[/system/framework/org.apache.http.legacy.jar*2058259660]})
03-14 03:51:07.363 514 2556 W libc : Unable to set property "ctl.interface_start" to "vendor.qti.hardware.iop@2.0::IIop/default": error code: 0x20
03-14 03:51:07.363 514 2556 I hwservicemanager: Tried to start vendor.qti.hardware.iop@2.0::IIop/default as a lazy service, but was unable to. Usually this happens when a service is not installed, but if the service is intended to be used as a lazy service, then it may be configured incorrectly.
03-14 03:51:07.363 2006 2006 D LocalBluetoothProfileManager: Adding local PAN profile
03-14 03:51:07.364 2006 2006 D BluetoothPan: Binding service...
03-14 03:51:07.364 2481 2481 D NetworkSecurityConfig: No Network Security Config specified, using platform default
03-14 03:51:07.364 2481 2481 D NetworkSecurityConfig: No Network Security Config specified, using platform default
03-14 03:51:07.365 2001 2001 D BtGatt.SyncManager: advertise manager created
03-14 03:51:07.365 2006 2006 D LocalBluetoothProfileManager: Adding local PBAP profile
03-14 03:51:07.365 2001 2001 I ScanResultHandler: ScanResultHandler
03-14 03:51:07.365 2001 2001 D BtGatt.GattService: setGattService(): set to: com.android.bluetooth.gatt.GattService@8bddcbb
03-14 03:51:07.366 2001 2001 D GattService: profile started successfully
03-14 03:51:07.366 2001 2001 W BluetoothAdapterService: onProfileServiceStateChange() - Gatt profile service started..
03-14 03:51:07.366 2001 2001 I bt_btif : QTI OMR1 stack: enable
03-14 03:51:07.366 2001 2261 E bt_vnd_log: init_vnd_Logger, Logger Not enabled from config file
03-14 03:51:07.366 2001 2261 I bt_stack_manager: event_start_up_stack is bringing up the stack
03-14 03:51:07.366 2001 2261 I bt_core_module: module_start_up Starting module "btif_config_module"
03-14 03:51:07.366 2001 2261 I bt_core_module: module_start_up Started module "btif_config_module"
03-14 03:51:07.366 2001 2261 W droid.bluetoot: [0314/035107.366466:WARNING:stack_interface.cc(101)] btif_stack_state OnStackState 0x02
03-14 03:51:07.366 2001 2261 I bt_core_module: module_start_up Starting module "btif_bap_config_module"
03-14 03:51:07.366 2001 2261 I bt_core_module: module_start_up Started module "btif_bap_config_module"
03-14 03:51:07.366 2001 2261 I bt_core_module: module_start_up Starting module "device_iot_config_module"
03-14 03:51:07.366 2001 2261 I bt_core_module: module_start_up Started module "device_iot_config_module"
03-14 03:51:07.366 2001 2261 I bt_core_module: module_start_up Starting module "btsnoop_module"
03-14 03:51:07.366 2001 2261 I droid.bluetoot: [0314/035107.366632:INFO:btsnoop.cc(410)] start_up: Filtered Snoop Logs enabled
03-14 03:51:07.366 2001 2261 I droid.bluetoot: [0314/035107.366649:INFO:btsnoop.cc(895)] delete_btsnoop_files: Deleting snoop logs if they exist. filtered = 0
03-14 03:51:07.367 514 514 I hwservicemanager: Since vendor.qti.hardware.iop@2.0::IIop/default is not registered, trying to start it as a lazy HAL.
03-14 03:51:07.367 1355 2591 E ANDR-IOP: IIop:: Iop HAL Service is not available.
03-14 03:51:07.367 2462 2462 I mpu_uart_fws: Try get hal sevice:
03-14 03:51:07.367 2513 2513 I Perf : Connecting to perf service.
03-14 03:51:07.367 2006 2006 D LocalBluetoothProfileManager: Adding local SAP profile
03-14 03:51:07.367 2006 2006 D BluetoothSap: Create BluetoothSap proxy object
03-14 03:51:07.368 2006 2006 D BluetoothSap: Binding service...
03-14 03:51:07.369 2001 2261 D bt_snoop: start_up: vendor_logging_level values is 65535
03-14 03:51:07.369 2001 2261 I bt_core_module: module_start_up Started module "btsnoop_module"
03-14 03:51:07.369 2001 2261 I bt_core_module: module_start_up Starting module "hci_module"
03-14 03:51:07.369 2001 2261 I bt_hci : hci_module_start_up
