03-14 03:51:09.032 2001 2001 V Avrcp_ext: updatePlaybackState (1): old=PlaybackState {state=0, position=-1, buffered position=0, speed=0.0, updated=39909, actions=0, custom actions=[], active item id=-1, error=null}(0), new=PlaybackState {state=2, position=-1, buffered position=0, speed=0.0, updated=39924, actions=0, custom actions=[], active item id=-1, error=null}(2)
03-14 03:51:09.032 2001 2001 I Avrcp_ext: Exit updatePlayStatusForDevice
03-14 03:51:09.032 2001 2001 D HeadsetService: isAudioOn: The number of audio connected devices 0
03-14 03:51:09.032 2001 2001 D HeadsetService: isScoOrCallActive(): Call Active:falseCall is Ringing:falseSCO is Active:false
03-14 03:51:09.032 2001 2001 D HeadsetService: isAudioOn: The number of audio connected devices 0
03-14 03:51:09.032 2001 2001 I Avrcp_ext: updatePlayStatusForDevice: device: null
03-14 03:51:09.032 2001 2001 V Avrcp_ext: updatePlaybackState (1): old=PlaybackState {state=0, position=-1, buffered position=0, speed=0.0, updated=39909, actions=0, custom actions=[], active item id=-1, error=null}(0), new=PlaybackState {state=2, position=-1, buffered position=0, speed=0.0, updated=39924, actions=0, custom actions=[], active item id=-1, error=null}(2)
03-14 03:51:09.032 2001 2001 I Avrcp_ext: Exit updatePlayStatusForDevice
03-14 03:51:09.032 2001 2001 D HeadsetService: isAudioOn: The number of audio connected devices 0
03-14 03:51:09.032 2001 2001 D HeadsetService: isScoOrCallActive(): Call Active:falseCall is Ringing:falseSCO is Active:false
03-14 03:51:09.032 2001 2001 D HeadsetService: isAudioOn: The number of audio connected devices 0
03-14 03:51:09.032 2001 2001 I Avrcp_ext: updatePlayStatusForDevice: device: null
03-14 03:51:09.032 2001 2001 V Avrcp_ext: updatePlaybackState (1): old=PlaybackState {state=0, position=-1, buffered position=0, speed=0.0, updated=39909, actions=0, custom actions=[], active item id=-1, error=null}(0), new=PlaybackState {state=2, position=-1, buffered position=0, speed=0.0, updated=39924, actions=0, custom actions=[], active item id=-1, error=null}(2)
03-14 03:51:09.032 2001 2001 I Avrcp_ext: Exit updatePlayStatusForDevice
03-14 03:51:09.032 2001 2001 D HeadsetService: isAudioOn: The number of audio connected devices 0
03-14 03:51:09.032 2001 2001 D HeadsetService: isScoOrCallActive(): Call Active:falseCall is Ringing:falseSCO is Active:false
03-14 03:51:09.032 2001 2001 D HeadsetService: isAudioOn: The number of audio connected devices 0
03-14 03:51:09.032 2001 2001 I Avrcp_ext: updatePlayStatusForDevice: device: null
03-14 03:51:09.032 2001 2001 V Avrcp_ext: updatePlaybackState (1): old=PlaybackState {state=0, position=-1, buffered position=0, speed=0.0, updated=39909, actions=0, custom actions=[], active item id=-1, error=null}(0), new=PlaybackState {state=2, position=-1, buffered position=0, speed=0.0, updated=39924, actions=0, custom actions=[], active item id=-1, error=null}(2)
03-14 03:51:09.032 2001 2001 I Avrcp_ext: Exit updatePlayStatusForDevice
03-14 03:51:09.032 2001 2001 D HeadsetService: isAudioOn: The number of audio connected devices 0
03-14 03:51:09.032 2001 2001 D HeadsetService: isScoOrCallActive(): Call Active:falseCall is Ringing:falseSCO is Active:false
03-14 03:51:09.032 2001 2001 D HeadsetService: isAudioOn: The number of audio connected devices 0
03-14 03:51:09.032 2001 2001 I Avrcp_ext: updatePlayStatusForDevice: device: null
03-14 03:51:09.032 2001 2001 V Avrcp_ext: updatePlaybackState (1): old=PlaybackState {state=0, position=-1, buffered position=0, speed=0.0, updated=39909, actions=0, custom actions=[], active item id=-1, error=null}(0), new=PlaybackState {state=2, position=-1, buffered position=0, speed=0.0, updated=39924, actions=0, custom actions=[], active item id=-1, error=null}(2)
03-14 03:51:09.032 2001 2001 I Avrcp_ext: Exit updatePlayStatusForDevice
03-14 03:51:09.032 2001 2001 D Avrcp_ext: Enter sendPlayPosNotificationRsp
03-14 03:51:09.032 2001 2001 D Avrcp_ext: sendPlayPosNotificationRsp: Not registered or requesting.
03-14 03:51:09.032 2001 2001 D Avrcp_ext: Enter sendPlayPosNotificationRsp
03-14 03:51:09.032 2001 2001 D Avrcp_ext: sendPlayPosNotificationRsp: Not registered or requesting.
03-14 03:51:09.032 2001 2001 D Avrcp_ext: Enter sendPlayPosNotificationRsp
03-14 03:51:09.032 2001 2001 D Avrcp_ext: sendPlayPosNotificationRsp: Not registered or requesting.
03-14 03:51:09.032 2001 2001 D Avrcp_ext: Enter sendPlayPosNotificationRsp
03-14 03:51:09.032 2001 2001 D Avrcp_ext: sendPlayPosNotificationRsp: Not registered or requesting.
03-14 03:51:09.032 2001 2001 D Avrcp_ext: Enter sendPlayPosNotificationRsp
03-14 03:51:09.032 2001 2001 D Avrcp_ext: sendPlayPosNotificationRsp: Not registered or requesting.
03-14 03:51:09.033 2001 2001 V Avrcp_ext: Exit updatePlayerStateAndPosition
03-14 03:51:09.033 2001 2001 D Avrcp_ext: User already unlocked, initializing player lists
03-14 03:51:09.033 2001 2001 D Avrcp_ext: buildBrowsablePlayerList
03-14 03:51:09.033 2646 3310 D libEGL : MSAA-->msaa:0 gamemode:0 4x_msaa:0
03-14 03:51:09.033 2646 3310 D libEGL : MSAA-->msaa:0 gamemode:0 4x_msaa:0
03-14 03:51:09.033 2646 3310 D libEGL : MSAA-->msaa:0 gamemode:0 4x_msaa:0
03-14 03:51:09.033 3033 3303 D hw-ProcessState: Binder ioctl to enable oneway spam detection failed: Invalid argument
03-14 03:51:09.033 3033 3303 D mhelper_servic: SystemEvent interface registering.
03-14 03:51:09.034 924 924 I HidlServiceManagement: Registered vendor.qti.hardware.iop@2.0::IIop/default (start delay of 7596ms)
03-14 03:51:09.034 924 924 I HidlServiceManagement: Removing namespace from process name vendor.qti.hardware.iop@2.0-service to iop@2.0-service.
03-14 03:51:09.034 924 924 E vendor.qti.hardware.iop@2.0-service: Registered IIop HAL service success!
03-14 03:51:09.034 2001 2001 V Avrcp_ext: getMediaPlayerInfo: Media players list empty
03-14 03:51:09.034 2001 2001 V Avrcp_ext: isBrowseSupported for com.android.bluetooth: false
03-14 03:51:09.035 2001 2001 D Avrcp_ext: Adding media player info for com.android.bluetooth with id 1
03-14 03:51:09.035 2001 2001 D Avrcp_ext: add #1:MediaPlayerInfo com.android.bluetooth (as '蓝牙') Type = 1, SubType = 0, Status = 0 Feature Bits [40 41 42 44 45 47 48 58] Controller: null
03-14 03:51:09.035 2001 2001 D Avrcp_ext: Added MediaPlayerController/MediaPlayerPackage
03-14 03:51:09.035 2001 2001 W Avrcp_ext: getMediaPlayerInfo: com.microsoft.emmx not found
03-14 03:51:09.035 2001 2001 V Avrcp_ext: isBrowseSupported for com.microsoft.emmx: false
03-14 03:51:09.035 3033 3303 I HidlServiceManagement: Registered vendor.qti.hardware.systemhelper@1.0::ISystemEvent/default
03-14 03:51:09.035 3033 3303 D mhelper_servic: SystemResource interface registering.
03-14 03:51:09.035 695 695 D Zygote : Forked child process 3314
03-14 03:51:09.035 2646 2712 D BaseIconFactory: normalizeAndWrapToAdaptiveIcon: scale=0.80950594
03-14 03:51:09.036 3033 3303 I HidlServiceManagement: Registered vendor.qti.hardware.systemhelper@1.0::ISystemResource/default
03-14 03:51:09.036 3033 3303 D mhelper_servic: Successfully registered for both SystemEvent and SystemResource 1.0 interfaces
03-14 03:51:09.036 2001 2001 D Avrcp_ext: Adding media player info for com.microsoft.emmx with id 2
03-14 03:51:09.036 2001 2001 D Avrcp_ext: add #2:MediaPlayerInfo com.microsoft.emmx (as 'Edge') Type = 1, SubType = 0, Status = 0 Feature Bits [40 41 42 44 45 47 48 58] Controller: null
03-14 03:51:09.036 2001 2001 D Avrcp_ext: Added MediaPlayerController/MediaPlayerPackage
03-14 03:51:09.037 2646 2646 I wm_on_top_resumed_gained_called: [174418215,com.android.launcher3.uioverrides.QuickstepLauncher,topStateChangedWhenResumed]
03-14 03:51:09.037 2646 2646 D TouchInteractionService: Touch service connected: user=0
03-14 03:51:09.037 2001 2001 V Avrcp_ext: updateCurrentMediaState: mMediaController: null
03-14 03:51:09.037 2001 2001 W Avrcp_ext: isMusicActive: false getBluetoothPlayState: 2 A2dp State: 11 mAudioPlaybackIsActive: false
03-14 03:51:09.037 782 873 I am_proc_start: [0,3314,1000,com.qti.diagservices,broadcast,{com.qti.diagservices/com.qti.diagservices.Diag_OnBoot}]
03-14 03:51:09.037 2001 2001 W Avrcp_ext: updateCurrentMediaState: isPlaying = false
03-14 03:51:09.037 2001 2001 V Avrcp_ext: Media update: id -1➡-1? [MediaAttributes: none] : [MediaAttributes: none]
03-14 03:51:09.037 782 873 I ActivityManager: Start proc 3314:com.qti.diagservices/1000 for broadcast {com.qti.diagservices/com.qti.diagservices.Diag_OnBoot}
03-14 03:51:09.037 2001 2001 D Avrcp_ext: isPackageNameValid: browsedPackage = isValid = false
03-14 03:51:09.037 2001 2001 V Avrcp_ext: updatePlaybackState, state: PlaybackState {state=2, position=-1, buffered position=0, speed=0.0, updated=39929, actions=0, custom actions=[], active item id=-1, error=null} device: null
03-14 03:51:09.037 2001 2001 V Avrcp_ext: Device: no name:
03-14 03:51:09.037 2001 2001 V Avrcp_ext: Device: no name:
03-14 03:51:09.037 2001 2001 V Avrcp_ext: Device: no name:
03-14 03:51:09.037 2001 2001 V Avrcp_ext: Device: no name:
03-14 03:51:09.037 2001 2001 V Avrcp_ext: Device: no name:
03-14 03:51:09.037 2001 2001 V Avrcp_ext: updatePlayerStateAndPosition, old=PlaybackState {state=2, position=-1, buffered position=0, speed=0.0, updated=39924, actions=0, custom actions=[], active item id=-1, error=null}, state=PlaybackState {state=2, position=-1, buffered position=0, speed=0.0, updated=39929, actions=0, custom actions=[], active item id=-1, error=null}
03-14 03:51:09.037 2001 2001 V Avrcp_ext: old state = PlaybackState {state=2, position=-1, buffered position=0, speed=0.0, updated=39924, actions=0, custom actions=[], active item id=-1, error=null}, new state= PlaybackState {state=2, position=-1, buffered position=0, speed=0.0, updated=39929, actions=0, custom actions=[], active item id=-1, error=null}
03-14 03:51:09.037 2001 2001 D HeadsetService: getHeadsetService(): returning com.android.bluetooth.hfp.HeadsetService@ef64169
03-14 03:51:09.037 2001 2001 D HeadsetService: isAudioOn: The number of audio connected devices 0
03-14 03:51:09.037 2001 2001 D HeadsetService: isScoOrCallActive(): Call Active:falseCall is Ringing:falseSCO is Active:false
03-14 03:51:09.037 2001 2001 D HeadsetService: isAudioOn: The number of audio connected devices 0
03-14 03:51:09.037 2001 2001 I Avrcp_ext: updatePlayStatusForDevice: device: null
03-14 03:51:09.037 2001 2001 V Avrcp_ext: updatePlaybackState (1): old=PlaybackState {state=2, position=-1, buffered position=0, speed=0.0, updated=39924, actions=0, custom actions=[], active item id=-1, error=null}(2), new=PlaybackState {state=2, position=-1, buffered position=0, speed=0.0, updated=39929, actions=0, custom actions=[], active item id=-1, error=null}(2)
03-14 03:51:09.037 2001 2001 I Avrcp_ext: Exit updatePlayStatusForDevice
03-14 03:51:09.037 2001 2001 D HeadsetService: isAudioOn: The number of audio connected devices 0
03-14 03:51:09.038 2001 2001 D HeadsetService: isScoOrCallActive(): Call Active:falseCall is Ringing:falseSCO is Active:false
03-14 03:51:09.038 2001 2001 D HeadsetService: isAudioOn: The number of audio connected devices 0
03-14 03:51:09.038 2001 2001 I Avrcp_ext: updatePlayStatusForDevice: device: null
03-14 03:51:09.038 2001 2001 V Avrcp_ext: updatePlaybackState (1): old=PlaybackState {state=2, position=-1, buffered position=0, speed=0.0, updated=39924, actions=0, custom actions=[], active item id=-1, error=null}(2), new=PlaybackState {state=2, position=-1, buffered position=0, speed=0.0, updated=39929, actions=0, custom actions=[], active item id=-1, error=null}(2)
03-14 03:51:09.038 2001 2001 I Avrcp_ext: Exit updatePlayStatusForDevice
03-14 03:51:09.038 2001 2001 D HeadsetService: isAudioOn: The number of audio connected devices 0
03-14 03:51:09.038 2001 2001 D HeadsetService: isScoOrCallActive(): Call Active:falseCall is Ringing:falseSCO is Active:false
03-14 03:51:09.038 2001 2001 D HeadsetService: isAudioOn: The number of audio connected devices 0
03-14 03:51:09.038 2001 2001 I Avrcp_ext: updatePlayStatusForDevice: device: null
03-14 03:51:09.038 2001 2001 V Avrcp_ext: updatePlaybackState (1): old=PlaybackState {state=2, position=-1, buffered position=0, speed=0.0, updated=39924, actions=0, custom actions=[], active item id=-1, error=null}(2), new=PlaybackState {state=2, position=-1, buffered position=0, speed=0.0, updated=39929, actions=0, custom actions=[], active item id=-1, error=null}(2)
03-14 03:51:09.038 2001 2001 I Avrcp_ext: Exit updatePlayStatusForDevice
03-14 03:51:09.038 2001 2001 D HeadsetService: isAudioOn: The number of audio connected devices 0
03-14 03:51:09.038 2001 2001 D HeadsetService: isScoOrCallActive(): Call Active:falseCall is Ringing:falseSCO is Active:false
03-14 03:51:09.038 2001 2001 D HeadsetService: isAudioOn: The number of audio connected devices 0
03-14 03:51:09.038 2001 2001 I Avrcp_ext: updatePlayStatusForDevice: device: null
03-14 03:51:09.038 2001 2001 V Avrcp_ext: updatePlaybackState (1): old=PlaybackState {state=2, position=-1, buffered position=0, speed=0.0, updated=39924, actions=0, custom actions=[], active item id=-1, error=null}(2), new=PlaybackState {state=2, position=-1, buffered position=0, speed=0.0, updated=39929, actions=0, custom actions=[], active item id=-1, error=null}(2)
03-14 03:51:09.038 2001 2001 I Avrcp_ext: Exit updatePlayStatusForDevice
03-14 03:51:09.038 2001 2001 D HeadsetService: isAudioOn: The number of audio connected devices 0
03-14 03:51:09.038 2001 2001 D HeadsetService: isScoOrCallActive(): Call Active:falseCall is Ringing:falseSCO is Active:false
03-14 03:51:09.038 2001 2001 D HeadsetService: isAudioOn: The number of audio connected devices 0
03-14 03:51:09.038 2001 2001 I Avrcp_ext: updatePlayStatusForDevice: device: null
03-14 03:51:09.038 2001 2001 V Avrcp_ext: updatePlaybackState (1): old=PlaybackState {state=2, position=-1, buffered position=0, speed=0.0, updated=39924, actions=0, custom actions=[], active item id=-1, error=null}(2), new=PlaybackState {state=2, position=-1, buffered position=0, speed=0.0, updated=39929, actions=0, custom actions=[], active item id=-1, error=null}(2)
03-14 03:51:09.038 2001 2001 I Avrcp_ext: Exit updatePlayStatusForDevice
03-14 03:51:09.038 2001 2001 D Avrcp_ext: Enter sendPlayPosNotificationRsp
03-14 03:51:09.038 2001 2001 D Avrcp_ext: sendPlayPosNotificationRsp: Not registered or requesting.
03-14 03:51:09.038 2001 2001 D Avrcp_ext: Enter sendPlayPosNotificationRsp
03-14 03:51:09.038 2001 2001 D Avrcp_ext: sendPlayPosNotificationRsp: Not registered or requesting.
03-14 03:51:09.038 2001 2001 D Avrcp_ext: Enter sendPlayPosNotificationRsp
03-14 03:51:09.038 2001 2001 D Avrcp_ext: sendPlayPosNotificationRsp: Not registered or requesting.
03-14 03:51:09.038 2001 2001 D Avrcp_ext: Enter sendPlayPosNotificationRsp
03-14 03:51:09.038 2001 2001 D Avrcp_ext: sendPlayPosNotificationRsp: Not registered or requesting.
03-14 03:51:09.038 2001 2001 D Avrcp_ext: Enter sendPlayPosNotificationRsp
03-14 03:51:09.038 2001 2001 D Avrcp_ext: sendPlayPosNotificationRsp: Not registered or requesting.
03-14 03:51:09.038 2001 2001 V Avrcp_ext: Exit updatePlayerStateAndPosition
03-14 03:51:09.041 3314 3314 I Zygote : seccomp disabled by setenforce 0
03-14 03:51:09.044 782 2149 W FreeFormWindowHelper: Current Display FreeFormTask is null
03-14 03:51:09.044 2646 2646 D FreeWindowContainer: reloadTask: null
03-14 03:51:09.046 695 695 D Zygote : Forked child process 3317
03-14 03:51:09.046 782 873 I am_proc_start: [0,3317,1000,com.android.keychain,service,{com.android.keychain/com.android.keychain.KeyChainService}]
03-14 03:51:09.046 782 873 I ActivityManager: Start proc 3317:com.android.keychain/1000 for service {com.android.keychain/com.android.keychain.KeyChainService}
03-14 03:51:09.048 2646 2646 D EditModeHelper: setHotseatVisibility: 0
03-14 03:51:09.050 1554 1565 D LOWI-9.0.0.87.a: [LOWINetlinkSocketReceiver] unpackRTMLinkMessage: RTM_NEWLINK - ifname vlan2, flags 0x1003 ([UP])
03-14 03:51:09.050 2001 2001 V Avrcp_ext: Exit start
03-14 03:51:09.050 2001 2001 V Avrcp_ext: Exit make
03-14 03:51:09.050 2001 2001 W A2dpCodecConfig: Disable Aptx Adaptive. Entry not present in offload property
03-14 03:51:09.050 2001 2001 I A2dpCodecConfig: Aptx Adaptive priority: -1
03-14 03:51:09.050 782 822 I EthernetTracker: interfaceLinkStateChanged, iface: vlan2, up: false
03-14 03:51:09.051 2001 2001 I bt_btif : get_profile_interface: id = a2dp
03-14 03:51:09.051 2001 2001 I btif_av : isBATEnabled: 0
03-14 03:51:09.051 2001 2001 E bt_btif : bta_av_co_get_active_peer: peer index out of bounds: 5
03-14 03:51:09.051 2001 2001 E bt_btif : btif_av_is_split_a2dp_enabled: No active peer codec config found, by default splitmode
03-14 03:51:09.053 2001 3319 I bt_osi_thread: run_thread: thread id 3319, thread name media_worker started
03-14 03:51:09.053 2001 2001 I btif_av : isBATEnabled: 0
03-14 03:51:09.053 2001 2001 E bt_btif : bta_av_co_get_active_peer: peer index out of bounds: 5
03-14 03:51:09.053 2001 2001 E bt_btif : btif_av_is_split_a2dp_enabled: No active peer codec config found, by default splitmode
03-14 03:51:09.053 2001 2001 I a2dp_codec: A2dp_SetOffloadStatus:status = 1
03-14 03:51:09.053 2001 2001 D a2dp_codec: init
03-14 03:51:09.053 2001 2001 D a2dp_codec: createCodec: codec SBC
03-14 03:51:09.053 2001 2001 D a2dp_codec: setCodecPriority: codec_priority_: 1001
03-14 03:51:09.053 2001 2001 D a2dp_codec: A2dpCodecConfig: init all codec caps info
03-14 03:51:09.053 2001 2001 D a2dp_sbc: A2dpCodecConfigSbc
03-14 03:51:09.053 2001 2001 D a2dp_sbc: init: SBC enabled in HW mode
03-14 03:51:09.053 2001 2001 I a2dp_codec: init: updated SBC codec priority to 1001
03-14 03:51:09.053 2001 2001 D a2dp_codec: createCodec: codec AAC
03-14 03:51:09.053 2001 2001 D a2dp_codec: setCodecPriority: codec_priority_: 2001
03-14 03:51:09.053 2001 2001 D a2dp_codec: A2dpCodecConfig: init all codec caps info
03-14 03:51:09.053 2001 2001 D a2dp_aac: A2dpCodecConfigAac: AAC VBR is enabled for this target
03-14 03:51:09.053 2001 2001 D a2dp_aac: init: AAC enabled in HW mode
03-14 03:51:09.053 2001 2001 I a2dp_codec: init: updated AAC codec priority to 2001
03-14 03:51:09.053 2001 2001 D a2dp_codec: createCodec: codec aptX
03-14 03:51:09.053 2001 2001 D a2dp_codec: setCodecPriority: codec_priority_: -1
03-14 03:51:09.053 2001 2001 D a2dp_codec: A2dpCodecConfig: init all codec caps info
03-14 03:51:09.053 2001 2001 D a2dp_vendor_aptx: init: APTX enabled in HW mode
03-14 03:51:09.053 2001 2001 I a2dp_codec: init: updated aptX codec priority to -1
03-14 03:51:09.053 2001 2001 D a2dp_codec: createCodec: codec aptX-HD
03-14 03:51:09.053 2001 2001 D a2dp_codec: setCodecPriority: codec_priority_: -1
03-14 03:51:09.053 2001 2001 D a2dp_codec: A2dpCodecConfig: init all codec caps info
03-14 03:51:09.053 2001 2001 D a2dp_vendor_aptx_hd: init: APTX-HD enabled in HW mode
03-14 03:51:09.053 2001 2001 I a2dp_codec: init: updated aptX-HD codec priority to -1
03-14 03:51:09.053 2001 2001 D a2dp_codec: createCodec: codec LDAC
03-14 03:51:09.053 2001 2001 D a2dp_codec: setCodecPriority: codec_priority_: -1
03-14 03:51:09.053 2001 2001 D a2dp_codec: A2dpCodecConfig: init all codec caps info
03-14 03:51:09.053 2001 2001 D a2dp_vendor_ldac: init: LDAC enabled in HW mode
03-14 03:51:09.053 2001 2001 I a2dp_codec: init: updated LDAC codec priority to -1
03-14 03:51:09.053 2001 2001 D a2dp_codec: createCodec: codec aptX-adaptive
03-14 03:51:09.053 2001 2001 D a2dp_codec: setCodecPriority: codec_priority_: -1
03-14 03:51:09.053 2001 2001 D a2dp_codec: A2dpCodecConfig: init all codec caps info
03-14 03:51:09.053 2001 2001 I a2dp_vendor_aptx_adaptive: A2dpCodecConfigAptxAdaptive: Using Aptx Adaptive R1 config
03-14 03:51:09.053 2001 2001 D a2dp_vendor_aptx_adaptive: init: APTX-Adaptive enabled in HW mode
03-14 03:51:09.053 2001 2001 I a2dp_codec: init: updated aptX-adaptive codec priority to -1
03-14 03:51:09.053 2001 2001 D a2dp_codec: createCodec: codec aptX-TWS
03-14 03:51:09.053 2001 2001 D a2dp_codec: setCodecPriority: codec_priority_: -1
03-14 03:51:09.053 2001 2001 D a2dp_codec: A2dpCodecConfig: init all codec caps info
03-14 03:51:09.053 2001 2001 E a2dp_vendor_aptx_tws: init: APTX-Tws enabled in HW mode
03-14 03:51:09.053 2001 2001 I a2dp_codec: init: updated aptX-TWS codec priority to -1
03-14 03:51:09.053 2001 2001 D a2dp_codec: createCodec: codec SBC SINK
03-14 03:51:09.053 2001 2001 D a2dp_codec: setDefaultCodecPriority: default_codec_priority_: 0
03-14 03:51:09.053 2001 2001 D a2dp_codec: setDefaultCodecPriority: Compute the default codec priority
03-14 03:51:09.053 2001 2001 D a2dp_codec: setDefaultCodecPriority: codec_priority_: 8001
03-14 03:51:09.053 2001 2001 D a2dp_codec: setCodecPriority: codec_priority_: 8001
03-14 03:51:09.053 2001 2001 D a2dp_codec: A2dpCodecConfig: init all codec caps info
03-14 03:51:09.053 2001 2001 D a2dp_codec: createCodec: codec UNKNOWN CODEC INDEX
03-14 03:51:09.053 2001 2001 D a2dp_codec: createCodec: codec UNKNOWN CODEC INDEX
03-14 03:51:09.053 2001 2001 I a2dp_codec: init: initialized Source codec AAC
03-14 03:51:09.053 2001 2001 I a2dp_codec: init: initialized Source codec SBC
03-14 03:51:09.053 2001 2001 I a2dp_codec: init: initialized Sink codec SBC(Sink)
03-14 03:51:09.053 2001 2001 D a2dp_codec: init
03-14 03:51:09.053 2001 2001 D a2dp_codec: createCodec: codec SBC
03-14 03:51:09.053 2001 2001 D a2dp_codec: setCodecPriority: codec_priority_: 1001
03-14 03:51:09.053 2001 2001 D a2dp_codec: A2dpCodecConfig: init all codec caps info
03-14 03:51:09.053 2001 2001 D a2dp_sbc: A2dpCodecConfigSbc
03-14 03:51:09.053 2001 2001 D a2dp_sbc: init: SBC enabled in HW mode
03-14 03:51:09.053 2001 2001 I a2dp_codec: init: updated SBC codec priority to 1001
03-14 03:51:09.053 2001 2001 D a2dp_codec: createCodec: codec AAC
03-14 03:51:09.053 2001 2001 D a2dp_codec: setCodecPriority: codec_priority_: 2001
03-14 03:51:09.053 2001 2001 D a2dp_codec: A2dpCodecConfig: init all codec caps info
03-14 03:51:09.053 2001 2001 D a2dp_aac: A2dpCodecConfigAac: AAC VBR is enabled for this target
03-14 03:51:09.053 2001 2001 D a2dp_aac: init: AAC enabled in HW mode
03-14 03:51:09.053 2001 2001 I a2dp_codec: init: updated AAC codec priority to 2001
03-14 03:51:09.053 2001 2001 D a2dp_codec: createCodec: codec aptX
03-14 03:51:09.053 2001 2001 D a2dp_codec: setCodecPriority: codec_priority_: -1
03-14 03:51:09.053 2001 2001 D a2dp_codec: A2dpCodecConfig: init all codec caps info
03-14 03:51:09.053 2001 2001 D a2dp_vendor_aptx: init: APTX enabled in HW mode
03-14 03:51:09.053 2001 2001 I a2dp_codec: init: updated aptX codec priority to -1
03-14 03:51:09.053 2001 2001 D a2dp_codec: createCodec: codec aptX-HD
03-14 03:51:09.053 2001 2001 D a2dp_codec: setCodecPriority: codec_priority_: -1
03-14 03:51:09.053 2001 2001 D a2dp_codec: A2dpCodecConfig: init all codec caps info
03-14 03:51:09.053 2001 2001 D a2dp_vendor_aptx_hd: init: APTX-HD enabled in HW mode
03-14 03:51:09.053 2001 2001 I a2dp_codec: init: updated aptX-HD codec priority to -1
03-14 03:51:09.053 2001 2001 D a2dp_codec: createCodec: codec LDAC
03-14 03:51:09.053 2001 2001 D a2dp_codec: setCodecPriority: codec_priority_: -1
03-14 03:51:09.053 2001 2001 D a2dp_codec: A2dpCodecConfig: init all codec caps info
03-14 03:51:09.053 2001 2001 D a2dp_vendor_ldac: init: LDAC enabled in HW mode
03-14 03:51:09.053 2001 2001 I a2dp_codec: init: updated LDAC codec priority to -1
03-14 03:51:09.053 2001 2001 D a2dp_codec: createCodec: codec aptX-adaptive
03-14 03:51:09.053 2001 2001 D a2dp_codec: setCodecPriority: codec_priority_: -1
03-14 03:51:09.053 2001 2001 D a2dp_codec: A2dpCodecConfig: init all codec caps info
03-14 03:51:09.053 2001 2001 I a2dp_vendor_aptx_adaptive: A2dpCodecConfigAptxAdaptive: Using Aptx Adaptive R1 config
03-14 03:51:09.053 2001 2001 D a2dp_vendor_aptx_adaptive: init: APTX-Adaptive enabled in HW mode
03-14 03:51:09.053 2001 2001 I a2dp_codec: init: updated aptX-adaptive codec priority to -1
03-14 03:51:09.053 2001 2001 D a2dp_codec: createCodec: codec aptX-TWS
03-14 03:51:09.053 2001 2001 D a2dp_codec: setCodecPriority: codec_priority_: -1
03-14 03:51:09.053 2001 2001 D a2dp_codec: A2dpCodecConfig: init all codec caps info
03-14 03:51:09.053 2001 2001 E a2dp_vendor_aptx_tws: init: APTX-Tws enabled in HW mode
03-14 03:51:09.053 2001 2001 I a2dp_codec: init: updated aptX-TWS codec priority to -1
03-14 03:51:09.053 2001 2001 D a2dp_codec: createCodec: codec SBC SINK
03-14 03:51:09.053 2001 2001 D a2dp_codec: setDefaultCodecPriority: default_codec_priority_: 0
03-14 03:51:09.053 2001 2001 D a2dp_codec: setDefaultCodecPriority: Compute the default codec priority
03-14 03:51:09.053 2001 2001 D a2dp_codec: setDefaultCodecPriority: codec_priority_: 8001
03-14 03:51:09.053 2001 2001 D a2dp_codec: setCodecPriority: codec_priority_: 8001
03-14 03:51:09.053 2001 2001 D a2dp_codec: A2dpCodecConfig: init all codec caps info
03-14 03:51:09.053 2001 2001 D a2dp_codec: createCodec: codec UNKNOWN CODEC INDEX
03-14 03:51:09.053 2001 2001 D a2dp_codec: createCodec: codec UNKNOWN CODEC INDEX
03-14 03:51:09.053 2001 2001 I a2dp_codec: init: initialized Source codec AAC
03-14 03:51:09.053 2001 2001 I a2dp_codec: init: initialized Source codec SBC
03-14 03:51:09.053 2001 2001 I a2dp_codec: init: initialized Sink codec SBC(Sink)
03-14 03:51:09.053 2001 2001 D a2dp_codec: init
03-14 03:51:09.053 2001 2001 D a2dp_codec: createCodec: codec SBC
03-14 03:51:09.053 2001 2001 D a2dp_codec: setCodecPriority: codec_priority_: 1001
03-14 03:51:09.053 2001 2001 D a2dp_codec: A2dpCodecConfig: init all codec caps info
03-14 03:51:09.053 2001 2001 D a2dp_sbc: A2dpCodecConfigSbc
03-14 03:51:09.053 2001 2001 D a2dp_sbc: init: SBC enabled in HW mode
03-14 03:51:09.053 2001 2001 I a2dp_codec: init: updated SBC codec priority to 1001
03-14 03:51:09.053 2001 2001 D a2dp_codec: createCodec: codec AAC
03-14 03:51:09.053 2001 2001 D a2dp_codec: setCodecPriority: codec_priority_: 2001
03-14 03:51:09.053 2001 2001 D a2dp_codec: A2dpCodecConfig: init all codec caps info
03-14 03:51:09.053 2001 2001 D a2dp_aac: A2dpCodecConfigAac: AAC VBR is enabled for this target
03-14 03:51:09.053 2001 2001 D a2dp_aac: init: AAC enabled in HW mode
03-14 03:51:09.053 2001 2001 I a2dp_codec: init: updated AAC codec priority to 2001
03-14 03:51:09.053 2001 2001 D a2dp_codec: createCodec: codec aptX
03-14 03:51:09.053 2001 2001 D a2dp_codec: setCodecPriority: codec_priority_: -1
03-14 03:51:09.053 2001 2001 D a2dp_codec: A2dpCodecConfig: init all codec caps info
03-14 03:51:09.053 2001 2001 D a2dp_vendor_aptx: init: APTX enabled in HW mode
03-14 03:51:09.053 2001 2001 I a2dp_codec: init: updated aptX codec priority to -1
03-14 03:51:09.053 2001 2001 D a2dp_codec: createCodec: codec aptX-HD
03-14 03:51:09.053 2001 2001 D a2dp_codec: setCodecPriority: codec_priority_: -1
03-14 03:51:09.053 2001 2001 D a2dp_codec: A2dpCodecConfig: init all codec caps info
03-14 03:51:09.053 2001 2001 D a2dp_vendor_aptx_hd: init: APTX-HD enabled in HW mode
03-14 03:51:09.053 2001 2001 I a2dp_codec: init: updated aptX-HD codec priority to -1
03-14 03:51:09.053 2001 2001 D a2dp_codec: createCodec: codec LDAC
03-14 03:51:09.053 2001 2001 D a2dp_codec: setCodecPriority: codec_priority_: -1
03-14 03:51:09.053 2001 2001 D a2dp_codec: A2dpCodecConfig: init all codec caps info
03-14 03:51:09.053 2001 2001 D a2dp_vendor_ldac: init: LDAC enabled in HW mode
03-14 03:51:09.053 2001 2001 I a2dp_codec: init: updated LDAC codec priority to -1
03-14 03:51:09.053 2001 2001 D a2dp_codec: createCodec: codec aptX-adaptive
03-14 03:51:09.053 2001 2001 D a2dp_codec: setCodecPriority: codec_priority_: -1
03-14 03:51:09.053 2001 2001 D a2dp_codec: A2dpCodecConfig: init all codec caps info
03-14 03:51:09.053 2001 2001 I a2dp_vendor_aptx_adaptive: A2dpCodecConfigAptxAdaptive: Using Aptx Adaptive R1 config
03-14 03:51:09.053 2001 2001 D a2dp_vendor_aptx_adaptive: init: APTX-Adaptive enabled in HW mode
03-14 03:51:09.053 2001 2001 I a2dp_codec: init: updated aptX-adaptive codec priority to -1
03-14 03:51:09.054 2001 2001 D a2dp_codec: createCodec: codec aptX-TWS
03-14 03:51:09.054 2001 2001 D a2dp_codec: setCodecPriority: codec_priority_: -1
03-14 03:51:09.054 2001 2001 D a2dp_codec: A2dpCodecConfig: init all codec caps info
03-14 03:51:09.054 2001 2001 E a2dp_vendor_aptx_tws: init: APTX-Tws enabled in HW mode
03-14 03:51:09.054 2001 2001 I a2dp_codec: init: updated aptX-TWS codec priority to -1
03-14 03:51:09.054 2001 2001 D a2dp_codec: createCodec: codec SBC SINK
03-14 03:51:09.054 2001 2001 D a2dp_codec: setDefaultCodecPriority: default_codec_priority_: 0
03-14 03:51:09.054 2001 2001 D a2dp_codec: setDefaultCodecPriority: Compute the default codec priority
03-14 03:51:09.054 2001 2001 D a2dp_codec: setDefaultCodecPriority: codec_priority_: 8001
03-14 03:51:09.054 2001 2001 D a2dp_codec: setCodecPriority: codec_priority_: 8001
03-14 03:51:09.054 2001 2001 D a2dp_codec: A2dpCodecConfig: init all codec caps info
03-14 03:51:09.054 2001 2001 D a2dp_codec: createCodec: codec UNKNOWN CODEC INDEX
03-14 03:51:09.054 2001 2001 D a2dp_codec: createCodec: codec UNKNOWN CODEC INDEX
03-14 03:51:09.054 2001 2001 I a2dp_codec: init: initialized Source codec AAC
03-14 03:51:09.054 2001 2001 I a2dp_codec: init: initialized Source codec SBC
03-14 03:51:09.054 2001 2001 I a2dp_codec: init: initialized Sink codec SBC(Sink)
03-14 03:51:09.054 2001 2001 D a2dp_codec: init
03-14 03:51:09.054 2001 2001 D a2dp_codec: createCodec: codec SBC
03-14 03:51:09.054 2001 2001 D a2dp_codec: setCodecPriority: codec_priority_: 1001
03-14 03:51:09.054 2001 2001 D a2dp_codec: A2dpCodecConfig: init all codec caps info
03-14 03:51:09.054 2001 2001 D a2dp_sbc: A2dpCodecConfigSbc
03-14 03:51:09.054 2001 2001 D a2dp_sbc: init: SBC enabled in HW mode
03-14 03:51:09.054 2001 2001 I a2dp_codec: init: updated SBC codec priority to 1001
03-14 03:51:09.054 2001 2001 D a2dp_codec: createCodec: codec AAC
03-14 03:51:09.054 2001 2001 D a2dp_codec: setCodecPriority: codec_priority_: 2001
03-14 03:51:09.054 2001 2001 D a2dp_codec: A2dpCodecConfig: init all codec caps info
03-14 03:51:09.054 2001 2001 D a2dp_aac: A2dpCodecConfigAac: AAC VBR is enabled for this target
03-14 03:51:09.054 2001 2001 D a2dp_aac: init: AAC enabled in HW mode
03-14 03:51:09.054 2001 2001 I a2dp_codec: init: updated AAC codec priority to 2001
03-14 03:51:09.054 2001 2001 D a2dp_codec: createCodec: codec aptX
03-14 03:51:09.054 2001 2001 D a2dp_codec: setCodecPriority: codec_priority_: -1
03-14 03:51:09.054 2001 2001 D a2dp_codec: A2dpCodecConfig: init all codec caps info
03-14 03:51:09.054 2001 2001 D a2dp_vendor_aptx: init: APTX enabled in HW mode
03-14 03:51:09.054 2001 2001 I a2dp_codec: init: updated aptX codec priority to -1
03-14 03:51:09.054 2001 2001 D a2dp_codec: createCodec: codec aptX-HD
03-14 03:51:09.054 2001 2001 D a2dp_codec: setCodecPriority: codec_priority_: -1
03-14 03:51:09.054 2001 2001 D a2dp_codec: A2dpCodecConfig: init all codec caps info
03-14 03:51:09.054 2001 2001 D a2dp_vendor_aptx_hd: init: APTX-HD enabled in HW mode
03-14 03:51:09.054 2001 2001 I a2dp_codec: init: updated aptX-HD codec priority to -1
03-14 03:51:09.054 2001 2001 D a2dp_codec: createCodec: codec LDAC
03-14 03:51:09.054 2001 2001 D a2dp_codec: setCodecPriority: codec_priority_: -1
03-14 03:51:09.054 2001 2001 D a2dp_codec: A2dpCodecConfig: init all codec caps info
03-14 03:51:09.054 2001 2001 D a2dp_vendor_ldac: init: LDAC enabled in HW mode
03-14 03:51:09.054 2001 2001 I a2dp_codec: init: updated LDAC codec priority to -1
03-14 03:51:09.054 2001 2001 D a2dp_codec: createCodec: codec aptX-adaptive
03-14 03:51:09.054 2001 2001 D a2dp_codec: setCodecPriority: codec_priority_: -1
03-14 03:51:09.054 2001 2001 D a2dp_codec: A2dpCodecConfig: init all codec caps info
03-14 03:51:09.054 2001 2001 I a2dp_vendor_aptx_adaptive: A2dpCodecConfigAptxAdaptive: Using Aptx Adaptive R1 config
03-14 03:51:09.054 2001 2001 D a2dp_vendor_aptx_adaptive: init: APTX-Adaptive enabled in HW mode
03-14 03:51:09.054 2001 2001 I a2dp_codec: init: updated aptX-adaptive codec priority to -1
03-14 03:51:09.054 2001 2001 D a2dp_codec: createCodec: codec aptX-TWS
03-14 03:51:09.054 2001 2001 D a2dp_codec: setCodecPriority: codec_priority_: -1
03-14 03:51:09.054 2001 2001 D a2dp_codec: A2dpCodecConfig: init all codec caps info
03-14 03:51:09.054 2001 2001 E a2dp_vendor_aptx_tws: init: APTX-Tws enabled in HW mode
03-14 03:51:09.054 2001 2001 I a2dp_codec: init: updated aptX-TWS codec priority to -1
03-14 03:51:09.054 2001 2001 D a2dp_codec: createCodec: codec SBC SINK
03-14 03:51:09.054 2001 2001 D a2dp_codec: setDefaultCodecPriority: default_codec_priority_: 0
03-14 03:51:09.054 2001 2001 D a2dp_codec: setDefaultCodecPriority: Compute the default codec priority
03-14 03:51:09.054 2001 2001 D a2dp_codec: setDefaultCodecPriority: codec_priority_: 8001
03-14 03:51:09.054 2001 2001 D a2dp_codec: setCodecPriority: codec_priority_: 8001
03-14 03:51:09.054 2001 2001 D a2dp_codec: A2dpCodecConfig: init all codec caps info
03-14 03:51:09.054 2001 2001 D a2dp_codec: createCodec: codec UNKNOWN CODEC INDEX
03-14 03:51:09.054 2001 2001 D a2dp_codec: createCodec: codec UNKNOWN CODEC INDEX
03-14 03:51:09.054 2001 2001 I a2dp_codec: init: initialized Source codec AAC
03-14 03:51:09.054 2001 2001 I a2dp_codec: init: initialized Source codec SBC
03-14 03:51:09.054 2001 2001 I a2dp_codec: init: initialized Sink codec SBC(Sink)
03-14 03:51:09.054 2001 2001 D a2dp_codec: init
03-14 03:51:09.054 2001 2001 D a2dp_codec: createCodec: codec SBC
03-14 03:51:09.054 2001 2001 D a2dp_codec: setCodecPriority: codec_priority_: 1001
03-14 03:51:09.054 2001 2001 D a2dp_codec: A2dpCodecConfig: init all codec caps info
03-14 03:51:09.054 2001 2001 D a2dp_sbc: A2dpCodecConfigSbc
03-14 03:51:09.054 2001 2001 D a2dp_sbc: init: SBC enabled in HW mode
03-14 03:51:09.054 2001 2001 I a2dp_codec: init: updated SBC codec priority to 1001
03-14 03:51:09.054 2001 2001 D a2dp_codec: createCodec: codec AAC
03-14 03:51:09.054 2001 2001 D a2dp_codec: setCodecPriority: codec_priority_: 2001
03-14 03:51:09.054 2001 2001 D a2dp_codec: A2dpCodecConfig: init all codec caps info
03-14 03:51:09.054 2001 2001 D a2dp_aac: A2dpCodecConfigAac: AAC VBR is enabled for this target
03-14 03:51:09.054 2001 2001 D a2dp_aac: init: AAC enabled in HW mode
03-14 03:51:09.054 2001 2001 I a2dp_codec: init: updated AAC codec priority to 2001
03-14 03:51:09.054 2001 2001 D a2dp_codec: createCodec: codec aptX
03-14 03:51:09.054 2001 2001 D a2dp_codec: setCodecPriority: codec_priority_: -1
03-14 03:51:09.054 2001 2001 D a2dp_codec: A2dpCodecConfig: init all codec caps info
03-14 03:51:09.054 2001 2001 D a2dp_vendor_aptx: init: APTX enabled in HW mode
03-14 03:51:09.054 2001 2001 I a2dp_codec: init: updated aptX codec priority to -1
03-14 03:51:09.054 2001 2001 D a2dp_codec: createCodec: codec aptX-HD
03-14 03:51:09.054 2001 2001 D a2dp_codec: setCodecPriority: codec_priority_: -1
03-14 03:51:09.054 2001 2001 D a2dp_codec: A2dpCodecConfig: init all codec caps info
03-14 03:51:09.054 2001 2001 D a2dp_vendor_aptx_hd: init: APTX-HD enabled in HW mode
03-14 03:51:09.054 2001 2001 I a2dp_codec: init: updated aptX-HD codec priority to -1
03-14 03:51:09.054 2001 2001 D a2dp_codec: createCodec: codec LDAC
03-14 03:51:09.054 2001 2001 D a2dp_codec: setCodecPriority: codec_priority_: -1
03-14 03:51:09.054 2001 2001 D a2dp_codec: A2dpCodecConfig: init all codec caps info
03-14 03:51:09.054 2001 2001 D a2dp_vendor_ldac: init: LDAC enabled in HW mode
03-14 03:51:09.054 2001 2001 I a2dp_codec: init: updated LDAC codec priority to -1
03-14 03:51:09.054 2001 2001 D a2dp_codec: createCodec: codec aptX-adaptive
03-14 03:51:09.054 2001 2001 D a2dp_codec: setCodecPriority: codec_priority_: -1
03-14 03:51:09.054 2001 2001 D a2dp_codec: A2dpCodecConfig: init all codec caps info
03-14 03:51:09.054 2001 2001 I a2dp_vendor_aptx_adaptive: A2dpCodecConfigAptxAdaptive: Using Aptx Adaptive R1 config
03-14 03:51:09.054 2001 2001 D a2dp_vendor_aptx_adaptive: init: APTX-Adaptive enabled in HW mode
03-14 03:51:09.054 2001 2001 I a2dp_codec: init: updated aptX-adaptive codec priority to -1
03-14 03:51:09.054 2001 2001 D a2dp_codec: createCodec: codec aptX-TWS
03-14 03:51:09.054 2001 2001 D a2dp_codec: setCodecPriority: codec_priority_: -1
03-14 03:51:09.054 2001 2001 D a2dp_codec: A2dpCodecConfig: init all codec caps info
03-14 03:51:09.054 2001 2001 E a2dp_vendor_aptx_tws: init: APTX-Tws enabled in HW mode
03-14 03:51:09.054 2001 2001 I a2dp_codec: init: updated aptX-TWS codec priority to -1
03-14 03:51:09.054 2001 2001 D a2dp_codec: createCodec: codec SBC SINK
03-14 03:51:09.054 2001 2001 D a2dp_codec: setDefaultCodecPriority: default_codec_priority_: 0
03-14 03:51:09.054 2001 2001 D a2dp_codec: setDefaultCodecPriority: Compute the default codec priority
03-14 03:51:09.054 2001 2001 D a2dp_codec: setDefaultCodecPriority: codec_priority_: 8001
03-14 03:51:09.054 2001 2001 D a2dp_codec: setCodecPriority: codec_priority_: 8001
03-14 03:51:09.054 2001 2001 D a2dp_codec: A2dpCodecConfig: init all codec caps info
03-14 03:51:09.054 2001 2001 D a2dp_codec: createCodec: codec UNKNOWN CODEC INDEX
03-14 03:51:09.054 2001 2001 D a2dp_codec: createCodec: codec UNKNOWN CODEC INDEX
03-14 03:51:09.054 2001 2001 I a2dp_codec: init: initialized Source codec AAC
03-14 03:51:09.054 2001 2001 I a2dp_codec: init: initialized Source codec SBC
03-14 03:51:09.054 2001 2001 I a2dp_codec: init: initialized Sink codec SBC(Sink)
03-14 03:51:09.054 2001 2001 D bt_btif : btif_dispatch_sm_event: event: 36, len: 6
03-14 03:51:09.054 2001 2001 D bt_btif : btif_dispatch_sm_event: event 36 sent
03-14 03:51:09.054 2001 2001 D bt_btif : btif_av_state_idle_handler: event:BTIF_SM_ENTER_EVT flags: 0 on index: 0, codec_cfg_change: 0
03-14 03:51:09.054 2001 2001 I btif_av : isBATEnabled: 0
03-14 03:51:09.054 2001 2001 E bt_btif : bta_av_co_get_active_peer: peer index out of bounds: 5
03-14 03:51:09.054 2001 2319 D bt_btif : ignore updating BTIF_AV_SOURCE_CONFIG_UPDATED_EVT
03-14 03:51:09.054 2001 2001 E bt_btif : btif_av_is_split_a2dp_enabled: No active peer codec config found, by default splitmode
03-14 03:51:09.054 2001 2001 D a2dp_codec: init
03-14 03:51:09.054 2001 2001 D a2dp_codec: createCodec: codec SBC
03-14 03:51:09.054 2001 2001 D a2dp_codec: setCodecPriority: codec_priority_: 1001
03-14 03:51:09.054 2001 2001 D a2dp_codec: A2dpCodecConfig: init all codec caps info
03-14 03:51:09.054 2001 2001 D a2dp_sbc: A2dpCodecConfigSbc
03-14 03:51:09.054 2001 2001 D a2dp_sbc: init: SBC enabled in HW mode
03-14 03:51:09.054 2001 2001 I a2dp_codec: init: updated SBC codec priority to 1001
03-14 03:51:09.054 2001 2001 D a2dp_codec: createCodec: codec AAC
03-14 03:51:09.054 2001 2001 D a2dp_codec: setCodecPriority: codec_priority_: 2001
03-14 03:51:09.054 2001 2001 D a2dp_codec: A2dpCodecConfig: init all codec caps info
03-14 03:51:09.054 2001 2001 D a2dp_aac: A2dpCodecConfigAac: AAC VBR is enabled for this target
03-14 03:51:09.054 2001 2001 D a2dp_aac: init: AAC enabled in HW mode
03-14 03:51:09.054 2001 2001 I a2dp_codec: init: updated AAC codec priority to 2001
03-14 03:51:09.054 2001 2001 D a2dp_codec: createCodec: codec aptX
03-14 03:51:09.054 2001 2001 D a2dp_codec: setCodecPriority: codec_priority_: -1
03-14 03:51:09.054 2001 2001 D a2dp_codec: A2dpCodecConfig: init all codec caps info
03-14 03:51:09.054 2001 2001 D a2dp_vendor_aptx: init: APTX enabled in HW mode
03-14 03:51:09.054 2001 2001 I a2dp_codec: init: updated aptX codec priority to -1
03-14 03:51:09.054 2001 2001 D a2dp_codec: createCodec: codec aptX-HD
03-14 03:51:09.054 2001 2001 D a2dp_codec: setCodecPriority: codec_priority_: -1
03-14 03:51:09.054 2001 2001 D a2dp_codec: A2dpCodecConfig: init all codec caps info
03-14 03:51:09.054 2001 2001 D a2dp_vendor_aptx_hd: init: APTX-HD enabled in HW mode
03-14 03:51:09.054 2001 2001 I a2dp_codec: init: updated aptX-HD codec priority to -1
03-14 03:51:09.054 2001 2001 D a2dp_codec: createCodec: codec LDAC
03-14 03:51:09.054 2001 2001 D a2dp_codec: setCodecPriority: codec_priority_: -1
03-14 03:51:09.054 2001 2001 D a2dp_codec: A2dpCodecConfig: init all codec caps info
03-14 03:51:09.054 2001 2001 D a2dp_vendor_ldac: init: LDAC enabled in HW mode
03-14 03:51:09.054 2001 2001 I a2dp_codec: init: updated LDAC codec priority to -1
03-14 03:51:09.054 2001 2001 D a2dp_codec: createCodec: codec aptX-adaptive
03-14 03:51:09.054 2001 2001 D a2dp_codec: setCodecPriority: codec_priority_: -1
03-14 03:51:09.054 2001 2001 D a2dp_codec: A2dpCodecConfig: init all codec caps info
03-14 03:51:09.054 2001 2001 I a2dp_vendor_aptx_adaptive: A2dpCodecConfigAptxAdaptive: Using Aptx Adaptive R1 config
03-14 03:51:09.054 2001 2001 D a2dp_vendor_aptx_adaptive: init: APTX-Adaptive enabled in HW mode
03-14 03:51:09.054 2001 2001 I a2dp_codec: init: updated aptX-adaptive codec priority to -1
03-14 03:51:09.054 2001 2001 D a2dp_codec: createCodec: codec aptX-TWS
03-14 03:51:09.054 2001 2001 D a2dp_codec: setCodecPriority: codec_priority_: -1
03-14 03:51:09.054 2001 2001 D a2dp_codec: A2dpCodecConfig: init all codec caps info
03-14 03:51:09.054 2001 2001 E a2dp_vendor_aptx_tws: init: APTX-Tws enabled in HW mode
03-14 03:51:09.054 2001 2001 I a2dp_codec: init: updated aptX-TWS codec priority to -1
03-14 03:51:09.054 2001 2001 D a2dp_codec: createCodec: codec SBC SINK
03-14 03:51:09.054 2001 2001 D a2dp_codec: setDefaultCodecPriority: default_codec_priority_: 0
03-14 03:51:09.054 2001 2001 D a2dp_codec: setDefaultCodecPriority: Compute the default codec priority
03-14 03:51:09.054 2001 2001 D a2dp_codec: setDefaultCodecPriority: codec_priority_: 8001
03-14 03:51:09.054 2001 2001 D a2dp_codec: setCodecPriority: codec_priority_: 8001
03-14 03:51:09.054 2001 2001 D a2dp_codec: A2dpCodecConfig: init all codec caps info
03-14 03:51:09.054 2001 2001 D a2dp_codec: createCodec: codec UNKNOWN CODEC INDEX
03-14 03:51:09.054 2001 2001 D a2dp_codec: createCodec: codec UNKNOWN CODEC INDEX
03-14 03:51:09.054 2001 2001 I a2dp_codec: init: initialized Source codec AAC
03-14 03:51:09.054 2001 2001 I a2dp_codec: init: initialized Source codec SBC
03-14 03:51:09.054 2001 2001 I a2dp_codec: init: initialized Sink codec SBC(Sink)
03-14 03:51:09.054 2001 2001 E bt_btif : btif_sm_get_state : Invalid handle
03-14 03:51:09.054 2001 2001 E bt_btif : btif_sm_get_state : Invalid handle
03-14 03:51:09.054 2001 2001 E bt_btif : btif_sm_get_state : Invalid handle
03-14 03:51:09.054 2001 2001 E bt_btif : btif_sm_get_state : Invalid handle
03-14 03:51:09.054 2001 2001 E bt_btif : btif_sm_get_state : Invalid handle
03-14 03:51:09.054 2001 2001 E bt_btif : btif_media_send_reset_vendor_state:
03-14 03:51:09.054 2001 2001 E bt_btif : btif_sm_get_state : Invalid handle
03-14 03:51:09.054 2001 2001 E bt_btif : btif_sm_get_state : Invalid handle
03-14 03:51:09.054 2001 2001 E bt_btif : btif_sm_get_state : Invalid handle
03-14 03:51:09.054 2001 2001 E bt_btif : btif_sm_get_state : Invalid handle
03-14 03:51:09.054 2001 2001 I btif_av : isBATEnabled: 0
03-14 03:51:09.054 2001 2001 E bt_btif : bta_av_co_get_active_peer: peer index out of bounds: 5
03-14 03:51:09.054 2001 2001 E bt_btif : btif_av_is_split_a2dp_enabled: No active peer codec config found, by default splitmode
03-14 03:51:09.054 2001 2001 E bt_btif : btif_media_send_reset_vendor_state:
03-14 03:51:09.054 2001 2001 D bt_btif : btif_av_state_idle_handler: event:BTIF_SM_ENTER_EVT flags: 0 on index: 1, codec_cfg_change: 0
03-14 03:51:09.054 2001 2001 I btif_av : isBATEnabled: 0
03-14 03:51:09.054 2001 2001 E bt_btif : bta_av_co_get_active_peer: peer index out of bounds: 5
03-14 03:51:09.054 2001 2001 E bt_btif : btif_av_is_split_a2dp_enabled: No active peer codec config found, by default splitmode
03-14 03:51:09.054 2001 2001 D a2dp_codec: init
03-14 03:51:09.054 2001 2001 D a2dp_codec: createCodec: codec SBC
03-14 03:51:09.054 2001 2001 D a2dp_codec: setCodecPriority: codec_priority_: 1001
03-14 03:51:09.054 2001 2001 D a2dp_codec: A2dpCodecConfig: init all codec caps info
03-14 03:51:09.054 2001 2001 D a2dp_sbc: A2dpCodecConfigSbc
03-14 03:51:09.054 2001 2001 D a2dp_sbc: init: SBC enabled in HW mode
03-14 03:51:09.054 2001 2001 I a2dp_codec: init: updated SBC codec priority to 1001
03-14 03:51:09.054 2001 2001 D a2dp_codec: createCodec: codec AAC
03-14 03:51:09.054 2001 2001 D a2dp_codec: setCodecPriority: codec_priority_: 2001
03-14 03:51:09.054 2001 2001 D a2dp_codec: A2dpCodecConfig: init all codec caps info
03-14 03:51:09.054 2001 2001 D a2dp_aac: A2dpCodecConfigAac: AAC VBR is enabled for this target
03-14 03:51:09.054 2001 2001 D a2dp_aac: init: AAC enabled in HW mode
03-14 03:51:09.054 2001 2001 I a2dp_codec: init: updated AAC codec priority to 2001
03-14 03:51:09.054 2001 2001 D a2dp_codec: createCodec: codec aptX
03-14 03:51:09.054 2001 2001 D a2dp_codec: setCodecPriority: codec_priority_: -1
03-14 03:51:09.054 2001 2001 D a2dp_codec: A2dpCodecConfig: init all codec caps info
03-14 03:51:09.054 2001 2001 D a2dp_vendor_aptx: init: APTX enabled in HW mode
03-14 03:51:09.054 2001 2001 I a2dp_codec: init: updated aptX codec priority to -1
03-14 03:51:09.054 2001 2001 D a2dp_codec: createCodec: codec aptX-HD
03-14 03:51:09.054 2001 2001 D a2dp_codec: setCodecPriority: codec_priority_: -1
03-14 03:51:09.054 2001 2001 D a2dp_codec: A2dpCodecConfig: init all codec caps info
03-14 03:51:09.054 2001 2001 D a2dp_vendor_aptx_hd: init: APTX-HD enabled in HW mode
03-14 03:51:09.054 2001 2001 I a2dp_codec: init: updated aptX-HD codec priority to -1
03-14 03:51:09.054 2001 2001 D a2dp_codec: createCodec: codec LDAC
03-14 03:51:09.054 2001 2001 D a2dp_codec: setCodecPriority: codec_priority_: -1
03-14 03:51:09.054 2001 2001 D a2dp_codec: A2dpCodecConfig: init all codec caps info
03-14 03:51:09.054 2001 2001 D a2dp_vendor_ldac: init: LDAC enabled in HW mode
03-14 03:51:09.054 2001 2001 I a2dp_codec: init: updated LDAC codec priority to -1
03-14 03:51:09.054 2001 2001 D a2dp_codec: createCodec: codec aptX-adaptive
03-14 03:51:09.054 2001 2001 D a2dp_codec: setCodecPriority: codec_priority_: -1
03-14 03:51:09.054 2001 2001 D a2dp_codec: A2dpCodecConfig: init all codec caps info
03-14 03:51:09.054 2001 2001 I a2dp_vendor_aptx_adaptive: A2dpCodecConfigAptxAdaptive: Using Aptx Adaptive R1 config
03-14 03:51:09.054 2001 2001 D a2dp_vendor_aptx_adaptive: init: APTX-Adaptive enabled in HW mode
03-14 03:51:09.054 2001 2001 I a2dp_codec: init: updated aptX-adaptive codec priority to -1
03-14 03:51:09.054 2001 2001 D a2dp_codec: createCodec: codec aptX-TWS
03-14 03:51:09.054 2001 2001 D a2dp_codec: setCodecPriority: codec_priority_: -1
03-14 03:51:09.054 2001 2001 D a2dp_codec: A2dpCodecConfig: init all codec caps info
03-14 03:51:09.054 2001 2001 E a2dp_vendor_aptx_tws: init: APTX-Tws enabled in HW mode
03-14 03:51:09.054 2001 2001 I a2dp_codec: init: updated aptX-TWS codec priority to -1
03-14 03:51:09.054 2001 2001 D a2dp_codec: createCodec: codec SBC SINK
03-14 03:51:09.054 2001 2001 D a2dp_codec: setDefaultCodecPriority: default_codec_priority_: 0
03-14 03:51:09.054 2001 2001 D a2dp_codec: setDefaultCodecPriority: Compute the default codec priority
03-14 03:51:09.054 2001 2001 D a2dp_codec: setDefaultCodecPriority: codec_priority_: 8001
03-14 03:51:09.054 2001 2001 D a2dp_codec: setCodecPriority: codec_priority_: 8001
03-14 03:51:09.054 2001 2001 D a2dp_codec: A2dpCodecConfig: init all codec caps info
03-14 03:51:09.054 2001 2001 D a2dp_codec: createCodec: codec UNKNOWN CODEC INDEX
03-14 03:51:09.054 2001 2001 D a2dp_codec: createCodec: codec UNKNOWN CODEC INDEX
03-14 03:51:09.054 2001 2001 I a2dp_codec: init: initialized Source codec AAC
03-14 03:51:09.054 2001 2001 I a2dp_codec: init: initialized Source codec SBC
03-14 03:51:09.054 2001 2001 I a2dp_codec: init: initialized Sink codec SBC(Sink)
03-14 03:51:09.054 2001 2001 E bt_btif : btif_sm_get_state : Invalid handle
03-14 03:51:09.054 2001 2001 E bt_btif : btif_sm_get_state : Invalid handle
03-14 03:51:09.054 2001 2001 E bt_btif : btif_sm_get_state : Invalid handle
03-14 03:51:09.054 2001 2001 E bt_btif : btif_sm_get_state : Invalid handle
03-14 03:51:09.054 2001 2001 E bt_btif : btif_media_send_reset_vendor_state:
03-14 03:51:09.054 2001 2001 E bt_btif : btif_sm_get_state : Invalid handle
03-14 03:51:09.054 2001 2001 E bt_btif : btif_sm_get_state : Invalid handle
03-14 03:51:09.054 3317 3317 I Zygote : seccomp disabled by setenforce 0
03-14 03:51:09.054 2001 2001 E bt_btif : btif_sm_get_state : Invalid handle
03-14 03:51:09.054 2001 2001 I btif_av : isBATEnabled: 0
03-14 03:51:09.054 2001 2001 E bt_btif : bta_av_co_get_active_peer: peer index out of bounds: 5
03-14 03:51:09.054 2001 2001 E bt_btif : btif_av_is_split_a2dp_enabled: No active peer codec config found, by default splitmode
03-14 03:51:09.054 2001 2001 E bt_btif : btif_media_send_reset_vendor_state:
03-14 03:51:09.054 2001 2001 D bt_btif : btif_av_state_idle_handler: event:BTIF_SM_ENTER_EVT flags: 0 on index: 2, codec_cfg_change: 0
03-14 03:51:09.054 2001 2001 I btif_av : isBATEnabled: 0
03-14 03:51:09.054 2001 2001 E bt_btif : bta_av_co_get_active_peer: peer index out of bounds: 5
03-14 03:51:09.054 2001 2001 E bt_btif : btif_av_is_split_a2dp_enabled: No active peer codec config found, by default splitmode
03-14 03:51:09.054 2001 2001 D a2dp_codec: init
03-14 03:51:09.054 2001 2001 D a2dp_codec: createCodec: codec SBC
03-14 03:51:09.055 2001 2001 D a2dp_codec: setCodecPriority: codec_priority_: 1001
03-14 03:51:09.055 2001 2001 D a2dp_codec: A2dpCodecConfig: init all codec caps info
03-14 03:51:09.055 2001 2001 D a2dp_sbc: A2dpCodecConfigSbc
03-14 03:51:09.055 2001 2001 D a2dp_sbc: init: SBC enabled in HW mode
03-14 03:51:09.055 2001 2001 I a2dp_codec: init: updated SBC codec priority to 1001
03-14 03:51:09.055 2001 2001 D a2dp_codec: createCodec: codec AAC
03-14 03:51:09.055 2001 2001 D a2dp_codec: setCodecPriority: codec_priority_: 2001
03-14 03:51:09.055 2001 2001 D a2dp_codec: A2dpCodecConfig: init all codec caps info
