03-14 03:51:12.875 2965 3828 I hpplay-java: [AsyncTask #7]:LelinkCastImpl:init appKey=21409
03-14 03:51:12.876 2965 3828 I hpplay-java: [AsyncTask #7]:UILife:UISession
03-14 03:51:12.880 2965 2965 I hpplay-java: [main]:BuildConfigSupport:getFLAVOR FLAVOR:lecast
03-14 03:51:12.880 2965 2965 I hpplay-java: [main]:BuildConfigSupport:getFeatureDlnaValidModel FEATURE_DLNA_VALID_MODEL:1
03-14 03:51:12.880 2965 3828 I hpplay-java: [AsyncTask #7]:ModelUtil:Build.MANUFACTURER: TC -- Model: -- Build.MODEL: figure
03-14 03:51:12.881 2965 3828 I hpplay-java: [AsyncTask #7]:Feature:getVolumeType model:figure mf:TC
03-14 03:51:12.896 2965 3831 I hpplay-java: [AsyncTask #10]:DeviceUtil:getMac type: wlan0
03-14 03:51:12.899 2965 3828 I hpplay-java: [AsyncTask #7]:BuildConfigSupport:getFeatureProduct :1
03-14 03:51:12.899 2965 3828 I hpplay-java: [AsyncTask #7]:Feature:isReverseControlEnable :true
03-14 03:51:12.899 2965 3828 I hpplay-java: [AsyncTask #7]:Feature:isPlayListEnable :true
03-14 03:51:12.899 2965 3828 W hpplay-java: [AsyncTask #7]:CreateUtils:createFeature baseFeature:1100111111111
03-14 03:51:12.899 2965 3828 I hpplay-java: [AsyncTask #7]:InParameters:InParameters 6655
03-14 03:51:12.900 2965 3828 I hpplay-java: [AsyncTask #7]:Bridge:getLelinkSoInfo info:90610
03-14 03:51:12.900 2965 3828 E hpplay-java: [AsyncTask #7]:Bridge:soInfoCheck liblelink.so mismatch
03-14 03:51:12.900 2965 3828 E hpplay-java: version:90610 / 90611
03-14 03:51:12.909 2965 3834 W VideoCapabilities: Unsupported mime image/vnd.android.heic
03-14 03:51:12.912 2965 3834 W VideoCapabilities: Unrecognized profile/level 0/3 for video/mpeg2
03-14 03:51:12.912 2965 3834 W VideoCapabilities: Unrecognized profile/level 0/3 for video/mpeg2
03-14 03:51:12.914 2965 3831 I hpplay-java: [AsyncTask #10]:DeviceUtil:getMac type: eth0
03-14 03:51:12.923 3842 3842 I auditd : type=1400 audit(0.0:913): avc: denied { read } for comm="cat" name="address" dev="sysfs" ino=66002 scontext=u:r:platform_app:s0:c512,c768 tcontext=u:object_r:sysfs:s0 tclass=file permissive=1 app=com.hht.lebocast
03-14 03:51:12.923 3842 3842 I cat : type=1400 audit(0.0:913): avc: denied { read } for name="address" dev="sysfs" ino=66002 scontext=u:r:platform_app:s0:c512,c768 tcontext=u:object_r:sysfs:s0 tclass=file permissive=1 app=com.hht.lebocast
03-14 03:51:12.923 3842 3842 I auditd : type=1400 audit(0.0:914): avc: denied { open } for comm="cat" path="/sys/devices/platform/soc/1c08000.qcom,pcie/pci0001:00/0001:00:00.0/0001:01:00.0/net/eth0/address" dev="sysfs" ino=66002 scontext=u:r:platform_app:s0:c512,c768 tcontext=u:object_r:sysfs:s0 tclass=file permissive=1 app=com.hht.lebocast
03-14 03:51:12.923 3842 3842 I cat : type=1400 audit(0.0:914): avc: denied { open } for path="/sys/devices/platform/soc/1c08000.qcom,pcie/pci0001:00/0001:00:00.0/0001:01:00.0/net/eth0/address" dev="sysfs" ino=66002 scontext=u:r:platform_app:s0:c512,c768 tcontext=u:object_r:sysfs:s0 tclass=file permissive=1 app=com.hht.lebocast
01-01 08:00:46.324 0 0 I logd : start watching /data/system/packages.list ...
01-01 08:00:46.325 0 0 I logd : ReadPackageList, total packages: 103
03-14 03:51:12.946 782 2166 D BufferPoolAccessor2.0: bufferpool2 0xb40000723c941238 : 0(0 size) total buffers - 0(0 size) used buffers - 1/7 (recycle/alloc) - 10/34 (fetch/transfer)
03-14 03:51:12.946 782 2166 D BufferPoolAccessor2.0: bufferpool2 0xb40000723c944e58 : 0(0 size) total buffers - 0(0 size) used buffers - 2/7 (recycle/alloc) - 8/26 (fetch/transfer)
03-14 03:51:12.946 782 2166 D BufferPoolAccessor2.0: bufferpool2 0xb40000723c945798 : 0(0 size) total buffers - 0(0 size) used buffers - 1/7 (recycle/alloc) - 6/24 (fetch/transfer)
03-14 03:51:12.946 782 2166 D BufferPoolAccessor2.0: bufferpool2 0xb40000723c943bd8 : 0(0 size) total buffers - 0(0 size) used buffers - 2/7 (recycle/alloc) - 5/18 (fetch/transfer)
03-14 03:51:12.946 782 2166 D BufferPoolAccessor2.0: bufferpool2 0xb40000723c942708 : 0(0 size) total buffers - 0(0 size) used buffers - 2/7 (recycle/alloc) - 5/34 (fetch/transfer)
03-14 03:51:12.946 782 2166 D BufferPoolAccessor2.0: evictor expired: 5, evicted: 5
03-14 03:51:12.948 1509 1851 D BufferPoolAccessor2.0: bufferpool2 0xb4000076ef360978 : 0(0 size) total buffers - 0(0 size) used buffers - 15/17 (recycle/alloc) - 2/16 (fetch/transfer)
03-14 03:51:12.948 1509 1851 D BufferPoolAccessor2.0: bufferpool2 0xb4000076ef3663a8 : 0(0 size) total buffers - 0(0 size) used buffers - 12/15 (recycle/alloc) - 3/14 (fetch/transfer)
03-14 03:51:12.948 1509 1851 D BufferPoolAccessor2.0: bufferpool2 0xb4000076ef361e48 : 0(0 size) total buffers - 0(0 size) used buffers - 8/11 (recycle/alloc) - 3/10 (fetch/transfer)
03-14 03:51:12.948 1509 1851 D BufferPoolAccessor2.0: bufferpool2 0xb4000076ef3647e8 : 0(0 size) total buffers - 0(0 size) used buffers - 12/15 (recycle/alloc) - 3/14 (fetch/transfer)
03-14 03:51:12.948 1509 1851 D BufferPoolAccessor2.0: bufferpool2 0xb4000076ef360e18 : 0(0 size) total buffers - 0(0 size) used buffers - 14/16 (recycle/alloc) - 2/15 (fetch/transfer)
03-14 03:51:12.948 1509 1851 D BufferPoolAccessor2.0: bufferpool2 0xb4000076ef363568 : 0(0 size) total buffers - 0(0 size) used buffers - 8/10 (recycle/alloc) - 2/9 (fetch/transfer)
03-14 03:51:12.948 1509 1851 D BufferPoolAccessor2.0: bufferpool2 0xb4000076ef363ea8 : 0(0 size) total buffers - 0(0 size) used buffers - 3/7 (recycle/alloc) - 4/6 (fetch/transfer)
03-14 03:51:12.948 1509 1851 D BufferPoolAccessor2.0: bufferpool2 0xb4000076ef361068 : 0(0 size) total buffers - 0(0 size) used buffers - 3/7 (recycle/alloc) - 4/6 (fetch/transfer)
03-14 03:51:12.948 1509 1851 D BufferPoolAccessor2.0: evictor expired: 8, evicted: 8
03-14 03:51:12.974 782 782 I sysui_multi_action: [757,1501,758,1,793,202,794,0,795,202,796,17303299,797,com.android.wifi,806,android,857,NETWORK_AVAILABLE,858,2,947,0,1500,0,1688,1]
03-14 03:51:12.974 782 782 I sysui_multi_action: [757,804,799,note_interruptive,801,0,802,1]
03-14 03:51:12.975 782 782 I GameModeConfig: isGameModeOn = false
03-14 03:51:12.976 782 782 W NotificationHistory: Attempted to add notif for locked/gone/disabled user 0
03-14 03:51:12.995 2006 2006 D InterruptionStateProvider: No bubble up: not allowed to bubble: 0|android|17303299|com.android.wifi|1000
03-14 03:51:12.996 2006 2006 D InterruptionStateProvider: No heads up: unimportant notification: 0|android|17303299|com.android.wifi|1000
03-14 03:51:12.996 2006 2449 D PeopleSpaceWidgetMgr: Sbn doesn't contain valid PeopleTileKey: null/0/android
03-14 03:51:13.001 2006 2449 E ndroid.systemu: No package ID 7f found for ID 0x7f030001.
03-14 03:51:13.001 2006 2449 E ContrastColorUtil: Drawable not found: 2130903041
03-14 03:51:13.001 2006 2449 E ndroid.systemu: No package ID 7f found for ID 0x7f030001.
03-14 03:51:13.001 2006 2449 E ContrastColorUtil: Drawable not found: 2130903041
03-14 03:51:13.016 3803 3803 I MSP-JNI : JNI_OnLoad called
03-14 03:51:13.016 3803 3803 E MSP-JNI : Failed to get class in Jload
03-14 03:51:13.016 3803 3803 I MSP-JNI : FindClass - com/qualcomm/ltebc/LTEBroadcastService JNI EXCEPTION CLEARED
03-14 03:51:13.017 3803 3803 I MSP-JNI : JNI_OnLoad: Initializing File Delivery references
03-14 03:51:13.017 3803 3803 I MSP-JNI : FindClass CARRIER_SPECIFIC_CLASS_DEFINITION JNI EXCEPTION CLEARED
03-14 03:51:13.017 3803 3803 I MSP-JNI : JNI_OnLoad: Completed File Delivery initialization
03-14 03:51:13.019 3803 3803 I LTE Application: LTEApplicationCreate
03-14 03:51:13.019 3803 3803 I LTE Application: applicationContext : com.qualcomm.ltebc.LTEQTIApplication@3f4e2
03-14 03:51:13.021 3803 3803 I LTE QMI Link: Creating QMI Link
03-14 03:51:13.022 3803 3803 D LTE Application: packageName = com.qti.ltebc versionCode = 5401010 versionName = MSDC_LA_5.4.01.01.0
03-14 03:51:13.022 3803 3803 I LTE Application: LTE Broadcast Library Release Version = MSDC_LA_5.4.01.01.0
03-14 03:51:13.022 3803 3803 D LTE Application: IntentSender : Last intent Status NOT_SENT forcedBroadcast flag = true
03-14 03:51:13.022 3803 3803 D LTE Application: sendBroadcastIntent IntentAction : Sending com.qualcomm.intent.EMBMS_STATUS ACTIVE = false
03-14 03:51:13.024 3803 3803 W SOCKET : ConnectionManager constructor has been initialised
03-14 03:51:13.024 3803 3803 E System : Ignoring attempt to set property "java.net.preferIPv6Addresses" to value "false".
03-14 03:51:13.025 3803 3803 D LTE Application: Android API Version 31
03-14 03:51:13.025 3803 3803 I LTE Application: Package Name : com.qti.ltebc
03-14 03:51:13.026 3803 3803 I LTE Application: app is not whitelisted
03-14 03:51:13.028 3803 3803 I LTE Broadcast Receiver: Broadcast Receiver Received intent : Intent { act=android.intent.action.BOOT_COMPLETED flg=0x89000010 cmp=com.qti.ltebc/com.qualcomm.ltebc.LTEBroadcastBootReceiver (has extras) }
03-14 03:51:13.028 3803 3803 I LTE Broadcast Receiver: Received intent : android.intent.action.BOOT_COMPLETED isBindCalled = false
03-14 03:51:13.028 3803 3803 I LTE Application: startRootServiceASync true
03-14 03:51:13.029 3803 3845 I LTE Application: startRootServiceSync true
03-14 03:51:13.030 3803 3845 I LTE Application: startRootServiceSync initState LTEBC_MSP_NOT_INITIALIZED
03-14 03:51:13.030 3803 3845 I LTE Application: setWakeupMode - mode :WAKEUP_MODE_BG
03-14 03:51:13.030 3803 3845 I LTE Application: startRootServiceSync(): Started from BOOT
03-14 03:51:13.030 3803 3845 I LTE Application: startRootServiceSync(): setting alarm wake up and exit from BOOT 1678737073530
03-14 03:51:13.030 3803 3845 I LTE Application: scheduleNextWakeup appName: null wakeupInFg: false
03-14 03:51:13.030 3803 3845 I LTE Application: wakeupTime is 1678737073530
03-14 03:51:13.030 3803 3845 I LTE Application: Next wakeup will be due to boot
03-14 03:51:13.031 782 1973 D CompatibilityChangeReporter: Compat change id reported: 168419799; UID 10054; state: DISABLED
03-14 03:51:13.031 782 1973 D CompatibilityInfo: mCompatibilityFlags - 4
03-14 03:51:13.031 782 1973 D CompatibilityInfo: applicationDensity - 240
03-14 03:51:13.031 782 1973 D CompatibilityInfo: applicationScale - 1.0
03-14 03:51:13.031 2006 2006 V NotificationMediaManager: DEBUG_MEDIA: updating album art for notification null metadata=null metaDataChanged=false state=0
03-14 03:51:13.032 3803 3845 D CompatibilityChangeReporter: Compat change id reported: 160794467; UID 10075; state: ENABLED
03-14 03:51:13.033 3017 3017 D PASRReceiver: Received Intent Intent { act=android.intent.action.BOOT_COMPLETED flg=0x89000010 cmp=com.qti.pasrservice/.PASRReceiver (has extras) }
03-14 03:51:13.033 782 1973 D CompatibilityChangeReporter: Compat change id reported: 171306433; UID 10075; state: ENABLED
03-14 03:51:13.034 782 2170 D CompatibilityInfo: mCompatibilityFlags - 4
03-14 03:51:13.034 782 2170 D CompatibilityInfo: applicationDensity - 240
03-14 03:51:13.034 782 2170 D CompatibilityInfo: applicationScale - 1.0
03-14 03:51:13.034 3017 3017 D PASRReceiver: PASRService Auto Boot Started Successfully
03-14 03:51:13.035 3017 3017 E PASRService: onCreate
03-14 03:51:13.035 3803 3845 I LTE Application: Alarm Set to 1678737073530
03-14 03:51:13.035 782 2170 D CompatibilityInfo: mCompatibilityFlags - 4
03-14 03:51:13.035 782 2170 D CompatibilityInfo: applicationDensity - 240
03-14 03:51:13.035 782 2170 D CompatibilityInfo: applicationScale - 1.0
03-14 03:51:13.036 3017 3017 D PASRService: PASRService started
03-14 03:51:13.036 2389 2389 I MStatsReceiver: prop ==
03-14 03:51:13.036 2389 2389 I MStatsReceiver: Received intent but prop is not set.
03-14 03:51:13.038 782 1973 D CompatibilityChangeReporter: Compat change id reported: 168419799; UID 10070; state: DISABLED
03-14 03:51:13.038 782 1973 D CompatibilityInfo: mCompatibilityFlags - 4
03-14 03:51:13.038 782 1973 D CompatibilityInfo: applicationDensity - 240
03-14 03:51:13.038 782 1973 D CompatibilityInfo: applicationScale - 1.0
03-14 03:51:13.038 3803 3845 I com.qti.ltebc: System.exit called, status: 0
03-14 03:51:13.038 3803 3845 I AndroidRuntime: VM exiting with result code 0, cleanup skipped.
03-14 03:51:13.044 782 2170 D CompatibilityChangeReporter: Compat change id reported: 168419799; UID 10071; state: DISABLED
03-14 03:51:13.044 782 2170 D CompatibilityInfo: mCompatibilityFlags - 4
03-14 03:51:13.044 782 2170 D CompatibilityInfo: applicationDensity - 240
03-14 03:51:13.044 782 2170 D CompatibilityInfo: applicationScale - 1.0
03-14 03:51:13.047 782 1973 D CompatibilityChangeReporter: Compat change id reported: 168419799; UID 10081; state: DISABLED
03-14 03:51:13.047 782 1973 D CompatibilityInfo: mCompatibilityFlags - 4
03-14 03:51:13.047 782 1973 D CompatibilityInfo: applicationDensity - 240
03-14 03:51:13.047 782 1973 D CompatibilityInfo: applicationScale - 1.0
03-14 03:51:13.048 2680 2680 I QCCAuthMgr: BootReceiver - onReceive
03-14 03:51:13.048 2680 2680 I QCCAuthMgr: android.intent.action.BOOT_COMPLETED intent received
03-14 03:51:13.048 2680 2680 D QCCAuthMgr: SMQContentProvider query uri: content://com.qti.smq.Feedback.provider/smq_settings, selection: key=?, uri_matcher: 1
03-14 03:51:13.048 2680 2680 D QCCAuthMgr: SMQContentProvider query tableName: smq_settings
03-14 03:51:13.048 2680 2680 I QCCAuthMgr: BootReceiver - db is not initial
03-14 03:51:13.049 782 2173 D CompatibilityChangeReporter: Compat change id reported: 168419799; UID 10083; state: DISABLED
03-14 03:51:13.049 782 2173 D CompatibilityInfo: mCompatibilityFlags - 4
03-14 03:51:13.049 782 2173 D CompatibilityInfo: applicationDensity - 240
03-14 03:51:13.049 782 2173 D CompatibilityInfo: applicationScale - 1.0
03-14 03:51:13.050 3061 3061 I QCC-Netstat:BootReceiver: android.intent.action.BOOT_COMPLETED received
03-14 03:51:13.051 782 2173 D CompatibilityInfo: mCompatibilityFlags - 4
03-14 03:51:13.051 782 2173 D CompatibilityInfo: applicationDensity - 240
03-14 03:51:13.051 782 2173 D CompatibilityInfo: applicationScale - 1.0
03-14 03:51:13.053 782 2173 I am_uid_running: 10057
03-14 03:51:13.053 782 2173 D CompatibilityChangeReporter: Compat change id reported: 135634846; UID 10057; state: DISABLED
03-14 03:51:13.054 782 873 D CompatibilityChangeReporter: Compat change id reported: 143937733; UID 10057; state: DISABLED
03-14 03:51:13.057 782 2173 I ActivityManager: Process com.qti.ltebc (pid 3803) has died: cch+5 CEM
03-14 03:51:13.057 701 701 D Zygote : Forked child process 3850
03-14 03:51:13.057 782 874 I libprocessgroup: Successfully killed process cgroup uid 10075 pid 3803 in 0ms
03-14 03:51:13.058 782 2173 I am_proc_died: [0,3803,com.qti.ltebc,905,19]
03-14 03:51:13.059 695 695 I Zygote : Process 3803 exited cleanly (0)
03-14 03:51:13.059 782 2173 I am_uid_stopped: 10075
03-14 03:51:13.059 3850 3850 I Zygote : seccomp disabled by setenforce 0
03-14 03:51:13.060 782 2173 I am_uid_active: 10057
03-14 03:51:13.061 782 873 I am_proc_start: [0,3850,10057,com.qualcomm.qti.qms.service.connectionsecurity,broadcast,{com.qualcomm.qti.qms.service.connectionsecurity/com.qualcomm.qti.qms.service.connectionsecurity.ConnSecBroadcastReceiver}]
03-14 03:51:13.061 782 873 I ActivityManager: Start proc 3850:com.qualcomm.qti.qms.service.connectionsecurity/u0a57 for broadcast {com.qualcomm.qti.qms.service.connectionsecurity/com.qualcomm.qti.qms.service.connectionsecurity.ConnSecBroadcastReceiver}
03-14 03:51:13.063 3850 3850 W nectionsecurit: Using default instruction set features for ARM CPU variant (cortex-a9) using conservative defaults
03-14 03:51:13.067 2789 2798 I adbd : jdwp connection from 3850
01-01 08:00:46.464 0 0 I binder : 3850:3850 ioctl 40046210 ff89b9a8 returned -22
03-14 03:51:13.070 3850 3850 D ProcessState: Binder ioctl to enable oneway spam detection failed: Invalid argument
03-14 03:51:13.075 782 2170 I am_proc_bound: [0,3850,com.qualcomm.qti.qms.service.connectionsecurity]
03-14 03:51:13.076 782 2170 D CompatibilityChangeReporter: Compat change id reported: 168419799; UID 10057; state: DISABLED
03-14 03:51:13.076 782 2170 D CompatibilityInfo: mCompatibilityFlags - 4
03-14 03:51:13.076 782 2170 D CompatibilityInfo: applicationDensity - 240
03-14 03:51:13.076 782 2170 D CompatibilityInfo: applicationScale - 1.0
03-14 03:51:13.078 782 2170 D CompatibilityInfo: mCompatibilityFlags - 4
03-14 03:51:13.079 782 2170 D CompatibilityInfo: applicationDensity - 240
03-14 03:51:13.079 782 2170 D CompatibilityInfo: applicationScale - 1.0
03-14 03:51:13.080 3850 3850 D CompatibilityChangeReporter: Compat change id reported: 171979766; UID 10057; state: DISABLED
03-14 03:51:13.085 3850 3850 D ApplicationLoaders: Returning zygote-cached class loader: /system/framework/android.test.base.jar
03-14 03:51:13.097 3850 3850 D nativeloader: classloader namespace configured for unbundled vendor apk. library_path=/vendor/app/ConnectionSecurityService/lib/arm:/vendor/app/ConnectionSecurityService/ConnectionSecurityService.apk!/lib/armeabi-v7a:/vendor/lib
01-01 08:00:46.503 0 0 I IRQ 5 : no longer affine to CPU5
03-14 03:51:13.118 3850 3850 I Perf : Connecting to perf service.
03-14 03:51:13.124 3850 3850 V GraphicsEnvironment: ANGLE Developer option for 'com.qualcomm.qti.qms.service.connectionsecurity' set to: 'default'
03-14 03:51:13.125 3850 3850 V GraphicsEnvironment: ANGLE GameManagerService for com.qualcomm.qti.qms.service.connectionsecurity: false
03-14 03:51:13.126 3850 3850 D NetworkSecurityConfig: No Network Security Config specified, using platform default
03-14 03:51:13.126 3850 3850 D NetworkSecurityConfig: No Network Security Config specified, using platform default
03-14 03:51:13.131 782 2170 D CompatibilityInfo: mCompatibilityFlags - 4
03-14 03:51:13.131 782 2170 D CompatibilityInfo: applicationDensity - 240
03-14 03:51:13.131 782 2170 D CompatibilityInfo: applicationScale - 1.0
03-14 03:51:13.132 2222 2222 D RCSService BC-Receiver: Boot Complete Event Received. Is IMS RCS Single Reg enabled0
03-14 03:51:13.132 2222 2222 D RCSService BC-Receiver: START RCS SERVICE ON BOOTUP
03-14 03:51:13.133 2222 2222 I QRCSService: onStartCommand- Call
03-14 03:51:13.134 2222 3866 I QRCSService: Already HIDL-IUceService is Started
03-14 03:51:13.135 782 2170 D CompatibilityChangeReporter: Compat change id reported: 168419799; UID 10079; state: DISABLED
03-14 03:51:13.135 782 2170 D CompatibilityInfo: mCompatibilityFlags - 4
03-14 03:51:13.135 782 2170 D CompatibilityInfo: applicationDensity - 240
03-14 03:51:13.135 782 2170 D CompatibilityInfo: applicationScale - 1.0
03-14 03:51:13.137 3078 3078 D hw-ProcessState: Binder ioctl to enable oneway spam detection failed: Invalid argument
01-01 08:00:46.532 0 0 I binder : 3078:3078 ioctl 40046210 7fc8a602e4 returned -22
03-14 03:51:13.141 782 2170 D CompatibilityChangeReporter: Compat change id reported: 168419799; UID 10085; state: DISABLED
03-14 03:51:13.141 782 2170 D CompatibilityInfo: mCompatibilityFlags - 4
03-14 03:51:13.141 782 2170 D CompatibilityInfo: applicationDensity - 240
03-14 03:51:13.141 782 2170 D CompatibilityInfo: applicationScale - 1.0
03-14 03:51:13.143 782 2173 D CompatibilityInfo: mCompatibilityFlags - 4
03-14 03:51:13.143 782 2173 D CompatibilityInfo: applicationDensity - 240
03-14 03:51:13.143 782 2173 D CompatibilityInfo: applicationScale - 1.0
03-14 03:51:13.145 782 2170 D CompatibilityInfo: mCompatibilityFlags - 4
03-14 03:51:13.145 782 2170 D CompatibilityInfo: applicationDensity - 240
03-14 03:51:13.145 782 2170 D CompatibilityInfo: applicationScale - 1.0
03-14 03:51:13.146 2295 2295 D TlogClient_BootCompletedReceiver: Receive device boot completed broadcast.
03-14 03:51:13.151 2295 2295 D TlogClient_BootCompletedReceiver: starting LogCollectService
03-14 03:51:13.152 782 2173 D CompatibilityInfo: mCompatibilityFlags - 4
03-14 03:51:13.152 782 2173 D CompatibilityInfo: applicationDensity - 240
03-14 03:51:13.152 782 2173 D CompatibilityInfo: applicationScale - 1.0
03-14 03:51:13.153 2295 2295 D TlogClient_BootCompletedReceiver: starting LogCollectService completed.
03-14 03:51:13.157 782 2173 D CompatibilityInfo: mCompatibilityFlags - 4
03-14 03:51:13.157 782 2173 D CompatibilityInfo: applicationDensity - 240
03-14 03:51:13.157 782 2173 D CompatibilityInfo: applicationScale - 1.0
03-14 03:51:13.158 2118 2118 I GameMode_BootCompletedReceiver: Receive device boot completed broadcast, starting ActivityMonitoringService
03-14 03:51:13.160 782 2173 D CompatibilityInfo: mCompatibilityFlags - 4
03-14 03:51:13.160 782 2173 D CompatibilityInfo: applicationDensity - 240
03-14 03:51:13.160 782 2173 D CompatibilityInfo: applicationScale - 1.0
03-14 03:51:13.161 2118 2118 D GameMode_BootCompletedReceiver: starting ActivityMonitoringService completed.
03-14 03:51:13.162 782 2173 D CompatibilityInfo: mCompatibilityFlags - 4
03-14 03:51:13.162 782 2173 D CompatibilityInfo: applicationDensity - 240
03-14 03:51:13.162 782 2173 D CompatibilityInfo: applicationScale - 1.0
03-14 03:51:13.163 2264 2264 D TlogServer_DeviceBootReceiver: Receive device boot completed broadcast.
03-14 03:51:13.163 2264 2264 D TlogServer_DeviceBootReceiver: starting CoreService
03-14 03:51:13.164 782 2170 D CompatibilityInfo: mCompatibilityFlags - 4
03-14 03:51:13.164 782 2170 D CompatibilityInfo: applicationDensity - 240
03-14 03:51:13.164 782 2170 D CompatibilityInfo: applicationScale - 1.0
03-14 03:51:13.164 2264 2264 D TlogServer_DeviceBootReceiver: starting CoreService completed.
03-14 03:51:13.165 2264 2264 D TlogServer_CoreService: start Ap Ip Listener
03-14 03:51:13.165 782 1973 D CompatibilityInfo: mCompatibilityFlags - 4
03-14 03:51:13.165 782 1973 D CompatibilityInfo: applicationDensity - 240
03-14 03:51:13.165 782 1973 D CompatibilityInfo: applicationScale - 1.0
03-14 03:51:13.168 782 1973 D CompatibilityInfo: mCompatibilityFlags - 4
03-14 03:51:13.168 782 1973 D CompatibilityInfo: applicationDensity - 240
03-14 03:51:13.168 782 1973 D CompatibilityInfo: applicationScale - 1.0
03-14 03:51:13.169 782 1973 W BroadcastQueue: Permission Denial: receiving Intent { act=android.intent.action.BOOT_COMPLETED flg=0x89000010 (has extras) } to com.qiyi.video/androidx.work.impl.background.systemalarm.RescheduleReceiver requires android.permission.RECEIVE_BOOT_COMPLETED due to sender null (uid 1000)
03-14 03:51:13.170 782 872 I ActivityManager: Finished processing BOOT_COMPLETED for u0
03-14 03:51:13.170 782 872 I am_uid_running: 10028
03-14 03:51:13.171 782 872 D CompatibilityChangeReporter: Compat change id reported: 135634846; UID 10028; state: DISABLED
03-14 03:51:13.171 782 872 D CompatibilityChangeReporter: Compat change id reported: 177438394; UID 10028; state: DISABLED
03-14 03:51:13.171 782 872 D CompatibilityChangeReporter: Compat change id reported: 135772972; UID 10028; state: DISABLED
03-14 03:51:13.171 782 872 D CompatibilityChangeReporter: Compat change id reported: 135754954; UID 10028; state: ENABLED
03-14 03:51:13.174 782 873 D CompatibilityChangeReporter: Compat change id reported: 143937733; UID 10028; state: ENABLED
03-14 03:51:13.174 2264 2264 D TlogServer_CoreService: Server onStarted: 192.168.4.16
03-14 03:51:13.178 2118 2118 I GameMode_ActivityMonitoringService: onActivityLaunch: com.android.launcher3, isGameApp: false
03-14 03:51:13.179 2118 2118 D GameModeIF_GameModeSettings: getUriFor setting_content_uri_root = content://com.thundercomm.gamemode.api/gamemode_settings , name = gamemode_enable
03-14 03:51:13.180 695 695 D Zygote : Forked child process 3876
03-14 03:51:13.180 782 873 I am_proc_start: [0,3876,10028,com.android.externalstorage,broadcast,{com.android.externalstorage/com.android.externalstorage.MountReceiver}]
03-14 03:51:13.180 782 873 I ActivityManager: Start proc 3876:com.android.externalstorage/u0a28 for broadcast {com.android.externalstorage/com.android.externalstorage.MountReceiver}
03-14 03:51:13.184 2118 2118 V GameMode_GpuUtils: fps:60
03-14 03:51:13.185 3876 3876 I Zygote : seccomp disabled by setenforce 0
03-14 03:51:13.189 2118 2118 E GameMode_GameModeService: sInstance is null!
03-14 03:51:13.189 2118 2118 D GameMode_GameModeActionUtils: Hide GameMode entry by service!
03-14 03:51:13.190 2118 2118 W ContextImpl: Calling a method in the system process without a qualified user: android.app.ContextImpl.startService:1816 android.content.ContextWrapper.startService:774 com.thundercomm.gamemode.ingame.services.GameModeActionUtils.startGameModeService:118 com.thundercomm.gamemode.ingame.services.GameModeActionUtils.startGameModeEntry:29 com.thundercomm.gamemode.ingame.services.ActivityMonitoringService$1.onActivityLaunch:140
03-14 03:51:13.192 782 1973 D CompatibilityInfo: mCompatibilityFlags - 4
03-14 03:51:13.192 782 1973 D CompatibilityInfo: applicationDensity - 240
03-14 03:51:13.192 782 1973 D CompatibilityInfo: applicationScale - 1.0
03-14 03:51:13.193 2118 2118 D GameModeIF_GameModeSettings: getUriFor setting_content_uri_root = content://com.thundercomm.gamemode.api/gamemode_settings , name = gamemode_isgaming
03-14 03:51:13.196 2789 2798 I adbd : jdwp connection from 3876
03-14 03:51:13.197 2118 2118 D GameModeIF_GameModeSettings: gamemode_isgaming set to 0
03-14 03:51:13.197 3876 3876 D ProcessState: Binder ioctl to enable oneway spam detection failed: Invalid argument
03-14 03:51:13.197 782 782 I GameModeConfig: Current uri is uri = content://com.thundercomm.gamemode.api/gamemode_settings/gamemode_isgaming
03-14 03:51:13.197 782 782 D GameModeIF_GameModeSettings: getUriFor setting_content_uri_root = content://com.thundercomm.gamemode.api/gamemode_settings , name = gamemode_isgaming
03-14 03:51:13.198 2118 2118 D hw-ProcessState: Binder ioctl to enable oneway spam detection failed: Invalid argument
03-14 03:51:13.199 782 782 I GameModeConfig: isGameModeOn = false
03-14 03:51:13.200 782 782 I GameModeConfig: isGameModeOn = false
03-14 03:51:13.200 782 782 I GameModeConfig: isDisableVoice = true
03-14 03:51:13.200 3078 3078 I tflite : Initialized TensorFlow Lite runtime.
03-14 03:51:13.200 782 1699 I GameModeConfig: isGameModeOn = false
03-14 03:51:13.200 782 1699 I GameModeConfig: isGameModeOn = false
03-14 03:51:13.200 782 1699 I GameModeConfig: isGameModeOn = false
03-14 03:51:13.200 782 1699 I GameModeConfig: isGameModeOn = false
03-14 03:51:13.200 782 1699 I GameModeConfig: isGameModeOn = false
01-01 08:00:46.592 0 0 I binder : 3876:3876 ioctl 40046210 7fc8a60c34 returned -22
01-01 08:00:46.593 0 0 I binder : 2118:2118 ioctl 40046210 7fc8a5f774 returned -22
03-14 03:51:13.201 2965 3828 I hpplay-java: [AsyncTask #7]:Bridge:getLelinkSoInfo info:90610
03-14 03:51:13.201 2965 3828 E hpplay-java: [AsyncTask #7]:Bridge:soInfoCheck liblelink.so mismatch
03-14 03:51:13.201 2965 3828 E hpplay-java: version:90610 / 90611
03-14 03:51:13.202 782 1973 I am_proc_bound: [0,3876,com.android.externalstorage]
03-14 03:51:13.202 2118 2118 D GameModeIF_GameModeSettings: getUriFor setting_content_uri_root = content://com.thundercomm.gamemode.api/gamemode_settings , name = gamemode_enable
03-14 03:51:13.206 782 1973 D CompatibilityChangeReporter: Compat change id reported: 168419799; UID 10028; state: DISABLED
03-14 03:51:13.206 782 1973 D CompatibilityInfo: mCompatibilityFlags - 4
03-14 03:51:13.206 782 1973 D CompatibilityInfo: applicationDensity - 240
03-14 03:51:13.206 782 1973 D CompatibilityInfo: applicationScale - 1.0
03-14 03:51:13.207 2118 2118 D GameMode_GameModeService: onCreate
03-14 03:51:13.209 782 1973 D CompatibilityInfo: mCompatibilityFlags - 4
03-14 03:51:13.209 782 1973 D CompatibilityInfo: applicationDensity - 240
03-14 03:51:13.209 782 1973 D CompatibilityInfo: applicationScale - 1.0
03-14 03:51:13.211 3876 3876 D CompatibilityChangeReporter: Compat change id reported: 171979766; UID 10028; state: ENABLED
03-14 03:51:13.235 3876 3876 I Perf : Connecting to perf service.
03-14 03:51:13.240 3876 3876 V GraphicsEnvironment: ANGLE Developer option for 'com.android.externalstorage' set to: 'default'
03-14 03:51:13.241 3876 3876 V GraphicsEnvironment: ANGLE GameManagerService for com.android.externalstorage: false
03-14 03:51:13.242 3876 3876 D NetworkSecurityConfig: No Network Security Config specified, using platform default
03-14 03:51:13.242 3876 3876 D NetworkSecurityConfig: No Network Security Config specified, using platform default
03-14 03:51:13.250 3876 3876 D ExternalStorage: After updating volumes, found 1 active roots
03-14 03:51:13.254 3876 3876 D ExternalStorage: After updating volumes, found 1 active roots
03-14 03:51:13.258 782 1973 D CompatibilityInfo: mCompatibilityFlags - 4
03-14 03:51:13.258 782 1973 D CompatibilityInfo: applicationDensity - 240
03-14 03:51:13.258 782 1973 D CompatibilityInfo: applicationScale - 1.0
03-14 03:51:13.261 2118 2118 E ThemeUtils: View class com.airbnb.lottie.LottieAnimationView is an AppCompat widget that can only be used with a Theme.AppCompat theme (or descendant).
03-14 03:51:13.267 782 2170 D CompatibilityInfo: mCompatibilityFlags - 4
03-14 03:51:13.267 782 2170 D CompatibilityInfo: applicationDensity - 240
03-14 03:51:13.267 782 2170 D CompatibilityInfo: applicationScale - 1.0
03-14 03:51:13.272 782 1973 D CompatibilityInfo: mCompatibilityFlags - 4
03-14 03:51:13.272 782 1973 D CompatibilityInfo: applicationDensity - 240
03-14 03:51:13.272 782 1973 D CompatibilityInfo: applicationScale - 1.0
03-14 03:51:13.275 782 2170 I am_uid_running: 10075
03-14 03:51:13.275 782 2170 D CompatibilityChangeReporter: Compat change id reported: 135634846; UID 10075; state: DISABLED
03-14 03:51:13.275 782 2170 D CompatibilityChangeReporter: Compat change id reported: 177438394; UID 10075; state: DISABLED
03-14 03:51:13.275 782 2170 D CompatibilityChangeReporter: Compat change id reported: 135772972; UID 10075; state: DISABLED
03-14 03:51:13.275 782 2170 D CompatibilityChangeReporter: Compat change id reported: 135754954; UID 10075; state: ENABLED
03-14 03:51:13.276 782 873 D CompatibilityChangeReporter: Compat change id reported: 143937733; UID 10075; state: ENABLED
03-14 03:51:13.278 3080 3484 I MediaProvider: Begin Intent { act=android.intent.action.MEDIA_MOUNTED dat=file:///storage/emulated/0 flg=0x5000010 cmp=com.android.providers.media.module/com.android.providers.media.MediaService (has extras) }
03-14 03:51:13.278 3080 3484 I MediaProvider: Volume MediaVolume name: [external_primary] id: [emulated;0] user: [UserHandle{0}] path: [/storage/emulated/0] already attached
03-14 03:51:13.279 3080 3484 I MediaProvider: End Intent { act=android.intent.action.MEDIA_MOUNTED dat=file:///storage/emulated/0 flg=0x5000010 cmp=com.android.providers.media.module/com.android.providers.media.MediaService (has extras) }
03-14 03:51:13.281 695 695 D Zygote : Forked child process 3897
03-14 03:51:13.282 782 873 I am_proc_start: [0,3897,10075,com.qti.ltebc,broadcast,{com.qti.ltebc/com.qualcomm.ltebc.LTEBroadcastReceiver}]
03-14 03:51:13.282 782 873 I ActivityManager: Start proc 3897:com.qti.ltebc/u0a75 for broadcast {com.qti.ltebc/com.qualcomm.ltebc.LTEBroadcastReceiver}
03-14 03:51:13.284 3897 3897 I Zygote : seccomp disabled by setenforce 0
03-14 03:51:13.294 2789 2798 I adbd : jdwp connection from 3897
01-01 08:00:46.692 0 0 I binder : 3897:3897 ioctl 40046210 7fc8a60c34 returned -22
03-14 03:51:13.297 3897 3897 D ProcessState: Binder ioctl to enable oneway spam detection failed: Invalid argument
03-14 03:51:13.297 2118 3896 W LOTTIE : Lottie doesn't support layer effects. If you are using them for fills, strokes, trim paths etc. then try adding them directly as contents in your shape. Found: [填充]
03-14 03:51:13.301 2209 2345 W System.err: java.net.NoRouteToHostException: Host unreachable
03-14 03:51:13.301 2209 2345 W System.err: at libcore.io.IoBridge.connect(IoBridge.java:183)
03-14 03:51:13.301 2209 2345 W System.err: at java.net.PlainSocketImpl.socketConnect(PlainSocketImpl.java:142)
03-14 03:51:13.302 2209 2345 W System.err: at java.net.AbstractPlainSocketImpl.doConnect(AbstractPlainSocketImpl.java:390)
03-14 03:51:13.302 2209 2345 W System.err: at java.net.AbstractPlainSocketImpl.connectToAddress(AbstractPlainSocketImpl.java:230)
03-14 03:51:13.302 2209 2345 W System.err: at java.net.AbstractPlainSocketImpl.connect(AbstractPlainSocketImpl.java:212)
03-14 03:51:13.302 2209 2345 W System.err: at java.net.SocksSocketImpl.connect(SocksSocketImpl.java:436)
03-14 03:51:13.302 2209 2345 W System.err: at java.net.Socket.connect(Socket.java:621)
03-14 03:51:13.302 2209 2345 W System.err: at java.net.Socket.connect(Socket.java:570)
03-14 03:51:13.302 2209 2345 W System.err: at java.net.Socket.(Socket.java:450)
03-14 03:51:13.302 2209 2345 W System.err: at java.net.Socket.(Socket.java:292)
03-14 03:51:13.302 2209 2345 W System.err: at com.thundercomm.microservice.base.BaseMicroSocketClient.createClientSocket(BaseMicroSocketClient.java:20)
03-14 03:51:13.302 2209 2345 W System.err: at com.thundercomm.microservice.MicroSocketClient.serialSendMessage(MicroSocketClient.java:79)
03-14 03:51:13.302 2209 2345 W System.err: at com.thundercomm.microservice.MicroSocketClient.lambda$handShark$1$MicroSocketClient(MicroSocketClient.java:94)
03-14 03:51:13.302 2209 2345 W System.err: at com.thundercomm.microservice.MicroSocketClient$$ExternalSyntheticLambda0.run(Unknown Source:4)
03-14 03:51:13.302 2209 2345 W System.err: at java.lang.Thread.run(Thread.java:920)
03-14 03:51:13.302 2209 2345 E MicroService: DTC_ETH: BaseMicroSocketClient:createClientSocket() java.net.NoRouteToHostException: Host unreachable
03-14 03:51:13.312 782 2170 I am_proc_bound: [0,3897,com.qti.ltebc]
03-14 03:51:13.313 782 2170 D CompatibilityChangeReporter: Compat change id reported: 168419799; UID 10075; state: DISABLED
03-14 03:51:13.313 782 2170 D CompatibilityInfo: mCompatibilityFlags - 4
03-14 03:51:13.313 782 2170 D CompatibilityInfo: applicationDensity - 240
03-14 03:51:13.313 782 2170 D CompatibilityInfo: applicationScale - 1.0
03-14 03:51:13.314 782 2170 I am_uid_active: 10075
03-14 03:51:13.314 782 2170 D CompatibilityInfo: mCompatibilityFlags - 4
03-14 03:51:13.314 782 2170 D CompatibilityInfo: applicationDensity - 240
03-14 03:51:13.314 782 2170 D CompatibilityInfo: applicationScale - 1.0
03-14 03:51:13.317 3897 3897 D CompatibilityChangeReporter: Compat change id reported: 171979766; UID 10075; state: ENABLED
03-14 03:51:13.333 3897 3897 I Perf : Connecting to perf service.
03-14 03:51:13.336 3897 3897 V GraphicsEnvironment: ANGLE Developer option for 'com.qti.ltebc' set to: 'default'
03-14 03:51:13.336 3897 3897 V GraphicsEnvironment: ANGLE GameManagerService for com.qti.ltebc: false
03-14 03:51:13.337 3897 3897 D NetworkSecurityConfig: Using Network Security Config from resource network_security_config debugBuild: false
03-14 03:51:13.338 3897 3897 D NetworkSecurityConfig: Using Network Security Config from resource network_security_config debugBuild: false
03-14 03:51:13.339 3897 3897 D LTE Application: getLibraryName = msp
03-14 03:51:13.363 2118 2118 E ThemeUtils: View class androidx.appcompat.widget.SwitchCompat is an AppCompat widget that can only be used with a Theme.AppCompat theme (or descendant).
03-14 03:51:13.369 2118 2118 E ThemeUtils: View class androidx.appcompat.widget.SwitchCompat is an AppCompat widget that can only be used with a Theme.AppCompat theme (or descendant).
03-14 03:51:13.373 2118 2118 E ThemeUtils: View class androidx.appcompat.widget.SwitchCompat is an AppCompat widget that can only be used with a Theme.AppCompat theme (or descendant).
03-14 03:51:13.384 2118 2118 D GameModeIF_GameModeSettings: getUriFor setting_content_uri_root = content://com.thundercomm.gamemode.api/gamemode_settings , name = gamemode_bulletscreen
03-14 03:51:13.390 2118 2118 D GameMode_GameModeService: onStartCommand, type=hide_entry
03-14 03:51:13.396 1339 1339 I MMParserExtractor: Created(0xb40000739cabba10)
03-14 03:51:13.400 2118 3914 D MediaCodecList: codecHandlesFormat: no format, so no extra checks
03-14 03:51:13.400 2118 3914 D MediaCodecList: codecHandlesFormat: no format, so no extra checks
03-14 03:51:13.402 2118 3915 D CCodec : allocate(c2.android.vorbis.decoder)
03-14 03:51:13.404 2118 3915 I Codec2Client: Available Codec2 services: "default" "software"
03-14 03:51:13.405 2118 3915 I CCodec : setting up 'default' as default (vendor) store
03-14 03:51:13.409 1509 2120 V C2Store : in init
03-14 03:51:13.409 1509 2120 V C2Store : loading dll
03-14 03:51:13.412 2118 3915 I CCodec : Created component [c2.android.vorbis.decoder]
03-14 03:51:13.412 2118 3915 D CCodecConfig: read media type: audio/vorbis
03-14 03:51:13.414 2118 3915 D ReflectedParamUpdater: extent() != 1 for single value type: algo.buffers.max-count.values
03-14 03:51:13.415 2118 3915 D ReflectedParamUpdater: extent() != 1 for single value type: output.subscribed-indices.values
03-14 03:51:13.415 2118 3915 D ReflectedParamUpdater: extent() != 1 for single value type: input.buffers.allocator-ids.values
03-14 03:51:13.415 2118 3915 D ReflectedParamUpdater: extent() != 1 for single value type: output.buffers.allocator-ids.values
03-14 03:51:13.415 2118 3915 D ReflectedParamUpdater: extent() != 1 for single value type: algo.buffers.allocator-ids.values
03-14 03:51:13.415 2118 3915 D ReflectedParamUpdater: extent() != 1 for single value type: output.buffers.pool-ids.values
03-14 03:51:13.416 2118 3915 D ReflectedParamUpdater: extent() != 1 for single value type: algo.buffers.pool-ids.values
03-14 03:51:13.417 2118 3915 I CCodecConfig: query failed after returning 7 values (BAD_INDEX)
03-14 03:51:13.417 2118 3915 D CCodecConfig: c2 config diff is Dict {
03-14 03:51:13.417 2118 3915 D CCodecConfig: c2::u32 coded.bitrate.value = 64000
03-14 03:51:13.417 2118 3915 D CCodecConfig: c2::u32 input.buffers.max-size.value = 32768
03-14 03:51:13.417 2118 3915 D CCodecConfig: c2::u32 input.delay.value = 0
03-14 03:51:13.417 2118 3915 D CCodecConfig: string input.media-type.value = "audio/vorbis"
03-14 03:51:13.417 2118 3915 D CCodecConfig: string output.media-type.value = "audio/raw"
03-14 03:51:13.417 2118 3915 D CCodecConfig: c2::u32 raw.channel-count.value = 1
03-14 03:51:13.417 2118 3915 D CCodecConfig: c2::u32 raw.sample-rate.value = 48000
03-14 03:51:13.417 2118 3915 D CCodecConfig: }
03-14 03:51:13.417 2118 3915 D CCodec : [c2.android.vorbis.decoder] buffers are bound to CCodec for this session
03-14 03:51:13.417 2118 3915 D CCodecConfig: no c2 equivalents for durationUs
03-14 03:51:13.417 2118 3915 D CCodecConfig: no c2 equivalents for track-id
03-14 03:51:13.417 2118 3915 D CCodecConfig: no c2 equivalents for csd-1
03-14 03:51:13.417 2118 3915 D CCodecConfig: no c2 equivalents for language
03-14 03:51:13.418 2118 3915 D CCodecConfig: no c2 equivalents for file-format
03-14 03:51:13.418 2118 3915 D CCodecConfig: no c2 equivalents for flags
03-14 03:51:13.418 2118 3915 D CCodecConfig: config failed => CORRUPTED
03-14 03:51:13.418 2118 3915 D CCodecConfig: c2 config diff is c2::u32 coded.bitrate.value = 48000
03-14 03:51:13.419 2118 3915 W Codec2Client: query -- param skipped: index = 1107298332.
03-14 03:51:13.419 2118 3915 D CCodec : setup formats input: AMessage(what = 0x00000000) = {
03-14 03:51:13.419 2118 3915 D CCodec : int32_t bitrate = 48000
03-14 03:51:13.419 2118 3915 D CCodec : int32_t channel-count = 1
03-14 03:51:13.419 2118 3915 D CCodec : int32_t max-input-size = 65307
03-14 03:51:13.419 2118 3915 D CCodec : string mime = "audio/vorbis"
03-14 03:51:13.419 2118 3915 D CCodec : int32_t sample-rate = 48000
03-14 03:51:13.419 2118 3915 D CCodec : }
03-14 03:51:13.419 2118 3915 D CCodec : setup formats output: AMessage(what = 0x00000000) = {
03-14 03:51:13.419 2118 3915 D CCodec : int32_t channel-count = 1
03-14 03:51:13.419 2118 3915 D CCodec : string mime = "audio/raw"
03-14 03:51:13.419 2118 3915 D CCodec : int32_t sample-rate = 48000
03-14 03:51:13.419 2118 3915 D CCodec : int32_t android._config-pcm-encoding = 2
03-14 03:51:13.419 2118 3915 D CCodec : }
03-14 03:51:13.419 2118 3915 I CCodecConfig: query failed after returning 7 values (BAD_INDEX)
03-14 03:51:13.419 2118 3915 W Codec2Client: query -- param skipped: index = 1342179345.
03-14 03:51:13.419 2118 3915 W Codec2Client: query -- param skipped: index = 2415921170.
03-14 03:51:13.420 2118 3915 D C2Store : Using ION
03-14 03:51:13.420 2118 3915 D CCodecBufferChannel: [c2.android.vorbis.decoder#739] Created input block pool with allocatorID 16 => poolID 17 - OK (0)
03-14 03:51:13.422 782 1614 D BufferPoolAccessor2.0: Destruction - bufferpool2 0xb40000723c9416d8 cached: 0/0M, 0/0% in use; allocs: 7, 43% recycled; transfers: 24, 75% unfetched
03-14 03:51:13.422 2006 2644 D BufferPoolAccessor2.0: Destruction - bufferpool2 0xb40000723c91e738 cached: 0/0M, 0/0% in use; allocs: 7, 43% recycled; transfers: 38, 84% unfetched
03-14 03:51:13.422 782 1614 D BufferPoolAccessor2.0: Destruction - bufferpool2 0xb40000723c943bd8 cached: 0/0M, 0/0% in use; allocs: 7, 29% recycled; transfers: 18, 72% unfetched
03-14 03:51:13.422 2006 2644 D BufferPoolAccessor2.0: bufferpool2 0xb40000723c9200a8 : 0(0 size) total buffers - 0(0 size) used buffers - 3/7 (recycle/alloc) - 4/36 (fetch/transfer)
03-14 03:51:13.422 2006 2644 D BufferPoolAccessor2.0: Destruction - bufferpool2 0xb40000723c9200a8 cached: 0/0M, 0/0% in use; allocs: 7, 43% recycled; transfers: 36, 89% unfetched
03-14 03:51:13.422 782 1614 D BufferPoolAccessor2.0: Destruction - bufferpool2 0xb40000723c942708 cached: 0/0M, 0/0% in use; allocs: 7, 29% recycled; transfers: 34, 85% unfetched
03-14 03:51:13.422 782 1619 D BufferPoolAccessor2.0: Destruction - bufferpool2 0xb40000723c944e58 cached: 0/0M, 0/0% in use; allocs: 7, 29% recycled; transfers: 26, 69% unfetched
03-14 03:51:13.423 2006 2644 D BufferPoolAccessor2.0: bufferpool2 0xb40000723c922ee8 : 0(0 size) total buffers - 0(0 size) used buffers - 3/7 (recycle/alloc) - 4/18 (fetch/transfer)
03-14 03:51:13.423 2006 2644 D BufferPoolAccessor2.0: Destruction - bufferpool2 0xb40000723c922ee8 cached: 0/0M, 0/0% in use; allocs: 7, 43% recycled; transfers: 18, 78% unfetched
03-14 03:51:13.423 782 1619 D BufferPoolAccessor2.0: Destruction - bufferpool2 0xb40000723c945798 cached: 0/0M, 0/0% in use; allocs: 7, 14% recycled; transfers: 24, 75% unfetched
03-14 03:51:13.423 2118 3915 I CCodecBufferChannel: [c2.android.vorbis.decoder#739] Created output block pool with allocatorID 16 => poolID 26 - OK
03-14 03:51:13.423 782 1619 D BufferPoolAccessor2.0: Destruction - bufferpool2 0xb40000723c941238 cached: 0/0M, 0/0% in use; allocs: 7, 14% recycled; transfers: 34, 71% unfetched
03-14 03:51:13.423 2118 3915 D CCodecBufferChannel: [c2.android.vorbis.decoder#739] Configured output block pool ids 26 => OK
03-14 03:51:13.423 2118 3915 D CCodecBufferChannel: [c2.android.vorbis.decoder#739] start: updating output delay 0
03-14 03:51:13.424 2118 3915 E ion : ioctl c0044901 failed with code -1: Inappropriate ioctl for device
03-14 03:51:13.424 2118 3915 I CCodecBufferChannel: pipelineRoom(3) is <= numClientBuffers(3). Not signalling any more buffers to client
03-14 03:51:13.425 1339 1339 D MediaBufferGroup: creating MemoryDealer
03-14 03:51:13.425 2118 3915 I CCodecBufferChannel: pipelineRoom(2) is <= numClientBuffers(2). Not signalling any more buffers to client
03-14 03:51:13.425 2118 3915 I CCodecBufferChannel: pipelineRoom(1) is <= numClientBuffers(1). Not signalling any more buffers to client
03-14 03:51:13.426 1509 3919 D SimpleC2Component: Using output block pool with poolID 26 => got 26 - 0
03-14 03:51:13.449 2118 3915 D CCodecBufferChannel: [c2.android.vorbis.decoder#739] MediaCodec discarded an unknown buffer
03-14 03:51:13.449 2118 3915 D CCodecBufferChannel: [c2.android.vorbis.decoder#739] MediaCodec discarded an unknown buffer
03-14 03:51:13.449 2118 3915 D CCodecBufferChannel: [c2.android.vorbis.decoder#739] MediaCodec discarded an unknown buffer
03-14 03:51:13.450 2118 3915 I hw-BpHwBinder: onLastStrongRef automatically unlinking death recipients
03-14 03:51:13.450 1509 2121 I hw-BpHwBinder: onLastStrongRef automatically unlinking death recipients
03-14 03:51:13.451 1509 2121 V C2Store : in ~ComponentModule
03-14 03:51:13.451 1509 2121 V C2Store : unloading dll
01-01 08:00:46.887 0 0 I IRQ 5 : no longer affine to CPU7
03-14 03:51:13.502 2965 3828 I hpplay-java: [AsyncTask #7]:Bridge:getLelinkSoInfo info:90610
03-14 03:51:13.502 2965 3828 E hpplay-java: [AsyncTask #7]:Bridge:soInfoCheck liblelink.so mismatch
03-14 03:51:13.502 2965 3828 E hpplay-java: version:90610 / 90611
03-14 03:51:13.605 3897 3897 I MSP-JNI : JNI_OnLoad called
03-14 03:51:13.605 3897 3897 E MSP-JNI : Failed to get class in Jload
03-14 03:51:13.605 3897 3897 I MSP-JNI : FindClass - com/qualcomm/ltebc/LTEBroadcastService JNI EXCEPTION CLEARED
03-14 03:51:13.605 3897 3897 I MSP-JNI : JNI_OnLoad: Initializing File Delivery references
03-14 03:51:13.606 3897 3897 I MSP-JNI : FindClass CARRIER_SPECIFIC_CLASS_DEFINITION JNI EXCEPTION CLEARED
03-14 03:51:13.606 3897 3897 I MSP-JNI : JNI_OnLoad: Completed File Delivery initialization
03-14 03:51:13.608 3897 3897 I LTE Application: LTEApplicationCreate
03-14 03:51:13.608 3897 3897 I LTE Application: applicationContext : com.qualcomm.ltebc.LTEQTIApplication@3f4e2
03-14 03:51:13.610 3897 3897 I LTE QMI Link: Creating QMI Link
03-14 03:51:13.611 3897 3897 D LTE Application: packageName = com.qti.ltebc versionCode = 5401010 versionName = MSDC_LA_5.4.01.01.0
03-14 03:51:13.611 3897 3897 I LTE Application: LTE Broadcast Library Release Version = MSDC_LA_5.4.01.01.0
03-14 03:51:13.611 3897 3897 D LTE Application: IntentSender : Last intent Status NOT_SENT forcedBroadcast flag = true
03-14 03:51:13.611 3897 3897 D LTE Application: sendBroadcastIntent IntentAction : Sending com.qualcomm.intent.EMBMS_STATUS ACTIVE = false
03-14 03:51:13.613 3897 3897 W SOCKET : ConnectionManager constructor has been initialised
03-14 03:51:13.613 3897 3897 E System : Ignoring attempt to set property "java.net.preferIPv6Addresses" to value "false".
03-14 03:51:13.614 3897 3897 D LTE Application: Android API Version 31
03-14 03:51:13.614 3897 3897 I LTE Application: Package Name : com.qti.ltebc
03-14 03:51:13.615 3897 3897 I LTE Application: app is not whitelisted
03-14 03:51:13.616 3897 3897 I LTE Broadcast Receiver: Broadcast Receiver Received intent : Intent { act=android.intent.action.MEDIA_MOUNTED dat=file:///storage/emulated/0 flg=0x5000010 cmp=com.qti.ltebc/com.qualcomm.ltebc.LTEBroadcastReceiver (has extras) }
03-14 03:51:13.616 3897 3897 I LTE Broadcast Receiver: Handled media mounted or unmounted event
03-14 03:51:13.617 3897 3897 E LTE Broadcast Receiver: Received media mounted event when MSP is not initialized
03-14 03:51:13.617 3897 3897 I LTE Application: getStartupReason - startup_reason: STARTUP_REASON_NOTSET
03-14 03:51:13.617 3897 3897 I LTE Broadcast Receiver: Middleware is started due to media event..exiting app
03-14 03:51:13.617 3897 3897 I com.qti.ltebc: System.exit called, status: 0
03-14 03:51:13.617 3897 3897 I AndroidRuntime: VM exiting with result code 0, cleanup skipped.
03-14 03:51:13.634 782 3182 I ActivityManager: Process com.qti.ltebc (pid 3897) has died: fg RCVR
03-14 03:51:13.635 782 874 I libprocessgroup: Successfully killed process cgroup uid 10075 pid 3897 in 0ms
03-14 03:51:13.635 782 3182 I am_proc_died: [0,3897,com.qti.ltebc,0,11]
03-14 03:51:13.636 782 3182 I am_broadcast_discard_app: [0,80649514,android.intent.action.MEDIA_MOUNTED,2,ResolveInfo{ecfd283 com.qti.ltebc/com.qualcomm.ltebc.LTEBroadcastReceiver m=0x208000}]
03-14 03:51:13.637 782 3182 I am_uid_stopped: 10075
03-14 03:51:13.637 695 695 I Zygote : Process 3897 exited cleanly (0)
03-14 03:51:13.640 782 872 D CompatibilityInfo: mCompatibilityFlags - 4
03-14 03:51:13.640 782 872 D CompatibilityInfo: applicationDensity - 240
03-14 03:51:13.640 782 872 D CompatibilityInfo: applicationScale - 1.0
03-14 03:51:13.642 3876 3876 D ExternalStorage: After updating volumes, found 1 active roots
03-14 03:51:13.643 782 2170 D CompatibilityInfo: mCompatibilityFlags - 4
03-14 03:51:13.644 782 2170 D CompatibilityInfo: applicationDensity - 240
03-14 03:51:13.644 782 2170 D CompatibilityInfo: applicationScale - 1.0
03-14 03:51:13.650 782 2170 D CompatibilityInfo: mCompatibilityFlags - 4
03-14 03:51:13.650 782 2170 D CompatibilityInfo: applicationDensity - 240
03-14 03:51:13.650 782 2170 D CompatibilityInfo: applicationScale - 1.0
03-14 03:51:13.653 782 2170 D CompatibilityInfo: mCompatibilityFlags - 4
03-14 03:51:13.653 782 2170 D CompatibilityInfo: applicationDensity - 240
03-14 03:51:13.653 782 2170 D CompatibilityInfo: applicationScale - 1.0
03-14 03:51:13.655 782 3182 I am_uid_running: 10075
03-14 03:51:13.656 782 3182 D CompatibilityChangeReporter: Compat change id reported: 135634846; UID 10075; state: DISABLED
03-14 03:51:13.656 782 3182 D CompatibilityChangeReporter: Compat change id reported: 177438394; UID 10075; state: DISABLED
03-14 03:51:13.656 782 3182 D CompatibilityChangeReporter: Compat change id reported: 135772972; UID 10075; state: DISABLED
03-14 03:51:13.656 782 3182 D CompatibilityChangeReporter: Compat change id reported: 135754954; UID 10075; state: ENABLED
03-14 03:51:13.657 782 873 D CompatibilityChangeReporter: Compat change id reported: 143937733; UID 10075; state: ENABLED
03-14 03:51:13.659 3080 3484 I MediaProvider: Begin Intent { act=android.intent.action.MEDIA_MOUNTED dat=file:///storage/emulated/0 flg=0x5000010 cmp=com.android.providers.media.module/com.android.providers.media.MediaService (has extras) }
03-14 03:51:13.659 3080 3484 I MediaProvider: Volume MediaVolume name: [external_primary] id: [emulated;0] user: [UserHandle{0}] path: [/storage/emulated/0] already attached
03-14 03:51:13.659 3080 3484 I MediaProvider: End Intent { act=android.intent.action.MEDIA_MOUNTED dat=file:///storage/emulated/0 flg=0x5000010 cmp=com.android.providers.media.module/com.android.providers.media.MediaService (has extras) }
03-14 03:51:13.665 695 695 D Zygote : Forked child process 3924
03-14 03:51:13.666 782 873 I am_proc_start: [0,3924,10075,com.qti.ltebc,broadcast,{com.qti.ltebc/com.qualcomm.ltebc.LTEBroadcastReceiver}]
