03-14 03:51:08.331 1005 1005 D QCC:qccvndhal: /data/vendor/qdma/down/1 is null
03-14 03:51:08.332 2492 2492 I QCC:OmaDMNative: qcc_hidl_update_vendor_dropbox() res=0
03-14 03:51:08.332 2492 2492 I QCC:Collector: deleteDir: /data/misc/qdma/down/3 already disabled
03-14 03:51:08.332 2768 2827 D LocIDLClientBase: try to get LOCAIDL service
03-14 03:51:08.333 513 513 E servicemanager: Could not find vendor.qti.gnss.ILocAidlGnss/default in the VINTF manifest.
03-14 03:51:08.333 2492 2492 I QCC:OmaDMNative: qcc_hidl_update_vendor_dropbox(), path=/data/misc/qdma/down/3 isEnabled=0
03-14 03:51:08.333 1005 1005 D QCC:qccvndhal: /data/vendor/qdma/down/3 is null
03-14 03:51:08.333 2492 2492 I QCC:OmaDMNative: qcc_hidl_update_vendor_dropbox() res=0
03-14 03:51:08.333 2492 2492 I QCC:Collector: deleteDir: /data/misc/qdma/down/1500 already disabled
03-14 03:51:08.334 2768 2827 D LocIDLClientBase: LOCAIDL service not available
03-14 03:51:08.334 2492 2492 I QCC:OmaDMNative: qcc_hidl_update_vendor_dropbox(), path=/data/misc/qdma/down/1500 isEnabled=0
03-14 03:51:08.334 1005 1005 D QCC:qccvndhal: /data/vendor/qdma/down/1500 is null
03-14 03:51:08.334 2492 2492 I QCC:OmaDMNative: qcc_hidl_update_vendor_dropbox() res=0
03-14 03:51:08.334 2492 2492 I QCC:Collector: deleteDir: /data/misc/qdma/down/1504 already disabled
03-14 03:51:08.335 2768 2827 D LocIDLClientBase: try to get 4.1 service
03-14 03:51:08.335 2492 2492 I QCC:OmaDMNative: qcc_hidl_update_vendor_dropbox(), path=/data/misc/qdma/down/1504 isEnabled=0
03-14 03:51:08.335 1005 1005 D QCC:qccvndhal: /data/vendor/qdma/down/1504 is null
03-14 03:51:08.335 2492 2492 I QCC:OmaDMNative: qcc_hidl_update_vendor_dropbox() res=0
03-14 03:51:08.335 2492 2492 I QCC:Collector: deleteDir: /data/misc/qdma/down/6 already disabled
03-14 03:51:08.336 2492 2492 I QCC:OmaDMNative: qcc_hidl_update_vendor_dropbox(), path=/data/misc/qdma/down/6 isEnabled=0
03-14 03:51:08.336 1005 1005 D QCC:qccvndhal: /data/vendor/qdma/down/6 is null
03-14 03:51:08.336 2492 2492 I QCC:OmaDMNative: qcc_hidl_update_vendor_dropbox() res=0
03-14 03:51:08.336 2492 2492 I QCC:Collector: deleteDir: /data/misc/qdma/down/51 already disabled
03-14 03:51:08.337 2492 2492 I QCC:OmaDMNative: qcc_hidl_update_vendor_dropbox(), path=/data/misc/qdma/down/51 isEnabled=0
03-14 03:51:08.337 1005 1005 D QCC:qccvndhal: /data/vendor/qdma/down/51 is null
03-14 03:51:08.337 2492 2492 I QCC:OmaDMNative: qcc_hidl_update_vendor_dropbox() res=0
03-14 03:51:08.337 2492 2492 I QCC:Collector: deleteDir: /data/misc/qdma/down/102 already disabled
03-14 03:51:08.338 2492 2492 I QCC:Collector: deleteDir: /data/misc/qdma/down/104 already disabled
03-14 03:51:08.338 2492 2492 I QCC:Collector: deleteDir: /data/misc/qdma/down/1501 already disabled
03-14 03:51:08.338 2492 2492 I QCC:OmaDMNative: qcc_hidl_update_vendor_dropbox(), path=/data/misc/qdma/down/1501 isEnabled=0
03-14 03:51:08.338 1005 1005 D QCC:qccvndhal: /data/vendor/qdma/down/1501 is null
03-14 03:51:08.338 2492 2492 I QCC:OmaDMNative: qcc_hidl_update_vendor_dropbox() res=0
03-14 03:51:08.339 2492 2492 I QCC:Collector: deleteDir: /data/misc/qdma/down/1502 already disabled
01-01 08:00:41.720 0 0 E selinux : SELinux: Could not get canonical path for /sys/kernel/debug/tracing/instances/wifi restorecon: No such file or directory.
03-14 03:51:08.339 1656 2769 D QSEECOMAPI: Loaded image: APP id = 7
01-01 08:00:41.731 0 0 W QSEECOM : qseecom_load_app: App with id 7 (fingerpr) now loaded
03-14 03:51:08.339 2492 2492 I QCC:OmaDMNative: qcc_hidl_update_vendor_dropbox(), path=/data/misc/qdma/down/1502 isEnabled=0
03-14 03:51:08.339 1005 1005 D QCC:qccvndhal: /data/vendor/qdma/down/1502 is null
01-01 08:00:41.734 0 0 E selinux :
03-14 03:51:08.340 2492 2492 I QCC:OmaDMNative: qcc_hidl_update_vendor_dropbox() res=0
03-14 03:51:08.340 2492 2492 I QCC:Collector: deleteDir: /data/misc/qdma/down/1503 already disabled
01-01 08:00:41.736 0 0 I binder : 2768:2827 ioctl 40046210 713dc0c934 returned -22
03-14 03:51:08.341 2768 2827 D hw-ProcessState: Binder ioctl to enable oneway spam detection failed: Invalid argument
03-14 03:51:08.342 1656 2769 I QFP : qsc_start_app: Loading app [fingerpr] succeeded
03-14 03:51:08.342 1656 2769 I QFP : openFramework: entry with eeprom_buffer_size=0
03-14 03:51:08.342 514 514 I hwservicemanager: getTransport: Cannot find entry vendor.qti.gnss@4.1::ILocHidlGnss/gnss_vendor in either framework or device VINTF manifest.
03-14 03:51:08.342 2492 2492 I QCC:OmaDMNative: qcc_hidl_update_vendor_dropbox(), path=/data/misc/qdma/down/1503 isEnabled=0
03-14 03:51:08.343 1005 1005 D QCC:qccvndhal: /data/vendor/qdma/down/1503 is null
03-14 03:51:08.343 2492 2492 I QCC:OmaDMNative: qcc_hidl_update_vendor_dropbox() res=0
03-14 03:51:08.343 2492 2492 I QCC:OperationMode: bQDMAUIEnabled : false
03-14 03:51:08.346 2492 2492 I QCC:OperationMode: prepareProvisioned nProvisioned = 1
03-14 03:51:08.347 2492 2492 I QCC:OperationMode: readOpMode operationMode: 1
03-14 03:51:08.347 2492 2492 I QCC:OperationMode: DEVICE_PROVISIONED done or need to opmode as 3
03-14 03:51:08.347 2492 2492 W ContextImpl: Calling a method in the system process without a qualified user: android.app.ContextImpl.startService:1816 android.content.ContextWrapper.startService:774 android.content.ContextWrapper.startService:774 com.qualcomm.qti.qdma.app.BootReceiver.onBootReceived:115 com.qualcomm.qti.innodme.InnoBootReceiver.onReceive:22
03-14 03:51:08.348 2768 2827 D LocIDLClientBase: NoSuchElementException: java.util.NoSuchElementException
03-14 03:51:08.348 2768 2827 D LocIDLClientBase: try to get 4.0 service
03-14 03:51:08.349 782 2679 D CompatibilityInfo: mCompatibilityFlags - 4
03-14 03:51:08.349 782 2679 D CompatibilityInfo: applicationDensity - 240
03-14 03:51:08.349 782 2679 D CompatibilityInfo: applicationScale - 1.0
03-14 03:51:08.350 2768 2827 I android_os_HwBinder: HwBinder: Starting thread pool for getting: vendor.qti.gnss@4.0::ILocHidlGnss/gnss_vendor
03-14 03:51:08.352 2492 2832 I QCC:ActiveCareService: onStartCommand :Intent: Intent { act=com.qualcomm.qti.qdma.DEVICE_BOOTED cmp=com.qualcomm.qti.qdma/.app.ActiveCareService }
03-14 03:51:08.352 2492 2832 I QCC:ApplicationManager: isItDMSessionRecovery, Invoked.?
03-14 03:51:08.352 2492 2832 I QCC:ApplicationManager: isItDMSessionRecovery, return false.
03-14 03:51:08.352 551 558 D DrmLibTime: got the req here! ret=0
03-14 03:51:08.352 551 558 D DrmLibTime: command id, time_cmd_id = 770
03-14 03:51:08.352 551 558 D DrmLibTime: time_getutcsec starts!
03-14 03:51:08.352 551 558 D DrmLibTime: QSEE Time Listener: time_getutcsec
03-14 03:51:08.352 551 558 D DrmLibTime: QSEE Time Listener: get_utc_seconds
03-14 03:51:08.352 551 558 D DrmLibTime: QSEE Time Listener: time_get_modem_time
03-14 03:51:08.352 551 558 D DrmLibTime: QSEE Time Listener: Checking if ATS_MODEM is set or not.
03-14 03:51:08.352 551 558 D QC-time-services: Lib:time_genoff_operation: pargs->base = 13
03-14 03:51:08.352 551 558 D QC-time-services: Lib:time_genoff_operation: pargs->operation = 2
03-14 03:51:08.352 2492 2832 I QCC:PeriodicCI: PeriodicCI.start()
03-14 03:51:08.352 551 558 D QC-time-services: Lib:time_genoff_operation: pargs->ts_val = 0
03-14 03:51:08.352 551 558 D QC-time-services: Lib:time_genoff_operation: Send to server passed!!
03-14 03:51:08.352 648 1123 D QC-time-services: Daemon: Connection accepted:time_genoff
03-14 03:51:08.352 2492 2832 I QCC:PeriodicCI: sw_ver is changed
03-14 03:51:08.352 2492 2832 I QCC:PeriodicCI: PeriodicCI.run() invoked, status=0, use wifi=false
03-14 03:51:08.352 2492 2832 I QCC:PeriodicCI: Starting Registration session...
03-14 03:51:08.352 648 2834 D QC-time-services: Daemon:Received base = 13, unit = 1, operation = 2,value = 0
03-14 03:51:08.352 648 2834 D QC-time-services: Daemon:genoff_opr: Base = 13, val = 0, operation = 2
03-14 03:51:08.352 648 2834 D QC-time-services: offset is: 0 for base: 13
03-14 03:51:08.352 551 558 E QC-time-services: Receive Passed == base = 13, unit = 1, operation = 2, result = 0
03-14 03:51:08.352 551 558 D DrmLibTime: QSEE Time Listener: ATS_MODEM is not set. Fallback to Android system time.
03-14 03:51:08.352 551 558 D DrmLibTime: QSEE Time Listener: Retrieved Android system time: 1678737068
03-14 03:51:08.352 551 558 D DrmLibTime: time_getutcsec returns 0, sec = 1678737068; nsec = 0
03-14 03:51:08.352 551 558 D DrmLibTime: time_getutcsec finished!
03-14 03:51:08.352 551 558 D DrmLibTime: iotcl_continue_command finished! and return 0
03-14 03:51:08.352 551 558 D DrmLibTime: before calling ioctl to read the next time_cmd
03-14 03:51:08.352 2492 2832 W ContextImpl: Calling a method in the system process without a qualified user: android.app.ContextImpl.startService:1816 android.content.ContextWrapper.startService:774 com.qualcomm.qti.qdma.util.PeriodicCI.run:477 com.qualcomm.qti.qdma.util.PeriodicCI.start:390 com.qualcomm.qti.qdma.app.ActiveCareService$ProcessSessionRequest.run:457
03-14 03:51:08.353 782 2679 D CompatibilityInfo: mCompatibilityFlags - 4
03-14 03:51:08.353 782 2679 D CompatibilityInfo: applicationDensity - 240
03-14 03:51:08.353 782 2679 D CompatibilityInfo: applicationScale - 1.0
03-14 03:51:08.354 2768 2768 E RilInfoMonitorAidlClient: ILocAidlGnss handle is null
03-14 03:51:08.354 2492 2835 I QCC:ActiveCareService: onStartCommand :Intent: Intent { act=com.qualcomm.qti.qdma.PERIODIC_CLIENT_INITIATED_REGISTRATION cmp=com.qualcomm.qti.qdma/.app.ActiveCareService }
03-14 03:51:08.354 865 865 V LocSvc_HIDL_HidlGnss: [getExtensionLocHidlIzatSubscription_1_1][395] [HS] <<<<= [HC]
03-14 03:51:08.355 2492 2835 I QCC:QDMAEmbargoesList: updateEmbargoesRequest
03-14 03:51:08.355 2492 2835 I QCC:QDMAEmbargoesList: makeRequest
03-14 03:51:08.355 2768 2768 D RilInfoMonitor: ILocHidlGnss.getService(), service = vendor.qti.gnss@4.0::ILocHidlGnss@Proxy
03-14 03:51:08.356 865 865 V LocSvc_HIDL_HidlGnss: [getExtensionLocHidlRilInfoMonitor][306] [HS] <<<<= [HC]
03-14 03:51:08.357 2492 2835 I QCC:QDMAEmbargoesList: existEmbargoesReq
03-14 03:51:08.357 2222 2222 D RCSService BC-Receiver: Boot Complete Event Received. Is IMS RCS Single Reg enabled0
03-14 03:51:08.358 2492 2835 I QCC:QDMAEmbargoesList: existEmbargoesReq entryFile: /data/misc/qdma/down/100/100-1.0-EmbargoesList.key.0.req
01-01 08:00:41.755 0 0 I init : Service 'logd-auditctl' (pid 2824) exited with status 0 oneshot service took 0.039000 seconds in background
03-14 03:51:08.358 2222 2222 D RCSService BC-Receiver: START RCS SERVICE ON BOOTUP
03-14 03:51:08.358 2492 2835 I QCC:QDMAEmbargoesList: existEmbargoesReq existed request: /data/misc/qdma/down/100/100-1.0-EmbargoesList.key.0.req
03-14 03:51:08.358 2492 2835 I QCC:QDMAEmbargoesList: existEmbargoesReq ret: true
03-14 03:51:08.358 2492 2835 I QCC:UploaderPolicy: updateUploadPolicyRequest
03-14 03:51:08.358 782 2679 D CompatibilityInfo: mCompatibilityFlags - 4
03-14 03:51:08.358 782 2679 D CompatibilityInfo: applicationDensity - 240
03-14 03:51:08.358 782 2679 D CompatibilityInfo: applicationScale - 1.0
03-14 03:51:08.359 865 865 V LocSvc_HIDL_IzatSubscription: [init][171] [HS] <<<<= [HC]
03-14 03:51:08.359 865 865 V LocSvc_HIDL_IzatSubscription: [updateSubscribe][58] [HS] =>>>> [HC]
03-14 03:51:08.359 2768 2768 D RilInfoMonitor: getRilInfoMonitorIface, mRilInfoMonitor=vendor.qti.gnss@1.1::ILocHidlRilInfoMonitor@Proxy
03-14 03:51:08.359 2492 2835 E QCC:OperationMode: isQDMAUIInstalled - non exist: android.content.pm.PackageManager$NameNotFoundException: com.qualcomm.qti.smq
03-14 03:51:08.359 2492 2835 I QCC:OperationMode: isQDMAUIInstalled : false
03-14 03:51:08.359 2492 2835 I QCC:Collector: calling forceDisableQdmaStatsD
03-14 03:51:08.359 2492 2835 I QCC:Collector: calling forceDisabledAllCollectors
03-14 03:51:08.359 2222 2222 I QRCSService: onCreate: Attempt to start service
03-14 03:51:08.359 648 1123 E QC-time-services: Daemon: Time-services: Waiting to acceptconnection
03-14 03:51:08.359 2492 2835 I QCC:Collector: deleteDir: /data/misc/qdma/down/1 already disabled
03-14 03:51:08.360 782 2679 I am_uid_running: 10085
03-14 03:51:08.360 782 2679 D CompatibilityChangeReporter: Compat change id reported: 135634846; UID 10085; state: DISABLED
03-14 03:51:08.360 782 2679 D CompatibilityChangeReporter: Compat change id reported: 177438394; UID 10085; state: DISABLED
03-14 03:51:08.361 782 2679 D CompatibilityChangeReporter: Compat change id reported: 135772972; UID 10085; state: DISABLED
01-01 08:00:41.755 0 0 I init : Sending signal 9 to service 'logd-auditctl' (pid 2824) process group...
01-01 08:00:41.755 0 0 I libprocessgroup: Successfully killed process cgroup uid 1036 pid 2824 in 0ms
03-14 03:51:08.361 782 2679 D CompatibilityChangeReporter: Compat change id reported: 135754954; UID 10085; state: ENABLED
03-14 03:51:08.361 782 873 D CompatibilityChangeReporter: Compat change id reported: 143937733; UID 10085; state: ENABLED
03-14 03:51:08.362 2768 2825 D OsAgent : [updateSubscribe][2914] [HC] <<= [HS]
03-14 03:51:08.362 2222 2222 D CompatibilityChangeReporter: Compat change id reported: 147600208; UID 1001; state: ENABLED
03-14 03:51:08.362 865 865 V LocSvc_HIDL_IzatSubscription: [requestData][88] [HS] =>>>> [HC]
03-14 03:51:08.362 782 2679 D CompatibilityChangeReporter: Compat change id reported: 182478738; UID 1001; state: DISABLED
03-14 03:51:08.362 2768 2825 D OsAgent : [requestData][2904] [HC] <<= [HS]
03-14 03:51:08.363 865 865 V LocSvc_HIDL_IzatSubscription: [updateSubscribe][58] [HS] =>>>> [HC]
03-14 03:51:08.363 2768 2825 D OsAgent : [updateSubscribe][2914] [HC] <<= [HS]
03-14 03:51:08.363 865 865 V LocSvc_HIDL_RilInfoMonitor: [init][18] [HS] <<<<= [HC]
03-14 03:51:08.364 2222 2222 I QRCSService: onCreate: isSimInserted[false]
03-14 03:51:08.364 2768 2768 D RilInfoMonitor: RilInfoMonitorHidlClient hidl init
03-14 03:51:08.364 2222 2222 I QRCSService: onStartCommand- Call
03-14 03:51:08.364 2222 2838 I QRCSService: start service isHidlServiceUp[false], isSimInserted[false], mHidlService is [false]
03-14 03:51:08.364 2222 2838 I QRCSService: Attempting to get HIDL-IUceService
03-14 03:51:08.364 2222 2838 D Aidl-shim UceServiceStub: getService start
03-14 03:51:08.365 2222 2838 D Aidl-shim UceServiceStub: Hal_2_3 bindToHal
03-14 03:51:08.367 695 695 D Zygote : Forked child process 2840
03-14 03:51:08.368 782 873 I am_proc_start: [0,2840,10085,com.qualcomm.qtil.aptxui,broadcast,{com.qualcomm.qtil.aptxui/com.qualcomm.qtil.aptxui.aptxuiBootReceiver}]
03-14 03:51:08.368 782 873 I ActivityManager: Start proc 2840:com.qualcomm.qtil.aptxui/u0a85 for broadcast {com.qualcomm.qtil.aptxui/com.qualcomm.qtil.aptxui.aptxuiBootReceiver}
03-14 03:51:08.367 551 551 I auditd : type=1400 audit(0.0:882): avc: denied { open } for comm="qseecomd" path="/" dev="dm-5" ino=2 scontext=u:r:tee:s0 tcontext=u:object_r:rootfs:s0 tclass=dir permissive=1
03-14 03:51:08.367 551 551 I qseecomd: type=1400 audit(0.0:882): avc: denied { open } for path="/" dev="dm-5" ino=2 scontext=u:r:tee:s0 tcontext=u:object_r:rootfs:s0 tclass=dir permissive=1
03-14 03:51:08.368 2492 2835 I QCC:OmaDMNative: qcc_hidl_update_vendor_dropbox(), path=/data/misc/qdma/down/1 isEnabled=0
03-14 03:51:08.369 1005 1005 D QCC:qccvndhal: /data/vendor/qdma/down/1 is null
03-14 03:51:08.369 2492 2835 I QCC:OmaDMNative: qcc_hidl_update_vendor_dropbox() res=0
03-14 03:51:08.369 2492 2835 I QCC:Collector: deleteDir: /data/misc/qdma/down/3 already disabled
03-14 03:51:08.371 2222 2838 I android_os_HwBinder: HwBinder: Starting thread pool for getting: com.qualcomm.qti.uceservice@2.3::IUceService/com.qualcomm.qti.uceservice
03-14 03:51:08.372 2222 2838 I QRCSService: Received HIDL-UCEService :VERSION_2_3
03-14 03:51:08.372 2492 2835 I QCC:OmaDMNative: qcc_hidl_update_vendor_dropbox(), path=/data/misc/qdma/down/3 isEnabled=0
03-14 03:51:08.372 2222 2838 D Aidl-shim UceServiceStub: RCSStartRCSService setHidlUceService
03-14 03:51:08.372 1005 1005 D QCC:qccvndhal: /data/vendor/qdma/down/3 is null
03-14 03:51:08.372 2492 2835 I QCC:OmaDMNative: qcc_hidl_update_vendor_dropbox() res=0
03-14 03:51:08.372 2492 2835 I QCC:Collector: deleteDir: /data/misc/qdma/down/1500 already disabled
03-14 03:51:08.373 2222 2838 I Aidl-shim UceServiceStub: ServiceStatus isRCSRegistered [true]
03-14 03:51:08.373 2222 2838 I QRCSService: startService: attempt BroadCast ServieUpIntent
03-14 03:51:08.373 2840 2840 I Zygote : seccomp disabled by setenforce 0
03-14 03:51:08.374 2492 2835 I QCC:OmaDMNative: qcc_hidl_update_vendor_dropbox(), path=/data/misc/qdma/down/1500 isEnabled=0
03-14 03:51:08.374 1005 1005 D QCC:qccvndhal: /data/vendor/qdma/down/1500 is null
03-14 03:51:08.374 2492 2835 I QCC:OmaDMNative: qcc_hidl_update_vendor_dropbox() res=0
03-14 03:51:08.374 2492 2835 I QCC:Collector: deleteDir: /data/misc/qdma/down/1504 already disabled
03-14 03:51:08.375 2768 2825 D CompatibilityChangeReporter: Compat change id reported: 147600208; UID 10070; state: ENABLED
03-14 03:51:08.375 2492 2835 I QCC:OmaDMNative: qcc_hidl_update_vendor_dropbox(), path=/data/misc/qdma/down/1504 isEnabled=0
03-14 03:51:08.376 1005 1005 D QCC:qccvndhal: /data/vendor/qdma/down/1504 is null
03-14 03:51:08.376 2492 2835 I QCC:OmaDMNative: qcc_hidl_update_vendor_dropbox() res=0
03-14 03:51:08.376 2492 2835 I QCC:Collector: deleteDir: /data/misc/qdma/down/6 already disabled
03-14 03:51:08.376 782 1678 I LocationAccessPolicy: com.qualcomm.location is aware of fine but the app-ops permission is specifically denied.
01-01 08:00:41.771 0 0 I init : processing action (sys.boot_completed=1) from (/system_ext/etc/init/qspmsvc.rc:14)
01-01 08:00:41.771 0 0 I init : starting service 'vendor.qspmsvc'...
01-01 08:00:41.773 0 0 I init : processing action (sys.boot_completed=1) from (/vendor/etc/init/android.hardware.camera.provider@2.4-service_64.rc:8)
01-01 08:00:41.774 0 0 I init : processing action (sys.boot_completed=1) from (/vendor/etc/init/ethernet.rc:8)
01-01 08:00:41.774 0 0 I init : starting service 'ethernet'...
01-01 08:00:41.776 0 0 I init : processing action (sys.boot_completed=1) from (/vendor/etc/init/init_thermal-engine.rc:19)
01-01 08:00:41.776 0 0 I init : Sending signal 9 to service 'thermal-engine' (pid 1420) process group...
01-01 08:00:41.781 0 0 I libprocessgroup: Successfully killed process cgroup uid 0 pid 1420 in 5ms
01-01 08:00:41.782 0 0 I init : Service 'thermal-engine' (pid 1420) received signal 9
01-01 08:00:41.782 0 0 I init : processing action (lmkd.reinit=1) from (/system/etc/init/lmkd.rc:10)
01-01 08:00:41.782 0 0 I init : starting service 'exec 30 (/system/bin/lmkd --reinit)'...
01-01 08:00:41.782 0 0 I binder : 2840:2840 ioctl 40046210 7fc8a60c34 returned -22
03-14 03:51:08.378 2492 2835 I QCC:OmaDMNative: qcc_hidl_update_vendor_dropbox(), path=/data/misc/qdma/down/6 isEnabled=0
03-14 03:51:08.378 1005 1005 D QCC:qccvndhal: /data/vendor/qdma/down/6 is null
03-14 03:51:08.378 2492 2835 I QCC:OmaDMNative: qcc_hidl_update_vendor_dropbox() res=0
03-14 03:51:08.378 782 1678 D TelephonyRegistry: listen oscl: mHasNotifySubscriptionInfoChangedOccurred==false no callback
03-14 03:51:08.378 2492 2835 I QCC:Collector: deleteDir: /data/misc/qdma/down/51 already disabled
03-14 03:51:08.379 2492 2835 I QCC:OmaDMNative: qcc_hidl_update_vendor_dropbox(), path=/data/misc/qdma/down/51 isEnabled=0
03-14 03:51:08.379 1005 1005 D QCC:qccvndhal: /data/vendor/qdma/down/51 is null
03-14 03:51:08.379 2492 2835 I QCC:OmaDMNative: qcc_hidl_update_vendor_dropbox() res=0
03-14 03:51:08.380 2492 2835 I QCC:Collector: deleteDir: /data/misc/qdma/down/102 already disabled
03-14 03:51:08.380 2768 2825 D OsAgent : [string_dataitem_update][2980] [HC] =>> [HS]
03-14 03:51:08.380 2492 2835 I QCC:Collector: deleteDir: /data/misc/qdma/down/104 already disabled
03-14 03:51:08.380 2492 2835 I QCC:Collector: deleteDir: /data/misc/qdma/down/1501 already disabled
03-14 03:51:08.380 865 865 V LocSvc_HIDL_IzatSubscription: [stringDataItemUpdate][283] [HS] <<<<= [HC]
03-14 03:51:08.381 2492 2835 I QCC:OmaDMNative: qcc_hidl_update_vendor_dropbox(), path=/data/misc/qdma/down/1501 isEnabled=0
03-14 03:51:08.382 1005 1005 D QCC:qccvndhal: /data/vendor/qdma/down/1501 is null
03-14 03:51:08.382 2492 2835 I QCC:OmaDMNative: qcc_hidl_update_vendor_dropbox() res=0
03-14 03:51:08.382 2492 2835 I QCC:Collector: deleteDir: /data/misc/qdma/down/1502 already disabled
03-14 03:51:08.383 2492 2835 I QCC:OmaDMNative: qcc_hidl_update_vendor_dropbox(), path=/data/misc/qdma/down/1502 isEnabled=0
03-14 03:51:08.383 1005 1005 D QCC:qccvndhal: /data/vendor/qdma/down/1502 is null
03-14 03:51:08.383 2492 2835 I QCC:OmaDMNative: qcc_hidl_update_vendor_dropbox() res=0
03-14 03:51:08.384 2492 2835 I QCC:Collector: deleteDir: /data/misc/qdma/down/1503 already disabled
03-14 03:51:08.384 2492 2830 I DrmHal : found instance=clearkey version=android.hardware.drm@1.3::IDrmFactory
03-14 03:51:08.384 2492 2830 I DrmHal : found instance=wfdhdcp version=android.hardware.drm@1.3::IDrmFactory
03-14 03:51:08.384 1356 1356 D HDCPManagerAdapter: getHDCPFactory get new Instance
03-14 03:51:08.385 2492 2835 I QCC:OmaDMNative: qcc_hidl_update_vendor_dropbox(), path=/data/misc/qdma/down/1503 isEnabled=0
03-14 03:51:08.385 1356 1356 D HDCPManagerAdapter: getHDCPFactory got new Instance
03-14 03:51:08.385 1005 1005 D QCC:qccvndhal: /data/vendor/qdma/down/1503 is null
03-14 03:51:08.385 1356 1356 W HDCPManagerAdapter: HDCPManagerAdapter::isHDCPAvailable 0
03-14 03:51:08.385 2492 2835 I QCC:OmaDMNative: qcc_hidl_update_vendor_dropbox() res=0
03-14 03:51:08.385 1356 1356 W HDCPManagerAdapter: HDCPManagerAdapter::isHDCPAvailable 0
03-14 03:51:08.385 1356 1356 W HDCPManagerAdapter: HDCPManagerAdapter::isHDCPAvailable 0
03-14 03:51:08.385 1356 1356 W HDCPManagerAdapter: HDCPManagerAdapter::isHDCPAvailable 0
03-14 03:51:08.386 2492 2830 E DrmHal : uuid=[edef8ba979d64ace a3c827dcd51d21ed] No supported hal instance found
03-14 03:51:08.386 2492 2830 E WidevineCollector: android.media.UnsupportedSchemeException: Failed to instantiate drm object: NO_INIT
03-14 03:51:08.386 2492 2830 E WidevineCollector: ============================== Beginning of DRM Plugin Log ==============================
03-14 03:51:08.386 2492 2830 E WidevineCollector:
03-14 03:51:08.384 I found instance=clearkey version=android.hardware.drm@1.3::IDrmFactory
03-14 03:51:08.386 2492 2830 E WidevineCollector:
03-14 03:51:08.384 I found instance=wfdhdcp version=android.hardware.drm@1.3::IDrmFactory
03-14 03:51:08.386 2492 2830 E WidevineCollector:
03-14 03:51:08.386 E uuid=[edef8ba979d64ace a3c827dcd51d21ed] No supported hal instance found
03-14 03:51:08.386 2492 2830 E WidevineCollector: ============================== End of DRM Plugin Log ==============================
03-14 03:51:08.386 2492 2830 E WidevineCollector: android.media.UnsupportedSchemeException: Failed to instantiate drm object: NO_INIT
03-14 03:51:08.386 2492 2830 E WidevineCollector: ============================== Beginning of DRM Plugin Log ==============================
03-14 03:51:08.386 2492 2830 E WidevineCollector:
03-14 03:51:08.384 I found instance=clearkey version=android.hardware.drm@1.3::IDrmFactory
03-14 03:51:08.386 2492 2830 E WidevineCollector:
03-14 03:51:08.384 I found instance=wfdhdcp version=android.hardware.drm@1.3::IDrmFactory
03-14 03:51:08.386 2492 2830 E WidevineCollector:
03-14 03:51:08.386 E uuid=[edef8ba979d64ace a3c827dcd51d21ed] No supported hal instance found
03-14 03:51:08.386 2492 2830 E WidevineCollector: ============================== End of DRM Plugin Log ==============================
03-14 03:51:08.386 2492 2830 E WidevineCollector: at android.media.MediaDrm.native_setup(Native Method)
03-14 03:51:08.386 2492 2830 E WidevineCollector: at android.media.MediaDrm.(MediaDrm.java:293)
03-14 03:51:08.386 2492 2830 E WidevineCollector: at com.qualcomm.qti.qdma.collector.WidevineCollector$1.run(WidevineCollector.java:81)
03-14 03:51:08.386 2492 2830 E WidevineCollector: at java.util.TimerThread.mainLoop(Timer.java:562)
03-14 03:51:08.386 2492 2830 E WidevineCollector: at java.util.TimerThread.run(Timer.java:512)
03-14 03:51:08.386 2492 2835 I QCC:QccLicenseListGen: qccCheckInstalledIsv
03-14 03:51:08.386 2789 2798 I adbd : jdwp connection from 2840
03-14 03:51:08.387 2680 2701 D QCCAuthMgr: SMQContentProvider query uri: content://com.qti.smq.Feedback.provider/IsvAppTbl, selection: null, uri_matcher: 5
03-14 03:51:08.387 2680 2701 D QCCAuthMgr: SMQContentProvider query tableName: IsvAppTbl
03-14 03:51:08.387 2840 2840 D ProcessState: Binder ioctl to enable oneway spam detection failed: Invalid argument
01-01 08:00:41.783 0 0 I init : starting service 'thermal-engine'...
03-14 03:51:08.389 2492 2835 I QCC:QccLicenseListGen: qccCheckLicenseExpiredIsv
03-14 03:51:08.390 2680 2701 D QCCAuthMgr: SMQContentProvider query uri: content://com.qti.smq.Feedback.provider/IsvLicenseTbl, selection: null, uri_matcher: 3
03-14 03:51:08.390 2680 2701 D QCCAuthMgr: SMQContentProvider query tableName: IsvLicenseTbl
03-14 03:51:08.391 782 2679 I am_proc_bound: [0,2840,com.qualcomm.qtil.aptxui]
03-14 03:51:08.393 2843 2843 I qspmsvc-service: Qspmsvc We're inside the service
01-01 08:00:41.784 0 0 I init : Created socket '/dev/socket/thermal-send-client', mode 660, user 1000, group 2907
03-14 03:51:08.393 2843 2843 D ProcessState: Binder ioctl to enable oneway spam detection failed: Invalid argument
03-14 03:51:08.393 782 2679 D CompatibilityChangeReporter: Compat change id reported: 168419799; UID 10085; state: DISABLED
03-14 03:51:08.393 782 2679 D CompatibilityInfo: mCompatibilityFlags - 4
03-14 03:51:08.393 782 2679 D CompatibilityInfo: applicationDensity - 240
03-14 03:51:08.393 782 2679 D CompatibilityInfo: applicationScale - 1.0
03-14 03:51:08.394 2492 2835 I QCC:OperationMode: prepareProvisioned nProvisioned = 1
03-14 03:51:08.394 2492 2835 I QCC:OperationMode: readOpMode operationMode: 1
03-14 03:51:08.394 2492 2835 I QCC:OperationMode: DEVICE_PROVISIONED done or need to opmode as 3
03-14 03:51:08.394 2492 2835 I QCC:QDMAEmbargoesList: checkEmbargoesListFile
03-14 03:51:08.395 2492 2835 I QCC:QDMAEmbargoesList: QDMAEmbargoesIsDeviceInRegulatedArea regulated:false
03-14 03:51:08.395 2492 2835 I QCC:OperationMode: isRestrictedEmbargoesState - : false
03-14 03:51:08.395 2768 2825 E OsAgent : Wifi Scan Always Available: 0
01-01 08:00:41.784 0 0 I init : Created socket '/dev/socket/thermal-recv-client', mode 660, user 1000, group 2907
01-01 08:00:41.784 0 0 I init : Created socket '/dev/socket/thermal-recv-passive-client', mode 660, user 1000, group 2907
01-01 08:00:41.784 0 0 I init : Created socket '/dev/socket/thermal-send-rule', mode 660, user 1000, group 2907
01-01 08:00:41.787 0 0 I init : processing action (init.svc.adbd=stopped) from (/system/etc/init/hw/init.usb.configfs.rc:14)
01-01 08:00:41.787 0 0 I init : processing action (sys.usb.config=adb && sys.usb.configfs=1 && sys.usb.ffs.ready=1) from (/system/etc/init/hw/init.usb.configfs.rc:20)
01-01 08:00:41.788 0 0 I init : Command 'symlink /config/usb_gadget/g1/functions/ffs.adb /config/usb_gadget/g1/configs/b.1/f1' action=sys.usb.config=adb && sys.usb.configfs=1 && sys.usb.ffs.ready=1 (/system/etc/init/hw/init.usb.configfs.rc:22) took 0ms and failed: symlink() failed: File exists
01-01 08:00:41.788 0 0 I binder : 2843:2843 ioctl 40046210 7ff4943fa4 returned -22
03-14 03:51:08.395 2492 2835 I QCC:OperationMode: readOpMode operationMode: 1
03-14 03:51:08.395 2789 2800 I adbd : USB event: FUNCTIONFS_BIND
03-14 03:51:08.395 2492 2835 I QCC:NetworkStat: getActiveNetwork(ctx) invoked.
03-14 03:51:08.395 782 2679 I am_uid_active: 10085
03-14 03:51:08.395 782 2679 D CompatibilityInfo: mCompatibilityFlags - 4
03-14 03:51:08.395 782 2679 D CompatibilityInfo: applicationDensity - 240
03-14 03:51:08.395 782 2679 D CompatibilityInfo: applicationScale - 1.0
03-14 03:51:08.396 2492 2835 I QCC:NetworkStat: no available network
03-14 03:51:08.397 2840 2840 D CompatibilityChangeReporter: Compat change id reported: 171979766; UID 10085; state: ENABLED
03-14 03:51:08.397 2768 2825 D OsAgent : [bool_dataitem_update][2966] [HC] =>> [HS]
03-14 03:51:08.398 2492 2835 I QCC:PeriodicCI: >> startConnectionChangeListener()
03-14 03:51:08.398 865 865 V LocSvc_HIDL_IzatSubscription: [boolDataItemUpdate][223] [HS] <<<<= [HC]
03-14 03:51:08.399 2768 2825 D OsAgent : [string_dataitem_update][2980] [HC] =>> [HS]
03-14 03:51:08.400 865 865 V LocSvc_HIDL_IzatSubscription: [stringDataItemUpdate][283] [HS] <<<<= [HC]
03-14 03:51:08.401 2492 2835 I QCC:PeriodicCI: -- Waiting for WiFi for up to 172800seconds
03-14 03:51:08.401 2861 2861 I ThermalEngine: Thermal daemon started
03-14 03:51:08.401 2861 2861 E ThermalEngine: Unknown target identified with soc id 481
03-14 03:51:08.401 2861 2861 I ThermalEngine: No target config file, falling back to '/vendor/etc/thermal-engine.conf'
03-14 03:51:08.401 2768 2825 D OsAgent : [timezone_change_update][3149] [HC] =>> [HS]
03-14 03:51:08.402 865 865 V LocSvc_HIDL_IzatSubscription: [timezoneChangeUpdate][624] [HS] <<<<= [HC]
03-14 03:51:08.402 2843 2843 I qspmsvc-service: IQspmsvc::IQspmsvc()
03-14 03:51:08.402 2768 2825 D OsAgent : [time_change_update][3164] [HC] =>> [HS]
03-14 03:51:08.402 1335 1353 W cutils : Expected path /data/data/com.baidu.input with mode 700 but found 701
03-14 03:51:08.402 512 512 I lowmemorykiller: lmkd data connection established
03-14 03:51:08.402 865 865 V LocSvc_HIDL_IzatSubscription: [timeChangeUpdate][645] [HS] <<<<= [HC]
03-14 03:51:08.405 2843 2843 I qspmsvc-service: Qspmsvc service is now ready
03-14 03:51:08.409 2861 2861 I ThermalEngine: devices_manager_init: Init
03-14 03:51:08.409 2861 2861 I ThermalEngine: Number of gpus :1
03-14 03:51:08.409 2861 2861 I ThermalEngine: Number of cpus :8
03-14 03:51:08.410 2861 2861 I ThermalEngine: update_cpu_topology: Cluster info node not found/sys/module/msm_thermal/cluster_info
03-14 03:51:08.410 2861 2861 E ThermalEngine: tmd_add_cpufreq_dev_data: Invalid or no boost freqs
03-14 03:51:08.410 2861 2861 E ThermalEngine: tmd_add_cpufreq_dev_data: Invalid or no boost freqs
03-14 03:51:08.411 2768 2825 E OsAgent : Wifi Scan Always Available: 0
03-14 03:51:08.411 2861 2861 E ThermalEngine: tmd_add_cpufreq_dev_data: Invalid or no boost freqs
03-14 03:51:08.411 2768 2825 D OsAgent : [bool_dataitem_update][2966] [HC] =>> [HS]
03-14 03:51:08.411 865 865 V LocSvc_HIDL_IzatSubscription: [boolDataItemUpdate][223] [HS] <<<<= [HC]
03-14 03:51:08.412 2768 2825 D RilInfoMonitor: handleMessage what - 601
03-14 03:51:08.412 2768 2825 D RilInfoMonitor: SGLTE with ES SUPL
03-14 03:51:08.412 2861 2861 I ThermalEngine: tmd_init_cluster_devs: No clusters found
03-14 03:51:08.412 2768 2825 D RilInfoMonitor: [init][321] [HC] =>> [HS]
03-14 03:51:08.412 865 865 V LocSvc_HIDL_RilInfoMonitor: [init][18] [HS] <<<<= [HC]
03-14 03:51:08.412 2768 2825 D LocSvc_java: [init][993] [HC] =>> [HS]
03-14 03:51:08.412 2861 2861 E ThermalEngine: devices_init: Init NPU TMD failed 5
03-14 03:51:08.413 865 865 V LocSvc_HIDL_HidlGnss: [getExtensionLocHidlGnssNi][282] [HS] <<<<= [HC]
03-14 03:51:08.413 2861 2861 I ThermalEngine: vdd_rstr_init: Could not read /sys/module/msm_thermal/vdd_restriction/enabled
03-14 03:51:08.414 2768 2825 D LocSvc_java: getGnssNiIface, sGnssNi=vendor.qti.gnss@1.1::ILocHidlGnssNi@Proxy
03-14 03:51:08.414 865 865 V LocSvc_HIDL_HidlGnss: [getExtensionLocHidlAGnss_2_1][438] [HS] <<<<= [HC]
03-14 03:51:08.414 2861 2861 E ThermalEngine: Error reading /sys/class/leds/lcd-backlight/max_brightness
03-14 03:51:08.414 2861 2861 E ThermalEngine: open/sys/class/power_supply/battery/system_temp_level failed2
03-14 03:51:08.414 2861 2861 E ThermalEngine: Unable to init battery charging mitigation to 0
03-14 03:51:08.415 2861 2861 I ThermalEngine: sensors_manager_init: Init
03-14 03:51:08.415 2768 2825 D LocSvc_java: getAGnssIface with instanceOf, sAGnss_2_1=vendor.qti.gnss@2.1::ILocHidlAGnss@Proxy
03-14 03:51:08.415 2861 2872 E ThermalEngine: socket creation success
03-14 03:51:08.415 865 865 V LocSvc_HIDL_GnssNi: [setVendorCallback][36] [HS] <<<<= [HC]
03-14 03:51:08.415 865 865 V LocSvc_HIDL_HidlAGnss: [setCallbackExt][328] [HS] <<<<= [HC]
03-14 03:51:08.415 865 865 D LocSvc_HIDL_HidlAGnss: getGnssInterface]: loading libgnss.so::getGnssInterface ...
03-14 03:51:08.416 862 2614 D vendor.qti.bluetooth@1.0-patch_dl_manager: ReadHciEvent: Expected CC
03-14 03:51:08.416 862 2614 D vendor.qti.bluetooth@1.0-patch_dl_manager: FrameHciCmdPkt: Sending EDL_GET_BOARD_ID
03-14 03:51:08.416 862 2614 D vendor.qti.bluetooth@1.0-patch_dl_manager: HCI-CMD -1: 0x1 0x0 0xfc 0x1 0x23
03-14 03:51:08.416 862 2614 I vendor.qti.bluetooth@1.0-patch_dl_manager: GetBoardIdReq: Sending EDL_GET_BOARD_ID
03-14 03:51:08.416 862 2614 D vendor.qti.bluetooth@1.0-patch_dl_manager: ReadHciEvent: Expected CC
03-14 03:51:08.416 862 2614 I vendor.qti.bluetooth@1.0-patch_dl_manager: HandleEdlCmdResEvt: Board Id 0 0!!
03-14 03:51:08.416 862 2614 E vendor.qti.bluetooth@1.0-patch_dl_manager: /bt_firmware/image/htnv20.b00 File Open Fail No such file or directory (2)
03-14 03:51:08.416 862 2614 E vendor.qti.bluetooth@1.0-patch_dl_manager: /vendor/bt_firmware/image/htnv20.b00 File Opening from alternate path: Fail No such file or directory (2)
03-14 03:51:08.416 862 2614 I vendor.qti.bluetooth@1.0-patch_dl_manager: DownloadTlvFile: /bt_firmware/image/htnv20.b00: file doesn't exist, falling back to default file
03-14 03:51:08.416 862 2614 E vendor.qti.bluetooth@1.0-patch_dl_manager: /bt_firmware/image/htnv20.bin File Open Fail No such file or directory (2)
03-14 03:51:08.416 862 2614 I vendor.qti.bluetooth@1.0-patch_dl_manager: File open /vendor/bt_firmware/image/htnv20.bin succeeded
03-14 03:51:08.418 2768 2825 D GeocoderService: handleMessage what - 700
03-14 03:51:08.418 2768 2825 D GeocoderService: GeocoderProxy init
03-14 03:51:08.420 862 2614 I vendor.qti.bluetooth@1.0-patch_dl_manager: ====================================================
03-14 03:51:08.420 862 2614 I vendor.qti.bluetooth@1.0-patch_dl_manager: TLV Type : 0x2
03-14 03:51:08.420 862 2614 I vendor.qti.bluetooth@1.0-patch_dl_manager: Length : 5821 bytes
03-14 03:51:08.420 862 2614 I vendor.qti.bluetooth@1.0-patch_dl_manager: ====================================================
03-14 03:51:08.420 862 2614 I vendor.qti.bluetooth@1.0-patch_dl_manager: BD Address: a1:96:f2:1b:22:22
03-14 03:51:08.420 862 2614 I vendor.qti.bluetooth@1.0-patch_dl_manager: UpdateNewNvmFormat: baudrate 11
03-14 03:51:08.420 862 2614 D vendor.qti.bluetooth@1.0-ibs_handler: IsEnabled: SIBS enabled: true
03-14 03:51:08.420 862 2614 D vendor.qti.bluetooth@1.0-patch_dl_manager: CheckForWakeupMechanism: Wakeup source config : 0
03-14 03:51:08.420 862 2614 I vendor.qti.bluetooth@1.0-patch_dl_manager: UpdateNewNvmFormat: SIBS Enable
03-14 03:51:08.421 782 2679 D ConnectivityService: requestNetwork for uid/pid:1000/2492 activeRequest: null callbackRequest: 26 [NetworkRequest [ REQUEST id=27, [ Capabilities: INTERNET&NOT_RESTRICTED&TRUSTED&NOT_VCN_MANAGED Uid: 1000 RequestorUid: 1000 RequestorPkg: com.qualcomm.qti.qdma] ]] callback flags: 0 priority: 2147483647
03-14 03:51:08.421 782 1692 D ConnectivityService: NetReassign [no changes]
03-14 03:51:08.422 782 1924 D Ethernet: got request NetworkRequest [ REQUEST id=27, [ Capabilities: INTERNET&NOT_RESTRICTED&TRUSTED&NOT_VCN_MANAGED Uid: 1000 RequestorUid: 1000 RequestorPkg: com.qualcomm.qti.qdma] ]
03-14 03:51:08.422 1554 1565 D LOWI-9.0.0.87.a: [LOWINetlinkSocketReceiver] unpackRTMLinkMessage: RTM_NEWLINK - ifname vlan0, flags 0x1003 ([UP])
03-14 03:51:08.422 782 1924 D EthernetNetworkFactory: acceptRequest, request: NetworkRequest [ REQUEST id=27, [ Capabilities: INTERNET&NOT_RESTRICTED&TRUSTED&NOT_VCN_MANAGED Uid: 1000 RequestorUid: 1000 RequestorPkg: com.qualcomm.qti.qdma] ]
03-14 03:51:08.422 782 1924 I EthernetNetworkFactory: networkForRequest, request: NetworkRequest [ REQUEST id=27, [ Capabilities: INTERNET&NOT_RESTRICTED&TRUSTED&NOT_VCN_MANAGED Uid: 1000 RequestorUid: 1000 RequestorPkg: com.qualcomm.qti.qdma] ], network: null
03-14 03:51:08.423 2861 2870 I ThermalEngine: ADSP thermal mitigation available.
03-14 03:51:08.423 2861 2870 I ThermalEngine: Mitigation:vdd_restriction[ADSP]:0 pending QMI request succeded
03-14 03:51:08.419 2759 2759 I auditd : type=1400 audit(0.0:883): avc: denied { add_name } for comm="init.qcom.post_" name="min_score_adj" scontext=u:r:vendor_qti_init_shell:s0 tcontext=u:object_r:vendor_sysfs_process_reclaim:s0 tclass=dir permissive=1
03-14 03:51:08.419 2759 2759 I init.qcom.post_: type=1400 audit(0.0:883): avc: denied { add_name } for name="min_score_adj" scontext=u:r:vendor_qti_init_shell:s0 tcontext=u:object_r:vendor_sysfs_process_reclaim:s0 tclass=dir permissive=1
03-14 03:51:08.419 2759 2759 I auditd : type=1400 audit(0.0:884): avc: denied { create } for comm="init.qcom.post_" name="min_score_adj" scontext=u:r:vendor_qti_init_shell:s0 tcontext=u:object_r:vendor_sysfs_process_reclaim:s0 tclass=file permissive=1
03-14 03:51:08.419 2759 2759 I init.qcom.post_: type=1400 audit(0.0:884): avc: denied { create } for name="min_score_adj" scontext=u:r:vendor_qti_init_shell:s0 tcontext=u:object_r:vendor_sysfs_process_reclaim:s0 tclass=file permissive=1
03-14 03:51:08.425 512 512 I lowmemorykiller: Using psi monitors for memory pressure detection
03-14 03:51:08.425 512 512 I lowmemorykiller: Properties reinitilized
03-14 03:51:08.426 2859 2859 I lowmemorykiller: lmkd updated properties successfully
03-14 03:51:08.426 512 512 I lowmemorykiller: lmkd data connection dropped
03-14 03:51:08.426 512 512 I lowmemorykiller: closing lmkd data connection
03-14 03:51:08.427 862 2614 I vendor.qti.bluetooth@1.0-patch_dl_manager: ====================================================
03-14 03:51:08.427 862 2614 I vendor.qti.bluetooth@1.0-patch_dl_manager: TlvDnldReq: TLV size: 5825, Total Seg num: 23, remain size: 236
03-14 03:51:08.428 862 2614 D vendor.qti.bluetooth@1.0-patch_dl_manager: ReadHciEvent: Expected CC
03-14 03:51:08.429 2492 2492 I QCC:ActiveCareService: ActiveCareService onDestroy
03-14 03:51:08.429 862 2614 D vendor.qti.bluetooth@1.0-patch_dl_manager: ReadHciEvent: Expected CC
03-14 03:51:08.430 862 2614 D vendor.qti.bluetooth@1.0-patch_dl_manager: ReadHciEvent: Expected CC
03-14 03:51:08.432 862 2614 D vendor.qti.bluetooth@1.0-patch_dl_manager: ReadHciEvent: Expected CC
03-14 03:51:08.433 862 2614 D vendor.qti.bluetooth@1.0-patch_dl_manager: ReadHciEvent: Expected CC
03-14 03:51:08.434 862 2614 D vendor.qti.bluetooth@1.0-patch_dl_manager: ReadHciEvent: Expected CC
03-14 03:51:08.435 862 2614 D vendor.qti.bluetooth@1.0-patch_dl_manager: ReadHciEvent: Expected CC
03-14 03:51:08.436 862 2614 D vendor.qti.bluetooth@1.0-patch_dl_manager: ReadHciEvent: Expected CC
03-14 03:51:08.437 862 2614 D vendor.qti.bluetooth@1.0-patch_dl_manager: ReadHciEvent: Expected CC
03-14 03:51:08.438 862 2614 D vendor.qti.bluetooth@1.0-patch_dl_manager: ReadHciEvent: Expected CC
03-14 03:51:08.439 862 2614 D vendor.qti.bluetooth@1.0-patch_dl_manager: ReadHciEvent: Expected CC
03-14 03:51:08.441 862 2614 D vendor.qti.bluetooth@1.0-patch_dl_manager: ReadHciEvent: Expected CC
03-14 03:51:08.442 862 2614 D vendor.qti.bluetooth@1.0-patch_dl_manager: ReadHciEvent: Expected CC
03-14 03:51:08.443 862 2614 D vendor.qti.bluetooth@1.0-patch_dl_manager: ReadHciEvent: Expected CC
03-14 03:51:08.444 862 2614 D vendor.qti.bluetooth@1.0-patch_dl_manager: ReadHciEvent: Expected CC
03-14 03:51:08.445 862 2614 D vendor.qti.bluetooth@1.0-patch_dl_manager: ReadHciEvent: Expected CC
03-14 03:51:08.446 2861 2861 E ThermalEngine: thermal_monitor_init_data: ERROR Uknown device
03-14 03:51:08.446 2861 2861 E ThermalEngine: ss_init_data: ERROR Uknown device
03-14 03:51:08.446 2861 2861 I ThermalEngine: Loading config file for virtual sensor
03-14 03:51:08.446 2861 2861 I ThermalEngine: Loading configuration file /vendor/etc/thermal-engine.conf
03-14 03:51:08.446 2861 2861 I ThermalEngine: Parsing section global
03-14 03:51:08.446 2861 2861 E ThermalEngine: virtual_sensors_init: Error getting virtual sensors set
03-14 03:51:08.446 2861 2861 I ThermalEngine: Loading configuration file /vendor/etc/thermal-engine.conf
03-14 03:51:08.446 2861 2861 I ThermalEngine: Parsing section global
03-14 03:51:08.446 2861 2861 E ThermalEngine: Failed to setup at least one sensor for monitoring
03-14 03:51:08.446 2861 2861 I ThermalEngine: ss_algo_init: No SS's configured.
03-14 03:51:08.446 2861 2861 E ThermalEngine: open/sys/module/msm_thermal/parameters/enabled failed2
03-14 03:51:08.446 2861 2930 I ThermalEngine: limits_write_data_to_partition: thread exit
03-14 03:51:08.446 862 2614 D vendor.qti.bluetooth@1.0-patch_dl_manager: ReadHciEvent: Expected CC
03-14 03:51:08.447 862 2614 D vendor.qti.bluetooth@1.0-patch_dl_manager: ReadHciEvent: Expected CC
03-14 03:51:08.448 1554 1565 D LOWI-9.0.0.87.a: [LOWINetlinkSocketReceiver] unpackRTMLinkMessage: RTM_NEWLINK - ifname vlan0, flags 0x1003 ([UP])
03-14 03:51:08.448 862 2614 D vendor.qti.bluetooth@1.0-patch_dl_manager: ReadHciEvent: Expected CC
03-14 03:51:08.449 862 2614 D vendor.qti.bluetooth@1.0-patch_dl_manager: ReadHciEvent: Expected CC
03-14 03:51:08.451 862 2614 D vendor.qti.bluetooth@1.0-patch_dl_manager: ReadHciEvent: Expected CC
03-14 03:51:08.452 862 2614 D vendor.qti.bluetooth@1.0-patch_dl_manager: ReadHciEvent: Expected CC
03-14 03:51:08.453 2840 2840 I Perf : Connecting to perf service.
03-14 03:51:08.453 862 2614 D vendor.qti.bluetooth@1.0-patch_dl_manager: ReadHciEvent: Expected CC
03-14 03:51:08.453 862 2614 D vendor.qti.bluetooth@1.0-patch_dl_manager: TlvDnldReq: Updating seg len to 236 as last segment
03-14 03:51:08.455 1656 2769 E QFP : qfpCommand: error from send_command_to_tz: 0, QFP result -11 on (0 0)
03-14 03:51:08.455 1656 2769 I QFP : close: close, usecase 3 options 0
03-14 03:51:08.455 1656 2769 I QFP : closeHandle: closeHandle (0 0)
01-01 08:00:41.848 0 0 I android_work: sent uevent USB_STATE=DISCONNECTED
01-01 08:00:41.849 0 0 I init : Command 'write /config/usb_gadget/g1/UDC ${sys.usb.controller}' action=sys.usb.config=adb && sys.usb.configfs=1 && sys.usb.ffs.ready=1 (/system/etc/init/hw/init.usb.configfs.rc:23) took 61ms and succeeded
01-01 08:00:41.849 0 0 I init : Service 'exec 30 (/system/bin/lmkd --reinit)' (pid 2859) exited with status 0 oneshot service took 0.065000 seconds in background
01-01 08:00:41.849 0 0 I init : Sending signal 9 to service 'exec 30 (/system/bin/lmkd --reinit)' (pid 2859) process group...
01-01 08:00:41.849 0 0 I libprocessgroup: Successfully killed process cgroup uid 0 pid 2859 in 0ms
01-01 08:00:41.850 0 0 I init : processing action (sys.user.0.ce_available=true) from (/system/etc/init/wifi.rc:21)
01-01 08:00:41.850 0 0 I selinux : SELinux: Skipping restorecon on directory(/data/misc_ce/0/apexdata/com.android.wifi)
01-01 08:00:41.850 0 0 I selinux :
01-01 08:00:41.850 0 0 I init : processing action (vendor.dcvs.prop=1) from (/vendor/etc/init/hw/init.target.rc:169)
01-01 08:00:41.850 0 0 I init : starting service 'dcvs-sh'...
01-01 08:00:41.852 0 0 I init : processing action (sys.boot_completed=1 && sys.wifitracing.started=1 && wifi.interface=*) from (/system/etc/init/wifi.rc:98)
03-14 03:51:08.455 2759 2759 I auditd : type=1400 audit(0.0:885): avc: denied { add_name } for comm="init.qcom.post_" name="store_user" scontext=u:r:vendor_qti_init_shell:s0 tcontext=u:object_r:sysfs:s0 tclass=dir permissive=1
03-14 03:51:08.455 2759 2759 I init.qcom.post_: type=1400 audit(0.0:885): avc: denied { add_name } for name="store_user" scontext=u:r:vendor_qti_init_shell:s0 tcontext=u:object_r:sysfs:s0 tclass=dir permissive=1
03-14 03:51:08.455 2759 2759 I auditd : type=1400 audit(0.0:886): avc: denied { create } for comm="init.qcom.post_" name="store_user" scontext=u:r:vendor_qti_init_shell:s0 tcontext=u:object_r:sysfs:s0 tclass=file permissive=1
03-14 03:51:08.455 2759 2759 I init.qcom.post_: type=1400 audit(0.0:886): avc: denied { create } for name="store_user" scontext=u:r:vendor_qti_init_shell:s0 tcontext=u:object_r:sysfs:s0 tclass=file permissive=1
01-01 08:00:41.857 0 0 I zram0 : detected capacity change from 0 to 4294967296
03-14 03:51:08.467 1554 1565 D LOWI-9.0.0.87.a: [LOWINetlinkSocketReceiver] unpackRTMLinkMessage: RTM_NEWLINK - ifname vlan0, flags 0x1003 ([UP])
03-14 03:51:08.468 2840 2840 V GraphicsEnvironment: ANGLE Developer option for 'com.qualcomm.qtil.aptxui' set to: 'default'
03-14 03:51:08.468 1656 2769 D QSEECOMAPI: QSEECom_dealloc_memory
03-14 03:51:08.468 1656 2769 D QSEECOMAPI: QSEECom_shutdown_app, app_id = 7
03-14 03:51:08.470 2840 2840 V GraphicsEnvironment: ANGLE GameManagerService for com.qualcomm.qtil.aptxui: false
03-14 03:51:08.471 782 822 V PackageManager: reconcileAppsData finished 138 packages
03-14 03:51:08.471 782 822 I ActivityManager: User 0 state changed from RUNNING_LOCKED to RUNNING_UNLOCKING
03-14 03:51:08.471 782 822 I am_user_state_changed: [0,2]
03-14 03:51:08.471 782 822 D ActivityManager: Unlocking user 0 progress 20
03-14 03:51:08.472 782 872 I ssm_user_unlocking: 0
03-14 03:51:08.472 782 822 W Looper : Slow dispatch took 289ms android.fg h=android.os.Handler c=com.android.server.am.UserController$$ExternalSyntheticLambda3@ddb91fa m=0
03-14 03:51:08.472 782 822 W Looper : Slow delivery took 289ms android.fg h=android.os.Handler c=com.android.server.am.UserController$$ExternalSyntheticLambda1@cef5a08 m=0
03-14 03:51:08.472 782 872 I SystemServerTimingAsync: ssm.UnlockingUser-0
03-14 03:51:08.472 782 872 I SystemServiceManager: Calling onUnlockingUser 0
03-14 03:51:08.467 2935 2935 I auditd : type=1400 audit(0.0:887): avc: denied { add_name } for comm="init.qti.dcvs.s" name="governor" scontext=u:r:vendor_init-qti-dcvs-sh:s0 tcontext=u:object_r:vendor_sysfs_devfreq:s0 tclass=dir permissive=1
03-14 03:51:08.472 782 872 I SystemServerTimingAsync: ssm.onUnlockingUser-0_com.android.server.security.FileIntegrityService
03-14 03:51:08.472 782 872 I SystemServerTimingAsync: ssm.onUnlockingUser-0_com.android.server.pm.Installer
03-14 03:51:08.472 782 872 I SystemServerTimingAsync: ssm.onUnlockingUser-0_com.android.server.os.DeviceIdentifiersPolicyService
03-14 03:51:08.472 782 872 I SystemServerTimingAsync: ssm.onUnlockingUser-0_com.android.server.uri.UriGrantsManagerService$Lifecycle
03-14 03:51:08.472 782 872 I SystemServerTimingAsync: ssm.onUnlockingUser-0_com.android.server.powerstats.PowerStatsService
03-14 03:51:08.472 782 872 I SystemServerTimingAsync: ssm.onUnlockingUser-0_com.android.server.wm.ActivityTaskManagerService$Lifecycle
03-14 03:51:08.472 782 872 I SystemServerTimingAsync: ssm.onUnlockingUser-0_com.android.server.am.ActivityManagerService$Lifecycle
03-14 03:51:08.472 782 872 I SystemServerTimingAsync: ssm.onUnlockingUser-0_com.android.server.pm.DataLoaderManagerService
03-14 03:51:08.472 782 872 I SystemServerTimingAsync: ssm.onUnlockingUser-0_com.android.server.power.PowerManagerService
03-14 03:51:08.472 782 872 I SystemServerTimingAsync: ssm.onUnlockingUser-0_com.android.server.power.ThermalManagerService
03-14 03:51:08.472 782 872 I SystemServerTimingAsync: ssm.onUnlockingUser-0_com.android.server.power.hint.HintManagerService
03-14 03:51:08.472 782 872 I SystemServerTimingAsync: ssm.onUnlockingUser-0_com.android.server.recoverysystem.RecoverySystemService$Lifecycle
03-14 03:51:08.472 782 872 I SystemServerTimingAsync: ssm.onUnlockingUser-0_com.android.server.lights.LightsService
03-14 03:51:08.472 782 872 I SystemServerTimingAsync: ssm.onUnlockingUser-0_com.android.server.display.DisplayManagerService
03-14 03:51:08.472 782 872 I SystemServerTimingAsync: ssm.onUnlockingUser-0_com.android.server.pm.verify.domain.DomainVerificationService
03-14 03:51:08.472 782 872 I SystemServerTimingAsync: ssm.onUnlockingUser-0_com.android.server.pm.PackageInstallerService$Lifecycle
03-14 03:51:08.472 782 872 I SystemServerTimingAsync: ssm.onUnlockingUser-0_com.android.server.pm.UserManagerService$LifeCycle
03-14 03:51:08.472 782 872 I SystemServerTimingAsync: ssm.onUnlockingUser-0_com.android.server.om.OverlayManagerService
03-14 03:51:08.472 782 872 I SystemServerTimingAsync: ssm.onUnlockingUser-0_com.android.server.SensorPrivacyService
03-14 03:51:08.472 782 872 I SystemServerTimingAsync: ssm.onUnlockingUser-0_com.android.server.thunderperf.ThunderBoostPerfService
03-14 03:51:08.472 782 872 I SystemServerTimingAsync: ssm.onUnlockingUser-0_com.android.server.sensors.SensorService
03-14 03:51:08.472 782 872 I SystemServerTimingAsync: ssm.onUnlockingUser-0_com.android.server.SystemConfigService
03-14 03:51:08.472 782 872 I SystemServerTimingAsync: ssm.onUnlockingUser-0_com.android.server.BatteryService
03-14 03:51:08.472 782 872 I SystemServerTimingAsync: ssm.onUnlockingUser-0_com.android.server.usage.UsageStatsService
03-14 03:51:08.472 782 872 I SystemServerTimingAsync: ssm.onUnlockingUser-0_com.android.server.webkit.WebViewUpdateService
03-14 03:51:08.472 782 872 I SystemServerTimingAsync: ssm.onUnlockingUser-0_com.android.server.CachedDeviceStateService
03-14 03:51:08.472 782 872 I SystemServerTimingAsync: ssm.onUnlockingUser-0_com.android.server.BinderCallsStatsService$LifeCycle
03-14 03:51:08.472 782 872 I SystemServerTimingAsync: ssm.onUnlockingUser-0_com.android.server.LooperStatsService$Lifecycle
03-14 03:51:08.472 782 872 I SystemServerTimingAsync: ssm.onUnlockingUser-0_com.android.server.rollback.RollbackManagerService
03-14 03:51:08.473 782 822 I EthernetTracker: interfaceLinkStateChanged, iface: vlan0, up: false
03-14 03:51:08.473 782 822 I EthernetTracker: interfaceLinkStateChanged, iface: vlan0, up: false
03-14 03:51:08.473 782 822 I EthernetTracker: interfaceLinkStateChanged, iface: vlan0, up: false
03-14 03:51:08.473 782 822 W Looper : Drained
03-14 03:51:08.473 2840 2840 D NetworkSecurityConfig: No Network Security Config specified, using platform default
03-14 03:51:08.474 782 872 I SystemServerTimingAsync: ssm.onUnlockingUser-0_com.android.server.os.NativeTombstoneManagerService
