03-14 03:51:08.474 782 872 I SystemServerTimingAsync: ssm.onUnlockingUser-0_com.android.server.os.BugreportManagerService
03-14 03:51:08.474 782 872 I SystemServerTimingAsync: ssm.onUnlockingUser-0_com.android.server.gpu.GpuService
03-14 03:51:08.474 782 872 I SystemServerTimingAsync: ssm.onUnlockingUser-0_com.android.server.security.KeyChainSystemService
03-14 03:51:08.474 782 872 I SystemServerTimingAsync: ssm.onUnlockingUser-0_com.android.server.telecom.TelecomLoaderService
03-14 03:51:08.474 782 872 I SystemServerTimingAsync: ssm.onUnlockingUser-0_com.android.server.accounts.AccountManagerService$Lifecycle
03-14 03:51:08.474 2840 2840 D NetworkSecurityConfig: No Network Security Config specified, using platform default
03-14 03:51:08.474 782 872 I SystemServerTimingAsync: ssm.onUnlockingUser-0_com.android.server.content.ContentService$Lifecycle
03-14 03:51:08.474 782 872 I SystemServerTimingAsync: ssm.onUnlockingUser-0_com.android.server.DropBoxManagerService
03-14 03:51:08.474 782 872 I SystemServerTimingAsync: ssm.onUnlockingUser-0_com.android.role.RoleService
03-14 03:51:08.474 782 872 I SystemServerTimingAsync: ssm.onUnlockingUser-0_com.android.server.vibrator.VibratorManagerService$Lifecycle
03-14 03:51:08.474 782 872 I SystemServerTimingAsync: ssm.onUnlockingUser-0_com.android.server.alarm.AlarmManagerService
03-14 03:51:08.474 782 872 I SystemServerTimingAsync: ssm.onUnlockingUser-0_com.android.server.devicestate.DeviceStateManagerService
03-14 03:51:08.474 782 872 I SystemServerTimingAsync: ssm.onUnlockingUser-0_com.android.server.camera.CameraServiceProxy
03-14 03:51:08.474 782 872 I SystemServerTimingAsync: ssm.onUnlockingUser-0_com.android.server.BluetoothService
03-14 03:51:08.474 782 872 D BluetoothManagerService: User 0 unlocked
03-14 03:51:08.474 782 872 I SystemServerTimingAsync: ssm.onUnlockingUser-0_com.android.server.connectivity.IpConnectivityMetrics
03-14 03:51:08.474 782 872 I SystemServerTimingAsync: ssm.onUnlockingUser-0_com.android.server.net.watchlist.NetworkWatchlistService$Lifecycle
03-14 03:51:08.474 782 872 I SystemServerTimingAsync: ssm.onUnlockingUser-0_com.android.server.PinnerService
03-14 03:51:08.474 782 872 I SystemServerTimingAsync: ssm.onUnlockingUser-0_com.google.android.startop.iorap.IorapForwardingService
03-14 03:51:08.474 782 872 I SystemServerTimingAsync: ssm.onUnlockingUser-0_com.android.server.ActivityTriggerService
01-01 08:00:41.869 0 0 I : Adding 4194300k swap on /dev/block/zram0. Priority:32758 extents:1 across:4194300k SS
03-14 03:51:08.467 2935 2935 I auditd : type=1400 audit(0.0:888): avc: denied { create } for comm="init.qti.dcvs.s" name="governor" scontext=u:r:vendor_init-qti-dcvs-sh:s0 tcontext=u:object_r:vendor_sysfs_devfreq:s0 tclass=file permissive=1
03-14 03:51:08.467 2935 2935 I init.qti.dcvs.s: type=1400 audit(0.0:888): avc: denied { create } for name="governor" scontext=u:r:vendor_init-qti-dcvs-sh:s0 tcontext=u:object_r:vendor_sysfs_devfreq:s0 tclass=file permissive=1
03-14 03:51:08.474 782 872 I SystemServerTimingAsync: ssm.onUnlockingUser-0_com.android.server.integrity.AppIntegrityManagerService
03-14 03:51:08.476 782 824 D BluetoothManagerService: MESSAGE_USER_UNLOCKED
03-14 03:51:08.476 782 872 I SystemServerTimingAsync: ssm.onUnlockingUser-0_com.android.server.inputmethod.InputMethodManagerService$Lifecycle
03-14 03:51:08.476 782 872 I SystemServerTimingAsync: ssm.onUnlockingUser-0_com.android.server.accessibility.AccessibilityManagerService$Lifecycle
03-14 03:51:08.476 782 872 I SystemServerTimingAsync: ssm.onUnlockingUser-0_com.android.server.StorageManagerService$Lifecycle
03-14 03:51:08.476 782 872 D StorageManagerService: onUnlockUser 0
03-14 03:51:08.476 782 872 I StorageSessionController: On user unlock 0
03-14 03:51:08.476 782 872 I StorageSessionController: Initialialising...
03-14 03:51:08.476 2840 2840 I aptxuiApplication: mQssEnabled: false
03-14 03:51:08.476 2840 2840 I aptxuiApplication: aptxui (aptX UI app) Version Name: 4.0.6
03-14 03:51:08.476 1554 1565 D LOWI-9.0.0.87.a: [LOWINetlinkSocketReceiver] unpackRTMLinkMessage: RTM_NEWLINK - ifname vlan0, flags 0x1003 ([UP])
03-14 03:51:08.476 2840 2840 I aptxuiApplication: aptxui (aptX UI app) Package Name: com.qualcomm.qtil.aptxui
03-14 03:51:08.476 2840 2840 D aptxuiApplication: creation complete
03-14 03:51:08.477 565 565 I vold : onUserStarted: 0
03-14 03:51:08.477 782 822 I EthernetTracker: interfaceLinkStateChanged, iface: vlan0, up: false
03-14 03:51:08.477 782 1678 V StorageManagerService: Found primary storage at VolumeInfo{emulated;0}:
03-14 03:51:08.477 782 1678 V StorageManagerService: type=EMULATED diskId=null partGuid= mountFlags=0 mountUserId=0
03-14 03:51:08.477 782 1678 V StorageManagerService: state=UNMOUNTED
03-14 03:51:08.477 782 1678 V StorageManagerService: fsType=null fsUuid=null fsLabel=null
03-14 03:51:08.477 782 1678 V StorageManagerService: path=null internalPath=null
03-14 03:51:08.478 782 1628 I StorageManagerService: Mounting volume VolumeInfo{emulated;0}:
03-14 03:51:08.478 782 1628 I StorageManagerService: type=EMULATED diskId=null partGuid= mountFlags=PRIMARY|VISIBLE
03-14 03:51:08.478 782 1628 I StorageManagerService: mountUserId=0 state=UNMOUNTED
03-14 03:51:08.478 782 1628 I StorageManagerService: fsType=null fsUuid=null fsLabel=null
03-14 03:51:08.478 782 1628 I StorageManagerService: path=null internalPath=null
03-14 03:51:08.478 565 565 I vold : Executing sdcardfs
01-01 08:00:41.874 0 0 I devfreq-qcom-fw 18590000.qcom,devfreq-l3: qcom,cdsp-cdsp-l3-lat: Successfully started CDSP L3 governor
01-01 08:00:41.875 0 0 I init : Service 'dcvs-sh' (pid 2935) exited with status 0 oneshot service took 0.023000 seconds in background
01-01 08:00:41.875 0 0 I init : Sending signal 9 to service 'dcvs-sh' (pid 2935) process group...
01-01 08:00:41.875 0 0 I libprocessgroup: Successfully killed process cgroup uid 0 pid 2935 in 0ms
03-14 03:51:08.478 565 565 D vold : Waiting for sdcardfs to spin up...
03-14 03:51:08.478 782 2190 D CompatibilityInfo: mCompatibilityFlags - 4
03-14 03:51:08.478 782 2190 D CompatibilityInfo: applicationDensity - 240
03-14 03:51:08.478 782 2190 D CompatibilityInfo: applicationScale - 1.0
03-14 03:51:08.484 1554 1565 D LOWI-9.0.0.87.a: [LOWINetlinkSocketReceiver] unpackRTMLinkMessage: RTM_NEWLINK - ifname vlan0, flags 0x1003 ([UP])
03-14 03:51:08.484 2942 2942 W sdcard : Device explicitly enabled sdcardfs
03-14 03:51:08.484 782 822 I EthernetTracker: interfaceLinkStateChanged, iface: vlan0, up: false
03-14 03:51:08.485 514 514 I hwservicemanager: Since vendor.qti.hardware.iop@2.0::IIop/default is not registered, trying to start it as a lazy HAL.
03-14 03:51:08.485 1355 2591 E ANDR-IOP: IIop:: Iop HAL Service is not available.
03-14 03:51:08.487 2840 2840 I aptxuiService: onBind: Intent { act=com.qualcomm.qtil.aptxui.aptxuiService cmp=com.qualcomm.qtil.aptxui/.aptxuiService }
01-01 08:00:41.879 0 0 I : sdcardfs version 2.0
01-01 08:00:41.879 0 0 I sdcardfs: dev_name -> /data/media
01-01 08:00:41.879 0 0 I sdcardfs: options -> fsuid=1023,fsgid=1023,multiuser,derive_gid,default_normal,unshared_obb,mask=6,userid=0,gid=1015
01-01 08:00:41.879 0 0 I sdcardfs: mnt -> 0000000048ed1041
01-01 08:00:41.879 0 0 I sdcardfs: mounted on top of /data/media type f2fs
01-01 08:00:41.879 0 0 I : Remount options were mask=23,gid=9997 for vfsmnt 000000006d15f268.
01-01 08:00:41.879 0 0 I sdcardfs: options - debug:1
01-01 08:00:41.879 0 0 I sdcardfs: options - gid:9997
01-01 08:00:41.879 0 0 I sdcardfs: options - mask:23
01-01 08:00:41.880 0 0 I : Remount options were mask=7,gid=9997 for vfsmnt 00000000590c60b6.
01-01 08:00:41.880 0 0 I sdcardfs: options - debug:1
01-01 08:00:41.880 0 0 I sdcardfs: options - gid:9997
01-01 08:00:41.880 0 0 I sdcardfs: options - mask:7
01-01 08:00:41.880 0 0 I : Remount options were mask=7,gid=9997 for vfsmnt 00000000fbd9f995.
01-01 08:00:41.880 0 0 I sdcardfs: options - debug:1
01-01 08:00:41.880 0 0 I sdcardfs: options - gid:9997
01-01 08:00:41.880 0 0 I sdcardfs: options - mask:7
01-01 08:00:41.881 0 0 E init : Control message: Could not find 'vendor.qti.hardware.iop@2.0::IIop/default' for ctl.interface_start from pid: 514 (/system/bin/hwservicemanager)
03-14 03:51:08.489 782 2173 D CompatibilityChangeReporter: Compat change id reported: 168419799; UID 10056; state: DISABLED
03-14 03:51:08.489 782 2173 D CompatibilityInfo: mCompatibilityFlags - 4
03-14 03:51:08.489 782 2173 D CompatibilityInfo: applicationDensity - 240
03-14 03:51:08.489 782 2173 D CompatibilityInfo: applicationScale - 1.0
03-14 03:51:08.490 2840 2840 I aptxuiApplication: onServiceConnected: ComponentInfo{com.qualcomm.qtil.aptxui/com.qualcomm.qtil.aptxui.aptxuiService}
03-14 03:51:08.491 782 2190 D CompatibilityInfo: mCompatibilityFlags - 4
03-14 03:51:08.491 782 2190 D CompatibilityInfo: applicationDensity - 240
03-14 03:51:08.491 782 2190 D CompatibilityInfo: applicationScale - 1.0
03-14 03:51:08.492 2257 2257 D hw-ProcessState: Binder ioctl to enable oneway spam detection failed: Invalid argument
03-14 03:51:08.495 2257 2257 I HidlServiceManagement: Registered vendor.qti.hardware.cacert@1.0::IService/default
03-14 03:51:08.495 2257 2257 I android_os_HwBinder: HwBinder: Starting thread pool for default
01-01 08:00:41.885 0 0 W QSEECOM : __qseecom_unload_app: App (7) is unloaded
01-01 08:00:41.887 0 0 I binder : 2257:2257 ioctl 40046210 7fc8a605c4 returned -22
03-14 03:51:08.496 782 2190 D CompatibilityChangeReporter: Compat change id reported: 168419799; UID 1000; state: DISABLED
03-14 03:51:08.496 782 2190 D CompatibilityInfo: mCompatibilityFlags - 4
03-14 03:51:08.496 782 2190 D CompatibilityInfo: applicationDensity - 240
03-14 03:51:08.496 782 2190 D CompatibilityInfo: applicationScale - 1.0
01-01 08:00:41.896 0 0 D qbt : qbt_release: entry minor_no=0 fd_available=0
01-01 08:00:41.896 0 0 D qbt : qbt_release: Releasing wakelock
03-14 03:51:08.497 782 872 I SystemServerTimingAsync: ssm.onUnlockingUser-0_com.android.server.usage.StorageStatsService$Lifecycle
03-14 03:51:08.497 782 872 I SystemServerTimingAsync: ssm.onUnlockingUser-0_com.android.server.UiModeManagerService
03-14 03:51:08.497 782 872 I SystemServerTimingAsync: ssm.onUnlockingUser-0_com.android.server.locksettings.LockSettingsService$Lifecycle
03-14 03:51:08.497 782 872 I SystemServerTimingAsync: ssm.onUnlockingUser-0_com.android.server.PersistentDataBlockService
03-14 03:51:08.497 782 872 I SystemServerTimingAsync: ssm.onUnlockingUser-0_com.android.server.testharness.TestHarnessModeService
03-14 03:51:08.497 782 872 I SystemServerTimingAsync: ssm.onUnlockingUser-0_com.android.server.oemlock.OemLockService
03-14 03:51:08.497 782 872 I SystemServerTimingAsync: ssm.onUnlockingUser-0_com.android.server.DeviceIdleController
03-14 03:51:08.497 782 872 I SystemServerTimingAsync: ssm.onUnlockingUser-0_com.android.server.devicepolicy.DevicePolicyManagerService$Lifecycle
03-14 03:51:08.497 782 872 I SystemServerTimingAsync: ssm.onUnlockingUser-0_com.android.server.texttospeech.TextToSpeechManagerService
03-14 03:51:08.498 782 872 I SystemServerTimingAsync: ssm.onUnlockingUser-0_com.android.server.speech.SpeechRecognitionManagerService
03-14 03:51:08.498 2362 2362 W ContextImpl: Calling a method in the system process without a qualified user: android.app.ContextImpl.startService:1816 android.content.ContextWrapper.startService:774 android.content.ContextWrapper.startService:774 vendor.qti.qesdk.sysservice.QesdkSysReceiver.onReceive:42 android.app.ActivityThread.handleReceiver:4309
03-14 03:51:08.498 782 872 I SystemServerTimingAsync: ssm.onUnlockingUser-0_com.android.server.searchui.SearchUiManagerService
03-14 03:51:08.498 782 872 I SystemServerTimingAsync: ssm.onUnlockingUser-0_com.android.server.smartspace.SmartspaceManagerService
03-14 03:51:08.498 782 872 I SystemServerTimingAsync: ssm.onUnlockingUser-0_com.android.server.graphics.fonts.FontManagerService$Lifecycle
01-01 08:00:41.896 0 0 D qbt : qbt_release: exit : fd_available=1
03-14 03:51:08.498 782 872 I SystemServerTimingAsync: ssm.onUnlockingUser-0_com.android.server.textservices.TextServicesManagerService$Lifecycle
03-14 03:51:08.499 782 2190 D CompatibilityInfo: mCompatibilityFlags - 4
01-01 08:00:41.896 0 0 D qbt : qbt_release: entry minor_no=1 fd_available=1
03-14 03:51:08.499 782 2190 D CompatibilityInfo: applicationDensity - 240
03-14 03:51:08.499 782 2190 D CompatibilityInfo: applicationScale - 1.0
01-01 08:00:41.896 0 0 D qbt : qbt_release: exit : fd_available=1
03-14 03:51:08.501 1656 2769 E QFP : Dropping unsupported QBT command
03-14 03:51:08.501 1656 2769 I QFP : openFramework:QFP TZ VERSION: 3.0.3.39
03-14 03:51:08.501 1656 2769 E QFP : releaseWakelock: qbt sensor handle is invalid
03-14 03:51:08.501 1656 2769 E QFP : qfp_init failed -1
03-14 03:51:08.501 1656 2769 I QFP : QfpThreadOptimize::invoke: entry.
03-14 03:51:08.501 1656 2769 I QFP : QfpThreadOptimize::invoke: QFP not initialized, exiting Optimize thread
03-14 03:51:08.501 1656 2769 I QFP : QfpThreadErieEvent::invoke: entry.
03-14 03:51:08.501 1656 2769 I QFP : QfpThreadErieEvent::invoke: QFP not initialized, exiting ErieEvent thread
03-14 03:51:08.501 1656 1656 I QFP : notifyPowerState: 2
03-14 03:51:08.501 1656 1656 I QFP : notifyPowerState: 2
03-14 03:51:08.501 1656 1656 I QFP : notifyPowerState: screen state 2
03-14 03:51:08.501 514 2944 W libc : Unable to set property "ctl.interface_start" to "vendor.qti.hardware.iop@2.0::IIop/default": error code: 0x20
03-14 03:51:08.501 1656 1656 E QFP : set active group call error -1
03-14 03:51:08.501 1656 2949 I QFP : QfpThreadOptimize::invoke: entry.
03-14 03:51:08.501 1656 2949 I QFP : QfpThreadOptimize::invoke: QFP not initialized, exiting Optimize thread
03-14 03:51:08.501 1656 2949 I QFP : QfpThreadErieEvent::invoke: entry.
03-14 03:51:08.501 1656 2949 I QFP : QfpThreadErieEvent::invoke: QFP not initialized, exiting ErieEvent thread
03-14 03:51:08.501 514 2944 I hwservicemanager: Tried to start vendor.qti.hardware.iop@2.0::IIop/default as a lazy service, but was unable to. Usually this happens when a service is not installed, but if the service is intended to be used as a lazy service, then it may be configured incorrectly.
03-14 03:51:08.501 782 782 W Looper : Slow dispatch took 295ms main h=android.os.Handler c=com.android.server.biometrics.sensors.fingerprint.hidl.Fingerprint21$$ExternalSyntheticLambda2@f8a4949 m=0
03-14 03:51:08.501 782 782 D BiometricScheduler/Fingerprint21: [Added] {[1] FingerprintUpdateActiveUserClient, proto=1, owner=android, cookie=0, requestId=-1, userId=0}, new queue size: 1
03-14 03:51:08.501 782 782 V BiometricScheduler/Fingerprint21: Not idle, current operation: {[0] FingerprintUpdateActiveUserClient, proto=1, owner=android, cookie=0, requestId=-1, userId=0}, State: 2
03-14 03:51:08.501 782 872 I SystemServerTimingAsync: ssm.onUnlockingUser-0_com.android.server.textclassifier.TextClassificationManagerService$Lifecycle
03-14 03:51:08.502 782 782 D BiometricScheduler/Fingerprint21: [Added] {[2] FingerprintInternalCleanupClient, proto=7, owner=android, cookie=0, requestId=-1, userId=0}, new queue size: 2
03-14 03:51:08.502 782 782 V BiometricScheduler/Fingerprint21: Not idle, current operation: {[0] FingerprintUpdateActiveUserClient, proto=1, owner=android, cookie=0, requestId=-1, userId=0}, State: 2
03-14 03:51:08.502 782 782 W Looper : Slow delivery took 295ms main h=android.os.Handler c=com.android.server.biometrics.sensors.fingerprint.hidl.Fingerprint21$$ExternalSyntheticLambda12@5dc0f6f m=0
03-14 03:51:08.502 782 872 I SystemServerTimingAsync: ssm.onUnlockingUser-0_com.android.server.NetworkScoreService$Lifecycle
03-14 03:51:08.502 782 872 I SystemServerTimingAsync: ssm.onUnlockingUser-0_com.android.server.wifi.WifiService
03-14 03:51:08.502 782 872 D WifiService: Handle user unlock 0
03-14 03:51:08.502 782 782 I sysui_multi_action: [757,1501,758,1,793,350,794,0,795,350,796,26,806,android,857,DEVELOPER_IMPORTANT,858,4,947,0,1500,0]
03-14 03:51:08.502 782 872 I SystemServerTimingAsync: ssm.onUnlockingUser-0_com.android.server.wifi.scanner.WifiScanningService
03-14 03:51:08.502 513 513 I servicemanager: Found vendor.qti.qesdsys.IQesdSys/default in framework VINTF manifest.
03-14 03:51:08.502 782 872 I SystemServerTimingAsync: ssm.onUnlockingUser-0_com.android.server.wifi.rtt.RttService
03-14 03:51:08.502 782 872 I SystemServerTimingAsync: ssm.onUnlockingUser-0_com.android.server.wifi.aware.WifiAwareService
03-14 03:51:08.502 782 872 I SystemServerTimingAsync: ssm.onUnlockingUser-0_com.android.server.wifi.p2p.WifiP2pService
03-14 03:51:08.502 782 872 I SystemServerTimingAsync: ssm.onUnlockingUser-0_com.android.server.ethernet.EthernetService
03-14 03:51:08.502 782 872 I SystemServerTimingAsync: ssm.onUnlockingUser-0_com.android.server.ConnectivityServiceInitializer
03-14 03:51:08.502 782 872 I SystemServerTimingAsync: ssm.onUnlockingUser-0_com.android.server.notification.NotificationManagerService
03-14 03:51:08.502 782 782 I sysui_multi_action: [757,804,799,note_interruptive,801,0,802,1]
03-14 03:51:08.502 782 872 I SystemServerTimingAsync: ssm.onUnlockingUser-0_com.android.server.storage.DeviceStorageMonitorService
03-14 03:51:08.502 782 872 I SystemServerTimingAsync: ssm.onUnlockingUser-0_com.android.server.location.LocationManagerService$Lifecycle
03-14 03:51:08.502 782 872 I SystemServerTimingAsync: ssm.onUnlockingUser-0_com.android.server.timedetector.TimeDetectorService$Lifecycle
03-14 03:51:08.502 782 872 I SystemServerTimingAsync: ssm.onUnlockingUser-0_com.android.server.timezonedetector.TimeZoneDetectorService$Lifecycle
03-14 03:51:08.502 782 872 I SystemServerTimingAsync: ssm.onUnlockingUser-0_com.android.server.timezonedetector.location.LocationTimeZoneManagerService$Lifecycle
03-14 03:51:08.503 782 872 I SystemServerTimingAsync: ssm.onUnlockingUser-0_com.android.server.search.SearchManagerService$Lifecycle
03-14 03:51:08.503 782 872 I SystemServerTimingAsync: ssm.onUnlockingUser-0_com.android.server.wallpaper.WallpaperManagerService$Lifecycle
03-14 03:51:08.503 782 872 I WallpaperManagerService: on-unlock-user-0
03-14 03:51:08.503 782 782 I GameModeConfig: isGameModeOn = false
03-14 03:51:08.503 782 872 I SystemServerTimingAsync: ssm.onUnlockingUser-0_com.android.server.audio.AudioService$Lifecycle
03-14 03:51:08.503 782 872 I SystemServerTimingAsync: ssm.onUnlockingUser-0_com.android.server.soundtrigger_middleware.SoundTriggerMiddlewareService$Lifecycle
03-14 03:51:08.503 782 872 I SystemServerTimingAsync: ssm.onUnlockingUser-0_com.android.server.DockObserver
03-14 03:51:08.503 782 872 I SystemServerTimingAsync: ssm.onUnlockingUser-0_com.android.server.midi.MidiService$Lifecycle
03-14 03:51:08.503 782 872 I SystemServerTimingAsync: ssm.onUnlockingUser-0_com.android.server.adb.AdbService$Lifecycle
03-14 03:51:08.503 782 872 I SystemServerTimingAsync: ssm.onUnlockingUser-0_com.android.server.usb.UsbService$Lifecycle
03-14 03:51:08.503 782 872 I SystemServerTimingAsync: ssm.onUnlockingUser-0_com.android.server.twilight.TwilightService
03-14 03:51:08.503 782 872 I SystemServerTimingAsync: ssm.onUnlockingUser-0_com.android.server.display.color.ColorDisplayService
03-14 03:51:08.504 782 872 I SystemServerTimingAsync: ssm.onUnlockingUser-0_com.android.server.job.JobSchedulerService
03-14 03:51:08.504 1554 1565 D LOWI-9.0.0.87.a: [LOWINetlinkSocketReceiver] unpackRTMLinkMessage: RTM_NEWLINK - ifname vlan0, flags 0x1003 ([UP])
03-14 03:51:08.504 782 872 I SystemServerTimingAsync: ssm.onUnlockingUser-0_com.android.server.soundtrigger.SoundTriggerService
03-14 03:51:08.504 782 872 I SystemServerTimingAsync: ssm.onUnlockingUser-0_com.android.server.trust.TrustManagerService
03-14 03:51:08.504 782 872 I SystemServerTimingAsync: ssm.onUnlockingUser-0_com.android.server.backup.BackupManagerService$Lifecycle
03-14 03:51:08.504 782 872 I SystemServerTimingAsync: ssm.onUnlockingUser-0_com.android.server.appwidget.AppWidgetService
03-14 03:51:08.504 782 872 I SystemServerTimingAsync: ssm.onUnlockingUser-0_com.android.server.voiceinteraction.VoiceInteractionManagerService
03-14 03:51:08.504 782 872 W VoiceInteractionManager: no available voice recognition services found for user 0
03-14 03:51:08.504 782 872 I SystemServerTimingAsync: ssm.onUnlockingUser-0_com.android.server.apphibernation.AppHibernationService
03-14 03:51:08.504 782 1868 I BackupManagerService: Starting service for user: 0
03-14 03:51:08.504 782 872 I SystemServerTimingAsync: ssm.onUnlockingUser-0_com.android.server.SensorNotificationService
03-14 03:51:08.504 782 872 I SystemServerTimingAsync: ssm.onUnlockingUser-0_com.android.server.emergency.EmergencyAffordanceService
03-14 03:51:08.504 782 1868 V BackupManagerService: [UserID:0] Starting with transport com.android.localtransport/.LocalTransport
03-14 03:51:08.504 782 2756 I HibernationStateDiskStore: No hibernation file on disk for file /data/system_ce/0/hibernation/states
03-14 03:51:08.505 782 1868 D BackupManagerService: [UserID:0] Started thread backup-0
03-14 03:51:08.506 782 782 W NotificationHistory: Attempted to add notif for locked/gone/disabled user 0
03-14 03:51:08.506 782 822 I EthernetTracker: interfaceLinkStateChanged, iface: vlan0, up: false
03-14 03:51:08.506 782 782 I sysui_multi_action: [757,1501,758,1,793,321,794,0,795,321,796,55,806,android,857,DEVELOPER,858,2,947,0,1500,0]
03-14 03:51:08.506 782 782 I sysui_multi_action: [757,804,799,note_interruptive,801,0,802,1]
03-14 03:51:08.506 782 782 I GameModeConfig: isGameModeOn = false
03-14 03:51:08.506 782 782 W NotificationHistory: Attempted to add notif for locked/gone/disabled user 0
03-14 03:51:08.509 1554 1565 D LOWI-9.0.0.87.a: [LOWINetlinkSocketReceiver] unpackRTMLinkMessage: RTM_NEWLINK - ifname vlan0, flags 0x1003 ([UP])
03-14 03:51:08.510 782 822 I EthernetTracker: interfaceLinkStateChanged, iface: vlan0, up: false
03-14 03:51:08.511 782 872 I SystemServerTimingAsync: ssm.onUnlockingUser-0_com.android.server.blob.BlobStoreManagerService
03-14 03:51:08.511 782 872 I SystemServerTimingAsync: ssm.onUnlockingUser-0_com.android.server.dreams.DreamManagerService
03-14 03:51:08.511 782 872 I SystemServerTimingAsync: ssm.onUnlockingUser-0_com.android.server.companion.CompanionDeviceManagerService
03-14 03:51:08.513 782 872 I CompanionDeviceManagerService: Read associations from disk: {0=[]}
03-14 03:51:08.513 782 872 I SystemServerTimingAsync: ssm.onUnlockingUser-0_com.android.server.restrictions.RestrictionsManagerService
03-14 03:51:08.513 782 872 I SystemServerTimingAsync: ssm.onUnlockingUser-0_com.android.server.media.MediaSessionService
03-14 03:51:08.513 782 872 I SystemServerTimingAsync: ssm.onUnlockingUser-0_com.android.server.media.MediaResourceMonitorService
03-14 03:51:08.513 782 872 I SystemServerTimingAsync: ssm.onUnlockingUser-0_com.android.server.biometrics.sensors.fingerprint.FingerprintService
03-14 03:51:08.513 782 872 I SystemServerTimingAsync: ssm.onUnlockingUser-0_com.android.server.biometrics.BiometricService
03-14 03:51:08.513 782 872 I SystemServerTimingAsync: ssm.onUnlockingUser-0_com.android.server.biometrics.AuthService
03-14 03:51:08.513 782 872 I SystemServerTimingAsync: ssm.onUnlockingUser-0_com.android.server.pm.ShortcutService$Lifecycle
03-14 03:51:08.513 782 872 I SystemServerTimingAsync: ssm.onUnlockingUser-0_com.android.server.pm.LauncherAppsService
03-14 03:51:08.513 782 872 I SystemServerTimingAsync: ssm.onUnlockingUser-0_com.android.server.pm.CrossProfileAppsService
03-14 03:51:08.513 782 872 I SystemServerTimingAsync: ssm.onUnlockingUser-0_com.android.server.people.PeopleService
03-14 03:51:08.513 782 872 I SystemServerTimingAsync: ssm.onUnlockingUser-0_com.android.server.media.metrics.MediaMetricsManagerService
03-14 03:51:08.513 782 872 I SystemServerTimingAsync: ssm.onUnlockingUser-0_com.android.server.media.projection.MediaProjectionManagerService
03-14 03:51:08.513 782 872 I SystemServerTimingAsync: ssm.onUnlockingUser-0_com.android.server.slice.SliceManagerService$Lifecycle
03-14 03:51:08.513 782 872 I SystemServerTimingAsync: ssm.onUnlockingUser-0_com.android.server.stats.StatsCompanion$Lifecycle
03-14 03:51:08.513 782 872 I SystemServerTimingAsync: ssm.onUnlockingUser-0_com.android.server.scheduling.RebootReadinessManagerService$Lifecycle
03-14 03:51:08.513 782 872 I SystemServerTimingAsync: ssm.onUnlockingUser-0_com.android.server.stats.pull.StatsPullAtomService
03-14 03:51:08.513 782 872 I SystemServerTimingAsync: ssm.onUnlockingUser-0_com.android.server.incident.IncidentCompanionService
03-14 03:51:08.513 782 872 I SystemServerTimingAsync: ssm.onUnlockingUser-0_com.android.server.MmsServiceBroker
03-14 03:51:08.513 782 872 I SystemServerTimingAsync: ssm.onUnlockingUser-0_com.android.server.autofill.AutofillManagerService
03-14 03:51:08.513 782 823 D AutofillUI: destroySaveUiUiThread(): already destroyed
03-14 03:51:08.513 782 872 D AutofillManagerServiceImpl: Reset component for user 0:
03-14 03:51:08.515 1554 1565 D LOWI-9.0.0.87.a: [LOWINetlinkSocketReceiver] unpackRTMLinkMessage: RTM_NEWLINK - ifname vlan0, flags 0x1003 ([UP])
03-14 03:51:08.515 782 822 I EthernetTracker: interfaceLinkStateChanged, iface: vlan0, up: false
03-14 03:51:08.516 782 872 D FieldClassificationStrategy: reset(): service is not bound. Do nothing.
03-14 03:51:08.516 782 872 I SystemServerTimingAsync: ssm.onUnlockingUser-0_com.android.server.clipboard.ClipboardService
03-14 03:51:08.516 782 872 I SystemServerTimingAsync: ssm.onUnlockingUser-0_com.android.server.appbinding.AppBindingService$Lifecycle
03-14 03:51:08.516 782 872 W AppBindingService: [Default SMS app] u0 Target package not found
03-14 03:51:08.516 782 872 I SystemServerTimingAsync: ssm.onUnlockingUser-0_com.android.server.tracing.TracingServiceProxy
03-14 03:51:08.516 782 872 I SystemServerTimingAsync: ssm.onUnlockingUser-0_com.android.server.policy.PermissionPolicyService
03-14 03:51:08.516 782 872 I SystemServerTimingAsync: ssm.onUnlockingUser-0_com.android.server.pm.StagingManager$Lifecycle
03-14 03:51:08.516 782 872 I SystemServerTimingAsync: ssm.onUnlockingUser-0_com.android.server.app.GameManagerService$Lifecycle
03-14 03:51:08.516 782 872 I SystemServerTimingAsync: ssm.onUnlockingUser-0_com.android.server.appsearch.AppSearchManagerService
03-14 03:51:08.516 782 872 I SystemServerTimingAsync: ssm.onUnlockingUser-0_com.android.server.media.MediaCommunicationService
03-14 03:51:08.516 782 872 W ActivityManager: UserLifecycleEvent 5 received without an active userJourneySession.
03-14 03:51:08.516 782 872 W ActivityManager: UserLifecycleEvent 6 received without an active userJourneySession.
03-14 03:51:08.516 782 872 I uc_finish_user_unlocked: 0
03-14 03:51:08.516 782 872 I ActivityManager: User 0 state changed from RUNNING_UNLOCKING to RUNNING_UNLOCKED
03-14 03:51:08.516 782 872 I am_user_state_changed: [0,3]
03-14 03:51:08.517 782 822 I ActivityTaskManager: Loading recents for user 0 into memory.
03-14 03:51:08.517 782 872 D SystemServerTiming: SystemUserUnlock took to complete: 335ms
03-14 03:51:08.519 782 1868 I SELinux : SELinux: Loaded file_contexts
03-14 03:51:08.521 782 1868 E BackupPasswordManager: Unable to read backup pw version
03-14 03:51:08.521 782 822 I wm_task_created: [74,-1]
03-14 03:51:08.521 782 1868 E BackupPasswordManager: Unable to read saved backup pw hash
03-14 03:51:08.522 782 822 I wm_task_created: [96,-1]
03-14 03:51:08.523 782 822 I wm_task_created: [98,-1]
03-14 03:51:08.524 782 2959 I AppSearchUserInstanceMa: Creating new AppSearch instance at: /data/system_ce/0/appsearch/icing
03-14 03:51:08.525 782 822 I wm_task_created: [85,-1]
03-14 03:51:08.526 782 822 I wm_task_created: [101,-1]
03-14 03:51:08.526 782 822 V PackageConfigPersister: loadPackages: empty list files from /data/system_ce/0/package_configs
03-14 03:51:08.527 782 872 I am_uid_running: 10082
03-14 03:51:08.527 782 872 D CompatibilityChangeReporter: Compat change id reported: 135634846; UID 10082; state: DISABLED
03-14 03:51:08.527 782 872 I am_uid_running: 10058
03-14 03:51:08.527 782 873 D CompatibilityChangeReporter: Compat change id reported: 143937733; UID 10082; state: ENABLED
03-14 03:51:08.528 782 872 D CompatibilityChangeReporter: Compat change id reported: 135634846; UID 10058; state: DISABLED
03-14 03:51:08.528 782 872 D CompatibilityChangeReporter: Compat change id reported: 177438394; UID 10058; state: DISABLED
03-14 03:51:08.528 782 872 D CompatibilityChangeReporter: Compat change id reported: 135772972; UID 10058; state: DISABLED
03-14 03:51:08.528 782 872 D CompatibilityChangeReporter: Compat change id reported: 135754954; UID 10058; state: ENABLED
03-14 03:51:08.529 782 872 D CompatibilityChangeReporter: Compat change id reported: 135634846; UID 1000; state: DISABLED
03-14 03:51:08.529 782 872 D CompatibilityChangeReporter: Compat change id reported: 177438394; UID 1000; state: DISABLED
03-14 03:51:08.529 782 872 D CompatibilityChangeReporter: Compat change id reported: 135772972; UID 1000; state: DISABLED
03-14 03:51:08.529 782 872 D CompatibilityChangeReporter: Compat change id reported: 135754954; UID 1000; state: ENABLED
03-14 03:51:08.529 565 565 I vold : Mounting emulated fuse volume
03-14 03:51:08.529 782 872 I am_uid_running: 10054
03-14 03:51:08.529 782 872 D CompatibilityChangeReporter: Compat change id reported: 135634846; UID 10054; state: DISABLED
03-14 03:51:08.529 782 872 D CompatibilityChangeReporter: Compat change id reported: 177438394; UID 10054; state: DISABLED
03-14 03:51:08.529 782 872 D CompatibilityChangeReporter: Compat change id reported: 135772972; UID 10054; state: DISABLED
03-14 03:51:08.529 782 872 D CompatibilityChangeReporter: Compat change id reported: 135754954; UID 10054; state: ENABLED
03-14 03:51:08.529 782 872 I am_uid_running: 10069
03-14 03:51:08.529 782 872 D CompatibilityChangeReporter: Compat change id reported: 135634846; UID 10069; state: DISABLED
03-14 03:51:08.529 782 872 D CompatibilityChangeReporter: Compat change id reported: 177438394; UID 10069; state: DISABLED
03-14 03:51:08.529 782 872 D CompatibilityChangeReporter: Compat change id reported: 135772972; UID 10069; state: DISABLED
03-14 03:51:08.529 782 872 D CompatibilityChangeReporter: Compat change id reported: 135754954; UID 10069; state: DISABLED
03-14 03:51:08.530 782 872 I am_uid_running: 10083
03-14 03:51:08.530 782 872 D CompatibilityChangeReporter: Compat change id reported: 135634846; UID 10083; state: DISABLED
03-14 03:51:08.530 782 872 D CompatibilityChangeReporter: Compat change id reported: 177438394; UID 10083; state: DISABLED
03-14 03:51:08.531 782 872 D CompatibilityChangeReporter: Compat change id reported: 135772972; UID 10083; state: DISABLED
03-14 03:51:08.531 782 2959 W UnsafeUtil: platform method missing - proto runtime falling back to safer methods: java.lang.NoSuchMethodException: sun.misc.Unsafe.copyMemory [class java.lang.Object, long, class java.lang.Object, long, long]
03-14 03:51:08.531 782 872 D CompatibilityChangeReporter: Compat change id reported: 135754954; UID 10083; state: ENABLED
03-14 03:51:08.531 1554 1565 D LOWI-9.0.0.87.a: [LOWINetlinkSocketReceiver] unpackRTMLinkMessage: RTM_NEWLINK - ifname vlan0, flags 0x1003 ([UP])
03-14 03:51:08.531 782 872 I am_uid_running: 10079
03-14 03:51:08.531 782 872 D CompatibilityChangeReporter: Compat change id reported: 135634846; UID 10079; state: DISABLED
03-14 03:51:08.531 782 872 D CompatibilityChangeReporter: Compat change id reported: 177438394; UID 10079; state: DISABLED
03-14 03:51:08.531 782 872 D CompatibilityChangeReporter: Compat change id reported: 135772972; UID 10079; state: DISABLED
03-14 03:51:08.531 782 872 D CompatibilityChangeReporter: Compat change id reported: 135754954; UID 10079; state: ENABLED
03-14 03:51:08.532 701 701 D Zygote : Forked child process 2965
03-14 03:51:08.532 782 873 I am_proc_start: [0,2965,10082,com.hht.lebocast,added application,com.hht.lebocast]
03-14 03:51:08.532 782 873 I ActivityManager: Start proc 2965:com.hht.lebocast/u0a82 for added application com.hht.lebocast
03-14 03:51:08.532 782 822 I EthernetTracker: interfaceLinkStateChanged, iface: vlan0, up: false
03-14 03:51:08.532 782 872 V ContentProviderHelper: Installing ContentProviderInfo{name=com.android.launcher3 className=com.android.quickstep.LauncherSearchIndexablesProvider}
03-14 03:51:08.533 782 872 V ContentProviderHelper: Installing ContentProviderInfo{name=com.android.launcher3.overview.fileprovider className=androidx.core.content.FileProvider}
03-14 03:51:08.533 782 872 V ContentProviderHelper: Installing ContentProviderInfo{name=com.android.launcher3.settings className=com.android.launcher3.LauncherProvider}
03-14 03:51:08.533 782 872 V ContentProviderHelper: Installing ContentProviderInfo{name=com.android.launcher3.grid_control className=com.android.launcher3.graphics.GridCustomizationsProvider}
03-14 03:51:08.533 782 872 I uc_send_user_broadcast: [0,android.intent.action.USER_UNLOCKED]
03-14 03:51:08.534 782 873 D CompatibilityChangeReporter: Compat change id reported: 143937733; UID 10058; state: ENABLED
03-14 03:51:08.534 782 872 I uc_finish_user_unlocked_completed: 0
03-14 03:51:08.535 782 782 D BiometricScheduler/Fingerprint21: [Finishing] {[0] FingerprintUpdateActiveUserClient, proto=1, owner=android, cookie=0, requestId=-1, userId=0}, success: true
03-14 03:51:08.535 565 565 I vold : Bind mounting /mnt/runtime/full/emulated to /mnt/pass_through/0/emulated
03-14 03:51:08.535 782 782 D BiometricScheduler/Fingerprint21: [Polled] {[1] FingerprintUpdateActiveUserClient, proto=1, owner=android, cookie=0, requestId=-1, userId=0}, State: 0
03-14 03:51:08.535 782 782 D BiometricScheduler/Fingerprint21: [Starting] {[1] FingerprintUpdateActiveUserClient, proto=1, owner=android, cookie=0, requestId=-1, userId=0}, State: 0
03-14 03:51:08.535 782 782 D BiometricScheduler/Fingerprint21: [Started] {[1] FingerprintUpdateActiveUserClient, proto=1, owner=android, cookie=0, requestId=-1, userId=0}
03-14 03:51:08.535 782 872 I ActivityManager: Posting BOOT_COMPLETED user #0
03-14 03:51:08.535 1656 1656 I QFP : notifyPowerState: 2
03-14 03:51:08.535 1656 1656 I QFP : notifyPowerState: 2
03-14 03:51:08.535 1656 1656 I QFP : notifyPowerState: 2
03-14 03:51:08.535 1656 1656 I QFP : notifyPowerState: screen state 2
03-14 03:51:08.535 782 1628 I StorageSessionController: On volume mount VolumeInfo{emulated;0}:
03-14 03:51:08.535 782 1628 I StorageSessionController: type=EMULATED diskId=null partGuid= mountFlags=PRIMARY|VISIBLE
03-14 03:51:08.535 782 1628 I StorageSessionController: mountUserId=0 state=CHECKING
03-14 03:51:08.535 782 1628 I StorageSessionController: fsType=null fsUuid=null fsLabel=null
03-14 03:51:08.535 782 1628 I StorageSessionController: path=/storage/emulated internalPath=/data/media
03-14 03:51:08.536 1656 2967 I QFP : Initializing QFP framework, container 0 handle 0
03-14 03:51:08.536 1656 2967 I QFP : getPersistPropVal: persist.vendor.qfp.qbt_fd_name = /dev/qbt_fd (default /dev/qbt_fd)
03-14 03:51:08.536 1656 2967 I QFP : getPersistPropVal: persist.vendor.qfp.qbt_ipc_name = /dev/qbt_ipc (default /dev/qbt_ipc)
03-14 03:51:08.536 1656 2967 E QFP : Dropping unsupported QBT command
03-14 03:51:08.536 782 1628 I StorageSessionController: Creating connection for user: 0
03-14 03:51:08.536 1656 2967 D QSEECOMAPI: QSEECom_get_handle sb_length = 0x40000
03-14 03:51:08.536 782 1628 I StorageSessionController: Creating and starting session with id: emulated;0
03-14 03:51:08.536 782 872 W BroadcastQueue: Background execution not allowed: receiving Intent { act=android.intent.action.INPUT_METHOD_CHANGED flg=0x20000010 (has extras) } to com.baidu.input/.switchguide.InputMethodChangedReceiver
03-14 03:51:08.537 1656 2967 D QSEECOMAPI: App is not loaded in QSEE
03-14 03:51:08.537 1656 2967 D QSEECOMAPI: app_arch = 2, total_files = 9
01-01 08:00:41.931 0 0 D qbt : qbt_open: entry minor_no=0 fd_available=1
01-01 08:00:41.931 0 0 D qbt : qbt_open: exit : 0 fd_available=0
01-01 08:00:41.931 0 0 D qbt : qbt_open: entry minor_no=1 fd_available=0
01-01 08:00:41.931 0 0 D qbt : qbt_open: exit : 0 fd_available=0
01-01 08:00:41.931 0 0 D qbt : qbt_ioctl: cmd received 107
01-01 08:00:41.931 0 0 D qbt : qbt_ioctl: Acquiring wakelock
03-14 03:51:08.537 1656 2967 E ion : ioctl c0044901 failed with code -1: Inappropriate ioctl for device
03-14 03:51:08.537 782 1628 I StorageUserConnection: Binding to the ExternalStorageService for user 0
03-14 03:51:08.537 2001 2001 D BluetoothOppFileProvider: Initialized
03-14 03:51:08.537 782 872 I ssm_user_unlocked: 0
03-14 03:51:08.537 782 872 I SystemServerTimingAsync: ssm.UnlockedUser-0
03-14 03:51:08.537 782 872 I SystemServiceManager: Calling onUnlockedUser 0
03-14 03:51:08.537 782 872 I SystemServerTimingAsync: ssm.onUnlockedUser-0_com.android.server.security.FileIntegrityService
03-14 03:51:08.537 782 872 I SystemServerTimingAsync: ssm.onUnlockedUser-0_com.android.server.pm.Installer
03-14 03:51:08.537 782 872 I SystemServerTimingAsync: ssm.onUnlockedUser-0_com.android.server.os.DeviceIdentifiersPolicyService
03-14 03:51:08.538 782 872 I SystemServerTimingAsync: ssm.onUnlockedUser-0_com.android.server.uri.UriGrantsManagerService$Lifecycle
03-14 03:51:08.538 782 872 I SystemServerTimingAsync: ssm.onUnlockedUser-0_com.android.server.powerstats.PowerStatsService
03-14 03:51:08.538 782 872 I SystemServerTimingAsync: ssm.onUnlockedUser-0_com.android.server.wm.ActivityTaskManagerService$Lifecycle
03-14 03:51:08.538 782 822 I AppWidgetServiceImpl: Processing of handleUserUnlocked u0 took 2 ms
03-14 03:51:08.538 782 822 I uc_send_user_broadcast: [0,android.intent.action.BOOT_COMPLETED]
03-14 03:51:08.538 2501 2501 D FallbackHome: User unlocked and real home found; let's go!
03-14 03:51:08.539 782 2190 W StorageManagerService: Reporting emulated;0 unmounted due to system locked
03-14 03:51:08.539 782 872 I LaunchParamsPersister: Didn't find launch param folder for user 0
03-14 03:51:08.539 782 872 I SystemServerTimingAsync: ssm.onUnlockedUser-0_com.android.server.am.ActivityManagerService$Lifecycle
03-14 03:51:08.539 782 872 I SystemServerTimingAsync: ssm.onUnlockedUser-0_com.android.server.pm.DataLoaderManagerService
03-14 03:51:08.539 782 872 I SystemServerTimingAsync: ssm.onUnlockedUser-0_com.android.server.power.PowerManagerService
03-14 03:51:08.539 782 872 I SystemServerTimingAsync: ssm.onUnlockedUser-0_com.android.server.power.ThermalManagerService
03-14 03:51:08.539 782 872 I SystemServerTimingAsync: ssm.onUnlockedUser-0_com.android.server.power.hint.HintManagerService
03-14 03:51:08.539 782 872 I SystemServerTimingAsync: ssm.onUnlockedUser-0_com.android.server.recoverysystem.RecoverySystemService$Lifecycle
03-14 03:51:08.539 782 872 I SystemServerTimingAsync: ssm.onUnlockedUser-0_com.android.server.lights.LightsService
03-14 03:51:08.539 782 872 I SystemServerTimingAsync: ssm.onUnlockedUser-0_com.android.server.display.DisplayManagerService
03-14 03:51:08.539 782 872 I SystemServerTimingAsync: ssm.onUnlockedUser-0_com.android.server.pm.verify.domain.DomainVerificationService
03-14 03:51:08.539 782 872 I SystemServerTimingAsync: ssm.onUnlockedUser-0_com.android.server.pm.PackageInstallerService$Lifecycle
03-14 03:51:08.539 782 872 I SystemServerTimingAsync: ssm.onUnlockedUser-0_com.android.server.pm.UserManagerService$LifeCycle
03-14 03:51:08.539 782 872 I SystemServerTimingAsync: ssm.onUnlockedUser-0_com.android.server.om.OverlayManagerService
03-14 03:51:08.539 782 872 I SystemServerTimingAsync: ssm.onUnlockedUser-0_com.android.server.SensorPrivacyService
03-14 03:51:08.539 782 872 I SystemServerTimingAsync: ssm.onUnlockedUser-0_com.android.server.thunderperf.ThunderBoostPerfService
03-14 03:51:08.539 782 872 I SystemServerTimingAsync: ssm.onUnlockedUser-0_com.android.server.sensors.SensorService
03-14 03:51:08.539 782 872 I SystemServerTimingAsync: ssm.onUnlockedUser-0_com.android.server.SystemConfigService
03-14 03:51:08.539 782 872 I SystemServerTimingAsync: ssm.onUnlockedUser-0_com.android.server.BatteryService
03-14 03:51:08.539 782 872 I SystemServerTimingAsync: ssm.onUnlockedUser-0_com.android.server.usage.UsageStatsService
03-14 03:51:08.539 782 872 I SystemServerTimingAsync: ssm.onUnlockedUser-0_com.android.server.webkit.WebViewUpdateService
03-14 03:51:08.539 782 872 I SystemServerTimingAsync: ssm.onUnlockedUser-0_com.android.server.CachedDeviceStateService
03-14 03:51:08.539 782 872 I SystemServerTimingAsync: ssm.onUnlockedUser-0_com.android.server.BinderCallsStatsService$LifeCycle
03-14 03:51:08.539 782 872 I SystemServerTimingAsync: ssm.onUnlockedUser-0_com.android.server.LooperStatsService$Lifecycle
03-14 03:51:08.539 782 872 I SystemServerTimingAsync: ssm.onUnlockedUser-0_com.android.server.rollback.RollbackManagerService
03-14 03:51:08.539 782 872 I SystemServerTimingAsync: ssm.onUnlockedUser-0_com.android.server.os.NativeTombstoneManagerService
03-14 03:51:08.539 782 872 I SystemServerTimingAsync: ssm.onUnlockedUser-0_com.android.server.os.BugreportManagerService
03-14 03:51:08.539 782 872 I SystemServerTimingAsync: ssm.onUnlockedUser-0_com.android.server.gpu.GpuService
03-14 03:51:08.539 782 872 I SystemServerTimingAsync: ssm.onUnlockedUser-0_com.android.server.security.KeyChainSystemService
03-14 03:51:08.539 782 872 I SystemServerTimingAsync: ssm.onUnlockedUser-0_com.android.server.telecom.TelecomLoaderService
03-14 03:51:08.539 782 872 I SystemServerTimingAsync: ssm.onUnlockedUser-0_com.android.server.accounts.AccountManagerService$Lifecycle
03-14 03:51:08.539 782 872 I SystemServerTimingAsync: ssm.onUnlockedUser-0_com.android.server.content.ContentService$Lifecycle
03-14 03:51:08.539 782 872 I SystemServerTimingAsync: ssm.onUnlockedUser-0_com.android.server.DropBoxManagerService
03-14 03:51:08.539 782 872 I SystemServerTimingAsync: ssm.onUnlockedUser-0_com.android.role.RoleService
03-14 03:51:08.539 782 872 I SystemServerTimingAsync: ssm.onUnlockedUser-0_com.android.server.vibrator.VibratorManagerService$Lifecycle
03-14 03:51:08.539 782 872 I SystemServerTimingAsync: ssm.onUnlockedUser-0_com.android.server.alarm.AlarmManagerService
03-14 03:51:08.539 782 872 I SystemServerTimingAsync: ssm.onUnlockedUser-0_com.android.server.devicestate.DeviceStateManagerService
03-14 03:51:08.539 782 872 I SystemServerTimingAsync: ssm.onUnlockedUser-0_com.android.server.camera.CameraServiceProxy
03-14 03:51:08.539 782 872 I SystemServerTimingAsync: ssm.onUnlockedUser-0_com.android.server.BluetoothService
03-14 03:51:08.539 782 872 I SystemServerTimingAsync: ssm.onUnlockedUser-0_com.android.server.connectivity.IpConnectivityMetrics
03-14 03:51:08.539 782 872 I SystemServerTimingAsync: ssm.onUnlockedUser-0_com.android.server.net.watchlist.NetworkWatchlistService$Lifecycle
03-14 03:51:08.539 782 872 I SystemServerTimingAsync: ssm.onUnlockedUser-0_com.android.server.PinnerService
03-14 03:51:08.539 782 872 I SystemServerTimingAsync: ssm.onUnlockedUser-0_com.google.android.startop.iorap.IorapForwardingService
03-14 03:51:08.539 782 872 I SystemServerTimingAsync: ssm.onUnlockedUser-0_com.android.server.ActivityTriggerService
03-14 03:51:08.539 782 872 I SystemServerTimingAsync: ssm.onUnlockedUser-0_com.android.server.integrity.AppIntegrityManagerService
03-14 03:51:08.539 782 872 I SystemServerTimingAsync: ssm.onUnlockedUser-0_com.android.server.inputmethod.InputMethodManagerService$Lifecycle
03-14 03:51:08.539 782 872 I SystemServerTimingAsync: ssm.onUnlockedUser-0_com.android.server.accessibility.AccessibilityManagerService$Lifecycle
03-14 03:51:08.539 782 872 I SystemServerTimingAsync: ssm.onUnlockedUser-0_com.android.server.StorageManagerService$Lifecycle
03-14 03:51:08.539 782 872 I SystemServerTimingAsync: ssm.onUnlockedUser-0_com.android.server.usage.StorageStatsService$Lifecycle
03-14 03:51:08.539 782 872 I SystemServerTimingAsync: ssm.onUnlockedUser-0_com.android.server.UiModeManagerService
03-14 03:51:08.539 782 872 I SystemServerTimingAsync: ssm.onUnlockedUser-0_com.android.server.locksettings.LockSettingsService$Lifecycle
03-14 03:51:08.539 782 872 I SystemServerTimingAsync: ssm.onUnlockedUser-0_com.android.server.PersistentDataBlockService
03-14 03:51:08.539 782 872 I SystemServerTimingAsync: ssm.onUnlockedUser-0_com.android.server.testharness.TestHarnessModeService
03-14 03:51:08.539 782 872 I SystemServerTimingAsync: ssm.onUnlockedUser-0_com.android.server.oemlock.OemLockService
03-14 03:51:08.539 782 872 I SystemServerTimingAsync: ssm.onUnlockedUser-0_com.android.server.DeviceIdleController
03-14 03:51:08.539 782 872 I SystemServerTimingAsync: ssm.onUnlockedUser-0_com.android.server.devicepolicy.DevicePolicyManagerService$Lifecycle
03-14 03:51:08.539 782 872 I SystemServerTimingAsync: ssm.onUnlockedUser-0_com.android.server.texttospeech.TextToSpeechManagerService
03-14 03:51:08.539 782 872 I SystemServerTimingAsync: ssm.onUnlockedUser-0_com.android.server.speech.SpeechRecognitionManagerService
03-14 03:51:08.539 782 872 I SystemServerTimingAsync: ssm.onUnlockedUser-0_com.android.server.searchui.SearchUiManagerService
03-14 03:51:08.540 782 872 I SystemServerTimingAsync: ssm.onUnlockedUser-0_com.android.server.smartspace.SmartspaceManagerService
03-14 03:51:08.540 782 872 I SystemServerTimingAsync: ssm.onUnlockedUser-0_com.android.server.graphics.fonts.FontManagerService$Lifecycle
03-14 03:51:08.540 782 872 I SystemServerTimingAsync: ssm.onUnlockedUser-0_com.android.server.textservices.TextServicesManagerService$Lifecycle
03-14 03:51:08.540 782 872 I SystemServerTimingAsync: ssm.onUnlockedUser-0_com.android.server.textclassifier.TextClassificationManagerService$Lifecycle
03-14 03:51:08.540 782 872 I SystemServerTimingAsync: ssm.onUnlockedUser-0_com.android.server.NetworkScoreService$Lifecycle
03-14 03:51:08.540 782 872 I SystemServerTimingAsync: ssm.onUnlockedUser-0_com.android.server.wifi.WifiService
03-14 03:51:08.540 782 872 I SystemServerTimingAsync: ssm.onUnlockedUser-0_com.android.server.wifi.scanner.WifiScanningService
03-14 03:51:08.540 782 872 I SystemServerTimingAsync: ssm.onUnlockedUser-0_com.android.server.wifi.rtt.RttService
03-14 03:51:08.540 782 872 I SystemServerTimingAsync: ssm.onUnlockedUser-0_com.android.server.wifi.aware.WifiAwareService
03-14 03:51:08.540 782 872 I SystemServerTimingAsync: ssm.onUnlockedUser-0_com.android.server.wifi.p2p.WifiP2pService
03-14 03:51:08.540 782 872 I SystemServerTimingAsync: ssm.onUnlockedUser-0_com.android.server.ethernet.EthernetService
03-14 03:51:08.540 782 872 I SystemServerTimingAsync: ssm.onUnlockedUser-0_com.android.server.ConnectivityServiceInitializer
03-14 03:51:08.540 782 872 I SystemServerTimingAsync: ssm.onUnlockedUser-0_com.android.server.notification.NotificationManagerService
03-14 03:51:08.540 782 872 I SystemServerTimingAsync: ssm.onUnlockedUser-0_com.android.server.storage.DeviceStorageMonitorService
03-14 03:51:08.540 782 872 I SystemServerTimingAsync: ssm.onUnlockedUser-0_com.android.server.location.LocationManagerService$Lifecycle
03-14 03:51:08.540 782 872 I SystemServerTimingAsync: ssm.onUnlockedUser-0_com.android.server.timedetector.TimeDetectorService$Lifecycle
03-14 03:51:08.540 782 872 I SystemServerTimingAsync: ssm.onUnlockedUser-0_com.android.server.timezonedetector.TimeZoneDetectorService$Lifecycle
03-14 03:51:08.540 782 872 I SystemServerTimingAsync: ssm.onUnlockedUser-0_com.android.server.timezonedetector.location.LocationTimeZoneManagerService$Lifecycle
03-14 03:51:08.540 782 872 I SystemServerTimingAsync: ssm.onUnlockedUser-0_com.android.server.search.SearchManagerService$Lifecycle
03-14 03:51:08.540 782 872 I SystemServerTimingAsync: ssm.onUnlockedUser-0_com.android.server.wallpaper.WallpaperManagerService$Lifecycle
03-14 03:51:08.540 782 872 I SystemServerTimingAsync: ssm.onUnlockedUser-0_com.android.server.audio.AudioService$Lifecycle
03-14 03:51:08.540 782 872 I SystemServerTimingAsync: ssm.onUnlockedUser-0_com.android.server.soundtrigger_middleware.SoundTriggerMiddlewareService$Lifecycle
03-14 03:51:08.540 782 872 I SystemServerTimingAsync: ssm.onUnlockedUser-0_com.android.server.DockObserver
03-14 03:51:08.540 782 872 I SystemServerTimingAsync: ssm.onUnlockedUser-0_com.android.server.midi.MidiService$Lifecycle
03-14 03:51:08.540 782 872 I SystemServerTimingAsync: ssm.onUnlockedUser-0_com.android.server.adb.AdbService$Lifecycle
03-14 03:51:08.540 782 872 I SystemServerTimingAsync: ssm.onUnlockedUser-0_com.android.server.usb.UsbService$Lifecycle
03-14 03:51:08.540 782 872 I SystemServerTimingAsync: ssm.onUnlockedUser-0_com.android.server.twilight.TwilightService
03-14 03:51:08.540 782 872 I SystemServerTimingAsync: ssm.onUnlockedUser-0_com.android.server.display.color.ColorDisplayService
03-14 03:51:08.540 782 872 I SystemServerTimingAsync: ssm.onUnlockedUser-0_com.android.server.job.JobSchedulerService
03-14 03:51:08.540 782 872 I SystemServerTimingAsync: ssm.onUnlockedUser-0_com.android.server.soundtrigger.SoundTriggerService
03-14 03:51:08.540 782 872 I SystemServerTimingAsync: ssm.onUnlockedUser-0_com.android.server.trust.TrustManagerService
03-14 03:51:08.540 782 872 I SystemServerTimingAsync: ssm.onUnlockedUser-0_com.android.server.backup.BackupManagerService$Lifecycle
03-14 03:51:08.540 782 872 I SystemServerTimingAsync: ssm.onUnlockedUser-0_com.android.server.appwidget.AppWidgetService
03-14 03:51:08.540 782 872 I SystemServerTimingAsync: ssm.onUnlockedUser-0_com.android.server.voiceinteraction.VoiceInteractionManagerService
03-14 03:51:08.540 782 872 I SystemServerTimingAsync: ssm.onUnlockedUser-0_com.android.server.apphibernation.AppHibernationService
03-14 03:51:08.540 782 872 I SystemServerTimingAsync: ssm.onUnlockedUser-0_com.android.server.SensorNotificationService
03-14 03:51:08.540 782 872 I SystemServerTimingAsync: ssm.onUnlockedUser-0_com.android.server.emergency.EmergencyAffordanceService
03-14 03:51:08.540 782 872 I SystemServerTimingAsync: ssm.onUnlockedUser-0_com.android.server.blob.BlobStoreManagerService
