03-14 03:51:07.497 2006 2640 D CCodecBufferChannel: [c2.android.vorbis.decoder#706] MediaCodec discarded an unknown buffer
03-14 03:51:07.497 2006 2640 D CCodecBufferChannel: [c2.android.vorbis.decoder#706] MediaCodec discarded an unknown buffer
03-14 03:51:07.500 2006 2677 I hw-BpHwBinder: onLastStrongRef automatically unlinking death recipients
03-14 03:51:07.500 2501 2501 I wm_on_create_called: [60932722,com.android.settings.FallbackHome,performCreate]
03-14 03:51:07.501 1509 2121 I hw-BpHwBinder: onLastStrongRef automatically unlinking death recipients
03-14 03:51:07.501 1509 2121 V C2Store : in ~ComponentModule
03-14 03:51:07.501 1509 2121 V C2Store : unloading dll
03-14 03:51:07.501 2501 2501 I wm_on_start_called: [60932722,com.android.settings.FallbackHome,handleStartActivity]
03-14 03:51:07.502 2501 2501 I wm_on_resume_called: [60932722,com.android.settings.FallbackHome,RESUME_ACTIVITY]
03-14 03:51:07.502 2006 2678 I hw-BpHwBinder: onLastStrongRef automatically unlinking death recipients
03-14 03:51:07.502 695 695 D Zygote : Forked child process 2680
03-14 03:51:07.502 782 873 I am_proc_start: [0,2680,10081,com.qualcomm.qti.qccauthmgr,content provider,{com.qualcomm.qti.qccauthmgr/com.qualcomm.qti.qccauthmgr.providers.SMQContentProvider}]
03-14 03:51:07.502 782 873 I ActivityManager: Start proc 2680:com.qualcomm.qti.qccauthmgr/u0a81 for content provider {com.qualcomm.qti.qccauthmgr/com.qualcomm.qti.qccauthmgr.providers.SMQContentProvider}
03-14 03:51:07.504 514 2667 W libc : Unable to set property "ctl.interface_start" to "vendor.qti.hardware.iop@2.0::IIop/default": error code: 0x20
03-14 03:51:07.504 514 2667 I hwservicemanager: Tried to start vendor.qti.hardware.iop@2.0::IIop/default as a lazy service, but was unable to. Usually this happens when a service is not installed, but if the service is intended to be used as a lazy service, then it may be configured incorrectly.
03-14 03:51:07.506 1339 1864 I MMParserExtractor: Created(0xb40000739cabba10)
03-14 03:51:07.507 2006 2636 D MediaCodecList: codecHandlesFormat: no format, so no extra checks
03-14 03:51:07.507 2006 2636 D MediaCodecList: codecHandlesFormat: no format, so no extra checks
03-14 03:51:07.508 2680 2680 I Zygote : seccomp disabled by setenforce 0
03-14 03:51:07.510 2501 2501 I wm_on_top_resumed_gained_called: [60932722,com.android.settings.FallbackHome,topStateChangedWhenResumed]
03-14 03:51:07.511 2006 2682 D CCodec : allocate(c2.android.vorbis.decoder)
03-14 03:51:07.512 2006 2682 I CCodec : setting up 'default' as default (vendor) store
03-14 03:51:07.512 1509 2121 V C2Store : in init
03-14 03:51:07.512 1509 2121 V C2Store : loading dll
03-14 03:51:07.513 2006 2682 I CCodec : Created component [c2.android.vorbis.decoder]
03-14 03:51:07.513 2006 2682 D CCodecConfig: read media type: audio/vorbis
03-14 03:51:07.514 2006 2682 D ReflectedParamUpdater: extent() != 1 for single value type: algo.buffers.max-count.values
03-14 03:51:07.514 1268 1283 I adbd : jdwp connection from 2680
03-14 03:51:07.514 2006 2682 D ReflectedParamUpdater: extent() != 1 for single value type: output.subscribed-indices.values
03-14 03:51:07.515 2006 2682 D ReflectedParamUpdater: extent() != 1 for single value type: input.buffers.allocator-ids.values
03-14 03:51:07.515 2006 2682 D ReflectedParamUpdater: extent() != 1 for single value type: output.buffers.allocator-ids.values
03-14 03:51:07.515 2006 2682 D ReflectedParamUpdater: extent() != 1 for single value type: algo.buffers.allocator-ids.values
03-14 03:51:07.515 2006 2682 D ReflectedParamUpdater: extent() != 1 for single value type: output.buffers.pool-ids.values
03-14 03:51:07.515 2006 2682 D ReflectedParamUpdater: extent() != 1 for single value type: algo.buffers.pool-ids.values
03-14 03:51:07.515 2006 2645 I vol.Events: writeEvent level_changed STREAM_VOICE_CALL 2
03-14 03:51:07.516 2006 2682 I CCodecConfig: query failed after returning 7 values (BAD_INDEX)
03-14 03:51:07.516 2006 2682 D CCodecConfig: c2 config diff is Dict {
03-14 03:51:07.516 2006 2682 D CCodecConfig: c2::u32 coded.bitrate.value = 64000
03-14 03:51:07.516 2006 2682 D CCodecConfig: c2::u32 input.buffers.max-size.value = 32768
03-14 03:51:07.516 2006 2682 D CCodecConfig: c2::u32 input.delay.value = 0
03-14 03:51:07.516 2006 2682 D CCodecConfig: string input.media-type.value = "audio/vorbis"
03-14 03:51:07.516 2006 2682 D CCodecConfig: string output.media-type.value = "audio/raw"
03-14 03:51:07.516 2006 2682 D CCodecConfig: c2::u32 raw.channel-count.value = 1
03-14 03:51:07.516 2006 2682 D CCodecConfig: c2::u32 raw.sample-rate.value = 48000
03-14 03:51:07.516 2006 2682 D CCodecConfig: }
03-14 03:51:07.516 2006 2645 I vol.Events: writeEvent level_changed STREAM_SYSTEM 2
03-14 03:51:07.516 2006 2682 D CCodec : [c2.android.vorbis.decoder] buffers are bound to CCodec for this session
03-14 03:51:07.516 2006 2682 D CCodecConfig: no c2 equivalents for durationUs
03-14 03:51:07.516 2006 2682 D CCodecConfig: no c2 equivalents for track-id
03-14 03:51:07.516 2006 2645 I vol.Events: writeEvent level_changed STREAM_RING 2
03-14 03:51:07.516 2006 2682 D CCodecConfig: no c2 equivalents for csd-1
03-14 03:51:07.516 2006 2682 D CCodecConfig: no c2 equivalents for language
03-14 03:51:07.516 2006 2682 D CCodecConfig: no c2 equivalents for file-format
03-14 03:51:07.516 2006 2682 D CCodecConfig: no c2 equivalents for flags
03-14 03:51:07.517 2006 2682 D CCodecConfig: config failed => CORRUPTED
03-14 03:51:07.517 2006 2682 D CCodecConfig: c2 config diff is c2::u32 coded.bitrate.value = 160000
03-14 03:51:07.517 2006 2682 D CCodecConfig: c2::u32 raw.channel-count.value = 2
03-14 03:51:07.517 2006 2645 I vol.Events: writeEvent level_changed STREAM_MUSIC 13
03-14 03:51:07.517 2006 2682 W Codec2Client: query -- param skipped: index = 1107298332.
03-14 03:51:07.517 2006 2682 D CCodec : setup formats input: AMessage(what = 0x00000000) = {
03-14 03:51:07.517 2006 2682 D CCodec : int32_t bitrate = 160000
03-14 03:51:07.517 2006 2682 D CCodec : int32_t channel-count = 2
03-14 03:51:07.517 2006 2682 D CCodec : int32_t max-input-size = 65307
03-14 03:51:07.517 2006 2682 D CCodec : string mime = "audio/vorbis"
03-14 03:51:07.517 2006 2682 D CCodec : int32_t sample-rate = 48000
03-14 03:51:07.517 2006 2682 D CCodec : }
03-14 03:51:07.517 2006 2682 D CCodec : setup formats output: AMessage(what = 0x00000000) = {
03-14 03:51:07.517 2006 2682 D CCodec : int32_t channel-count = 2
03-14 03:51:07.517 2006 2682 D CCodec : string mime = "audio/raw"
03-14 03:51:07.517 2006 2682 D CCodec : int32_t sample-rate = 48000
03-14 03:51:07.517 2006 2682 D CCodec : int32_t android._config-pcm-encoding = 2
03-14 03:51:07.517 2006 2682 D CCodec : }
03-14 03:51:07.517 2006 2682 I CCodecConfig: query failed after returning 7 values (BAD_INDEX)
03-14 03:51:07.517 2006 2645 I vol.Events: writeEvent level_changed STREAM_ALARM 3
01-01 08:00:40.899 0 0 E init : Control message: Could not find 'vendor.qti.hardware.iop@2.0::IIop/default' for ctl.interface_start from pid: 514 (/system/bin/hwservicemanager)
01-01 08:00:40.911 0 0 I binder : 2680:2680 ioctl 40046210 7fc8a60c34 returned -22
03-14 03:51:07.518 2006 2682 W Codec2Client: query -- param skipped: index = 1342179345.
03-14 03:51:07.518 2006 2682 W Codec2Client: query -- param skipped: index = 2415921170.
03-14 03:51:07.518 2006 2682 D CCodecBufferChannel: [c2.android.vorbis.decoder#173] Created input block pool with allocatorID 16 => poolID 19 - OK (0)
03-14 03:51:07.518 2006 2645 I vol.Events: writeEvent level_changed STREAM_BLUETOOTH_SCO 7
03-14 03:51:07.518 2006 2682 I CCodecBufferChannel: [c2.android.vorbis.decoder#173] Created output block pool with allocatorID 16 => poolID 25 - OK
03-14 03:51:07.519 2006 2682 D CCodecBufferChannel: [c2.android.vorbis.decoder#173] Configured output block pool ids 25 => OK
03-14 03:51:07.519 2006 2682 D CCodecBufferChannel: [c2.android.vorbis.decoder#173] start: updating output delay 0
03-14 03:51:07.519 514 2668 W libc : Unable to set property "ctl.interface_start" to "vendor.qti.hardware.iop@2.0::IIop/default": error code: 0x20
03-14 03:51:07.519 2006 2682 I CCodecBufferChannel: pipelineRoom(3) is <= numClientBuffers(3). Not signalling any more buffers to client
03-14 03:51:07.519 514 2668 I hwservicemanager: Tried to start vendor.qti.hardware.iop@2.0::IIop/default as a lazy service, but was unable to. Usually this happens when a service is not installed, but if the service is intended to be used as a lazy service, then it may be configured incorrectly.
03-14 03:51:07.519 1509 2689 D SimpleC2Component: Using output block pool with poolID 25 => got 25 - 0
03-14 03:51:07.519 2680 2680 D ProcessState: Binder ioctl to enable oneway spam detection failed: Invalid argument
03-14 03:51:07.520 2006 2682 I CCodecBufferChannel: pipelineRoom(2) is <= numClientBuffers(2). Not signalling any more buffers to client
03-14 03:51:07.520 2006 2682 I CCodecBufferChannel: pipelineRoom(1) is <= numClientBuffers(1). Not signalling any more buffers to client
03-14 03:51:07.521 2646 2646 I Perf : Connecting to perf service.
03-14 03:51:07.521 1339 1864 D MediaBufferGroup: creating MemoryDealer
03-14 03:51:07.522 2006 2645 I sysui_multi_action: [757,213,758,4,759,-1]
03-14 03:51:07.522 2006 2645 I vol.Events: writeEvent external_ringer_mode_changed unknown
03-14 03:51:07.522 2646 2646 W ContextImpl: Failed to ensure /data/user/0/com.android.launcher3/cache: mkdir failed: errno 126 (Required key not available)
03-14 03:51:07.522 2646 2646 W ContextImpl: Failed to update user.inode_cache: stat failed: ENOENT (No such file or directory)
03-14 03:51:07.523 2006 2645 I vol.Events: writeEvent zen_mode_config_changed [disallowAlarms=false disallowMedia=false disallowSystem=true disallowRinger=false]
03-14 03:51:07.524 782 1973 I am_proc_bound: [0,2680,com.qualcomm.qti.qccauthmgr]
03-14 03:51:07.525 2646 2646 V GraphicsEnvironment: ANGLE Developer option for 'com.android.launcher3' set to: 'default'
03-14 03:51:07.525 2646 2646 V GraphicsEnvironment: ANGLE GameManagerService for com.android.launcher3: false
03-14 03:51:07.526 2646 2646 D NetworkSecurityConfig: No Network Security Config specified, using platform default
03-14 03:51:07.526 2646 2646 D NetworkSecurityConfig: No Network Security Config specified, using platform default
03-14 03:51:07.527 782 1973 D CompatibilityChangeReporter: Compat change id reported: 168419799; UID 10081; state: DISABLED
03-14 03:51:07.527 2501 2669 I AdrenoGLES-0: QUALCOMM build : 47421dbee6, I139f36ad46
03-14 03:51:07.527 2501 2669 I AdrenoGLES-0: Build Date : 02/18/22
03-14 03:51:07.527 2501 2669 I AdrenoGLES-0: OpenGL ES Shader Compiler Version: EV031.32.02.17
03-14 03:51:07.527 2501 2669 I AdrenoGLES-0: Local Branch :
03-14 03:51:07.527 2501 2669 I AdrenoGLES-0: Remote Branch :
03-14 03:51:07.527 2501 2669 I AdrenoGLES-0: Remote Branch :
03-14 03:51:07.527 2501 2669 I AdrenoGLES-0: Reconstruct Branch :
03-14 03:51:07.527 782 1973 D CompatibilityInfo: mCompatibilityFlags - 4
03-14 03:51:07.527 2501 2669 I AdrenoGLES-0: Build Config : S P 10.0.7 AArch64
03-14 03:51:07.527 782 1973 D CompatibilityInfo: applicationDensity - 240
03-14 03:51:07.527 2501 2669 I AdrenoGLES-0: Driver Path : /vendor/lib64/egl/libGLESv2_adreno.so
03-14 03:51:07.527 782 1973 D CompatibilityInfo: applicationScale - 1.0
03-14 03:51:07.527 782 826 I input_focus: [Focus request 2507f48 com.android.settings/com.android.settings.FallbackHome,reason=UpdateInputWindows]
03-14 03:51:07.527 514 514 I hwservicemanager: Since vendor.qti.hardware.iop@2.0::IIop/default is not registered, trying to start it as a lazy HAL.
03-14 03:51:07.527 1355 2591 E ANDR-IOP: IIop:: Iop HAL Service is not available.
03-14 03:51:07.527 782 1973 I am_uid_active: 10081
03-14 03:51:07.527 514 514 I hwservicemanager: getTransport: Cannot find entry android.hardware.graphics.mapper@4.0::IMapper/default in either framework or device VINTF manifest.
03-14 03:51:07.528 862 2614 D vendor.qti.bluetooth@1.0-wake_lock: Acquire wakelock is acquired
03-14 03:51:07.529 862 2614 D vendor.qti.bluetooth@1.0-uart_transport: Init:> soc_type: 4, need_reload: 1
03-14 03:51:07.529 862 2614 D vendor.qti.bluetooth@1.0-uart_transport: ConfigUart: fd: 8, p_cfg: 0x6df591a7e4
03-14 03:51:07.529 862 2614 D vendor.qti.bluetooth@1.0-uart_transport: ConfigUart: baud {0x0, 0x1002}, fmt: 0x8209
03-14 03:51:07.529 862 2614 D vendor.qti.bluetooth@1.0-uart_transport: ConfigUart: data_bits: 0x30, parity: 0x0, stop_bits: 0x0
03-14 03:51:07.529 862 2614 I vendor.qti.bluetooth@1.0-uart_transport: ConfigUart: HW flow control enabled
01-01 08:00:40.922 0 0 I bt_configure_gpios: BTON:Turn Bt On bt-reset-gpio(1121) value(1)
01-01 08:00:40.922 0 0 I bt_configure_gpios: BTON:Turn Bt On
01-01 08:00:40.922 0 0 I bt_configure_gpios: bt-sw-ctrl-gpio(1224) value(1)
01-01 08:00:40.922 0 0 I bt_configure_gpios: bt_gpio= 1121 on: 1 is successful
03-14 03:51:07.530 2501 2669 I AdrenoGLES-0: PFP: 0x016dd093, ME: 0x00000000
03-14 03:51:07.530 2680 2680 D CompatibilityChangeReporter: Compat change id reported: 171979766; UID 10081; state: ENABLED
03-14 03:51:07.534 2501 2669 D libEGL : MSAA-->msaa:0 gamemode:0 4x_msaa:0
03-14 03:51:07.534 2501 2669 D libEGL : MSAA-->msaa:0 gamemode:0 4x_msaa:0
03-14 03:51:07.534 2501 2669 D libEGL : MSAA-->msaa:0 gamemode:0 4x_msaa:0
03-14 03:51:07.538 918 1141 I SDM : HWCDisplay::GetColorModeCount: Supported color mode count = 1
03-14 03:51:07.538 918 1141 I SDM : HWCDisplay::GetColorModes: Color mode = 0 is supported
03-14 03:51:07.539 1089 2167 E HWComposer: getSupportedContentTypes: getSupportedContentTypes failed for display 4630946370410392961: Unsupported (8)
03-14 03:51:07.543 2006 2006 D InterruptionStateProvider: heads up is enabled
03-14 03:51:07.544 2006 2006 D NavigationModeController: getCurrentInteractionMode: mode=2 contextUser=0
03-14 03:51:07.545 2501 2669 D hw-ProcessState: Binder ioctl to enable oneway spam detection failed: Invalid argument
03-14 03:51:07.545 514 2700 W libc : Unable to set property "ctl.interface_start" to "vendor.qti.hardware.iop@2.0::IIop/default": error code: 0x20
03-14 03:51:07.545 514 2700 I hwservicemanager: Tried to start vendor.qti.hardware.iop@2.0::IIop/default as a lazy service, but was unable to. Usually this happens when a service is not installed, but if the service is intended to be used as a lazy service, then it may be configured incorrectly.
01-01 08:00:40.925 0 0 E init : Control message: Could not find 'vendor.qti.hardware.iop@2.0::IIop/default' for ctl.interface_start from pid: 514 (/system/bin/hwservicemanager)
01-01 08:00:40.934 0 0 I binder : 2501:2669 ioctl 40046210 713dcf71f4 returned -22
03-14 03:51:07.546 2680 2680 I Perf : Connecting to perf service.
03-14 03:51:07.546 514 514 I hwservicemanager: getTransport: Cannot find entry android.hardware.graphics.mapper@4.0::IMapper/default in either framework or device VINTF manifest.
03-14 03:51:07.548 2501 2703 I Gralloc4: mapper 4.x is not supported
03-14 03:51:07.549 514 514 I hwservicemanager: getTransport: Cannot find entry android.hardware.graphics.allocator@4.0::IAllocator/default in either framework or device VINTF manifest.
03-14 03:51:07.549 2501 2703 W Gralloc4: allocator 4.x is not supported
03-14 03:51:07.550 2006 2682 I hw-BpHwBinder: onLastStrongRef automatically unlinking death recipients
03-14 03:51:07.550 1509 2147 I hw-BpHwBinder: onLastStrongRef automatically unlinking death recipients
03-14 03:51:07.550 2680 2680 V GraphicsEnvironment: ANGLE Developer option for 'com.qualcomm.qti.qccauthmgr' set to: 'default'
03-14 03:51:07.550 1509 2147 V C2Store : in ~ComponentModule
03-14 03:51:07.550 1509 2147 V C2Store : unloading dll
03-14 03:51:07.550 2680 2680 V GraphicsEnvironment: ANGLE GameManagerService for com.qualcomm.qti.qccauthmgr: false
03-14 03:51:07.551 2680 2680 D NetworkSecurityConfig: No Network Security Config specified, using platform default
03-14 03:51:07.551 2680 2680 D NetworkSecurityConfig: No Network Security Config specified, using platform default
03-14 03:51:07.551 2680 2680 D qcc:QccAuthApp: load libqccAuthMgr
03-14 03:51:07.552 862 2614 D vendor.qti.bluetooth@1.0-uart_transport: OpenUart: succeed to open /dev/ttyHS0, fd: 8
03-14 03:51:07.552 862 2614 D vendor.qti.bluetooth@1.0-uart_transport: InitTransport: soc_type(4), opening '/dev/ttyHS0' return fd=8
03-14 03:51:07.552 862 2614 D vendor.qti.bluetooth@1.0-patch_dl_manager: PatchDLManager
03-14 03:51:07.552 862 2614 D vendor.qti.bluetooth@1.0-ibs_handler: IsEnabled: Reading sibs property
03-14 03:51:07.552 862 2614 D vendor.qti.bluetooth@1.0-ibs_handler: IsEnabled: Done reading sibs property
03-14 03:51:07.553 862 2614 D vendor.qti.bluetooth@1.0-ibs_handler: IsEnabled: SIBS enabled: true
03-14 03:51:07.553 862 2614 D vendor.qti.bluetooth@1.0-ibs_handler: IbsHandler
03-14 03:51:07.553 862 2614 D vendor.qti.bluetooth@1.0-ibs_handler: InitInt: tty_fd = 8
03-14 03:51:07.553 862 2614 D vendor.qti.bluetooth@1.0-bluetooth_address: GetLocalAddress
03-14 03:51:07.553 862 2614 E vendor.qti.bluetooth@1.0-bluetooth_address: CMD result: 1
03-14 03:51:07.553 862 2614 I vendor.qti.bluetooth@1.0-uart_transport: ## userial_vendor_ioctl: UART Flow On
03-14 03:51:07.553 862 2614 I vendor.qti.bluetooth@1.0-patch_dl_manager: Wipower not enabled
03-14 03:51:07.553 862 2614 I vendor.qti.bluetooth@1.0-patch_dl_manager: SocInit
03-14 03:51:07.553 862 2614 D vendor.qti.bluetooth@1.0-patch_dl_manager: PatchVerReq: Sending Get Version CMD to SOC
03-14 03:51:07.553 862 2614 D vendor.qti.bluetooth@1.0-patch_dl_manager: HciSendVsCmd: Get Version Cmd sent to SOC
03-14 03:51:07.547 862 862 I auditd : type=1400 audit(0.0:482): avc: denied { search } for comm="bluetooth@1.0-s" name="bluetooth" dev="sda2" ino=23 scontext=u:r:hal_bluetooth_default:s0 tcontext=u:object_r:mnt_product_file:s0 tclass=dir permissive=1
03-14 03:51:07.547 862 862 I bluetooth@1.0-s: type=1400 audit(0.0:482): avc: denied { search } for name="bluetooth" dev="sda2" ino=23 scontext=u:r:hal_bluetooth_default:s0 tcontext=u:object_r:mnt_product_file:s0 tclass=dir permissive=1
03-14 03:51:07.553 2680 2680 D QCCAuthMgr: SMQContentProvider onCreate
03-14 03:51:07.554 2680 2680 I qcc:QccAuthApp: onCreate()
03-14 03:51:07.554 2680 2680 D qcc:QccAuthApp: detectUninstallIsv
03-14 03:51:07.555 514 514 I hwservicemanager: Since vendor.qti.hardware.iop@2.0::IIop/default is not registered, trying to start it as a lazy HAL.
03-14 03:51:07.555 1355 2591 E ANDR-IOP: IIop:: Iop HAL Service is not available.
03-14 03:51:07.557 2680 2701 D QCCAuthMgr: SMQContentProvider query uri: content://com.qti.smq.Feedback.provider/smq_settings, selection: key=?, uri_matcher: 1
03-14 03:51:07.558 862 2614 I vendor.qti.bluetooth@1.0-patch_dl_manager: ReadVsHciEvent: Expected CC
03-14 03:51:07.558 862 2614 I vendor.qti.bluetooth@1.0-patch_dl_manager: HCI Unified command interface supported
03-14 03:51:07.558 862 2614 I vendor.qti.bluetooth@1.0-patch_dl_manager: unified Current Product ID : 0x00000010
03-14 03:51:07.558 862 2614 I vendor.qti.bluetooth@1.0-patch_dl_manager: unified Current Patch Version : 0x0d2b
03-14 03:51:07.558 862 2614 I vendor.qti.bluetooth@1.0-patch_dl_manager: unified Current ROM Build Version : 0x0200
03-14 03:51:07.558 862 2614 I vendor.qti.bluetooth@1.0-patch_dl_manager: unified Current SOC Version : 0x400a0200
03-14 03:51:07.558 862 2614 E vendor.qti.bluetooth@1.0-power_manager:
03-14 03:51:07.558 862 2614 E vendor.qti.bluetooth@1.0-power_manager: bt soc version (1074397696)
03-14 03:51:07.558 2501 2551 I OpenGLRenderer: Davey! duration=9223371998440ms; Flags=1, FrameTimelineVsyncId=78, IntendedVsync=38414462732, Vsync=38414462732, InputEventId=0, HandleInputStart=38415309410, AnimationStart=38415310348, PerformTraversalsStart=38415310921, DrawStart=38437875296, FrameDeadline=38431129398, FrameInterval=38415303264, FrameStartTime=16666666, SyncQueued=38438050400, SyncStart=38438217952, IssueDrawCommandsStart=38439386910, SwapBuffers=38447053577, FrameCompleted=9223372036854775807, DequeueBufferDuration=4755156, QueueBufferDuration=434167, GpuCompleted=9223372036854775807, SwapBuffersCompleted=38447685973, DisplayPresentTime=8247626331568170340,
03-14 03:51:07.562 2006 2006 W AudioManager: attempt to call registerAudioRecordingCallback() on a previouslyregistered callback
03-14 03:51:07.563 782 825 I ActivityManagerTiming: FinishBooting
03-14 03:51:07.563 782 825 I boot_progress_enable_screen: 38455
03-14 03:51:07.564 782 825 I screen_toggled: 1
03-14 03:51:07.564 782 825 W KeyguardServiceDelegate: onScreenTurningOn(): no keyguard service!
03-14 03:51:07.565 2680 2701 D QCCAuthMgr: SMQContentProvider query tableName: smq_settings
03-14 03:51:07.565 2492 2492 I QCC:OptInOutHandler: getTypeOptInOut, ret = 3
03-14 03:51:07.565 2492 2492 I QCC:OperationMode: dbHandler.getTypeOptInOut optMode : 3
03-14 03:51:07.566 2492 2492 D CompatibilityChangeReporter: Compat change id reported: 160794467; UID 1000; state: ENABLED
03-14 03:51:07.566 2492 2492 I QCC:UploaderReceiver: stopUploaderSchedule - senderPi is not null -- try to cancel the alarm
03-14 03:51:07.568 2006 2006 W CarrierConfigManager: Error getting config for subId -1 ICarrierConfigLoader is null
01-01 08:00:40.950 0 0 E init : Control message: Could not find 'vendor.qti.hardware.iop@2.0::IIop/default' for ctl.interface_start from pid: 514 (/system/bin/hwservicemanager)
03-14 03:51:07.571 514 2709 W libc : Unable to set property "ctl.interface_start" to "vendor.qti.hardware.iop@2.0::IIop/default": error code: 0x20
01-01 08:00:40.953 0 0 E bt_ioctl: unified Current SOC Version : 400a0200
03-14 03:51:07.571 514 2709 I hwservicemanager: Tried to start vendor.qti.hardware.iop@2.0::IIop/default as a lazy service, but was unable to. Usually this happens when a service is not installed, but if the service is intended to be used as a lazy service, then it may be configured incorrectly.
03-14 03:51:07.571 2492 2492 I QCC:UploaderReceiver: getLastUploaderTimeMs : 1678737065714
03-14 03:51:07.571 2492 2492 I QCC:UploaderReceiver: getUploaderIntervalMs : 43200000
03-14 03:51:07.571 2492 2492 I QCC:UploaderReceiver: nCurrMs:1678737067566 / lastPeroidStartMs:1678737065714 / periodicity:43200000
03-14 03:51:07.571 2492 2492 I QCC:UploaderReceiver: nDiffMs:1852 , remainedInterval:43198148
03-14 03:51:07.572 2492 2492 I QCC:UploaderReceiver: startPeriodicScheduler - elaspedTimeMs:38458 / elaspedTargetTimeMs : 43236606
03-14 03:51:07.572 2492 2492 I QCC:UploaderReceiver: setLastUploaderTimeMs :1678737067566
03-14 03:51:07.572 2492 2492 I QCC:UploaderReceiver: setLastUploaderTimeMs : 2023-03-14T03:51:07 上午
03-14 03:51:07.576 862 2614 E vendor.qti.bluetooth@1.0-patch_dl_manager: PatchVerReq: rsp[CMD_RSP_OFFSET] = 1 , rsp[RSP_TYPE_OFFSET] = 0
03-14 03:51:07.576 862 2614 I vendor.qti.bluetooth@1.0-patch_dl_manager: SocInit: Chipset Version (0x400a020000100200)
03-14 03:51:07.576 862 2614 I vendor.qti.bluetooth@1.0-patch_dl_manager: FormRegularPaths: Getting value of persist.vendor.bluetooth.alt_path_for_fw
03-14 03:51:07.577 862 2614 I vendor.qti.bluetooth@1.0-patch_dl_manager: FormRegularPaths: persist.vendor.bluetooth.alt_path_for_fw not set!
03-14 03:51:07.577 862 2614 D vendor.qti.bluetooth@1.0-patch_dl_manager: FormRegularPaths: Checking and Setting proper Rampatch and NVM path
03-14 03:51:07.577 782 2170 D CompatibilityChangeReporter: Compat change id reported: 171306433; UID 1000; state: ENABLED
03-14 03:51:07.577 2492 2492 I QCC:ApplicationManager: clearJobDlData
03-14 03:51:07.577 862 2614 D vendor.qti.bluetooth@1.0-patch_dl_manager: FormRegularPaths: Done checking and setting proper Rampatch and NVM path
03-14 03:51:07.577 862 2614 I vendor.qti.bluetooth@1.0-uart_transport: ## userial_vendor_ioctl: UART Flow Off
03-14 03:51:07.577 2492 2492 I QCC:QDMAJobService: cleanClientSubDir
03-14 03:51:07.578 2492 2492 I QCC:QDMAJobService: removeAllMetaFromClientID, clientID : 200
03-14 03:51:07.578 2492 2492 I QCC:QDMAJobManager: clearQDMAJob clientID: 200
03-14 03:51:07.578 2492 2492 I QCC:QDMAJobManager: clearQDMAJob - there is no exist job
03-14 03:51:07.578 2492 2492 I QCC:DMEFacade: === startQdmaFileServiceNative ===
03-14 03:51:07.578 2492 2492 I QCC:OmaDMNative: Java_com_qualcomm_qti_innodme_DMEFacade_doStartQdmaFileServiceNative()
03-14 03:51:07.579 2492 2492 I qcc_file_service: create socket_listener thread id: 484735589552
03-14 03:51:07.579 2492 2492 I QCC:OmaDMNative: start socket listener pid: 484735589552
03-14 03:51:07.579 2492 2492 I QCC:ApplicationManager: cleanApplicationData: do not need to retrieve previous session
03-14 03:51:07.580 2492 2715 I qcc_file_server: listen to qdma socket: 69
03-14 03:51:07.580 782 2170 W ServiceManager: Permission failure: android.permission.HIGH_SAMPLING_RATE_SENSORS from uid=10074 pid=2646
03-14 03:51:07.581 2492 2492 W System.err: android.content.pm.PackageManager$NameNotFoundException: com.qualcomm.qti.smq
03-14 03:51:07.581 2492 2492 W System.err: at android.app.ApplicationPackageManager.getPackageInfoAsUser(ApplicationPackageManager.java:241)
03-14 03:51:07.581 2492 2492 W System.err: at android.app.ApplicationPackageManager.getPackageInfo(ApplicationPackageManager.java:213)
03-14 03:51:07.581 2492 2492 W System.err: at com.qualcomm.qti.qdma.app.ApplicationManager.isQccTrUiVer2XorHigher(ApplicationManager.java:3401)
03-14 03:51:07.581 2492 2492 W System.err: at com.qualcomm.qti.qdma.app.ApplicationManager.onCreate(ApplicationManager.java:363)
03-14 03:51:07.581 2492 2492 W System.err: at android.app.Instrumentation.callApplicationOnCreate(Instrumentation.java:1212)
03-14 03:51:07.581 2492 2492 W System.err: at android.app.ActivityThread.handleBindApplication(ActivityThread.java:6744)
03-14 03:51:07.581 2492 2492 W System.err: at android.app.ActivityThread.access$1500(ActivityThread.java:248)
03-14 03:51:07.581 2492 2492 W System.err: at android.app.ActivityThread$H.handleMessage(ActivityThread.java:2054)
03-14 03:51:07.581 2492 2492 W System.err: at android.os.Handler.dispatchMessage(Handler.java:106)
03-14 03:51:07.581 2492 2492 W System.err: at android.os.Looper.loopOnce(Looper.java:201)
03-14 03:51:07.581 2492 2492 W System.err: at android.os.Looper.loop(Looper.java:288)
03-14 03:51:07.581 2492 2492 W System.err: at android.app.ActivityThread.main(ActivityThread.java:7880)
03-14 03:51:07.581 2492 2492 W System.err: at java.lang.reflect.Method.invoke(Native Method)
03-14 03:51:07.581 2492 2492 W System.err: at com.android.internal.os.RuntimeInit$MethodAndArgsCaller.run(RuntimeInit.java:548)
03-14 03:51:07.581 2492 2492 W System.err: at com.android.internal.os.ZygoteInit.main(ZygoteInit.java:1009)
03-14 03:51:07.581 2492 2492 I QCC:ApplicationManager: isQccTrUiVer2XorHigher: false
03-14 03:51:07.581 2492 2492 I QCC:DMENativeInterface: droppingDefaultCDF, Build.MANUFACTURER : TC ,Build.MODEL : figure, IS_QUALCOMM_DEVICE : false , oldver: true
03-14 03:51:07.581 2492 2492 I QCC:ApplicationManager: getSharedPersistence, key : DefaultCDFFile, value : 0
03-14 03:51:07.581 2492 2492 I QCC:DMENativeInterface: not initial run or not Qualcomm device- do not droppingDefaultCDF
03-14 03:51:07.582 514 514 I hwservicemanager: Since vendor.qti.hardware.iop@2.0::IIop/default is not registered, trying to start it as a lazy HAL.
03-14 03:51:07.582 1355 2591 E ANDR-IOP: IIop:: Iop HAL Service is not available.
03-14 03:51:07.584 782 1692 D ConnectivityService: NetReassign [no changes]
03-14 03:51:07.584 782 1973 D ConnectivityService: requestNetwork for uid/pid:10078/2006 activeRequest: null callbackRequest: 21 [NetworkRequest [ REQUEST id=22, [ Capabilities: INTERNET&NOT_RESTRICTED&TRUSTED&NOT_VCN_MANAGED Uid: 10078 RequestorUid: 10078 RequestorPkg: com.android.systemui] ]] callback flags: 1 priority: 2147483647
03-14 03:51:07.584 782 1692 D ConnectivityService: NetReassign [no changes]
03-14 03:51:07.584 782 1924 D Ethernet: got request NetworkRequest [ REQUEST id=22, [ Capabilities: INTERNET&NOT_RESTRICTED&TRUSTED&NOT_VCN_MANAGED Uid: 10078 RequestorUid: 10078 RequestorPkg: com.android.systemui] ]
03-14 03:51:07.584 782 1924 D EthernetNetworkFactory: acceptRequest, request: NetworkRequest [ REQUEST id=22, [ Capabilities: INTERNET&NOT_RESTRICTED&TRUSTED&NOT_VCN_MANAGED Uid: 10078 RequestorUid: 10078 RequestorPkg: com.android.systemui] ]
03-14 03:51:07.584 2006 2006 V WifiManager: registerTrafficStateCallback: callback=com.android.systemui.statusbar.policy.WifiSignalController$WifiTrafficStateCallback@76a3f65, executor=android.os.HandlerExecutor@780c5a6
03-14 03:51:07.584 782 1924 I EthernetNetworkFactory: networkForRequest, request: NetworkRequest [ REQUEST id=22, [ Capabilities: INTERNET&NOT_RESTRICTED&TRUSTED&NOT_VCN_MANAGED Uid: 10078 RequestorUid: 10078 RequestorPkg: com.android.systemui] ], network: null
03-14 03:51:07.586 2006 2006 V WifiManager: registerScanResultsCallback: callback=com.android.systemui.statusbar.policy.NetworkControllerImpl$5@4abf43a, executor=androidx.mediarouter.media.MediaRoute2Provider$$ExternalSyntheticLambda0@7cd8eb
03-14 03:51:07.586 782 1973 D ConnectivityService: requestNetwork for uid/pid:10078/2006 activeRequest: null callbackRequest: 23 [NetworkRequest [ REQUEST id=24, [ Capabilities: INTERNET&NOT_RESTRICTED&TRUSTED&NOT_VCN_MANAGED Uid: 10078 RequestorUid: 10078 RequestorPkg: com.android.systemui] ]] callback flags: 1 priority: 2147483647
03-14 03:51:07.586 782 1692 D ConnectivityService: NetReassign [no changes]
03-14 03:51:07.586 782 1924 D Ethernet: got request NetworkRequest [ REQUEST id=24, [ Capabilities: INTERNET&NOT_RESTRICTED&TRUSTED&NOT_VCN_MANAGED Uid: 10078 RequestorUid: 10078 RequestorPkg: com.android.systemui] ]
03-14 03:51:07.586 782 1924 D EthernetNetworkFactory: acceptRequest, request: NetworkRequest [ REQUEST id=24, [ Capabilities: INTERNET&NOT_RESTRICTED&TRUSTED&NOT_VCN_MANAGED Uid: 10078 RequestorUid: 10078 RequestorPkg: com.android.systemui] ]
03-14 03:51:07.586 782 1924 I EthernetNetworkFactory: networkForRequest, request: NetworkRequest [ REQUEST id=24, [ Capabilities: INTERNET&NOT_RESTRICTED&TRUSTED&NOT_VCN_MANAGED Uid: 10078 RequestorUid: 10078 RequestorPkg: com.android.systemui] ], network: null
03-14 03:51:07.586 782 1973 D TelephonyRegistry: listen oscl: mHasNotifySubscriptionInfoChangedOccurred==false no callback
03-14 03:51:07.588 782 1692 D ConnectivityService: NetReassign [no changes]
03-14 03:51:07.591 2006 2006 D CompatibilityChangeReporter: Compat change id reported: 171228096; UID 10078; state: ENABLED
03-14 03:51:07.595 782 2170 I InputDispatcher: Created monitor swipe-up for display 0, gesture=true, pid=2646
03-14 03:51:07.595 782 1605 I InputDispatcher: Erasing monitor swipe-up (server) on display 0, pid=2646
03-14 03:51:07.596 782 2679 I InputDispatcher: Created monitor swipe-up for display 0, gesture=true, pid=2646
03-14 03:51:07.596 2646 2646 W ContextImpl: Failed to ensure /data/user/0/com.android.launcher3/files: mkdir failed: errno 126 (Required key not available)
03-14 03:51:07.597 2646 2646 D TouchInteractionService: Touch service connected: user=0
01-01 08:00:40.977 0 0 E init : Control message: Could not find 'vendor.qti.hardware.iop@2.0::IIop/default' for ctl.interface_start from pid: 514 (/system/bin/hwservicemanager)
03-14 03:51:07.597 514 2716 W libc : Unable to set property "ctl.interface_start" to "vendor.qti.hardware.iop@2.0::IIop/default": error code: 0x20
03-14 03:51:07.597 514 2716 I hwservicemanager: Tried to start vendor.qti.hardware.iop@2.0::IIop/default as a lazy service, but was unable to. Usually this happens when a service is not installed, but if the service is intended to be used as a lazy service, then it may be configured incorrectly.
03-14 03:51:07.598 2006 2006 V KeyguardUpdateMonitor: *** register callback for com.android.systemui.doze.DozeLog$1@2cbd5
03-14 03:51:07.598 862 2614 I vendor.qti.bluetooth@1.0-uart_transport: ## userial_vendor_set_baud: 17
03-14 03:51:07.598 2006 2006 V KeyguardUpdateMonitor: *** unregister callback for null
03-14 03:51:07.599 2006 2006 V KeyguardUpdateMonitor: *** register callback for com.android.systemui.statusbar.phone.BiometricUnlockController@709dfea
03-14 03:51:07.599 2006 2006 V KeyguardUpdateMonitor: *** unregister callback for null
03-14 03:51:07.605 2006 2006 D NavigationModeController: getCurrentInteractionMode: mode=2 contextUser=0
03-14 03:51:07.605 2006 2006 D NavigationModeController: getCurrentInteractionMode: mode=2 contextUser=0
03-14 03:51:07.606 2006 2006 V KeyguardUpdateMonitor: *** register callback for com.android.systemui.accessibility.floatingmenu.AccessibilityFloatingMenuController$1@f9e10b6
03-14 03:51:07.606 2006 2006 V KeyguardUpdateMonitor: *** unregister callback for null
03-14 03:51:07.608 862 2614 I vendor.qti.bluetooth@1.0-uart_transport: SetBaudRate: in BOTHER
03-14 03:51:07.608 862 2614 I vendor.qti.bluetooth@1.0-uart_transport: GetBaudRate: Current Baudrate = 3200000 bps
03-14 03:51:07.608 862 2614 I vendor.qti.bluetooth@1.0-uart_transport: ## userial_vendor_ioctl: UART Flow On
03-14 03:51:07.608 862 2614 D vendor.qti.bluetooth@1.0-patch_dl_manager: ReadHciEvent: Expected CC
03-14 03:51:07.608 862 2614 I vendor.qti.bluetooth@1.0-patch_dl_manager: SocInit: Baud rate changed successfully
03-14 03:51:07.608 862 2614 E vendor.qti.bluetooth@1.0-patch_dl_manager: /bt_firmware/image/htbtfw20.tlv File Open Fail No such file or directory (2)
03-14 03:51:07.608 862 2614 I vendor.qti.bluetooth@1.0-patch_dl_manager: File open /vendor/bt_firmware/image/htbtfw20.tlv succeeded
03-14 03:51:07.609 862 2614 I vendor.qti.bluetooth@1.0-patch_dl_manager: ====================================================
03-14 03:51:07.609 862 2614 I vendor.qti.bluetooth@1.0-patch_dl_manager: TLV Type : 0x1
03-14 03:51:07.609 862 2614 I vendor.qti.bluetooth@1.0-patch_dl_manager: Length : 205716 bytes
03-14 03:51:07.609 862 2614 I vendor.qti.bluetooth@1.0-patch_dl_manager: Total Length : 205684 bytes
03-14 03:51:07.609 862 2614 I vendor.qti.bluetooth@1.0-patch_dl_manager: Patch Data Length : 205648 bytes
03-14 03:51:07.609 862 2614 I vendor.qti.bluetooth@1.0-patch_dl_manager: Signing Format Version : 0x1
03-14 03:51:07.609 862 2614 I vendor.qti.bluetooth@1.0-patch_dl_manager: Signature Algorithm : 0x0
03-14 03:51:07.609 862 2614 I vendor.qti.bluetooth@1.0-patch_dl_manager: Event Handling : 0x3
03-14 03:51:07.609 862 2614 I vendor.qti.bluetooth@1.0-patch_dl_manager: Reserved : 0x0
03-14 03:51:07.609 862 2614 I vendor.qti.bluetooth@1.0-patch_dl_manager: Product ID : 0x0010
03-14 03:51:07.609 862 2614 I vendor.qti.bluetooth@1.0-patch_dl_manager: Rom Build Version : 0x0200
03-14 03:51:07.609 862 2614 I vendor.qti.bluetooth@1.0-patch_dl_manager: Patch Version : 0x45df
03-14 03:51:07.609 862 2614 I vendor.qti.bluetooth@1.0-patch_dl_manager: Reserved : 0x0
03-14 03:51:07.609 862 2614 I vendor.qti.bluetooth@1.0-patch_dl_manager: Patch Entry Address : 0x0
03-14 03:51:07.609 862 2614 I vendor.qti.bluetooth@1.0-patch_dl_manager: ====================================================
03-14 03:51:07.609 862 2614 I vendor.qti.bluetooth@1.0-patch_dl_manager: TlvDnldReq: TLV size: 205720, Total Seg num: 846, remain size: 142
03-14 03:51:07.609 862 2614 I vendor.qti.bluetooth@1.0-patch_dl_manager: Event handling type: SKIP_EVT_VSE_CC
03-14 03:51:07.610 2006 2006 D NavigationModeController: getCurrentInteractionMode: mode=2 contextUser=0
03-14 03:51:07.612 2006 2006 I TetheringManager: registerTetheringEventCallback:com.android.systemui
03-14 03:51:07.613 2006 2006 I TetheringManager: registerTetheringEventCallback caller:com.android.systemui
03-14 03:51:07.618 2006 2006 V KeyguardUpdateMonitor: *** register callback for com.android.systemui.statusbar.KeyguardIndicationController$BaseKeyguardCallback@d2a1366
03-14 03:51:07.618 2006 2006 V KeyguardUpdateMonitor: *** unregister callback for null
03-14 03:51:07.618 2006 2006 V KeyguardUpdateMonitor: *** register callback for com.android.systemui.statusbar.KeyguardIndicationController$4@3b786a7
03-14 03:51:07.618 2006 2006 V KeyguardUpdateMonitor: *** unregister callback for null
03-14 03:51:07.619 2006 2006 D StatusBar: disable disable2
03-14 03:51:07.619 782 2144 I StatusBarManagerService: registerStatusBar bar=com.android.internal.statusbar.IStatusBar$Stub$Proxy@c00f114
03-14 03:51:07.619 782 782 W Binder : Outgoing transactions from this process must be FLAG_ONEWAY
03-14 03:51:07.619 782 782 W Binder : java.lang.Throwable
03-14 03:51:07.619 782 782 W Binder : at android.os.BinderProxy.transact(BinderProxy.java:532)
03-14 03:51:07.619 782 782 W Binder : at com.android.internal.statusbar.IStatusBar$Stub$Proxy.setUdfpsHbmListener(IStatusBar.java:2371)
03-14 03:51:07.619 782 782 W Binder : at com.android.server.statusbar.StatusBarManagerService.setUdfpsHbmListener(StatusBarManagerService.java:851)
03-14 03:51:07.619 782 782 W Binder : at com.android.server.statusbar.StatusBarManagerService.lambda$notifyBarAttachChanged$3$StatusBarManagerService(StatusBarManagerService.java:1266)
03-14 03:51:07.619 782 782 W Binder : at com.android.server.statusbar.StatusBarManagerService$$ExternalSyntheticLambda1.run(Unknown Source:2)
03-14 03:51:07.619 782 782 W Binder : at android.os.Handler.handleCallback(Handler.java:938)
03-14 03:51:07.619 782 782 W Binder : at android.os.Handler.dispatchMessage(Handler.java:99)
03-14 03:51:07.619 782 782 W Binder : at android.os.Looper.loopOnce(Looper.java:201)
03-14 03:51:07.619 782 782 W Binder : at android.os.Looper.loop(Looper.java:288)
03-14 03:51:07.619 782 782 W Binder : at com.android.server.SystemServer.run(SystemServer.java:909)
03-14 03:51:07.619 782 782 W Binder : at com.android.server.SystemServer.main(SystemServer.java:616)
03-14 03:51:07.619 782 782 W Binder : at java.lang.reflect.Method.invoke(Native Method)
03-14 03:51:07.619 782 782 W Binder : at com.android.internal.os.RuntimeInit$MethodAndArgsCaller.run(RuntimeInit.java:548)
03-14 03:51:07.619 782 782 W Binder : at com.android.internal.os.ZygoteInit.main(ZygoteInit.java:987)
03-14 03:51:07.685 2006 2006 I CameraManagerGlobal: Connecting to camera service
03-14 03:51:07.689 2006 2006 E ThemeUtils: View class com.airbnb.lottie.LottieAnimationView is an AppCompat widget that can only be used with a Theme.AppCompat theme (or descendant).
03-14 03:51:07.695 2006 2006 D CompatibilityChangeReporter: Compat change id reported: 170233598; UID 10078; state: DISABLED
03-14 03:51:07.735 2006 2006 D NavigationModeController: getCurrentInteractionMode: mode=2 contextUser=0
03-14 03:51:07.741 2006 2006 D ControlsListingControllerImpl: Initializing
03-14 03:51:07.750 2006 2006 D NavigationModeController: getCurrentInteractionMode: mode=2 contextUser=0
03-14 03:51:07.750 2006 2006 D NavigationModeController: getCurrentInteractionMode: mode=2 contextUser=0
03-14 03:51:07.755 2006 2006 D NavigationModeController: getCurrentUserContext: contextUser=0 currentUser=0
03-14 03:51:07.756 2006 2006 D NavigationModeController: getCurrentInteractionMode: mode=2 contextUser=0
03-14 03:51:07.761 782 2679 D CompatibilityChangeReporter: Compat change id reported: 168419799; UID 10078; state: DISABLED
03-14 03:51:07.769 2006 2006 D StatusBar: disable disable2
03-14 03:51:07.772 2006 2006 V KeyguardUpdateMonitor: *** register callback for com.android.systemui.statusbar.phone.ScrimController$KeyguardVisibilityCallback@3e93f1e
03-14 03:51:07.772 2006 2006 V KeyguardUpdateMonitor: *** unregister callback for null
03-14 03:51:07.780 2006 2006 D StatusBar: mUserSetupObserver - DeviceProvisionedListener called for user 0
03-14 03:51:07.780 2006 2006 D StatusBar: updateQsExpansionEnabled - QS Expand enabled: true
03-14 03:51:07.781 2006 2006 D StatusBar: mUserSetupObserver - DeviceProvisionedListener called for user 0
03-14 03:51:07.781 2006 2329 D OpenGLRenderer: profile bars disabled
03-14 03:51:07.781 2006 2329 D OpenGLRenderer: ambientRatio = 1.50
03-14 03:51:07.789 2006 2006 V KeyguardUpdateMonitor: *** register callback for com.android.systemui.statusbar.notification.collection.coordinator.KeyguardCoordinator$6@ce56eb
03-14 03:51:07.789 2006 2006 V KeyguardUpdateMonitor: *** unregister callback for null
03-14 03:51:07.791 2006 2006 D NotifPipeline: Notif pipeline initialized
03-14 03:51:07.794 2006 2006 V WifiManager: registerSoftApCallback: callback=com.android.systemui.statusbar.policy.HotspotControllerImpl@d4f841d, executor=android.os.HandlerExecutor@8a4692
03-14 03:51:07.795 2006 2006 V KeyguardUpdateMonitor: *** register callback for com.android.systemui.statusbar.phone.KeyguardBouncer$1@34cb863
03-14 03:51:07.795 2006 2006 V KeyguardUpdateMonitor: *** unregister callback for null
03-14 03:51:07.795 2006 2006 V KeyguardUpdateMonitor: *** register callback for com.android.systemui.statusbar.phone.StatusBarKeyguardViewManager$3@76adc60
03-14 03:51:07.795 2006 2006 V KeyguardUpdateMonitor: *** unregister callback for null
03-14 03:51:07.795 2006 2006 D KeyguardViewMediator: adjustStatusBarLocked: mShowing=false mOccluded=false isSecure=false force=false --> flags=0x0
03-14 03:51:07.795 2006 2006 D NavigationModeController: getCurrentInteractionMode: mode=2 contextUser=0
03-14 03:51:07.796 2006 2006 V KeyguardUpdateMonitor: *** register callback for com.android.systemui.statusbar.phone.StatusBar$5@9e54519
03-14 03:51:07.796 2006 2006 V KeyguardUpdateMonitor: *** unregister callback for null
03-14 03:51:07.798 1627 1627 I update_engine: [INFO:cleanup_previous_update_action.cc(112)] Executing task 3
03-14 03:51:07.798 2006 2618 W ActivityThread: Failed to find provider info for com.android.contacts (user not unlocked)
03-14 03:51:07.799 2006 2006 D StorageNotification: Notifying about private volume: VolumeInfo{private}:
03-14 03:51:07.799 2006 2006 D StorageNotification: type=PRIVATE diskId=null partGuid=null mountFlags=0 mountUserId=-10000
03-14 03:51:07.799 2006 2006 D StorageNotification: state=MOUNTED
03-14 03:51:07.799 2006 2006 D StorageNotification: fsType=null fsUuid=null fsLabel=null
03-14 03:51:07.799 2006 2006 D StorageNotification: path=/data internalPath=null
03-14 03:51:07.799 1627 1627 I update_engine: [INFO:cleanup_previous_update_action.cc(124)] CleanupPreviousUpdateAction scheduled task ID 4 for WaitBootCompleted
03-14 03:51:07.807 2006 2043 D AuthController: onFingerprintProvidersAvailable | sensors: [ID: 0, Strength: 2, Type: 1]
03-14 03:51:07.807 2006 2303 D AuthController: onEnrollmentsChanged, userId: 0, sensorId: 0, hasEnrollments: false
03-14 03:51:07.808 2006 2303 W Binder : Caught a RuntimeException from the binder stub implementation.
03-14 03:51:07.808 2006 2303 W Binder : java.lang.NullPointerException: Attempt to invoke interface method 'java.util.Iterator java.util.List.iterator()' on a null object reference
03-14 03:51:07.808 2006 2303 W Binder : at com.android.systemui.biometrics.AuthController$1.onEnrollmentsChanged(AuthController.java:139)
03-14 03:51:07.808 2006 2303 W Binder : at android.hardware.fingerprint.IFingerprintStateListener$Stub.onTransact(IFingerprintStateListener.java:107)
03-14 03:51:07.808 2006 2303 W Binder : at android.os.Binder.execTransactInternal(Binder.java:1184)
03-14 03:51:07.808 2006 2303 W Binder : at android.os.Binder.execTransact(Binder.java:1143)
03-14 03:51:07.808 2006 2006 D ThemeOverlayController: Start
03-14 03:51:07.811 2006 2006 V KeyguardUpdateMonitor: *** register callback for com.android.systemui.wmshell.WMShell$2@6132966
03-14 03:51:07.811 2006 2006 V KeyguardUpdateMonitor: *** unregister callback for null
03-14 03:51:07.811 2006 2006 V KeyguardUpdateMonitor: *** register callback for com.android.systemui.wmshell.WMShell$4@72b6d54
03-14 03:51:07.811 2006 2006 V KeyguardUpdateMonitor: *** unregister callback for null
03-14 03:51:07.811 2006 2006 D ShowWindowUtil: start and showTipWindow
03-14 03:51:07.829 2006 2006 V NotificationMediaManager: DEBUG_MEDIA: updating album art for notification null metadata=null metaDataChanged=true state=0
03-14 03:51:07.830 2006 2006 D StatusBar: disable disable2
03-14 03:51:07.830 782 2170 D CompatibilityInfo: mCompatibilityFlags - 4
03-14 03:51:07.830 782 2170 D CompatibilityInfo: applicationDensity - 240
03-14 03:51:07.830 782 2170 D CompatibilityInfo: applicationScale - 1.0
03-14 03:51:07.833 2006 2303 D KeyguardViewMediator: onStartedWakingUp, seq = 1
03-14 03:51:07.833 2006 2303 D KeyguardViewMediator: notifyStartedWakingUp
03-14 03:51:07.833 1333 1333 D incidentd: WorkDirectory::getReports
03-14 03:51:07.834 2006 2303 D KeyguardViewMediator: notifyScreenOn
03-14 03:51:07.834 2006 2303 D KeyguardViewMediator: notifyScreenTurnedOn
03-14 03:51:07.834 2006 2303 D KeyguardViewMediator: adjustStatusBarLocked: mShowing=false mOccluded=false isSecure=false force=false --> flags=0x0
03-14 03:51:07.838 2006 2006 I Choreographer: Skipped 39 frames! The application may be doing too much work on its main thread.
03-14 03:51:07.839 2006 2006 I DepthController: Won't set zoom. Window not attached com.android.systemui.statusbar.phone.NotificationShadeWindowView{abf33ff I.E...... ......I. 0,0-0,0}
03-14 03:51:07.848 782 2679 I InputDispatcher: Created monitor edge-swipe for display 0, gesture=true, pid=2006
03-14 03:51:07.850 650 663 I mpu_uart: [MSG-P:RECV]:No message received in 1000 ms
03-14 03:51:07.850 2006 2006 D NavigationModeController: getCurrentUserContext: contextUser=0 currentUser=0
03-14 03:51:07.854 2006 2329 I AdrenoGLES-0: QUALCOMM build : 47421dbee6, I139f36ad46
03-14 03:51:07.854 2006 2329 I AdrenoGLES-0: Build Date : 02/18/22
03-14 03:51:07.854 2006 2329 I AdrenoGLES-0: OpenGL ES Shader Compiler Version: EV031.32.02.17
03-14 03:51:07.854 2006 2329 I AdrenoGLES-0: Local Branch :
03-14 03:51:07.854 2006 2329 I AdrenoGLES-0: Remote Branch :
03-14 03:51:07.854 2006 2329 I AdrenoGLES-0: Remote Branch :
03-14 03:51:07.854 2006 2329 I AdrenoGLES-0: Reconstruct Branch :
03-14 03:51:07.854 2006 2329 I AdrenoGLES-0: Build Config : S P 10.0.7 AArch64
03-14 03:51:07.854 2006 2329 I AdrenoGLES-0: Driver Path : /vendor/lib64/egl/libGLESv2_adreno.so
03-14 03:51:07.855 1089 2167 D PermissionCache: checking android.permission.READ_FRAME_BUFFER for uid=10078 => granted (105 us)
03-14 03:51:07.855 514 514 I hwservicemanager: getTransport: Cannot find entry android.hardware.graphics.mapper@4.0::IMapper/default in either framework or device VINTF manifest.
03-14 03:51:07.857 2006 2329 I AdrenoGLES-0: PFP: 0x016dd093, ME: 0x00000000
03-14 03:51:07.860 2006 2329 D libEGL : MSAA-->msaa:0 gamemode:0 4x_msaa:0
03-14 03:51:07.860 2006 2329 D libEGL : MSAA-->msaa:0 gamemode:0 4x_msaa:0
03-14 03:51:07.860 2006 2329 D libEGL : MSAA-->msaa:0 gamemode:0 4x_msaa:0
03-14 03:51:07.865 918 1141 I SDM : HWCDisplay::GetColorModeCount: Supported color mode count = 1
03-14 03:51:07.865 918 1141 I SDM : HWCDisplay::GetColorModes: Color mode = 0 is supported
03-14 03:51:07.865 1089 2167 E HWComposer: getSupportedContentTypes: getSupportedContentTypes failed for display 4630946370410392961: Unsupported (8)
03-14 03:51:07.865 514 514 I hwservicemanager: getTransport: Cannot find entry android.hardware.graphics.mapper@4.0::IMapper/default in either framework or device VINTF manifest.
03-14 03:51:07.865 2006 2730 I Gralloc4: mapper 4.x is not supported
03-14 03:51:07.866 514 514 I hwservicemanager: getTransport: Cannot find entry android.hardware.graphics.allocator@4.0::IAllocator/default in either framework or device VINTF manifest.
03-14 03:51:07.866 2006 2730 W Gralloc4: allocator 4.x is not supported
03-14 03:51:07.874 2006 2044 I OpenGLRenderer: Davey! duration=9223371998774ms; Flags=1, FrameTimelineVsyncId=51, IntendedVsync=38080121998, Vsync=38730121972, InputEventId=0, HandleInputStart=38731035608, AnimationStart=38731036545, PerformTraversalsStart=38731549410, DrawStart=38757845295, FrameDeadline=38096788664, FrameInterval=38730997170, FrameStartTime=16666666, SyncQueued=38758160400, SyncStart=38758231493, IssueDrawCommandsStart=38758446858, SwapBuffers=38761156910, FrameCompleted=9223372036854775807, DequeueBufferDuration=863177, QueueBufferDuration=329948, GpuCompleted=9223372036854775807, SwapBuffersCompleted=38761613577, DisplayPresentTime=318140678,
03-14 03:51:07.880 2006 2006 V KeyguardUpdateMonitor: *** register callback for com.android.systemui.statusbar.phone.NotificationPanelViewController$1@b51bc38
03-14 03:51:07.880 2006 2006 V KeyguardUpdateMonitor: *** unregister callback for null
03-14 03:51:07.880 2006 2635 W ActivityThread: Failed to find provider info for com.android.contacts (user not unlocked)
03-14 03:51:07.882 2006 2006 V KeyguardUpdateMonitor: *** register callback for com.android.systemui.statusbar.phone.KeyguardBottomAreaView$9@3388449
03-14 03:51:07.882 2006 2006 V KeyguardUpdateMonitor: *** unregister callback for null
03-14 03:51:07.882 2006 2006 V KeyguardUpdateMonitor: *** register callback for com.android.keyguard.EmergencyButtonController$1@d4c14e
03-14 03:51:07.882 2006 2006 V KeyguardUpdateMonitor: *** unregister callback for null
03-14 03:51:07.883 2006 2006 D CompatibilityChangeReporter: Compat change id reported: 182185642; UID 10078; state: ENABLED
03-14 03:51:07.883 2006 2006 E EmergencyButton: Fail to call TelephonyManager.requestCellInfoUpdate
03-14 03:51:07.883 2006 2006 E EmergencyButton: java.lang.IllegalStateException: Telephony is null
03-14 03:51:07.883 2006 2006 E EmergencyButton: at android.telephony.TelephonyManager.requestCellInfoUpdate(TelephonyManager.java:6362)
03-14 03:51:07.883 2006 2006 E EmergencyButton: at com.android.keyguard.EmergencyButtonController.requestCellInfoUpdate(EmergencyButtonController.java:182)
03-14 03:51:07.883 2006 2006 E EmergencyButton: at com.android.keyguard.EmergencyButtonController.access$100(EmergencyButtonController.java:51)
03-14 03:51:07.883 2006 2006 E EmergencyButton: at com.android.keyguard.EmergencyButtonController$1.onPhoneStateChanged(EmergencyButtonController.java:77)
03-14 03:51:07.883 2006 2006 E EmergencyButton: at com.android.keyguard.KeyguardUpdateMonitor.sendUpdates(KeyguardUpdateMonitor.java:3085)
