01-01 08:00:35.414 782 825 I DisplayDeviceRepository: Display device added: DisplayDeviceInfo{"内置屏幕": uniqueId="local:4630946370410392961", 2380 x 1020, modeId 1, defaultModeId 1, supportedModes [{id=1, width=2380, height=1020, fps=60.000004, alternativeRefreshRates=[30.000002, 45.0]}, {id=2, width=2380, height=1020, fps=45.0, alternativeRefreshRates=[30.000002, 60.000004]}, {id=3, width=2380, height=1020, fps=30.000002, alternativeRefreshRates=[45.0, 60.000004]}], colorMode 0, supportedColorModes [0], hdrCapabilities HdrCapabilities{mSupportedHdrTypes=[2, 3, 4], mMaxLuminance=500.0, mMaxAverageLuminance=500.0, mMinLuminance=0.0}, allmSupported false, gameContentTypeSupported false, density 240, 319.851 x 319.851 dpi, appVsyncOff 1000000, presDeadline 16666666, touch INTERNAL, rotation 0, type INTERNAL, address {port=129, model=0x40446d3026322d}, deviceProductInfo DeviceProductInfo{name=, manufacturerPnpId=QCM, productId=1, modelYear=null, manufactureDate=ManufactureDate{week=27, year=2006}, connectionToSinkType=0}, state UNKNOWN, frameRateOverride , brightnessMinimum 0.0, brightnessMaximum 1.0, brightnessDefault 1.0, FLAG_DEFAULT_DISPLAY, FLAG_ROTATES_WITH_CONTENT, FLAG_SECURE, FLAG_SUPPORTS_PROTECTED_BUFFERS}
01-01 08:00:35.414 782 825 I LogicalDisplayMapper: Applying layout: [{addr: {port=129, model=0x40446d3026322d}, dispId: 0(ON)}], Previous layout: null
01-01 08:00:35.728 0 0 I ueventd : loading /devices/platform/soc/3d00000.qcom,kgsl-3d0/kgsl/kgsl-3d0/a650_sqe.fw took 5ms
01-01 08:00:35.415 782 825 I LogicalDisplayMapper: Adding new display: 0: DisplayInfo{"内置屏幕", displayId 0", displayGroupId -1, FLAG_SECURE, FLAG_SUPPORTS_PROTECTED_BUFFERS, FLAG_TRUSTED, real 2380 x 1020, largest app 2380 x 1020, smallest app 2380 x 1020, appVsyncOff 1000000, presDeadline 16666666, mode 1, defaultMode 1, modes [{id=1, width=2380, height=1020, fps=60.000004, alternativeRefreshRates=[30.000002, 45.0]}, {id=2, width=2380, height=1020, fps=45.0, alternativeRefreshRates=[30.000002, 60.000004]}, {id=3, width=2380, height=1020, fps=30.000002, alternativeRefreshRates=[45.0, 60.000004]}], hdrCapabilities HdrCapabilities{mSupportedHdrTypes=[2, 3, 4], mMaxLuminance=500.0, mMaxAverageLuminance=500.0, mMinLuminance=0.0}, userDisabledHdrTypes [], minimalPostProcessingSupported false, rotation 0, state UNKNOWN, type INTERNAL, uniqueId "local:4630946370410392961", app 2380 x 1020, density 240 (319.851 x 319.851) dpi, layerStack 0, colorMode 0, supportedColorModes [0], address {port=129, model=0x40446d3026322d}, deviceProductInfo DeviceProductInfo{name=, manufacturerPnpId=QCM, productId=1, modelYear=null, manufactureDate=ManufactureDate{week=27, year=2006}, connectionToSinkType=0}, removeMode 0, refreshRateOverride 0.0, brightnessMinimum 0.0, brightnessMaximum 1.0, brightnessDefault 1.0}
01-01 08:00:35.415 782 825 I LogicalDisplayMapper: Setting new display group 0 for display 0, from previous group: null
01-01 08:00:35.416 782 825 E DisplayDeviceConfig: requesting nits when no mapping exists.
01-01 08:00:35.418 782 825 I am_wtf : [0,782,system_server,-1,DisplayDeviceConfig,requesting nits when no mapping exists.]
01-01 08:00:35.418 782 825 E DisplayDeviceConfig: requesting nits when no mapping exists.
01-01 08:00:35.418 782 825 I am_wtf : [0,782,system_server,-1,DisplayDeviceConfig,requesting nits when no mapping exists.]
01-01 08:00:35.419 782 782 I SystemServerTiming: StartDomainVerificationService
01-01 08:00:35.419 782 825 I DisplayDeviceRepository: Display device changed state: "内置屏幕", ON
01-01 08:00:35.421 782 782 I SystemServerTiming: StartPackageManagerService
01-01 08:00:35.421 782 782 I Watchdog: Pausing HandlerChecker: main thread for reason: packagemanagermain. Pause count: 1
01-01 08:00:35.730 0 0 E init : Control message: Could not find 'android.hardware.health@2.1::IHealth/default' for ctl.interface_start from pid: 514 (/system/bin/hwservicemanager)
01-01 08:00:35.423 782 782 I PackageManagerTiming: create package manager
01-01 08:00:35.424 782 782 I boot_progress_pms_start: 32921
01-01 08:00:35.424 782 782 I PackageManagerTiming: readListOfPackagesToBeDisabled
01-01 08:00:35.424 782 782 I PackageManagerTiming: createSubComponents
01-01 08:00:35.738 0 0 I ueventd : firmware: loading 'a650_gmu.bin' for '/devices/platform/soc/3d00000.qcom,kgsl-3d0/kgsl/kgsl-3d0/a650_gmu.bin'
01-01 08:00:35.431 782 782 I PackageManagerTiming: addSharedUsers
01-01 08:00:35.432 782 782 I PackageManagerTiming: get system config
01-01 08:00:35.433 782 782 D PackageManager: Directories scanned as system partitions: [/system:0, /vendor:524288, /odm:4194304, /oem:262144, /product:1048576, /system_ext:2097152, /apex/com.android.vndk.v30:8388608, /apex/com.android.wifi:8388608, /apex/com.android.vndk.v31:8388608, /apex/com.android.tzdata:8388608, /apex/com.android.tethering:8388608, /apex/com.android.sdkext:8388608, /apex/com.android.scheduling:8388608, /apex/com.android.runtime:8388608, /apex/com.android.resolv:8388608, /apex/com.android.permission:8388608, /apex/com.android.os.statsd:8388608, /apex/com.android.neuralnetworks:8388608, /apex/com.android.mediaprovider:8388608, /apex/com.android.media.swcodec:8388608, /apex/com.android.media:8388608, /apex/com.android.ipsec:8388608, /apex/com.android.i18n:8388608, /apex/com.android.extservices:8388608, /apex/com.android.conscrypt:8388608, /apex/com.android.art:8388608, /apex/com.android.appsearch:8388608, /apex/com.android.adbd:8388608]
01-01 08:00:35.433 782 782 D SELinuxMMAC: Using policy file /system/etc/selinux/plat_mac_permissions.xml
01-01 08:00:35.741 0 0 E init : Control message: Could not find 'android.hardware.health@2.1::IHealth/default' for ctl.interface_start from pid: 514 (/system/bin/hwservicemanager)
01-01 08:00:35.434 782 782 D SELinuxMMAC: Using policy file /system_ext/etc/selinux/system_ext_mac_permissions.xml
01-01 08:00:35.435 782 782 D SELinuxMMAC: Using policy file /product/etc/selinux/product_mac_permissions.xml
01-01 08:00:35.435 782 782 D SELinuxMMAC: Using policy file /vendor/etc/selinux/vendor_mac_permissions.xml
01-01 08:00:35.435 782 782 D SELinuxMMAC: Using policy file /odm/etc/selinux/odm_mac_permissions.xml
01-01 08:00:35.436 782 782 I PackageManagerTiming: loadFallbacks
01-01 08:00:35.436 782 782 I PackageManagerTiming: read user settings
01-01 08:00:35.747 0 0 I ueventd : loading /devices/platform/soc/3d00000.qcom,kgsl-3d0/kgsl/kgsl-3d0/a650_gmu.bin took 9ms
01-01 08:00:35.751 0 0 E init : Control message: Could not find 'vendor.qti.hardware.perf@2.2::IPerf/default' for ctl.interface_start from pid: 514 (/system/bin/hwservicemanager)
01-01 08:00:35.472 782 782 W android.permission.PermissionManager: Missing ActivityManager; assuming 1000 holds android.permission.SET_PREFERRED_APPLICATIONS
01-01 08:00:35.472 782 782 W android.permission.PermissionManager: Missing ActivityManager; assuming 1000 holds android.permission.SET_PREFERRED_APPLICATIONS
01-01 08:00:35.472 782 782 W android.permission.PermissionManager: Missing ActivityManager; assuming 1000 holds android.permission.SET_PREFERRED_APPLICATIONS
01-01 08:00:35.472 782 782 W android.permission.PermissionManager: Missing ActivityManager; assuming 1000 holds android.permission.SET_PREFERRED_APPLICATIONS
01-01 08:00:35.472 782 782 W android.permission.PermissionManager: Missing ActivityManager; assuming 1000 holds android.permission.SET_PREFERRED_APPLICATIONS
01-01 08:00:35.472 782 782 W android.permission.PermissionManager: Missing ActivityManager; assuming 1000 holds android.permission.SET_PREFERRED_APPLICATIONS
01-01 08:00:35.472 782 782 W android.permission.PermissionManager: Missing ActivityManager; assuming 1000 holds android.permission.SET_PREFERRED_APPLICATIONS
01-01 08:00:35.472 782 782 W android.permission.PermissionManager: Missing ActivityManager; assuming 1000 holds android.permission.SET_PREFERRED_APPLICATIONS
01-01 08:00:35.472 782 782 W android.permission.PermissionManager: Missing ActivityManager; assuming 1000 holds android.permission.SET_PREFERRED_APPLICATIONS
01-01 08:00:35.473 782 782 W android.permission.PermissionManager: Missing ActivityManager; assuming 1000 holds android.permission.SET_PREFERRED_APPLICATIONS
01-01 08:00:35.473 782 782 W android.permission.PermissionManager: Missing ActivityManager; assuming 1000 holds android.permission.SET_PREFERRED_APPLICATIONS
01-01 08:00:35.473 782 782 W android.permission.PermissionManager: Missing ActivityManager; assuming 1000 holds android.permission.SET_PREFERRED_APPLICATIONS
01-01 08:00:35.473 782 782 W android.permission.PermissionManager: Missing ActivityManager; assuming 1000 holds android.permission.SET_PREFERRED_APPLICATIONS
01-01 08:00:35.473 782 782 W android.permission.PermissionManager: Missing ActivityManager; assuming 1000 holds android.permission.SET_PREFERRED_APPLICATIONS
01-01 08:00:35.473 782 782 W android.permission.PermissionManager: Missing ActivityManager; assuming 1000 holds android.permission.SET_PREFERRED_APPLICATIONS
01-01 08:00:35.473 782 782 W android.permission.PermissionManager: Missing ActivityManager; assuming 1000 holds android.permission.SET_PREFERRED_APPLICATIONS
01-01 08:00:35.473 782 782 W android.permission.PermissionManager: Missing ActivityManager; assuming 1000 holds android.permission.SET_PREFERRED_APPLICATIONS
01-01 08:00:35.473 782 782 W android.permission.PermissionManager: Missing ActivityManager; assuming 1000 holds android.permission.SET_PREFERRED_APPLICATIONS
01-01 08:00:35.473 782 782 W android.permission.PermissionManager: Missing ActivityManager; assuming 1000 holds android.permission.SET_PREFERRED_APPLICATIONS
01-01 08:00:35.473 782 782 W android.permission.PermissionManager: Missing ActivityManager; assuming 1000 holds android.permission.SET_PREFERRED_APPLICATIONS
01-01 08:00:35.474 782 782 W android.permission.PermissionManager: Missing ActivityManager; assuming 1000 holds android.permission.SET_PREFERRED_APPLICATIONS
01-01 08:00:35.474 782 782 W android.permission.PermissionManager: Missing ActivityManager; assuming 1000 holds android.permission.SET_PREFERRED_APPLICATIONS
01-01 08:00:35.474 782 782 W android.permission.PermissionManager: Missing ActivityManager; assuming 1000 holds android.permission.SET_PREFERRED_APPLICATIONS
01-01 08:00:35.474 782 782 W android.permission.PermissionManager: Missing ActivityManager; assuming 1000 holds android.permission.SET_PREFERRED_APPLICATIONS
01-01 08:00:35.474 782 782 W android.permission.PermissionManager: Missing ActivityManager; assuming 1000 holds android.permission.SET_PREFERRED_APPLICATIONS
01-01 08:00:35.474 782 782 W android.permission.PermissionManager: Missing ActivityManager; assuming 1000 holds android.permission.SET_PREFERRED_APPLICATIONS
01-01 08:00:35.474 782 782 W android.permission.PermissionManager: Missing ActivityManager; assuming 1000 holds android.permission.SET_PREFERRED_APPLICATIONS
01-01 08:00:35.474 782 782 W android.permission.PermissionManager: Missing ActivityManager; assuming 1000 holds android.permission.SET_PREFERRED_APPLICATIONS
01-01 08:00:35.474 782 782 W android.permission.PermissionManager: Missing ActivityManager; assuming 1000 holds android.permission.SET_PREFERRED_APPLICATIONS
01-01 08:00:35.474 782 782 W android.permission.PermissionManager: Missing ActivityManager; assuming 1000 holds android.permission.SET_PREFERRED_APPLICATIONS
01-01 08:00:35.474 782 782 W android.permission.PermissionManager: Missing ActivityManager; assuming 1000 holds android.permission.SET_PREFERRED_APPLICATIONS
01-01 08:00:35.474 782 782 W android.permission.PermissionManager: Missing ActivityManager; assuming 1000 holds android.permission.SET_PREFERRED_APPLICATIONS
01-01 08:00:35.475 782 782 W android.permission.PermissionManager: Missing ActivityManager; assuming 1000 holds android.permission.SET_PREFERRED_APPLICATIONS
01-01 08:00:35.475 782 782 W android.permission.PermissionManager: Missing ActivityManager; assuming 1000 holds android.permission.SET_PREFERRED_APPLICATIONS
01-01 08:00:35.475 782 782 W android.permission.PermissionManager: Missing ActivityManager; assuming 1000 holds android.permission.SET_PREFERRED_APPLICATIONS
01-01 08:00:35.475 782 782 W android.permission.PermissionManager: Missing ActivityManager; assuming 1000 holds android.permission.SET_PREFERRED_APPLICATIONS
01-01 08:00:35.475 782 782 W android.permission.PermissionManager: Missing ActivityManager; assuming 1000 holds android.permission.SET_PREFERRED_APPLICATIONS
01-01 08:00:35.475 782 782 W android.permission.PermissionManager: Missing ActivityManager; assuming 1000 holds android.permission.SET_PREFERRED_APPLICATIONS
01-01 08:00:35.475 782 782 W android.permission.PermissionManager: Missing ActivityManager; assuming 1000 holds android.permission.SET_PREFERRED_APPLICATIONS
01-01 08:00:35.475 782 782 W android.permission.PermissionManager: Missing ActivityManager; assuming 1000 holds android.permission.SET_PREFERRED_APPLICATIONS
01-01 08:00:35.475 782 782 W android.permission.PermissionManager: Missing ActivityManager; assuming 1000 holds android.permission.SET_PREFERRED_APPLICATIONS
01-01 08:00:35.475 782 782 W android.permission.PermissionManager: Missing ActivityManager; assuming 1000 holds android.permission.SET_PREFERRED_APPLICATIONS
01-01 08:00:35.475 782 782 W android.permission.PermissionManager: Missing ActivityManager; assuming 1000 holds android.permission.SET_PREFERRED_APPLICATIONS
01-01 08:00:35.475 782 782 W android.permission.PermissionManager: Missing ActivityManager; assuming 1000 holds android.permission.SET_PREFERRED_APPLICATIONS
01-01 08:00:35.476 782 782 W android.permission.PermissionManager: Missing ActivityManager; assuming 1000 holds android.permission.SET_PREFERRED_APPLICATIONS
01-01 08:00:35.476 782 782 W android.permission.PermissionManager: Missing ActivityManager; assuming 1000 holds android.permission.SET_PREFERRED_APPLICATIONS
01-01 08:00:35.476 782 782 W android.permission.PermissionManager: Missing ActivityManager; assuming 1000 holds android.permission.SET_PREFERRED_APPLICATIONS
01-01 08:00:35.476 782 782 W android.permission.PermissionManager: Missing ActivityManager; assuming 1000 holds android.permission.SET_PREFERRED_APPLICATIONS
01-01 08:00:35.476 782 782 W android.permission.PermissionManager: Missing ActivityManager; assuming 1000 holds android.permission.SET_PREFERRED_APPLICATIONS
01-01 08:00:35.476 782 782 W android.permission.PermissionManager: Missing ActivityManager; assuming 1000 holds android.permission.SET_PREFERRED_APPLICATIONS
01-01 08:00:35.476 782 782 W android.permission.PermissionManager: Missing ActivityManager; assuming 1000 holds android.permission.SET_PREFERRED_APPLICATIONS
01-01 08:00:35.476 782 782 W android.permission.PermissionManager: Missing ActivityManager; assuming 1000 holds android.permission.SET_PREFERRED_APPLICATIONS
01-01 08:00:35.476 782 782 W android.permission.PermissionManager: Missing ActivityManager; assuming 1000 holds android.permission.SET_PREFERRED_APPLICATIONS
01-01 08:00:35.476 782 782 W android.permission.PermissionManager: Missing ActivityManager; assuming 1000 holds android.permission.SET_PREFERRED_APPLICATIONS
01-01 08:00:35.476 782 782 W android.permission.PermissionManager: Missing ActivityManager; assuming 1000 holds android.permission.SET_PREFERRED_APPLICATIONS
01-01 08:00:35.476 782 782 W android.permission.PermissionManager: Missing ActivityManager; assuming 1000 holds android.permission.SET_PREFERRED_APPLICATIONS
01-01 08:00:35.477 782 782 W android.permission.PermissionManager: Missing ActivityManager; assuming 1000 holds android.permission.SET_PREFERRED_APPLICATIONS
01-01 08:00:35.477 782 782 W android.permission.PermissionManager: Missing ActivityManager; assuming 1000 holds android.permission.SET_PREFERRED_APPLICATIONS
01-01 08:00:35.477 782 782 W android.permission.PermissionManager: Missing ActivityManager; assuming 1000 holds android.permission.SET_PREFERRED_APPLICATIONS
01-01 08:00:35.477 782 782 W android.permission.PermissionManager: Missing ActivityManager; assuming 1000 holds android.permission.SET_PREFERRED_APPLICATIONS
01-01 08:00:35.477 782 782 W android.permission.PermissionManager: Missing ActivityManager; assuming 1000 holds android.permission.SET_PREFERRED_APPLICATIONS
01-01 08:00:35.477 782 782 W android.permission.PermissionManager: Missing ActivityManager; assuming 1000 holds android.permission.SET_PREFERRED_APPLICATIONS
01-01 08:00:35.477 782 782 W android.permission.PermissionManager: Missing ActivityManager; assuming 1000 holds android.permission.SET_PREFERRED_APPLICATIONS
01-01 08:00:35.477 782 782 W android.permission.PermissionManager: Missing ActivityManager; assuming 1000 holds android.permission.SET_PREFERRED_APPLICATIONS
01-01 08:00:35.477 782 782 W android.permission.PermissionManager: Missing ActivityManager; assuming 1000 holds android.permission.SET_PREFERRED_APPLICATIONS
01-01 08:00:35.477 782 782 W android.permission.PermissionManager: Missing ActivityManager; assuming 1000 holds android.permission.SET_PREFERRED_APPLICATIONS
01-01 08:00:35.477 782 782 W android.permission.PermissionManager: Missing ActivityManager; assuming 1000 holds android.permission.SET_PREFERRED_APPLICATIONS
01-01 08:00:35.477 782 782 W android.permission.PermissionManager: Missing ActivityManager; assuming 1000 holds android.permission.SET_PREFERRED_APPLICATIONS
01-01 08:00:35.478 782 782 W android.permission.PermissionManager: Missing ActivityManager; assuming 1000 holds android.permission.SET_PREFERRED_APPLICATIONS
01-01 08:00:35.478 782 782 W android.permission.PermissionManager: Missing ActivityManager; assuming 1000 holds android.permission.SET_PREFERRED_APPLICATIONS
01-01 08:00:35.478 782 782 W android.permission.PermissionManager: Missing ActivityManager; assuming 1000 holds android.permission.SET_PREFERRED_APPLICATIONS
01-01 08:00:35.478 782 782 W android.permission.PermissionManager: Missing ActivityManager; assuming 1000 holds android.permission.SET_PREFERRED_APPLICATIONS
01-01 08:00:35.478 782 782 W android.permission.PermissionManager: Missing ActivityManager; assuming 1000 holds android.permission.SET_PREFERRED_APPLICATIONS
01-01 08:00:35.478 782 782 W android.permission.PermissionManager: Missing ActivityManager; assuming 1000 holds android.permission.SET_PREFERRED_APPLICATIONS
01-01 08:00:35.478 782 782 W android.permission.PermissionManager: Missing ActivityManager; assuming 1000 holds android.permission.SET_PREFERRED_APPLICATIONS
01-01 08:00:35.478 782 782 W android.permission.PermissionManager: Missing ActivityManager; assuming 1000 holds android.permission.SET_PREFERRED_APPLICATIONS
01-01 08:00:35.478 782 782 W android.permission.PermissionManager: Missing ActivityManager; assuming 1000 holds android.permission.SET_PREFERRED_APPLICATIONS
01-01 08:00:35.478 782 782 W android.permission.PermissionManager: Missing ActivityManager; assuming 1000 holds android.permission.SET_PREFERRED_APPLICATIONS
01-01 08:00:35.478 782 782 W android.permission.PermissionManager: Missing ActivityManager; assuming 1000 holds android.permission.SET_PREFERRED_APPLICATIONS
01-01 08:00:35.479 782 782 W android.permission.PermissionManager: Missing ActivityManager; assuming 1000 holds android.permission.SET_PREFERRED_APPLICATIONS
01-01 08:00:35.479 782 782 W android.permission.PermissionManager: Missing ActivityManager; assuming 1000 holds android.permission.SET_PREFERRED_APPLICATIONS
01-01 08:00:35.479 782 782 W android.permission.PermissionManager: Missing ActivityManager; assuming 1000 holds android.permission.SET_PREFERRED_APPLICATIONS
01-01 08:00:35.479 782 782 W android.permission.PermissionManager: Missing ActivityManager; assuming 1000 holds android.permission.SET_PREFERRED_APPLICATIONS
01-01 08:00:35.479 782 782 W android.permission.PermissionManager: Missing ActivityManager; assuming 1000 holds android.permission.SET_PREFERRED_APPLICATIONS
01-01 08:00:35.479 782 782 W android.permission.PermissionManager: Missing ActivityManager; assuming 1000 holds android.permission.SET_PREFERRED_APPLICATIONS
01-01 08:00:35.479 782 782 W android.permission.PermissionManager: Missing ActivityManager; assuming 1000 holds android.permission.SET_PREFERRED_APPLICATIONS
01-01 08:00:35.479 782 782 W android.permission.PermissionManager: Missing ActivityManager; assuming 1000 holds android.permission.SET_PREFERRED_APPLICATIONS
01-01 08:00:35.479 782 782 W android.permission.PermissionManager: Missing ActivityManager; assuming 1000 holds android.permission.SET_PREFERRED_APPLICATIONS
01-01 08:00:35.479 782 782 W android.permission.PermissionManager: Missing ActivityManager; assuming 1000 holds android.permission.SET_PREFERRED_APPLICATIONS
01-01 08:00:35.479 782 782 W android.permission.PermissionManager: Missing ActivityManager; assuming 1000 holds android.permission.SET_PREFERRED_APPLICATIONS
01-01 08:00:35.480 782 782 W android.permission.PermissionManager: Missing ActivityManager; assuming 1000 holds android.permission.SET_PREFERRED_APPLICATIONS
01-01 08:00:35.480 782 782 W android.permission.PermissionManager: Missing ActivityManager; assuming 1000 holds android.permission.SET_PREFERRED_APPLICATIONS
01-01 08:00:35.480 782 782 W android.permission.PermissionManager: Missing ActivityManager; assuming 1000 holds android.permission.SET_PREFERRED_APPLICATIONS
01-01 08:00:35.480 782 782 W android.permission.PermissionManager: Missing ActivityManager; assuming 1000 holds android.permission.SET_PREFERRED_APPLICATIONS
01-01 08:00:35.480 782 782 W android.permission.PermissionManager: Missing ActivityManager; assuming 1000 holds android.permission.SET_PREFERRED_APPLICATIONS
01-01 08:00:35.480 782 782 W android.permission.PermissionManager: Missing ActivityManager; assuming 1000 holds android.permission.SET_PREFERRED_APPLICATIONS
01-01 08:00:35.480 782 782 W android.permission.PermissionManager: Missing ActivityManager; assuming 1000 holds android.permission.SET_PREFERRED_APPLICATIONS
01-01 08:00:35.480 782 782 W android.permission.PermissionManager: Missing ActivityManager; assuming 1000 holds android.permission.SET_PREFERRED_APPLICATIONS
01-01 08:00:35.480 782 782 W android.permission.PermissionManager: Missing ActivityManager; assuming 1000 holds android.permission.SET_PREFERRED_APPLICATIONS
01-01 08:00:35.480 782 782 W android.permission.PermissionManager: Missing ActivityManager; assuming 1000 holds android.permission.SET_PREFERRED_APPLICATIONS
01-01 08:00:35.480 782 782 W android.permission.PermissionManager: Missing ActivityManager; assuming 1000 holds android.permission.SET_PREFERRED_APPLICATIONS
01-01 08:00:35.480 782 782 W android.permission.PermissionManager: Missing ActivityManager; assuming 1000 holds android.permission.SET_PREFERRED_APPLICATIONS
01-01 08:00:35.480 782 782 W android.permission.PermissionManager: Missing ActivityManager; assuming 1000 holds android.permission.SET_PREFERRED_APPLICATIONS
01-01 08:00:35.481 782 782 W android.permission.PermissionManager: Missing ActivityManager; assuming 1000 holds android.permission.SET_PREFERRED_APPLICATIONS
01-01 08:00:35.481 782 782 W android.permission.PermissionManager: Missing ActivityManager; assuming 1000 holds android.permission.SET_PREFERRED_APPLICATIONS
01-01 08:00:35.481 782 782 W android.permission.PermissionManager: Missing ActivityManager; assuming 1000 holds android.permission.SET_PREFERRED_APPLICATIONS
01-01 08:00:35.481 782 782 W android.permission.PermissionManager: Missing ActivityManager; assuming 1000 holds android.permission.SET_PREFERRED_APPLICATIONS
01-01 08:00:35.481 782 782 W android.permission.PermissionManager: Missing ActivityManager; assuming 1000 holds android.permission.SET_PREFERRED_APPLICATIONS
01-01 08:00:35.481 782 782 W android.permission.PermissionManager: Missing ActivityManager; assuming 1000 holds android.permission.SET_PREFERRED_APPLICATIONS
01-01 08:00:35.481 782 782 W android.permission.PermissionManager: Missing ActivityManager; assuming 1000 holds android.permission.SET_PREFERRED_APPLICATIONS
01-01 08:00:35.481 782 782 W android.permission.PermissionManager: Missing ActivityManager; assuming 1000 holds android.permission.SET_PREFERRED_APPLICATIONS
01-01 08:00:35.481 782 782 W android.permission.PermissionManager: Missing ActivityManager; assuming 1000 holds android.permission.SET_PREFERRED_APPLICATIONS
01-01 08:00:35.481 782 782 W android.permission.PermissionManager: Missing ActivityManager; assuming 1000 holds android.permission.SET_PREFERRED_APPLICATIONS
01-01 08:00:35.481 782 782 W android.permission.PermissionManager: Missing ActivityManager; assuming 1000 holds android.permission.SET_PREFERRED_APPLICATIONS
01-01 08:00:35.481 782 782 W android.permission.PermissionManager: Missing ActivityManager; assuming 1000 holds android.permission.SET_PREFERRED_APPLICATIONS
01-01 08:00:35.481 782 782 W android.permission.PermissionManager: Missing ActivityManager; assuming 1000 holds android.permission.SET_PREFERRED_APPLICATIONS
01-01 08:00:35.482 782 782 W android.permission.PermissionManager: Missing ActivityManager; assuming 1000 holds android.permission.SET_PREFERRED_APPLICATIONS
01-01 08:00:35.482 782 782 W android.permission.PermissionManager: Missing ActivityManager; assuming 1000 holds android.permission.SET_PREFERRED_APPLICATIONS
01-01 08:00:35.482 782 782 W android.permission.PermissionManager: Missing ActivityManager; assuming 1000 holds android.permission.SET_PREFERRED_APPLICATIONS
01-01 08:00:35.482 782 782 W android.permission.PermissionManager: Missing ActivityManager; assuming 1000 holds android.permission.SET_PREFERRED_APPLICATIONS
01-01 08:00:35.482 782 782 W android.permission.PermissionManager: Missing ActivityManager; assuming 1000 holds android.permission.SET_PREFERRED_APPLICATIONS
01-01 08:00:35.482 782 782 W android.permission.PermissionManager: Missing ActivityManager; assuming 1000 holds android.permission.SET_PREFERRED_APPLICATIONS
01-01 08:00:35.482 782 782 W android.permission.PermissionManager: Missing ActivityManager; assuming 1000 holds android.permission.SET_PREFERRED_APPLICATIONS
01-01 08:00:35.482 782 782 W android.permission.PermissionManager: Missing ActivityManager; assuming 1000 holds android.permission.SET_PREFERRED_APPLICATIONS
01-01 08:00:35.482 782 782 W android.permission.PermissionManager: Missing ActivityManager; assuming 1000 holds android.permission.SET_PREFERRED_APPLICATIONS
01-01 08:00:35.482 782 782 W android.permission.PermissionManager: Missing ActivityManager; assuming 1000 holds android.permission.SET_PREFERRED_APPLICATIONS
01-01 08:00:35.482 782 782 W android.permission.PermissionManager: Missing ActivityManager; assuming 1000 holds android.permission.SET_PREFERRED_APPLICATIONS
01-01 08:00:35.482 782 782 W android.permission.PermissionManager: Missing ActivityManager; assuming 1000 holds android.permission.SET_PREFERRED_APPLICATIONS
01-01 08:00:35.793 0 0 W kona-asoc-snd soc: qcom,msm-audio-apr:qcom,q6core-audio:sound: msm_init_aux_dev: Max WSA devices is 0 for this target?
01-01 08:00:35.489 782 782 W android.permission.PermissionManager: Missing ActivityManager; assuming 1000 holds android.permission.SET_PREFERRED_APPLICATIONS
01-01 08:00:35.494 782 782 W android.permission.PermissionManager: Missing ActivityManager; assuming 1000 holds android.permission.SET_PREFERRED_APPLICATIONS
01-01 08:00:35.494 782 782 W android.permission.PermissionManager: Missing ActivityManager; assuming 1000 holds android.permission.SET_PREFERRED_APPLICATIONS
01-01 08:00:35.803 0 0 E init : Control message: Could not find 'aidl/SurfaceFlinger' for ctl.interface_start from pid: 513 (/system/bin/servicemanager)
01-01 08:00:35.494 782 782 W android.permission.PermissionManager: Missing ActivityManager; assuming 1000 holds android.permission.SET_PREFERRED_APPLICATIONS
01-01 08:00:35.495 782 782 W android.permission.PermissionManager: Missing ActivityManager; assuming 1000 holds android.permission.SET_PREFERRED_APPLICATIONS
01-01 08:00:35.495 782 782 W android.permission.PermissionManager: Missing ActivityManager; assuming 1000 holds android.permission.SET_PREFERRED_APPLICATIONS
01-01 08:00:35.495 782 782 W android.permission.PermissionManager: Missing ActivityManager; assuming 1000 holds android.permission.SET_PREFERRED_APPLICATIONS
01-01 08:00:35.495 782 782 W android.permission.PermissionManager: Missing ActivityManager; assuming 1000 holds android.permission.SET_PREFERRED_APPLICATIONS
01-01 08:00:35.495 782 782 W android.permission.PermissionManager: Missing ActivityManager; assuming 1000 holds android.permission.SET_PREFERRED_APPLICATIONS
01-01 08:00:35.495 782 782 W android.permission.PermissionManager: Missing ActivityManager; assuming 1000 holds android.permission.SET_PREFERRED_APPLICATIONS
01-01 08:00:35.808 0 0 E kona-asoc-snd soc: qcom,msm-audio-apr:qcom,q6core-audio:sound: ASoC: CODEC DAI wsa_macro_vifeedback not registered
01-01 08:00:35.815 0 0 I init : Control message: Processed ctl.start for 'console' from pid: 1111 (start console)
01-01 08:00:35.502 782 782 W PackageSettings: Missing permission state for package: android.frameworkres.overlay
01-01 08:00:35.502 782 782 W PackageSettings: Missing permission state for package: com.android.cts.priv.ctsshim
01-01 08:00:35.502 782 782 W PackageSettings: Missing permission state for package: com.thundercomm.gamemode.provider
01-01 08:00:35.502 782 782 W PackageSettings: Missing permission state for package: com.android.internal.systemui.navbar.gestural_wide_back
01-01 08:00:35.502 782 782 W PackageSettings: Missing permission state for package: com.qualcomm.qti.gpudrivers.kona.api30
01-01 08:00:35.502 782 782 W PackageSettings: Missing permission state for package: com.android.htmlviewer
01-01 08:00:35.502 782 782 W PackageSettings: Missing permission state for package: com.android.internal.systemui.onehanded.gestural
01-01 08:00:35.502 782 782 W PackageSettings: Missing permission state for package: android.qvaoverlay.common
01-01 08:00:35.502 782 782 W PackageSettings: Missing permission state for package: android.overlay.common
01-01 08:00:35.502 782 782 W PackageSettings: Missing permission state for package: com.android.connectivity.resources
01-01 08:00:35.502 782 782 W PackageSettings: Missing permission state for package: com.android.modulemetadata
01-01 08:00:35.502 782 782 W PackageSettings: Missing permission state for package: android.overlay.target
01-01 08:00:35.502 782 782 W PackageSettings: Missing permission state for package: com.android.internal.systemui.navbar.gestural_extra_wide_back
01-01 08:00:35.502 782 782 W PackageSettings: Missing permission state for package: com.android.wifi.resources.overlay.common
01-01 08:00:35.502 782 782 W PackageSettings: Missing permission state for package: com.android.dreams.basic
01-01 08:00:35.502 782 782 W PackageSettings: Missing permission state for package: com.android.settings.overlay.common
01-01 08:00:35.502 782 782 W PackageSettings: Missing permission state for package: android.ext.shared
01-01 08:00:35.502 782 782 W PackageSettings: Missing permission state for package: com.android.wifi.resources.overlay.target
01-01 08:00:35.503 782 782 W PackageSettings: Missing permission state for package: com.android.wifi.resources
01-01 08:00:35.503 782 782 W PackageSettings: Missing permission state for package: com.android.systemui.overlay.common
01-01 08:00:35.503 782 782 W PackageSettings: Missing permission state for package: com.android.cameraextensions
01-01 08:00:35.503 782 782 W PackageSettings: Missing permission state for package: com.android.theme.font.notoserifsource
01-01 08:00:35.503 782 782 W PackageSettings: Missing permission state for package: com.android.internal.display.cutout.emulation.waterfall
01-01 08:00:35.503 782 782 W PackageSettings: Missing permission state for package: com.android.providers.settings.overlay
01-01 08:00:35.503 782 782 W PackageSettings: Missing permission state for package: com.android.bookmarkprovider
01-01 08:00:35.503 782 782 W PackageSettings: Missing permission state for package: com.android.cts.ctsshim
01-01 08:00:35.503 782 782 W PackageSettings: Missing permission state for package: com.qualcomm.qti.xrcb
01-01 08:00:35.503 782 782 W PackageSettings: Missing permission state for package: com.android.internal.systemui.navbar.gestural
01-01 08:00:35.503 782 782 W PackageSettings: Missing permission state for package: com.android.internal.systemui.navbar.gestural_narrow_back
01-01 08:00:35.503 782 782 W PackageSettings: Missing permission state for package: com.android.cellbroadcastreceiver.overlay.common
01-01 08:00:35.503 782 782 W PackageSettings: Missing permission state for shared user: android.uid.log
01-01 08:00:35.503 782 782 W PackageSettings: Missing permission state for shared user: android.uid.uwb
01-01 08:00:35.822 0 0 E qcom-lpi-pinctrl soc: qcom,msm-audio-apr:qcom,q6core-audio:lpi_pinctrl@33c0000: snd_event_notify: No snd dev entry found
01-01 08:00:35.516 782 782 I boot_progress_pms_system_scan_start: 33013
01-01 08:00:35.518 782 782 D PackageManager: Keeping known cache 51798739cd6de3aedf2a6534bff0b68ba61eb21e
01-01 08:00:35.519 782 782 W android.permission.PermissionManager: Missing ActivityManager; assuming 1000 holds android.permission.WATCH_APPOPS
01-01 08:00:35.519 782 782 W android.permission.PermissionManager: Missing ActivityManager; assuming 1000 holds android.permission.WATCH_APPOPS
01-01 08:00:35.826 0 0 I init : starting service 'bootanim'...
01-01 08:00:35.841 0 0 I platform soc: qcom,msm-audio-apr:qcom,voice-mhi-audio: assigned reserved memory node mailbox_region
01-01 08:00:35.533 782 782 D CompatibilityChangeReporter: Compat change id reported: 143539591; UID -1; state: ENABLED
01-01 08:00:35.847 0 0 I init : Control message: Processed ctl.start for 'bootanim' from pid: 1089 (/system/bin/surfaceflinger)
01-01 08:00:35.547 782 782 D CompatibilityChangeReporter: Compat change id reported: 143539591; UID -1; state: DISABLED
01-01 08:00:35.547 782 782 D CompatibilityChangeReporter: Compat change id reported: 168782947; UID -1; state: ENABLED
01-01 08:00:35.548 782 782 W PackageManager: Failed to parse /system/framework/arm: Missing base APK in /system/framework/arm
01-01 08:00:35.548 782 782 W PackageManager: Failed to parse /system/framework/oat: Missing base APK in /system/framework/oat
01-01 08:00:35.548 782 782 W PackageManager: Failed to parse /system/framework/arm64: Missing base APK in /system/framework/arm64
01-01 08:00:35.853 0 0 E : [drm:dp_display_init_aux_switch][msm-dp-err][79 ]failed to register notifier (-22)
01-01 08:00:35.870 0 0 I init : Service 'qcom-c_core-sh' (pid 1072) exited with status 0 oneshot service took 0.345000 seconds in background
01-01 08:00:35.893 0 0 E register_client_adhoc: find path.src 1 dest 589
01-01 08:00:35.893 0 0 E register_client_adhoc: Failed to find path.src 1 dest 589
01-01 08:00:35.896 0 0 I binder : 1167:1167 ioctl 40046210 7fe0a05314 returned -22
01-01 08:00:35.912 0 0 I init : Sending signal 9 to service 'qcom-c_core-sh' (pid 1072) process group...
01-01 08:00:35.605 782 1165 D CompatibilityChangeReporter: Compat change id reported: 150232615; UID -1; state: DISABLED
01-01 08:00:35.610 782 782 D CompatibilityChangeReporter: Compat change id reported: 168782947; UID -1; state: DISABLED
01-01 08:00:35.919 0 0 W kona-asoc-snd soc: qcom,msm-audio-apr:qcom,q6core-audio:sound: msm_init_aux_dev: Max WSA devices is 0 for this target?
01-01 08:00:35.613 782 1165 W PackageParsing: No actions in intent-filter at /system/priv-app/baidu_ime-mainLine-release/baidu_ime-mainLine-release.apk Binary XML file line #1529
01-01 08:00:35.628 782 1163 W PackageParsing: Ignoring duplicate uses-permissions/uses-permissions-sdk-m: android.permission.ACCESS_WIFI_STATE in package: com.microsoft.emmx at: Binary XML file line #105
01-01 08:00:35.926 0 0 I libprocessgroup: Successfully killed process cgroup uid 0 pid 1072 in 0ms
01-01 08:00:35.949 0 0 E kona-asoc-snd soc: qcom,msm-audio-apr:qcom,q6core-audio:sound: ASoC: CODEC DAI wsa_macro_vifeedback not registered
01-01 08:00:35.960 0 0 I init : Command 'chmod 0755 /system/bin/ip' action=boot (/vendor/etc/init/hw/init.qcom.rc:164) took 0ms and failed: fchmodat() failed: Read-only file system
01-01 08:00:35.965 0 0 W : bolero-clk-rsc-mngr bolero-clk-rsc-mngr: DMA mask not set
01-01 08:00:35.966 0 0 I init : processing action (boot) from (/vendor/etc/init/hw/init.qcom.usb.rc:46)
01-01 08:00:35.966 0 0 I init : Command 'mount configfs none /config' action=boot (/vendor/etc/init/hw/init.qcom.usb.rc:47) took 0ms and failed: mount() failed: Device or resource busy
01-01 08:00:35.969 0 0 I : Mass Storage Function, version: 2009/09/11
01-01 08:00:35.969 0 0 I LUN : removable file: (no medium)
01-01 08:00:35.639 477 477 I auditd : type=1400 audit(0.0:394): avc: denied { getattr } for comm="init" path="/persist/drm" dev="sda2" ino=22 scontext=u:r:vendor_init:s0 tcontext=u:object_r:mnt_product_file:s0 tclass=dir permissive=1
01-01 08:00:35.659 782 830 W Installer: installd not found; trying again
01-01 08:00:35.972 0 0 I : file system registered
01-01 08:00:35.974 0 0 I f_cdev_alloc: port_name:at_usb0 (0000000000000000) portno:(0)
01-01 08:00:35.974 0 0 I f_cdev_alloc: port_name:at_usb1 (0000000000000000) portno:(1)
01-01 08:00:35.974 0 0 I f_cdev_alloc: port_name:at_usb2 (0000000000000000) portno:(2)
01-01 08:00:35.976 0 0 W tx_macro tx-macro: DMA mask not set
01-01 08:00:35.977 0 0 I init : Command 'write /config/usb_gadget/g1/functions/diag.diag/serial ${ro.serialno}' action=boot (/vendor/etc/init/hw/init.qcom.usb.rc:97) took 0ms and failed: Unable to write to file '/config/usb_gadget/g1/functions/diag.diag/serial': open() failed: Permission denied
01-01 08:00:35.647 477 477 I auditd : type=1400 audit(0.0:395): avc: denied { setattr } for comm="init" name="rawdump" dev="tmpfs" ino=12661 scontext=u:r:vendor_init:s0 tcontext=u:object_r:block_device:s0 tclass=lnk_file permissive=1
01-01 08:00:35.981 0 0 I init : starting service 'exec 20 (/vendor/bin/init.qcom.usb.sh)'...
01-01 08:00:35.982 0 0 I init : SVC_EXEC service 'exec 20 (/vendor/bin/init.qcom.usb.sh)' pid 1178 (uid 0 gid 0+0 context u:r:vendor_qti_init_shell:s0) started; waiting...
01-01 08:00:35.673 782 1165 W PackageParsing: No actions in intent-filter at /system/priv-app/BuiltInPrintService/BuiltInPrintService.apk Binary XML file line #53
01-01 08:00:35.991 0 0 E tx_macro tx-macro: tx_macro_probe: va-macro not registered yet, defer
01-01 08:00:35.647 477 477 I auditd : type=1400 audit(0.0:396): avc: denied { add_name } for comm="init" name="discard_max_bytes" scontext=u:r:vendor_init:s0 tcontext=u:object_r:sysfs:s0 tclass=dir permissive=1
01-01 08:00:35.991 0 0 W rx_macro rx-macro: DMA mask not set
01-01 08:00:36.003 0 0 E rx_macro rx-macro: rx_macro_probe: va-macro not registered yet, defer
01-01 08:00:35.692 782 1163 W PackageParsing: No actions in intent-filter at /system/app/Bluetooth/Bluetooth.apk Binary XML file line #186
01-01 08:00:35.692 782 1163 W PackageParsing: No actions in intent-filter at /system/app/Bluetooth/Bluetooth.apk Binary XML file line #210
01-01 08:00:35.692 782 1163 W PackageParsing: No actions in intent-filter at /system/app/Bluetooth/Bluetooth.apk Binary XML file line #284
01-01 08:00:35.647 477 477 I auditd : type=1400 audit(0.0:397): avc: denied { create } for comm="init" name="discard_max_bytes" scontext=u:r:vendor_init:s0 tcontext=u:object_r:sysfs:s0 tclass=file permissive=1
01-01 08:00:36.004 0 0 W wsa_macro wsa-macro: DMA mask not set
01-01 08:00:35.717 782 782 W PackageManager: Failed to parse /vendor/app/CneApp: Missing base APK in /vendor/app/CneApp/lib/arm64
01-01 08:00:35.788 782 1164 W PackageParsing: Ignoring duplicate uses-permissions/uses-permissions-sdk-m: android.permission.CONFIGURE_WIFI_DISPLAY in package: com.android.systemui at: Binary XML file line #160
01-01 08:00:36.113 0 0 W healthd : No battery devices found
01-01 08:00:36.115 0 0 E wsa_macro wsa-macro: wsa_macro_probe: va-macro not registered yet, defer
01-01 08:00:36.130 0 0 W is_dc_online: 2 callbacks suppressed
01-01 08:00:36.130 0 0 E HL6111R : is_dc_online: DC psy unavailable
01-01 08:00:35.816 0 0 W healthd : battery none chg=
01-01 08:00:35.816 0 0 E HL6111R : is_dc_online: DC psy unavailable
01-01 08:00:35.795 866 866 I auditd : type=1400 audit(0.0:398): avc: denied { read } for comm="android.hardwar" name="type" dev="sysfs" ino=63651 scontext=u:r:hal_health_default:s0 tcontext=u:object_r:sysfs:s0 tclass=file permissive=1
01-01 08:00:35.820 0 0 W va_macro va-macro: DMA mask not set
01-01 08:00:35.827 0 0 E HL6111R : is_dc_online: DC psy unavailable
01-01 08:00:35.837 0 0 E msm_cdc_pinctrl_get_gpiodata: device node is null
01-01 08:00:35.795 866 866 I auditd : type=1400 audit(0.0:399): avc: denied { open } for comm="android.hardwar" path="/sys/devices/platform/soc/884000.i2c/i2c-3/3-0025/power_supply/wireless/type" dev="sysfs" ino=63651 scontext=u:r:hal_health_default:s0 tcontext=u:object_r:sysfs:s0 tclass=file permissive=1
01-01 08:00:35.795 866 866 I auditd : type=1400 audit(0.0:400): avc: denied { getattr } for comm="android.hardwar" path="/sys/devices/platform/soc/884000.i2c/i2c-3/3-0025/power_supply/wireless/type" dev="sysfs" ino=63651 scontext=u:r:hal_health_default:s0 tcontext=u:object_r:sysfs:s0 tclass=file permissive=1
01-01 08:00:35.867 0 0 I va_macro va-macro: Linked as a consumer to regulator.7
01-01 08:00:35.879 0 0 I va_macro va-macro: bolero_register_macro: register macro successful:3
01-01 08:00:35.795 1178 1178 I auditd : type=1400 audit(0.0:401): avc: denied { write } for comm="init.qcom.usb.s" name="uvc.0" dev="configfs" ino=20254 scontext=u:r:vendor_qti_init_shell:s0 tcontext=u:object_r:configfs:s0 tclass=dir permissive=1
01-01 08:00:35.881 0 0 W wcd938x_codec wcd938x-codec: DMA mask not set
01-01 08:00:35.795 1178 1178 I auditd : type=1400 audit(0.0:402): avc: denied { add_name } for comm="init.qcom.usb.s" name="streaming_maxpacket" scontext=u:r:vendor_qti_init_shell:s0 tcontext=u:object_r:configfs:s0 tclass=dir permissive=1
01-01 08:00:35.894 0 0 I wcd938x_codec wcd938x-codec: msm_cdc_dt_parse_vreg_info: cdc-vdd-rxtx: vol=[1800000 1800000]uV, curr=[30000]uA, ond 0 lpm 0
01-01 08:00:35.902 0 0 I init : Service 'exec 20 (/vendor/bin/init.qcom.usb.sh)' (pid 1178) exited with status 0 waiting took 0.233000 seconds
01-01 08:00:35.902 0 0 I init : Sending signal 9 to service 'exec 20 (/vendor/bin/init.qcom.usb.sh)' (pid 1178) process group...
01-01 08:00:35.902 0 0 I libprocessgroup: Successfully killed process cgroup uid 0 pid 1178 in 0ms
01-01 08:00:35.903 0 0 I init : Command 'setprop sys.usb.config ${persist.vendor.usb.config}' action=boot (/vendor/etc/init/hw/init.qcom.usb.rc:115) took 0ms and failed: property 'persist.vendor.usb.config' doesn't exist while expanding '${persist.vendor.usb.config}'
01-01 08:00:35.903 0 0 I init : processing action (boot) from (/vendor/etc/init/hw/init.target.rc:79)
01-01 08:00:35.905 0 0 I init : starting service 'exec 21 (/vendor/bin/modprobe -a -d /vendor/lib/modules/ qca_cld3_qca6390 qca_cld3_qca6490)'...
01-01 08:00:35.906 0 0 I init : processing action (boot) from (/system/etc/init/dumpstate.rc:1)
01-01 08:00:35.906 0 0 I init : processing action (boot) from (/system/etc/init/gsid.rc:25)
01-01 08:00:35.906 0 0 I init : starting service 'exec 22 (/system/bin/gsid run-startup-tasks)'...
01-01 08:00:35.906 0 0 I init : processing action (boot) from (/vendor/etc/init/init.thundercomm.touchscreen.rc:5)
01-01 08:00:35.907 0 0 I init : processing action (boot) from (/vendor/etc/init/netmgrd.rc:6)
01-01 08:00:35.907 0 0 I init : starting service 'exec 23 (/vendor/bin/modprobe -a -d /vendor/lib/modules rmnet_ctl)'...
01-01 08:00:35.908 0 0 I init : SVC_EXEC service 'exec 23 (/vendor/bin/modprobe -a -d /vendor/lib/modules rmnet_ctl)' pid 1215 (uid 0 gid 0+0 context u:r:vendor_modprobe:s0) started; waiting...
01-01 08:00:35.915 1214 1214 I gsid : no DSU: No such file or directory
01-01 08:00:35.915 0 0 I init : Service 'exec 22 (/system/bin/gsid run-startup-tasks)' (pid 1214) exited with status 0 oneshot service took 0.008000 seconds in background
01-01 08:00:35.915 0 0 I init : Sending signal 9 to service 'exec 22 (/system/bin/gsid run-startup-tasks)' (pid 1214) process group...
01-01 08:00:35.915 0 0 I libprocessgroup: Successfully killed process cgroup uid 0 pid 1214 in 0ms
01-01 08:00:35.915 0 0 I wcd938x_codec wcd938x-codec: msm_cdc_dt_parse_vreg_info: cdc-vddio: vol=[1800000 1800000]uV, curr=[30000]uA, ond 0 lpm 0
01-01 08:00:35.921 782 1163 I PackageParsing: Parse times for '/system_ext/priv-app/Settings': parse=153ms, update_cache=2 ms
01-01 08:00:35.921 782 782 I PackageManager: /system_ext/priv-app/Settings changed; collecting certs
01-01 08:00:35.795 1178 1178 I auditd : type=1400 audit(0.0:403): avc: denied { create } for comm="init.qcom.usb.s" name="streaming_maxpacket" scontext=u:r:vendor_qti_init_shell:s0 tcontext=u:object_r:configfs:s0 tclass=file permissive=1
01-01 08:00:35.923 0 0 I init : Service 'exec 23 (/vendor/bin/modprobe -a -d /vendor/lib/modules rmnet_ctl)' (pid 1215) exited with status 1 waiting took 0.015000 seconds
01-01 08:00:35.923 0 0 I init : Sending signal 9 to service 'exec 23 (/vendor/bin/modprobe -a -d /vendor/lib/modules rmnet_ctl)' (pid 1215) process group...
01-01 08:00:35.923 0 0 I libprocessgroup: Successfully killed process cgroup uid 0 pid 1215 in 0ms
01-01 08:00:35.923 0 0 I init : starting service 'exec 24 (/vendor/bin/modprobe -a -d /vendor/lib/modules rmnet_core)'...
01-01 08:00:35.924 0 0 I init : SVC_EXEC service 'exec 24 (/vendor/bin/modprobe -a -d /vendor/lib/modules rmnet_core)' pid 1216 (uid 0 gid 0+0 context u:r:vendor_modprobe:s0) started; waiting...
01-01 08:00:35.930 0 0 I wcd938x_codec wcd938x-codec: msm_cdc_dt_parse_vreg_info: cdc-vdd-buck: vol=[1800000 1800000]uV, curr=[650000]uA, ond 0 lpm 0
01-01 08:00:35.930 0 0 I wcd938x_codec wcd938x-codec: msm_cdc_dt_parse_vreg_info: cdc-vdd-mic-bias: vol=[3296000 3296000]uV, curr=[30000]uA, ond 0 lpm 0
01-01 08:00:35.930 0 0 I wcd938x_codec wcd938x-codec: Linked as a consumer to regulator.7
01-01 08:00:35.803 1196 1196 I auditd : type=1400 audit(0.0:404): avc: denied { create } for comm="mkdir" name="h" scontext=u:r:vendor_qti_init_shell:s0 tcontext=u:object_r:configfs:s0 tclass=dir permissive=1
01-01 08:00:35.940 0 0 I init : Service 'exec 24 (/vendor/bin/modprobe -a -d /vendor/lib/modules rmnet_core)' (pid 1216) exited with status 1 waiting took 0.015000 seconds
01-01 08:00:35.940 0 0 I init : Sending signal 9 to service 'exec 24 (/vendor/bin/modprobe -a -d /vendor/lib/modules rmnet_core)' (pid 1216) process group...
01-01 08:00:35.940 0 0 I libprocessgroup: Successfully killed process cgroup uid 0 pid 1216 in 0ms
01-01 08:00:35.940 0 0 I init : starting service 'exec 25 (/vendor/bin/modprobe -a -d /vendor/lib/modules/5.4-gki rmnet_ctl)'...
01-01 08:00:35.941 0 0 I init : SVC_EXEC service 'exec 25 (/vendor/bin/modprobe -a -d /vendor/lib/modules/5.4-gki rmnet_ctl)' pid 1217 (uid 0 gid 0+0 context u:r:vendor_modprobe:s0) started; waiting...
01-01 08:00:35.952 0 0 I wcd938x_codec wcd938x-codec: Linked as a consumer to regulator.48
01-01 08:00:35.953 782 1166 W PackageParsing: Ignoring duplicate uses-permissions/uses-permissions-sdk-m: android.permission.INTERACT_ACROSS_USERS in package: com.thundercomm.microsettings at: Binary XML file line #13
01-01 08:00:35.953 782 1166 W PackageParsing: Ignoring duplicate uses-permissions/uses-permissions-sdk-m: android.permission.SET_TIME_ZONE in package: com.thundercomm.microsettings at: Binary XML file line #31
01-01 08:00:35.953 782 1166 W PackageParsing: Ignoring duplicate uses-permissions/uses-permissions-sdk-m: android.permission.WRITE_EXTERNAL_STORAGE in package: com.thundercomm.microsettings at: Binary XML file line #37
01-01 08:00:35.953 0 0 I init : Service 'exec 25 (/vendor/bin/modprobe -a -d /vendor/lib/modules/5.4-gki rmnet_ctl)' (pid 1217) exited with status 1 waiting took 0.012000 seconds
01-01 08:00:35.953 0 0 I init : Sending signal 9 to service 'exec 25 (/vendor/bin/modprobe -a -d /vendor/lib/modules/5.4-gki rmnet_ctl)' (pid 1217) process group...
01-01 08:00:35.953 0 0 I libprocessgroup: Successfully killed process cgroup uid 0 pid 1217 in 0ms
01-01 08:00:35.953 0 0 I init : starting service 'exec 26 (/vendor/bin/modprobe -a -d /vendor/lib/modules/5.4-gki rmnet_core)'...
01-01 08:00:35.954 0 0 I init : SVC_EXEC service 'exec 26 (/vendor/bin/modprobe -a -d /vendor/lib/modules/5.4-gki rmnet_core)' pid 1218 (uid 0 gid 0+0 context u:r:vendor_modprobe:s0) started; waiting...
01-01 08:00:35.964 0 0 I init : Service 'exec 26 (/vendor/bin/modprobe -a -d /vendor/lib/modules/5.4-gki rmnet_core)' (pid 1218) exited with status 1 waiting took 0.009000 seconds
01-01 08:00:35.964 0 0 I init : Sending signal 9 to service 'exec 26 (/vendor/bin/modprobe -a -d /vendor/lib/modules/5.4-gki rmnet_core)' (pid 1218) process group...
01-01 08:00:35.964 0 0 I libprocessgroup: Successfully killed process cgroup uid 0 pid 1218 in 0ms
01-01 08:00:35.964 0 0 I init : processing action (boot) from (/vendor/etc/init/port-bridge.rc:6)
01-01 08:00:35.964 0 0 I init : processing action (boot) from (/vendor/etc/init/qmipriod.debug.rc:5)
01-01 08:00:35.965 0 0 I init : processing action (boot) from (/vendor/etc/init/qvrd_vndr.rc:19)
01-01 08:00:35.965 0 0 I init : processing action (boot) from (/vendor/etc/init/shsusrd.rc:6)
01-01 08:00:35.965 782 1165 W PackageParsing: No actions in intent-filter at /system_ext/app/SnapdragonMusic/SnapdragonMusic.apk Binary XML file line #83
01-01 08:00:35.965 782 1165 W PackageParsing: No actions in intent-filter at /system_ext/app/SnapdragonMusic/SnapdragonMusic.apk Binary XML file line #206
01-01 08:00:35.965 0 0 I init : processing action (boot) from (/vendor/etc/init/vendor.qti.hardware.charger_monitor@1.0-service.rc:21)
01-01 08:00:35.965 0 0 I init : starting service 'vendor.qti-chg-policy-sh'...
