01-01 08:00:34.658 782 782 I SystemServiceManager: Starting com.android.server.os.DeviceIdentifiersPolicyService
01-01 08:00:34.659 782 782 I SystemServerTiming: UriGrantsManagerService
01-01 08:00:34.659 782 782 I SystemServiceManager: Starting com.android.server.uri.UriGrantsManagerService$Lifecycle
01-01 08:00:34.659 782 829 I SystemConfig: Reading permissions from /system_ext/etc/permissions/privapp-permissions-aptxals.xml
01-01 08:00:34.659 782 782 I SystemServerTiming: StartPowerStatsService
01-01 08:00:34.659 782 782 I SystemServiceManager: Starting com.android.server.powerstats.PowerStatsService
01-01 08:00:34.659 782 829 I SystemConfig: Reading permissions from /system_ext/etc/permissions/wfd-system-ext-privapp-permissions-qti.xml
01-01 08:00:34.659 782 829 I SystemConfig: Reading permissions from /system_ext/etc/permissions/embms-noship_product_privapp_permissions_qti.xml
01-01 08:00:34.660 782 829 I SystemConfig: Reading permissions from /system_ext/etc/permissions/com.qualcomm.qti.imscmservice-V2.0-java.xml
01-01 08:00:34.660 782 829 I SystemConfig: Reading permissions from /system_ext/etc/permissions/com.qualcomm.location.xml
01-01 08:00:34.660 782 829 I SystemConfig: Reading permissions from /system_ext/etc/permissions/com.android.provision.xml
01-01 08:00:34.661 782 829 I SystemConfig: Reading permissions from /system_ext/etc/permissions/com.qualcomm.qti.imscmservice-V2.1-java.xml
01-01 08:00:34.661 782 829 I SystemConfig: Reading permissions from /system_ext/etc/permissions/privapp-permissions-com.qualcomm.location.xml
01-01 08:00:34.661 782 829 I SystemConfig: Reading permissions from /system_ext/etc/permissions/embms.xml
01-01 08:00:34.661 782 829 I SystemConfig: Reading permissions from /system_ext/etc/permissions/vendor.qti.ims.rcsservice.xml
01-01 08:00:34.662 782 829 I SystemConfig: Reading permissions from /system_ext/etc/permissions/qti_libpermissions.xml
01-01 08:00:34.662 782 829 I SystemConfig: Reading permissions from /system_ext/etc/permissions/dpmapi.xml
01-01 08:00:34.662 782 829 I SystemConfig: Reading permissions from /system_ext/etc/permissions/com.qti.location.sdk.xml
01-01 08:00:34.662 782 829 I SystemConfig: Reading permissions from /system_ext/etc/permissions/android.software.verified_boot.xml
01-01 08:00:34.663 782 829 I SystemConfig: Reading permissions from /system_ext/etc/permissions/com.qualcomm.qmapbridge.xml
01-01 08:00:34.663 782 829 I SystemConfig: Reading permissions from /system_ext/etc/permissions/qti_permissions.xml
01-01 08:00:34.663 782 829 I SystemConfig: Reading permissions from /system_ext/etc/permissions/com.hht.lebocast.xml
01-01 08:00:34.663 782 829 I SystemConfig: Reading permissions from /system_ext/etc/permissions/com.android.emergency.xml
01-01 08:00:34.664 782 829 I SystemConfig: Reading permissions from /system_ext/etc/permissions/com.android.storagemanager.xml
01-01 08:00:34.664 782 829 I SystemConfig: Reading permissions from /system_ext/etc/permissions/qti_supplicant_interface.xml
01-01 08:00:34.664 782 829 I SystemConfig: Reading permissions from /system_ext/etc/permissions/audiosphere.xml
01-01 08:00:34.664 782 829 I SystemConfig: Reading permissions from /system_ext/etc/permissions/com.android.systemui.xml
01-01 08:00:34.665 782 829 I SystemConfig: Reading permissions from /system_ext/etc/permissions/com.qualcomm.qti.imscmservice-V2.2-java.xml
01-01 08:00:34.665 782 829 I SystemConfig: Reading permissions from /system_ext/etc/permissions/com.android.launcher3.xml
01-01 08:00:34.665 782 829 I SystemConfig: Reading permissions from /system_ext/etc/permissions/com.android.settings.xml
01-01 08:00:34.666 782 829 I SystemConfig: Reading permissions from /system_ext/etc/permissions/telephony_system-ext_privapp-permissions-qti.xml
01-01 08:00:34.666 782 829 I SystemConfig: Reading permissions from /system_ext/etc/permissions/com.nxp.nfc.nq.xml
01-01 08:00:34.666 782 829 I SystemConfig: Reading permissions from /system_ext/etc/permissions/com.qualcomm.qti.imscmservice.xml
01-01 08:00:34.970 0 0 I init : processing action (early-boot) from (/vendor/etc/init/init.vendor.sensors.rc:32)
01-01 08:00:34.974 0 0 I binder : 782:782 ioctl 40046210 7fc8a60674 returned -22
01-01 08:00:34.667 782 829 I SystemConfig: Reading permissions from /system_ext/etc/permissions/com.qualcomm.qti.izattools.xml
01-01 08:00:34.667 782 829 I SystemConfig: Reading permissions from /system_ext/etc/permissions/izat.xt.srv.xml
01-01 08:00:34.980 0 0 I subsys-restart: __subsystem_get(): Changing subsys fw_name to slpi
01-01 08:00:34.980 0 0 W subsys-pil-tz 5c00000.qcom,ssc: Falling back to syfs fallback for: slpi.mdt
01-01 08:00:34.981 0 0 I ueventd : firmware: loading 'slpi.mdt' for '/devices/platform/soc/5c00000.qcom,ssc/firmware/slpi.mdt'
01-01 08:00:34.982 0 0 I ueventd : loading /devices/platform/soc/5c00000.qcom,ssc/firmware/slpi.mdt took 0ms
01-01 08:00:34.982 0 0 I subsys-pil-tz 5c00000.qcom,ssc: slpi: loading from 0x0000000088c00000 to 0x000000008a100000
01-01 08:00:34.984 0 0 W subsys-pil-tz 5c00000.qcom,ssc: Falling back to syfs fallback for: slpi.b02
01-01 08:00:34.984 0 0 W subsys-pil-tz 5c00000.qcom,ssc: Falling back to syfs fallback for: slpi.b03
01-01 08:00:34.984 0 0 W subsys-pil-tz 5c00000.qcom,ssc: Falling back to syfs fallback for: slpi.b04
01-01 08:00:34.984 0 0 W subsys-pil-tz 5c00000.qcom,ssc: Falling back to syfs fallback for: slpi.b06
01-01 08:00:34.984 0 0 W subsys-pil-tz 5c00000.qcom,ssc: Falling back to syfs fallback for: slpi.b05
01-01 08:00:34.984 0 0 W subsys-pil-tz 5c00000.qcom,ssc: Falling back to syfs fallback for: slpi.b07
01-01 08:00:34.984 0 0 W subsys-pil-tz 5c00000.qcom,ssc: Falling back to syfs fallback for: slpi.b08
01-01 08:00:34.984 0 0 W subsys-pil-tz 5c00000.qcom,ssc: Falling back to syfs fallback for: slpi.b09
01-01 08:00:34.984 0 0 W subsys-pil-tz 5c00000.qcom,ssc: Falling back to syfs fallback for: slpi.b10
01-01 08:00:34.984 0 0 W subsys-pil-tz 5c00000.qcom,ssc: Falling back to syfs fallback for: slpi.b11
01-01 08:00:34.984 0 0 W subsys-pil-tz 5c00000.qcom,ssc: Falling back to syfs fallback for: slpi.b12
01-01 08:00:34.985 0 0 W subsys-pil-tz 5c00000.qcom,ssc: Falling back to syfs fallback for: slpi.b13
01-01 08:00:34.985 0 0 W subsys-pil-tz 5c00000.qcom,ssc: Falling back to syfs fallback for: slpi.b14
01-01 08:00:34.985 0 0 W subsys-pil-tz 5c00000.qcom,ssc: Falling back to syfs fallback for: slpi.b15
01-01 08:00:34.985 0 0 W subsys-pil-tz 5c00000.qcom,ssc: Falling back to syfs fallback for: slpi.b16
01-01 08:00:34.985 0 0 W subsys-pil-tz 5c00000.qcom,ssc: Falling back to syfs fallback for: slpi.b17
01-01 08:00:34.985 0 0 W subsys-pil-tz 5c00000.qcom,ssc: Falling back to syfs fallback for: slpi.b18
01-01 08:00:34.985 0 0 W subsys-pil-tz 5c00000.qcom,ssc: Falling back to syfs fallback for: slpi.b19
01-01 08:00:34.985 0 0 W subsys-pil-tz 5c00000.qcom,ssc: Falling back to syfs fallback for: slpi.b20
01-01 08:00:34.675 782 829 I SystemConfig: Reading permissions from /system_ext/etc/permissions/com.thundercomm.microsettings.xml
01-01 08:00:34.986 0 0 I ueventd : firmware: loading 'slpi.b02' for '/devices/platform/soc/5c00000.qcom,ssc/firmware/slpi.b02'
01-01 08:00:34.986 0 0 I ueventd : firmware: loading 'slpi.b03' for '/devices/platform/soc/5c00000.qcom,ssc/firmware/slpi.b03'
01-01 08:00:34.986 0 0 I init : processing action (early-boot) from (/vendor/etc/init/ipa_fws.rc:6)
01-01 08:00:34.987 0 0 I init : processing action (early-boot) from (/vendor/etc/init/ssgtzd.rc:11)
01-01 08:00:34.987 0 0 I init : starting service 'vendor.ssgtzd'...
01-01 08:00:34.987 0 0 I init : Created socket '/dev/socket/ssgtzd', mode 660, user 1000, group 3003
01-01 08:00:34.987 0 0 I init : Created socket '/dev/socket/qwes_ipc', mode 660, user 1000, group 3003
01-01 08:00:34.988 0 0 I ueventd : firmware: loading 'slpi.b04' for '/devices/platform/soc/5c00000.qcom,ssc/firmware/slpi.b04'
01-01 08:00:34.988 0 0 I ueventd : firmware: loading 'slpi.b06' for '/devices/platform/soc/5c00000.qcom,ssc/firmware/slpi.b06'
01-01 08:00:34.989 0 0 I ueventd : firmware: loading 'slpi.b05' for '/devices/platform/soc/5c00000.qcom,ssc/firmware/slpi.b05'
01-01 08:00:34.990 0 0 I ueventd : loading /devices/platform/soc/5c00000.qcom,ssc/firmware/slpi.b06 took 1ms
01-01 08:00:34.991 0 0 I ueventd : loading /devices/platform/soc/5c00000.qcom,ssc/firmware/slpi.b04 took 3ms
01-01 08:00:34.992 0 0 I ueventd : firmware: loading 'slpi.b09' for '/devices/platform/soc/5c00000.qcom,ssc/firmware/slpi.b09'
01-01 08:00:34.993 0 0 I ueventd : loading /devices/platform/soc/5c00000.qcom,ssc/firmware/slpi.b05 took 3ms
01-01 08:00:34.994 0 0 I ueventd : loading /devices/platform/soc/5c00000.qcom,ssc/firmware/slpi.b09 took 1ms
01-01 08:00:34.684 782 782 I SystemServerTiming: StartIStatsService
01-01 08:00:34.994 0 0 I ueventd : firmware: loading 'slpi.b11' for '/devices/platform/soc/5c00000.qcom,ssc/firmware/slpi.b11'
01-01 08:00:34.995 0 0 I ueventd : loading /devices/platform/soc/5c00000.qcom,ssc/firmware/slpi.b11 took 0ms
01-01 08:00:34.995 0 0 I ueventd : firmware: loading 'slpi.b12' for '/devices/platform/soc/5c00000.qcom,ssc/firmware/slpi.b12'
01-01 08:00:34.995 0 0 I ueventd : loading /devices/platform/soc/5c00000.qcom,ssc/firmware/slpi.b12 took 0ms
01-01 08:00:34.996 0 0 I ueventd : firmware: loading 'slpi.b08' for '/devices/platform/soc/5c00000.qcom,ssc/firmware/slpi.b08'
01-01 08:00:34.996 0 0 I ueventd : firmware: loading 'slpi.b07' for '/devices/platform/soc/5c00000.qcom,ssc/firmware/slpi.b07'
01-01 08:00:34.997 0 0 I ueventd : firmware: loading 'slpi.b10' for '/devices/platform/soc/5c00000.qcom,ssc/firmware/slpi.b10'
01-01 08:00:34.997 0 0 I ueventd : loading /devices/platform/soc/5c00000.qcom,ssc/firmware/slpi.b07 took 0ms
01-01 08:00:34.997 0 0 I ueventd : firmware: loading 'slpi.b15' for '/devices/platform/soc/5c00000.qcom,ssc/firmware/slpi.b15'
01-01 08:00:34.998 0 0 I ueventd : firmware: loading 'slpi.b13' for '/devices/platform/soc/5c00000.qcom,ssc/firmware/slpi.b13'
01-01 08:00:34.684 782 829 I SystemConfig: Reading permissions from /system_ext/etc/permissions/com.qti.media.secureprocessor.xml
01-01 08:00:34.686 782 829 I SystemConfig: Reading permissions from /system_ext/etc/permissions/privapp-permissions-qti-system-ext.xml
01-01 08:00:34.999 0 0 I ueventd : firmware: loading 'slpi.b16' for '/devices/platform/soc/5c00000.qcom,ssc/firmware/slpi.b16'
01-01 08:00:35.000 0 0 I init : processing action (boot) from (/system/etc/init/hw/init.rc:1011)
01-01 08:00:34.686 782 829 I SystemConfig: Reading permissions from /system_ext/etc/permissions/com.qti.dpmframework.xml
01-01 08:00:35.000 0 0 I ueventd : firmware: loading 'slpi.b14' for '/devices/platform/soc/5c00000.qcom,ssc/firmware/slpi.b14'
01-01 08:00:35.001 0 0 I ueventd : firmware: loading 'slpi.b17' for '/devices/platform/soc/5c00000.qcom,ssc/firmware/slpi.b17'
01-01 08:00:35.002 0 0 I ueventd : firmware: loading 'slpi.b18' for '/devices/platform/soc/5c00000.qcom,ssc/firmware/slpi.b18'
01-01 08:00:35.003 0 0 I ueventd : loading /devices/platform/soc/5c00000.qcom,ssc/firmware/slpi.b08 took 6ms
01-01 08:00:35.003 0 0 I init : starting service 'vendor.memtrack-hal-1-0'...
01-01 08:00:34.688 782 782 I SystemServerTiming: MemtrackProxyService
01-01 08:00:34.690 782 829 I SystemConfig: Reading permissions from /apex/com.android.ipsec/etc/permissions/android.net.ipsec.ike.xml
01-01 08:00:35.003 0 0 I ueventd : loading /devices/platform/soc/5c00000.qcom,ssc/firmware/slpi.b10 took 6ms
01-01 08:00:35.003 0 0 I ueventd : firmware: loading 'slpi.b19' for '/devices/platform/soc/5c00000.qcom,ssc/firmware/slpi.b19'
01-01 08:00:35.004 0 0 I ueventd : loading /devices/platform/soc/5c00000.qcom,ssc/firmware/slpi.b13 took 5ms
01-01 08:00:35.004 0 0 I ueventd : firmware: loading 'slpi.b20' for '/devices/platform/soc/5c00000.qcom,ssc/firmware/slpi.b20'
01-01 08:00:35.005 0 0 I ueventd : loading /devices/platform/soc/5c00000.qcom,ssc/firmware/slpi.b17 took 3ms
01-01 08:00:35.005 0 0 I ueventd : loading /devices/platform/soc/5c00000.qcom,ssc/firmware/slpi.b16 took 5ms
01-01 08:00:35.005 0 0 I ueventd : loading /devices/platform/soc/5c00000.qcom,ssc/firmware/slpi.b18 took 2ms
01-01 08:00:34.663 477 477 I auditd : type=1400 audit(0.0:369): avc: denied { add_name } for comm="init" name="boot" scontext=u:r:vendor_init:s0 tcontext=u:object_r:vendor_sysfs_slpi:s0 tclass=dir permissive=1
01-01 08:00:34.663 477 477 I auditd : type=1400 audit(0.0:370): avc: denied { create } for comm="init" name="boot" scontext=u:r:vendor_init:s0 tcontext=u:object_r:vendor_sysfs_slpi:s0 tclass=file permissive=1
01-01 08:00:35.006 0 0 I ueventd : loading /devices/platform/soc/5c00000.qcom,ssc/firmware/slpi.b15 took 8ms
01-01 08:00:35.007 0 0 I ueventd : loading /devices/platform/soc/5c00000.qcom,ssc/firmware/slpi.b20 took 3ms
01-01 08:00:35.008 0 0 I init : Control message: Processed ctl.interface_start for 'android.hardware.memtrack@1.0::IMemtrack/default' from pid: 514 (/system/bin/hwservicemanager)
01-01 08:00:35.009 0 0 I init : Control message: Processed ctl.interface_start for 'android.hardware.memtrack@1.0::IMemtrack/default' from pid: 514 (/system/bin/hwservicemanager)
01-01 08:00:34.691 1 1 I auditd : type=1400 audit(0.0:371): avc: denied { add_name } for comm="init" name="cp_interval" scontext=u:r:init:s0 tcontext=u:object_r:sysfs_fs_f2fs:s0 tclass=dir permissive=1
01-01 08:00:34.691 1 1 I auditd : type=1400 audit(0.0:372): avc: denied { add_name } for comm="init" name="discard_max_bytes" scontext=u:r:init:s0 tcontext=u:object_r:sysfs_dm:s0 tclass=dir permissive=1
01-01 08:00:35.010 0 0 I ueventd : loading /devices/platform/soc/5c00000.qcom,ssc/firmware/slpi.b14 took 10ms
01-01 08:00:35.011 0 0 I init : starting service 'vendor.audio-hal'...
01-01 08:00:35.012 0 0 I init : starting service 'hidl_memory'...
01-01 08:00:35.013 0 0 I init : starting service 'qccsyshal@1.1-service'...
01-01 08:00:34.706 782 829 D SystemServerInitThreadPool: Finished executing ReadingSystemConfig
01-01 08:00:35.019 0 0 I ueventd : loading /devices/platform/soc/5c00000.qcom,ssc/firmware/slpi.b19 took 16ms
01-01 08:00:35.020 0 0 I init : starting service 'vendor.bluetooth-1-0-qti'...
01-01 08:00:35.021 0 0 I ueventd : loading /devices/platform/soc/5c00000.qcom,ssc/firmware/slpi.b02 took 35ms
01-01 08:00:35.023 0 0 I binder : 860:860 ioctl 40046210 7fd13b1f54 returned -22
01-01 08:00:35.024 0 0 I init : starting service 'vendor.cas-hal-1-2'...
01-01 08:00:35.026 0 0 I init : starting service 'vendor.drm-clearkey-hal-1-3'...
01-01 08:00:34.720 782 782 I SystemServerTiming: StartActivityManager
01-01 08:00:34.720 782 782 I SystemServiceManager: Starting com.android.server.wm.ActivityTaskManagerService$Lifecycle
01-01 08:00:35.027 0 0 I init : starting service 'gnss_service'...
01-01 08:00:35.029 0 0 I init : starting service 'health-hal-2-1'...
01-01 08:00:35.029 0 0 I init : Opened file '/dev/kmsg', flags 1
01-01 08:00:35.031 0 0 I init : starting service 'vendor.light-qti'...
01-01 08:00:35.032 0 0 I binder : 861:861 ioctl 40046210 7fc8191c84 returned -22
01-01 08:00:35.032 0 0 I binder : 861:861 ioctl 40046210 7fc8191c64 returned -22
01-01 08:00:34.724 782 782 I SystemServiceManager: Starting com.android.server.am.ActivityManagerService$Lifecycle
01-01 08:00:35.038 0 0 I ueventd : loading /devices/platform/soc/5c00000.qcom,ssc/firmware/slpi.b03 took 51ms
01-01 08:00:34.740 782 782 I ActivityManager: Memory class: 256
01-01 08:00:34.741 782 872 I Binder : Setting heavy hitter watcher config: false, 0, 0.0
01-01 08:00:35.051 0 0 I init : starting service 'neuralnetworks_hal_service'...
01-01 08:00:34.754 782 782 I PackageWatchdog: Updated health check state for package com.qualcomm.qti.devicestatisticsservice: INACTIVE -> PASSED
01-01 08:00:34.759 782 782 D BatteryStatsImpl: Reading daily items from /data/system/batterystats-daily.xml
01-01 08:00:35.079 0 0 I binder : 871:871 ioctl 40046210 7fd9793824 returned -22
01-01 08:00:35.082 0 0 E init : failed to write pid to files: couldn't write 907 to /dev/stune/nnapi-hal/tasks: No such file or directory
01-01 08:00:35.082 0 0 I init : starting service 'vendor.power'...
01-01 08:00:35.083 0 0 I init : starting service 'vendor.sensors-hal-2-0-multihal'...
01-01 08:00:35.084 0 0 I init : starting service 'android.thermal-hal'...
01-01 08:00:35.085 0 0 I init : starting service 'vendor.usb-hal-1-2'...
01-01 08:00:35.086 0 0 I init : starting service 'vendor.wifi_hal_legacy'...
01-01 08:00:35.087 0 0 I init : starting service 'display-color-hal-1-0'...
01-01 08:00:35.088 0 0 I init : starting service 'qti_esepowermanager_service_1_1'...
01-01 08:00:34.779 782 915 I KernelCpuUidFreqTimeReader: mPerClusterTimesAvailable=false
01-01 08:00:34.780 782 915 W KernelCpuUidFreqTimeBpfMapReader: Failed to start tracking
01-01 08:00:34.780 782 915 W KernelCpuUidActiveTimeBpfMapReader: Failed to start tracking
01-01 08:00:34.781 782 915 W KernelCpuUidClusterTimeBpfMapReader: Failed to start tracking
01-01 08:00:34.781 782 915 E KernelCpuSpeedReader: Failed to read cpu-freq: /sys/devices/system/cpu/cpu4/cpufreq/stats/time_in_state: open failed: ENOENT (No such file or directory)
01-01 08:00:34.781 782 915 E KernelCpuSpeedReader: Failed to read cpu-freq: /sys/devices/system/cpu/cpu0/cpufreq/stats/time_in_state: open failed: ENOENT (No such file or directory)
01-01 08:00:34.775 599 599 I auditd : type=1400 audit(0.0:373): avc: denied { read } for comm="Binder:599_2" name="wakeup58" dev="sysfs" ino=71284 scontext=u:r:system_suspend:s0 tcontext=u:object_r:sysfs:s0 tclass=dir permissive=1
01-01 08:00:34.775 599 599 I auditd : type=1400 audit(0.0:374): avc: denied { open } for comm="Binder:599_2" path="/sys/devices/virtual/misc/msm_g711alaw/wakeup58" dev="sysfs" ino=71284 scontext=u:r:system_suspend:s0 tcontext=u:object_r:sysfs:s0 tclass=dir permissive=1
01-01 08:00:35.090 0 0 I init : starting service 'vendor.capabilityconfigstore'...
01-01 08:00:35.114 0 0 I subsys-pil-tz 5c00000.qcom,ssc: slpi: Brought out of reset
01-01 08:00:35.119 0 0 I init : starting service 'vendor.qti.hardware.display.allocator'...
01-01 08:00:34.775 599 599 I auditd : type=1400 audit(0.0:375): avc: denied { read } for comm="Binder:599_2" name="event_count" dev="sysfs" ino=71291 scontext=u:r:system_suspend:s0 tcontext=u:object_r:sysfs:s0 tclass=file permissive=1
01-01 08:00:35.124 0 0 I init : starting service 'vendor.qti.hardware.display.composer'...
01-01 08:00:35.125 0 0 I init : Created socket '/dev/socket/pps', mode 660, user 1000, group 1000
01-01 08:00:34.817 782 830 I commit_sys_config_file: [batterystats-daily,42]
01-01 08:00:35.129 0 0 I init : starting service 'vendor.dspservice'...
01-01 08:00:34.820 782 915 W KernelMemoryBandwidthStats: No kernel memory bandwidth stats available
01-01 08:00:34.775 599 599 I auditd : type=1400 audit(0.0:376): avc: denied { open } for comm="Binder:599_2" path="/sys/devices/virtual/misc/msm_g711alaw/wakeup58/event_count" dev="sysfs" ino=71291 scontext=u:r:system_suspend:s0 tcontext=u:object_r:sysfs:s0 tclass=file permissive=1
01-01 08:00:34.826 782 830 I commit_sys_config_file: [batterystats,6]
01-01 08:00:34.827 782 830 I commit_sys_config_file: [batterystats,1]
01-01 08:00:35.134 0 0 I init : starting service 'iop-hal-2-0'...
01-01 08:00:35.149 0 0 I init : starting service 'vendor.limits-hal'...
01-01 08:00:34.775 599 599 I auditd : type=1400 audit(0.0:377): avc: denied { getattr } for comm="Binder:599_2" path="/sys/devices/virtual/misc/msm_g711alaw/wakeup58/event_count" dev="sysfs" ino=71291 scontext=u:r:system_suspend:s0 tcontext=u:object_r:sysfs:s0 tclass=file permissive=1
01-01 08:00:34.843 782 782 I service_manager_stats: [100,16,32340]
01-01 08:00:34.851 782 782 I IntentFirewall: Read new rules (A:0 B:0 S:0)
01-01 08:00:35.156 0 0 I binder : 908:908 ioctl 40046210 7ffe230f14 returned -22
01-01 08:00:35.166 0 0 I init : starting service 'perf-hal-2-2'...
01-01 08:00:34.847 916 916 I auditd : type=1400 audit(0.0:378): avc: denied { read } for comm="vendor.qti.hard" name="u:object_r:vendor_cap_configstore_dbg_prop:s0" dev="tmpfs" ino=3486 scontext=u:r:vendor_hal_capabilityconfigstore_qti_default:s0 tcontext=u:object_r:vendor_cap_configstore_dbg_prop:s0 tclass=file permissive=1
01-01 08:00:34.847 916 916 I auditd : type=1400 audit(0.0:379): avc: denied { open } for comm="vendor.qti.hard" path="/dev/__properties__/u:object_r:vendor_cap_configstore_dbg_prop:s0" dev="tmpfs" ino=3486 scontext=u:r:vendor_hal_capabilityconfigstore_qti_default:s0 tcontext=u:object_r:vendor_cap_configstore_dbg_prop:s0 tclass=file permissive=1
01-01 08:00:34.847 916 916 I auditd : type=1400 audit(0.0:380): avc: denied { getattr } for comm="vendor.qti.hard" path="/dev/__properties__/u:object_r:vendor_cap_configstore_dbg_prop:s0" dev="tmpfs" ino=3486 scontext=u:r:vendor_hal_capabilityconfigstore_qti_default:s0 tcontext=u:object_r:vendor_cap_configstore_dbg_prop:s0 tclass=file permissive=1
01-01 08:00:34.847 916 916 I auditd : type=1400 audit(0.0:381): avc: denied { map } for comm="vendor.qti.hard" path="/dev/__properties__/u:object_r:vendor_cap_configstore_dbg_prop:s0" dev="tmpfs" ino=3486 scontext=u:r:vendor_hal_capabilityconfigstore_qti_default:s0 tcontext=u:object_r:vendor_cap_configstore_dbg_prop:s0 tclass=file permissive=1
01-01 08:00:34.858 782 782 D AppOps : AppOpsService published
01-01 08:00:34.861 782 782 I SystemServerTiming: StartDataLoaderManagerService
01-01 08:00:34.861 782 782 I SystemServiceManager: Starting com.android.server.pm.DataLoaderManagerService
01-01 08:00:34.865 782 782 I SystemServerTiming: StartIncrementalService
01-01 08:00:34.868 782 782 I SystemServerTiming: StartPowerManager
01-01 08:00:34.868 782 782 I SystemServiceManager: Starting com.android.server.power.PowerManagerService
01-01 08:00:34.868 912 912 I android.hardware.wifi@1.0-service: Wifi Hal is booting up...
01-01 08:00:35.175 0 0 I subsys-pil-tz 5c00000.qcom,ssc: Subsystem error monitoring/handling services are up
01-01 08:00:34.870 912 912 I HidlServiceManagement: Registered android.hardware.wifi@1.4::IWifi/default (start delay of 97ms)
01-01 08:00:35.184 0 0 I init : starting service 'qccvndhalservice'...
01-01 08:00:35.188 0 0 I subsys-pil-tz 5c00000.qcom,ssc: slpi: Power/Clock ready interrupt received
01-01 08:00:35.188 0 0 I adsprpc : fastrpc_restart_notifier_cb: slpi subsystem is up
01-01 08:00:35.189 0 0 I adsprpc : fastrpc_rpmsg_probe: opened rpmsg channel for slpi
01-01 08:00:34.881 782 782 I SystemServerTiming: StartThermalManager
01-01 08:00:34.881 782 782 I SystemServiceManager: Starting com.android.server.power.ThermalManagerService
01-01 08:00:34.881 782 782 I SystemServerTiming: StartHintManager
01-01 08:00:34.881 782 782 I SystemServiceManager: Starting com.android.server.power.hint.HintManagerService
01-01 08:00:34.881 782 782 I SystemServerTiming: InitPowerManagement
01-01 08:00:34.882 782 782 I SystemServerTiming: StartRecoverySystemService
01-01 08:00:34.882 782 782 I SystemServiceManager: Starting com.android.server.recoverysystem.RecoverySystemService$Lifecycle
01-01 08:00:34.883 782 782 I rescue_note: [0,1,32380]
01-01 08:00:34.883 782 782 I SystemServerTiming: StartLightsService
01-01 08:00:34.883 782 782 I SystemServiceManager: Starting com.android.server.lights.LightsService
01-01 08:00:35.192 0 0 E register_client_adhoc: find path.src 1 dest 589
01-01 08:00:35.192 0 0 E register_client_adhoc: Failed to find path.src 1 dest 589
01-01 08:00:35.192 0 0 E : [drm:dp_display_init_aux_switch][msm-dp-err][62 ]failed to register notifier (-22)
01-01 08:00:35.199 0 0 I init : starting service 'qteeconnector-hal-1-0'...
01-01 08:00:35.201 0 0 I qcom_smd_qrtr_probe: Entered
01-01 08:00:35.201 0 0 I qcom_smd_qrtr_probe: SMD QRTR driver probed
01-01 08:00:35.202 0 0 E register_client_adhoc: find path.src 1 dest 589
01-01 08:00:35.202 0 0 E register_client_adhoc: Failed to find path.src 1 dest 589
01-01 08:00:35.203 0 0 E : [drm:dp_display_init_aux_switch][msm-dp-err][18 ]failed to register notifier (-22)
01-01 08:00:35.204 0 0 I qcom_rpmh DRV: apps_rsc TCS Busy, retrying RPMH message send: addr=0x30030
01-01 08:00:34.896 782 782 I SystemServerTiming: StartSidekickService
01-01 08:00:34.896 782 782 I SystemServerTiming: StartDisplayManager
01-01 08:00:34.896 782 782 I SystemServiceManager: Starting com.android.server.display.DisplayManagerService
01-01 08:00:35.216 0 0 I init : starting service 'sensorscal-hal-1-0'...
01-01 08:00:35.225 0 0 I qcom_rpmh DRV: apps_rsc TCS Busy, retrying RPMH message send: addr=0x30040
01-01 08:00:35.237 0 0 I init : starting service 'vendor.servicetracker-1-2'...
01-01 08:00:34.939 918 918 I auditd : type=1400 audit(0.0:382): avc: denied { getattr } for comm="vendor.qti.hard" path="/mnt/vendor/persist/display" dev="sda2" ino=29 scontext=u:r:hal_graphics_composer_default:s0 tcontext=u:object_r:mnt_product_file:s0 tclass=dir permissive=1
01-01 08:00:35.264 0 0 I init : starting service 'soter-1-0'...
01-01 08:00:34.939 918 918 I auditd : type=1400 audit(0.0:383): avc: denied { search } for comm="vendor.qti.hard" name="display" dev="sda2" ino=29 scontext=u:r:hal_graphics_composer_default:s0 tcontext=u:object_r:mnt_product_file:s0 tclass=dir permissive=1
01-01 08:00:35.285 0 0 I init : starting service 'tui_comm-1-0'...
01-01 08:00:34.951 918 918 I auditd : type=1400 audit(0.0:384): avc: denied { read write } for comm="vendor.qti.hard" name="diag" dev="tmpfs" ino=1107 scontext=u:r:hal_graphics_composer_default:s0 tcontext=u:object_r:vendor_diag_device:s0 tclass=chr_file permissive=1
01-01 08:00:35.305 0 0 I init : starting service 'vendor.qti.vibrator'...
01-01 08:00:34.951 918 918 I auditd : type=1400 audit(0.0:385): avc: denied { open } for comm="vendor.qti.hard" path="/dev/diag" dev="tmpfs" ino=1107 scontext=u:r:hal_graphics_composer_default:s0 tcontext=u:object_r:vendor_diag_device:s0 tclass=chr_file permissive=1
01-01 08:00:35.324 0 0 I init : starting service 'vendor-qti-media-c2-hal-1-0'...
01-01 08:00:35.332 0 0 I binder : 1047:1047 ioctl 40046210 7fecd35f14 returned -22
01-01 08:00:35.342 0 0 I init : starting service 'pasr-hal-1-0'...
01-01 08:00:35.342 0 0 W QSEECOM : qseecom_load_app: App (soter64) does'nt exist, loading apps for first time
01-01 08:00:34.951 918 918 I auditd : type=1400 audit(0.0:386): avc: denied { ioctl } for comm="vendor.qti.hard" path="/dev/diag" dev="tmpfs" ino=1107 ioctlcmd=0x0 scontext=u:r:hal_graphics_composer_default:s0 tcontext=u:object_r:vendor_diag_device:s0 tclass=chr_file permissive=1
01-01 08:00:35.351 0 0 W QSEECOM : qseecom_load_app: App with id 4 (soter64) now loaded
01-01 08:00:35.403 0 0 I msm_vidc: high: 00000001: ....d: Opening video instance: 0000000000000000, 1
01-01 08:00:35.411 0 0 I init : starting service 'qspmhal'...
01-01 08:00:35.419 0 0 I msm_vidc_v4l2 aa00000.qcom,vidc: Linked as a consumer to regulator.75
01-01 08:00:35.431 0 0 I init : starting service 'secureelement-hal_1_2'...
01-01 08:00:35.440 0 0 I msm_vidc_v4l2 aa00000.qcom,vidc: Linked as a consumer to regulator.74
01-01 08:00:35.451 0 0 I init : starting service 'tsnv-1-0'...
01-01 08:00:35.460 0 0 I subsys-restart: __subsystem_get(): Changing subsys fw_name to venus
01-01 08:00:35.470 0 0 I init : starting service 'vendor.vppservice'...
01-01 08:00:35.479 0 0 W subsys-pil-tz aab0000.qcom,venus: Falling back to syfs fallback for: venus.mdt
01-01 08:00:35.490 0 0 I init : Command 'class_start hal' action=boot (/system/etc/init/hw/init.rc:1113) took 479ms and succeeded
01-01 08:00:35.500 0 0 I ueventd : firmware: loading 'venus.mdt' for '/devices/platform/soc/aab0000.qcom,venus/firmware/venus.mdt'
01-01 08:00:35.505 0 0 E init : Control message: Could not find 'vendor.qti.hardware.perf@2.2::IPerf/default' for ctl.interface_start from pid: 514 (/system/bin/hwservicemanager)
01-01 08:00:35.514 0 0 I ueventd : loading /devices/platform/soc/aab0000.qcom,venus/firmware/venus.mdt took 14ms
01-01 08:00:35.514 0 0 I subsys-pil-tz aab0000.qcom,venus: venus: loading from 0x0000000086e00000 to 0x0000000087300000
01-01 08:00:35.517 0 0 W subsys-pil-tz aab0000.qcom,venus: Falling back to syfs fallback for: venus.b02
01-01 08:00:35.517 0 0 W subsys-pil-tz aab0000.qcom,venus: Falling back to syfs fallback for: venus.b03
01-01 08:00:35.517 0 0 W subsys-pil-tz aab0000.qcom,venus: Falling back to syfs fallback for: venus.b04
01-01 08:00:35.517 0 0 W subsys-pil-tz aab0000.qcom,venus: Falling back to syfs fallback for: venus.b05
01-01 08:00:35.517 0 0 W subsys-pil-tz aab0000.qcom,venus: Falling back to syfs fallback for: venus.b06
01-01 08:00:35.517 0 0 W subsys-pil-tz aab0000.qcom,venus: Falling back to syfs fallback for: venus.b07
01-01 08:00:35.517 0 0 W subsys-pil-tz aab0000.qcom,venus: Falling back to syfs fallback for: venus.b08
01-01 08:00:35.517 0 0 W subsys-pil-tz aab0000.qcom,venus: Falling back to syfs fallback for: venus.b09
01-01 08:00:35.517 0 0 W subsys-pil-tz aab0000.qcom,venus: Falling back to syfs fallback for: venus.b10
01-01 08:00:35.517 0 0 W subsys-pil-tz aab0000.qcom,venus: Falling back to syfs fallback for: venus.b19
01-01 08:00:35.518 0 0 I ueventd : firmware: loading 'venus.b03' for '/devices/platform/soc/aab0000.qcom,venus/firmware/venus.b03'
01-01 08:00:35.519 0 0 I ueventd : loading /devices/platform/soc/aab0000.qcom,venus/firmware/venus.b03 took 0ms
01-01 08:00:35.519 0 0 I ueventd : firmware: loading 'venus.b02' for '/devices/platform/soc/aab0000.qcom,venus/firmware/venus.b02'
01-01 08:00:35.520 0 0 I ueventd : loading /devices/platform/soc/aab0000.qcom,venus/firmware/venus.b02 took 0ms
01-01 08:00:35.521 0 0 I ueventd : firmware: loading 'venus.b05' for '/devices/platform/soc/aab0000.qcom,venus/firmware/venus.b05'
01-01 08:00:35.522 0 0 I ueventd : loading /devices/platform/soc/aab0000.qcom,venus/firmware/venus.b05 took 0ms
01-01 08:00:35.523 0 0 I ueventd : firmware: loading 'venus.b07' for '/devices/platform/soc/aab0000.qcom,venus/firmware/venus.b07'
01-01 08:00:35.523 0 0 I ueventd : firmware: loading 'venus.b08' for '/devices/platform/soc/aab0000.qcom,venus/firmware/venus.b08'
01-01 08:00:35.524 0 0 I ueventd : firmware: loading 'venus.b06' for '/devices/platform/soc/aab0000.qcom,venus/firmware/venus.b06'
01-01 08:00:35.524 0 0 I init : starting service 'qcom-c_core-sh'...
01-01 08:00:35.525 0 0 I ueventd : firmware: loading 'venus.b10' for '/devices/platform/soc/aab0000.qcom,venus/firmware/venus.b10'
01-01 08:00:35.526 0 0 I ueventd : loading /devices/platform/soc/aab0000.qcom,venus/firmware/venus.b10 took 0ms
01-01 08:00:35.526 0 0 I ueventd : firmware: loading 'venus.b19' for '/devices/platform/soc/aab0000.qcom,venus/firmware/venus.b19'
01-01 08:00:35.527 0 0 I ueventd : loading /devices/platform/soc/aab0000.qcom,venus/firmware/venus.b19 took 0ms
01-01 08:00:35.527 0 0 I ueventd : firmware: loading 'venus.b09' for '/devices/platform/soc/aab0000.qcom,venus/firmware/venus.b09'
01-01 08:00:35.527 0 0 I ueventd : loading /devices/platform/soc/aab0000.qcom,venus/firmware/venus.b07 took 3ms
01-01 08:00:35.528 0 0 I ueventd : loading /devices/platform/soc/aab0000.qcom,venus/firmware/venus.b09 took 1ms
01-01 08:00:35.533 0 0 I ueventd : loading /devices/platform/soc/aab0000.qcom,venus/firmware/venus.b08 took 9ms
01-01 08:00:35.543 0 0 I ueventd : firmware: loading 'venus.b04' for '/devices/platform/soc/aab0000.qcom,venus/firmware/venus.b04'
01-01 08:00:35.544 0 0 I ueventd : loading /devices/platform/soc/aab0000.qcom,venus/firmware/venus.b06 took 20ms
01-01 08:00:35.552 0 0 I init : starting service 'vendor.qrtr-ns'...
01-01 08:00:35.562 0 0 I ueventd : loading /devices/platform/soc/aab0000.qcom,venus/firmware/venus.b04 took 18ms
01-01 08:00:35.571 0 0 I subsys-pil-tz aab0000.qcom,venus: venus: Brought out of reset
01-01 08:00:35.571 0 0 I init : starting service 'irsc_util'...
01-01 08:00:35.572 0 0 E init : Could not start service 'esepmdaemon' as part of class 'core': Cannot find '/system/vendor/bin/esepmdaemon': No such file or directory
01-01 08:00:35.572 0 0 I init : starting service 'vendor.lowi'...
01-01 08:00:35.573 0 0 I init : starting service 'vendor.pd_mapper'...
01-01 08:00:35.574 0 0 I init : starting service 'vendor.per_mgr'...
01-01 08:00:35.576 0 0 I init : starting service 'vendor.mdm_launcher'...
01-01 08:00:35.577 0 0 I init : starting service 'audioserver'...
01-01 08:00:35.578 0 0 I init : starting service 'credstore'...
01-01 08:00:35.579 0 0 I init : starting service 'gpu'...
01-01 08:00:35.581 0 0 I init : starting service 'surfaceflinger'...
01-01 08:00:35.581 0 0 I init : Could not create socket 'pdx/system/vr/display/client': Failed to bind socket 'pdx/system/vr/display/client': No such file or directory
01-01 08:00:35.581 0 0 I init : Could not create socket 'pdx/system/vr/display/manager': Failed to bind socket 'pdx/system/vr/display/manager': No such file or directory
01-01 08:00:35.581 0 0 I init : Could not create socket 'pdx/system/vr/display/vsync': Failed to bind socket 'pdx/system/vr/display/vsync': No such file or directory
01-01 08:00:35.583 0 0 I init : starting service 'vendor.rmt_storage'...
01-01 08:00:35.584 0 0 I init : starting service 'vendor.tftp_server'...
01-01 08:00:35.271 1080 1080 I irsc_util: Starting irsc tool
01-01 08:00:35.267 7 7 I auditd : type=1400 audit(0.0:387): avc: denied { create } for comm="kworker/u16:0" scontext=u:r:kernel:s0 tcontext=u:r:kernel:s0 tclass=qipcrtr_socket permissive=1
01-01 08:00:35.273 1080 1080 I irsc_util: Num of entries:298
01-01 08:00:35.273 1080 1080 I irsc_util: Ending irsc tool
01-01 08:00:35.586 0 0 I init : starting service 'vendor.sensors.qti'...
01-01 08:00:35.594 0 0 I init : Command 'class_start core' action=boot (/system/etc/init/hw/init.rc:1115) took 69ms and succeeded
01-01 08:00:35.594 0 0 I init : Service 'irsc_util' (pid 1080) exited with status 0 oneshot service took 0.022000 seconds in background
01-01 08:00:35.594 0 0 I init : Sending signal 9 to service 'irsc_util' (pid 1080) process group...
01-01 08:00:35.594 0 0 I libprocessgroup: Successfully killed process cgroup uid 0 pid 1080 in 0ms
01-01 08:00:35.595 0 0 I init : Service 'vendor.mdm_launcher' (pid 1085) exited with status 0 oneshot service took 0.018000 seconds in background
01-01 08:00:35.595 0 0 I init : Sending signal 9 to service 'vendor.mdm_launcher' (pid 1085) process group...
01-01 08:00:35.595 0 0 I libprocessgroup: Successfully killed process cgroup uid 0 pid 1085 in 0ms
01-01 08:00:35.595 0 0 E init : Control message: Could not find 'vendor.qti.hardware.perf@2.2::IPerf/default' for ctl.interface_start from pid: 514 (/system/bin/hwservicemanager)
01-01 08:00:35.595 0 0 I init : processing action (persist.sys.usb.config=* && boot) from (/system/etc/init/hw/init.usb.rc:108)
01-01 08:00:35.596 0 0 E init : Control message: Could not find 'vendor.qti.hardware.perf@2.2::IPerf/default' for ctl.interface_start from pid: 514 (/system/bin/hwservicemanager)
01-01 08:00:35.271 1083 1083 I auditd : type=1400 audit(0.0:388): avc: denied { open } for comm="getprop" path="/dev/__properties__/u:object_r:default_prop:s0" dev="tmpfs" ino=3329 scontext=u:r:vendor_qti_init_shell:s0 tcontext=u:object_r:default_prop:s0 tclass=file permissive=1
01-01 08:00:35.610 0 0 I msm_vidc: err : 00000001: ....d: Failed to create debugfs for msm_vidc
01-01 08:00:35.610 0 0 I binder : 1087:1087 ioctl 40046210 7fdbccda94 returned -22
01-01 08:00:35.615 0 0 I msm_vidc: high: 00000001: h264d: Closed video instance: 0000000000000000
01-01 08:00:35.615 0 0 I msm_vidc: high: 00000001: ....d: Opening video instance: 0000000000000000, 1
01-01 08:00:35.615 0 0 I msm_vidc: err : 00000001: ....d: Failed to create debugfs for msm_vidc
01-01 08:00:35.617 0 0 I binder : 1088:1088 ioctl 40046210 7fca0cbd64 returned -22
01-01 08:00:35.620 0 0 I init : processing action (boot) from (/vendor/etc/init/hw/init.qcom.rc:108)
01-01 08:00:35.621 0 0 I msm_vidc: high: 00000001: h264d: Closed video instance: 0000000000000000
01-01 08:00:35.622 0 0 I msm_vidc: high: 00000001: ....d: Opening video instance: 0000000000000000, 1
01-01 08:00:35.622 0 0 I msm_vidc: err : 00000001: ....d: Failed to create debugfs for msm_vidc
01-01 08:00:35.626 0 0 E rmt_storage: ERR:main: Mmap Failed for rmts (-1)...pausing execution!
01-01 08:00:35.627 0 0 I msm_vidc: high: 00000001: h265d: Closed video instance: 0000000000000000
01-01 08:00:35.628 0 0 I msm_vidc: high: 00000001: ....d: Opening video instance: 0000000000000000, 1
01-01 08:00:35.628 0 0 I msm_vidc: err : 00000001: ....d: Failed to create debugfs for msm_vidc
01-01 08:00:35.630 0 0 I msm_vidc: high: 00000001: h265d: Closed video instance: 0000000000000000
01-01 08:00:35.631 0 0 I msm_vidc: high: 00000001: ....d: Opening video instance: 0000000000000000, 1
01-01 08:00:35.631 0 0 I msm_vidc: err : 00000001: ....d: Failed to create debugfs for msm_vidc
01-01 08:00:35.271 1083 1083 I auditd : type=1400 audit(0.0:389): avc: denied { getattr } for comm="getprop" path="/dev/__properties__/u:object_r:default_prop:s0" dev="tmpfs" ino=3329 scontext=u:r:vendor_qti_init_shell:s0 tcontext=u:object_r:default_prop:s0 tclass=file permissive=1
01-01 08:00:35.632 0 0 I sysmon-qmi: ssctl_new_server: Connection established between QMI handle and cdsp's SSCTL service
01-01 08:00:35.634 0 0 E diag : In diag_send_feature_mask_update, control channel is not open, p: 6, 0000000000000000
01-01 08:00:35.634 0 0 E diag : In diag_send_peripheral_buffering_mode, buffering flag not set for 6
01-01 08:00:35.634 0 0 E diag : In diag_send_feature_mask_update, control channel is not open, p: 3, 0000000000000000
01-01 08:00:35.636 0 0 E diag : In diag_send_peripheral_buffering_mode, buffering flag not set for 3
01-01 08:00:35.636 0 0 E diag : In diag_send_feature_mask_update, control channel is not open, p: 1, 0000000000000000
01-01 08:00:35.636 0 0 E diag : In diag_send_peripheral_buffering_mode, buffering flag not set for 1
01-01 08:00:35.637 0 0 E diag : In diag_send_feature_mask_update, control channel is not open, p: 5, 0000000000000000
01-01 08:00:35.637 0 0 E diag : In diag_send_peripheral_buffering_mode, buffering flag not set for 5
01-01 08:00:35.637 0 0 I msm_vidc: high: 00000001: vp8d: Closed video instance: 0000000000000000
01-01 08:00:35.638 0 0 I msm_vidc: high: 00000001: ....d: Opening video instance: 0000000000000000, 1
01-01 08:00:35.638 0 0 I msm_vidc: err : 00000001: ....d: Failed to create debugfs for msm_vidc
01-01 08:00:35.640 0 0 I sysmon-qmi: ssctl_new_server: Connection established between QMI handle and adsp's SSCTL service
01-01 08:00:35.640 0 0 I sysmon-qmi: ssctl_new_server: Connection established between QMI handle and slpi's SSCTL service
01-01 08:00:35.640 0 0 D cnss : WLFW server arriving: node 7 port 1
01-01 08:00:35.640 0 0 I sysmon-qmi: ssctl_new_server: Connection established between QMI handle and slpi's SSCTL service
01-01 08:00:35.640 0 0 D cnss : Posting event: SERVER_ARRIVE(0), state: 0x8 flags: 0x0
01-01 08:00:35.640 0 0 D cnss : PM stay awake, state: 0x8, count: 1
01-01 08:00:35.640 0 0 D cnss : PM relax, state: 0x8, count: 0
01-01 08:00:35.640 0 0 D cnss : PM stay awake, state: 0x8, count: 1
01-01 08:00:35.640 0 0 D cnss : Processing driver event: SERVER_ARRIVE(0), state: 0x8
01-01 08:00:35.640 0 0 I cnss : QMI WLFW service connected, state: 0x9
01-01 08:00:35.640 0 0 D cnss : Sending indication register message, state: 0x9
01-01 08:00:35.641 0 0 I msm_vidc: high: 00000001: vp9d: Closed video instance: 0000000000000000
01-01 08:00:35.642 0 0 I msm_vidc: high: 00000001: ....d: Opening video instance: 0000000000000000, 1
01-01 08:00:35.642 0 0 I msm_vidc: err : 00000001: ....d: Failed to create debugfs for msm_vidc
01-01 08:00:35.644 0 0 I msm_vidc: high: 00000001: vp9d: Closed video instance: 0000000000000000
01-01 08:00:35.645 0 0 I msm_vidc: high: 00000001: ....d: Opening video instance: 0000000000000000, 1
01-01 08:00:35.645 0 0 I msm_vidc: err : 00000001: ....d: Failed to create debugfs for msm_vidc
01-01 08:00:35.647 0 0 I msm_vidc: high: 00000001: mpg2d: Closed video instance: 0000000000000000
01-01 08:00:35.648 0 0 I msm_vidc: high: 00000001: ....d: Opening video instance: 0000000000000000, 1
01-01 08:00:35.648 0 0 I msm_vidc: err : 00000001: ....d: Failed to create debugfs for msm_vidc
01-01 08:00:35.649 0 0 I msm_vidc: high: 00000001: mpg2d: Closed video instance: 0000000000000000
01-01 08:00:35.650 0 0 I servloc : service_locator_new_server: Connection established with the Service locator
01-01 08:00:35.650 0 0 I servloc : init_service_locator: Service locator initialized
01-01 08:00:35.650 0 0 I adsprpc : fastrpc_get_service_location_notify: PDR notifier for adsp registered for msm/adsp/audio_pd (audio_pdr_adsprpc)
01-01 08:00:35.650 0 0 I adsprpc : fastrpc_get_service_location_notify: audio_pdr_adsprpc (msm/adsp/audio_pd) PDR service for adsp is uninitialized
01-01 08:00:35.650 0 0 I audio_notifer_reg_service: service PDR_ADSP is in use
01-01 08:00:35.650 0 0 I msm_vidc: high: 00000001: ....e: Opening video instance: 0000000000000000, 0
01-01 08:00:35.650 0 0 I msm_vidc: err : 00000001: ....e: Failed to create debugfs for msm_vidc
01-01 08:00:35.652 0 0 E init : Control message: Could not find 'vendor.qti.hardware.perf@2.2::IPerf/default' for ctl.interface_start from pid: 514 (/system/bin/hwservicemanager)
01-01 08:00:35.652 0 0 I msm_vidc: high: 00000001: h264e: Closed video instance: 0000000000000000
01-01 08:00:35.652 0 0 D cnss : Sending host capability message, state: 0x9
01-01 08:00:35.652 0 0 D cnss : Number of clients is 2
01-01 08:00:35.652 0 0 D cnss : Assign MSI to user: WAKE, num_vectors: 1, user_base_data: 813, base_vector: 13
01-01 08:00:35.652 0 0 D cnss : WAKE MSI base data is 813
01-01 08:00:35.652 0 0 D cnss : Calibration done is 0
01-01 08:00:35.652 0 0 D cnss : Sending iova starting 0xa0000000 with size 0x10010000
01-01 08:00:35.655 0 0 D cnss : PM relax, state: 0x9, count: 0
01-01 08:00:35.656 0 0 I msm_vidc: high: 00000001: ....e: Opening video instance: 0000000000000000, 0
01-01 08:00:35.657 0 0 I msm_vidc: err : 00000001: ....e: Failed to create debugfs for msm_vidc
01-01 08:00:35.659 0 0 I binder : 1089:1089 ioctl 40046210 7ff1faa124 returned -22
01-01 08:00:35.661 0 0 I msm_vidc: high: 00000001: h265e: Closed video instance: 0000000000000000
01-01 08:00:35.666 0 0 I msm_vidc: high: 00000001: ....e: Opening video instance: 0000000000000000, 0
01-01 08:00:35.666 0 0 I msm_vidc: err : 00000001: ....e: Failed to create debugfs for msm_vidc
01-01 08:00:35.667 0 0 I binder : 1089:1089 ioctl 40046210 7ff1fabb54 returned -22
01-01 08:00:35.271 1083 1083 I auditd : type=1400 audit(0.0:390): avc: denied { map } for comm="getprop" path="/dev/__properties__/u:object_r:default_prop:s0" dev="tmpfs" ino=3329 scontext=u:r:vendor_qti_init_shell:s0 tcontext=u:object_r:default_prop:s0 tclass=file permissive=1
01-01 08:00:35.287 1094 1094 I auditd : type=1400 audit(0.0:391): avc: denied { read write } for comm="sensors.qti" name="diag" dev="tmpfs" ino=1107 scontext=u:r:vendor_sensors_qti:s0 tcontext=u:object_r:vendor_diag_device:s0 tclass=chr_file permissive=1
01-01 08:00:35.287 1094 1094 I auditd : type=1400 audit(0.0:392): avc: denied { open } for comm="sensors.qti" path="/dev/diag" dev="tmpfs" ino=1107 scontext=u:r:vendor_sensors_qti:s0 tcontext=u:object_r:vendor_diag_device:s0 tclass=chr_file permissive=1
01-01 08:00:35.351 336 336 I auditd : type=1400 audit(0.0:393): avc: denied { create } for comm="kworker/u16:11" scontext=u:r:kernel:s0 tcontext=u:r:kernel:s0 tclass=qipcrtr_socket permissive=1
01-01 08:00:35.669 0 0 I service-notifier: service_notifier_new_server: Connection established between QMI handle and 74 service
01-01 08:00:35.671 0 0 I binder : 1086:1086 ioctl 40046210 7fc38228f4 returned -22
01-01 08:00:35.671 0 0 I binder : 1086:1086 ioctl 40046210 7fc3822914 returned -22
01-01 08:00:35.358 782 797 W android.permission.PermissionManager: Missing ActivityManager; assuming 1041 does not hold android.permission.UPDATE_DEVICE_STATS
01-01 08:00:35.676 0 0 I msm_vidc: high: 00000001: h265e: Closed video instance: 0000000000000000
01-01 08:00:35.677 0 0 E init : Control message: Could not find 'vendor.qti.hardware.perf@2.2::IPerf/default' for ctl.interface_start from pid: 514 (/system/bin/hwservicemanager)
01-01 08:00:35.680 0 0 I msm_vidc: high: 00000001: ....e: Opening video instance: 0000000000000000, 0
01-01 08:00:35.680 0 0 I msm_vidc: err : 00000001: ....e: Failed to create debugfs for msm_vidc
01-01 08:00:35.681 0 0 I msm_vidc: high: 00000001: h265e: Closed video instance: 0000000000000000
01-01 08:00:35.683 0 0 I msm_vidc: high: 00000001: ....e: Opening video instance: 0000000000000000, 0
01-01 08:00:35.683 0 0 I adsprpc : fastrpc_pdr_notifier_cb: msm/adsp/audio_pd (audio_pdr_adsprpc) is up on adsp
01-01 08:00:35.683 0 0 I apr_adsp_up: Q6 is Up
01-01 08:00:35.684 0 0 I msm-audio-ion soc: qcom,msm-audio-apr:qcom,msm-audio-ion: Linked as a consumer to 15000000.apps-smmu
01-01 08:00:35.685 0 0 I iommu : Adding device soc:qcom,msm-audio-apr:qcom,msm-audio-ion to group 50
01-01 08:00:35.685 0 0 E register_client_adhoc: find path.src 1 dest 589
01-01 08:00:35.686 0 0 E register_client_adhoc: Failed to find path.src 1 dest 589
01-01 08:00:35.686 0 0 E : [drm:dp_display_init_aux_switch][msm-dp-err][364 ]failed to register notifier (-22)
01-01 08:00:35.686 0 0 E register_client_adhoc: find path.src 1 dest 589
01-01 08:00:35.686 0 0 E register_client_adhoc: Failed to find path.src 1 dest 589
01-01 08:00:35.688 0 0 E init : Control message: Could not find 'vendor.qti.hardware.perf@2.2::IPerf/default' for ctl.interface_start from pid: 514 (/system/bin/hwservicemanager)
01-01 08:00:35.375 513 513 I auditd : avc: denied { find } for pid=1089 uid=1000 name=vendor.qti.hardware.display.config.IDisplayConfig/default scontext=u:r:surfaceflinger:s0 tcontext=u:object_r:default_android_service:s0 tclass=service_manager permissive=1
01-01 08:00:35.693 0 0 I msm_vidc: err : 00000001: ....e: Failed to create debugfs for msm_vidc
01-01 08:00:35.696 0 0 I sps : BAM 0x0000000003a84000 (va:0x0000000000000000) enabled: ver:0x19, number of pipes:25
01-01 08:00:35.696 0 0 I sps : BAM 0x0000000003a84000 is registered.
01-01 08:00:35.698 0 0 E : [drm:dp_display_init_aux_switch][msm-dp-err][78 ]failed to register notifier (-22)
01-01 08:00:35.698 0 0 E register_client_adhoc: find path.src 1 dest 589
01-01 08:00:35.698 0 0 E register_client_adhoc: Failed to find path.src 1 dest 589
01-01 08:00:35.704 0 0 E init : Control message: Could not find 'vendor.qti.hardware.perf@2.2::IPerf/default' for ctl.interface_start from pid: 514 (/system/bin/hwservicemanager)
01-01 08:00:35.709 0 0 I msm_vidc: err : 00000001: ....e: msm_vidc_comm_update_ctrl: failed: control name Ltr Count, min 0, max 0, step 0, default_value 0
01-01 08:00:35.719 0 0 E init : Control message: Could not find 'vendor.qti.hardware.perf@2.2::IPerf/default' for ctl.interface_start from pid: 514 (/system/bin/hwservicemanager)
01-01 08:00:35.719 0 0 W kgsl-3d0: Falling back to syfs fallback for: a650_sqe.fw
01-01 08:00:35.410 782 782 I SystemServerTiming: WaitForDisplay
01-01 08:00:35.410 782 782 I SystemServiceManager: Starting phase 100
01-01 08:00:35.410 782 782 I SystemServerTiming: OnBootPhase_100
01-01 08:00:35.723 0 0 I ueventd : firmware: loading 'a650_sqe.fw' for '/devices/platform/soc/3d00000.qcom,kgsl-3d0/kgsl/kgsl-3d0/a650_sqe.fw'
01-01 08:00:35.410 782 782 I SystemServerTiming: OnBootPhase_100_com.android.server.security.FileIntegrityService
01-01 08:00:35.410 782 782 I SystemServerTiming: OnBootPhase_100_com.android.server.pm.Installer
01-01 08:00:35.410 782 782 I SystemServerTiming: OnBootPhase_100_com.android.server.os.DeviceIdentifiersPolicyService
01-01 08:00:35.410 782 782 I SystemServerTiming: OnBootPhase_100_com.android.server.uri.UriGrantsManagerService$Lifecycle
01-01 08:00:35.410 782 782 I SystemServerTiming: OnBootPhase_100_com.android.server.powerstats.PowerStatsService
01-01 08:00:35.410 782 782 I SystemServerTiming: OnBootPhase_100_com.android.server.wm.ActivityTaskManagerService$Lifecycle
01-01 08:00:35.410 782 782 I SystemServerTiming: OnBootPhase_100_com.android.server.am.ActivityManagerService$Lifecycle
01-01 08:00:35.410 782 782 I SystemServerTiming: OnBootPhase_100_com.android.server.pm.DataLoaderManagerService
01-01 08:00:35.410 782 782 I SystemServerTiming: OnBootPhase_100_com.android.server.power.PowerManagerService
01-01 08:00:35.410 782 782 I SystemServerTiming: OnBootPhase_100_com.android.server.power.ThermalManagerService
01-01 08:00:35.410 782 782 I SystemServerTiming: OnBootPhase_100_com.android.server.power.hint.HintManagerService
01-01 08:00:35.410 782 782 I SystemServerTiming: OnBootPhase_100_com.android.server.recoverysystem.RecoverySystemService$Lifecycle
01-01 08:00:35.410 782 782 I SystemServerTiming: OnBootPhase_100_com.android.server.lights.LightsService
01-01 08:00:35.410 782 782 I SystemServerTiming: OnBootPhase_100_com.android.server.display.DisplayManagerService
01-01 08:00:35.724 0 0 W kgsl-3d0: Falling back to syfs fallback for: a650_gmu.bin
01-01 08:00:35.725 0 0 I msm_vidc: high: 00000001: vp8e: Closed video instance: 0000000000000000
