03-14 03:51:12.635 3011 3011 I hs-fsem-FseReceiver: onReceive() -> start FseService
03-14 03:51:12.635 3011 3011 I hs-fsem-FseReceiver: onReceive() -> registry action: com.hryt.hiphishowfsecontrol.action.START_SERVICE
03-14 03:51:12.636 3011 3011 I hs-fsem-FseService: onCreate()
03-14 03:51:12.636 3011 3011 I hs-fsem-FseService: onStartCommand()
03-14 03:51:12.636 3011 3011 I hs-fsem-HttpReceiver: init HttpReceiver
03-14 03:51:12.636 782 3182 I am_uid_running: 10075
03-14 03:51:12.636 3011 3011 I hs-fsem-HHMediaManager: init HHMediaManager
03-14 03:51:12.636 2965 2965 I hpplay-java: [main]:ContextPath:initDirs,appPath:/system_ext/app/TCCast
03-14 03:51:12.637 782 3182 D CompatibilityChangeReporter: Compat change id reported: 135634846; UID 10075; state: DISABLED
03-14 03:51:12.637 782 3182 D CompatibilityChangeReporter: Compat change id reported: 177438394; UID 10075; state: DISABLED
03-14 03:51:12.637 782 3182 D CompatibilityChangeReporter: Compat change id reported: 135772972; UID 10075; state: DISABLED
03-14 03:51:12.637 782 3182 D CompatibilityChangeReporter: Compat change id reported: 135754954; UID 10075; state: ENABLED
03-14 03:51:12.638 782 873 D CompatibilityChangeReporter: Compat change id reported: 143937733; UID 10075; state: ENABLED
03-14 03:51:12.642 3011 3011 I hs-fsem-CacheManager: init CacheManager
03-14 03:51:12.644 695 695 D Zygote : Forked child process 3803
03-14 03:51:12.645 782 873 I am_proc_start: [0,3803,10075,com.qti.ltebc,broadcast,{com.qti.ltebc/com.qualcomm.ltebc.LTEBroadcastBootReceiver}]
03-14 03:51:12.645 782 873 I ActivityManager: Start proc 3803:com.qti.ltebc/u0a75 for broadcast {com.qti.ltebc/com.qualcomm.ltebc.LTEBroadcastBootReceiver}
03-14 03:51:12.646 3011 3801 I System.out: HttpServer/ listen port:2020
03-14 03:51:12.647 782 1973 D CompatibilityChangeReporter: Compat change id reported: 149924527; UID 10082; state: ENABLED
03-14 03:51:12.647 782 1973 D CompatibilityChangeReporter: Compat change id reported: 132649864; UID 10082; state: DISABLED
03-14 03:51:12.648 3803 3803 I Zygote : seccomp disabled by setenforce 0
03-14 03:51:12.649 3080 3265 E MediaProvider: Creating a non-default top level directory or deleting an existing one is not allowed!
03-14 03:51:12.651 3080 3265 E MediaProvider: Creating a non-default top level directory or deleting an existing one is not allowed!
03-14 03:51:12.656 3080 3266 E MediaProvider: Creating a non-default top level directory or deleting an existing one is not allowed!
03-14 03:51:12.658 3080 3266 E MediaProvider: Creating a non-default top level directory or deleting an existing one is not allowed!
03-14 03:51:12.660 2789 2798 I adbd : jdwp connection from 3803
03-14 03:51:12.661 3803 3803 D ProcessState: Binder ioctl to enable oneway spam detection failed: Invalid argument
01-01 08:00:46.056 0 0 I binder : 3803:3803 ioctl 40046210 7fc8a60c34 returned -22
03-14 03:51:12.663 3080 3265 E MediaProvider: Creating a non-default top level directory or deleting an existing one is not allowed!
03-14 03:51:12.664 782 1973 I am_proc_bound: [0,3803,com.qti.ltebc]
03-14 03:51:12.665 3080 3265 E MediaProvider: Creating a non-default top level directory or deleting an existing one is not allowed!
03-14 03:51:12.665 782 1973 D CompatibilityChangeReporter: Compat change id reported: 168419799; UID 10075; state: DISABLED
03-14 03:51:12.665 782 1973 D CompatibilityInfo: mCompatibilityFlags - 4
03-14 03:51:12.665 782 1973 D CompatibilityInfo: applicationDensity - 240
03-14 03:51:12.665 782 1973 D CompatibilityInfo: applicationScale - 1.0
03-14 03:51:12.667 782 1973 I am_uid_active: 10075
03-14 03:51:12.668 782 1973 D CompatibilityInfo: mCompatibilityFlags - 4
03-14 03:51:12.668 782 1973 D CompatibilityInfo: applicationDensity - 240
03-14 03:51:12.668 782 1973 D CompatibilityInfo: applicationScale - 1.0
03-14 03:51:12.669 3803 3803 D CompatibilityChangeReporter: Compat change id reported: 171979766; UID 10075; state: ENABLED
03-14 03:51:12.670 3080 3266 E MediaProvider: Creating a non-default top level directory or deleting an existing one is not allowed!
03-14 03:51:12.671 3080 3266 E MediaProvider: Creating a non-default top level directory or deleting an existing one is not allowed!
03-14 03:51:12.674 3080 3265 E MediaProvider: Creating a non-default top level directory or deleting an existing one is not allowed!
03-14 03:51:12.675 3080 3265 E MediaProvider: Creating a non-default top level directory or deleting an existing one is not allowed!
03-14 03:51:12.677 3080 3266 E MediaProvider: Creating a non-default top level directory or deleting an existing one is not allowed!
03-14 03:51:12.678 3080 3266 E MediaProvider: Creating a non-default top level directory or deleting an existing one is not allowed!
03-14 03:51:12.678 2965 2965 I hpplay-java: [main]:ContextPath:initDirs,libPathParent:/data/user/0/com.hht.lebocast
03-14 03:51:12.681 2965 2965 I hpplay-java: [main]:ModuleLoader:loadClass
03-14 03:51:12.682 2965 3819 I hpplay-java: [AsyncTask #1]:ModuleLoader:checkDex API_VERSION:60146, BU_VERSION:25915
03-14 03:51:12.684 2965 3819 I hpplay-java: [AsyncTask #1]:ModuleLoader:getVersionCode version:1
03-14 03:51:12.684 2965 2965 I hpplay : [main]:Utils:getIPAddress: 192.168.4.16
03-14 03:51:12.684 2965 2965 I hpplay : [main]:Utils:getIPAddress: 192.168.8.16
03-14 03:51:12.684 2965 2965 I hpplay : [main]:Utils:getIPAddress: 192.168.11.16
03-14 03:51:12.684 2965 2965 I hpplay : [main]:Utils:getIPAddress: 192.168.0.16
03-14 03:51:12.684 2965 2965 I hpplay : [main]:Utils:getIPAddress: 192.168.2.16
03-14 03:51:12.684 2965 2965 I hpplay : [main]:Utils:getIPAddress: 192.168.1.16
03-14 03:51:12.684 2965 2965 I hpplay : [main]:Utils:ip: 16
03-14 03:51:12.684 2965 2965 I hpplay : [main]:Utils:createDeviceName: 高合娱乐副屏
03-14 03:51:12.684 2965 2965 I hpplay : [main]:LelinkHelper:startServer mCurrentName: newName: 高合娱乐副屏
03-14 03:51:12.685 2965 2965 I hpplay-java: [main]:LelinkCastWrapper:startServer mSDKLoadState: 0
03-14 03:51:12.685 2965 2965 I hpplay-java: [main]:LelinkCastWrapper:startServer will do later because of load SDK STATE_IDLE
03-14 03:51:12.691 3080 3265 E MediaProvider: Creating a non-default top level directory or deleting an existing one is not allowed!
03-14 03:51:12.693 3080 3265 E MediaProvider: Creating a non-default top level directory or deleting an existing one is not allowed!
03-14 03:51:12.694 2965 3819 I hpplay-java: [AsyncTask #1]:ModuleLoader:cleanUpdateFolders info.getAbsolutePath():/data/user/0/com.hht.lebocast/files/hpplay/hpdata/60146/25915
03-14 03:51:12.694 2965 3819 I hpplay-java: [AsyncTask #1]:ModuleLoader:cleanUpdateFolders version:25915,BU_VERSION_CODE:25915
03-14 03:51:12.695 3803 3803 I Perf : Connecting to perf service.
03-14 03:51:12.696 2965 3819 I hpplay-java: [AsyncTask #1]:APIFileUtil:api:60146
03-14 03:51:12.696 2965 3819 I hpplay-java: bu:25915
03-14 03:51:12.696 2965 3819 I hpplay-java: bu.dat:8e341f457a45b8f69e4cc88b37633a3c
03-14 03:51:12.696 2965 3819 I hpplay-java: [AsyncTask #1]:APIFileUtil:getMd5ByFile: /data/user/0/com.hht.lebocast/files/hpplay/hpdata/60146/25915/bu.dex
03-14 03:51:12.699 3803 3803 V GraphicsEnvironment: ANGLE Developer option for 'com.qti.ltebc' set to: 'default'
03-14 03:51:12.699 3803 3803 V GraphicsEnvironment: ANGLE GameManagerService for com.qti.ltebc: false
03-14 03:51:12.700 3803 3803 D NetworkSecurityConfig: Using Network Security Config from resource network_security_config debugBuild: false
03-14 03:51:12.701 3803 3803 D NetworkSecurityConfig: Using Network Security Config from resource network_security_config debugBuild: false
03-14 03:51:12.705 3803 3803 D LTE Application: getLibraryName = msp
03-14 03:51:12.709 2965 3819 I hpplay-java: [AsyncTask #1]:APIFileUtil:getMd5ByFile: 8e341f457a45b8f69e4cc88b37633a3c
03-14 03:51:12.709 2965 3819 I hpplay-java: [AsyncTask #1]:APIFileUtil:getMd5ByFile: /data/user/0/com.hht.lebocast/files/hpplay/hpdata/60146/25915/liblelink.so
03-14 03:51:12.710 2965 3819 I hpplay-java: [AsyncTask #1]:APIFileUtil:api:60146
03-14 03:51:12.710 2965 3819 I hpplay-java: bu:25915
03-14 03:51:12.710 2965 3819 I hpplay-java: bu.dat:8e341f457a45b8f69e4cc88b37633a3c
03-14 03:51:12.710 2965 3819 I hpplay-java: [AsyncTask #1]:APIFileUtil:getMd5ByFile: /data/user/0/com.hht.lebocast/files/hpplay/hpdata/60146/25915/bu.dex
01-01 08:00:46.113 0 0 I [schedu][0x347412b1][03:51:12.718302] wlan: [3522:I:OSIF] vdev 0, scan id 40961 type COMPLETED(1) reason COMPLETED(1) scan found 16 bss
03-14 03:51:12.718 1554 3594 D LOWI-9.0.0.87.a: [LOWI-Scan] wait_event:Wait done with Cmd 34
03-14 03:51:12.718 1554 3594 D LOWI-9.0.0.87.a: [LOWI-Scan] do_listen_events: Rcvd valid Netlink Cmd 34 Err 0
03-14 03:51:12.719 1554 3594 D LOWI-9.0.0.87.a: [LOWI-Scan]
03-14 03:51:12.719 1554 3594 D LOWI-9.0.0.87.a: [LOWI-Scan] print_bss_handler: Report beacon TSF 42448564 as it greater than probe TSF 42448564
03-14 03:51:12.719 1554 3594 D LOWI-9.0.0.87.a: [LOWI-Scan] decode_rsn_wpa_ie: LOWI_ENCRYPTION_TYPE_WPA_PSK
03-14 03:51:12.719 1554 3594 D LOWI-9.0.0.87.a: [LOWI-Scan] is_qcom_ie, bss_age: 0
03-14 03:51:12.719 1554 3594 D LOWI-9.0.0.87.a: [LOWI-Scan] BSS 38:a9:1c:35:03:06 LOWI_PHY_MODE_11NG_HT20(5), Beacon Interval: 100, LOWI_ENCRYPTION_TYPE_WPA_PSK 11mcRanging: No, ANQP: No, LCI: No, Civic: No, capability(0x0411): ESS Privacy ShortSlotTime
03-14 03:51:12.719 1554 3594 D LOWI-9.0.0.87.a: [LOWI-Scan] BSS 38:a9:1c:35:03:06 FREQ: 2412, cFreq1[40:80:160] = [0:0:0] cFreq2 = 0 Country Code =
03-14 03:51:12.719 1554 3594 D LOWI-9.0.0.87.a: [LOWI-Scan] BSS 38:a9:1c:35:03:06 (wlan0) ASSO: NO AddInfo: 0x1, TSF 0, 00:00:42.448, RSSI: -164, CPL: 127, AGE: 1160, SSID H3C_350304, TSFDelta: 0x881a9a6b, TXRate: 0
03-14 03:51:12.719 1554 3594 D LOWI-9.0.0.87.a: [LOWI-Scan]
03-14 03:51:12.719 1554 3594 D LOWI-9.0.0.87.a: [LOWI-Scan] print_bss_handler: Report beacon TSF 42448617 as it greater than probe TSF 42448617
03-14 03:51:12.719 1554 3594 D LOWI-9.0.0.87.a: [LOWI-Scan] decode_rsn_wpa_ie: LOWI_ENCRYPTION_TYPE_WPA_PSK
03-14 03:51:12.719 1554 3594 D LOWI-9.0.0.87.a: [LOWI-Scan] is_qcom_ie, bss_age: 0
03-14 03:51:12.719 1554 3594 D LOWI-9.0.0.87.a: [LOWI-Scan] BSS 38:a9:1c:35:03:09 LOWI_PHY_MODE_11AC_VHT80(10), Beacon Interval: 100, LOWI_ENCRYPTION_TYPE_WPA_PSK 11mcRanging: No, ANQP: No, LCI: No, Civic: No, capability(0x0111): ESS Privacy SpectrumMgmt
03-14 03:51:12.719 1554 3594 D LOWI-9.0.0.87.a: [LOWI-Scan] BSS 38:a9:1c:35:03:09 FREQ: 5180, cFreq1[40:80:160] = [5190:5210:0] cFreq2 = 0 Country Code = US
03-14 03:51:12.719 1554 3594 D LOWI-9.0.0.87.a: [LOWI-Scan] BSS 38:a9:1c:35:03:09 (wlan0) ASSO: NO AddInfo: 0x1, TSF 0, 00:00:42.448, RSSI: -164, CPL: 127, AGE: 1160, SSID H3C_350304_5G, TSFDelta: 0x87ace166, TXRate: 0
03-14 03:51:12.719 1554 3594 D LOWI-9.0.0.87.a: [LOWI-Scan]
03-14 03:51:12.719 1554 3594 D LOWI-9.0.0.87.a: [LOWI-Scan] print_bss_handler: Report beacon TSF 42498544 as it greater than probe TSF 42498544
03-14 03:51:12.719 1554 3594 D LOWI-9.0.0.87.a: [LOWI-Scan] is_qcom_ie, bss_age: 0
03-14 03:51:12.719 1554 3594 D LOWI-9.0.0.87.a: [LOWI-Scan] BSS 38:a9:1c:35:03:04 LOWI_PHY_MODE_11NG_HT20(5), Beacon Interval: 100, LOWI_ENCRYPTION_TYPE_OPEN 11mcRanging: No, ANQP: No, LCI: No, Civic: No, capability(0x0401): ESS ShortSlotTime
03-14 03:51:12.719 1554 3594 D LOWI-9.0.0.87.a: [LOWI-Scan] BSS 38:a9:1c:35:03:04 FREQ: 2412, cFreq1[40:80:160] = [0:0:0] cFreq2 = 0 Country Code =
03-14 03:51:12.719 1554 3594 D LOWI-9.0.0.87.a: [LOWI-Scan] BSS 38:a9:1c:35:03:04 (wlan0) ASSO: NO AddInfo: 0x1, TSF 0, 00:00:42.498, RSSI: -160, CPL: 127, AGE: 1112, SSID , TSFDelta: 0x898ca411, TXRate: 0
03-14 03:51:12.719 1554 3594 D LOWI-9.0.0.87.a: [LOWI-Scan]
03-14 03:51:12.719 1554 3594 D LOWI-9.0.0.87.a: [LOWI-Scan] print_bss_handler: Report beacon TSF 42671458 as it greater than probe TSF 42671458
03-14 03:51:12.719 1554 3594 D LOWI-9.0.0.87.a: [LOWI-Scan] decode_rsn_wpa_ie: LOWI_ENCRYPTION_TYPE_WPA_PSK
03-14 03:51:12.719 1554 3594 D LOWI-9.0.0.87.a: [LOWI-Scan] is_qcom_ie, bss_age: 0
03-14 03:51:12.719 1554 3594 D LOWI-9.0.0.87.a: [LOWI-Scan] BSS 5c:02:14:f9:4f:d3 LOWI_PHY_MODE_11AC_VHT80(10), Beacon Interval: 100, LOWI_ENCRYPTION_TYPE_WPA_PSK 11mcRanging: No, ANQP: Yes, LCI: No, Civic: No, capability(0x1931): ESS Privacy ShortPreamble SpectrumMgmt APSD
03-14 03:51:12.719 1554 3594 D LOWI-9.0.0.87.a: [LOWI-Scan] BSS 5c:02:14:f9:4f:d3 FREQ: 5745, cFreq1[40:80:160] = [5755:5775:0] cFreq2 = 0 Country Code = CN
03-14 03:51:12.719 1554 3594 D LOWI-9.0.0.87.a: [LOWI-Scan] BSS 5c:02:14:f9:4f:d3 (wlan0) ASSO: NO AddInfo: 0x1, TSF 0, 00:00:42.671, RSSI: -166, CPL: 127, AGE: 940, SSID ThunderSoft_XTS_5G, TSFDelta: 0x88fe9d29, TXRate: 0
03-14 03:51:12.719 1554 3594 D LOWI-9.0.0.87.a: [LOWI-Scan]
03-14 03:51:12.719 1554 3594 D LOWI-9.0.0.87.a: [LOWI-Scan] print_bss_handler: Report beacon TSF 42916262 as it greater than probe TSF 42916262
03-14 03:51:12.719 1554 3594 D LOWI-9.0.0.87.a: [LOWI-Scan] decode_rsn_wpa_ie: LOWI_ENCRYPTION_TYPE_WPA_PSK
03-14 03:51:12.719 1554 3594 D LOWI-9.0.0.87.a: [LOWI-Scan] is_qcom_ie, bss_age: 0
03-14 03:51:12.719 1554 3594 D LOWI-9.0.0.87.a: [LOWI-Scan] BSS 18:6f:2d:81:25:40 LOWI_PHY_MODE_11NG_HT20(5), Beacon Interval: 100, LOWI_ENCRYPTION_TYPE_WPA_PSK 11mcRanging: No, ANQP: No, LCI: No, Civic: No, capability(0x0531): ESS Privacy ShortPreamble SpectrumMgmt ShortSlotTime
03-14 03:51:12.719 1554 3594 D LOWI-9.0.0.87.a: [LOWI-Scan] BSS 18:6f:2d:81:25:40 FREQ: 2437, cFreq1[40:80:160] = [2437:0:0] cFreq2 = 0 Country Code = CN
03-14 03:51:12.719 1554 3594 D LOWI-9.0.0.87.a: [LOWI-Scan] BSS 18:6f:2d:81:25:40 (wlan0) ASSO: NO AddInfo: 0x1, TSF 0, 00:00:42.916, RSSI: -152, CPL: 127, AGE: 692, SSID Testing , TSFDelta: 0xf03044f0, TXRate: 0
03-14 03:51:12.719 1554 3594 D LOWI-9.0.0.87.a: [LOWI-Scan]
03-14 03:51:12.719 1554 3594 D LOWI-9.0.0.87.a: [LOWI-Scan] print_bss_handler: Report beacon TSF 42918078 as it greater than probe TSF 42918078
03-14 03:51:12.719 1554 3594 D LOWI-9.0.0.87.a: [LOWI-Scan] is_qcom_ie, bss_age: 0
03-14 03:51:12.719 1554 3594 D LOWI-9.0.0.87.a: [LOWI-Scan] BSS 18:6f:2d:81:25:41 LOWI_PHY_MODE_11NG_HT20(5), Beacon Interval: 100, LOWI_ENCRYPTION_TYPE_OPEN 11mcRanging: No, ANQP: No, LCI: No, Civic: No, capability(0x0521): ESS ShortPreamble SpectrumMgmt ShortSlotTime
03-14 03:51:12.719 1554 3594 D LOWI-9.0.0.87.a: [LOWI-Scan] BSS 18:6f:2d:81:25:41 FREQ: 2437, cFreq1[40:80:160] = [2437:0:0] cFreq2 = 0 Country Code = CN
03-14 03:51:12.719 1554 3594 D LOWI-9.0.0.87.a: [LOWI-Scan] BSS 18:6f:2d:81:25:41 (wlan0) ASSO: NO AddInfo: 0x1, TSF 0, 00:00:42.918, RSSI: -156, CPL: 127, AGE: 692, SSID Guest, TSFDelta: 0xf03f987a, TXRate: 0
03-14 03:51:12.719 1554 3594 D LOWI-9.0.0.87.a: [LOWI-Scan]
03-14 03:51:12.719 1554 3594 D LOWI-9.0.0.87.a: [LOWI-Scan] print_bss_handler: Report beacon TSF 42924883 as it greater than probe TSF 42924883
03-14 03:51:12.719 1554 3594 D LOWI-9.0.0.87.a: [LOWI-Scan] decode_rsn_wpa_ie: LOWI_ENCRYPTION_TYPE_WPA_PSK
03-14 03:51:12.719 1554 3594 D LOWI-9.0.0.87.a: [LOWI-Scan] is_qcom_ie, bss_age: 0
03-14 03:51:12.719 1554 3594 D LOWI-9.0.0.87.a: [LOWI-Scan] BSS 18:6f:2d:81:25:42 LOWI_PHY_MODE_11NG_HT20(5), Beacon Interval: 100, LOWI_ENCRYPTION_TYPE_WPA_PSK 11mcRanging: No, ANQP: No, LCI: No, Civic: No, capability(0x0531): ESS Privacy ShortPreamble SpectrumMgmt ShortSlotTime
03-14 03:51:12.719 1554 3594 D LOWI-9.0.0.87.a: [LOWI-Scan] BSS 18:6f:2d:81:25:42 FREQ: 2437, cFreq1[40:80:160] = [2437:0:0] cFreq2 = 0 Country Code = CN
03-14 03:51:12.719 1554 3594 D LOWI-9.0.0.87.a: [LOWI-Scan] BSS 18:6f:2d:81:25:42 (wlan0) ASSO: NO AddInfo: 0x1, TSF 0, 00:00:42.924, RSSI: -144, CPL: 127, AGE: 684, SSID ThunderSoft_2.4G, TSFDelta: 0xf07027f6, TXRate: 0
03-14 03:51:12.719 1554 3594 D LOWI-9.0.0.87.a: [LOWI-Scan]
03-14 03:51:12.719 1554 3594 D LOWI-9.0.0.87.a: [LOWI-Scan] print_bss_handler: Report beacon TSF 42932969 as it greater than probe TSF 42932969
03-14 03:51:12.719 1554 3594 D LOWI-9.0.0.87.a: [LOWI-Scan] decode_rsn_wpa_ie: LOWI_ENCRYPTION_TYPE_WPA_PSK
03-14 03:51:12.719 1554 3594 D LOWI-9.0.0.87.a: [LOWI-Scan] is_qcom_ie, bss_age: 0
03-14 03:51:12.719 1554 3594 D LOWI-9.0.0.87.a: [LOWI-Scan] BSS 18:6f:2d:81:25:43 LOWI_PHY_MODE_11NG_HT20(5), Beacon Interval: 100, LOWI_ENCRYPTION_TYPE_WPA_PSK 11mcRanging: No, ANQP: No, LCI: No, Civic: No, capability(0x0531): ESS Privacy ShortPreamble SpectrumMgmt ShortSlotTime
03-14 03:51:12.719 1554 3594 D LOWI-9.0.0.87.a: [LOWI-Scan] BSS 18:6f:2d:81:25:43 FREQ: 2437, cFreq1[40:80:160] = [2437:0:0] cFreq2 = 0 Country Code = CN
03-14 03:51:12.719 1554 3594 D LOWI-9.0.0.87.a: [LOWI-Scan] BSS 18:6f:2d:81:25:43 (wlan0) ASSO: NO AddInfo: 0x1, TSF 0, 00:00:42.932, RSSI: -156, CPL: 127, AGE: 676, SSID ZXHY, TSFDelta: 0xf0ab2984, TXRate: 0
03-14 03:51:12.720 1554 3594 D LOWI-9.0.0.87.a: [LOWI-Scan]
03-14 03:51:12.720 1554 3594 D LOWI-9.0.0.87.a: [LOWI-Scan] print_bss_handler: Report beacon TSF 42939595 as it greater than probe TSF 42939595
03-14 03:51:12.720 1554 3594 D LOWI-9.0.0.87.a: [LOWI-Scan] decode_rsn_wpa_ie: LOWI_ENCRYPTION_TYPE_WPA_PSK
03-14 03:51:12.720 1554 3594 D LOWI-9.0.0.87.a: [LOWI-Scan] is_qcom_ie, bss_age: 0
03-14 03:51:12.720 1554 3594 D LOWI-9.0.0.87.a: [LOWI-Scan] BSS 18:6f:2d:81:25:44 LOWI_PHY_MODE_11NG_HT20(5), Beacon Interval: 100, LOWI_ENCRYPTION_TYPE_WPA_PSK 11mcRanging: No, ANQP: No, LCI: No, Civic: No, capability(0x0531): ESS Privacy ShortPreamble SpectrumMgmt ShortSlotTime
03-14 03:51:12.720 1554 3594 D LOWI-9.0.0.87.a: [LOWI-Scan] BSS 18:6f:2d:81:25:44 FREQ: 2437, cFreq1[40:80:160] = [2437:0:0] cFreq2 = 0 Country Code = CN
03-14 03:51:12.720 1554 3594 D LOWI-9.0.0.87.a: [LOWI-Scan] BSS 18:6f:2d:81:25:44 (wlan0) ASSO: NO AddInfo: 0x1, TSF 0, 00:00:42.939, RSSI: -156, CPL: 127, AGE: 672, SSID Fanya, TSFDelta: 0xf0d9b939, TXRate: 0
03-14 03:51:12.719 2965 3819 I hpplay-java: [AsyncTask #1]:APIFileUtil:getMd5ByFile: 8e341f457a45b8f69e4cc88b37633a3c
03-14 03:51:12.720 1554 3594 D LOWI-9.0.0.87.a: [LOWI-Scan]
03-14 03:51:12.720 1554 3594 D LOWI-9.0.0.87.a: [LOWI-Scan] print_bss_handler: Report beacon TSF 42991335 as it greater than probe TSF 42991335
03-14 03:51:12.720 2965 3819 I hpplay-java: [AsyncTask #1]:APIFileUtil:getMd5ByFile: /data/user/0/com.hht.lebocast/files/hpplay/hpdata/60146/25915/liblelink.so
03-14 03:51:12.720 1554 3594 D LOWI-9.0.0.87.a: [LOWI-Scan] decode_rsn_wpa_ie: LOWI_ENCRYPTION_TYPE_WPA_PSK
03-14 03:51:12.720 1554 3594 D LOWI-9.0.0.87.a: [LOWI-Scan] is_qcom_ie, bss_age: 0
03-14 03:51:12.720 1554 3594 D LOWI-9.0.0.87.a: [LOWI-Scan] BSS 18:6f:2d:80:dd:70 LOWI_PHY_MODE_11AC_VHT20(8), Beacon Interval: 100, LOWI_ENCRYPTION_TYPE_WPA_PSK 11mcRanging: No, ANQP: No, LCI: No, Civic: No, capability(0x0111): ESS Privacy SpectrumMgmt
03-14 03:51:12.720 1554 3594 D LOWI-9.0.0.87.a: [LOWI-Scan] BSS 18:6f:2d:80:dd:70 FREQ: 5260, cFreq1[40:80:160] = [5260:0:0] cFreq2 = 0 Country Code = CN
03-14 03:51:12.720 1554 3594 D LOWI-9.0.0.87.a: [LOWI-Scan] BSS 18:6f:2d:80:dd:70 (wlan0) ASSO: NO AddInfo: 0x1, TSF 0, 00:00:42.991, RSSI: -168, CPL: 127, AGE: 620, SSID Testing , TSFDelta: 0x71f8915, TXRate: 0
03-14 03:51:12.720 1554 3594 D LOWI-9.0.0.87.a: [LOWI-Scan]
03-14 03:51:12.720 1554 3594 D LOWI-9.0.0.87.a: [LOWI-Scan] print_bss_handler: Report beacon TSF 42992603 as it greater than probe TSF 42992603
03-14 03:51:12.720 1554 3594 D LOWI-9.0.0.87.a: [LOWI-Scan] is_qcom_ie, bss_age: 0
03-14 03:51:12.720 1554 3594 D LOWI-9.0.0.87.a: [LOWI-Scan] BSS 18:6f:2d:80:dd:71 LOWI_PHY_MODE_11AC_VHT20(8), Beacon Interval: 100, LOWI_ENCRYPTION_TYPE_OPEN 11mcRanging: No, ANQP: No, LCI: No, Civic: No, capability(0x0101): ESS SpectrumMgmt
03-14 03:51:12.720 1554 3594 D LOWI-9.0.0.87.a: [LOWI-Scan] BSS 18:6f:2d:80:dd:71 FREQ: 5260, cFreq1[40:80:160] = [5260:0:0] cFreq2 = 0 Country Code = CN
03-14 03:51:12.720 1554 3594 D LOWI-9.0.0.87.a: [LOWI-Scan] BSS 18:6f:2d:80:dd:71 (wlan0) ASSO: NO AddInfo: 0x1, TSF 0, 00:00:42.992, RSSI: -168, CPL: 127, AGE: 616, SSID Guest, TSFDelta: 0x721deee, TXRate: 0
03-14 03:51:12.720 1554 3594 D LOWI-9.0.0.87.a: [LOWI-Scan]
03-14 03:51:12.720 1554 3594 D LOWI-9.0.0.87.a: [LOWI-Scan] print_bss_handler: Report beacon TSF 42992631 as it greater than probe TSF 42992631
03-14 03:51:12.720 1554 3594 D LOWI-9.0.0.87.a: [LOWI-Scan] decode_rsn_wpa_ie: LOWI_ENCRYPTION_TYPE_WPA_PSK
03-14 03:51:12.720 1554 3594 D LOWI-9.0.0.87.a: [LOWI-Scan] is_qcom_ie, bss_age: 0
03-14 03:51:12.720 1554 3594 D LOWI-9.0.0.87.a: [LOWI-Scan] BSS 18:6f:2d:80:dd:72 LOWI_PHY_MODE_11AC_VHT20(8), Beacon Interval: 100, LOWI_ENCRYPTION_TYPE_WPA_PSK 11mcRanging: No, ANQP: No, LCI: No, Civic: No, capability(0x0111): ESS Privacy SpectrumMgmt
03-14 03:51:12.720 1554 3594 D LOWI-9.0.0.87.a: [LOWI-Scan] BSS 18:6f:2d:80:dd:72 FREQ: 5260, cFreq1[40:80:160] = [5260:0:0] cFreq2 = 0 Country Code = CN
03-14 03:51:12.720 1554 3594 D LOWI-9.0.0.87.a: [LOWI-Scan] BSS 18:6f:2d:80:dd:72 (wlan0) ASSO: NO AddInfo: 0x1, TSF 0, 00:00:42.992, RSSI: -168, CPL: 127, AGE: 616, SSID ZXHY, TSFDelta: 0x7242b45, TXRate: 0
03-14 03:51:12.720 2965 3819 I hpplay-java: [AsyncTask #1]:ModuleLoader:checkDex cleanedFolders size:1
03-14 03:51:12.720 1554 3594 D LOWI-9.0.0.87.a: [LOWI-Scan]
03-14 03:51:12.720 1554 3594 D LOWI-9.0.0.87.a: [LOWI-Scan] print_bss_handler: Report beacon TSF 42992653 as it greater than probe TSF 42992653
03-14 03:51:12.720 1554 3594 D LOWI-9.0.0.87.a: [LOWI-Scan] decode_rsn_wpa_ie: LOWI_ENCRYPTION_TYPE_WPA_PSK
03-14 03:51:12.720 1554 3594 D LOWI-9.0.0.87.a: [LOWI-Scan] is_qcom_ie, bss_age: 0
03-14 03:51:12.720 1554 3594 D LOWI-9.0.0.87.a: [LOWI-Scan] BSS 18:6f:2d:80:dd:73 LOWI_PHY_MODE_11AC_VHT20(8), Beacon Interval: 100, LOWI_ENCRYPTION_TYPE_WPA_PSK 11mcRanging: No, ANQP: No, LCI: No, Civic: No, capability(0x0111): ESS Privacy SpectrumMgmt
03-14 03:51:12.720 1554 3594 D LOWI-9.0.0.87.a: [LOWI-Scan] BSS 18:6f:2d:80:dd:73 FREQ: 5260, cFreq1[40:80:160] = [5260:0:0] cFreq2 = 0 Country Code = CN
03-14 03:51:12.720 1554 3594 D LOWI-9.0.0.87.a: [LOWI-Scan] BSS 18:6f:2d:80:dd:73 (wlan0) ASSO: NO AddInfo: 0x1, TSF 0, 00:00:42.992, RSSI: -166, CPL: 127, AGE: 616, SSID Fanya, TSFDelta: 0x726a292, TXRate: 0
03-14 03:51:12.720 1554 3594 D LOWI-9.0.0.87.a: [LOWI-Scan]
03-14 03:51:12.720 1554 3594 D LOWI-9.0.0.87.a: [LOWI-Scan] print_bss_handler: Report beacon TSF 42992695 as it greater than probe TSF 42992695
03-14 03:51:12.720 1554 3594 D LOWI-9.0.0.87.a: [LOWI-Scan] decode_rsn_wpa_ie: LOWI_ENCRYPTION_TYPE_WPA_PSK
03-14 03:51:12.720 1554 3594 D LOWI-9.0.0.87.a: [LOWI-Scan] is_qcom_ie, bss_age: 0
03-14 03:51:12.720 1554 3594 D LOWI-9.0.0.87.a: [LOWI-Scan] BSS 18:6f:2d:80:dd:74 LOWI_PHY_MODE_11AC_VHT20(8), Beacon Interval: 100, LOWI_ENCRYPTION_TYPE_WPA_PSK 11mcRanging: No, ANQP: No, LCI: No, Civic: No, capability(0x0111): ESS Privacy SpectrumMgmt
03-14 03:51:12.720 1554 3594 D LOWI-9.0.0.87.a: [LOWI-Scan] BSS 18:6f:2d:80:dd:74 FREQ: 5260, cFreq1[40:80:160] = [5260:0:0] cFreq2 = 0 Country Code = CN
03-14 03:51:12.720 1554 3594 D LOWI-9.0.0.87.a: [LOWI-Scan] BSS 18:6f:2d:80:dd:74 (wlan0) ASSO: NO AddInfo: 0x1, TSF 0, 00:00:42.992, RSSI: -168, CPL: 127, AGE: 616, SSID ThunderSoft, TSFDelta: 0x7290939, TXRate: 0
03-14 03:51:12.720 1554 3594 D LOWI-9.0.0.87.a: [LOWI-Scan]
03-14 03:51:12.720 1554 3594 D LOWI-9.0.0.87.a: [LOWI-Scan] print_bss_handler: Report beacon TSF 42992721 as it greater than probe TSF 42992721
03-14 03:51:12.720 1554 3594 D LOWI-9.0.0.87.a: [LOWI-Scan] decode_rsn_wpa_ie: LOWI_ENCRYPTION_TYPE_WPA_PSK
03-14 03:51:12.720 1554 3594 D LOWI-9.0.0.87.a: [LOWI-Scan] is_qcom_ie, bss_age: 0
03-14 03:51:12.720 1554 3594 D LOWI-9.0.0.87.a: [LOWI-Scan] BSS 18:6f:2d:80:dd:75 LOWI_PHY_MODE_11AC_VHT20(8), Beacon Interval: 100, LOWI_ENCRYPTION_TYPE_WPA_PSK 11mcRanging: No, ANQP: No, LCI: No, Civic: No, capability(0x0111): ESS Privacy SpectrumMgmt
03-14 03:51:12.720 1554 3594 D LOWI-9.0.0.87.a: [LOWI-Scan] BSS 18:6f:2d:80:dd:75 FREQ: 5260, cFreq1[40:80:160] = [5260:0:0] cFreq2 = 0 Country Code = CN
03-14 03:51:12.721 782 2170 D WifiNl80211Manager: Scan result ready event
03-14 03:51:12.722 782 2170 D WifiNative: Scan result ready event
03-14 03:51:12.722 1554 3594 D LOWI-9.0.0.87.a: [LOWI-Scan] BSS 18:6f:2d:80:dd:75 (wlan0) ASSO: NO AddInfo: 0x1, TSF 0, 00:00:42.992, RSSI: -168, CPL: 127, AGE: 616, SSID GM, TSFDelta: 0x72b772e, TXRate: 0
03-14 03:51:12.722 1554 3594 D LOWI-9.0.0.87.a: [LOWI-Scan]
03-14 03:51:12.722 1554 3594 D LOWI-9.0.0.87.a: [LOWI-Scan] print_bss_handler: Report beacon TSF 43395243 as it greater than probe TSF 43395243
03-14 03:51:12.722 1554 3594 D LOWI-9.0.0.87.a: [LOWI-Scan] decode_rsn_wpa_ie: LOWI_ENCRYPTION_TYPE_WPA_PSK
03-14 03:51:12.722 1554 3594 D LOWI-9.0.0.87.a: [LOWI-Scan] is_qcom_ie, bss_age: 0
03-14 03:51:12.722 1554 3594 D LOWI-9.0.0.87.a: [LOWI-Scan] BSS 5a:41:20:2d:fe:87 LOWI_PHY_MODE_11AC_VHT40_2G(12), Beacon Interval: 100, LOWI_ENCRYPTION_TYPE_WPA_PSK 11mcRanging: No, ANQP: No, LCI: No, Civic: No, capability(0x1411): ESS Privacy ShortSlotTime
03-14 03:51:12.722 1554 3594 D LOWI-9.0.0.87.a: [LOWI-Scan] BSS 5a:41:20:2d:fe:87 FREQ: 2462, cFreq1[40:80:160] = [2452:0:0] cFreq2 = 0 Country Code = CN
03-14 03:51:12.722 1554 3594 D LOWI-9.0.0.87.a: [LOWI-Scan] BSS 5a:41:20:2d:fe:87 (wlan0) ASSO: NO AddInfo: 0x1, TSF 0, 00:00:43.395, RSSI: -174, CPL: 127, AGE: 216, SSID , TSFDelta: 0xd0eaaf35, TXRate: 0
03-14 03:51:12.722 1554 3594 D LOWI-9.0.0.87.a: [LOWIDiagLog] Log: lowiMeasResult->request: invalid null argument
03-14 03:51:12.722 1554 3594 I LOWI-9.0.0.87.a: [LOWI-Scan] lowi_close_record:Scan done in 1876ms, 16 APs in scan results
03-14 03:51:12.722 1554 3594 D LOWI-9.0.0.87.a: [LOWI-Scan] WipsScanUsingNL: passive scan cached 0, took 1398 ms, err 0
03-14 03:51:12.722 1554 3594 D LOWI-9.0.0.87.a: [LOWI-Scan] lowi_proc_req_passive_scan_with_live_meas - No WLAN Frames to be parsed
03-14 03:51:12.722 1554 3594 D LOWI-9.0.0.87.a: [LOWIScanResultReceiver] Send scan meas to listener
03-14 03:51:12.722 1554 3594 D LOWI-9.0.0.87.a: [LOWIScanResultReceiver] Enter passive listening mode
03-14 03:51:12.722 1554 1568 D LOWI-9.0.0.87.a: [LOWIEventReceiver] handleEvent:FROM:NA, TO:NA, REQ:NA, IREQ:NA, REQ_ID:0, RESP:NA, INFO:NA
03-14 03:51:12.722 1554 1568 D LOWI-9.0.0.87.a: [LOWIBackgroundScanMgr] isRspForBgScanMgr: evt(LOWI_NO_EVT) - not handled
03-14 03:51:12.722 1554 1568 D LOWI-9.0.0.87.a: [LOWIScheduler] manageMsg: NULL results or NULL request in results
03-14 03:51:12.722 1554 1568 D LOWI-9.0.0.87.a: [LOWIController] Measurements received
03-14 03:51:12.722 1554 1568 D LOWI-9.0.0.87.a: [LOWICacheManager] putInCache:Num of Meas to add: 16
03-14 03:51:12.722 1554 1568 D LOWI-9.0.0.87.a: [LOWIController] processMeasurementResults: No current Request. Cache measurements
03-14 03:51:12.723 1554 1568 D LOWI-9.0.0.87.a: [LOWIController] sendAsyncScanResponse: Request FreeWifiScanObserver_0 is from a different client.
03-14 03:51:12.723 1554 1568 D LOWI-9.0.0.87.a: [LOWIController] generateResponse: Type (ASYNC_DISCOVERY_SCAN_RESULTS) ScanStatus (1) request FreeWifiScanObserver_0
03-14 03:51:12.723 1554 1568 D LOWI-9.0.0.87.a: [LOWIEventDispatcher] sendResponse - originator = FreeWifiScanObserver
03-14 03:51:12.723 1554 1568 D LOWI-9.0.0.87.a: [LOWIUtils] injectScanMeasurements - num of APs = 16
03-14 03:51:12.723 1554 1568 I LOWI-9.0.0.87.a: [LOWIUtils] responseToOutPostcard - TO: FreeWifiScanObserver, FROM: LOWI-SERVER, RESP: LOWI_ASYNC_DISCOVERY_SCAN_RESULTS
03-14 03:51:12.723 1554 1568 D LOWI-9.0.0.87.a: [LOWIControllerExtn] sendLOWILpDiscoveryScanResponse: Not a discovery scan response
03-14 03:51:12.724 1554 3594 D LOWI-9.0.0.87.a: [LOWIWifiDriverInterface] getMeasurements - Passive listening mode
03-14 03:51:12.724 1554 3594 D LOWI-9.0.0.87.a: [LOWI-Scan] WipsScanUsingNL:wait -1 sec for netlink message
03-14 03:51:12.727 3080 3265 E MediaProvider: Creating a non-default top level directory or deleting an existing one is not allowed!
03-14 03:51:12.729 3080 3265 E MediaProvider: Creating a non-default top level directory or deleting an existing one is not allowed!
03-14 03:51:12.730 2965 3819 W hpplay-java: [AsyncTask #1]:APIFileUtil:java.io.FileNotFoundException: /storage/emulated/0/com.hht.lebocast/sink/sdk/hpdata/60146/25915/bu.dex: open failed: ENOENT (No such file or directory)
03-14 03:51:12.730 2965 3819 W hpplay-java: at libcore.io.IoBridge.open(IoBridge.java:575)
03-14 03:51:12.730 2965 3819 W hpplay-java: at java.io.FileOutputStream.(FileOutputStream.java:236)
03-14 03:51:12.730 2965 3819 W hpplay-java: at java.io.FileOutputStream.(FileOutputStream.java:186)
03-14 03:51:12.730 2965 3819 W hpplay-java: at com.hpplay.sdk.sink.util.APIFileUtil.a(SourceFile:4)
03-14 03:51:12.730 2965 3819 W hpplay-java: at com.hpplay.sdk.sink.util.APIFileUtil.a(SourceFile:34)
03-14 03:51:12.730 2965 3819 W hpplay-java: at com.hpplay.sdk.sink.proxy.ModuleLoader.c(SourceFile:12)
03-14 03:51:12.730 2965 3819 W hpplay-java: at com.hpplay.sdk.sink.proxy.ModuleLoader.d(SourceFile:14)
03-14 03:51:12.730 2965 3819 W hpplay-java: at com.hpplay.sdk.sink.proxy.ModuleLoader.c(SourceFile:1)
03-14 03:51:12.730 2965 3819 W hpplay-java: at com.hpplay.sdk.sink.proxy.ModuleLoader$2.call(SourceFile:1)
03-14 03:51:12.730 2965 3819 W hpplay-java: at com.hpplay.common.asyncmanager.AsyncCallableJob.doInBackground(SourceFile:1)
03-14 03:51:12.730 2965 3819 W hpplay-java: at android.os.AsyncTask$3.call(AsyncTask.java:394)
03-14 03:51:12.730 2965 3819 W hpplay-java: at java.util.concurrent.FutureTask.run(FutureTask.java:266)
03-14 03:51:12.730 2965 3819 W hpplay-java: at java.util.concurrent.ThreadPoolExecutor.runWorker(ThreadPoolExecutor.java:1167)
03-14 03:51:12.730 2965 3819 W hpplay-java: at java.util.concurrent.ThreadPoolExecutor$Worker.run(ThreadPoolExecutor.java:641)
03-14 03:51:12.730 2965 3819 W hpplay-java: at java.lang.Thread.run(Thread.java:920)
03-14 03:51:12.730 2965 3819 W hpplay-java: Caused by: android.system.ErrnoException: open failed: ENOENT (No such file or directory)
03-14 03:51:12.730 2965 3819 W hpplay-java: at libcore.io.Linux.open(Native Method)
03-14 03:51:12.730 2965 3819 W hpplay-java: at libcore.io.ForwardingOs.open(ForwardingOs.java:567)
03-14 03:51:12.730 2965 3819 W hpplay-java: at libcore.io.BlockGuardOs.open(BlockGuardOs.java:273)
03-14 03:51:12.730 2965 3819 W hpplay-java: at libcore.io.ForwardingOs.open(ForwardingOs.java:567)
03-14 03:51:12.730 2965 3819 W hpplay-java: at android.app.ActivityThread$AndroidOs.open(ActivityThread.java:7766)
03-14 03:51:12.730 2965 3819 W hpplay-java: at libcore.io.IoBridge.open(IoBridge.java:561)
03-14 03:51:12.730 2965 3819 W hpplay-java: ... 14 more
03-14 03:51:12.730 2965 3819 W hpplay-java: [AsyncTask #1]:APIFileUtil:java.io.FileNotFoundException: /storage/emulated/0/com.hht.lebocast/sink/sdk/hpdata/60146/25915/config.dat: open failed: ENOENT (No such file or directory)
03-14 03:51:12.730 2965 3819 W hpplay-java: at libcore.io.IoBridge.open(IoBridge.java:575)
03-14 03:51:12.730 2965 3819 W hpplay-java: at java.io.FileOutputStream.(FileOutputStream.java:236)
03-14 03:51:12.730 2965 3819 W hpplay-java: at java.io.FileOutputStream.(FileOutputStream.java:186)
03-14 03:51:12.730 2965 3819 W hpplay-java: at com.hpplay.sdk.sink.util.APIFileUtil.a(SourceFile:4)
03-14 03:51:12.730 2965 3819 W hpplay-java: at com.hpplay.sdk.sink.util.APIFileUtil.a(SourceFile:34)
03-14 03:51:12.730 2965 3819 W hpplay-java: at com.hpplay.sdk.sink.proxy.ModuleLoader.c(SourceFile:12)
03-14 03:51:12.730 2965 3819 W hpplay-java: at com.hpplay.sdk.sink.proxy.ModuleLoader.d(SourceFile:14)
03-14 03:51:12.730 2965 3819 W hpplay-java: at com.hpplay.sdk.sink.proxy.ModuleLoader.c(SourceFile:1)
03-14 03:51:12.730 2965 3819 W hpplay-java: at com.hpplay.sdk.sink.proxy.ModuleLoader$2.call(SourceFile:1)
03-14 03:51:12.730 2965 3819 W hpplay-java: at com.hpplay.common.asyncmanager.AsyncCallableJob.doInBackground(SourceFile:1)
03-14 03:51:12.730 2965 3819 W hpplay-java: at android.os.AsyncTask$3.call(AsyncTask.java:394)
03-14 03:51:12.730 2965 3819 W hpplay-java: at java.util.concurrent.FutureTask.run(FutureTask.java:266)
03-14 03:51:12.730 2965 3819 W hpplay-java: at java.util.concurrent.ThreadPoolExecutor.runWorker(ThreadPoolExecutor.java:1167)
03-14 03:51:12.730 2965 3819 W hpplay-java: at java.util.concurrent.ThreadPoolExecutor$Worker.run(ThreadPoolExecutor.java:641)
03-14 03:51:12.730 2965 3819 W hpplay-java: at java.lang.Thread.run(Thread.java:920)
03-14 03:51:12.730 2965 3819 W hpplay-java: Caused by: android.system.ErrnoException: open failed: ENOENT (No such file or directory)
03-14 03:51:12.730 2965 3819 W hpplay-java: at libcore.io.Linux.open(Native Method)
03-14 03:51:12.730 2965 3819 W hpplay-java: at libcore.io.ForwardingOs.open(ForwardingOs.java:567)
03-14 03:51:12.730 2965 3819 W hpplay-java: at libcore.io.BlockGuardOs.open(BlockGuardOs.java:273)
03-14 03:51:12.730 2965 3819 W hpplay-java: at libcore.io.ForwardingOs.open(ForwardingOs.java:567)
03-14 03:51:12.730 2965 3819 W hpplay-java: at android.app.ActivityThread$AndroidOs.open(ActivityThread.java:7766)
03-14 03:51:12.730 2965 3819 W hpplay-java: at libcore.io.IoBridge.open(IoBridge.java:561)
03-14 03:51:12.730 2965 3819 W hpplay-java: ... 14 more
03-14 03:51:12.734 3080 3265 E MediaProvider: Creating a non-default top level directory or deleting an existing one is not allowed!
03-14 03:51:12.734 3080 3265 E MediaProvider: Creating a non-default top level directory or deleting an existing one is not allowed!
03-14 03:51:12.738 3080 3266 E MediaProvider: Creating a non-default top level directory or deleting an existing one is not allowed!
03-14 03:51:12.739 3080 3266 E MediaProvider: Creating a non-default top level directory or deleting an existing one is not allowed!
03-14 03:51:12.740 2965 3819 W hpplay-java: [AsyncTask #1]:APIFileUtil:java.io.FileNotFoundException: /storage/emulated/0/com.hht.lebocast/sink/sdk/hpdata/60146/25915/oat/bu.dex.cur.prof: open failed: ENOENT (No such file or directory)
03-14 03:51:12.740 2965 3819 W hpplay-java: at libcore.io.IoBridge.open(IoBridge.java:575)
03-14 03:51:12.740 2965 3819 W hpplay-java: at java.io.FileOutputStream.(FileOutputStream.java:236)
03-14 03:51:12.740 2965 3819 W hpplay-java: at java.io.FileOutputStream.(FileOutputStream.java:186)
03-14 03:51:12.740 2965 3819 W hpplay-java: at com.hpplay.sdk.sink.util.APIFileUtil.a(SourceFile:4)
03-14 03:51:12.740 2965 3819 W hpplay-java: at com.hpplay.sdk.sink.util.APIFileUtil.a(SourceFile:34)
03-14 03:51:12.740 2965 3819 W hpplay-java: at com.hpplay.sdk.sink.util.APIFileUtil.a(SourceFile:38)
03-14 03:51:12.740 2965 3819 W hpplay-java: at com.hpplay.sdk.sink.proxy.ModuleLoader.c(SourceFile:12)
03-14 03:51:12.740 2965 3819 W hpplay-java: at com.hpplay.sdk.sink.proxy.ModuleLoader.d(SourceFile:14)
03-14 03:51:12.740 2965 3819 W hpplay-java: at com.hpplay.sdk.sink.proxy.ModuleLoader.c(SourceFile:1)
03-14 03:51:12.740 2965 3819 W hpplay-java: at com.hpplay.sdk.sink.proxy.ModuleLoader$2.call(SourceFile:1)
03-14 03:51:12.740 2965 3819 W hpplay-java: at com.hpplay.common.asyncmanager.AsyncCallableJob.doInBackground(SourceFile:1)
03-14 03:51:12.740 2965 3819 W hpplay-java: at android.os.AsyncTask$3.call(AsyncTask.java:394)
03-14 03:51:12.740 2965 3819 W hpplay-java: at java.util.concurrent.FutureTask.run(FutureTask.java:266)
03-14 03:51:12.740 2965 3819 W hpplay-java: at java.util.concurrent.ThreadPoolExecutor.runWorker(ThreadPoolExecutor.java:1167)
03-14 03:51:12.740 2965 3819 W hpplay-java: at java.util.concurrent.ThreadPoolExecutor$Worker.run(ThreadPoolExecutor.java:641)
03-14 03:51:12.740 2965 3819 W hpplay-java: at java.lang.Thread.run(Thread.java:920)
03-14 03:51:12.740 2965 3819 W hpplay-java: Caused by: android.system.ErrnoException: open failed: ENOENT (No such file or directory)
03-14 03:51:12.740 2965 3819 W hpplay-java: at libcore.io.Linux.open(Native Method)
03-14 03:51:12.740 2965 3819 W hpplay-java: at libcore.io.ForwardingOs.open(ForwardingOs.java:567)
03-14 03:51:12.740 2965 3819 W hpplay-java: at libcore.io.BlockGuardOs.open(BlockGuardOs.java:273)
03-14 03:51:12.740 2965 3819 W hpplay-java: at libcore.io.ForwardingOs.open(ForwardingOs.java:567)
03-14 03:51:12.740 2965 3819 W hpplay-java: at android.app.ActivityThread$AndroidOs.open(ActivityThread.java:7766)
03-14 03:51:12.740 2965 3819 W hpplay-java: at libcore.io.IoBridge.open(IoBridge.java:561)
03-14 03:51:12.740 2965 3819 W hpplay-java: ... 15 more
03-14 03:51:12.744 3080 3265 E MediaProvider: Creating a non-default top level directory or deleting an existing one is not allowed!
03-14 03:51:12.745 3080 3265 E MediaProvider: Creating a non-default top level directory or deleting an existing one is not allowed!
03-14 03:51:12.747 2965 3819 W hpplay-java: [AsyncTask #1]:APIFileUtil:java.io.FileNotFoundException: /storage/emulated/0/com.hht.lebocast/sink/sdk/hpdata/60146/25915/oat/arm/bu.vdex: open failed: ENOENT (No such file or directory)
03-14 03:51:12.747 2965 3819 W hpplay-java: at libcore.io.IoBridge.open(IoBridge.java:575)
03-14 03:51:12.747 2965 3819 W hpplay-java: at java.io.FileOutputStream.(FileOutputStream.java:236)
03-14 03:51:12.747 2965 3819 W hpplay-java: at java.io.FileOutputStream.(FileOutputStream.java:186)
03-14 03:51:12.747 2965 3819 W hpplay-java: at com.hpplay.sdk.sink.util.APIFileUtil.a(SourceFile:4)
03-14 03:51:12.747 2965 3819 W hpplay-java: at com.hpplay.sdk.sink.util.APIFileUtil.a(SourceFile:34)
03-14 03:51:12.747 2965 3819 W hpplay-java: at com.hpplay.sdk.sink.util.APIFileUtil.a(SourceFile:38)
03-14 03:51:12.747 2965 3819 W hpplay-java: at com.hpplay.sdk.sink.util.APIFileUtil.a(SourceFile:38)
03-14 03:51:12.747 2965 3819 W hpplay-java: at com.hpplay.sdk.sink.proxy.ModuleLoader.c(SourceFile:12)
03-14 03:51:12.747 2965 3819 W hpplay-java: at com.hpplay.sdk.sink.proxy.ModuleLoader.d(SourceFile:14)
03-14 03:51:12.747 2965 3819 W hpplay-java: at com.hpplay.sdk.sink.proxy.ModuleLoader.c(SourceFile:1)
03-14 03:51:12.747 2965 3819 W hpplay-java: at com.hpplay.sdk.sink.proxy.ModuleLoader$2.call(SourceFile:1)
03-14 03:51:12.747 2965 3819 W hpplay-java: at com.hpplay.common.asyncmanager.AsyncCallableJob.doInBackground(SourceFile:1)
03-14 03:51:12.747 2965 3819 W hpplay-java: at android.os.AsyncTask$3.call(AsyncTask.java:394)
03-14 03:51:12.747 2965 3819 W hpplay-java: at java.util.concurrent.FutureTask.run(FutureTask.java:266)
03-14 03:51:12.747 2965 3819 W hpplay-java: at java.util.concurrent.ThreadPoolExecutor.runWorker(ThreadPoolExecutor.java:1167)
03-14 03:51:12.747 2965 3819 W hpplay-java: at java.util.concurrent.ThreadPoolExecutor$Worker.run(ThreadPoolExecutor.java:641)
03-14 03:51:12.747 2965 3819 W hpplay-java: at java.lang.Thread.run(Thread.java:920)
03-14 03:51:12.747 2965 3819 W hpplay-java: Caused by: android.system.ErrnoException: open failed: ENOENT (No such file or directory)
03-14 03:51:12.747 2965 3819 W hpplay-java: at libcore.io.Linux.open(Native Method)
03-14 03:51:12.747 2965 3819 W hpplay-java: at libcore.io.ForwardingOs.open(ForwardingOs.java:567)
03-14 03:51:12.747 2965 3819 W hpplay-java: at libcore.io.BlockGuardOs.open(BlockGuardOs.java:273)
03-14 03:51:12.747 2965 3819 W hpplay-java: at libcore.io.ForwardingOs.open(ForwardingOs.java:567)
03-14 03:51:12.747 2965 3819 W hpplay-java: at android.app.ActivityThread$AndroidOs.open(ActivityThread.java:7766)
03-14 03:51:12.747 2965 3819 W hpplay-java: at libcore.io.IoBridge.open(IoBridge.java:561)
03-14 03:51:12.747 2965 3819 W hpplay-java: ... 16 more
03-14 03:51:12.747 2965 3819 I hpplay-java: [AsyncTask #1]:ModuleLoader:checkDex preparedFolder:/data/user/0/com.hht.lebocast/files/hpplay/hpdata/60146/25915
03-14 03:51:12.747 2965 2965 I hpplay-java: [main]:ModuleLoader:handleMessage what: 1
03-14 03:51:12.747 2965 2965 I hpplay-java: [main]:ModuleLoader:loadBu,isFirstLoadBuDex:true
03-14 03:51:12.748 2965 3822 I hpplay-java: [AsyncTask #2]:ModuleLoader:loadDex path: /data/user/0/com.hht.lebocast/files/hpplay/hpdata/60146/25915/bu.dex library: /data/user/0/com.hht.lebocast/lib
03-14 03:51:12.755 2965 3822 I PatchUtils: system abis -----> arm64-v8a,armeabi-v7a,armeabi,
03-14 03:51:12.755 2965 3822 I PatchParser: no new patch
03-14 03:51:12.755 2965 3822 I LinkerInfosManager: start find external classloader dex
03-14 03:51:12.756 2965 3822 D SystemHookUtils: dex path /data/user/0/com.hht.lebocast/files/hpplay/hpdata/60146/25915/bu.dex
03-14 03:51:12.756 2965 3822 W om.hht.lebocas: Opening an oat file without a class loader. Are you using the deprecated DexFile APIs?
03-14 03:51:12.769 862 2613 D vendor.qti.bluetooth@1.0-wake_lock: Release wakelock is released
03-14 03:51:12.773 782 782 I notification_enqueue: [1000,782,android,17303299,com.android.wifi,0,Notification(channel=NETWORK_AVAILABLE shortcut=null contentView=null vibrate=null sound=null tick defaults=0x0 flags=0x100 color=0x00000000 actions=2 vis=PRIVATE),0]
03-14 03:51:12.777 2965 3822 I SystemHookUtils: android high version sdk find dex file size 1
03-14 03:51:12.779 2462 2462 W WifiDebugService: Can not find target wifi network : hht_test_wifi_fc4318c9
03-14 03:51:12.783 2965 3822 I LinkerInfosManager: ================= not patch classloader
03-14 03:51:12.783 2965 3822 I LinkerInfosManager: ================= external path /data/user/0/com.hht.lebocast/files/hpplay/hpdata/60146/25915/bu.dex
03-14 03:51:12.783 2965 3822 W om.hht.lebocas: Opening an oat file without a class loader. Are you using the deprecated DexFile APIs?
03-14 03:51:12.794 2965 3822 I LinkerInfosManager: =======use local path ==========
03-14 03:51:12.794 2965 3822 I LinkerInfosManager: ================= com.hpplay.component.common.utils.ModuleInfos
03-14 03:51:12.795 2965 3822 I ModuleLoadUtils: main dex find class failed
03-14 03:51:12.795 2965 3822 I SystemHookUtils: parent find class failed
03-14 03:51:12.795 2965 3822 I ModuleLoadUtils: component find class failed
03-14 03:51:12.795 2965 3822 I ModuleLoadUtils: .ModuleInfos not find ...
03-14 03:51:12.795 2965 3822 W LinkerInfosManager: java.lang.NullPointerException: Attempt to invoke virtual method 'java.lang.Class java.lang.Object.getClass()' on a null object reference
03-14 03:51:12.795 2965 3822 W LinkerInfosManager: at com.hpplay.component.modulelinker.d.a(SourceFile:10)
03-14 03:51:12.795 2965 3822 W LinkerInfosManager: at com.hpplay.component.modulelinker.b.a(SourceFile:40)
03-14 03:51:12.795 2965 3822 W LinkerInfosManager: at com.hpplay.component.modulelinker.b.a(SourceFile:9)
03-14 03:51:12.795 2965 3822 W LinkerInfosManager: at com.hpplay.component.modulelinker.c.init(SourceFile:13)
03-14 03:51:12.795 2965 3822 W LinkerInfosManager: at com.hpplay.component.modulelinker.api.ModuleLinker.init(SourceFile:8)
03-14 03:51:12.795 2965 3822 W LinkerInfosManager: at com.hpplay.sdk.sink.proxy.ModuleLoader.b(SourceFile:29)
03-14 03:51:12.795 2965 3822 W LinkerInfosManager: at com.hpplay.sdk.sink.proxy.ModuleLoader.b(SourceFile:2)
03-14 03:51:12.795 2965 3822 W LinkerInfosManager: at com.hpplay.sdk.sink.proxy.ModuleLoader$3.run(SourceFile:1)
03-14 03:51:12.795 2965 3822 W LinkerInfosManager: at com.hpplay.common.asyncmanager.AsyncRunnableJob.doInBackground(SourceFile:1)
03-14 03:51:12.795 2965 3822 W LinkerInfosManager: at android.os.AsyncTask$3.call(AsyncTask.java:394)
03-14 03:51:12.795 2965 3822 W LinkerInfosManager: at java.util.concurrent.FutureTask.run(FutureTask.java:266)
03-14 03:51:12.795 2965 3822 W LinkerInfosManager: at java.util.concurrent.ThreadPoolExecutor.runWorker(ThreadPoolExecutor.java:1167)
03-14 03:51:12.795 2965 3822 W LinkerInfosManager: at java.util.concurrent.ThreadPoolExecutor$Worker.run(ThreadPoolExecutor.java:641)
03-14 03:51:12.795 2965 3822 W LinkerInfosManager: at java.lang.Thread.run(Thread.java:920)
03-14 03:51:12.795 2965 3822 I ModuleLinkerImp: init time 43
03-14 03:51:12.795 2965 3822 I ModuleLinkerImp: =====> 0
03-14 03:51:12.797 2965 2965 I hpplay-java: [main]:ModuleLoader:handleMessage what: 3
03-14 03:51:12.797 2965 2965 I hpplay-java: [main]:ModuleLoader:mSoPath: null
03-14 03:51:12.797 2965 2965 I hpplay-java: [main]:ModuleLoader:liblelink commit id api:027d01cda77c3b15c41f64bb549c08dc2c00371c
03-14 03:51:12.803 2965 3824 I hpplay-java: [AsyncTask #3]:BuildConfigSupport:isDEBUG DEBUG:false
03-14 03:51:12.804 2965 3824 I hpplay-java: [AsyncTask #3]:LelinkCastImpl:liblelink commit id bu:027d01cda77c3b15c41f64bb549c08dc2c00371c
03-14 03:51:12.805 2965 3824 I hpplay-java: [AsyncTask #3]:BuildConfigSupport:getVersionCode VERSION_CODE:60146
03-14 03:51:12.805 2965 3824 I hpplay-java: [AsyncTask #3]:BuildConfigSupport:getBuVersionCode BU_VERSION_CODE: 25915
03-14 03:51:12.805 2965 3824 I hpplay-java: [AsyncTask #3]:LelinkLoader:no external so file found
03-14 03:51:12.805 2965 3824 I hpplay-java: [AsyncTask #3]:LelinkLoader:loadSo BU_VERSION_CODE:25915, PackageName:com.hht.lebocast,loadFile /data/user/0/com.hht.lebocast/lib/liblelink.so
03-14 03:51:12.808 2965 3824 I hpplay-java: [AsyncTask #3]:LibLoader:loadSo mDefaultPath:/data/user/0/com.hht.lebocast/lib
03-14 03:51:12.808 2965 3824 I hpplay-java: [AsyncTask #3]:LibLoader:getValidPath check path:/data/user/0/com.hht.lebocast/lib/liblelink.so
03-14 03:51:12.808 2965 3824 I hpplay-java: [AsyncTask #3]:LibLoader:getValidPath check path:/data/user/0/com.hht.lebocast/files/hpplay/file/liblelink.so
03-14 03:51:12.808 2965 3824 I hpplay-java: [AsyncTask #3]:LibLoader:getValidPath check path:/system_ext/app/TCCast/lib/arm/liblelink.so
03-14 03:51:12.809 2965 3824 I hpplay-java: [AsyncTask #3]:LibLoader:getValidPath check path:/system/app/com.hht.lebocast/lib/arm/liblelink.so
03-14 03:51:12.809 2965 3824 I hpplay-java: [AsyncTask #3]:LibLoader:getValidPath check path:/system/lib/com.hht.lebocast/liblelink.so
03-14 03:51:12.809 2965 3824 I hpplay-java: [AsyncTask #3]:LibLoader:getValidPath check path:/system/etc/liblelink.so
03-14 03:51:12.809 2965 3824 I hpplay-java: [AsyncTask #3]:LibLoader:getValidPath check path:/system/lib/liblelink.so
03-14 03:51:12.809 2965 3824 I hpplay-java: [AsyncTask #3]:LibLoader:getValidPath check path:/data/app-lib/com.hht.lebocast/liblelink.so
03-14 03:51:12.809 2965 3824 I hpplay-java: [AsyncTask #3]:LibLoader:getValidPath check path:/product/lib/liblelink.so
03-14 03:51:12.809 2965 3824 I hpplay-java: [AsyncTask #3]:LibLoader:getValidPath check path:/system/private-app/com.hht.lebocast/lib/arm/liblelink.so
03-14 03:51:12.809 2965 3824 I hpplay-java: [AsyncTask #3]:LibLoader:getValidPath check path:/system_ext/app/TCCast/lib/arm/liblelink.so
03-14 03:51:12.810 2965 3824 I hpplay-java: [AsyncTask #3]:LibLoader:getValidPath check path:/data/user/0/com.hht.lebocast/files/hpplay/common/liblelink.so
03-14 03:51:12.849 2965 3824 I hpplay-java: [AsyncTask #3]:BPIFileUtil:getMd5ByFile: 054CE34B3CB1D77895EFC5B3CCEA7E39
03-14 03:51:12.849 2965 3824 I hpplay-java: [AsyncTask #3]:LibLoader:getValidPath soPath:/data/user/0/com.hht.lebocast/files/hpplay/common/liblelink.so
03-14 03:51:12.852 2965 3824 I hpplay-base: liblelink ver: 90610 (Jul 18 2022 10:14:10)
03-14 03:51:12.852 2965 3824 I hpplay-base: liblelink commit id: 6854d2ad4a11b788b5c223c313843b85637a5ae2
03-14 03:51:12.853 2965 3824 I hpplay-java: [AsyncTask #3]:LibLoader:loadSo lelink true
03-14 03:51:12.853 2965 3824 I hpplay-java: [AsyncTask #3]:LelinkLoader:load so from assets java.lang.NumberFormatException: For input string: "lib"
03-14 03:51:12.853 2965 3824 I hpplay-java: [AsyncTask #3]:BuildConfigSupport:getBuVersionName BU_VERSION_NAME:2.59.15-2022-07-25-17-24
03-14 03:51:12.853 2965 2965 I hpplay-java: [main]:ModuleLoader:handleMessage what: 2
03-14 03:51:12.853 2965 2965 I hpplay-java: [main]:LelinkCastWrapper:onLoad isSuccess:true
03-14 03:51:12.853 2965 2965 I hpplay-java: [main]:LelinkCastWrapper:startService mService: null
03-14 03:51:12.856 782 1973 D CompatibilityInfo: mCompatibilityFlags - 4
03-14 03:51:12.856 782 1973 D CompatibilityInfo: applicationDensity - 240
03-14 03:51:12.856 782 1973 D CompatibilityInfo: applicationScale - 1.0
03-14 03:51:12.857 2965 2965 I hpplay-java: [main]:LelinkCastWrapper:startService success: true
03-14 03:51:12.857 2965 2965 I hpplay-java: [main]:DaemonService:onCreate start
03-14 03:51:12.857 2965 2965 I hpplay-java: [main]:DaemonServiceEntity:setBPImpl mContext: null
03-14 03:51:12.858 2965 2965 I hpplay-java: [main]:Utils:getApplication in main thread
03-14 03:51:12.859 2965 2965 I hpplay-java: [main]:DaemonServiceEntity:onCreate
03-14 03:51:12.860 2965 2965 I hpplay-java: [main]:DaemonServiceEntity:initParams channel: lecast w/h: 2380/1020
03-14 03:51:12.862 650 663 I mpu_uart: [MSG-P:RECV]:No message received in 1000 ms
03-14 03:51:12.863 2965 3825 E ActivityThread: Failed to find provider info for com.tcl.xian.StartandroidService.MyContentProvider
03-14 03:51:12.864 2965 2965 I hpplay-java: [main]:Resource:initInstance Resource
01-01 08:00:46.260 0 0 I init : Sending signal 9 to service 'idmap2d' (pid 1263) process group...
03-14 03:51:12.868 782 1973 W OverlayManager: service 'idmap' died
01-01 08:00:46.265 0 0 I libprocessgroup: Successfully killed process cgroup uid 1000 pid 1263 in 5ms
01-01 08:00:46.266 0 0 I init : Control message: Processed ctl.stop for 'idmap2d' from pid: 782 (system_server)
01-01 08:00:46.266 0 0 I init : Service 'idmap2d' (pid 1263) received signal 9
03-14 03:51:12.870 2965 2965 I hpplay-java: [main]:Resource:checkLanguage init language map 1
03-14 03:51:12.871 2965 3826 I hpplay-java: [AsyncTask #5]:Resource:init
03-14 03:51:12.872 2965 2965 I hpplay-java: [main]:MacTask:startTask
03-14 03:51:12.872 2965 2965 I hpplay-java: [main]:DaemonService:onBind
03-14 03:51:12.872 2965 2965 I hpplay-java: [main]:DaemonServiceEntity:onBind
03-14 03:51:12.874 2965 2965 I hpplay-java: [main]:LelinkCastWrapper:onServiceConnected
03-14 03:51:12.875 2965 2965 I hpplay-java: [main]:DaemonService:onStartCommand iService: com.hpplay.sdk.sink.service.DaemonServiceEntity@e23a64c
03-14 03:51:12.875 2965 2965 I hpplay-java: [main]:DaemonServiceEntity:onStartCommand flags: 0 startId: 1 mOnBind: true
