03-14 03:51:11.604 2001 2001 D ObexServerSockets2: startAccept()
03-14 03:51:11.604 2001 2001 I BtOppService: handleMessage :1
03-14 03:51:11.604 2001 2001 D BtOppService: start Socket Listeners
03-14 03:51:11.604 2001 2001 D BtOppService: stopListeners: mServerSocket is null
03-14 03:51:11.604 2001 2001 D ObexServerSockets: create(rfcomm = 12, l2capPsm = 4131)
03-14 03:51:11.606 782 3182 I am_proc_bound: [0,3597,com.android.dynsystem]
03-14 03:51:11.606 2006 2449 D ControlsListingControllerImpl: Subscribing callback, service count: 0
03-14 03:51:11.607 2001 3116 I bt_stack: [INFO:port_api.cc(123)] RFCOMM_CreateConnection BDA: ff:ff:ff:ff:ff:ff
03-14 03:51:11.607 2001 2001 D BluetoothAdapter: listenUsingInsecureL2capOn: port=4131
03-14 03:51:11.607 782 3182 D CompatibilityChangeReporter: Compat change id reported: 168419799; UID 1000; state: DISABLED
03-14 03:51:11.607 782 3182 D CompatibilityInfo: mCompatibilityFlags - 4
03-14 03:51:11.607 782 3182 D CompatibilityInfo: applicationDensity - 240
03-14 03:51:11.607 782 3182 D CompatibilityInfo: applicationScale - 1.0
03-14 03:51:11.609 2001 3116 W bt_l2cap: L2CAP - L2CA_Register() called for PSM: 0x1023
03-14 03:51:11.609 2001 2001 D ObexServerSockets: Succeed to create listening sockets
03-14 03:51:11.609 2001 2001 D ObexServerSockets3: startAccept()
03-14 03:51:11.611 782 3182 D CompatibilityInfo: mCompatibilityFlags - 4
03-14 03:51:11.611 782 3182 D CompatibilityInfo: applicationDensity - 240
03-14 03:51:11.611 782 3182 D CompatibilityInfo: applicationScale - 1.0
03-14 03:51:11.611 2001 3616 D ObexServerSockets3: Accepting socket connection...
03-14 03:51:11.611 2001 2001 D BluetoothSdpJni: sdpCreateOppOpsRecordNative
03-14 03:51:11.611 2001 2001 D BluetoothSdpJni: SDP Create record success - handle: 3
03-14 03:51:11.611 2001 3116 W bt_device_profile: profile_feature_fetch:profile 5
03-14 03:51:11.611 2001 2001 D BtOppService: mOppSdpHandle :3
03-14 03:51:11.611 2001 3116 W bt_device_profile: profile_feature_fetch:opp_0100_support found 0
03-14 03:51:11.612 2001 3615 D ObexServerSockets2: Accepting socket connection...
03-14 03:51:11.612 2001 3617 D ObexServerSockets3: Accepting socket connection...
03-14 03:51:11.612 862 862 D vendor.qti.bluetooth@1.0-ibs_handler: SerialClockVote: vote for UART CLK ON
03-14 03:51:11.612 862 862 D vendor.qti.bluetooth@1.0-wake_lock: Acquire wakelock is acquired
03-14 03:51:11.612 862 862 I vendor.qti.bluetooth@1.0-ibs_handler: DeviceWakeUp: Writing IBS_WAKE_IND
03-14 03:51:11.612 3597 3597 D CompatibilityChangeReporter: Compat change id reported: 171979766; UID 1000; state: ENABLED
03-14 03:51:11.614 2006 2449 D PeopleSpaceWidgetMgr: Sbn doesn't contain valid PeopleTileKey: null/0/com.android.systemui
03-14 03:51:11.614 2006 2449 D PeopleSpaceWidgetMgr: Sbn doesn't contain valid PeopleTileKey: null/-1/android
03-14 03:51:11.618 862 3066 I vendor.qti.bluetooth@1.0-ibs_handler: ProcessIbsCmd: Received IBS_WAKE_ACK: 0xFC
03-14 03:51:11.618 862 3066 I vendor.qti.bluetooth@1.0-ibs_handler: ProcessIbsCmd: Signal wack_cond_
03-14 03:51:11.618 862 862 D vendor.qti.bluetooth@1.0-ibs_handler: DeviceWakeUp: Unblocked from waiting for FC, pthread_cond_timedwait ret = 0
03-14 03:51:11.619 862 3066 I vendor.qti.bluetooth@1.0-ibs_handler: ProcessIbsCmd: Received IBS_WAKE_IND: 0xFD
03-14 03:51:11.619 862 3066 I vendor.qti.bluetooth@1.0-ibs_handler: ProcessIbsCmd: Writing IBS_WAKE_ACK
03-14 03:51:11.620 2006 2449 D PeopleSpaceWidgetMgr: Sbn doesn't contain valid PeopleTileKey: null/-1/android
03-14 03:51:11.620 2006 2449 D PeopleSpaceWidgetMgr: Sbn doesn't contain valid PeopleTileKey: null/-1/android
03-14 03:51:11.622 782 3182 W ActivityManager: Receiver with filter android.content.IntentFilter@1b5f2b9 already registered for pid 2006, callerPackage is com.android.systemui
03-14 03:51:11.633 2006 2006 V MediaTimeout: processState 0|com.android.systemui|1|empty_media|10078: null
03-14 03:51:11.633 2006 2006 V MediaTimeout: schedule timeout for 0|com.android.systemui|1|empty_media|10078 playing false, false
03-14 03:51:11.634 2006 2006 D MediaResumeListener: Checking for service component for com.android.systemui
03-14 03:51:11.638 3597 3597 I Perf : Connecting to perf service.
03-14 03:51:11.644 3597 3597 V GraphicsEnvironment: ANGLE Developer option for 'com.android.dynsystem' set to: 'default'
03-14 03:51:11.644 782 2952 D CompatibilityChangeReporter: Compat change id reported: 135634846; UID 1000; state: DISABLED
03-14 03:51:11.644 782 2952 D CompatibilityChangeReporter: Compat change id reported: 177438394; UID 1000; state: DISABLED
03-14 03:51:11.644 782 2952 D CompatibilityChangeReporter: Compat change id reported: 135772972; UID 1000; state: DISABLED
03-14 03:51:11.644 782 2952 D CompatibilityChangeReporter: Compat change id reported: 135754954; UID 1000; state: ENABLED
03-14 03:51:11.644 3597 3597 V GraphicsEnvironment: ANGLE GameManagerService for com.android.dynsystem: false
03-14 03:51:11.645 782 2952 I backup_transport_lifecycle: [com.android.localtransport/.LocalTransportService,1]
03-14 03:51:11.645 3597 3597 D NetworkSecurityConfig: No Network Security Config specified, using platform default
03-14 03:51:11.646 3597 3597 D NetworkSecurityConfig: No Network Security Config specified, using platform default
03-14 03:51:11.648 2646 2646 D TouchInteractionService: Touch service destroyed: user=0
03-14 03:51:11.648 782 2170 W InputManager-JNI: Input channel object 'recents_animation_input_consumer (client)' was disposed without first being removed with the input manager!
03-14 03:51:11.649 782 1605 I InputDispatcher: Erasing monitor swipe-up (server) on display 0, pid=2646
03-14 03:51:11.654 2006 2964 I OpenGLRenderer: Davey! duration=9223371994330ms; Flags=0, FrameTimelineVsyncId=577, IntendedVsync=42524370715, Vsync=42524370715, InputEventId=0, HandleInputStart=42528784304, AnimationStart=42528785294, PerformTraversalsStart=42528863836, DrawStart=42538396336, FrameDeadline=42541037381, FrameInterval=42528781544, FrameStartTime=16666666, SyncQueued=42538473627, SyncStart=42538527325, IssueDrawCommandsStart=42538626075, SwapBuffers=42539391492, FrameCompleted=9223372036854775807, DequeueBufferDuration=30573, QueueBufferDuration=6199011, GpuCompleted=9223372036854775807, SwapBuffersCompleted=42546026179, DisplayPresentTime=0,
03-14 03:51:11.655 782 2170 D CompatibilityInfo: mCompatibilityFlags - 4
03-14 03:51:11.655 782 2170 D CompatibilityInfo: applicationDensity - 240
03-14 03:51:11.655 782 2170 D CompatibilityInfo: applicationScale - 1.0
03-14 03:51:11.657 782 2173 I am_uid_running: 10067
03-14 03:51:11.657 782 2173 D CompatibilityChangeReporter: Compat change id reported: 135634846; UID 10067; state: DISABLED
03-14 03:51:11.657 782 2173 D CompatibilityChangeReporter: Compat change id reported: 177438394; UID 10067; state: DISABLED
03-14 03:51:11.657 782 2173 D CompatibilityChangeReporter: Compat change id reported: 135772972; UID 10067; state: DISABLED
03-14 03:51:11.657 782 2173 D CompatibilityChangeReporter: Compat change id reported: 135754954; UID 10067; state: ENABLED
03-14 03:51:11.661 782 3182 I InputDispatcher: Created monitor swipe-up for display 0, gesture=true, pid=2646
03-14 03:51:11.662 782 1605 I InputDispatcher: Erasing monitor swipe-up (server) on display 0, pid=2646
03-14 03:51:11.662 782 2173 I InputDispatcher: Created monitor swipe-up for display 0, gesture=true, pid=2646
03-14 03:51:11.662 2646 2646 D TouchInteractionService: Touch service connected: user=0
03-14 03:51:11.664 695 695 D Zygote : Forked child process 3620
03-14 03:51:11.664 782 873 I am_proc_start: [0,3620,1000,com.android.localtransport,service,{com.android.localtransport/com.android.localtransport.LocalTransportService}]
03-14 03:51:11.665 782 873 I ActivityManager: Start proc 3620:com.android.localtransport/1000 for service {com.android.localtransport/com.android.localtransport.LocalTransportService}
03-14 03:51:11.666 2006 2006 V NotificationMediaManager: DEBUG_MEDIA: updating album art for notification null metadata=null metaDataChanged=false state=0
03-14 03:51:11.668 3620 3620 I Zygote : seccomp disabled by setenforce 0
03-14 03:51:11.671 782 1605 I InputDispatcher: Erasing monitor swipe-up (server) on display 0, pid=2646
03-14 03:51:11.672 782 1973 I InputDispatcher: Created monitor swipe-up for display 0, gesture=true, pid=2646
03-14 03:51:11.674 695 695 D Zygote : Forked child process 3624
03-14 03:51:11.674 782 873 I am_proc_start: [0,3624,1000,com.android.dynsystem:dynsystem,service,{com.android.dynsystem/com.android.dynsystem.DynamicSystemInstallationService}]
03-14 03:51:11.674 782 873 I ActivityManager: Start proc 3624:com.android.dynsystem:dynsystem/1000 for service {com.android.dynsystem/com.android.dynsystem.DynamicSystemInstallationService}
03-14 03:51:11.674 782 873 D CompatibilityChangeReporter: Compat change id reported: 143937733; UID 10067; state: ENABLED
03-14 03:51:11.678 2789 2798 I adbd : jdwp connection from 3620
03-14 03:51:11.680 3624 3624 I Zygote : seccomp disabled by setenforce 0
03-14 03:51:11.680 695 695 D Zygote : Forked child process 3630
03-14 03:51:11.680 782 873 I am_proc_start: [0,3630,10067,com.android.inputmethod.latin,broadcast,{com.android.inputmethod.latin/com.android.inputmethod.latin.SystemBroadcastReceiver}]
03-14 03:51:11.680 782 873 I ActivityManager: Start proc 3630:com.android.inputmethod.latin/u0a67 for broadcast {com.android.inputmethod.latin/com.android.inputmethod.latin.SystemBroadcastReceiver}
01-01 08:00:45.079 0 0 I binder : 3620:3620 ioctl 40046210 7fc8a60c34 returned -22
03-14 03:51:11.684 3620 3620 D ProcessState: Binder ioctl to enable oneway spam detection failed: Invalid argument
03-14 03:51:11.685 3630 3630 I Zygote : seccomp disabled by setenforce 0
03-14 03:51:11.685 2006 2006 V NotificationMediaManager: DEBUG_MEDIA: updating album art for notification null metadata=null metaDataChanged=false state=0
03-14 03:51:11.687 782 2173 I am_proc_bound: [0,3620,com.android.localtransport]
03-14 03:51:11.688 782 2173 D CompatibilityChangeReporter: Compat change id reported: 168419799; UID 1000; state: DISABLED
03-14 03:51:11.688 782 2173 D CompatibilityInfo: mCompatibilityFlags - 4
03-14 03:51:11.688 782 2173 D CompatibilityInfo: applicationDensity - 240
03-14 03:51:11.688 782 2173 D CompatibilityInfo: applicationScale - 1.0
03-14 03:51:11.689 2789 2798 I adbd : jdwp connection from 3624
03-14 03:51:11.689 3624 3624 D ProcessState: Binder ioctl to enable oneway spam detection failed: Invalid argument
01-01 08:00:45.084 0 0 I binder : 3624:3624 ioctl 40046210 7fc8a60c34 returned -22
03-14 03:51:11.691 782 2173 D CompatibilityInfo: mCompatibilityFlags - 4
03-14 03:51:11.691 782 2173 D CompatibilityInfo: applicationDensity - 240
03-14 03:51:11.691 782 2173 D CompatibilityInfo: applicationScale - 1.0
03-14 03:51:11.694 2789 2798 I adbd : jdwp connection from 3630
03-14 03:51:11.695 3620 3620 D CompatibilityChangeReporter: Compat change id reported: 171979766; UID 1000; state: ENABLED
03-14 03:51:11.696 3630 3630 D ProcessState: Binder ioctl to enable oneway spam detection failed: Invalid argument
03-14 03:51:11.697 782 2170 I am_proc_bound: [0,3624,com.android.dynsystem:dynsystem]
03-14 03:51:11.697 782 2170 D CompatibilityInfo: mCompatibilityFlags - 4
03-14 03:51:11.697 782 2170 D CompatibilityInfo: applicationDensity - 240
03-14 03:51:11.697 782 2170 D CompatibilityInfo: applicationScale - 1.0
03-14 03:51:11.698 782 2170 D CompatibilityInfo: mCompatibilityFlags - 4
03-14 03:51:11.698 782 2170 D CompatibilityInfo: applicationDensity - 240
03-14 03:51:11.698 782 2170 D CompatibilityInfo: applicationScale - 1.0
03-14 03:51:11.701 3624 3624 D CompatibilityChangeReporter: Compat change id reported: 171979766; UID 1000; state: ENABLED
03-14 03:51:11.701 862 3066 I vendor.qti.bluetooth@1.0-ibs_handler: ProcessIbsCmd: Received IBS_SLEEP_IND: 0xFE
03-14 03:51:11.702 782 2173 I am_proc_bound: [0,3630,com.android.inputmethod.latin]
03-14 03:51:11.702 2001 3294 D BluetoothDatabase: getBondedDevicesOrdered: Invalid address for device LocalStorage
03-14 03:51:11.704 782 2173 D CompatibilityChangeReporter: Compat change id reported: 168419799; UID 10067; state: DISABLED
03-14 03:51:11.704 782 2173 D CompatibilityInfo: mCompatibilityFlags - 4
03-14 03:51:11.704 782 2173 D CompatibilityInfo: applicationDensity - 240
03-14 03:51:11.704 782 2173 D CompatibilityInfo: applicationScale - 1.0
01-01 08:00:45.091 0 0 I binder : 3630:3630 ioctl 40046210 7fc8a60c34 returned -22
03-14 03:51:11.708 782 2173 I am_uid_active: 10067
03-14 03:51:11.708 782 2173 D CompatibilityInfo: mCompatibilityFlags - 4
03-14 03:51:11.708 782 2173 D CompatibilityInfo: applicationDensity - 240
03-14 03:51:11.708 782 2173 D CompatibilityInfo: applicationScale - 1.0
03-14 03:51:11.710 782 1973 D CompatibilityInfo: mCompatibilityFlags - 4
03-14 03:51:11.710 782 1973 D CompatibilityInfo: applicationDensity - 240
03-14 03:51:11.710 782 1973 D CompatibilityInfo: applicationScale - 1.0
03-14 03:51:11.713 3630 3630 D CompatibilityChangeReporter: Compat change id reported: 171979766; UID 10067; state: DISABLED
03-14 03:51:11.714 3620 3620 I Perf : Connecting to perf service.
03-14 03:51:11.714 2006 2006 I sysui_multi_action: [757,803,799,note_peek,802,1]
03-14 03:51:11.717 2006 2006 W TouchableRegionManager: onHeadsUpPinnedModeChanged
03-14 03:51:11.718 2006 2006 D StatusBar: disable disable2
03-14 03:51:11.718 782 2173 I sysui_multi_action: [757,127,758,1]
03-14 03:51:11.718 782 2173 I sysui_multi_action: [757,804,799,note_load,801,1,802,1]
03-14 03:51:11.718 782 2173 I notification_panel_revealed: 1
03-14 03:51:11.719 3620 3620 V GraphicsEnvironment: ANGLE Developer option for 'com.android.localtransport' set to: 'default'
03-14 03:51:11.719 3620 3620 V GraphicsEnvironment: ANGLE GameManagerService for com.android.localtransport: false
03-14 03:51:11.719 2006 2006 I sysui_heads_up_status: [-1|android|26|null|1000,1]
03-14 03:51:11.719 3620 3620 D NetworkSecurityConfig: No Network Security Config specified, using platform default
03-14 03:51:11.719 3620 3620 D NetworkSecurityConfig: No Network Security Config specified, using platform default
03-14 03:51:11.723 2006 2006 V NotificationMediaManager: DEBUG_MEDIA: updating album art for notification null metadata=null metaDataChanged=false state=0
03-14 03:51:11.726 782 782 I backup_transport_connection: [com.android.localtransport/.LocalTransportService,1]
03-14 03:51:11.726 782 782 I TransportClient: LocalTransportService#0: Notifying [TransportManager.registerTransport()] transport = IBackupTransport
03-14 03:51:11.727 3624 3624 I Perf : Connecting to perf service.
03-14 03:51:11.728 782 2952 D BackupTransportManager: Transport com.android.localtransport/.LocalTransportService registered
03-14 03:51:11.728 782 2952 D BackupManagerService: [UserID:0] Transport com.android.localtransport/.LocalTransport registered 3112ms after first request (delay = 3000ms)
03-14 03:51:11.729 782 2952 I backup_transport_lifecycle: [com.android.localtransport/.LocalTransportService,0]
03-14 03:51:11.729 782 2952 I backup_transport_connection: [com.android.localtransport/.LocalTransportService,0]
03-14 03:51:11.731 782 1973 I sysui_multi_action: [757,128,758,1,793,4485,794,0,795,4485,796,32,798,1,806,android,857,USB,858,1,947,0,1395,2,1500,4412,1688,1]
03-14 03:51:11.731 782 1973 I sysui_multi_action: [757,804,799,note_freshness,801,4485,802,1]
03-14 03:51:11.731 782 1973 I notification_visibility: [-1|android|32|null|1000,1,4485,4485,0,1]
03-14 03:51:11.731 3624 3624 V GraphicsEnvironment: ANGLE Developer option for 'com.android.dynsystem' set to: 'default'
03-14 03:51:11.732 3624 3624 V GraphicsEnvironment: ANGLE GameManagerService for com.android.dynsystem: false
03-14 03:51:11.732 782 2952 I BackupManagerService: [UserID:0] Found 2 stale backup journal(s), scheduling.
03-14 03:51:11.733 2006 2006 V NotificationMediaManager: DEBUG_MEDIA: updating album art for notification null metadata=null metaDataChanged=false state=0
03-14 03:51:11.733 3624 3624 D NetworkSecurityConfig: No Network Security Config specified, using platform default
03-14 03:51:11.733 3624 3624 D NetworkSecurityConfig: No Network Security Config specified, using platform default
03-14 03:51:11.736 782 1699 I GameModeConfig: isGameModeOn = false
03-14 03:51:11.736 782 1699 I GameModeConfig: isGameModeOn = false
03-14 03:51:11.736 782 1699 I GameModeConfig: isGameModeOn = false
03-14 03:51:11.736 782 1699 I GameModeConfig: isGameModeOn = false
03-14 03:51:11.736 782 2952 I BackupManagerService: [UserID:0] Stale backup journals: Scheduled 8 package(s) total
03-14 03:51:11.738 3624 3624 D DynamicSystemInstallationService: onStartCommand(): action=android.os.image.action.NOTIFY_IF_IN_USE
03-14 03:51:11.738 782 2170 I DynamicSystemService: isInstalled(): false
03-14 03:51:11.739 3630 3630 D nativeloader: classloader namespace configured for unbundled product apk. library_path=/product/app/LatinIME/lib/arm64:/product/app/LatinIME/LatinIME.apk!/lib/arm64-v8a:/product/lib64:/system/product/lib64
03-14 03:51:11.742 2006 2006 D NotificationMediaManager: onMediaDataLoaded Notification Key : 0|com.android.systemui|1|empty_media|10078
03-14 03:51:11.756 3630 3630 I Perf : Connecting to perf service.
03-14 03:51:11.762 3630 3630 V GraphicsEnvironment: ANGLE Developer option for 'com.android.inputmethod.latin' set to: 'default'
03-14 03:51:11.763 3630 3630 V GraphicsEnvironment: ANGLE GameManagerService for com.android.inputmethod.latin: false
03-14 03:51:11.764 3630 3630 D NetworkSecurityConfig: No Network Security Config specified, using platform default
03-14 03:51:11.765 3630 3630 D NetworkSecurityConfig: No Network Security Config specified, using platform default
03-14 03:51:11.768 3630 3630 I SystemBroadcastReceiver: Boot has been completed
03-14 03:51:11.768 3630 3630 I SystemBroadcastReceiver: toggleAppIcon() : FLAG_SYSTEM = true
03-14 03:51:11.770 2006 2006 W ConstraintSet: id unknown center_vertical_guideline
03-14 03:51:11.770 2006 2006 W ConstraintSet: id unknown center_horizontal_guideline
03-14 03:51:11.770 2006 2006 W ConstraintSet: id unknown media_action_barrier
03-14 03:51:11.771 2006 2006 W ConstraintSet: id unknown remove_text
03-14 03:51:11.771 2006 2006 W ConstraintSet: id unknown settings
03-14 03:51:11.771 2006 2006 W ConstraintSet: id unknown cancel
03-14 03:51:11.771 2006 2006 W ConstraintSet: id unknown dismiss
03-14 03:51:11.779 3630 3630 I SystemBroadcastReceiver: Killing my process: pid=3630
03-14 03:51:11.780 3630 3630 I Process : Sending signal. PID: 3630 SIG: 9
03-14 03:51:11.798 782 2173 I ActivityManager: Process com.android.inputmethod.latin (pid 3630) has died: fg RCVR
03-14 03:51:11.798 782 874 I libprocessgroup: Successfully killed process cgroup uid 10067 pid 3630 in 0ms
03-14 03:51:11.798 695 695 I Zygote : Process 3630 exited due to signal 9 (Killed)
03-14 03:51:11.798 782 2173 I am_proc_died: [0,3630,com.android.inputmethod.latin,0,11]
03-14 03:51:11.799 782 2173 I am_broadcast_discard_app: [0,106141141,android.intent.action.BOOT_COMPLETED,15,ResolveInfo{2337ecb com.android.inputmethod.latin/.SystemBroadcastReceiver m=0x108000}]
03-14 03:51:11.801 782 2173 I am_uid_stopped: 10067
03-14 03:51:11.802 782 872 I am_uid_running: 10025
03-14 03:51:11.803 782 872 I ActivityManager: com.android.managedprovisioning is exempt from freezer
03-14 03:51:11.803 782 872 D CompatibilityChangeReporter: Compat change id reported: 135634846; UID 10025; state: DISABLED
03-14 03:51:11.803 782 872 D CompatibilityChangeReporter: Compat change id reported: 177438394; UID 10025; state: DISABLED
03-14 03:51:11.803 782 872 D CompatibilityChangeReporter: Compat change id reported: 135772972; UID 10025; state: DISABLED
03-14 03:51:11.803 782 872 D CompatibilityChangeReporter: Compat change id reported: 135754954; UID 10025; state: ENABLED
03-14 03:51:11.803 782 873 D CompatibilityChangeReporter: Compat change id reported: 143937733; UID 10025; state: ENABLED
03-14 03:51:11.808 2006 2006 D StatusBar: disable disable2
03-14 03:51:11.809 695 695 D Zygote : Forked child process 3676
03-14 03:51:11.809 2006 2006 W View : requestLayout() improperly called by com.android.keyguard.AlphaOptimizedLinearLayout{db60446 V.E...... ......ID 4,0-34,33 #7f0b069b app:id/wifi_group} during layout: running second layout pass
03-14 03:51:11.809 782 873 I am_proc_start: [0,3676,10025,com.android.managedprovisioning,broadcast,{com.android.managedprovisioning/com.android.managedprovisioning.BootReminder}]
03-14 03:51:11.809 782 873 I ActivityManager: Start proc 3676:com.android.managedprovisioning/u0a25 for broadcast {com.android.managedprovisioning/com.android.managedprovisioning.BootReminder}
03-14 03:51:11.817 3676 3676 I Zygote : seccomp disabled by setenforce 0
03-14 03:51:11.823 2006 2006 W View : requestLayout() improperly called by com.android.keyguard.AlphaOptimizedLinearLayout{9bb561e V.E...... ......ID 4,0-34,33 #7f0b069b app:id/wifi_group} during layout: running second layout pass
03-14 03:51:11.825 2789 2798 I adbd : jdwp connection from 3676
01-01 08:00:45.222 0 0 I binder : 3676:3676 ioctl 40046210 7fc8a60c34 returned -22
03-14 03:51:11.827 3676 3676 D ProcessState: Binder ioctl to enable oneway spam detection failed: Invalid argument
03-14 03:51:11.829 782 2170 I am_proc_bound: [0,3676,com.android.managedprovisioning]
03-14 03:51:11.830 782 2170 D CompatibilityChangeReporter: Compat change id reported: 168419799; UID 10025; state: DISABLED
03-14 03:51:11.830 782 2170 D CompatibilityInfo: mCompatibilityFlags - 4
03-14 03:51:11.830 782 2170 D CompatibilityInfo: applicationDensity - 240
03-14 03:51:11.830 782 2170 D CompatibilityInfo: applicationScale - 1.0
03-14 03:51:11.831 782 2170 I am_uid_active: 10025
03-14 03:51:11.835 782 2170 D CompatibilityInfo: mCompatibilityFlags - 4
03-14 03:51:11.835 782 2170 D CompatibilityInfo: applicationDensity - 240
03-14 03:51:11.835 782 2170 D CompatibilityInfo: applicationScale - 1.0
03-14 03:51:11.836 3676 3676 D CompatibilityChangeReporter: Compat change id reported: 171979766; UID 10025; state: ENABLED
03-14 03:51:11.862 650 663 I mpu_uart: [MSG-P:RECV]:No message received in 1000 ms
03-14 03:51:11.880 3676 3676 I Perf : Connecting to perf service.
03-14 03:51:11.889 3676 3676 V GraphicsEnvironment: ANGLE Developer option for 'com.android.managedprovisioning' set to: 'default'
03-14 03:51:11.889 3676 3676 V GraphicsEnvironment: ANGLE GameManagerService for com.android.managedprovisioning: false
03-14 03:51:11.891 3676 3676 D NetworkSecurityConfig: No Network Security Config specified, using platform default
03-14 03:51:11.891 3676 3676 D NetworkSecurityConfig: No Network Security Config specified, using platform default
03-14 03:51:11.903 3676 3676 I CarUiInstaller: CarUiInstaller started for com.android.managedprovisioning
03-14 03:51:11.913 782 2170 D CompatibilityChangeReporter: Compat change id reported: 168419799; UID 10017; state: DISABLED
03-14 03:51:11.913 782 2170 D CompatibilityInfo: mCompatibilityFlags - 4
03-14 03:51:11.913 782 2170 D CompatibilityInfo: applicationDensity - 240
03-14 03:51:11.913 782 2170 D CompatibilityInfo: applicationScale - 1.0
03-14 03:51:11.916 782 2170 I am_uid_running: 10086
03-14 03:51:11.916 782 2170 D CompatibilityChangeReporter: Compat change id reported: 135634846; UID 10086; state: DISABLED
03-14 03:51:11.917 782 2170 D CompatibilityChangeReporter: Compat change id reported: 177438394; UID 10086; state: DISABLED
03-14 03:51:11.917 782 2170 D CompatibilityChangeReporter: Compat change id reported: 135772972; UID 10086; state: DISABLED
03-14 03:51:11.917 782 2170 D CompatibilityChangeReporter: Compat change id reported: 135754954; UID 10086; state: ENABLED
03-14 03:51:11.917 782 873 D CompatibilityChangeReporter: Compat change id reported: 143937733; UID 10086; state: ENABLED
03-14 03:51:11.924 695 695 D Zygote : Forked child process 3694
03-14 03:51:11.924 782 873 I am_proc_start: [0,3694,10086,com.android.music,broadcast,{com.android.music/com.android.music.MediaPlaybackReceiver}]
03-14 03:51:11.924 782 873 I ActivityManager: Start proc 3694:com.android.music/u0a86 for broadcast {com.android.music/com.android.music.MediaPlaybackReceiver}
03-14 03:51:11.929 3694 3694 I Zygote : seccomp disabled by setenforce 0
03-14 03:51:11.938 2789 2798 I adbd : jdwp connection from 3694
01-01 08:00:45.334 0 0 I binder : 3694:3694 ioctl 40046210 7fc8a60c34 returned -22
03-14 03:51:11.939 3694 3694 D ProcessState: Binder ioctl to enable oneway spam detection failed: Invalid argument
03-14 03:51:11.942 782 2170 I am_proc_bound: [0,3694,com.android.music]
03-14 03:51:11.943 782 2170 D CompatibilityChangeReporter: Compat change id reported: 168419799; UID 10086; state: DISABLED
03-14 03:51:11.943 782 2170 D CompatibilityInfo: mCompatibilityFlags - 4
03-14 03:51:11.943 782 2170 D CompatibilityInfo: applicationDensity - 240
03-14 03:51:11.943 782 2170 D CompatibilityInfo: applicationScale - 1.0
03-14 03:51:11.945 782 2170 I am_uid_active: 10086
03-14 03:51:11.946 782 2166 D BufferPoolAccessor2.0: bufferpool2 0xb40000723c9416d8 : 0(0 size) total buffers - 0(0 size) used buffers - 3/7 (recycle/alloc) - 6/24 (fetch/transfer)
03-14 03:51:11.946 782 2166 D BufferPoolAccessor2.0: evictor expired: 1, evicted: 1
03-14 03:51:11.946 782 2170 D CompatibilityInfo: mCompatibilityFlags - 4
03-14 03:51:11.946 782 2170 D CompatibilityInfo: applicationDensity - 240
03-14 03:51:11.946 782 2170 D CompatibilityInfo: applicationScale - 1.0
03-14 03:51:11.947 3694 3694 D CompatibilityChangeReporter: Compat change id reported: 171979766; UID 10086; state: ENABLED
03-14 03:51:11.948 1509 1851 D BufferPoolAccessor2.0: bufferpool2 0xb4000076ef366f38 : 0(0 size) total buffers - 0(0 size) used buffers - 6/10 (recycle/alloc) - 4/9 (fetch/transfer)
03-14 03:51:11.948 1509 1851 D BufferPoolAccessor2.0: evictor expired: 1, evicted: 1
03-14 03:51:11.983 3694 3694 I Perf : Connecting to perf service.
03-14 03:51:11.989 3694 3694 V GraphicsEnvironment: ANGLE Developer option for 'com.android.music' set to: 'default'
03-14 03:51:11.989 3694 3694 V GraphicsEnvironment: ANGLE GameManagerService for com.android.music: false
03-14 03:51:11.990 3694 3694 D NetworkSecurityConfig: No Network Security Config specified, using platform default
03-14 03:51:11.990 3694 3694 D NetworkSecurityConfig: No Network Security Config specified, using platform default
03-14 03:51:12.002 782 2170 I am_uid_running: 10059
03-14 03:51:12.003 782 2170 D CompatibilityChangeReporter: Compat change id reported: 135634846; UID 10059; state: DISABLED
03-14 03:51:12.003 782 2170 D CompatibilityChangeReporter: Compat change id reported: 177438394; UID 10059; state: DISABLED
03-14 03:51:12.003 782 2170 D CompatibilityChangeReporter: Compat change id reported: 135772972; UID 10059; state: DISABLED
03-14 03:51:12.003 782 2170 D CompatibilityChangeReporter: Compat change id reported: 135754954; UID 10059; state: ENABLED
03-14 03:51:12.003 782 873 D CompatibilityChangeReporter: Compat change id reported: 143937733; UID 10059; state: ENABLED
03-14 03:51:12.013 695 695 D Zygote : Forked child process 3711
03-14 03:51:12.014 782 873 I am_proc_start: [0,3711,10059,com.android.onetimeinitializer,broadcast,{com.android.onetimeinitializer/com.android.onetimeinitializer.OneTimeInitializerReceiver}]
03-14 03:51:12.014 782 873 I ActivityManager: Start proc 3711:com.android.onetimeinitializer/u0a59 for broadcast {com.android.onetimeinitializer/com.android.onetimeinitializer.OneTimeInitializerReceiver}
03-14 03:51:12.020 3711 3711 I Zygote : seccomp disabled by setenforce 0
03-14 03:51:12.030 2789 2798 I adbd : jdwp connection from 3711
03-14 03:51:12.032 3711 3711 D ProcessState: Binder ioctl to enable oneway spam detection failed: Invalid argument
01-01 08:00:45.427 0 0 I binder : 3711:3711 ioctl 40046210 7fc8a60c34 returned -22
03-14 03:51:12.038 782 2170 I am_proc_bound: [0,3711,com.android.onetimeinitializer]
03-14 03:51:12.039 782 2170 D CompatibilityChangeReporter: Compat change id reported: 168419799; UID 10059; state: DISABLED
03-14 03:51:12.039 782 2170 D CompatibilityInfo: mCompatibilityFlags - 4
03-14 03:51:12.039 782 2170 D CompatibilityInfo: applicationDensity - 240
03-14 03:51:12.039 782 2170 D CompatibilityInfo: applicationScale - 1.0
03-14 03:51:12.041 782 2170 I am_uid_active: 10059
03-14 03:51:12.043 782 2170 D CompatibilityInfo: mCompatibilityFlags - 4
03-14 03:51:12.043 782 2170 D CompatibilityInfo: applicationDensity - 240
03-14 03:51:12.043 782 2170 D CompatibilityInfo: applicationScale - 1.0
03-14 03:51:12.044 3711 3711 D CompatibilityChangeReporter: Compat change id reported: 171979766; UID 10059; state: ENABLED
03-14 03:51:12.056 3711 3711 D nativeloader: classloader namespace configured for unbundled product apk. library_path=/product/priv-app/OneTimeInitializer/lib/arm64:/product/lib64:/system/product/lib64
03-14 03:51:12.057 1288 1288 I perfetto: ng_service_impl.cc:1821 FlushAndDisableTracing(1) done, success=1
01-01 08:00:45.452 0 0 W perfetto: disabled ftrace
03-14 03:51:12.057 1287 1287 I perfetto: probes_producer.cc:340 Producer stop (id=1)
03-14 03:51:12.057 1287 1287 I perfetto: ftrace_procfs.cc:213 disabled ftrace in /sys/kernel/tracing/
03-14 03:51:12.066 1288 1288 I perfetto: ng_service_impl.cc:2293 Tracing session 1 ended, total sessions:0
03-14 03:51:12.067 3711 3711 I Perf : Connecting to perf service.
03-14 03:51:12.073 3711 3711 V GraphicsEnvironment: ANGLE Developer option for 'com.android.onetimeinitializer' set to: 'default'
03-14 03:51:12.074 3711 3711 V GraphicsEnvironment: ANGLE GameManagerService for com.android.onetimeinitializer: false
03-14 03:51:12.075 3711 3711 D NetworkSecurityConfig: No Network Security Config specified, using platform default
03-14 03:51:12.075 3711 3711 D NetworkSecurityConfig: No Network Security Config specified, using platform default
03-14 03:51:12.077 3711 3711 V OneTimeInitializerReceiver: OneTimeInitializerReceiver.onReceive
03-14 03:51:12.082 782 3182 I am_uid_running: 10030
03-14 03:51:12.082 782 3182 I ActivityManager: com.android.packageinstaller is exempt from freezer
03-14 03:51:12.083 782 3182 D CompatibilityChangeReporter: Compat change id reported: 135634846; UID 10030; state: DISABLED
03-14 03:51:12.083 782 3182 D CompatibilityChangeReporter: Compat change id reported: 177438394; UID 10030; state: DISABLED
03-14 03:51:12.083 782 3182 D CompatibilityChangeReporter: Compat change id reported: 135772972; UID 10030; state: DISABLED
03-14 03:51:12.083 782 3182 D CompatibilityChangeReporter: Compat change id reported: 135754954; UID 10030; state: ENABLED
03-14 03:51:12.083 782 873 D CompatibilityChangeReporter: Compat change id reported: 143937733; UID 10030; state: ENABLED
03-14 03:51:12.093 695 695 D Zygote : Forked child process 3729
03-14 03:51:12.094 782 873 I am_proc_start: [0,3729,10030,com.android.packageinstaller,broadcast,{com.android.packageinstaller/com.android.packageinstaller.TemporaryFileManager}]
03-14 03:51:12.094 782 873 I ActivityManager: Start proc 3729:com.android.packageinstaller/u0a30 for broadcast {com.android.packageinstaller/com.android.packageinstaller.TemporaryFileManager}
03-14 03:51:12.101 3729 3729 I Zygote : seccomp disabled by setenforce 0
03-14 03:51:12.101 2001 2001 I BluetoothPhonePolicy: MESSAGE_AUTO_CONNECT_PROFILES
03-14 03:51:12.101 2001 2001 D BluetoothAdapterService: isQuetModeEnabled() - Enabled = false
03-14 03:51:12.101 2001 2001 I BluetoothPhonePolicy: autoConnect: Initiate auto connection on BT on...
03-14 03:51:12.102 2001 2001 D BluetoothDatabase: getMostRecentlyConnectedA2dpDevice: Invalid address for device LocalStorage
03-14 03:51:12.102 2001 2001 D BluetoothDatabase: getMostRecentlyConnectedHfpDevice: Invalid address for device LocalStorage
03-14 03:51:12.102 2001 2001 D BluetoothDatabase: getMostRecentlyConnectedA2dpSrcDevice: Invalid address for device LocalStorage
03-14 03:51:12.102 2001 2001 I BluetoothPhonePolicy: autoConnect: mostRecentlyActiveA2dpDevice: null
03-14 03:51:12.102 2001 2001 I BluetoothPhonePolicy: autoConnect: mostRecentlyActiveHfpDevice: null
03-14 03:51:12.102 2001 2001 I BluetoothPhonePolicy: autoConnect: mostRecentlyConnectedA2dpSrcDevice: null
03-14 03:51:12.102 2001 2001 E BluetoothPhonePolicy: autoConnect: most recently active a2dp and hfp devices are null
03-14 03:51:12.121 2789 2798 I adbd : jdwp connection from 3729
03-14 03:51:12.124 3729 3729 D ProcessState: Binder ioctl to enable oneway spam detection failed: Invalid argument
01-01 08:00:45.519 0 0 I binder : 3729:3729 ioctl 40046210 7fc8a60c34 returned -22
03-14 03:51:12.133 782 3182 I am_proc_bound: [0,3729,com.android.packageinstaller]
03-14 03:51:12.141 1286 2212 I iorapd : Perfetto TraceBuffer saved to file: /data/misc/iorapd/com.android.settings/31/com.android.settings.FallbackHome/raw_traces/1678737072136689371.perfetto_trace.pb
03-14 03:51:12.164 782 1162 I commit_sys_config_file: [package-user-0,2]
03-14 03:51:12.164 782 1162 I commit_sys_config_file: [package,35]
03-14 03:51:12.166 782 3182 D CompatibilityChangeReporter: Compat change id reported: 168419799; UID 10030; state: DISABLED
03-14 03:51:12.166 782 3182 D CompatibilityInfo: mCompatibilityFlags - 4
03-14 03:51:12.166 782 3182 D CompatibilityInfo: applicationDensity - 240
03-14 03:51:12.166 782 3182 D CompatibilityInfo: applicationScale - 1.0
03-14 03:51:12.170 782 3182 I am_uid_active: 10030
03-14 03:51:12.174 782 3182 D CompatibilityInfo: mCompatibilityFlags - 4
03-14 03:51:12.174 782 3182 D CompatibilityInfo: applicationDensity - 240
03-14 03:51:12.174 782 3182 D CompatibilityInfo: applicationScale - 1.0
03-14 03:51:12.175 3729 3729 D CompatibilityChangeReporter: Compat change id reported: 171979766; UID 10030; state: ENABLED
03-14 03:51:12.219 3729 3729 I Perf : Connecting to perf service.
03-14 03:51:12.225 3729 3729 V GraphicsEnvironment: ANGLE Developer option for 'com.android.packageinstaller' set to: 'default'
03-14 03:51:12.226 3729 3729 V GraphicsEnvironment: ANGLE GameManagerService for com.android.packageinstaller: false
03-14 03:51:12.227 3729 3729 D NetworkSecurityConfig: No Network Security Config specified, using platform default
03-14 03:51:12.227 3729 3729 D NetworkSecurityConfig: No Network Security Config specified, using platform default
03-14 03:51:12.231 782 3182 I sysui_multi_action: [757,128,758,1,793,4079,794,0,795,4079,796,26,798,0,806,android,857,DEVELOPER_IMPORTANT,858,4,947,0,1395,3,1500,3729,1688,1]
03-14 03:51:12.232 782 3182 I sysui_multi_action: [757,804,799,note_freshness,801,4079,802,1]
03-14 03:51:12.232 782 3182 I notification_visibility: [-1|android|26|null|1000,1,4079,4079,0,0]
03-14 03:51:12.232 782 3182 I sysui_multi_action: [757,128,758,2,793,4987,794,502,795,4987,796,32,798,1,806,android,857,USB,858,1,947,0,1395,2,1500,4914,1688,1]
03-14 03:51:12.232 782 3182 I notification_visibility: [-1|android|32|null|1000,0,4987,4987,0,1]
03-14 03:51:12.232 782 2170 I am_uid_running: 10090
03-14 03:51:12.233 782 2170 D CompatibilityChangeReporter: Compat change id reported: 135634846; UID 10090; state: DISABLED
03-14 03:51:12.233 782 2170 D CompatibilityChangeReporter: Compat change id reported: 177438394; UID 10090; state: DISABLED
03-14 03:51:12.233 782 2170 D CompatibilityChangeReporter: Compat change id reported: 135772972; UID 10090; state: DISABLED
03-14 03:51:12.233 782 2170 D CompatibilityChangeReporter: Compat change id reported: 135754954; UID 10090; state: DISABLED
03-14 03:51:12.233 782 873 D CompatibilityChangeReporter: Compat change id reported: 143937733; UID 10090; state: DISABLED
03-14 03:51:12.240 695 695 D Zygote : Forked child process 3745
03-14 03:51:12.241 782 873 I am_proc_start: [0,3745,10090,com.android.permissioncontroller,broadcast,{com.android.permissioncontroller/com.android.permissioncontroller.permission.service.LocationAccessCheck$SetupPeriodicBackgroundLocationAccessCheck}]
03-14 03:51:12.241 782 873 I ActivityManager: Start proc 3745:com.android.permissioncontroller/u0a90 for broadcast {com.android.permissioncontroller/com.android.permissioncontroller.permission.service.LocationAccessCheck$SetupPeriodicBackgroundLocationAccessCheck}
03-14 03:51:12.244 3745 3745 I Zygote : seccomp disabled by setenforce 0
03-14 03:51:12.245 3745 3745 I libc : SetHeapTaggingLevel: tag level set to 0
03-14 03:51:12.253 2789 2798 I adbd : jdwp connection from 3745
01-01 08:00:45.650 0 0 I binder : 3745:3745 ioctl 40046210 7fc8a60c34 returned -22
03-14 03:51:12.255 3745 3745 D ProcessState: Binder ioctl to enable oneway spam detection failed: Invalid argument
03-14 03:51:12.262 782 2170 I am_proc_bound: [0,3745,com.android.permissioncontroller]
03-14 03:51:12.264 782 2170 D CompatibilityChangeReporter: Compat change id reported: 168419799; UID 10090; state: DISABLED
03-14 03:51:12.264 782 2170 D CompatibilityInfo: mCompatibilityFlags - 4
03-14 03:51:12.264 782 2170 D CompatibilityInfo: applicationDensity - 240
03-14 03:51:12.264 782 2170 D CompatibilityInfo: applicationScale - 1.0
03-14 03:51:12.266 782 2170 I am_uid_active: 10090
03-14 03:51:12.267 782 2170 D CompatibilityInfo: mCompatibilityFlags - 4
03-14 03:51:12.267 782 2170 D CompatibilityInfo: applicationDensity - 240
03-14 03:51:12.267 782 2170 D CompatibilityInfo: applicationScale - 1.0
03-14 03:51:12.270 3745 3745 D CompatibilityChangeReporter: Compat change id reported: 171979766; UID 10090; state: DISABLED
03-14 03:51:12.275 3745 3745 D ApplicationLoaders: Returning zygote-cached class loader: /system/framework/android.test.base.jar
03-14 03:51:12.310 3745 3745 I Perf : Connecting to perf service.
03-14 03:51:12.318 3745 3745 V GraphicsEnvironment: ANGLE Developer option for 'com.android.permissioncontroller' set to: 'default'
03-14 03:51:12.318 3745 3745 V GraphicsEnvironment: ANGLE GameManagerService for com.android.permissioncontroller: false
03-14 03:51:12.319 3745 3745 D NetworkSecurityConfig: No Network Security Config specified, using platform default
03-14 03:51:12.319 3745 3745 D NetworkSecurityConfig: No Network Security Config specified, using platform default
03-14 03:51:12.331 3745 3745 I CarUiInstaller: CarUiInstaller started for com.android.permissioncontroller
03-14 03:51:12.361 782 2170 D CompatibilityInfo: mCompatibilityFlags - 4
03-14 03:51:12.361 782 2170 D CompatibilityInfo: applicationDensity - 240
03-14 03:51:12.361 782 2170 D CompatibilityInfo: applicationScale - 1.0
03-14 03:51:12.365 2439 2439 D RemoteControlService: startVlanDispatchThread
03-14 03:51:12.369 3745 3745 I HibernationPolicy: scheduleHibernationJob with frequency 1296000000ms and threshold 7776000000ms
03-14 03:51:12.371 3745 3745 I HibernationPolicy: user 0 is a profileowner. Running hibernation job.
03-14 03:51:12.372 3745 3745 I HibernationPolicy: Job already scheduled.
03-14 03:51:12.383 782 2170 I am_uid_running: 10020
03-14 03:51:12.383 782 2170 D CompatibilityChangeReporter: Compat change id reported: 135634846; UID 10020; state: DISABLED
03-14 03:51:12.384 782 2170 D CompatibilityChangeReporter: Compat change id reported: 177438394; UID 10020; state: DISABLED
03-14 03:51:12.384 782 2170 D CompatibilityChangeReporter: Compat change id reported: 135772972; UID 10020; state: DISABLED
03-14 03:51:12.384 782 2170 D CompatibilityChangeReporter: Compat change id reported: 135754954; UID 10020; state: ENABLED
03-14 03:51:12.385 782 873 D CompatibilityChangeReporter: Compat change id reported: 143937733; UID 10020; state: ENABLED
03-14 03:51:12.394 695 695 D Zygote : Forked child process 3762
03-14 03:51:12.395 782 873 I am_proc_start: [0,3762,10020,com.android.providers.calendar,broadcast,{com.android.providers.calendar/com.android.providers.calendar.CalendarReceiver}]
03-14 03:51:12.395 782 873 I ActivityManager: Start proc 3762:com.android.providers.calendar/u0a20 for broadcast {com.android.providers.calendar/com.android.providers.calendar.CalendarReceiver}
03-14 03:51:12.402 3762 3762 I Zygote : seccomp disabled by setenforce 0
03-14 03:51:12.414 2789 2798 I adbd : jdwp connection from 3762
01-01 08:00:45.811 0 0 I binder : 3762:3762 ioctl 40046210 7fc8a60c34 returned -22
03-14 03:51:12.416 3762 3762 D ProcessState: Binder ioctl to enable oneway spam detection failed: Invalid argument
03-14 03:51:12.423 782 2170 I am_proc_bound: [0,3762,com.android.providers.calendar]
03-14 03:51:12.425 782 2170 D CompatibilityChangeReporter: Compat change id reported: 168419799; UID 10020; state: DISABLED
03-14 03:51:12.425 782 2170 D CompatibilityInfo: mCompatibilityFlags - 4
03-14 03:51:12.425 782 2170 D CompatibilityInfo: applicationDensity - 240
03-14 03:51:12.425 782 2170 D CompatibilityInfo: applicationScale - 1.0
03-14 03:51:12.427 782 2170 I am_uid_active: 10020
03-14 03:51:12.427 782 2170 D CompatibilityInfo: mCompatibilityFlags - 4
03-14 03:51:12.427 782 2170 D CompatibilityInfo: applicationDensity - 240
03-14 03:51:12.427 782 2170 D CompatibilityInfo: applicationScale - 1.0
03-14 03:51:12.429 3762 3762 D CompatibilityChangeReporter: Compat change id reported: 171979766; UID 10020; state: ENABLED
03-14 03:51:12.445 2006 2643 D BufferPoolAccessor2.0: bufferpool2 0xb40000723c91e738 : 0(0 size) total buffers - 0(0 size) used buffers - 3/7 (recycle/alloc) - 6/38 (fetch/transfer)
03-14 03:51:12.445 2006 2643 D BufferPoolAccessor2.0: evictor expired: 1, evicted: 1
03-14 03:51:12.450 3762 3762 I Perf : Connecting to perf service.
03-14 03:51:12.455 3762 3762 V GraphicsEnvironment: ANGLE Developer option for 'com.android.providers.calendar' set to: 'default'
03-14 03:51:12.455 3762 3762 V GraphicsEnvironment: ANGLE GameManagerService for com.android.providers.calendar: false
03-14 03:51:12.456 3762 3762 D NetworkSecurityConfig: No Network Security Config specified, using platform default
03-14 03:51:12.457 3762 3762 D NetworkSecurityConfig: No Network Security Config specified, using platform default
03-14 03:51:12.477 3762 3762 I CalendarProvider2: Created com.android.providers.calendar.CalendarAlarmManager@50b3e3a(com.android.providers.calendar.CalendarProvider2@d9b5aeb)
03-14 03:51:12.481 3762 3780 D CompatibilityChangeReporter: Compat change id reported: 160794467; UID 10020; state: ENABLED
03-14 03:51:12.484 782 2170 D CompatibilityChangeReporter: Compat change id reported: 143231523; UID 10020; state: DISABLED
03-14 03:51:12.488 782 3182 D CompatibilityChangeReporter: Compat change id reported: 171306433; UID 10020; state: ENABLED
03-14 03:51:12.490 782 3182 D CompatibilityInfo: mCompatibilityFlags - 4
03-14 03:51:12.490 782 3182 D CompatibilityInfo: applicationDensity - 240
03-14 03:51:12.490 782 3182 D CompatibilityInfo: applicationScale - 1.0
03-14 03:51:12.492 3192 3192 D NetworkSecurityConfig: No Network Security Config specified, using platform default
03-14 03:51:12.498 782 3182 D CompatibilityInfo: mCompatibilityFlags - 4
03-14 03:51:12.498 782 3182 D CompatibilityInfo: applicationDensity - 240
03-14 03:51:12.498 782 3182 D CompatibilityInfo: applicationScale - 1.0
03-14 03:51:12.501 782 3182 D CompatibilityChangeReporter: Compat change id reported: 168419799; UID 1000; state: DISABLED
03-14 03:51:12.502 782 3182 D CompatibilityInfo: mCompatibilityFlags - 4
03-14 03:51:12.502 782 3182 D CompatibilityInfo: applicationDensity - 240
03-14 03:51:12.502 782 3182 D CompatibilityInfo: applicationScale - 1.0
03-14 03:51:12.509 2501 2501 D CompatibilityChangeReporter: Compat change id reported: 160794467; UID 1000; state: ENABLED
03-14 03:51:12.512 782 3182 D CompatibilityInfo: mCompatibilityFlags - 4
03-14 03:51:12.512 782 3182 D CompatibilityInfo: applicationDensity - 240
03-14 03:51:12.512 782 3182 D CompatibilityInfo: applicationScale - 1.0
03-14 03:51:12.516 782 3182 D CompatibilityInfo: mCompatibilityFlags - 4
03-14 03:51:12.516 782 3182 D CompatibilityInfo: applicationDensity - 240
03-14 03:51:12.516 782 3182 D CompatibilityInfo: applicationScale - 1.0
03-14 03:51:12.528 782 3182 D CompatibilityInfo: mCompatibilityFlags - 4
03-14 03:51:12.528 782 3182 D CompatibilityInfo: applicationDensity - 240
03-14 03:51:12.528 782 3182 D CompatibilityInfo: applicationScale - 1.0
03-14 03:51:12.536 2501 2501 I HibernationPolicy: scheduleHibernationJob with frequency 1296000000ms and threshold 7776000000ms
03-14 03:51:12.539 2501 2501 I HibernationPolicy: user 0 is a profileowner. Running hibernation job.
03-14 03:51:12.540 2501 2501 I HibernationPolicy: Job already scheduled.
03-14 03:51:12.541 782 3182 I am_uid_running: 2000
03-14 03:51:12.542 782 3182 I ActivityManager: com.android.shell is exempt from freezer
03-14 03:51:12.542 782 3182 D CompatibilityChangeReporter: Compat change id reported: 135634846; UID 2000; state: DISABLED
03-14 03:51:12.542 782 3182 D CompatibilityChangeReporter: Compat change id reported: 177438394; UID 2000; state: DISABLED
03-14 03:51:12.542 782 3182 D CompatibilityChangeReporter: Compat change id reported: 135772972; UID 2000; state: DISABLED
03-14 03:51:12.542 782 3182 D CompatibilityChangeReporter: Compat change id reported: 135754954; UID 2000; state: ENABLED
03-14 03:51:12.552 695 695 D Zygote : Forked child process 3784
03-14 03:51:12.553 782 873 I am_proc_start: [0,3784,2000,com.android.shell,broadcast,{com.android.shell/com.android.shell.HeapDumpReceiver}]
03-14 03:51:12.553 782 873 I ActivityManager: Start proc 3784:com.android.shell/2000 for broadcast {com.android.shell/com.android.shell.HeapDumpReceiver}
03-14 03:51:12.557 3784 3784 I Zygote : seccomp disabled by setenforce 0
03-14 03:51:12.568 2789 2798 I adbd : jdwp connection from 3784
01-01 08:00:45.965 0 0 I binder : 3784:3784 ioctl 40046210 7fc8a60c34 returned -22
03-14 03:51:12.570 3784 3784 D ProcessState: Binder ioctl to enable oneway spam detection failed: Invalid argument
03-14 03:51:12.576 782 3182 I am_proc_bound: [0,3784,com.android.shell]
03-14 03:51:12.578 782 3182 D CompatibilityChangeReporter: Compat change id reported: 168419799; UID 2000; state: DISABLED
03-14 03:51:12.578 782 3182 D CompatibilityInfo: mCompatibilityFlags - 4
03-14 03:51:12.578 782 3182 D CompatibilityInfo: applicationDensity - 240
03-14 03:51:12.578 782 3182 D CompatibilityInfo: applicationScale - 1.0
03-14 03:51:12.581 782 3182 I am_uid_active: 2000
03-14 03:51:12.582 782 3182 D CompatibilityInfo: mCompatibilityFlags - 4
03-14 03:51:12.582 782 3182 D CompatibilityInfo: applicationDensity - 240
03-14 03:51:12.582 782 3182 D CompatibilityInfo: applicationScale - 1.0
03-14 03:51:12.583 3784 3784 D CompatibilityChangeReporter: Compat change id reported: 171979766; UID 2000; state: ENABLED
03-14 03:51:12.603 3784 3784 I Perf : Connecting to perf service.
03-14 03:51:12.607 3784 3784 V GraphicsEnvironment: ANGLE Developer option for 'com.android.shell' set to: 'default'
03-14 03:51:12.608 3784 3784 V GraphicsEnvironment: ANGLE GameManagerService for com.android.shell: false
03-14 03:51:12.609 3784 3784 D NetworkSecurityConfig: No Network Security Config specified, using platform default
03-14 03:51:12.609 3784 3784 D NetworkSecurityConfig: No Network Security Config specified, using platform default
03-14 03:51:12.615 3784 3784 D HeapDumpReceiver: onReceive(): Intent { act=android.intent.action.BOOT_COMPLETED flg=0x89000010 cmp=com.android.shell/.HeapDumpReceiver (has extras) }
03-14 03:51:12.616 3784 3800 D HeapDumpReceiver: Deleting from /data/user_de/0/com.android.shell/files/heapdumps
03-14 03:51:12.616 782 3182 W BroadcastQueue: Permission Denial: receiving Intent { act=android.intent.action.BOOT_COMPLETED flg=0x89000010 (has extras) } to com.baidu.input/.directboot.DirectBootReceiver requires android.permission.RECEIVE_BOOT_COMPLETED due to sender null (uid 1000)
03-14 03:51:12.617 782 872 W BroadcastQueue: Permission Denial: receiving Intent { act=android.intent.action.BOOT_COMPLETED flg=0x89000010 (has extras) } to com.baidu.input/.switchguide.InputMethodChangedReceiver requires android.permission.RECEIVE_BOOT_COMPLETED due to sender null (uid 1000)
03-14 03:51:12.618 862 3148 I vendor.qti.bluetooth@1.0-ibs_handler: DeviceSleep: TX Awake, Sending SLEEP_IND
03-14 03:51:12.619 862 3148 D vendor.qti.bluetooth@1.0-ibs_handler: SerialClockVote: vote for UART CLK OFF
03-14 03:51:12.619 782 872 D CompatibilityChangeReporter: Compat change id reported: 168419799; UID 10082; state: DISABLED
03-14 03:51:12.619 782 872 D CompatibilityInfo: mCompatibilityFlags - 4
03-14 03:51:12.619 782 872 D CompatibilityInfo: applicationDensity - 240
03-14 03:51:12.619 782 872 D CompatibilityInfo: applicationScale - 1.0
03-14 03:51:12.621 2965 2965 I hpplay : [main]:BootReceiver:onReceive android.intent.action.BOOT_COMPLETED
03-14 03:51:12.623 782 3182 D CompatibilityInfo: mCompatibilityFlags - 4
03-14 03:51:12.623 782 3182 D CompatibilityInfo: applicationDensity - 240
03-14 03:51:12.623 782 3182 D CompatibilityInfo: applicationScale - 1.0
03-14 03:51:12.624 2965 2965 I hpplay : [main]:CastService:onCreate
03-14 03:51:12.629 2965 2965 I hpplay-java: [main]:LelinkCastWrapper:LelinkCastImpl context/key: com.hht.lebocast.CastApplication@60c563e/21409,soPath:null,sdcardDataDir:null
03-14 03:51:12.629 782 3182 D CompatibilityInfo: mCompatibilityFlags - 4
03-14 03:51:12.630 782 3182 D CompatibilityInfo: applicationDensity - 240
03-14 03:51:12.630 782 3182 D CompatibilityInfo: applicationScale - 1.0
03-14 03:51:12.632 3011 3011 I hs-fsem-FseReceiver: onReceive() -> android.intent.action.BOOT_COMPLETED
03-14 03:51:12.634 3011 3011 W ContextImpl: Calling a method in the system process without a qualified user: android.app.ContextImpl.startService:1816 android.content.ContextWrapper.startService:774 com.hryt.hiphishowfsecontrol.mce_app.broadcasts.FseReceiver.onReceive:49 android.app.ActivityThread.handleReceiver:4309 android.app.ActivityThread.access$1600:248
03-14 03:51:12.635 782 3182 D CompatibilityInfo: mCompatibilityFlags - 4
03-14 03:51:12.635 782 3182 D CompatibilityInfo: applicationDensity - 240
03-14 03:51:12.635 782 3182 D CompatibilityInfo: applicationScale - 1.0
