03-14 03:51:07.883 2006 2006 E EmergencyButton: at com.android.keyguard.KeyguardUpdateMonitor.registerCallback(KeyguardUpdateMonitor.java:3062)
03-14 03:51:07.883 2006 2006 E EmergencyButton: at com.android.keyguard.EmergencyButtonController.onViewAttached(EmergencyButtonController.java:119)
03-14 03:51:07.883 2006 2006 E EmergencyButton: at com.android.systemui.util.ViewController$1.onViewAttachedToWindow(ViewController.java:52)
03-14 03:51:07.883 2006 2006 E EmergencyButton: at android.view.View.dispatchAttachedToWindow(View.java:20768)
03-14 03:51:07.883 2006 2006 E EmergencyButton: at android.view.ViewGroup.dispatchAttachedToWindow(ViewGroup.java:3497)
03-14 03:51:07.883 2006 2006 E EmergencyButton: at android.view.ViewGroup.dispatchAttachedToWindow(ViewGroup.java:3497)
03-14 03:51:07.883 2006 2006 E EmergencyButton: at android.view.ViewGroup.dispatchAttachedToWindow(ViewGroup.java:3497)
03-14 03:51:07.883 2006 2006 E EmergencyButton: at android.view.ViewGroup.dispatchAttachedToWindow(ViewGroup.java:3497)
03-14 03:51:07.883 2006 2006 E EmergencyButton: at android.view.ViewRootImpl.performTraversals(ViewRootImpl.java:2633)
03-14 03:51:07.883 2006 2006 E EmergencyButton: at android.view.ViewRootImpl.doTraversal(ViewRootImpl.java:2146)
03-14 03:51:07.883 2006 2006 E EmergencyButton: at android.view.ViewRootImpl$TraversalRunnable.run(ViewRootImpl.java:8676)
03-14 03:51:07.883 2006 2006 E EmergencyButton: at android.view.Choreographer$CallbackRecord.run(Choreographer.java:1120)
03-14 03:51:07.883 2006 2006 E EmergencyButton: at android.view.Choreographer.doCallbacks(Choreographer.java:926)
03-14 03:51:07.883 2006 2006 E EmergencyButton: at android.view.Choreographer.doFrame(Choreographer.java:859)
03-14 03:51:07.883 2006 2006 E EmergencyButton: at android.view.Choreographer$FrameDisplayEventReceiver.run(Choreographer.java:1105)
03-14 03:51:07.883 2006 2006 E EmergencyButton: at android.os.Handler.handleCallback(Handler.java:938)
03-14 03:51:07.883 2006 2006 E EmergencyButton: at android.os.Handler.dispatchMessage(Handler.java:99)
03-14 03:51:07.883 2006 2006 E EmergencyButton: at android.os.Looper.loopOnce(Looper.java:201)
03-14 03:51:07.883 2006 2006 E EmergencyButton: at android.os.Looper.loop(Looper.java:288)
03-14 03:51:07.883 2006 2006 E EmergencyButton: at android.app.ActivityThread.main(ActivityThread.java:7880)
03-14 03:51:07.883 2006 2006 E EmergencyButton: at java.lang.reflect.Method.invoke(Native Method)
03-14 03:51:07.883 2006 2006 E EmergencyButton: at com.android.internal.os.RuntimeInit$MethodAndArgsCaller.run(RuntimeInit.java:548)
03-14 03:51:07.883 2006 2006 E EmergencyButton: at com.android.internal.os.ZygoteInit.main(ZygoteInit.java:1009)
03-14 03:51:07.883 2006 2006 V KeyguardUpdateMonitor: *** register callback for com.android.keyguard.LockIconViewController$3@e7c1c05
03-14 03:51:07.883 2006 2006 V KeyguardUpdateMonitor: *** unregister callback for null
03-14 03:51:07.884 2006 2006 V KeyguardUpdateMonitor: *** register callback for com.android.keyguard.KeyguardStatusViewController$2@c3fa45a
03-14 03:51:07.884 2006 2006 V KeyguardUpdateMonitor: *** unregister callback for null
03-14 03:51:07.886 2006 2006 V KeyguardUpdateMonitor: *** register callback for com.android.keyguard.AnimatableClockController$4@8388e14
03-14 03:51:07.886 2006 2006 V KeyguardUpdateMonitor: *** unregister callback for null
03-14 03:51:07.886 2006 2006 V KeyguardUpdateMonitor: *** register callback for com.android.keyguard.AnimatableClockController$4@2d6c6bd
03-14 03:51:07.886 2006 2006 V KeyguardUpdateMonitor: *** unregister callback for null
03-14 03:51:07.896 2006 2635 W ActivityThread: Failed to find provider info for com.android.contacts (user not unlocked)
03-14 03:51:07.895 1094 1094 I auditd : type=1400 audit(0.0:483): avc: denied { ioctl } for comm="sensors.qti" path="/dev/diag" dev="tmpfs" ino=1107 ioctlcmd=0x28 scontext=u:r:vendor_sensors_qti:s0 tcontext=u:object_r:vendor_diag_device:s0 tclass=chr_file permissive=1
03-14 03:51:07.895 1094 1094 I sensors.qti: type=1400 audit(0.0:483): avc: denied { ioctl } for path="/dev/diag" dev="tmpfs" ino=1107 ioctlcmd=0x28 scontext=u:r:vendor_sensors_qti:s0 tcontext=u:object_r:vendor_diag_device:s0 tclass=chr_file permissive=1
03-14 03:51:07.901 1094 1105 I sensors.qti: diag_buffering_enabled:135, DIAG Buffering mode val: 0
03-14 03:51:07.901 1094 1105 I sensors.qti: handle_diag_settings:441, Setting SNS TX MODE to STREAMING
03-14 03:51:07.901 1094 1105 E Diag_Lib: diag: In diag_configure_peripheral_buffering_tx_mode, request for buffer configuring pd 3
03-14 03:51:07.901 1094 1105 E Diag_Lib: diag: In diag_configure_peripheral_buffering_tx_mode, request for buffer configuring pd 14
03-14 03:51:07.903 2006 2635 W ActivityThread: Failed to find provider info for com.android.contacts (user not unlocked)
01-01 08:00:41.296 0 0 E diag : In diag_ioctl_set_buffering_mode, invalid peripheral = -22
03-14 03:51:07.906 2006 2006 V KeyguardUpdateMonitor: *** register callback for com.android.systemui.biometrics.AuthRippleController$keyguardUpdateMonitorCallback$1@a3d0941
03-14 03:51:07.906 2006 2006 V KeyguardUpdateMonitor: *** unregister callback for null
03-14 03:51:07.908 1094 1105 E Diag_Lib: diag: In diag_configure_peripheral_buffering_tx_mode, unable to set peripheral buffering mode, ret: -1, error: 5
03-14 03:51:07.908 1094 1105 E sensors.qti: handle_diag_settings:455, Set SNS TX MODE failed and return val: -1
03-14 03:51:07.908 1094 1094 I sensors.qti: main:564, took 6009 ms to complete diag init
03-14 03:51:07.908 1094 1105 E sensors.qti: wait_handle_flush:369, mkfifo error: 2
03-14 03:51:07.909 1094 1108 I sensors.qti: diag_mdlog_capture:311, in diag_mdlog_capture
01-01 08:00:41.325 0 0 I init : starting service 'hht_ota_mgr_service'...
03-14 03:51:07.942 2733 2733 E vota : [42b4d4f8]: [vota]: init: ..
03-14 03:51:07.942 2733 2733 E vota : [42b4d4f8]: [vota]: [warning]: the java machine be not inited, please pass it to the tb_init function! at tb_android_init_env(): 43, src/vota/platform/android/android.c
03-14 03:51:07.943 2733 2733 E vota : [42b4d4f8]: [vota]: version: tbox_v1_6_7_202302251411_arm64-v8a_elf by Android (8481493, based on r416183c2) Clang 12.0.9 (https://android.googlesource.com/toolchain/llvm-project c935d99d7cf2016289302412d708641d52d2f7ee)
03-14 03:51:07.943 2733 2733 E vota : [42b4d4f8]: [vota]: init: ok
03-14 03:51:07.943 2733 2733 E vota : [42b4d4f8]: [vota]: [scheduler]: start ..
03-14 03:51:07.943 2733 2733 E vota : [42b4d4f8]: [vota]: [coroutine]: init 0x724156e158
03-14 03:51:07.943 2733 2733 E vota : [42b4d4f8]: [vota]: [scheduler]: start ok
03-14 03:51:07.943 2733 2733 E vota : [42b4d4f8]: [vota]: [scheduler]: switch to coroutine(0x724156e158) from coroutine(0x724165cca0)
03-14 03:51:07.943 2733 2733 E vota : [42b4d4f8]: [vota]: [coroutine]: entry: 0x724156e158 stack: 0x724156e1b8 - 0x72415ae1b8 from coroutine(0x724165cca0)
03-14 03:51:07.943 2733 2733 I hiphi_update_api: Hh_GetVersion calling ......
03-14 03:51:07.943 2733 2733 I hiphi_update_api: get version:01.00.0082.X101
03-14 03:51:07.943 2733 2733 I hiphi_update_api: Hh_GetVersion ret:0
03-14 03:51:07.955 2006 2006 D KeyguardUpdateMonitor: handleServiceStateChange(subId=-1, serviceState=null
03-14 03:51:07.955 2006 2006 W KeyguardUpdateMonitor: invalid subId in handleServiceStateChange()
03-14 03:51:07.956 2006 2006 E EmergencyButton: Fail to call TelephonyManager.requestCellInfoUpdate
03-14 03:51:07.956 2006 2006 E EmergencyButton: java.lang.IllegalStateException: Telephony is null
03-14 03:51:07.956 2006 2006 E EmergencyButton: at android.telephony.TelephonyManager.requestCellInfoUpdate(TelephonyManager.java:6362)
03-14 03:51:07.956 2006 2006 E EmergencyButton: at com.android.keyguard.EmergencyButtonController.requestCellInfoUpdate(EmergencyButtonController.java:182)
03-14 03:51:07.956 2006 2006 E EmergencyButton: at com.android.keyguard.EmergencyButtonController.access$100(EmergencyButtonController.java:51)
03-14 03:51:07.956 2006 2006 E EmergencyButton: at com.android.keyguard.EmergencyButtonController$1.onServiceStateChanged(EmergencyButtonController.java:84)
03-14 03:51:07.956 2006 2006 E EmergencyButton: at com.android.keyguard.KeyguardUpdateMonitor.handleServiceStateChange(KeyguardUpdateMonitor.java:2851)
03-14 03:51:07.956 2006 2006 E EmergencyButton: at com.android.keyguard.KeyguardUpdateMonitor$15.handleMessage(KeyguardUpdateMonitor.java:1839)
03-14 03:51:07.956 2006 2006 E EmergencyButton: at android.os.Handler.dispatchMessage(Handler.java:106)
03-14 03:51:07.956 2006 2006 E EmergencyButton: at android.os.Looper.loopOnce(Looper.java:201)
03-14 03:51:07.956 2006 2006 E EmergencyButton: at android.os.Looper.loop(Looper.java:288)
03-14 03:51:07.956 2006 2006 E EmergencyButton: at android.app.ActivityThread.main(ActivityThread.java:7880)
03-14 03:51:07.956 2006 2006 E EmergencyButton: at java.lang.reflect.Method.invoke(Native Method)
03-14 03:51:07.956 2006 2006 E EmergencyButton: at com.android.internal.os.RuntimeInit$MethodAndArgsCaller.run(RuntimeInit.java:548)
03-14 03:51:07.956 2006 2006 E EmergencyButton: at com.android.internal.os.ZygoteInit.main(ZygoteInit.java:1009)
03-14 03:51:07.958 2006 2006 D KeyguardUpdateMonitor: handleLockScreenMode(1)
03-14 03:51:07.959 2006 2043 I OpenGLRenderer: Davey! duration=753ms; Flags=1, FrameTimelineVsyncId=51, IntendedVsync=38080121998, Vsync=38730121972, InputEventId=0, HandleInputStart=38731035608, AnimationStart=38731036545, PerformTraversalsStart=38731549410, DrawStart=38831956754, FrameDeadline=38096788664, FrameInterval=38730997170, FrameStartTime=16666666, SyncQueued=38831995191, SyncStart=38832097639, IssueDrawCommandsStart=38832189306, SwapBuffers=38832766129, FrameCompleted=38833270504, DequeueBufferDuration=358906, QueueBufferDuration=240365, GpuCompleted=38833148420, SwapBuffersCompleted=38833270504, DisplayPresentTime=0,
03-14 03:51:07.959 2006 2043 I OpenGLRenderer: Davey! duration=757ms; Flags=1, FrameTimelineVsyncId=51, IntendedVsync=38080121998, Vsync=38730121972, InputEventId=0, HandleInputStart=38731035608, AnimationStart=38731036545, PerformTraversalsStart=38731549410, DrawStart=38835807795, FrameDeadline=38096788664, FrameInterval=38730997170, FrameStartTime=16666666, SyncQueued=38835871545, SyncStart=38835907483, IssueDrawCommandsStart=38835940816, SwapBuffers=38837144150, FrameCompleted=38837525816, DequeueBufferDuration=115209, QueueBufferDuration=216198, GpuCompleted=38837354045, SwapBuffersCompleted=38837525816, DisplayPresentTime=0,
03-14 03:51:07.959 2006 2043 I OpenGLRenderer: Davey! duration=760ms; Flags=1, FrameTimelineVsyncId=51, IntendedVsync=38080121998, Vsync=38730121972, InputEventId=0, HandleInputStart=38731035608, AnimationStart=38731036545, PerformTraversalsStart=38731549410, DrawStart=38839705712, FrameDeadline=38096788664, FrameInterval=38730997170, FrameStartTime=16666666, SyncQueued=38839748577, SyncStart=38839777014, IssueDrawCommandsStart=38839803785, SwapBuffers=38840313264, FrameCompleted=38840676545, DequeueBufferDuration=90677, QueueBufferDuration=202500, GpuCompleted=38840527587, SwapBuffersCompleted=38840676545, DisplayPresentTime=0,
03-14 03:51:07.959 2006 2043 I OpenGLRenderer: Davey! duration=763ms; Flags=1, FrameTimelineVsyncId=51, IntendedVsync=38080121998, Vsync=38730121972, InputEventId=0, HandleInputStart=38731035608, AnimationStart=38731036545, PerformTraversalsStart=38731549410, DrawStart=38842853473, FrameDeadline=38096788664, FrameInterval=38730997170, FrameStartTime=16666666, SyncQueued=38842904723, SyncStart=38842929098, IssueDrawCommandsStart=38842958577, SwapBuffers=38843306285, FrameCompleted=38843659045, DequeueBufferDuration=4270, QueueBufferDuration=207239, GpuCompleted=38843607743, SwapBuffersCompleted=38843659045, DisplayPresentTime=0,
03-14 03:51:07.959 2006 2043 I OpenGLRenderer: Davey! duration=766ms; Flags=1, FrameTimelineVsyncId=51, IntendedVsync=38080121998, Vsync=38730121972, InputEventId=0, HandleInputStart=38731035608, AnimationStart=38731036545, PerformTraversalsStart=38731549410, DrawStart=38845704827, FrameDeadline=38096788664, FrameInterval=38730997170, FrameStartTime=16666666, SyncQueued=38845749879, SyncStart=38845777066, IssueDrawCommandsStart=38845815035, SwapBuffers=38846175660, FrameCompleted=38846530556, DequeueBufferDuration=4479, QueueBufferDuration=195312, GpuCompleted=38846479670, SwapBuffersCompleted=38846530556, DisplayPresentTime=0,
03-14 03:51:07.960 782 782 D BluetoothA2dp: Binding service...
03-14 03:51:07.960 782 782 D BluetoothHearingAid: Binding service...
03-14 03:51:07.966 2006 2006 V WallpaperService: Setting wallpaper dimming: 0
03-14 03:51:07.966 2006 2627 D libEGL : MSAA-->msaa:0 gamemode:0 4x_msaa:0
03-14 03:51:07.966 2006 2627 D EglHelper: createEglContext start
03-14 03:51:07.967 2006 2627 D EglHelper: createEglContext done
03-14 03:51:07.967 2006 2006 D Tonal : Tonal Palette - index: 3. Main color: ff242935
03-14 03:51:07.967 2006 2006 D Tonal : Colors: ff030304, ff0d0f14, ff181b23, ff242935, ff333c4c, ff434a62, ff525b79, ff81838a, ff868cac, ff989db9, ffadb0c8, ffcccddc, ffe1e2ea
03-14 03:51:07.967 2006 2006 D Tonal : Gradients:
03-14 03:51:07.967 2006 2006 D Tonal : Normal GradientColors(ff242935, ff242935)
03-14 03:51:07.967 2006 2006 D Tonal : Dark GradientColors(ff242935, ff242935)
03-14 03:51:07.967 2006 2006 D Tonal : Extra dark: GradientColors(ff181b23, ff181b23)
03-14 03:51:07.967 2006 2006 D Tonal : Tonal Palette - index: 3. Main color: ff242935
03-14 03:51:07.967 2006 2006 D Tonal : Colors: ff030304, ff0d0f14, ff181b23, ff242935, ff333c4c, ff434a62, ff525b79, ff81838a, ff868cac, ff989db9, ffadb0c8, ffcccddc, ffe1e2ea
03-14 03:51:07.967 2006 2006 D Tonal : Gradients:
03-14 03:51:07.967 2006 2006 D Tonal : Normal GradientColors(ff242935, ff242935)
03-14 03:51:07.967 2006 2006 D Tonal : Dark GradientColors(ff242935, ff242935)
03-14 03:51:07.967 2006 2006 D Tonal : Extra dark: GradientColors(ff181b23, ff181b23)
03-14 03:51:07.967 2006 2627 D EglHelper: createEglSurface start
03-14 03:51:07.967 2006 2627 D EglHelper: createEglSurface done
03-14 03:51:07.970 782 1605 I InputDispatcher: Erasing monitor swipe-up (server) on display 0, pid=2646
03-14 03:51:07.971 782 2144 I InputDispatcher: Created monitor swipe-up for display 0, gesture=true, pid=2646
03-14 03:51:07.991 2006 2006 D QSTileHost: Recreating tiles
03-14 03:51:07.991 2006 2006 D QSTileHost: Creating tile: internet
03-14 03:51:07.992 2006 2006 D QSTileHost: Creating tile: bt
03-14 03:51:07.993 2006 2006 D QSTileHost: Creating tile: screenshot
03-14 03:51:07.993 2006 2006 D QSTileHost: Creating tile: screenrecord
03-14 03:51:07.994 2006 2006 D QSTileHost: Creating tile: night
03-14 03:51:07.994 2006 2006 D QSTileHost: Creating tile: gamemode
03-14 03:51:07.995 2006 2006 D GameModeIF_GameModeSettings: getUriFor setting_content_uri_root = content://com.thundercomm.gamemode.api/gamemode_settings , name = gamemode_enable
03-14 03:51:07.995 2006 2006 D GameModeIF_GameModeSettings: getUriFor setting_content_uri_root = content://com.thundercomm.gamemode.api/gamemode_settings , name = gamemode_dnd_voice
03-14 03:51:07.995 2006 2006 D GameModeIF_GameModeSettings: getUriFor setting_content_uri_root = content://com.thundercomm.gamemode.api/gamemode_settings , name = gamemode_dnd_notification
03-14 03:51:07.995 2006 2006 D GameModeIF_GameModeSettings: getUriFor setting_content_uri_root = content://com.thundercomm.gamemode.api/gamemode_settings , name = gamemode_gpu_standard_enable
03-14 03:51:07.995 2006 2006 D GameModeIF_GameModeSettings: getUriFor setting_content_uri_root = content://com.thundercomm.gamemode.api/gamemode_settings , name = gamemode_gpu_standard_value
03-14 03:51:07.995 2006 2006 D GameModeIF_GameModeSettings: getUriFor setting_content_uri_root = content://com.thundercomm.gamemode.api/gamemode_settings , name = gamemode_gpu_custom_enable
03-14 03:51:07.995 2006 2006 D GameModeIF_GameModeSettings: getUriFor setting_content_uri_root = content://com.thundercomm.gamemode.api/gamemode_settings , name = gamemode_gpu_custom_fps
03-14 03:51:07.995 2006 2006 D GameModeIF_GameModeSettings: getUriFor setting_content_uri_root = content://com.thundercomm.gamemode.api/gamemode_settings , name = gamemode_gpu_custom_dpi
03-14 03:51:07.995 2006 2006 D GameModeIF_GameModeSettings: getUriFor setting_content_uri_root = content://com.thundercomm.gamemode.api/gamemode_settings , name = gamemode_gpu_custom_aliasing
03-14 03:51:07.995 2006 2006 D GameModeIF_GameModeSettings: getUriFor setting_content_uri_root = content://com.thundercomm.gamemode.api/gamemode_settings , name = gamemode_isgaming
03-14 03:51:07.995 2006 2006 D GameModeIF_GameModeSettings: getUriFor setting_content_uri_root = content://com.thundercomm.gamemode.api/gamemode_settings , name = gamemode_bulletscreen
03-14 03:51:07.995 2006 2006 D GameModeIF_GameModeSettings: getUriFor setting_content_uri_root = content://com.thundercomm.gamemode.api/gamemode_settings , name = gamemode_enable
03-14 03:51:07.997 2006 2006 D QSTileHost: Creating tile: dbg:mem
03-14 03:51:08.089 2006 2006 D QSPanel : setHorizontalContentContainer
03-14 03:51:08.096 2006 2006 D QSPanel : setHorizontalContentContainer
03-14 03:51:08.098 2006 2006 D QSPanel : setHorizontalContentContainer
03-14 03:51:08.098 2006 2006 D QSPanel : setHorizontalContentContainer
03-14 03:51:08.098 2006 2006 D QSPanel : qs brightness view is null
03-14 03:51:08.101 2006 2006 D QSPanel : setHorizontalContentContainer
03-14 03:51:08.101 2006 2006 D QSPanel : qs brightness view is null
03-14 03:51:08.105 2006 2006 D ControlsFavoritePersistenceWrapper: No favorites, returning empty list
03-14 03:51:08.120 2006 2006 W DepthController: Invalid qs expansion
03-14 03:51:08.122 2006 2006 V ShadeControllerImpl: NotificationShadeWindow: com.android.systemui.statusbar.phone.NotificationShadeWindowView{abf33ff I.E...... ......ID 0,0-2380,1020} canPanelBeCollapsed(): false
03-14 03:51:08.122 2006 2006 D KeyguardViewMediator: onSystemReady
03-14 03:51:08.123 2006 2006 D KeyguardViewMediator: doKeyguard: not showing because lockscreen is off
03-14 03:51:08.123 2006 2006 V KeyguardUpdateMonitor: *** register callback for com.android.systemui.keyguard.KeyguardViewMediator$2@a45330c
03-14 03:51:08.123 2006 2006 V KeyguardUpdateMonitor: *** unregister callback for null
03-14 03:51:08.123 2006 2006 D KeyguardViewMediator: adjustStatusBarLocked: mShowing=false mOccluded=false isSecure=false force=false --> flags=0x0
03-14 03:51:08.123 2006 2006 D KeyguardViewMediator: handleNotifyWakingUp
03-14 03:51:08.128 2006 2006 W DepthController: Invalid qs expansion
03-14 03:51:08.128 2006 2006 W DepthController: Invalid qs expansion
03-14 03:51:08.129 2006 2006 D StatusBar: updateQsExpansionEnabled - QS Expand enabled: true
03-14 03:51:08.130 2006 2006 D KeyguardViewMediator: handleNotifyScreenTurningOn
03-14 03:51:08.131 782 825 I wm_boot_animation_done: 39023
03-14 03:51:08.131 782 825 I ActivityManagerTiming: FinishBooting
03-14 03:51:08.131 695 695 W Zygote : forkRepeatedly terminated due to non-simple command
03-14 03:51:08.131 695 695 D Zygote : mbuffer starts with 1 , nice name is , mEnd = 19, mNext = 19, mLinesLeft = 0, mFd = 5
03-14 03:51:08.132 782 825 I ActivityManager: About to commit checkpoint
03-14 03:51:08.132 782 825 W ActivityManager: FinishBooting sync begin
03-14 03:51:08.133 2006 2006 D KeyguardViewMediator: handleNotifyScreenTurnedOn
03-14 03:51:08.134 782 825 W ActivityManager: FinishBooting sync end
03-14 03:51:08.134 782 825 I SystemServiceManager: Starting phase 1000
03-14 03:51:08.134 782 825 I ActivityManagerTiming: OnBootPhase_1000
03-14 03:51:08.134 782 825 I ActivityManagerTiming: OnBootPhase_1000_com.android.server.security.FileIntegrityService
03-14 03:51:08.134 782 825 I ActivityManagerTiming: OnBootPhase_1000_com.android.server.pm.Installer
03-14 03:51:08.134 782 825 I ActivityManagerTiming: OnBootPhase_1000_com.android.server.os.DeviceIdentifiersPolicyService
03-14 03:51:08.134 782 825 I ActivityManagerTiming: OnBootPhase_1000_com.android.server.uri.UriGrantsManagerService$Lifecycle
03-14 03:51:08.134 782 825 I ActivityManagerTiming: OnBootPhase_1000_com.android.server.powerstats.PowerStatsService
03-14 03:51:08.134 782 825 E PowerStatsService: Failed to start PowerStatsService loggers
03-14 03:51:08.135 782 825 I ActivityManagerTiming: OnBootPhase_1000_com.android.server.wm.ActivityTaskManagerService$Lifecycle
03-14 03:51:08.135 782 825 I ActivityManagerTiming: OnBootPhase_1000_com.android.server.am.ActivityManagerService$Lifecycle
03-14 03:51:08.135 782 825 I ActivityManagerTiming: OnBootPhase_1000_com.android.server.pm.DataLoaderManagerService
03-14 03:51:08.135 782 825 I ActivityManagerTiming: OnBootPhase_1000_com.android.server.power.PowerManagerService
03-14 03:51:08.135 782 825 I ActivityManagerTiming: OnBootPhase_1000_com.android.server.power.ThermalManagerService
03-14 03:51:08.135 782 825 I ActivityManagerTiming: OnBootPhase_1000_com.android.server.power.hint.HintManagerService
03-14 03:51:08.135 782 825 I ActivityManagerTiming: OnBootPhase_1000_com.android.server.recoverysystem.RecoverySystemService$Lifecycle
03-14 03:51:08.135 782 825 I ActivityManagerTiming: OnBootPhase_1000_com.android.server.lights.LightsService
03-14 03:51:08.135 782 825 I ActivityManagerTiming: OnBootPhase_1000_com.android.server.display.DisplayManagerService
03-14 03:51:08.135 782 825 I ActivityManagerTiming: OnBootPhase_1000_com.android.server.pm.verify.domain.DomainVerificationService
03-14 03:51:08.135 782 825 I ActivityManagerTiming: OnBootPhase_1000_com.android.server.pm.PackageInstallerService$Lifecycle
03-14 03:51:08.135 782 825 I ActivityManagerTiming: OnBootPhase_1000_com.android.server.pm.UserManagerService$LifeCycle
03-14 03:51:08.135 782 825 I ActivityManagerTiming: OnBootPhase_1000_com.android.server.om.OverlayManagerService
03-14 03:51:08.135 782 825 I ActivityManagerTiming: OnBootPhase_1000_com.android.server.SensorPrivacyService
03-14 03:51:08.135 782 825 I ActivityManagerTiming: OnBootPhase_1000_com.android.server.thunderperf.ThunderBoostPerfService
03-14 03:51:08.135 782 825 I ActivityManagerTiming: OnBootPhase_1000_com.android.server.sensors.SensorService
03-14 03:51:08.135 782 825 I ActivityManagerTiming: OnBootPhase_1000_com.android.server.SystemConfigService
03-14 03:51:08.135 782 825 I ActivityManagerTiming: OnBootPhase_1000_com.android.server.BatteryService
03-14 03:51:08.135 782 825 I ActivityManagerTiming: OnBootPhase_1000_com.android.server.usage.UsageStatsService
03-14 03:51:08.135 782 1000 E SensorManager: sensor or listener is null
03-14 03:51:08.135 782 1000 V DisplayPowerController[0]: Brightness [1.0] reason changing to: 'manual', previous reason: 'override'.
03-14 03:51:08.135 782 825 I ActivityManagerTiming: OnBootPhase_1000_com.android.server.webkit.WebViewUpdateService
03-14 03:51:08.136 782 825 I ActivityManagerTiming: OnBootPhase_1000_com.android.server.CachedDeviceStateService
03-14 03:51:08.136 782 825 I ActivityManagerTiming: OnBootPhase_1000_com.android.server.BinderCallsStatsService$LifeCycle
03-14 03:51:08.136 782 825 I ActivityManagerTiming: OnBootPhase_1000_com.android.server.LooperStatsService$Lifecycle
03-14 03:51:08.136 782 825 I ActivityManagerTiming: OnBootPhase_1000_com.android.server.rollback.RollbackManagerService
03-14 03:51:08.136 782 825 I ActivityManagerTiming: OnBootPhase_1000_com.android.server.os.NativeTombstoneManagerService
03-14 03:51:08.136 782 825 I ActivityManagerTiming: OnBootPhase_1000_com.android.server.os.BugreportManagerService
03-14 03:51:08.136 782 825 I ActivityManagerTiming: OnBootPhase_1000_com.android.server.gpu.GpuService
03-14 03:51:08.136 782 1313 D RollbackManager: mRollbackLifetimeDurationInMillis=1209600000
03-14 03:51:08.136 782 1302 D AppStandbyController: Loading headless system app cache. appIdleEnabled=false
03-14 03:51:08.138 782 825 W UnsafeUtil: platform method missing - proto runtime falling back to safer methods: java.lang.NoSuchMethodException: sun.misc.Unsafe.copyMemory [class java.lang.Object, long, class java.lang.Object, long, long]
03-14 03:51:08.138 782 825 I ActivityManagerTiming: OnBootPhase_1000_com.android.server.security.KeyChainSystemService
03-14 03:51:08.138 782 825 I ActivityManagerTiming: OnBootPhase_1000_com.android.server.telecom.TelecomLoaderService
03-14 03:51:08.138 782 825 I ActivityManagerTiming: OnBootPhase_1000_com.android.server.accounts.AccountManagerService$Lifecycle
03-14 03:51:08.138 782 825 I ActivityManagerTiming: OnBootPhase_1000_com.android.server.content.ContentService$Lifecycle
03-14 03:51:08.138 782 825 I ActivityManagerTiming: OnBootPhase_1000_com.android.server.DropBoxManagerService
03-14 03:51:08.139 782 825 I ActivityManagerTiming: OnBootPhase_1000_com.android.role.RoleService
03-14 03:51:08.139 782 825 I ActivityManagerTiming: OnBootPhase_1000_com.android.server.vibrator.VibratorManagerService$Lifecycle
03-14 03:51:08.139 782 825 I ActivityManagerTiming: OnBootPhase_1000_com.android.server.alarm.AlarmManagerService
03-14 03:51:08.139 782 825 I ActivityManagerTiming: OnBootPhase_1000_com.android.server.devicestate.DeviceStateManagerService
03-14 03:51:08.139 782 825 I ActivityManagerTiming: OnBootPhase_1000_com.android.server.camera.CameraServiceProxy
03-14 03:51:08.139 782 825 I ActivityManagerTiming: OnBootPhase_1000_com.android.server.BluetoothService
03-14 03:51:08.139 782 825 I ActivityManagerTiming: OnBootPhase_1000_com.android.server.connectivity.IpConnectivityMetrics
03-14 03:51:08.139 782 825 I ActivityManagerTiming: OnBootPhase_1000_com.android.server.net.watchlist.NetworkWatchlistService$Lifecycle
03-14 03:51:08.139 782 825 I ActivityManagerTiming: OnBootPhase_1000_com.android.server.PinnerService
03-14 03:51:08.139 782 825 I ActivityManagerTiming: OnBootPhase_1000_com.google.android.startop.iorap.IorapForwardingService
03-14 03:51:08.140 782 825 D IorapForwardingService: BgJob Scheduled (jobId=283673059, interval: 86400000ms)
03-14 03:51:08.140 782 825 I ActivityManagerTiming: OnBootPhase_1000_com.android.server.ActivityTriggerService
03-14 03:51:08.140 782 825 I ActivityManagerTiming: OnBootPhase_1000_com.android.server.integrity.AppIntegrityManagerService
03-14 03:51:08.140 782 825 I ActivityManagerTiming: OnBootPhase_1000_com.android.server.inputmethod.InputMethodManagerService$Lifecycle
03-14 03:51:08.140 782 825 I ActivityManagerTiming: OnBootPhase_1000_com.android.server.accessibility.AccessibilityManagerService$Lifecycle
03-14 03:51:08.140 782 825 I ActivityManagerTiming: OnBootPhase_1000_com.android.server.StorageManagerService$Lifecycle
03-14 03:51:08.140 782 825 I ActivityManagerTiming: OnBootPhase_1000_com.android.server.usage.StorageStatsService$Lifecycle
03-14 03:51:08.140 782 825 I ActivityManagerTiming: OnBootPhase_1000_com.android.server.UiModeManagerService
03-14 03:51:08.140 782 1628 D StorageManagerService: Thinking about init, mBootCompleted=true, mDaemonConnected=true
03-14 03:51:08.140 782 1628 D StorageManagerService: Thinking about reset, mBootCompleted=true, mDaemonConnected=true
03-14 03:51:08.140 782 1628 I StorageSessionController: Started resetting external storage service...
03-14 03:51:08.140 782 1628 I StorageSessionController: Finished resetting external storage service
03-14 03:51:08.140 782 1628 I StorageManagerService: Resetting vold...
03-14 03:51:08.141 782 1628 I StorageManagerService: Reset vold
03-14 03:51:08.141 565 565 I vold : onUserAdded: 0
03-14 03:51:08.141 782 825 I ActivityManagerTiming: OnBootPhase_1000_com.android.server.locksettings.LockSettingsService$Lifecycle
03-14 03:51:08.141 782 825 I ActivityManagerTiming: OnBootPhase_1000_com.android.server.PersistentDataBlockService
03-14 03:51:08.141 782 825 I ActivityManagerTiming: OnBootPhase_1000_com.android.server.testharness.TestHarnessModeService
03-14 03:51:08.141 782 825 D TestHarnessModeService: Completing Test Harness Mode setup.
03-14 03:51:08.146 782 825 I ActivityManagerTiming: OnBootPhase_1000_com.android.server.oemlock.OemLockService
03-14 03:51:08.146 782 825 I ActivityManagerTiming: OnBootPhase_1000_com.android.server.DeviceIdleController
03-14 03:51:08.146 782 825 I ActivityManagerTiming: OnBootPhase_1000_com.android.server.devicepolicy.DevicePolicyManagerService$Lifecycle
03-14 03:51:08.146 782 825 I ActivityManagerTiming: OnBootPhase_1000_com.android.server.texttospeech.TextToSpeechManagerService
03-14 03:51:08.146 782 825 I ActivityManagerTiming: OnBootPhase_1000_com.android.server.speech.SpeechRecognitionManagerService
03-14 03:51:08.147 782 825 I ActivityManagerTiming: OnBootPhase_1000_com.android.server.searchui.SearchUiManagerService
03-14 03:51:08.147 782 825 I ActivityManagerTiming: OnBootPhase_1000_com.android.server.smartspace.SmartspaceManagerService
03-14 03:51:08.147 782 825 I ActivityManagerTiming: OnBootPhase_1000_com.android.server.graphics.fonts.FontManagerService$Lifecycle
03-14 03:51:08.147 782 825 I ActivityManagerTiming: OnBootPhase_1000_com.android.server.textservices.TextServicesManagerService$Lifecycle
03-14 03:51:08.147 782 825 I ActivityManagerTiming: OnBootPhase_1000_com.android.server.textclassifier.TextClassificationManagerService$Lifecycle
03-14 03:51:08.147 782 825 I ActivityManagerTiming: OnBootPhase_1000_com.android.server.NetworkScoreService$Lifecycle
03-14 03:51:08.147 782 825 I ActivityManagerTiming: OnBootPhase_1000_com.android.server.wifi.WifiService
03-14 03:51:08.147 782 825 I ActivityManagerTiming: OnBootPhase_1000_com.android.server.wifi.scanner.WifiScanningService
03-14 03:51:08.147 782 825 I ActivityManagerTiming: OnBootPhase_1000_com.android.server.wifi.rtt.RttService
03-14 03:51:08.147 782 825 I ActivityManagerTiming: OnBootPhase_1000_com.android.server.wifi.aware.WifiAwareService
03-14 03:51:08.147 782 825 I WifiAwareService: Late initialization of Wi-Fi Aware service
03-14 03:51:08.147 782 825 I ActivityManagerTiming: OnBootPhase_1000_com.android.server.wifi.p2p.WifiP2pService
03-14 03:51:08.147 782 825 I ActivityManagerTiming: OnBootPhase_1000_com.android.server.ethernet.EthernetService
03-14 03:51:08.147 782 825 I ActivityManagerTiming: OnBootPhase_1000_com.android.server.ConnectivityServiceInitializer
03-14 03:51:08.147 782 825 I ActivityManagerTiming: OnBootPhase_1000_com.android.server.notification.NotificationManagerService
03-14 03:51:08.147 782 825 I ActivityManagerTiming: OnBootPhase_1000_com.android.server.storage.DeviceStorageMonitorService
03-14 03:51:08.147 782 825 I ActivityManagerTiming: OnBootPhase_1000_com.android.server.location.LocationManagerService$Lifecycle
03-14 03:51:08.147 782 825 I ActivityManagerTiming: OnBootPhase_1000_com.android.server.timedetector.TimeDetectorService$Lifecycle
03-14 03:51:08.147 782 825 I ActivityManagerTiming: OnBootPhase_1000_com.android.server.timezonedetector.TimeZoneDetectorService$Lifecycle
03-14 03:51:08.147 782 825 I ActivityManagerTiming: OnBootPhase_1000_com.android.server.timezonedetector.location.LocationTimeZoneManagerService$Lifecycle
03-14 03:51:08.147 782 825 I ActivityManagerTiming: OnBootPhase_1000_com.android.server.search.SearchManagerService$Lifecycle
03-14 03:51:08.147 782 825 I ActivityManagerTiming: OnBootPhase_1000_com.android.server.wallpaper.WallpaperManagerService$Lifecycle
03-14 03:51:08.147 782 825 I ActivityManagerTiming: OnBootPhase_1000_com.android.server.audio.AudioService$Lifecycle
03-14 03:51:08.147 782 825 I ActivityManagerTiming: OnBootPhase_1000_com.android.server.soundtrigger_middleware.SoundTriggerMiddlewareService$Lifecycle
03-14 03:51:08.147 782 825 I ActivityManagerTiming: OnBootPhase_1000_com.android.server.DockObserver
03-14 03:51:08.147 782 825 I ActivityManagerTiming: OnBootPhase_1000_com.android.server.midi.MidiService$Lifecycle
03-14 03:51:08.147 782 825 I ActivityManagerTiming: OnBootPhase_1000_com.android.server.adb.AdbService$Lifecycle
03-14 03:51:08.147 782 825 I ActivityManagerTiming: OnBootPhase_1000_com.android.server.usb.UsbService$Lifecycle
03-14 03:51:08.147 782 825 I ActivityManagerTiming: OnBootPhase_1000_com.android.server.twilight.TwilightService
03-14 03:51:08.152 2321 2530 I Tethering: USB bcast connected:true configured:true rndis:false ncm:false
03-14 03:51:08.152 782 782 I notification_enqueue: [1000,782,android,26,NULL,-1,Notification(channel=DEVELOPER_IMPORTANT shortcut=null contentView=null vibrate=null sound=null tick defaults=0x0 flags=0x2 color=0x00000000 vis=PUBLIC),0]
03-14 03:51:08.153 782 825 I ActivityManagerTiming: OnBootPhase_1000_com.android.server.display.color.ColorDisplayService
03-14 03:51:08.153 782 825 I ActivityManagerTiming: OnBootPhase_1000_com.android.server.job.JobSchedulerService
03-14 03:51:08.153 782 825 I ActivityManagerTiming: OnBootPhase_1000_com.android.server.soundtrigger.SoundTriggerService
03-14 03:51:08.153 782 825 D SoundTriggerService: onBootPhase: 1000 : false
03-14 03:51:08.153 782 825 I ActivityManagerTiming: OnBootPhase_1000_com.android.server.trust.TrustManagerService
03-14 03:51:08.153 782 825 I ActivityManagerTiming: OnBootPhase_1000_com.android.server.backup.BackupManagerService$Lifecycle
03-14 03:51:08.153 782 825 I ActivityManagerTiming: OnBootPhase_1000_com.android.server.appwidget.AppWidgetService
03-14 03:51:08.153 782 825 I ActivityManagerTiming: OnBootPhase_1000_com.android.server.voiceinteraction.VoiceInteractionManagerService
03-14 03:51:08.153 782 825 I ActivityManagerTiming: OnBootPhase_1000_com.android.server.apphibernation.AppHibernationService
03-14 03:51:08.153 782 825 I ActivityManagerTiming: OnBootPhase_1000_com.android.server.SensorNotificationService
03-14 03:51:08.153 1268 1281 I adbd : adbd_auth: received a new framework connection
03-14 03:51:08.154 1268 1281 I adbd : adbd_auth: received new framework fd 43 (current = -1)
03-14 03:51:08.154 782 825 D CompatibilityChangeReporter: Compat change id reported: 168936375; UID 1000; state: ENABLED
03-14 03:51:08.154 782 825 D CompatibilityChangeReporter: Compat change id reported: 168936375; UID 1000; state: DISABLED
03-14 03:51:08.154 782 2756 I HibernationStateDiskStore: No hibernation file on disk for file /data/system/hibernation/states
03-14 03:51:08.155 782 825 D CompatibilityChangeReporter: Compat change id reported: 73144566; UID 1000; state: ENABLED
03-14 03:51:08.155 782 825 D CompatibilityChangeReporter: Compat change id reported: 73144566; UID 1000; state: DISABLED
03-14 03:51:08.155 782 825 I ActivityManagerTiming: OnBootPhase_1000_com.android.server.emergency.EmergencyAffordanceService
03-14 03:51:08.155 782 825 I ActivityManagerTiming: OnBootPhase_1000_com.android.server.blob.BlobStoreManagerService
03-14 03:51:08.155 782 825 I ActivityManagerTiming: OnBootPhase_1000_com.android.server.dreams.DreamManagerService
03-14 03:51:08.155 782 825 I ActivityManagerTiming: OnBootPhase_1000_com.android.server.companion.CompanionDeviceManagerService
03-14 03:51:08.155 782 825 I ActivityManagerTiming: OnBootPhase_1000_com.android.server.restrictions.RestrictionsManagerService
03-14 03:51:08.156 782 825 I ActivityManagerTiming: OnBootPhase_1000_com.android.server.media.MediaSessionService
03-14 03:51:08.156 782 825 I ActivityManagerTiming: OnBootPhase_1000_com.android.server.media.MediaResourceMonitorService
03-14 03:51:08.156 782 825 I ActivityManagerTiming: OnBootPhase_1000_com.android.server.biometrics.sensors.fingerprint.FingerprintService
03-14 03:51:08.156 782 825 I ActivityManagerTiming: OnBootPhase_1000_com.android.server.biometrics.BiometricService
03-14 03:51:08.156 782 825 I ActivityManagerTiming: OnBootPhase_1000_com.android.server.biometrics.AuthService
03-14 03:51:08.156 782 825 I ActivityManagerTiming: OnBootPhase_1000_com.android.server.pm.ShortcutService$Lifecycle
03-14 03:51:08.156 782 825 I ActivityManagerTiming: OnBootPhase_1000_com.android.server.pm.LauncherAppsService
03-14 03:51:08.156 782 825 I ActivityManagerTiming: OnBootPhase_1000_com.android.server.pm.CrossProfileAppsService
03-14 03:51:08.156 782 825 I ActivityManagerTiming: OnBootPhase_1000_com.android.server.people.PeopleService
03-14 03:51:08.156 782 825 I ActivityManagerTiming: OnBootPhase_1000_com.android.server.media.metrics.MediaMetricsManagerService
03-14 03:51:08.156 782 825 I ActivityManagerTiming: OnBootPhase_1000_com.android.server.media.projection.MediaProjectionManagerService
03-14 03:51:08.156 782 825 I ActivityManagerTiming: OnBootPhase_1000_com.android.server.slice.SliceManagerService$Lifecycle
03-14 03:51:08.156 782 825 I ActivityManagerTiming: OnBootPhase_1000_com.android.server.stats.StatsCompanion$Lifecycle
03-14 03:51:08.156 782 825 I ActivityManagerTiming: OnBootPhase_1000_com.android.server.scheduling.RebootReadinessManagerService$Lifecycle
03-14 03:51:08.156 782 825 I ActivityManagerTiming: OnBootPhase_1000_com.android.server.stats.pull.StatsPullAtomService
03-14 03:51:08.156 782 825 I ActivityManagerTiming: OnBootPhase_1000_com.android.server.incident.IncidentCompanionService
03-14 03:51:08.156 782 825 I ActivityManagerTiming: OnBootPhase_1000_com.android.server.MmsServiceBroker
03-14 03:51:08.156 782 825 I ActivityManagerTiming: OnBootPhase_1000_com.android.server.autofill.AutofillManagerService
03-14 03:51:08.156 782 825 I ActivityManagerTiming: OnBootPhase_1000_com.android.server.clipboard.ClipboardService
03-14 03:51:08.156 782 825 I ActivityManagerTiming: OnBootPhase_1000_com.android.server.appbinding.AppBindingService$Lifecycle
03-14 03:51:08.156 782 825 I ActivityManagerTiming: OnBootPhase_1000_com.android.server.tracing.TracingServiceProxy
03-14 03:51:08.156 782 825 I ActivityManagerTiming: OnBootPhase_1000_com.android.server.policy.PermissionPolicyService
03-14 03:51:08.156 782 825 I ActivityManagerTiming: OnBootPhase_1000_com.android.server.pm.StagingManager$Lifecycle
03-14 03:51:08.156 782 825 I ActivityManagerTiming: OnBootPhase_1000_com.android.server.app.GameManagerService$Lifecycle
03-14 03:51:08.156 782 825 D GameManagerService: onBootCompleted
03-14 03:51:08.156 782 825 I ActivityManagerTiming: OnBootPhase_1000_com.android.server.appsearch.AppSearchManagerService
03-14 03:51:08.157 782 825 D AppSearchStatsCollector: atoms registered
03-14 03:51:08.157 782 825 I ActivityManagerTiming: OnBootPhase_1000_com.android.server.media.MediaCommunicationService
03-14 03:51:08.157 782 825 D ActivityManagerTiming: TotalBootTime took to complete: 8192ms
03-14 03:51:08.157 782 825 D SystemServerInitThreadPool: Shutdown requested
03-14 03:51:08.157 782 825 I SystemServerTiming: WaitInitThreadPoolShutdown
03-14 03:51:08.158 782 825 D SystemServerInitThreadPool: Shutdown successful
01-01 08:00:41.554 0 0 I init : processing action (sys.boot_completed=1) from (/system/etc/init/hw/init.rc:1163)
01-01 08:00:41.554 0 0 I init : starting service 'exec 28 (/bin/rm -rf /data/per_boot)'...
03-14 03:51:08.160 782 825 I uc_finish_user_boot: 0
01-01 08:00:41.555 0 0 I init : SVC_EXEC service 'exec 28 (/bin/rm -rf /data/per_boot)' pid 2758 (uid 1000 gid 1000+0 context default) started; waiting...
03-14 03:51:08.162 782 825 I ActivityManager: User 0 state changed from BOOTING to RUNNING_LOCKED
03-14 03:51:08.162 782 825 I am_user_state_changed: [0,1]
03-14 03:51:08.162 782 825 W ActivityManager: UserLifecycleEvent 4 received without an active userJourneySession.
03-14 03:51:08.163 782 825 I uc_send_user_broadcast: [0,android.intent.action.LOCKED_BOOT_COMPLETED]
03-14 03:51:08.163 782 825 D StorageManagerService: unlockUserKey: 0 isFileEncryptedNativeOrEmulated: true hasToken: false hasSecret: false
03-14 03:51:08.164 565 565 D vold : fscrypt_unlock_user_key 0 serial=0
03-14 03:51:08.165 565 565 D vold : Trying user CE key /data/misc/vold/user_keys/ce/0/current
01-01 08:00:41.563 0 0 I init : Service 'exec 28 (/bin/rm -rf /data/per_boot)' (pid 2758) exited with status 0 waiting took 0.008000 seconds
01-01 08:00:41.563 0 0 I init : Sending signal 9 to service 'exec 28 (/bin/rm -rf /data/per_boot)' (pid 2758) process group...
01-01 08:00:41.563 0 0 I libprocessgroup: Successfully killed process cgroup uid 1000 pid 2758 in 0ms
01-01 08:00:41.564 0 0 I init : Encryption policy of /data/per_boot set to 2729295a15d3a9addd2a596bbcd4cd70 v2 modes 1/4 flags 0xa
01-01 08:00:41.564 0 0 I init : processing action (sys.boot_completed=1) from (/vendor/etc/init/hw/init.qcom.rc:473)
01-01 08:00:41.564 0 0 W : Boot completed
01-01 08:00:41.566 0 0 I init : processing action (sys.boot_completed=1) from (/vendor/etc/init/hw/init.qcom.rc:737)
01-01 08:00:41.566 0 0 I init : starting service 'qcom-post-boot'...
03-14 03:51:08.173 565 565 D vold : Successfully retrieved key
03-14 03:51:08.174 2006 2006 W AudioManager: attempt to call registerAudioRecordingCallback() on a previouslyregistered callback
01-01 08:00:41.569 0 0 I init : starting service 'qti-testscripts'...
01-01 08:00:41.576 0 0 I init : processing action (sys.boot_completed=1) from (/vendor/etc/init/hw/init.qcom.rc:945)
03-14 03:51:08.181 565 565 D vold : Installed fscrypt key with ref edbbb7a188f151af8430eee767d9c1f4 to /data
03-14 03:51:08.181 565 565 D vold : Added fscrypt-provisioning key for edbbb7a188f151af8430eee767d9c1f4 to session keyring
03-14 03:51:08.181 565 565 D vold : Installed ce key for user 0
01-01 08:00:41.576 0 0 I init : Sending signal 9 to service 'adbd' (pid 1268) process group...
03-14 03:51:08.182 782 825 I uc_finish_user_unlocking: 0
03-14 03:51:08.182 782 825 W ActivityManager: UserLifecycleEvent 5 received without an active userJourneySession.
03-14 03:51:08.182 782 825 D ActivityManager: Started unlocking user 0
03-14 03:51:08.182 782 825 D ActivityManager: Unlocking user 0 progress 0
03-14 03:51:08.182 782 825 D ActivityManager: Unlocking user 0 progress 5
03-14 03:51:08.183 565 565 D vold : fscrypt_prepare_user_storage for volume null, user 0, serial 0, flags 2
03-14 03:51:08.183 565 565 D vold : Preparing: /data/system_ce/0
03-14 03:51:08.183 565 565 D vold : Preparing: /data/misc_ce/0
03-14 03:51:08.183 565 565 D vold : Preparing: /data/vendor_ce/0
03-14 03:51:08.184 782 872 D CompatibilityChangeReporter: Compat change id reported: 168419799; UID 10080; state: DISABLED
03-14 03:51:08.184 782 872 D CompatibilityInfo: mCompatibilityFlags - 4
03-14 03:51:08.184 782 872 D CompatibilityInfo: applicationDensity - 240
03-14 03:51:08.184 782 872 D CompatibilityInfo: applicationScale - 1.0
03-14 03:51:08.185 2006 2006 D KeyguardUpdateMonitor: handleRingerModeChange(2)
03-14 03:51:08.185 782 782 I notification_enqueue: [1000,782,android,55,NULL,-1,Notification(channel=DEVELOPER shortcut=null contentView=null vibrate=null sound=null tick defaults=0x0 flags=0x2 color=0x00000000 vis=PUBLIC),0]
03-14 03:51:08.186 2389 2389 I MStatsReceiver: prop ==
03-14 03:51:08.186 2389 2389 I MStatsReceiver: Received intent but prop is not set.
03-14 03:51:08.186 2006 2006 D WallpaperService: Wallpaper has updated the surface:null
03-14 03:51:08.188 782 825 D ColorDisplayService: setUp: currentUser=0
03-14 03:51:08.189 2006 2006 W System : ClassLoader referenced unknown path:
03-14 03:51:08.189 782 2190 I am_uid_running: 10070
03-14 03:51:08.191 782 2190 D CompatibilityChangeReporter: Compat change id reported: 135634846; UID 10070; state: DISABLED
03-14 03:51:08.191 782 2190 D CompatibilityChangeReporter: Compat change id reported: 177438394; UID 10070; state: DISABLED
03-14 03:51:08.191 782 2190 D CompatibilityChangeReporter: Compat change id reported: 135772972; UID 10070; state: DISABLED
03-14 03:51:08.191 782 2190 D CompatibilityChangeReporter: Compat change id reported: 135754954; UID 10070; state: ENABLED
01-01 08:00:41.578 0 0 F init : cannot setexeccon('u:r:qti-testscripts:s0') for qti-testscripts: Invalid argument
01-01 08:00:41.584 0 0 I libprocessgroup: Successfully killed process cgroup uid 0 pid 1268 in 8ms
03-14 03:51:08.193 2760 2760 F libc : Fatal signal 6 (SIGABRT), code -1 (SI_QUEUE) in tid 2760 (init), pid 2760 (init)
03-14 03:51:08.193 782 873 D CompatibilityChangeReporter: Compat change id reported: 143937733; UID 10070; state: ENABLED
03-14 03:51:08.194 2006 2006 D InterruptionStateProvider: No alerting: filtered notification: 0|com.android.systemui|1|empty_media|10078
03-14 03:51:08.194 2006 2006 D InterruptionStateProvider: No alerting: filtered notification: 0|com.android.systemui|1|empty_media|10078
03-14 03:51:08.195 565 565 D vold : Preparing: /data/media/0
03-14 03:51:08.196 565 565 D vold : Preparing: /data/data
03-14 03:51:08.196 565 565 I vold : Verified that /data/system_ce/0 has the encryption policy edbbb7a188f151af8430eee767d9c1f4 v2 modes 1/4 flags 0xa
03-14 03:51:08.196 565 565 I vold : Verified that /data/misc_ce/0 has the encryption policy edbbb7a188f151af8430eee767d9c1f4 v2 modes 1/4 flags 0xa
03-14 03:51:08.196 565 565 I vold : Verified that /data/vendor_ce/0 has the encryption policy edbbb7a188f151af8430eee767d9c1f4 v2 modes 1/4 flags 0xa
03-14 03:51:08.196 565 565 I vold : Verified that /data/media/0 has the encryption policy edbbb7a188f151af8430eee767d9c1f4 v2 modes 1/4 flags 0xa
03-14 03:51:08.196 565 565 I vold : Verified that /data/data has the encryption policy edbbb7a188f151af8430eee767d9c1f4 v2 modes 1/4 flags 0xa
03-14 03:51:08.196 565 565 D vold : Starting restorecon of /data/system_ce/0
03-14 03:51:08.197 782 825 D ColorDisplayService: onNightDisplayAutoModeChanged: autoMode=0
03-14 03:51:08.198 782 825 I ColorDisplayService: Turning off night display
03-14 03:51:08.198 782 825 D ColorDisplayService: Setting bright color reduction level: 50
03-14 03:51:08.198 782 1000 V DisplayPowerController[0]: Brightness [1.0] manual adjustment.
03-14 03:51:08.199 565 565 D vold : Finished restorecon of /data/system_ce/0
01-01 08:00:41.594 0 0 I selinux : SELinux: Skipping restorecon on directory(/data/system_ce/0)
03-14 03:51:08.199 565 565 D vold : Starting restorecon of /data/vendor_ce/0
01-01 08:00:41.594 0 0 I selinux :
01-01 08:00:41.595 0 0 I selinux : SELinux: Skipping restorecon on directory(/data/vendor_ce/0)
01-01 08:00:41.595 0 0 I selinux :
03-14 03:51:08.200 565 565 D vold : Finished restorecon of /data/vendor_ce/0
03-14 03:51:08.200 565 565 D vold : Starting restorecon of /data/misc_ce/0
03-14 03:51:08.201 565 565 D vold : Finished restorecon of /data/misc_ce/0
03-14 03:51:08.201 565 565 D vold : /system/bin/vold_prepare_subdirs
03-14 03:51:08.201 565 565 D vold : prepare
03-14 03:51:08.201 565 565 D vold :
03-14 03:51:08.201 565 565 D vold : 0
03-14 03:51:08.201 565 565 D vold : 2
01-01 08:00:41.596 0 0 I selinux : SELinux: Skipping restorecon on directory(/data/misc_ce/0)
01-01 08:00:41.596 0 0 I selinux :
03-14 03:51:08.203 2006 2006 D InterruptionStateProvider: No bubble up: not allowed to bubble: -1|android|32|null|1000
03-14 03:51:08.203 2006 2006 D InterruptionStateProvider: No heads up: unimportant notification: -1|android|32|null|1000
03-14 03:51:08.204 695 695 D Zygote : Forked child process 2768
03-14 03:51:08.205 782 873 I am_proc_start: [0,2768,10070,com.qualcomm.location,broadcast,{com.qualcomm.location/com.qualcomm.location.LocationServiceReceiver}]
03-14 03:51:08.205 782 2679 D Fingerprint21: Daemon was null, reconnecting, current operation: null
03-14 03:51:08.205 782 873 I ActivityManager: Start proc 2768:com.qualcomm.location/u0a70 for broadcast {com.qualcomm.location/com.qualcomm.location.LocationServiceReceiver}
03-14 03:51:08.206 782 2679 I android_os_HwBinder: HwBinder: Starting thread pool for getting: android.hardware.biometrics.fingerprint@2.1::IBiometricsFingerprint/default
03-14 03:51:08.206 782 2679 D Fingerprint21: Fingerprint HAL ready, HAL ID: 5326416
03-14 03:51:08.206 782 782 D BiometricScheduler/Fingerprint21: [Added] {[0] FingerprintUpdateActiveUserClient, proto=1, owner=android, cookie=0, requestId=-1, userId=0}, new queue size: 1
03-14 03:51:08.206 782 782 D BiometricScheduler/Fingerprint21: [Polled] {[0] FingerprintUpdateActiveUserClient, proto=1, owner=android, cookie=0, requestId=-1, userId=0}, State: 0
03-14 03:51:08.206 782 782 D BiometricScheduler/Fingerprint21: [Starting] {[0] FingerprintUpdateActiveUserClient, proto=1, owner=android, cookie=0, requestId=-1, userId=0}, State: 0
03-14 03:51:08.206 782 782 D BiometricScheduler/Fingerprint21: [Started] {[0] FingerprintUpdateActiveUserClient, proto=1, owner=android, cookie=0, requestId=-1, userId=0}
03-14 03:51:08.207 1656 1656 I QFP : notifyPowerState: 2
03-14 03:51:08.207 1656 1656 I QFP : notifyPowerState: 2
03-14 03:51:08.207 1656 1656 I QFP : notifyPowerState: 2
03-14 03:51:08.207 1656 1656 I QFP : notifyPowerState: screen state 2
03-14 03:51:08.209 1656 2769 I QFP : Initializing QFP framework, container 0 handle 0
03-14 03:51:08.209 1656 2769 I QFP : getPersistPropVal: persist.vendor.qfp.qbt_fd_name = /dev/qbt_fd (default /dev/qbt_fd)
03-14 03:51:08.209 1656 2769 I QFP : getPersistPropVal: persist.vendor.qfp.qbt_ipc_name = /dev/qbt_ipc (default /dev/qbt_ipc)
03-14 03:51:08.209 1656 2769 E QFP : Dropping unsupported QBT command
03-14 03:51:08.209 1656 2769 D QSEECOMAPI: QSEECom_get_handle sb_length = 0x40000
03-14 03:51:08.210 1656 2769 D QSEECOMAPI: App is not loaded in QSEE
03-14 03:51:08.210 1656 2769 D QSEECOMAPI: app_arch = 2, total_files = 9
03-14 03:51:08.210 1656 2769 E ion : ioctl c0044901 failed with code -1: Inappropriate ioctl for device
01-01 08:00:41.604 0 0 D qbt : qbt_open: entry minor_no=0 fd_available=1
01-01 08:00:41.604 0 0 D qbt : qbt_open: exit : 0 fd_available=0
01-01 08:00:41.604 0 0 D qbt : qbt_open: entry minor_no=1 fd_available=0
01-01 08:00:41.604 0 0 D qbt : qbt_open: exit : 0 fd_available=0
01-01 08:00:41.604 0 0 D qbt : qbt_ioctl: cmd received 107
01-01 08:00:41.604 0 0 D qbt : qbt_ioctl: Acquiring wakelock
03-14 03:51:08.207 2770 2770 I auditd : type=1400 audit(0.0:484): avc: denied { ptrace } for comm="crash_dump64" scontext=u:r:crash_dump:s0 tcontext=u:r:init:s0 tclass=process permissive=1
